5.9.120.8 - - [12/Sep/2026:15:31:07 +0300] "GET /?sale/search/detail/?ITMCODE=519693583405 HTTP/1.1" 200 11143 "-" "Mozilla/5.0 (compatible; SERankingBacklinksBot/1.0; +https://seranking.com/backlinks-crawler)"
66.249.68.97 - - [12/Sep/2026:15:31:12 +0300] "GET /?sale/search/detail/?ITMCODE=52002762834 HTTP/1.1" 200 202909 "-" "Mozilla/5.0 (Linux; Android 6.0.1; Nexus 5X Build/MMB29P) AppleWebKit/537.36 (KHTML, like Gecko) Chrome/153.0.8010.36 Mobile Safari/537.36 (compatible; Googlebot/2.1; +http://www.google.com/bot.html)"
66.249.68.102 - - [12/Sep/2026:15:31:13 +0300] "GET /?sale/search/detail/?ITMCODE=5196665663 HTTP/1.1" 200 196000 "-" "Mozilla/5.0 (Linux; Android 6.0.1; Nexus 5X Build/MMB29P) AppleWebKit/537.36 (KHTML, like Gecko) Chrome/153.0.8010.36 Mobile Safari/537.36 (compatible; Googlebot/2.1; +http://www.google.com/bot.html)"
66.249.68.97 - - [12/Sep/2026:15:31:14 +0300] "GET /?sale/search/detail/?ITMCODE=52002549084 HTTP/1.1" 200 204808 "-" "Mozilla/5.0 (Linux; Android 6.0.1; Nexus 5X Build/MMB29P) AppleWebKit/537.36 (KHTML, like Gecko) Chrome/153.0.8010.36 Mobile Safari/537.36 (compatible; Googlebot/2.1; +http://www.google.com/bot.html)"
66.249.68.101 - - [12/Sep/2026:15:31:13 +0300] "GET /?sale/search/detail/?ITMCODE=51992058725 HTTP/1.1" 200 194601 "-" "Mozilla/5.0 (Linux; Android 6.0.1; Nexus 5X Build/MMB29P) AppleWebKit/537.36 (KHTML, like Gecko) Chrome/153.0.8010.36 Mobile Safari/537.36 (compatible; Googlebot/2.1; +http://www.google.com/bot.html)"
66.249.68.102 - - [12/Sep/2026:15:31:14 +0300] "GET /?sale/search/detail/?ITMCODE=51992243442 HTTP/1.1" 200 199844 "-" "Mozilla/5.0 (Linux; Android 6.0.1; Nexus 5X Build/MMB29P) AppleWebKit/537.36 (KHTML, like Gecko) Chrome/153.0.8010.36 Mobile Safari/537.36 (compatible; Googlebot/2.1; +http://www.google.com/bot.html)"
66.249.68.98 - - [12/Sep/2026:15:31:15 +0300] "GET /?sale/search/detail/?ITMCODE=51992249834 HTTP/1.1" 200 211047 "-" "Mozilla/5.0 (Linux; Android 6.0.1; Nexus 5X Build/MMB29P) AppleWebKit/537.36 (KHTML, like Gecko) Chrome/153.0.8010.36 Mobile Safari/537.36 (compatible; Googlebot/2.1; +http://www.google.com/bot.html)"
66.249.68.101 - - [12/Sep/2026:15:31:15 +0300] "GET /?sale/search/detail/?ITMCODE=51971403388 HTTP/1.1" 200 209662 "-" "Mozilla/5.0 (Linux; Android 6.0.1; Nexus 5X Build/MMB29P) AppleWebKit/537.36 (KHTML, like Gecko) Chrome/153.0.8010.36 Mobile Safari/537.36 (compatible; Googlebot/2.1; +http://www.google.com/bot.html)"
66.249.68.98 - - [12/Sep/2026:15:31:15 +0300] "GET /?sale/search/detail/?ITMCODE=51992059834 HTTP/1.1" 200 194763 "-" "Mozilla/5.0 (Linux; Android 6.0.1; Nexus 5X Build/MMB29P) AppleWebKit/537.36 (KHTML, like Gecko) Chrome/153.0.8010.36 Mobile Safari/537.36 (compatible; Googlebot/2.1; +http://www.google.com/bot.html)"
66.249.68.104 - - [12/Sep/2026:15:31:16 +0300] "GET /?sale/search/detail/?ITMCODE=51981778591 HTTP/1.1" 200 195269 "-" "Mozilla/5.0 (Linux; Android 6.0.1; Nexus 5X Build/MMB29P) AppleWebKit/537.36 (KHTML, like Gecko) Chrome/153.0.8010.36 Mobile Safari/537.36 (compatible; Googlebot/2.1; +http://www.google.com/bot.html)"
66.249.68.97 - - [12/Sep/2026:15:31:17 +0300] "GET /?sale/search/detail/?ITMCODE=52002577584 HTTP/1.1" 200 196296 "-" "Mozilla/5.0 (Linux; Android 6.0.1; Nexus 5X Build/MMB29P) AppleWebKit/537.36 (KHTML, like Gecko) Chrome/153.0.8010.36 Mobile Safari/537.36 (compatible; Googlebot/2.1; +http://www.google.com/bot.html)"
66.249.68.101 - - [12/Sep/2026:15:31:18 +0300] "GET /?sale/search/detail/?ITMCODE=52002745098 HTTP/1.1" 200 210218 "-" "Mozilla/5.0 (Linux; Android 6.0.1; Nexus 5X Build/MMB29P) AppleWebKit/537.36 (KHTML, like Gecko) Chrome/153.0.8010.36 Mobile Safari/537.36 (compatible; Googlebot/2.1; +http://www.google.com/bot.html)"
66.249.68.97 - - [12/Sep/2026:15:31:19 +0300] "GET /?sale/search/detail/?ITMCODE=51981812834 HTTP/1.1" 200 198929 "-" "Mozilla/5.0 (Linux; Android 6.0.1; Nexus 5X Build/MMB29P) AppleWebKit/537.36 (KHTML, like Gecko) Chrome/153.0.8010.36 Mobile Safari/537.36 (compatible; Googlebot/2.1; +http://www.google.com/bot.html)"
5.9.120.8 - - [12/Sep/2026:15:31:20 +0300] "GET /?sale/search/detail/?ITMCODE=519581482945 HTTP/1.1" 200 11143 "-" "Mozilla/5.0 (compatible; SERankingBacklinksBot/1.0; +https://seranking.com/backlinks-crawler)"
66.249.68.101 - - [12/Sep/2026:15:31:22 +0300] "GET /?sale/search/detail/?ITMCODE=519593186 HTTP/1.1" 200 194865 "-" "Mozilla/5.0 (Linux; Android 6.0.1; Nexus 5X Build/MMB29P) AppleWebKit/537.36 (KHTML, like Gecko) Chrome/153.0.8010.36 Mobile Safari/537.36 (compatible; Googlebot/2.1; +http://www.google.com/bot.html)"
66.249.68.99 - - [12/Sep/2026:15:31:22 +0300] "GET /?sale/search/detail/?ITMCODE=51981831834 HTTP/1.1" 200 207804 "-" "Mozilla/5.0 (Linux; Android 6.0.1; Nexus 5X Build/MMB29P) AppleWebKit/537.36 (KHTML, like Gecko) Chrome/153.0.8010.36 Mobile Safari/537.36 (compatible; Googlebot/2.1; +http://www.google.com/bot.html)"
66.249.68.101 - - [12/Sep/2026:15:31:23 +0300] "GET /?sale/search/detail/?ITMCODE=51981701251 HTTP/1.1" 200 208008 "-" "Mozilla/5.0 (Linux; Android 6.0.1; Nexus 5X Build/MMB29P) AppleWebKit/537.36 (KHTML, like Gecko) Chrome/153.0.8010.36 Mobile Safari/537.36 (compatible; Googlebot/2.1; +http://www.google.com/bot.html)"
66.249.68.99 - - [12/Sep/2026:15:31:23 +0300] "GET /?sale/search/detail/?ITMCODE=51992154834 HTTP/1.1" 200 199437 "-" "Mozilla/5.0 (Linux; Android 6.0.1; Nexus 5X Build/MMB29P) AppleWebKit/537.36 (KHTML, like Gecko) Chrome/153.0.8010.36 Mobile Safari/537.36 (compatible; Googlebot/2.1; +http://www.google.com/bot.html)"
66.249.68.101 - - [12/Sep/2026:15:31:24 +0300] "GET /?sale/search/detail/?ITMCODE=51992369259 HTTP/1.1" 200 202237 "-" "Mozilla/5.0 (Linux; Android 6.0.1; Nexus 5X Build/MMB29P) AppleWebKit/537.36 (KHTML, like Gecko) Chrome/153.0.8010.36 Mobile Safari/537.36 (compatible; Googlebot/2.1; +http://www.google.com/bot.html)"
66.249.68.101 - - [12/Sep/2026:15:31:24 +0300] "GET /?sale/search/detail/?ITMCODE=5195104060 HTTP/1.1" 200 194362 "-" "Mozilla/5.0 (Linux; Android 6.0.1; Nexus 5X Build/MMB29P) AppleWebKit/537.36 (KHTML, like Gecko) Chrome/153.0.8010.36 Mobile Safari/537.36 (compatible; Googlebot/2.1; +http://www.google.com/bot.html)"
66.249.68.98 - - [12/Sep/2026:15:31:25 +0300] "GET /?sale/search/detail/?ITMCODE=52002509726 HTTP/1.1" 200 194334 "-" "Mozilla/5.0 (Linux; Android 6.0.1; Nexus 5X Build/MMB29P) AppleWebKit/537.36 (KHTML, like Gecko) Chrome/153.0.8010.36 Mobile Safari/537.36 (compatible; Googlebot/2.1; +http://www.google.com/bot.html)"
66.249.68.97 - - [12/Sep/2026:15:31:25 +0300] "GET /?sale/search/detail/?ITMCODE=5196513130 HTTP/1.1" 200 191644 "-" "Mozilla/5.0 (Linux; Android 6.0.1; Nexus 5X Build/MMB29P) AppleWebKit/537.36 (KHTML, like Gecko) Chrome/153.0.8010.36 Mobile Safari/537.36 (compatible; Googlebot/2.1; +http://www.google.com/bot.html)"
66.249.68.102 - - [12/Sep/2026:15:31:26 +0300] "GET /?sale/search/detail/?ITMCODE=52002907601 HTTP/1.1" 200 212427 "-" "Mozilla/5.0 (Linux; Android 6.0.1; Nexus 5X Build/MMB29P) AppleWebKit/537.36 (KHTML, like Gecko) Chrome/153.0.8010.36 Mobile Safari/537.36 (compatible; Googlebot/2.1; +http://www.google.com/bot.html)"
66.249.68.98 - - [12/Sep/2026:15:31:27 +0300] "GET /?sale/search/detail/?ITMCODE=52002501584 HTTP/1.1" 200 201516 "-" "Mozilla/5.0 (Linux; Android 6.0.1; Nexus 5X Build/MMB29P) AppleWebKit/537.36 (KHTML, like Gecko) Chrome/153.0.8010.36 Mobile Safari/537.36 (compatible; Googlebot/2.1; +http://www.google.com/bot.html)"
66.249.68.101 - - [12/Sep/2026:15:31:28 +0300] "GET /?sale/search/detail/?ITMCODE=519525568 HTTP/1.1" 200 192262 "-" "Mozilla/5.0 (Linux; Android 6.0.1; Nexus 5X Build/MMB29P) AppleWebKit/537.36 (KHTML, like Gecko) Chrome/153.0.8010.36 Mobile Safari/537.36 (compatible; Googlebot/2.1; +http://www.google.com/bot.html)"
66.249.68.98 - - [12/Sep/2026:15:31:28 +0300] "GET /?sale/search/detail/?ITMCODE=51992330584 HTTP/1.1" 200 199578 "-" "Mozilla/5.0 (Linux; Android 6.0.1; Nexus 5X Build/MMB29P) AppleWebKit/537.36 (KHTML, like Gecko) Chrome/153.0.8010.36 Mobile Safari/537.36 (compatible; Googlebot/2.1; +http://www.google.com/bot.html)"
66.249.68.101 - - [12/Sep/2026:15:31:29 +0300] "GET /?sale/search/detail/?ITMCODE=5196511049 HTTP/1.1" 200 207576 "-" "Mozilla/5.0 (Linux; Android 6.0.1; Nexus 5X Build/MMB29P) AppleWebKit/537.36 (KHTML, like Gecko) Chrome/153.0.8010.36 Mobile Safari/537.36 (compatible; Googlebot/2.1; +http://www.google.com/bot.html)"
66.249.68.98 - - [12/Sep/2026:15:31:29 +0300] "GET /?sale/search/detail/?ITMCODE=51992287834 HTTP/1.1" 200 193635 "-" "Mozilla/5.0 (Linux; Android 6.0.1; Nexus 5X Build/MMB29P) AppleWebKit/537.36 (KHTML, like Gecko) Chrome/153.0.8010.36 Mobile Safari/537.36 (compatible; Googlebot/2.1; +http://www.google.com/bot.html)"
66.249.68.101 - - [12/Sep/2026:15:31:30 +0300] "GET /?sale/search/detail/?ITMCODE=52002633662 HTTP/1.1" 200 195024 "-" "Mozilla/5.0 (Linux; Android 6.0.1; Nexus 5X Build/MMB29P) AppleWebKit/537.36 (KHTML, like Gecko) Chrome/153.0.8010.36 Mobile Safari/537.36 (compatible; Googlebot/2.1; +http://www.google.com/bot.html)"
66.249.68.98 - - [12/Sep/2026:15:31:30 +0300] "GET /?sale/search/detail/?ITMCODE=51992477834 HTTP/1.1" 200 200413 "-" "Mozilla/5.0 (Linux; Android 6.0.1; Nexus 5X Build/MMB29P) AppleWebKit/537.36 (KHTML, like Gecko) Chrome/153.0.8010.36 Mobile Safari/537.36 (compatible; Googlebot/2.1; +http://www.google.com/bot.html)"
66.249.68.101 - - [12/Sep/2026:15:31:31 +0300] "GET /?sale/search/detail/?ITMCODE=51992410660 HTTP/1.1" 200 198893 "-" "Mozilla/5.0 (Linux; Android 6.0.1; Nexus 5X Build/MMB29P) AppleWebKit/537.36 (KHTML, like Gecko) Chrome/153.0.8010.36 Mobile Safari/537.36 (compatible; Googlebot/2.1; +http://www.google.com/bot.html)"
66.249.68.97 - - [12/Sep/2026:15:31:31 +0300] "GET /?sale/search/detail/?ITMCODE=52002612302 HTTP/1.1" 200 202212 "-" "Mozilla/5.0 (Linux; Android 6.0.1; Nexus 5X Build/MMB29P) AppleWebKit/537.36 (KHTML, like Gecko) Chrome/153.0.8010.36 Mobile Safari/537.36 (compatible; Googlebot/2.1; +http://www.google.com/bot.html)"
66.249.68.101 - - [12/Sep/2026:15:31:32 +0300] "GET /?sale/search/detail/?ITMCODE=51971304156 HTTP/1.1" 200 196785 "-" "Mozilla/5.0 (Linux; Android 6.0.1; Nexus 5X Build/MMB29P) AppleWebKit/537.36 (KHTML, like Gecko) Chrome/153.0.8010.36 Mobile Safari/537.36 (compatible; Googlebot/2.1; +http://www.google.com/bot.html)"
66.249.68.98 - - [12/Sep/2026:15:31:32 +0300] "GET /?sale/search/detail/?ITMCODE=51981784334 HTTP/1.1" 200 200064 "-" "Mozilla/5.0 (Linux; Android 6.0.1; Nexus 5X Build/MMB29P) AppleWebKit/537.36 (KHTML, like Gecko) Chrome/153.0.8010.36 Mobile Safari/537.36 (compatible; Googlebot/2.1; +http://www.google.com/bot.html)"
66.249.68.101 - - [12/Sep/2026:15:31:33 +0300] "GET /?sale/search/detail/?ITMCODE=5196666737 HTTP/1.1" 200 219957 "-" "Mozilla/5.0 (Linux; Android 6.0.1; Nexus 5X Build/MMB29P) AppleWebKit/537.36 (KHTML, like Gecko) Chrome/153.0.8010.36 Mobile Safari/537.36 (compatible; Googlebot/2.1; +http://www.google.com/bot.html)"
66.249.68.98 - - [12/Sep/2026:15:31:33 +0300] "GET /?sale/search/detail/?ITMCODE=52002530084 HTTP/1.1" 200 197515 "-" "Mozilla/5.0 (Linux; Android 6.0.1; Nexus 5X Build/MMB29P) AppleWebKit/537.36 (KHTML, like Gecko) Chrome/153.0.8010.36 Mobile Safari/537.36 (compatible; Googlebot/2.1; +http://www.google.com/bot.html)"
66.249.68.101 - - [12/Sep/2026:15:31:34 +0300] "GET /?sale/search/detail/?ITMCODE=5196601692 HTTP/1.1" 200 193179 "-" "Mozilla/5.0 (Linux; Android 6.0.1; Nexus 5X Build/MMB29P) AppleWebKit/537.36 (KHTML, like Gecko) Chrome/153.0.8010.36 Mobile Safari/537.36 (compatible; Googlebot/2.1; +http://www.google.com/bot.html)"
66.249.68.97 - - [12/Sep/2026:15:31:34 +0300] "GET /index.php?sale/search/detail/?ITMCODE=5196951303 HTTP/1.1" 200 203318 "-" "Mozilla/5.0 (Linux; Android 6.0.1; Nexus 5X Build/MMB29P) AppleWebKit/537.36 (KHTML, like Gecko) Chrome/153.0.8010.36 Mobile Safari/537.36 (compatible; Googlebot/2.1; +http://www.google.com/bot.html)"
66.249.68.102 - - [12/Sep/2026:15:31:34 +0300] "GET /?sale/search/detail/?ITMCODE=5196658682 HTTP/1.1" 200 197245 "-" "Mozilla/5.0 (Linux; Android 6.0.1; Nexus 5X Build/MMB29P) AppleWebKit/537.36 (KHTML, like Gecko) Chrome/153.0.8010.36 Mobile Safari/537.36 (compatible; Googlebot/2.1; +http://www.google.com/bot.html)"
66.249.68.98 - - [12/Sep/2026:15:31:35 +0300] "GET /?sale/search/detail/?ITMCODE=51992325834 HTTP/1.1" 200 199306 "-" "Mozilla/5.0 (Linux; Android 6.0.1; Nexus 5X Build/MMB29P) AppleWebKit/537.36 (KHTML, like Gecko) Chrome/153.0.8010.36 Mobile Safari/537.36 (compatible; Googlebot/2.1; +http://www.google.com/bot.html)"
66.249.68.101 - - [12/Sep/2026:15:31:35 +0300] "GET /index.php/kontaktai?sale/search/detail/?ITMCODE=5196500285 HTTP/1.1" 200 200978 "-" "Mozilla/5.0 (compatible; Googlebot/2.1; +http://www.google.com/bot.html)"
66.249.68.102 - - [12/Sep/2026:15:31:36 +0300] "GET /?sale/search/detail/?ITMCODE=51981660890 HTTP/1.1" 200 210094 "-" "Mozilla/5.0 (Linux; Android 6.0.1; Nexus 5X Build/MMB29P) AppleWebKit/537.36 (KHTML, like Gecko) Chrome/153.0.8010.36 Mobile Safari/537.36 (compatible; Googlebot/2.1; +http://www.google.com/bot.html)"
66.249.68.101 - - [12/Sep/2026:15:31:36 +0300] "GET /?sale/search/detail/?ITMCODE=52002949597 HTTP/1.1" 200 211675 "-" "Mozilla/5.0 (Linux; Android 6.0.1; Nexus 5X Build/MMB29P) AppleWebKit/537.36 (KHTML, like Gecko) Chrome/153.0.8010.36 Mobile Safari/537.36 (compatible; Googlebot/2.1; +http://www.google.com/bot.html)"
66.249.68.97 - - [12/Sep/2026:15:31:37 +0300] "GET /?sale/search/detail/?ITMCODE=51992031334 HTTP/1.1" 200 194255 "-" "Mozilla/5.0 (Linux; Android 6.0.1; Nexus 5X Build/MMB29P) AppleWebKit/537.36 (KHTML, like Gecko) Chrome/153.0.8010.36 Mobile Safari/537.36 (compatible; Googlebot/2.1; +http://www.google.com/bot.html)"
66.249.68.102 - - [12/Sep/2026:15:31:38 +0300] "GET /index.php/maistas-i-namus?sale/search/detail/?ITMCODE=52002958633 HTTP/1.1" 200 217985 "-" "Mozilla/5.0 (compatible; Googlebot/2.1; +http://www.google.com/bot.html)"
66.249.68.101 - - [12/Sep/2026:15:31:38 +0300] "GET /?sale/search/detail/?ITMCODE=52002918891 HTTP/1.1" 200 196328 "-" "Mozilla/5.0 (Linux; Android 6.0.1; Nexus 5X Build/MMB29P) AppleWebKit/537.36 (KHTML, like Gecko) Chrome/153.0.8010.36 Mobile Safari/537.36 (compatible; Googlebot/2.1; +http://www.google.com/bot.html)"
66.249.68.102 - - [12/Sep/2026:15:31:39 +0300] "GET /?sale/search/detail/?ITMCODE=52002985224 HTTP/1.1" 200 195189 "-" "Mozilla/5.0 (Linux; Android 6.0.1; Nexus 5X Build/MMB29P) AppleWebKit/537.36 (KHTML, like Gecko) Chrome/153.0.8010.36 Mobile Safari/537.36 (compatible; Googlebot/2.1; +http://www.google.com/bot.html)"
66.249.68.97 - - [12/Sep/2026:15:31:39 +0300] "GET /?sale/search/detail/?ITMCODE=52002748584 HTTP/1.1" 200 194846 "-" "Mozilla/5.0 (Linux; Android 6.0.1; Nexus 5X Build/MMB29P) AppleWebKit/537.36 (KHTML, like Gecko) Chrome/153.0.8010.36 Mobile Safari/537.36 (compatible; Googlebot/2.1; +http://www.google.com/bot.html)"
66.249.68.102 - - [12/Sep/2026:15:31:38 +0300] "GET /?sale/search/detail/?ITMCODE=51981521543 HTTP/1.1" 200 196057 "-" "Mozilla/5.0 (Linux; Android 6.0.1; Nexus 5X Build/MMB29P) AppleWebKit/537.36 (KHTML, like Gecko) Chrome/153.0.8010.36 Mobile Safari/537.36 (compatible; Googlebot/2.1; +http://www.google.com/bot.html)"
66.249.68.101 - - [12/Sep/2026:15:31:40 +0300] "GET /?sale/search/detail/?ITMCODE=51992059997 HTTP/1.1" 200 197010 "-" "Mozilla/5.0 (Linux; Android 6.0.1; Nexus 5X Build/MMB29P) AppleWebKit/537.36 (KHTML, like Gecko) Chrome/153.0.8010.36 Mobile Safari/537.36 (compatible; Googlebot/2.1; +http://www.google.com/bot.html)"
66.249.68.102 - - [12/Sep/2026:15:31:40 +0300] "GET /index.php/kontaktai?sale/search/detail/?ITMCODE=5195459107 HTTP/1.1" 200 214406 "-" "Mozilla/5.0 (compatible; Googlebot/2.1; +http://www.google.com/bot.html)"
66.249.68.103 - - [12/Sep/2026:15:31:39 +0300] "GET /?sale/search/detail/?ITMCODE=5195250252 HTTP/1.1" 200 208399 "-" "Mozilla/5.0 (Linux; Android 6.0.1; Nexus 5X Build/MMB29P) AppleWebKit/537.36 (KHTML, like Gecko) Chrome/153.0.8010.36 Mobile Safari/537.36 (compatible; Googlebot/2.1; +http://www.google.com/bot.html)"
66.249.68.97 - - [12/Sep/2026:15:31:40 +0300] "GET /?sale/search/detail/?ITMCODE=51981969584 HTTP/1.1" 200 200056 "-" "Mozilla/5.0 (Linux; Android 6.0.1; Nexus 5X Build/MMB29P) AppleWebKit/537.36 (KHTML, like Gecko) Chrome/153.0.8010.36 Mobile Safari/537.36 (compatible; Googlebot/2.1; +http://www.google.com/bot.html)"
66.249.68.98 - - [12/Sep/2026:15:31:41 +0300] "GET /?sale/search/detail/?ITMCODE=52002647979 HTTP/1.1" 200 204335 "-" "Mozilla/5.0 (Linux; Android 6.0.1; Nexus 5X Build/MMB29P) AppleWebKit/537.36 (KHTML, like Gecko) Chrome/153.0.8010.36 Mobile Safari/537.36 (compatible; Googlebot/2.1; +http://www.google.com/bot.html)"
66.249.68.98 - - [12/Sep/2026:15:31:41 +0300] "GET /?sale/search/detail/?ITMCODE=5196767080 HTTP/1.1" 200 216757 "-" "Mozilla/5.0 (Linux; Android 6.0.1; Nexus 5X Build/MMB29P) AppleWebKit/537.36 (KHTML, like Gecko) Chrome/153.0.8010.36 Mobile Safari/537.36 (compatible; Googlebot/2.1; +http://www.google.com/bot.html)"
66.249.68.102 - - [12/Sep/2026:15:31:42 +0300] "GET /?sale/search/detail/?ITMCODE=5195462619 HTTP/1.1" 200 197108 "-" "Mozilla/5.0 (Linux; Android 6.0.1; Nexus 5X Build/MMB29P) AppleWebKit/537.36 (KHTML, like Gecko) Chrome/153.0.8010.36 Mobile Safari/537.36 (compatible; Googlebot/2.1; +http://www.google.com/bot.html)"
66.249.68.97 - - [12/Sep/2026:15:31:42 +0300] "GET /?sale/search/detail/?ITMCODE=5196957080 HTTP/1.1" 200 214504 "-" "Mozilla/5.0 (Linux; Android 6.0.1; Nexus 5X Build/MMB29P) AppleWebKit/537.36 (KHTML, like Gecko) Chrome/153.0.8010.36 Mobile Safari/537.36 (compatible; Googlebot/2.1; +http://www.google.com/bot.html)"
5.9.120.8 - - [12/Sep/2026:15:31:43 +0300] "GET /?sale/search/detail/?ITMCODE=519693593496 HTTP/1.1" 200 11143 "-" "Mozilla/5.0 (compatible; SERankingBacklinksBot/1.0; +https://seranking.com/backlinks-crawler)"
66.249.68.97 - - [12/Sep/2026:15:31:44 +0300] "GET /?sale/search/detail/?ITMCODE=51971071080 HTTP/1.1" 200 194564 "-" "Mozilla/5.0 (Linux; Android 6.0.1; Nexus 5X Build/MMB29P) AppleWebKit/537.36 (KHTML, like Gecko) Chrome/153.0.8010.36 Mobile Safari/537.36 (compatible; Googlebot/2.1; +http://www.google.com/bot.html)"
66.249.68.104 - - [12/Sep/2026:15:31:43 +0300] "GET /?shop/c/c51951000475/ HTTP/1.1" 200 154082 "-" "Mozilla/5.0 (Linux; Android 6.0.1; Nexus 5X Build/MMB29P) AppleWebKit/537.36 (KHTML, like Gecko) Chrome/153.0.8010.36 Mobile Safari/537.36 (compatible; Googlebot/2.1; +http://www.google.com/bot.html)"
66.249.68.102 - - [12/Sep/2026:15:31:44 +0300] "GET /?sale/search/detail/?ITMCODE=5195149563 HTTP/1.1" 200 198187 "-" "Mozilla/5.0 (Linux; Android 6.0.1; Nexus 5X Build/MMB29P) AppleWebKit/537.36 (KHTML, like Gecko) Chrome/153.0.8010.36 Mobile Safari/537.36 (compatible; Googlebot/2.1; +http://www.google.com/bot.html)"
66.249.68.101 - - [12/Sep/2026:15:31:45 +0300] "GET /index.php/meniu?sale/search/detail/?ITMCODE=52002841891 HTTP/1.1" 200 204388 "-" "Mozilla/5.0 (Linux; Android 6.0.1; Nexus 5X Build/MMB29P) AppleWebKit/537.36 (KHTML, like Gecko) Chrome/153.0.8010.36 Mobile Safari/537.36 (compatible; Googlebot/2.1; +http://www.google.com/bot.html)"
66.249.68.100 - - [12/Sep/2026:15:31:45 +0300] "GET /?sale/search/detail/?ITMCODE=51971303830 HTTP/1.1" 200 206490 "-" "Mozilla/5.0 (Linux; Android 6.0.1; Nexus 5X Build/MMB29P) AppleWebKit/537.36 (KHTML, like Gecko) Chrome/153.0.8010.36 Mobile Safari/537.36 (compatible; Googlebot/2.1; +http://www.google.com/bot.html)"
66.249.68.104 - - [12/Sep/2026:15:31:46 +0300] "GET /?sale/search/detail/?ITMCODE=51981823195 HTTP/1.1" 200 212115 "-" "Mozilla/5.0 (Linux; Android 6.0.1; Nexus 5X Build/MMB29P) AppleWebKit/537.36 (KHTML, like Gecko) Chrome/153.0.8010.36 Mobile Safari/537.36 (compatible; Googlebot/2.1; +http://www.google.com/bot.html)"
5.9.120.8 - - [12/Sep/2026:15:31:46 +0300] "GET /?sale/search/detail/?ITMCODE=519581486637 HTTP/1.1" 200 11143 "-" "Mozilla/5.0 (compatible; SERankingBacklinksBot/1.0; +https://seranking.com/backlinks-crawler)"
66.249.68.102 - - [12/Sep/2026:15:31:46 +0300] "GET /?sale/search/detail/?ITMCODE=52002956395 HTTP/1.1" 200 200233 "-" "Mozilla/5.0 (Linux; Android 6.0.1; Nexus 5X Build/MMB29P) AppleWebKit/537.36 (KHTML, like Gecko) Chrome/153.0.8010.36 Mobile Safari/537.36 (compatible; Googlebot/2.1; +http://www.google.com/bot.html)"
66.249.68.100 - - [12/Sep/2026:15:31:47 +0300] "GET /?sale/search/detail/?ITMCODE=5196624580 HTTP/1.1" 200 200630 "-" "Mozilla/5.0 (Linux; Android 6.0.1; Nexus 5X Build/MMB29P) AppleWebKit/537.36 (KHTML, like Gecko) Chrome/153.0.8010.36 Mobile Safari/537.36 (compatible; Googlebot/2.1; +http://www.google.com/bot.html)"
66.249.68.98 - - [12/Sep/2026:15:31:46 +0300] "GET /?sale/search/detail/?ITMCODE=51971246830 HTTP/1.1" 200 204158 "-" "Mozilla/5.0 (Linux; Android 6.0.1; Nexus 5X Build/MMB29P) AppleWebKit/537.36 (KHTML, like Gecko) Chrome/153.0.8010.36 Mobile Safari/537.36 (compatible; Googlebot/2.1; +http://www.google.com/bot.html)"
60.149.82.132 - - [12/Sep/2026:15:31:47 +0300] "GET /index.php/kontaktai?sale/search/detail/?ITMCODE=52002874529 HTTP/2.0" 200 1072 "https://www.google.com/" "Mozilla/5.0 (Linux; Android 10; K) AppleWebKit/537.36 (KHTML, like Gecko) Chrome/145.0.0.0 Mobile Safari/537.36"
66.249.68.104 - - [12/Sep/2026:15:31:47 +0300] "GET /?sale/search/detail/?ITMCODE=51992381403 HTTP/1.1" 200 208106 "-" "Mozilla/5.0 (Linux; Android 6.0.1; Nexus 5X Build/MMB29P) AppleWebKit/537.36 (KHTML, like Gecko) Chrome/153.0.8010.36 Mobile Safari/537.36 (compatible; Googlebot/2.1; +http://www.google.com/bot.html)"
66.249.68.97 - - [12/Sep/2026:15:31:48 +0300] "GET /?sale/search/detail/?ITMCODE=5196995080 HTTP/1.1" 200 194205 "-" "Mozilla/5.0 (Linux; Android 6.0.1; Nexus 5X Build/MMB29P) AppleWebKit/537.36 (KHTML, like Gecko) Chrome/153.0.8010.36 Mobile Safari/537.36 (compatible; Googlebot/2.1; +http://www.google.com/bot.html)"
66.249.68.105 - - [12/Sep/2026:15:31:48 +0300] "GET /?sale/search/detail/?ITMCODE=519530446 HTTP/1.1" 200 204176 "-" "Mozilla/5.0 (Linux; Android 6.0.1; Nexus 5X Build/MMB29P) AppleWebKit/537.36 (KHTML, like Gecko) Chrome/153.0.8010.36 Mobile Safari/537.36 (compatible; Googlebot/2.1; +http://www.google.com/bot.html)"
66.249.68.97 - - [12/Sep/2026:15:31:48 +0300] "GET /?sale/search/detail/?ITMCODE=51971446330 HTTP/1.1" 200 199247 "-" "Mozilla/5.0 (Linux; Android 6.0.1; Nexus 5X Build/MMB29P) AppleWebKit/537.36 (KHTML, like Gecko) Chrome/153.0.8010.36 Mobile Safari/537.36 (compatible; Googlebot/2.1; +http://www.google.com/bot.html)"
66.249.68.101 - - [12/Sep/2026:15:31:49 +0300] "GET /?sale/search/detail/?ITMCODE=51981550098 HTTP/1.1" 200 196532 "-" "Mozilla/5.0 (Linux; Android 6.0.1; Nexus 5X Build/MMB29P) AppleWebKit/537.36 (KHTML, like Gecko) Chrome/153.0.8010.36 Mobile Safari/537.36 (compatible; Googlebot/2.1; +http://www.google.com/bot.html)"
66.249.68.103 - - [12/Sep/2026:15:31:50 +0300] "GET /?sale/search/detail/?ITMCODE=51971243501 HTTP/1.1" 200 200072 "-" "Mozilla/5.0 (Linux; Android 6.0.1; Nexus 5X Build/MMB29P) AppleWebKit/537.36 (KHTML, like Gecko) Chrome/153.0.8010.36 Mobile Safari/537.36 (compatible; Googlebot/2.1; +http://www.google.com/bot.html)"
66.249.68.101 - - [12/Sep/2026:15:31:50 +0300] "GET /index.php/meniu?sale/search/detail/?ITMCODE=51971377003 HTTP/1.1" 200 197411 "-" "Mozilla/5.0 (Linux; Android 6.0.1; Nexus 5X Build/MMB29P) AppleWebKit/537.36 (KHTML, like Gecko) Chrome/153.0.8010.36 Mobile Safari/537.36 (compatible; Googlebot/2.1; +http://www.google.com/bot.html)"
66.249.68.100 - - [12/Sep/2026:15:31:50 +0300] "GET /?sale/search/detail/?ITMCODE=51971275330 HTTP/1.1" 200 227259 "-" "Mozilla/5.0 (Linux; Android 6.0.1; Nexus 5X Build/MMB29P) AppleWebKit/537.36 (KHTML, like Gecko) Chrome/153.0.8010.36 Mobile Safari/537.36 (compatible; Googlebot/2.1; +http://www.google.com/bot.html)"
66.249.68.103 - - [12/Sep/2026:15:31:52 +0300] "GET /?sale/search/detail/?ITMCODE=5196758413 HTTP/1.1" 200 207313 "-" "Mozilla/5.0 (Linux; Android 6.0.1; Nexus 5X Build/MMB29P) AppleWebKit/537.36 (KHTML, like Gecko) Chrome/153.0.8010.36 Mobile Safari/537.36 (compatible; Googlebot/2.1; +http://www.google.com/bot.html)"
66.249.68.100 - - [12/Sep/2026:15:31:53 +0300] "GET /?sale/search/detail/?ITMCODE=51971118580 HTTP/1.1" 200 207517 "-" "Mozilla/5.0 (Linux; Android 6.0.1; Nexus 5X Build/MMB29P) AppleWebKit/537.36 (KHTML, like Gecko) Chrome/153.0.8010.36 Mobile Safari/537.36 (compatible; Googlebot/2.1; +http://www.google.com/bot.html)"
66.249.68.101 - - [12/Sep/2026:15:31:55 +0300] "GET /index.php/kontaktai?sale/search/detail/?ITMCODE=52002814909 HTTP/1.1" 200 202615 "-" "Mozilla/5.0 (Linux; Android 6.0.1; Nexus 5X Build/MMB29P) AppleWebKit/537.36 (KHTML, like Gecko) Chrome/153.0.8010.36 Mobile Safari/537.36 (compatible; Googlebot/2.1; +http://www.google.com/bot.html)"
66.249.68.101 - - [12/Sep/2026:15:31:58 +0300] "GET /?sale/search/detail/?ITMCODE=52002973056 HTTP/1.1" 200 199421 "-" "Mozilla/5.0 (Linux; Android 6.0.1; Nexus 5X Build/MMB29P) AppleWebKit/537.36 (KHTML, like Gecko) Chrome/153.0.8010.36 Mobile Safari/537.36 (compatible; Googlebot/2.1; +http://www.google.com/bot.html)"
66.249.68.103 - - [12/Sep/2026:15:31:58 +0300] "GET /?sale/search/detail/?ITMCODE=5196680876 HTTP/1.1" 200 226101 "-" "Mozilla/5.0 (Linux; Android 6.0.1; Nexus 5X Build/MMB29P) AppleWebKit/537.36 (KHTML, like Gecko) Chrome/153.0.8010.36 Mobile Safari/537.36 (compatible; Googlebot/2.1; +http://www.google.com/bot.html)"
66.249.68.97 - - [12/Sep/2026:15:31:58 +0300] "GET /?sale/search/detail/?ITMCODE=51971056830 HTTP/1.1" 200 197925 "-" "Mozilla/5.0 (Linux; Android 6.0.1; Nexus 5X Build/MMB29P) AppleWebKit/537.36 (KHTML, like Gecko) Chrome/153.0.8010.36 Mobile Safari/537.36 (compatible; Googlebot/2.1; +http://www.google.com/bot.html)"
66.249.68.97 - - [12/Sep/2026:15:31:59 +0300] "GET /index.php?sale/search/detail/?ITMCODE=51992413186 HTTP/1.1" 200 206495 "-" "Mozilla/5.0 (Linux; Android 6.0.1; Nexus 5X Build/MMB29P) AppleWebKit/537.36 (KHTML, like Gecko) Chrome/153.0.8010.36 Mobile Safari/537.36 (compatible; Googlebot/2.1; +http://www.google.com/bot.html)"
66.249.68.103 - - [12/Sep/2026:15:31:59 +0300] "GET /?sale/search/detail/?ITMCODE=51992263846 HTTP/1.1" 200 199433 "-" "Mozilla/5.0 (Linux; Android 6.0.1; Nexus 5X Build/MMB29P) AppleWebKit/537.36 (KHTML, like Gecko) Chrome/153.0.8010.36 Mobile Safari/537.36 (compatible; Googlebot/2.1; +http://www.google.com/bot.html)"
66.249.68.98 - - [12/Sep/2026:15:32:00 +0300] "GET /?sale/search/detail/?ITMCODE=5196776580 HTTP/1.1" 200 196397 "-" "Mozilla/5.0 (Linux; Android 6.0.1; Nexus 5X Build/MMB29P) AppleWebKit/537.36 (KHTML, like Gecko) Chrome/153.0.8010.36 Mobile Safari/537.36 (compatible; Googlebot/2.1; +http://www.google.com/bot.html)"
66.249.68.102 - - [12/Sep/2026:15:32:06 +0300] "GET /index.php/meniu?sale/search/detail/?ITMCODE=51971419086 HTTP/1.1" 200 213138 "-" "Mozilla/5.0 (compatible; Googlebot/2.1; +http://www.google.com/bot.html)"
66.249.68.101 - - [12/Sep/2026:15:32:07 +0300] "GET /?shop/c/c51951000811/ HTTP/1.1" 200 85557 "-" "Mozilla/5.0 (Linux; Android 6.0.1; Nexus 5X Build/MMB29P) AppleWebKit/537.36 (KHTML, like Gecko) Chrome/153.0.8010.36 Mobile Safari/537.36 (compatible; Googlebot/2.1; +http://www.google.com/bot.html)"
66.249.68.97 - - [12/Sep/2026:15:32:07 +0300] "GET /?sale/search/detail/?ITMCODE=52002717796 HTTP/1.1" 200 202395 "-" "Mozilla/5.0 (Linux; Android 6.0.1; Nexus 5X Build/MMB29P) AppleWebKit/537.36 (KHTML, like Gecko) Chrome/153.0.8010.36 Mobile Safari/537.36 (compatible; Googlebot/2.1; +http://www.google.com/bot.html)"
66.249.68.101 - - [12/Sep/2026:15:32:09 +0300] "GET /?sale/search/detail/?ITMCODE=5196541499 HTTP/1.1" 200 198530 "-" "Mozilla/5.0 (Linux; Android 6.0.1; Nexus 5X Build/MMB29P) AppleWebKit/537.36 (KHTML, like Gecko) Chrome/153.0.8010.36 Mobile Safari/537.36 (compatible; Googlebot/2.1; +http://www.google.com/bot.html)"
66.249.68.97 - - [12/Sep/2026:15:32:13 +0300] "GET /?sale/search/detail/?ITMCODE=5196667330 HTTP/1.1" 200 208258 "-" "Mozilla/5.0 (Linux; Android 6.0.1; Nexus 5X Build/MMB29P) AppleWebKit/537.36 (KHTML, like Gecko) Chrome/153.0.8010.36 Mobile Safari/537.36 (compatible; Googlebot/2.1; +http://www.google.com/bot.html)"
66.249.68.97 - - [12/Sep/2026:15:32:15 +0300] "GET /?sale/search/detail/?ITMCODE=52002956296 HTTP/1.1" 200 209370 "-" "Mozilla/5.0 (Linux; Android 6.0.1; Nexus 5X Build/MMB29P) AppleWebKit/537.36 (KHTML, like Gecko) Chrome/153.0.8010.36 Mobile Safari/537.36 (compatible; Googlebot/2.1; +http://www.google.com/bot.html)"
66.249.68.101 - - [12/Sep/2026:15:32:15 +0300] "GET /?sale/search/detail/?ITMCODE=51981840956 HTTP/1.1" 200 200006 "-" "Mozilla/5.0 (Linux; Android 6.0.1; Nexus 5X Build/MMB29P) AppleWebKit/537.36 (KHTML, like Gecko) Chrome/153.0.8010.36 Mobile Safari/537.36 (compatible; Googlebot/2.1; +http://www.google.com/bot.html)"
66.249.68.101 - - [12/Sep/2026:15:32:16 +0300] "GET /?sale/search/detail/?ITMCODE=51981686428 HTTP/1.1" 200 194256 "-" "Mozilla/5.0 (Linux; Android 6.0.1; Nexus 5X Build/MMB29P) AppleWebKit/537.36 (KHTML, like Gecko) Chrome/153.0.8010.36 Mobile Safari/537.36 (compatible; Googlebot/2.1; +http://www.google.com/bot.html)"
66.249.68.97 - - [12/Sep/2026:15:32:16 +0300] "GET /?sale/search/detail/?ITMCODE=5195104049 HTTP/1.1" 200 194717 "-" "Mozilla/5.0 (Linux; Android 6.0.1; Nexus 5X Build/MMB29P) AppleWebKit/537.36 (KHTML, like Gecko) Chrome/153.0.8010.36 Mobile Safari/537.36 (compatible; Googlebot/2.1; +http://www.google.com/bot.html)"
66.249.68.101 - - [12/Sep/2026:15:32:16 +0300] "GET /?sale/search/detail/?ITMCODE=52002676335 HTTP/1.1" 200 194809 "-" "Mozilla/5.0 (Linux; Android 6.0.1; Nexus 5X Build/MMB29P) AppleWebKit/537.36 (KHTML, like Gecko) Chrome/153.0.8010.36 Mobile Safari/537.36 (compatible; Googlebot/2.1; +http://www.google.com/bot.html)"
66.249.68.101 - - [12/Sep/2026:15:32:17 +0300] "GET /?sale/search/detail/?ITMCODE=51971114405 HTTP/1.1" 200 194160 "-" "Mozilla/5.0 (Linux; Android 6.0.1; Nexus 5X Build/MMB29P) AppleWebKit/537.36 (KHTML, like Gecko) Chrome/153.0.8010.36 Mobile Safari/537.36 (compatible; Googlebot/2.1; +http://www.google.com/bot.html)"
66.249.68.101 - - [12/Sep/2026:15:32:18 +0300] "GET /?sale/search/detail/?ITMCODE=5196638587 HTTP/1.1" 200 207717 "-" "Mozilla/5.0 (Linux; Android 6.0.1; Nexus 5X Build/MMB29P) AppleWebKit/537.36 (KHTML, like Gecko) Chrome/153.0.8010.36 Mobile Safari/537.36 (compatible; Googlebot/2.1; +http://www.google.com/bot.html)"
5.9.120.8 - - [12/Sep/2026:15:32:18 +0300] "GET /?sale/search/detail/?ITMCODE=519581490338 HTTP/1.1" 200 11143 "-" "Mozilla/5.0 (compatible; SERankingBacklinksBot/1.0; +https://seranking.com/backlinks-crawler)"
66.249.68.97 - - [12/Sep/2026:15:32:19 +0300] "GET /?sale/search/detail/?ITMCODE=5195477431 HTTP/1.1" 200 203013 "-" "Mozilla/5.0 (Linux; Android 6.0.1; Nexus 5X Build/MMB29P) AppleWebKit/537.36 (KHTML, like Gecko) Chrome/153.0.8010.36 Mobile Safari/537.36 (compatible; Googlebot/2.1; +http://www.google.com/bot.html)"
66.249.68.97 - - [12/Sep/2026:15:32:20 +0300] "GET /index.php?sale/search/detail/?ITMCODE=51981685734 HTTP/1.1" 200 203334 "-" "Mozilla/5.0 (compatible; Googlebot/2.1; +http://www.google.com/bot.html)"
66.249.68.101 - - [12/Sep/2026:15:32:23 +0300] "GET /?sale/search/detail/?ITMCODE=5195124983 HTTP/1.1" 200 198172 "-" "Mozilla/5.0 (Linux; Android 6.0.1; Nexus 5X Build/MMB29P) AppleWebKit/537.36 (KHTML, like Gecko) Chrome/153.0.8010.36 Mobile Safari/537.36 (compatible; Googlebot/2.1; +http://www.google.com/bot.html)"
66.249.68.101 - - [12/Sep/2026:15:32:24 +0300] "GET /?sale/search/detail/?ITMCODE=5195474260 HTTP/1.1" 200 199564 "-" "Mozilla/5.0 (Linux; Android 6.0.1; Nexus 5X Build/MMB29P) AppleWebKit/537.36 (KHTML, like Gecko) Chrome/153.0.8010.36 Mobile Safari/537.36 (compatible; Googlebot/2.1; +http://www.google.com/bot.html)"
66.249.68.102 - - [12/Sep/2026:15:32:24 +0300] "GET /?sale/search/detail/?ITMCODE=51992258352 HTTP/1.1" 200 227277 "-" "Mozilla/5.0 (Linux; Android 6.0.1; Nexus 5X Build/MMB29P) AppleWebKit/537.36 (KHTML, like Gecko) Chrome/153.0.8010.36 Mobile Safari/537.36 (compatible; Googlebot/2.1; +http://www.google.com/bot.html)"
66.249.68.102 - - [12/Sep/2026:15:32:25 +0300] "GET /?sale/search/detail/?ITMCODE=51992028017 HTTP/1.1" 200 207277 "-" "Mozilla/5.0 (Linux; Android 6.0.1; Nexus 5X Build/MMB29P) AppleWebKit/537.36 (KHTML, like Gecko) Chrome/153.0.8010.36 Mobile Safari/537.36 (compatible; Googlebot/2.1; +http://www.google.com/bot.html)"
66.249.68.97 - - [12/Sep/2026:15:32:25 +0300] "GET /?sale/search/detail/?ITMCODE=5195353255 HTTP/1.1" 200 198577 "-" "Mozilla/5.0 (Linux; Android 6.0.1; Nexus 5X Build/MMB29P) AppleWebKit/537.36 (KHTML, like Gecko) Chrome/153.0.8010.36 Mobile Safari/537.36 (compatible; Googlebot/2.1; +http://www.google.com/bot.html)"
66.249.68.102 - - [12/Sep/2026:15:32:26 +0300] "GET /?sale/search/detail/?ITMCODE=5196580114 HTTP/1.1" 200 195833 "-" "Mozilla/5.0 (Linux; Android 6.0.1; Nexus 5X Build/MMB29P) AppleWebKit/537.36 (KHTML, like Gecko) Chrome/153.0.8010.36 Mobile Safari/537.36 (compatible; Googlebot/2.1; +http://www.google.com/bot.html)"
66.249.68.101 - - [12/Sep/2026:15:32:26 +0300] "GET /?sale/search/detail/?ITMCODE=51992198095 HTTP/1.1" 200 221173 "-" "Mozilla/5.0 (Linux; Android 6.0.1; Nexus 5X Build/MMB29P) AppleWebKit/537.36 (KHTML, like Gecko) Chrome/153.0.8010.36 Mobile Safari/537.36 (compatible; Googlebot/2.1; +http://www.google.com/bot.html)"
66.249.68.97 - - [12/Sep/2026:15:32:26 +0300] "GET /?sale/search/detail/?ITMCODE=5195200423 HTTP/1.1" 200 195692 "-" "Mozilla/5.0 (Linux; Android 6.0.1; Nexus 5X Build/MMB29P) AppleWebKit/537.36 (KHTML, like Gecko) Chrome/153.0.8010.36 Mobile Safari/537.36 (compatible; Googlebot/2.1; +http://www.google.com/bot.html)"
66.249.68.101 - - [12/Sep/2026:15:32:26 +0300] "GET /?sale/search/detail/?ITMCODE=5196720602 HTTP/1.1" 200 197117 "-" "Mozilla/5.0 (Linux; Android 6.0.1; Nexus 5X Build/MMB29P) AppleWebKit/537.36 (KHTML, like Gecko) Chrome/153.0.8010.36 Mobile Safari/537.36 (compatible; Googlebot/2.1; +http://www.google.com/bot.html)"
66.249.68.98 - - [12/Sep/2026:15:32:27 +0300] "GET /?sale/search/detail/?ITMCODE=52002726370 HTTP/1.1" 200 204909 "-" "Mozilla/5.0 (Linux; Android 6.0.1; Nexus 5X Build/MMB29P) AppleWebKit/537.36 (KHTML, like Gecko) Chrome/153.0.8010.36 Mobile Safari/537.36 (compatible; Googlebot/2.1; +http://www.google.com/bot.html)"
66.249.68.102 - - [12/Sep/2026:15:32:27 +0300] "GET /index.php/meniu?sale/search/detail/?ITMCODE=5195308572 HTTP/1.1" 200 231033 "-" "Mozilla/5.0 (Linux; Android 6.0.1; Nexus 5X Build/MMB29P) AppleWebKit/537.36 (KHTML, like Gecko) Chrome/153.0.8010.36 Mobile Safari/537.36 (compatible; Googlebot/2.1; +http://www.google.com/bot.html)"
66.249.68.97 - - [12/Sep/2026:15:32:28 +0300] "GET /?sale/search/detail/?ITMCODE=52002589461 HTTP/1.1" 200 198986 "-" "Mozilla/5.0 (Linux; Android 6.0.1; Nexus 5X Build/MMB29P) AppleWebKit/537.36 (KHTML, like Gecko) Chrome/153.0.8010.36 Mobile Safari/537.36 (compatible; Googlebot/2.1; +http://www.google.com/bot.html)"
66.249.68.103 - - [12/Sep/2026:15:32:27 +0300] "GET /?sale/search/detail/?ITMCODE=51971469805 HTTP/1.1" 200 202595 "-" "Mozilla/5.0 (Linux; Android 6.0.1; Nexus 5X Build/MMB29P) AppleWebKit/537.36 (KHTML, like Gecko) Chrome/153.0.8010.36 Mobile Safari/537.36 (compatible; Googlebot/2.1; +http://www.google.com/bot.html)"
5.9.120.8 - - [12/Sep/2026:15:32:28 +0300] "GET /?sale/search/detail/?ITMCODE=519693603596 HTTP/1.1" 200 11143 "-" "Mozilla/5.0 (compatible; SERankingBacklinksBot/1.0; +https://seranking.com/backlinks-crawler)"
66.249.68.103 - - [12/Sep/2026:15:32:28 +0300] "GET /?sale/search/detail/?ITMCODE=51971277460 HTTP/1.1" 200 200285 "-" "Mozilla/5.0 (Linux; Android 6.0.1; Nexus 5X Build/MMB29P) AppleWebKit/537.36 (KHTML, like Gecko) Chrome/153.0.8010.36 Mobile Safari/537.36 (compatible; Googlebot/2.1; +http://www.google.com/bot.html)"
66.249.68.102 - - [12/Sep/2026:15:32:29 +0300] "GET /?sale/search/detail/?ITMCODE=5195417105 HTTP/1.1" 200 208708 "-" "Mozilla/5.0 (Linux; Android 6.0.1; Nexus 5X Build/MMB29P) AppleWebKit/537.36 (KHTML, like Gecko) Chrome/153.0.8010.36 Mobile Safari/537.36 (compatible; Googlebot/2.1; +http://www.google.com/bot.html)"
66.249.68.101 - - [12/Sep/2026:15:32:29 +0300] "GET /?sale/search/detail/?ITMCODE=52002807356 HTTP/1.1" 200 203023 "-" "Mozilla/5.0 (Linux; Android 6.0.1; Nexus 5X Build/MMB29P) AppleWebKit/537.36 (KHTML, like Gecko) Chrome/153.0.8010.36 Mobile Safari/537.36 (compatible; Googlebot/2.1; +http://www.google.com/bot.html)"
66.249.68.103 - - [12/Sep/2026:15:32:29 +0300] "GET /?sale/search/detail/?ITMCODE=5196999785 HTTP/1.1" 200 203380 "-" "Mozilla/5.0 (Linux; Android 6.0.1; Nexus 5X Build/MMB29P) AppleWebKit/537.36 (KHTML, like Gecko) Chrome/153.0.8010.36 Mobile Safari/537.36 (compatible; Googlebot/2.1; +http://www.google.com/bot.html)"
66.249.68.99 - - [12/Sep/2026:15:32:30 +0300] "GET /?sale/search/detail/?ITMCODE=52002707486 HTTP/1.1" 200 196112 "-" "Mozilla/5.0 (Linux; Android 6.0.1; Nexus 5X Build/MMB29P) AppleWebKit/537.36 (KHTML, like Gecko) Chrome/153.0.8010.36 Mobile Safari/537.36 (compatible; Googlebot/2.1; +http://www.google.com/bot.html)"
66.249.68.97 - - [12/Sep/2026:15:32:30 +0300] "GET /?sale/search/detail/?ITMCODE=51992202339 HTTP/1.1" 200 222605 "-" "Mozilla/5.0 (Linux; Android 6.0.1; Nexus 5X Build/MMB29P) AppleWebKit/537.36 (KHTML, like Gecko) Chrome/153.0.8010.36 Mobile Safari/537.36 (compatible; Googlebot/2.1; +http://www.google.com/bot.html)"
66.249.68.103 - - [12/Sep/2026:15:32:31 +0300] "GET /?sale/search/detail/?ITMCODE=51981566566 HTTP/1.1" 200 196207 "-" "Mozilla/5.0 (Linux; Android 6.0.1; Nexus 5X Build/MMB29P) AppleWebKit/537.36 (KHTML, like Gecko) Chrome/153.0.8010.36 Mobile Safari/537.36 (compatible; Googlebot/2.1; +http://www.google.com/bot.html)"
66.249.68.97 - - [12/Sep/2026:15:32:31 +0300] "GET /?sale/search/detail/?ITMCODE=5195281615 HTTP/1.1" 200 221410 "-" "Mozilla/5.0 (Linux; Android 6.0.1; Nexus 5X Build/MMB29P) AppleWebKit/537.36 (KHTML, like Gecko) Chrome/153.0.8010.36 Mobile Safari/537.36 (compatible; Googlebot/2.1; +http://www.google.com/bot.html)"
66.249.68.97 - - [12/Sep/2026:15:32:32 +0300] "GET /?sale/search/detail/?ITMCODE=52002844395 HTTP/1.1" 200 199913 "-" "Mozilla/5.0 (Linux; Android 6.0.1; Nexus 5X Build/MMB29P) AppleWebKit/537.36 (KHTML, like Gecko) Chrome/153.0.8010.36 Mobile Safari/537.36 (compatible; Googlebot/2.1; +http://www.google.com/bot.html)"
66.249.68.102 - - [12/Sep/2026:15:32:32 +0300] "GET /?sale/search/detail/?ITMCODE=51971087085 HTTP/1.1" 200 197033 "-" "Mozilla/5.0 (Linux; Android 6.0.1; Nexus 5X Build/MMB29P) AppleWebKit/537.36 (KHTML, like Gecko) Chrome/153.0.8010.36 Mobile Safari/537.36 (compatible; Googlebot/2.1; +http://www.google.com/bot.html)"
66.249.68.102 - - [12/Sep/2026:15:32:34 +0300] "GET /?sale/search/detail/?ITMCODE=5195450233 HTTP/1.1" 200 219818 "-" "Mozilla/5.0 (Linux; Android 6.0.1; Nexus 5X Build/MMB29P) AppleWebKit/537.36 (KHTML, like Gecko) Chrome/153.0.8010.36 Mobile Safari/537.36 (compatible; Googlebot/2.1; +http://www.google.com/bot.html)"
66.249.68.97 - - [12/Sep/2026:15:32:34 +0300] "GET /?sale/search/detail/?ITMCODE=5195486983 HTTP/1.1" 200 205733 "-" "Mozilla/5.0 (Linux; Android 6.0.1; Nexus 5X Build/MMB29P) AppleWebKit/537.36 (KHTML, like Gecko) Chrome/153.0.8010.36 Mobile Safari/537.36 (compatible; Googlebot/2.1; +http://www.google.com/bot.html)"
66.249.68.101 - - [12/Sep/2026:15:32:33 +0300] "GET /?sale/search/detail/?ITMCODE=5196852187 HTTP/1.1" 200 194530 "-" "Mozilla/5.0 (Linux; Android 6.0.1; Nexus 5X Build/MMB29P) AppleWebKit/537.36 (KHTML, like Gecko) Chrome/153.0.8010.36 Mobile Safari/537.36 (compatible; Googlebot/2.1; +http://www.google.com/bot.html)"
66.249.68.102 - - [12/Sep/2026:15:32:34 +0300] "GET /?shop/c/c51961000283/ HTTP/1.1" 200 201866 "-" "Mozilla/5.0 (Linux; Android 6.0.1; Nexus 5X Build/MMB29P) AppleWebKit/537.36 (KHTML, like Gecko) Chrome/153.0.8010.36 Mobile Safari/537.36 (compatible; Googlebot/2.1; +http://www.google.com/bot.html)"
66.249.68.104 - - [12/Sep/2026:15:32:35 +0300] "GET /?shop/c/c51961000447/ HTTP/1.1" 200 92215 "-" "Mozilla/5.0 (Linux; Android 6.0.1; Nexus 5X Build/MMB29P) AppleWebKit/537.36 (KHTML, like Gecko) Chrome/153.0.8010.36 Mobile Safari/537.36 (compatible; Googlebot/2.1; +http://www.google.com/bot.html)"
66.249.68.97 - - [12/Sep/2026:15:32:35 +0300] "GET /?sale/search/detail/?ITMCODE=51992495041 HTTP/1.1" 200 215892 "-" "Mozilla/5.0 (Linux; Android 6.0.1; Nexus 5X Build/MMB29P) AppleWebKit/537.36 (KHTML, like Gecko) Chrome/153.0.8010.36 Mobile Safari/537.36 (compatible; Googlebot/2.1; +http://www.google.com/bot.html)"
66.249.68.104 - - [12/Sep/2026:15:32:36 +0300] "GET /?sale/search/detail/?ITMCODE=51971110318 HTTP/1.1" 200 196239 "-" "Mozilla/5.0 (Linux; Android 6.0.1; Nexus 5X Build/MMB29P) AppleWebKit/537.36 (KHTML, like Gecko) Chrome/153.0.8010.36 Mobile Safari/537.36 (compatible; Googlebot/2.1; +http://www.google.com/bot.html)"
66.249.68.103 - - [12/Sep/2026:15:32:36 +0300] "GET /?sale/search/detail/?ITMCODE=5195305419 HTTP/1.1" 200 198389 "-" "Mozilla/5.0 (Linux; Android 6.0.1; Nexus 5X Build/MMB29P) AppleWebKit/537.36 (KHTML, like Gecko) Chrome/153.0.8010.36 Mobile Safari/537.36 (compatible; Googlebot/2.1; +http://www.google.com/bot.html)"
66.249.68.99 - - [12/Sep/2026:15:32:36 +0300] "GET /?sale/search/detail/?ITMCODE=51992155129 HTTP/1.1" 200 209746 "-" "Mozilla/5.0 (Linux; Android 6.0.1; Nexus 5X Build/MMB29P) AppleWebKit/537.36 (KHTML, like Gecko) Chrome/153.0.8010.36 Mobile Safari/537.36 (compatible; Googlebot/2.1; +http://www.google.com/bot.html)"
66.249.68.103 - - [12/Sep/2026:15:32:37 +0300] "GET /?sale/search/detail/?ITMCODE=5195209858 HTTP/1.1" 200 195052 "-" "Mozilla/5.0 (Linux; Android 6.0.1; Nexus 5X Build/MMB29P) AppleWebKit/537.36 (KHTML, like Gecko) Chrome/153.0.8010.36 Mobile Safari/537.36 (compatible; Googlebot/2.1; +http://www.google.com/bot.html)"
66.249.68.97 - - [12/Sep/2026:15:32:37 +0300] "GET /?sale/search/detail/?ITMCODE=5195157439 HTTP/1.1" 200 208022 "-" "Mozilla/5.0 (Linux; Android 6.0.1; Nexus 5X Build/MMB29P) AppleWebKit/537.36 (KHTML, like Gecko) Chrome/153.0.8010.36 Mobile Safari/537.36 (compatible; Googlebot/2.1; +http://www.google.com/bot.html)"
66.249.68.99 - - [12/Sep/2026:15:32:37 +0300] "GET /?sale/search/detail/?ITMCODE=5195315047 HTTP/1.1" 200 208088 "-" "Mozilla/5.0 (Linux; Android 6.0.1; Nexus 5X Build/MMB29P) AppleWebKit/537.36 (KHTML, like Gecko) Chrome/153.0.8010.36 Mobile Safari/537.36 (compatible; Googlebot/2.1; +http://www.google.com/bot.html)"
5.9.120.8 - - [12/Sep/2026:15:32:38 +0300] "GET /?sale/search/detail/?ITMCODE=519581494048 HTTP/1.1" 200 11143 "-" "Mozilla/5.0 (compatible; SERankingBacklinksBot/1.0; +https://seranking.com/backlinks-crawler)"
66.249.68.101 - - [12/Sep/2026:15:32:38 +0300] "GET /?sale/search/detail/?ITMCODE=51981663678 HTTP/1.1" 200 200440 "-" "Mozilla/5.0 (Linux; Android 6.0.1; Nexus 5X Build/MMB29P) AppleWebKit/537.36 (KHTML, like Gecko) Chrome/153.0.8010.36 Mobile Safari/537.36 (compatible; Googlebot/2.1; +http://www.google.com/bot.html)"
66.249.68.101 - - [12/Sep/2026:15:32:39 +0300] "GET /?sale/search/detail/?ITMCODE=5195112949 HTTP/1.1" 200 194438 "-" "Mozilla/5.0 (Linux; Android 6.0.1; Nexus 5X Build/MMB29P) AppleWebKit/537.36 (KHTML, like Gecko) Chrome/153.0.8010.36 Mobile Safari/537.36 (compatible; Googlebot/2.1; +http://www.google.com/bot.html)"
66.249.68.98 - - [12/Sep/2026:15:32:39 +0300] "GET /?sale/search/detail/?ITMCODE=5195100127 HTTP/1.1" 200 208086 "-" "Mozilla/5.0 (Linux; Android 6.0.1; Nexus 5X Build/MMB29P) AppleWebKit/537.36 (KHTML, like Gecko) Chrome/153.0.8010.36 Mobile Safari/537.36 (compatible; Googlebot/2.1; +http://www.google.com/bot.html)"
66.249.68.99 - - [12/Sep/2026:15:32:40 +0300] "GET /?sale/search/detail/?ITMCODE=5195386687 HTTP/1.1" 200 202066 "-" "Mozilla/5.0 (Linux; Android 6.0.1; Nexus 5X Build/MMB29P) AppleWebKit/537.36 (KHTML, like Gecko) Chrome/153.0.8010.36 Mobile Safari/537.36 (compatible; Googlebot/2.1; +http://www.google.com/bot.html)"
66.249.68.105 - - [12/Sep/2026:15:32:39 +0300] "GET /?sale/search/detail/?ITMCODE=5196765869 HTTP/1.1" 200 203229 "-" "Mozilla/5.0 (Linux; Android 6.0.1; Nexus 5X Build/MMB29P) AppleWebKit/537.36 (KHTML, like Gecko) Chrome/153.0.8010.36 Mobile Safari/537.36 (compatible; Googlebot/2.1; +http://www.google.com/bot.html)"
66.249.68.98 - - [12/Sep/2026:15:32:40 +0300] "GET /?sale/search/detail/?ITMCODE=5195348479 HTTP/1.1" 200 233062 "-" "Mozilla/5.0 (Linux; Android 6.0.1; Nexus 5X Build/MMB29P) AppleWebKit/537.36 (KHTML, like Gecko) Chrome/153.0.8010.36 Mobile Safari/537.36 (compatible; Googlebot/2.1; +http://www.google.com/bot.html)"
66.249.68.101 - - [12/Sep/2026:15:32:40 +0300] "GET /?sale/search/detail/?ITMCODE=51971471893 HTTP/1.1" 200 200863 "-" "Mozilla/5.0 (Linux; Android 6.0.1; Nexus 5X Build/MMB29P) AppleWebKit/537.36 (KHTML, like Gecko) Chrome/153.0.8010.36 Mobile Safari/537.36 (compatible; Googlebot/2.1; +http://www.google.com/bot.html)"
66.249.68.102 - - [12/Sep/2026:15:32:41 +0300] "GET /?sale/search/detail/?ITMCODE=51971121350 HTTP/1.1" 200 204714 "-" "Mozilla/5.0 (Linux; Android 6.0.1; Nexus 5X Build/MMB29P) AppleWebKit/537.36 (KHTML, like Gecko) Chrome/153.0.8010.36 Mobile Safari/537.36 (compatible; Googlebot/2.1; +http://www.google.com/bot.html)"
66.249.68.101 - - [12/Sep/2026:15:32:41 +0300] "GET /?sale/search/detail/?ITMCODE=51981561771 HTTP/1.1" 200 195752 "-" "Mozilla/5.0 (Linux; Android 6.0.1; Nexus 5X Build/MMB29P) AppleWebKit/537.36 (KHTML, like Gecko) Chrome/153.0.8010.36 Mobile Safari/537.36 (compatible; Googlebot/2.1; +http://www.google.com/bot.html)"
66.249.68.99 - - [12/Sep/2026:15:32:42 +0300] "GET /?sale/search/detail/?ITMCODE=5195291167 HTTP/1.1" 200 195928 "-" "Mozilla/5.0 (Linux; Android 6.0.1; Nexus 5X Build/MMB29P) AppleWebKit/537.36 (KHTML, like Gecko) Chrome/153.0.8010.36 Mobile Safari/537.36 (compatible; Googlebot/2.1; +http://www.google.com/bot.html)"
66.249.68.100 - - [12/Sep/2026:15:32:42 +0300] "GET /?sale/search/detail/?ITMCODE=5195338927 HTTP/1.1" 200 200441 "-" "Mozilla/5.0 (Linux; Android 6.0.1; Nexus 5X Build/MMB29P) AppleWebKit/537.36 (KHTML, like Gecko) Chrome/153.0.8010.36 Mobile Safari/537.36 (compatible; Googlebot/2.1; +http://www.google.com/bot.html)"
66.249.68.98 - - [12/Sep/2026:15:32:43 +0300] "GET /?sale/search/detail/?ITMCODE=5195434447 HTTP/1.1" 200 201219 "-" "Mozilla/5.0 (Linux; Android 6.0.1; Nexus 5X Build/MMB29P) AppleWebKit/537.36 (KHTML, like Gecko) Chrome/153.0.8010.36 Mobile Safari/537.36 (compatible; Googlebot/2.1; +http://www.google.com/bot.html)"
66.249.68.104 - - [12/Sep/2026:15:32:43 +0300] "GET /?sale/search/detail/?ITMCODE=5195348299 HTTP/1.1" 200 198972 "-" "Mozilla/5.0 (Linux; Android 6.0.1; Nexus 5X Build/MMB29P) AppleWebKit/537.36 (KHTML, like Gecko) Chrome/153.0.8010.36 Mobile Safari/537.36 (compatible; Googlebot/2.1; +http://www.google.com/bot.html)"
66.249.68.100 - - [12/Sep/2026:15:32:44 +0300] "GET /?sale/search/detail/?ITMCODE=5195391463 HTTP/1.1" 200 204488 "-" "Mozilla/5.0 (Linux; Android 6.0.1; Nexus 5X Build/MMB29P) AppleWebKit/537.36 (KHTML, like Gecko) Chrome/153.0.8010.36 Mobile Safari/537.36 (compatible; Googlebot/2.1; +http://www.google.com/bot.html)"
84.15.184.72 - - [12/Sep/2026:15:32:44 +0300] "GET /index.php HTTP/2.0" 200 11154 "https://www.google.com/" "Mozilla/5.0 (iPhone; CPU iPhone OS 18_7 like Mac OS X) AppleWebKit/605.1.15 (KHTML, like Gecko) Version/26.6.1 Mobile/15E148 Safari/604.1"
84.15.184.72 - - [12/Sep/2026:15:32:44 +0300] "GET /plugins/content/simplepopup/simplepopup/spustyle.css HTTP/2.0" 200 529 "https://www.chenglong.lt/index.php" "Mozilla/5.0 (iPhone; CPU iPhone OS 18_7 like Mac OS X) AppleWebKit/605.1.15 (KHTML, like Gecko) Version/26.6.1 Mobile/15E148 Safari/604.1"
84.15.184.72 - - [12/Sep/2026:15:32:44 +0300] "GET /plugins/content/simplepopup/simplepopup/fancybox/jquery.fancybox-1.3.4.css HTTP/2.0" 200 8963 "https://www.chenglong.lt/index.php" "Mozilla/5.0 (iPhone; CPU iPhone OS 18_7 like Mac OS X) AppleWebKit/605.1.15 (KHTML, like Gecko) Version/26.6.1 Mobile/15E148 Safari/604.1"
84.15.184.72 - - [12/Sep/2026:15:32:44 +0300] "GET /plugins/content/dearflip/dflip/css/themify-icons.css HTTP/2.0" 200 16417 "https://www.chenglong.lt/index.php" "Mozilla/5.0 (iPhone; CPU iPhone OS 18_7 like Mac OS X) AppleWebKit/605.1.15 (KHTML, like Gecko) Version/26.6.1 Mobile/15E148 Safari/604.1"
84.15.184.72 - - [12/Sep/2026:15:32:44 +0300] "GET /plugins/content/dearflip/dflip/css/dflip.css HTTP/2.0" 200 36921 "https://www.chenglong.lt/index.php" "Mozilla/5.0 (iPhone; CPU iPhone OS 18_7 like Mac OS X) AppleWebKit/605.1.15 (KHTML, like Gecko) Version/26.6.1 Mobile/15E148 Safari/604.1"
84.15.184.72 - - [12/Sep/2026:15:32:44 +0300] "GET /plugins/system/miniteksystemmessages/assets/css/style.css?v=1.0.6 HTTP/2.0" 200 3576 "https://www.chenglong.lt/index.php" "Mozilla/5.0 (iPhone; CPU iPhone OS 18_7 like Mac OS X) AppleWebKit/605.1.15 (KHTML, like Gecko) Version/26.6.1 Mobile/15E148 Safari/604.1"
84.15.184.72 - - [12/Sep/2026:15:32:44 +0300] "GET /plugins/system/miniteksystemmessages/assets/css/jquery.jgrowl.css HTTP/2.0" 200 2112 "https://www.chenglong.lt/index.php" "Mozilla/5.0 (iPhone; CPU iPhone OS 18_7 like Mac OS X) AppleWebKit/605.1.15 (KHTML, like Gecko) Version/26.6.1 Mobile/15E148 Safari/604.1"
84.15.184.72 - - [12/Sep/2026:15:32:44 +0300] "GET /media/jui/js/jquery.min.js?0c2ada6fb5fac50fc7ad43b82b14eaac HTTP/2.0" 200 97646 "https://www.chenglong.lt/index.php" "Mozilla/5.0 (iPhone; CPU iPhone OS 18_7 like Mac OS X) AppleWebKit/605.1.15 (KHTML, like Gecko) Version/26.6.1 Mobile/15E148 Safari/604.1"
