66.249.68.99 - - [12/Sep/2026:15:14:49 +0300] "GET /?sale/search/detail/?ITMCODE=5196812762 HTTP/1.1" 200 200839 "-" "Mozilla/5.0 (Linux; Android 6.0.1; Nexus 5X Build/MMB29P) AppleWebKit/537.36 (KHTML, like Gecko) Chrome/153.0.8010.36 Mobile Safari/537.36 (compatible; Googlebot/2.1; +http://www.google.com/bot.html)"
66.249.68.99 - - [12/Sep/2026:15:14:49 +0300] "GET /?sale/search/detail/?ITMCODE=51992474061 HTTP/1.1" 200 196447 "-" "Mozilla/5.0 (Linux; Android 6.0.1; Nexus 5X Build/MMB29P) AppleWebKit/537.36 (KHTML, like Gecko) Chrome/153.0.8010.36 Mobile Safari/537.36 (compatible; Googlebot/2.1; +http://www.google.com/bot.html)"
66.249.68.105 - - [12/Sep/2026:15:14:49 +0300] "GET /?sale/search/detail/?ITMCODE=5195406730 HTTP/1.1" 200 212001 "-" "Mozilla/5.0 (Linux; Android 6.0.1; Nexus 5X Build/MMB29P) AppleWebKit/537.36 (KHTML, like Gecko) Chrome/153.0.8010.36 Mobile Safari/537.36 (compatible; Googlebot/2.1; +http://www.google.com/bot.html)"
66.249.68.105 - - [12/Sep/2026:15:14:50 +0300] "GET /?sale/search/detail/?ITMCODE=5196732160 HTTP/1.1" 200 212986 "-" "Mozilla/5.0 (Linux; Android 6.0.1; Nexus 5X Build/MMB29P) AppleWebKit/537.36 (KHTML, like Gecko) Chrome/153.0.8010.36 Mobile Safari/537.36 (compatible; Googlebot/2.1; +http://www.google.com/bot.html)"
66.249.68.105 - - [12/Sep/2026:15:14:51 +0300] "GET /?sale/search/detail/?ITMCODE=5195421245 HTTP/1.1" 200 204546 "-" "Mozilla/5.0 (Linux; Android 6.0.1; Nexus 5X Build/MMB29P) AppleWebKit/537.36 (KHTML, like Gecko) Chrome/153.0.8010.36 Mobile Safari/537.36 (compatible; Googlebot/2.1; +http://www.google.com/bot.html)"
66.249.68.100 - - [12/Sep/2026:15:14:50 +0300] "GET /?sale/search/detail/?ITMCODE=5195409722 HTTP/1.1" 200 196911 "-" "Mozilla/5.0 (Linux; Android 6.0.1; Nexus 5X Build/MMB29P) AppleWebKit/537.36 (KHTML, like Gecko) Chrome/153.0.8010.36 Mobile Safari/537.36 (compatible; Googlebot/2.1; +http://www.google.com/bot.html)"
66.249.68.101 - - [12/Sep/2026:15:14:52 +0300] "GET /?sale/search/detail/?ITMCODE=51971100180 HTTP/1.1" 200 202157 "-" "Mozilla/5.0 (Linux; Android 6.0.1; Nexus 5X Build/MMB29P) AppleWebKit/537.36 (KHTML, like Gecko) Chrome/153.0.8010.36 Mobile Safari/537.36 (compatible; Googlebot/2.1; +http://www.google.com/bot.html)"
66.249.68.105 - - [12/Sep/2026:15:14:52 +0300] "GET /?sale/search/detail/?ITMCODE=51992086010 HTTP/1.1" 200 208845 "-" "Mozilla/5.0 (Linux; Android 6.0.1; Nexus 5X Build/MMB29P) AppleWebKit/537.36 (KHTML, like Gecko) Chrome/153.0.8010.36 Mobile Safari/537.36 (compatible; Googlebot/2.1; +http://www.google.com/bot.html)"
66.249.68.100 - - [12/Sep/2026:15:14:52 +0300] "GET /?sale/search/detail/?ITMCODE=51992411986 HTTP/1.1" 200 200407 "-" "Mozilla/5.0 (Linux; Android 6.0.1; Nexus 5X Build/MMB29P) AppleWebKit/537.36 (KHTML, like Gecko) Chrome/153.0.8010.36 Mobile Safari/537.36 (compatible; Googlebot/2.1; +http://www.google.com/bot.html)"
66.249.68.102 - - [12/Sep/2026:15:14:52 +0300] "GET /?sale/search/detail/?ITMCODE=5196821146 HTTP/1.1" 200 196419 "-" "Mozilla/5.0 (Linux; Android 6.0.1; Nexus 5X Build/MMB29P) AppleWebKit/537.36 (KHTML, like Gecko) Chrome/153.0.8010.36 Mobile Safari/537.36 (compatible; Googlebot/2.1; +http://www.google.com/bot.html)"
66.249.68.102 - - [12/Sep/2026:15:14:52 +0300] "GET /?sale/search/detail/?ITMCODE=51992384486 HTTP/1.1" 200 196653 "-" "Mozilla/5.0 (Linux; Android 6.0.1; Nexus 5X Build/MMB29P) AppleWebKit/537.36 (KHTML, like Gecko) Chrome/153.0.8010.36 Mobile Safari/537.36 (compatible; Googlebot/2.1; +http://www.google.com/bot.html)"
66.249.68.102 - - [12/Sep/2026:15:14:53 +0300] "GET /?sale/search/detail/?ITMCODE=51992049086 HTTP/1.1" 200 210569 "-" "Mozilla/5.0 (Linux; Android 6.0.1; Nexus 5X Build/MMB29P) AppleWebKit/537.36 (KHTML, like Gecko) Chrome/153.0.8010.36 Mobile Safari/537.36 (compatible; Googlebot/2.1; +http://www.google.com/bot.html)"
66.249.68.98 - - [12/Sep/2026:15:14:53 +0300] "GET /?sale/search/detail/?ITMCODE=52002752437 HTTP/1.1" 200 196903 "-" "Mozilla/5.0 (Linux; Android 6.0.1; Nexus 5X Build/MMB29P) AppleWebKit/537.36 (KHTML, like Gecko) Chrome/153.0.8010.36 Mobile Safari/537.36 (compatible; Googlebot/2.1; +http://www.google.com/bot.html)"
66.249.68.98 - - [12/Sep/2026:15:14:53 +0300] "GET /?shop/c/c51951000407/ HTTP/1.1" 200 263934 "-" "Mozilla/5.0 (Linux; Android 6.0.1; Nexus 5X Build/MMB29P) AppleWebKit/537.36 (KHTML, like Gecko) Chrome/153.0.8010.36 Mobile Safari/537.36 (compatible; Googlebot/2.1; +http://www.google.com/bot.html)"
66.249.68.103 - - [12/Sep/2026:15:14:54 +0300] "GET /?sale/search/detail/?ITMCODE=5196773942 HTTP/1.1" 200 217481 "-" "Mozilla/5.0 (Linux; Android 6.0.1; Nexus 5X Build/MMB29P) AppleWebKit/537.36 (KHTML, like Gecko) Chrome/153.0.8010.36 Mobile Safari/537.36 (compatible; Googlebot/2.1; +http://www.google.com/bot.html)"
66.249.68.98 - - [12/Sep/2026:15:14:54 +0300] "GET /?sale/search/detail/?ITMCODE=51992473851 HTTP/1.1" 200 219833 "-" "Mozilla/5.0 (Linux; Android 6.0.1; Nexus 5X Build/MMB29P) AppleWebKit/537.36 (KHTML, like Gecko) Chrome/153.0.8010.36 Mobile Safari/537.36 (compatible; Googlebot/2.1; +http://www.google.com/bot.html)"
66.249.68.102 - - [12/Sep/2026:15:14:55 +0300] "GET /?sale/search/detail/?ITMCODE=5195464272 HTTP/1.1" 200 206861 "-" "Mozilla/5.0 (Linux; Android 6.0.1; Nexus 5X Build/MMB29P) AppleWebKit/537.36 (KHTML, like Gecko) Chrome/153.0.8010.36 Mobile Safari/537.36 (compatible; Googlebot/2.1; +http://www.google.com/bot.html)"
66.249.68.99 - - [12/Sep/2026:15:14:55 +0300] "GET /?sale/search/detail/?ITMCODE=51992201886 HTTP/1.1" 200 206971 "-" "Mozilla/5.0 (Linux; Android 6.0.1; Nexus 5X Build/MMB29P) AppleWebKit/537.36 (KHTML, like Gecko) Chrome/153.0.8010.36 Mobile Safari/537.36 (compatible; Googlebot/2.1; +http://www.google.com/bot.html)"
66.249.68.105 - - [12/Sep/2026:15:14:56 +0300] "GET /?sale/search/detail/?ITMCODE=5196570276 HTTP/1.1" 200 208325 "-" "Mozilla/5.0 (Linux; Android 6.0.1; Nexus 5X Build/MMB29P) AppleWebKit/537.36 (KHTML, like Gecko) Chrome/153.0.8010.36 Mobile Safari/537.36 (compatible; Googlebot/2.1; +http://www.google.com/bot.html)"
66.249.68.101 - - [12/Sep/2026:15:14:56 +0300] "GET /?sale/search/detail/?ITMCODE=51981542936 HTTP/1.1" 200 211389 "-" "Mozilla/5.0 (Linux; Android 6.0.1; Nexus 5X Build/MMB29P) AppleWebKit/537.36 (KHTML, like Gecko) Chrome/153.0.8010.36 Mobile Safari/537.36 (compatible; Googlebot/2.1; +http://www.google.com/bot.html)"
66.249.68.105 - - [12/Sep/2026:15:14:56 +0300] "GET /?sale/search/detail/?ITMCODE=51971003354 HTTP/1.1" 200 196282 "-" "Mozilla/5.0 (Linux; Android 6.0.1; Nexus 5X Build/MMB29P) AppleWebKit/537.36 (KHTML, like Gecko) Chrome/153.0.8010.36 Mobile Safari/537.36 (compatible; Googlebot/2.1; +http://www.google.com/bot.html)"
66.249.68.100 - - [12/Sep/2026:15:14:57 +0300] "GET /?sale/search/detail/?ITMCODE=5196572378 HTTP/1.1" 200 204958 "-" "Mozilla/5.0 (Linux; Android 6.0.1; Nexus 5X Build/MMB29P) AppleWebKit/537.36 (KHTML, like Gecko) Chrome/153.0.8010.36 Mobile Safari/537.36 (compatible; Googlebot/2.1; +http://www.google.com/bot.html)"
66.249.68.98 - - [12/Sep/2026:15:14:57 +0300] "GET /?sale/search/detail/?ITMCODE=51992166551 HTTP/1.1" 200 203843 "-" "Mozilla/5.0 (Linux; Android 6.0.1; Nexus 5X Build/MMB29P) AppleWebKit/537.36 (KHTML, like Gecko) Chrome/153.0.8010.36 Mobile Safari/537.36 (compatible; Googlebot/2.1; +http://www.google.com/bot.html)"
66.249.68.96 - - [12/Sep/2026:15:14:58 +0300] "GET /?sale/search/detail/?ITMCODE=5195171936 HTTP/1.1" 200 213778 "-" "Mozilla/5.0 (Linux; Android 6.0.1; Nexus 5X Build/MMB29P) AppleWebKit/537.36 (KHTML, like Gecko) Chrome/153.0.8010.36 Mobile Safari/537.36 (compatible; Googlebot/2.1; +http://www.google.com/bot.html)"
66.249.68.98 - - [12/Sep/2026:15:14:59 +0300] "GET /?sale/search/detail/?ITMCODE=51971261236 HTTP/1.1" 200 203774 "-" "Mozilla/5.0 (Linux; Android 6.0.1; Nexus 5X Build/MMB29P) AppleWebKit/537.36 (KHTML, like Gecko) Chrome/153.0.8010.36 Mobile Safari/537.36 (compatible; Googlebot/2.1; +http://www.google.com/bot.html)"
66.249.68.103 - - [12/Sep/2026:15:14:59 +0300] "GET /?sale/search/detail/?ITMCODE=5195222157 HTTP/1.1" 200 194665 "-" "Mozilla/5.0 (Linux; Android 6.0.1; Nexus 5X Build/MMB29P) AppleWebKit/537.36 (KHTML, like Gecko) Chrome/153.0.8010.36 Mobile Safari/537.36 (compatible; Googlebot/2.1; +http://www.google.com/bot.html)"
66.249.68.103 - - [12/Sep/2026:15:14:59 +0300] "GET /?sale/search/detail/?ITMCODE=52002961947 HTTP/1.1" 200 197869 "-" "Mozilla/5.0 (Linux; Android 6.0.1; Nexus 5X Build/MMB29P) AppleWebKit/537.36 (KHTML, like Gecko) Chrome/153.0.8010.36 Mobile Safari/537.36 (compatible; Googlebot/2.1; +http://www.google.com/bot.html)"
66.249.68.99 - - [12/Sep/2026:15:15:00 +0300] "GET /?sale/search/detail/?ITMCODE=51992354686 HTTP/1.1" 200 213819 "-" "Mozilla/5.0 (Linux; Android 6.0.1; Nexus 5X Build/MMB29P) AppleWebKit/537.36 (KHTML, like Gecko) Chrome/153.0.8010.36 Mobile Safari/537.36 (compatible; Googlebot/2.1; +http://www.google.com/bot.html)"
66.249.68.97 - - [12/Sep/2026:15:15:00 +0300] "GET /?sale/search/detail/?ITMCODE=52002732875 HTTP/1.1" 200 194420 "-" "Mozilla/5.0 (Linux; Android 6.0.1; Nexus 5X Build/MMB29P) AppleWebKit/537.36 (KHTML, like Gecko) Chrome/153.0.8010.36 Mobile Safari/537.36 (compatible; Googlebot/2.1; +http://www.google.com/bot.html)"
66.249.68.99 - - [12/Sep/2026:15:15:01 +0300] "GET /?sale/search/detail/?ITMCODE=51992311711 HTTP/1.1" 200 204146 "-" "Mozilla/5.0 (Linux; Android 6.0.1; Nexus 5X Build/MMB29P) AppleWebKit/537.36 (KHTML, like Gecko) Chrome/153.0.8010.36 Mobile Safari/537.36 (compatible; Googlebot/2.1; +http://www.google.com/bot.html)"
66.249.68.104 - - [12/Sep/2026:15:15:01 +0300] "GET /?sale/search/detail/?ITMCODE=52002509551 HTTP/1.1" 200 203809 "-" "Mozilla/5.0 (Linux; Android 6.0.1; Nexus 5X Build/MMB29P) AppleWebKit/537.36 (KHTML, like Gecko) Chrome/153.0.8010.36 Mobile Safari/537.36 (compatible; Googlebot/2.1; +http://www.google.com/bot.html)"
66.249.68.101 - - [12/Sep/2026:15:15:01 +0300] "GET /?sale/search/detail/?ITMCODE=51971024872 HTTP/1.1" 200 195769 "-" "Mozilla/5.0 (Linux; Android 6.0.1; Nexus 5X Build/MMB29P) AppleWebKit/537.36 (KHTML, like Gecko) Chrome/153.0.8010.36 Mobile Safari/537.36 (compatible; Googlebot/2.1; +http://www.google.com/bot.html)"
66.249.68.105 - - [12/Sep/2026:15:15:02 +0300] "GET /?sale/search/detail/?ITMCODE=5195313213 HTTP/1.1" 200 197475 "-" "Mozilla/5.0 (Linux; Android 6.0.1; Nexus 5X Build/MMB29P) AppleWebKit/537.36 (KHTML, like Gecko) Chrome/153.0.8010.36 Mobile Safari/537.36 (compatible; Googlebot/2.1; +http://www.google.com/bot.html)"
66.249.68.100 - - [12/Sep/2026:15:15:02 +0300] "GET /?sale/search/detail/?ITMCODE=51981929711 HTTP/1.1" 200 198609 "-" "Mozilla/5.0 (Linux; Android 6.0.1; Nexus 5X Build/MMB29P) AppleWebKit/537.36 (KHTML, like Gecko) Chrome/153.0.8010.36 Mobile Safari/537.36 (compatible; Googlebot/2.1; +http://www.google.com/bot.html)"
66.249.68.104 - - [12/Sep/2026:15:15:02 +0300] "GET /?sale/search/detail/?ITMCODE=519583872 HTTP/1.1" 200 198007 "-" "Mozilla/5.0 (Linux; Android 6.0.1; Nexus 5X Build/MMB29P) AppleWebKit/537.36 (KHTML, like Gecko) Chrome/153.0.8010.36 Mobile Safari/537.36 (compatible; Googlebot/2.1; +http://www.google.com/bot.html)"
5.9.120.8 - - [12/Sep/2026:15:15:03 +0300] "GET /?sale/search/detail/?ITMCODE=519690787771 HTTP/1.1" 200 11143 "-" "Mozilla/5.0 (compatible; SERankingBacklinksBot/1.0; +https://seranking.com/backlinks-crawler)"
66.249.68.101 - - [12/Sep/2026:15:15:03 +0300] "GET /?sale/search/detail/?ITMCODE=51992364236 HTTP/1.1" 200 224746 "-" "Mozilla/5.0 (Linux; Android 6.0.1; Nexus 5X Build/MMB29P) AppleWebKit/537.36 (KHTML, like Gecko) Chrome/153.0.8010.36 Mobile Safari/537.36 (compatible; Googlebot/2.1; +http://www.google.com/bot.html)"
66.249.68.97 - - [12/Sep/2026:15:15:03 +0300] "GET /?sale/search/detail/?ITMCODE=51971178420 HTTP/1.1" 200 193336 "-" "Mozilla/5.0 (Linux; Android 6.0.1; Nexus 5X Build/MMB29P) AppleWebKit/537.36 (KHTML, like Gecko) Chrome/153.0.8010.36 Mobile Safari/537.36 (compatible; Googlebot/2.1; +http://www.google.com/bot.html)"
66.249.68.100 - - [12/Sep/2026:15:15:04 +0300] "GET /?sale/search/detail/?ITMCODE=51953082 HTTP/1.1" 200 204561 "-" "Mozilla/5.0 (Linux; Android 6.0.1; Nexus 5X Build/MMB29P) AppleWebKit/537.36 (KHTML, like Gecko) Chrome/153.0.8010.36 Mobile Safari/537.36 (compatible; Googlebot/2.1; +http://www.google.com/bot.html)"
66.249.68.105 - - [12/Sep/2026:15:15:04 +0300] "GET /?sale/search/detail/?ITMCODE=51981756991 HTTP/1.1" 200 207620 "-" "Mozilla/5.0 (Linux; Android 6.0.1; Nexus 5X Build/MMB29P) AppleWebKit/537.36 (KHTML, like Gecko) Chrome/153.0.8010.36 Mobile Safari/537.36 (compatible; Googlebot/2.1; +http://www.google.com/bot.html)"
66.249.68.105 - - [12/Sep/2026:15:15:04 +0300] "GET /?sale/search/detail/?ITMCODE=51981810672 HTTP/1.1" 200 194769 "-" "Mozilla/5.0 (Linux; Android 6.0.1; Nexus 5X Build/MMB29P) AppleWebKit/537.36 (KHTML, like Gecko) Chrome/153.0.8010.36 Mobile Safari/537.36 (compatible; Googlebot/2.1; +http://www.google.com/bot.html)"
66.249.68.99 - - [12/Sep/2026:15:15:05 +0300] "GET /?sale/search/detail/?ITMCODE=51992029986 HTTP/1.1" 200 197615 "-" "Mozilla/5.0 (Linux; Android 6.0.1; Nexus 5X Build/MMB29P) AppleWebKit/537.36 (KHTML, like Gecko) Chrome/153.0.8010.36 Mobile Safari/537.36 (compatible; Googlebot/2.1; +http://www.google.com/bot.html)"
5.9.120.8 - - [12/Sep/2026:15:15:06 +0300] "GET /?sale/search/detail/?ITMCODE=519581322842 HTTP/1.1" 200 11143 "-" "Mozilla/5.0 (compatible; SERankingBacklinksBot/1.0; +https://seranking.com/backlinks-crawler)"
66.249.68.99 - - [12/Sep/2026:15:15:06 +0300] "GET /?sale/search/detail/?ITMCODE=51981656967 HTTP/1.1" 200 196279 "-" "Mozilla/5.0 (Linux; Android 6.0.1; Nexus 5X Build/MMB29P) AppleWebKit/537.36 (KHTML, like Gecko) Chrome/153.0.8010.36 Mobile Safari/537.36 (compatible; Googlebot/2.1; +http://www.google.com/bot.html)"
66.249.68.102 - - [12/Sep/2026:15:15:06 +0300] "GET /?sale/search/detail/?ITMCODE=5195252215 HTTP/1.1" 200 201592 "-" "Mozilla/5.0 (Linux; Android 6.0.1; Nexus 5X Build/MMB29P) AppleWebKit/537.36 (KHTML, like Gecko) Chrome/153.0.8010.36 Mobile Safari/537.36 (compatible; Googlebot/2.1; +http://www.google.com/bot.html)"
66.249.68.100 - - [12/Sep/2026:15:15:07 +0300] "GET /?sale/search/detail/?ITMCODE=51981729161 HTTP/1.1" 200 209547 "-" "Mozilla/5.0 (Linux; Android 6.0.1; Nexus 5X Build/MMB29P) AppleWebKit/537.36 (KHTML, like Gecko) Chrome/153.0.8010.36 Mobile Safari/537.36 (compatible; Googlebot/2.1; +http://www.google.com/bot.html)"
66.249.68.103 - - [12/Sep/2026:15:15:07 +0300] "GET /?sale/search/detail/?ITMCODE=51992024677 HTTP/1.1" 200 211675 "-" "Mozilla/5.0 (Linux; Android 6.0.1; Nexus 5X Build/MMB29P) AppleWebKit/537.36 (KHTML, like Gecko) Chrome/153.0.8010.36 Mobile Safari/537.36 (compatible; Googlebot/2.1; +http://www.google.com/bot.html)"
66.249.68.99 - - [12/Sep/2026:15:15:07 +0300] "GET /?sale/search/detail/?ITMCODE=51981622257 HTTP/1.1" 200 195680 "-" "Mozilla/5.0 (Linux; Android 6.0.1; Nexus 5X Build/MMB29P) AppleWebKit/537.36 (KHTML, like Gecko) Chrome/153.0.8010.36 Mobile Safari/537.36 (compatible; Googlebot/2.1; +http://www.google.com/bot.html)"
66.249.68.103 - - [12/Sep/2026:15:15:08 +0300] "GET /?sale/search/detail/?ITMCODE=51992330803 HTTP/1.1" 200 196887 "-" "Mozilla/5.0 (Linux; Android 6.0.1; Nexus 5X Build/MMB29P) AppleWebKit/537.36 (KHTML, like Gecko) Chrome/153.0.8010.36 Mobile Safari/537.36 (compatible; Googlebot/2.1; +http://www.google.com/bot.html)"
66.249.68.101 - - [12/Sep/2026:15:15:07 +0300] "GET /?sale/search/detail/?ITMCODE=5196998974 HTTP/1.1" 200 198101 "-" "Mozilla/5.0 (Linux; Android 6.0.1; Nexus 5X Build/MMB29P) AppleWebKit/537.36 (KHTML, like Gecko) Chrome/153.0.8010.36 Mobile Safari/537.36 (compatible; Googlebot/2.1; +http://www.google.com/bot.html)"
66.249.68.102 - - [12/Sep/2026:15:15:08 +0300] "GET /?sale/search/detail/?ITMCODE=51981709582 HTTP/1.1" 200 207310 "-" "Mozilla/5.0 (Linux; Android 6.0.1; Nexus 5X Build/MMB29P) AppleWebKit/537.36 (KHTML, like Gecko) Chrome/153.0.8010.36 Mobile Safari/537.36 (compatible; Googlebot/2.1; +http://www.google.com/bot.html)"
66.249.68.97 - - [12/Sep/2026:15:15:09 +0300] "GET /?sale/search/detail/?ITMCODE=5196793678 HTTP/1.1" 200 218931 "-" "Mozilla/5.0 (Linux; Android 6.0.1; Nexus 5X Build/MMB29P) AppleWebKit/537.36 (KHTML, like Gecko) Chrome/153.0.8010.36 Mobile Safari/537.36 (compatible; Googlebot/2.1; +http://www.google.com/bot.html)"
66.249.68.105 - - [12/Sep/2026:15:15:09 +0300] "GET /?sale/search/detail/?ITMCODE=5196908333 HTTP/1.1" 200 198128 "-" "Mozilla/5.0 (Linux; Android 6.0.1; Nexus 5X Build/MMB29P) AppleWebKit/537.36 (KHTML, like Gecko) Chrome/153.0.8010.36 Mobile Safari/537.36 (compatible; Googlebot/2.1; +http://www.google.com/bot.html)"
66.249.68.98 - - [12/Sep/2026:15:15:10 +0300] "GET /?sale/search/detail/?ITMCODE=51992015661 HTTP/1.1" 200 198608 "-" "Mozilla/5.0 (Linux; Android 6.0.1; Nexus 5X Build/MMB29P) AppleWebKit/537.36 (KHTML, like Gecko) Chrome/153.0.8010.36 Mobile Safari/537.36 (compatible; Googlebot/2.1; +http://www.google.com/bot.html)"
66.249.68.101 - - [12/Sep/2026:15:15:10 +0300] "GET /?sale/search/detail/?ITMCODE=51971446174 HTTP/1.1" 200 196828 "-" "Mozilla/5.0 (Linux; Android 6.0.1; Nexus 5X Build/MMB29P) AppleWebKit/537.36 (KHTML, like Gecko) Chrome/153.0.8010.36 Mobile Safari/537.36 (compatible; Googlebot/2.1; +http://www.google.com/bot.html)"
66.249.68.105 - - [12/Sep/2026:15:15:10 +0300] "GET /?sale/search/detail/?ITMCODE=5195120841 HTTP/1.1" 200 212096 "-" "Mozilla/5.0 (Linux; Android 6.0.1; Nexus 5X Build/MMB29P) AppleWebKit/537.36 (KHTML, like Gecko) Chrome/153.0.8010.36 Mobile Safari/537.36 (compatible; Googlebot/2.1; +http://www.google.com/bot.html)"
66.249.68.98 - - [12/Sep/2026:15:15:11 +0300] "GET /?sale/search/detail/?ITMCODE=51981879592 HTTP/1.1" 200 206248 "-" "Mozilla/5.0 (Linux; Android 6.0.1; Nexus 5X Build/MMB29P) AppleWebKit/537.36 (KHTML, like Gecko) Chrome/153.0.8010.36 Mobile Safari/537.36 (compatible; Googlebot/2.1; +http://www.google.com/bot.html)"
66.249.68.105 - - [12/Sep/2026:15:15:11 +0300] "GET /index.php/kontaktai?sale/search/detail/?ITMCODE=51971115145 HTTP/1.1" 200 228035 "-" "Mozilla/5.0 (Linux; Android 6.0.1; Nexus 5X Build/MMB29P) AppleWebKit/537.36 (KHTML, like Gecko) Chrome/153.0.8010.36 Mobile Safari/537.36 (compatible; Googlebot/2.1; +http://www.google.com/bot.html)"
66.249.68.98 - - [12/Sep/2026:15:15:12 +0300] "GET /?sale/search/detail/?ITMCODE=5196840282 HTTP/1.1" 200 214115 "-" "Mozilla/5.0 (Linux; Android 6.0.1; Nexus 5X Build/MMB29P) AppleWebKit/537.36 (KHTML, like Gecko) Chrome/153.0.8010.36 Mobile Safari/537.36 (compatible; Googlebot/2.1; +http://www.google.com/bot.html)"
66.249.68.104 - - [12/Sep/2026:15:15:12 +0300] "GET /?sale/search/detail/?ITMCODE=51981536373 HTTP/1.1" 200 197125 "-" "Mozilla/5.0 (Linux; Android 6.0.1; Nexus 5X Build/MMB29P) AppleWebKit/537.36 (KHTML, like Gecko) Chrome/153.0.8010.36 Mobile Safari/537.36 (compatible; Googlebot/2.1; +http://www.google.com/bot.html)"
66.249.68.104 - - [12/Sep/2026:15:15:13 +0300] "GET /?sale/search/detail/?ITMCODE=51981592850 HTTP/1.1" 200 195765 "-" "Mozilla/5.0 (Linux; Android 6.0.1; Nexus 5X Build/MMB29P) AppleWebKit/537.36 (KHTML, like Gecko) Chrome/153.0.8010.36 Mobile Safari/537.36 (compatible; Googlebot/2.1; +http://www.google.com/bot.html)"
66.249.68.104 - - [12/Sep/2026:15:15:13 +0300] "GET /?sale/search/detail/?ITMCODE=5195263215 HTTP/1.1" 200 199578 "-" "Mozilla/5.0 (Linux; Android 6.0.1; Nexus 5X Build/MMB29P) AppleWebKit/537.36 (KHTML, like Gecko) Chrome/153.0.8010.36 Mobile Safari/537.36 (compatible; Googlebot/2.1; +http://www.google.com/bot.html)"
66.249.68.97 - - [12/Sep/2026:15:15:13 +0300] "GET /?sale/search/detail/?ITMCODE=51971316721 HTTP/1.1" 200 227073 "-" "Mozilla/5.0 (Linux; Android 6.0.1; Nexus 5X Build/MMB29P) AppleWebKit/537.36 (KHTML, like Gecko) Chrome/153.0.8010.36 Mobile Safari/537.36 (compatible; Googlebot/2.1; +http://www.google.com/bot.html)"
66.249.68.99 - - [12/Sep/2026:15:15:14 +0300] "GET /?sale/search/detail/?ITMCODE=51981948811 HTTP/1.1" 200 205169 "-" "Mozilla/5.0 (Linux; Android 6.0.1; Nexus 5X Build/MMB29P) AppleWebKit/537.36 (KHTML, like Gecko) Chrome/153.0.8010.36 Mobile Safari/537.36 (compatible; Googlebot/2.1; +http://www.google.com/bot.html)"
66.249.68.102 - - [12/Sep/2026:15:15:14 +0300] "GET /index.php/meniu?sale/search/detail/?ITMCODE=51981714987 HTTP/1.1" 200 200500 "-" "Mozilla/5.0 (compatible; Googlebot/2.1; +http://www.google.com/bot.html)"
66.249.68.104 - - [12/Sep/2026:15:15:15 +0300] "GET /?sale/search/detail/?ITMCODE=51971243416 HTTP/1.1" 200 199791 "-" "Mozilla/5.0 (Linux; Android 6.0.1; Nexus 5X Build/MMB29P) AppleWebKit/537.36 (KHTML, like Gecko) Chrome/153.0.8010.36 Mobile Safari/537.36 (compatible; Googlebot/2.1; +http://www.google.com/bot.html)"
66.249.68.97 - - [12/Sep/2026:15:15:19 +0300] "GET /?sale/search/detail/?ITMCODE=51981638145 HTTP/1.1" 200 207304 "-" "Mozilla/5.0 (Linux; Android 6.0.1; Nexus 5X Build/MMB29P) AppleWebKit/537.36 (KHTML, like Gecko) Chrome/153.0.8010.36 Mobile Safari/537.36 (compatible; Googlebot/2.1; +http://www.google.com/bot.html)"
101.140.249.53 - - [12/Sep/2026:15:15:20 +0300] "GET /index.php/meniu?sale/search/detail/?ITMCODE=51971222488 HTTP/2.0" 200 1081 "https://www.google.com/" "Mozilla/5.0 (Linux; Android 10; K) AppleWebKit/537.36 (KHTML, like Gecko) Chrome/153.0.0.0 Mobile Safari/537.36"
5.9.120.8 - - [12/Sep/2026:15:15:22 +0300] "GET /?sale/search/detail/?ITMCODE=519581326120 HTTP/1.1" 200 11143 "-" "Mozilla/5.0 (compatible; SERankingBacklinksBot/1.0; +https://seranking.com/backlinks-crawler)"
66.249.68.104 - - [12/Sep/2026:15:15:23 +0300] "GET /?sale/search/detail/?ITMCODE=51981568893 HTTP/1.1" 200 195271 "-" "Mozilla/5.0 (Linux; Android 6.0.1; Nexus 5X Build/MMB29P) AppleWebKit/537.36 (KHTML, like Gecko) Chrome/153.0.8010.36 Mobile Safari/537.36 (compatible; Googlebot/2.1; +http://www.google.com/bot.html)"
5.9.120.8 - - [12/Sep/2026:15:15:29 +0300] "GET /?sale/search/detail/?ITMCODE=519690794946 HTTP/1.1" 200 11143 "-" "Mozilla/5.0 (compatible; SERankingBacklinksBot/1.0; +https://seranking.com/backlinks-crawler)"
66.249.68.98 - - [12/Sep/2026:15:15:31 +0300] "GET /?sale/search/detail/?ITMCODE=52002918447 HTTP/1.1" 200 198070 "-" "Mozilla/5.0 (Linux; Android 6.0.1; Nexus 5X Build/MMB29P) AppleWebKit/537.36 (KHTML, like Gecko) Chrome/153.0.8010.36 Mobile Safari/537.36 (compatible; Googlebot/2.1; +http://www.google.com/bot.html)"
66.249.68.98 - - [12/Sep/2026:15:15:32 +0300] "GET /?sale/search/detail/?ITMCODE=5196870014 HTTP/1.1" 200 199099 "-" "Mozilla/5.0 (Linux; Android 6.0.1; Nexus 5X Build/MMB29P) AppleWebKit/537.36 (KHTML, like Gecko) Chrome/153.0.8010.36 Mobile Safari/537.36 (compatible; Googlebot/2.1; +http://www.google.com/bot.html)"
66.249.68.103 - - [12/Sep/2026:15:15:37 +0300] "GET /index.php/meniu?sale/search/detail/?ITMCODE=5196556643 HTTP/1.1" 200 210445 "-" "Mozilla/5.0 (Linux; Android 6.0.1; Nexus 5X Build/MMB29P) AppleWebKit/537.36 (KHTML, like Gecko) Chrome/153.0.8010.36 Mobile Safari/537.36 (compatible; Googlebot/2.1; +http://www.google.com/bot.html)"
66.249.68.101 - - [12/Sep/2026:15:15:40 +0300] "GET /index.php/meniu?sale/search/detail/?ITMCODE=5196586641 HTTP/1.1" 200 202448 "-" "Mozilla/5.0 (Linux; Android 6.0.1; Nexus 5X Build/MMB29P) AppleWebKit/537.36 (KHTML, like Gecko) Chrome/153.0.8010.36 Mobile Safari/537.36 (compatible; Googlebot/2.1; +http://www.google.com/bot.html)"
5.9.120.8 - - [12/Sep/2026:15:15:42 +0300] "GET /?sale/search/detail/?ITMCODE=519581329407 HTTP/1.1" 200 11143 "-" "Mozilla/5.0 (compatible; SERankingBacklinksBot/1.0; +https://seranking.com/backlinks-crawler)"
5.9.120.8 - - [12/Sep/2026:15:15:48 +0300] "GET /?sale/search/detail/?ITMCODE=519690802130 HTTP/1.1" 200 11143 "-" "Mozilla/5.0 (compatible; SERankingBacklinksBot/1.0; +https://seranking.com/backlinks-crawler)"
66.249.68.102 - - [12/Sep/2026:15:15:49 +0300] "GET /?sale/search/detail/?ITMCODE=51992374471 HTTP/1.1" 200 203957 "-" "Mozilla/5.0 (Linux; Android 6.0.1; Nexus 5X Build/MMB29P) AppleWebKit/537.36 (KHTML, like Gecko) Chrome/153.0.8010.36 Mobile Safari/537.36 (compatible; Googlebot/2.1; +http://www.google.com/bot.html)"
66.249.68.102 - - [12/Sep/2026:15:15:50 +0300] "GET /index.php/meniu?sale/search/detail/?ITMCODE=52002761533 HTTP/1.1" 200 216740 "-" "Mozilla/5.0 (Linux; Android 6.0.1; Nexus 5X Build/MMB29P) AppleWebKit/537.36 (KHTML, like Gecko) Chrome/153.0.8010.36 Mobile Safari/537.36 (compatible; Googlebot/2.1; +http://www.google.com/bot.html)"
66.249.68.105 - - [12/Sep/2026:15:15:51 +0300] "GET /index.php/meniu?sale/search/detail/?ITMCODE=51971041076 HTTP/1.1" 200 197912 "-" "Mozilla/5.0 (compatible; Googlebot/2.1; +http://www.google.com/bot.html)"
66.249.68.103 - - [12/Sep/2026:15:16:00 +0300] "GET /index.php/maistas-i-namus?sale/search/detail/?ITMCODE=52002988689 HTTP/1.1" 200 207160 "-" "Mozilla/5.0 (compatible; Googlebot/2.1; +http://www.google.com/bot.html)"
5.9.120.8 - - [12/Sep/2026:15:16:01 +0300] "GET /?sale/search/detail/?ITMCODE=519581332703 HTTP/1.1" 200 11143 "-" "Mozilla/5.0 (compatible; SERankingBacklinksBot/1.0; +https://seranking.com/backlinks-crawler)"
66.249.68.104 - - [12/Sep/2026:15:16:01 +0300] "GET /index.php/maistas-i-namus?sale/search/detail/?ITMCODE=52002737873 HTTP/1.1" 200 206059 "-" "Mozilla/5.0 (Linux; Android 6.0.1; Nexus 5X Build/MMB29P) AppleWebKit/537.36 (KHTML, like Gecko) Chrome/153.0.8010.36 Mobile Safari/537.36 (compatible; Googlebot/2.1; +http://www.google.com/bot.html)"
66.249.68.98 - - [12/Sep/2026:15:16:02 +0300] "GET /?sale/search/detail/?ITMCODE=519565274 HTTP/1.1" 200 197650 "-" "Mozilla/5.0 (Linux; Android 6.0.1; Nexus 5X Build/MMB29P) AppleWebKit/537.36 (KHTML, like Gecko) Chrome/153.0.8010.36 Mobile Safari/537.36 (compatible; Googlebot/2.1; +http://www.google.com/bot.html)"
66.249.68.99 - - [12/Sep/2026:15:16:02 +0300] "GET /?sale/search/detail/?ITMCODE=51992009908 HTTP/1.1" 200 198993 "-" "Mozilla/5.0 (Linux; Android 6.0.1; Nexus 5X Build/MMB29P) AppleWebKit/537.36 (KHTML, like Gecko) Chrome/153.0.8010.36 Mobile Safari/537.36 (compatible; Googlebot/2.1; +http://www.google.com/bot.html)"
66.249.68.101 - - [12/Sep/2026:15:16:02 +0300] "GET /?sale/search/detail/?ITMCODE=52002550663 HTTP/1.1" 200 195758 "-" "Mozilla/5.0 (Linux; Android 6.0.1; Nexus 5X Build/MMB29P) AppleWebKit/537.36 (KHTML, like Gecko) Chrome/153.0.8010.36 Mobile Safari/537.36 (compatible; Googlebot/2.1; +http://www.google.com/bot.html)"
66.249.68.104 - - [12/Sep/2026:15:16:02 +0300] "GET /?sale/search/detail/?ITMCODE=51992011679 HTTP/1.1" 200 199121 "-" "Mozilla/5.0 (Linux; Android 6.0.1; Nexus 5X Build/MMB29P) AppleWebKit/537.36 (KHTML, like Gecko) Chrome/153.0.8010.36 Mobile Safari/537.36 (compatible; Googlebot/2.1; +http://www.google.com/bot.html)"
66.249.68.99 - - [12/Sep/2026:15:16:03 +0300] "GET /?sale/search/detail/?ITMCODE=51992263961 HTTP/1.1" 200 196278 "-" "Mozilla/5.0 (Linux; Android 6.0.1; Nexus 5X Build/MMB29P) AppleWebKit/537.36 (KHTML, like Gecko) Chrome/153.0.8010.36 Mobile Safari/537.36 (compatible; Googlebot/2.1; +http://www.google.com/bot.html)"
66.249.68.103 - - [12/Sep/2026:15:16:03 +0300] "GET /?sale/search/detail/?ITMCODE=52002512615 HTTP/1.1" 200 202797 "-" "Mozilla/5.0 (Linux; Android 6.0.1; Nexus 5X Build/MMB29P) AppleWebKit/537.36 (KHTML, like Gecko) Chrome/153.0.8010.36 Mobile Safari/537.36 (compatible; Googlebot/2.1; +http://www.google.com/bot.html)"
66.249.68.101 - - [12/Sep/2026:15:16:04 +0300] "GET /?sale/search/detail/?ITMCODE=51992451066 HTTP/1.1" 200 197182 "-" "Mozilla/5.0 (Linux; Android 6.0.1; Nexus 5X Build/MMB29P) AppleWebKit/537.36 (KHTML, like Gecko) Chrome/153.0.8010.36 Mobile Safari/537.36 (compatible; Googlebot/2.1; +http://www.google.com/bot.html)"
66.249.68.102 - - [12/Sep/2026:15:16:03 +0300] "GET /?sale/search/detail/?ITMCODE=51971471124 HTTP/1.1" 200 197029 "-" "Mozilla/5.0 (Linux; Android 6.0.1; Nexus 5X Build/MMB29P) AppleWebKit/537.36 (KHTML, like Gecko) Chrome/153.0.8010.36 Mobile Safari/537.36 (compatible; Googlebot/2.1; +http://www.google.com/bot.html)"
66.249.68.98 - - [12/Sep/2026:15:16:04 +0300] "GET /?sale/search/detail/?ITMCODE=5196677626 HTTP/1.1" 200 201124 "-" "Mozilla/5.0 (Linux; Android 6.0.1; Nexus 5X Build/MMB29P) AppleWebKit/537.36 (KHTML, like Gecko) Chrome/153.0.8010.36 Mobile Safari/537.36 (compatible; Googlebot/2.1; +http://www.google.com/bot.html)"
66.249.68.97 - - [12/Sep/2026:15:16:05 +0300] "GET /?sale/search/detail/?ITMCODE=51992426311 HTTP/1.1" 200 200710 "-" "Mozilla/5.0 (Linux; Android 6.0.1; Nexus 5X Build/MMB29P) AppleWebKit/537.36 (KHTML, like Gecko) Chrome/153.0.8010.36 Mobile Safari/537.36 (compatible; Googlebot/2.1; +http://www.google.com/bot.html)"
84.240.7.54 - - [12/Sep/2026:15:16:05 +0300] "GET / HTTP/2.0" 200 11125 "-" "Mozilla/5.0 (iPhone; CPU iPhone OS 18_7 like Mac OS X) AppleWebKit/605.1.15 (KHTML, like Gecko) Version/27.0 Mobile/15E148 Safari/604.1"
84.240.7.54 - - [12/Sep/2026:15:16:05 +0300] "GET /plugins/content/simplepopup/simplepopup/spustyle.css HTTP/2.0" 200 529 "https://chenglong.lt/" "Mozilla/5.0 (iPhone; CPU iPhone OS 18_7 like Mac OS X) AppleWebKit/605.1.15 (KHTML, like Gecko) Version/27.0 Mobile/15E148 Safari/604.1"
84.240.7.54 - - [12/Sep/2026:15:16:05 +0300] "GET /plugins/content/dearflip/dflip/css/themify-icons.css HTTP/2.0" 200 16417 "https://chenglong.lt/" "Mozilla/5.0 (iPhone; CPU iPhone OS 18_7 like Mac OS X) AppleWebKit/605.1.15 (KHTML, like Gecko) Version/27.0 Mobile/15E148 Safari/604.1"
84.240.7.54 - - [12/Sep/2026:15:16:05 +0300] "GET /plugins/content/dearflip/dflip/css/dflip.css HTTP/2.0" 200 36921 "https://chenglong.lt/" "Mozilla/5.0 (iPhone; CPU iPhone OS 18_7 like Mac OS X) AppleWebKit/605.1.15 (KHTML, like Gecko) Version/27.0 Mobile/15E148 Safari/604.1"
84.240.7.54 - - [12/Sep/2026:15:16:05 +0300] "GET /plugins/content/simplepopup/simplepopup/fancybox/jquery.fancybox-1.3.4.css HTTP/2.0" 200 8963 "https://chenglong.lt/" "Mozilla/5.0 (iPhone; CPU iPhone OS 18_7 like Mac OS X) AppleWebKit/605.1.15 (KHTML, like Gecko) Version/27.0 Mobile/15E148 Safari/604.1"
84.240.7.54 - - [12/Sep/2026:15:16:05 +0300] "GET /plugins/system/miniteksystemmessages/assets/css/style.css?v=1.0.6 HTTP/2.0" 200 3576 "https://chenglong.lt/" "Mozilla/5.0 (iPhone; CPU iPhone OS 18_7 like Mac OS X) AppleWebKit/605.1.15 (KHTML, like Gecko) Version/27.0 Mobile/15E148 Safari/604.1"
84.240.7.54 - - [12/Sep/2026:15:16:05 +0300] "GET /plugins/system/miniteksystemmessages/assets/css/jquery.jgrowl.css HTTP/2.0" 200 2112 "https://chenglong.lt/" "Mozilla/5.0 (iPhone; CPU iPhone OS 18_7 like Mac OS X) AppleWebKit/605.1.15 (KHTML, like Gecko) Version/27.0 Mobile/15E148 Safari/604.1"
84.240.7.54 - - [12/Sep/2026:15:16:05 +0300] "GET /media/jui/js/jquery.min.js?0c2ada6fb5fac50fc7ad43b82b14eaac HTTP/2.0" 200 97646 "https://chenglong.lt/" "Mozilla/5.0 (iPhone; CPU iPhone OS 18_7 like Mac OS X) AppleWebKit/605.1.15 (KHTML, like Gecko) Version/27.0 Mobile/15E148 Safari/604.1"
84.240.7.54 - - [12/Sep/2026:15:16:05 +0300] "GET /media/jui/js/jquery-noconflict.js?0c2ada6fb5fac50fc7ad43b82b14eaac HTTP/2.0" 200 21 "https://chenglong.lt/" "Mozilla/5.0 (iPhone; CPU iPhone OS 18_7 like Mac OS X) AppleWebKit/605.1.15 (KHTML, like Gecko) Version/27.0 Mobile/15E148 Safari/604.1"
84.240.7.54 - - [12/Sep/2026:15:16:05 +0300] "GET /media/jui/js/jquery-migrate.min.js?0c2ada6fb5fac50fc7ad43b82b14eaac HTTP/2.0" 200 10056 "https://chenglong.lt/" "Mozilla/5.0 (iPhone; CPU iPhone OS 18_7 like Mac OS X) AppleWebKit/605.1.15 (KHTML, like Gecko) Version/27.0 Mobile/15E148 Safari/604.1"
84.240.7.54 - - [12/Sep/2026:15:16:05 +0300] "GET /plugins/content/simplepopup/simplepopup/fancybox/jquery.mousewheel-3.0.4.pack.js HTTP/2.0" 200 1292 "https://chenglong.lt/" "Mozilla/5.0 (iPhone; CPU iPhone OS 18_7 like Mac OS X) AppleWebKit/605.1.15 (KHTML, like Gecko) Version/27.0 Mobile/15E148 Safari/604.1"
84.240.7.54 - - [12/Sep/2026:15:16:05 +0300] "GET /media/system/js/mootools-core.js?0c2ada6fb5fac50fc7ad43b82b14eaac HTTP/2.0" 200 83893 "https://chenglong.lt/" "Mozilla/5.0 (iPhone; CPU iPhone OS 18_7 like Mac OS X) AppleWebKit/605.1.15 (KHTML, like Gecko) Version/27.0 Mobile/15E148 Safari/604.1"
84.240.7.54 - - [12/Sep/2026:15:16:05 +0300] "GET /plugins/content/dearflip/dflip/js/dflip.min.js HTTP/2.0" 200 126454 "https://chenglong.lt/" "Mozilla/5.0 (iPhone; CPU iPhone OS 18_7 like Mac OS X) AppleWebKit/605.1.15 (KHTML, like Gecko) Version/27.0 Mobile/15E148 Safari/604.1"
84.240.7.54 - - [12/Sep/2026:15:16:05 +0300] "GET /templates/resto_6/modules.js HTTP/2.0" 200 - "https://chenglong.lt/" "Mozilla/5.0 (iPhone; CPU iPhone OS 18_7 like Mac OS X) AppleWebKit/605.1.15 (KHTML, like Gecko) Version/27.0 Mobile/15E148 Safari/604.1"
84.240.7.54 - - [12/Sep/2026:15:16:05 +0300] "GET /media/system/js/core.js?0c2ada6fb5fac50fc7ad43b82b14eaac HTTP/2.0" 200 8735 "https://chenglong.lt/" "Mozilla/5.0 (iPhone; CPU iPhone OS 18_7 like Mac OS X) AppleWebKit/605.1.15 (KHTML, like Gecko) Version/27.0 Mobile/15E148 Safari/604.1"
84.240.7.54 - - [12/Sep/2026:15:16:05 +0300] "GET /media/system/js/caption.js?0c2ada6fb5fac50fc7ad43b82b14eaac HTTP/2.0" 200 491 "https://chenglong.lt/" "Mozilla/5.0 (iPhone; CPU iPhone OS 18_7 like Mac OS X) AppleWebKit/605.1.15 (KHTML, like Gecko) Version/27.0 Mobile/15E148 Safari/604.1"
84.240.7.54 - - [12/Sep/2026:15:16:05 +0300] "GET /plugins/system/miniteksystemmessages/assets/js/script.js?v=1.0.6 HTTP/2.0" 200 7131 "https://chenglong.lt/" "Mozilla/5.0 (iPhone; CPU iPhone OS 18_7 like Mac OS X) AppleWebKit/605.1.15 (KHTML, like Gecko) Version/27.0 Mobile/15E148 Safari/604.1"
84.240.7.54 - - [12/Sep/2026:15:16:05 +0300] "GET /templates/system/css/system.css HTTP/2.0" 200 881 "https://chenglong.lt/" "Mozilla/5.0 (iPhone; CPU iPhone OS 18_7 like Mac OS X) AppleWebKit/605.1.15 (KHTML, like Gecko) Version/27.0 Mobile/15E148 Safari/604.1"
84.240.7.54 - - [12/Sep/2026:15:16:05 +0300] "GET /templates/system/css/general.css HTTP/2.0" 200 2717 "https://chenglong.lt/" "Mozilla/5.0 (iPhone; CPU iPhone OS 18_7 like Mac OS X) AppleWebKit/605.1.15 (KHTML, like Gecko) Version/27.0 Mobile/15E148 Safari/604.1"
84.240.7.54 - - [12/Sep/2026:15:16:05 +0300] "GET /templates/resto_6/css/template.responsive.css HTTP/2.0" 200 11640 "https://chenglong.lt/" "Mozilla/5.0 (iPhone; CPU iPhone OS 18_7 like Mac OS X) AppleWebKit/605.1.15 (KHTML, like Gecko) Version/27.0 Mobile/15E148 Safari/604.1"
84.240.7.54 - - [12/Sep/2026:15:16:05 +0300] "GET /plugins/system/miniteksystemmessages/assets/js/jquery.jgrowl.js HTTP/2.0" 200 16629 "https://chenglong.lt/" "Mozilla/5.0 (iPhone; CPU iPhone OS 18_7 like Mac OS X) AppleWebKit/605.1.15 (KHTML, like Gecko) Version/27.0 Mobile/15E148 Safari/604.1"
84.240.7.54 - - [12/Sep/2026:15:16:05 +0300] "GET /templates/resto_6/css/template.css HTTP/2.0" 200 65213 "https://chenglong.lt/" "Mozilla/5.0 (iPhone; CPU iPhone OS 18_7 like Mac OS X) AppleWebKit/605.1.15 (KHTML, like Gecko) Version/27.0 Mobile/15E148 Safari/604.1"
84.240.7.54 - - [12/Sep/2026:15:16:05 +0300] "GET /templates/resto_6/script.js HTTP/2.0" 200 56744 "https://chenglong.lt/" "Mozilla/5.0 (iPhone; CPU iPhone OS 18_7 like Mac OS X) AppleWebKit/605.1.15 (KHTML, like Gecko) Version/27.0 Mobile/15E148 Safari/604.1"
84.240.7.54 - - [12/Sep/2026:15:16:05 +0300] "GET /templates/resto_6/jquery.js HTTP/2.0" 200 92629 "https://chenglong.lt/" "Mozilla/5.0 (iPhone; CPU iPhone OS 18_7 like Mac OS X) AppleWebKit/605.1.15 (KHTML, like Gecko) Version/27.0 Mobile/15E148 Safari/604.1"
84.240.7.54 - - [12/Sep/2026:15:16:05 +0300] "GET /images/logo.png HTTP/2.0" 200 30174 "https://chenglong.lt/" "Mozilla/5.0 (iPhone; CPU iPhone OS 18_7 like Mac OS X) AppleWebKit/605.1.15 (KHTML, like Gecko) Version/27.0 Mobile/15E148 Safari/604.1"
84.240.7.54 - - [12/Sep/2026:15:16:05 +0300] "GET /images/logo_dark_small.png HTTP/2.0" 200 164696 "https://chenglong.lt/" "Mozilla/5.0 (iPhone; CPU iPhone OS 18_7 like Mac OS X) AppleWebKit/605.1.15 (KHTML, like Gecko) Version/27.0 Mobile/15E148 Safari/604.1"
84.240.7.54 - - [12/Sep/2026:15:16:05 +0300] "GET /media/system/css/system.css HTTP/2.0" 200 1433 "https://chenglong.lt/" "Mozilla/5.0 (iPhone; CPU iPhone OS 18_7 like Mac OS X) AppleWebKit/605.1.15 (KHTML, like Gecko) Version/27.0 Mobile/15E148 Safari/604.1"
84.240.7.54 - - [12/Sep/2026:15:16:05 +0300] "GET /images/powered.png HTTP/2.0" 200 5403 "https://chenglong.lt/" "Mozilla/5.0 (iPhone; CPU iPhone OS 18_7 like Mac OS X) AppleWebKit/605.1.15 (KHTML, like Gecko) Version/27.0 Mobile/15E148 Safari/604.1"
84.240.7.54 - - [12/Sep/2026:15:16:05 +0300] "GET /templates/resto_6/images/header.png HTTP/2.0" 200 752 "https://chenglong.lt/" "Mozilla/5.0 (iPhone; CPU iPhone OS 18_7 like Mac OS X) AppleWebKit/605.1.15 (KHTML, like Gecko) Version/27.0 Mobile/15E148 Safari/604.1"
84.240.7.54 - - [12/Sep/2026:15:16:05 +0300] "GET /templates/resto_6/images/page.jpeg HTTP/2.0" 200 816967 "https://chenglong.lt/" "Mozilla/5.0 (iPhone; CPU iPhone OS 18_7 like Mac OS X) AppleWebKit/605.1.15 (KHTML, like Gecko) Version/27.0 Mobile/15E148 Safari/604.1"
84.240.7.54 - - [12/Sep/2026:15:16:05 +0300] "GET /plugins/content/simplepopup/simplepopup/fancybox/fancybox-x.png HTTP/2.0" 200 203 "https://chenglong.lt/" "Mozilla/5.0 (iPhone; CPU iPhone OS 18_7 like Mac OS X) AppleWebKit/605.1.15 (KHTML, like Gecko) Version/27.0 Mobile/15E148 Safari/604.1"
84.240.7.54 - - [12/Sep/2026:15:16:05 +0300] "GET /plugins/content/simplepopup/simplepopup/fancybox/fancybox.png HTTP/2.0" 200 15287 "https://chenglong.lt/" "Mozilla/5.0 (iPhone; CPU iPhone OS 18_7 like Mac OS X) AppleWebKit/605.1.15 (KHTML, like Gecko) Version/27.0 Mobile/15E148 Safari/604.1"
84.240.7.54 - - [12/Sep/2026:15:16:05 +0300] "GET /templates/resto_6/favicon.ico HTTP/2.0" 200 23558 "https://chenglong.lt/" "Mozilla/5.0 (iPhone; CPU iPhone OS 18_7 like Mac OS X) AppleWebKit/605.1.15 (KHTML, like Gecko) Version/27.0 Mobile/15E148 Safari/604.1"
66.249.68.101 - - [12/Sep/2026:15:16:05 +0300] "GET /?sale/search/detail/?ITMCODE=51981722270 HTTP/1.1" 200 195723 "-" "Mozilla/5.0 (Linux; Android 6.0.1; Nexus 5X Build/MMB29P) AppleWebKit/537.36 (KHTML, like Gecko) Chrome/153.0.8010.36 Mobile Safari/537.36 (compatible; Googlebot/2.1; +http://www.google.com/bot.html)"
66.249.68.103 - - [12/Sep/2026:15:16:05 +0300] "GET /?sale/search/detail/?ITMCODE=519584290 HTTP/1.1" 200 217794 "-" "Mozilla/5.0 (Linux; Android 6.0.1; Nexus 5X Build/MMB29P) AppleWebKit/537.36 (KHTML, like Gecko) Chrome/153.0.8010.36 Mobile Safari/537.36 (compatible; Googlebot/2.1; +http://www.google.com/bot.html)"
66.249.68.97 - - [12/Sep/2026:15:16:06 +0300] "GET /?sale/search/detail/?ITMCODE=51981829436 HTTP/1.1" 200 199178 "-" "Mozilla/5.0 (Linux; Android 6.0.1; Nexus 5X Build/MMB29P) AppleWebKit/537.36 (KHTML, like Gecko) Chrome/153.0.8010.36 Mobile Safari/537.36 (compatible; Googlebot/2.1; +http://www.google.com/bot.html)"
66.249.68.103 - - [12/Sep/2026:15:16:06 +0300] "GET /?sale/search/detail/?ITMCODE=51981533250 HTTP/1.1" 200 195765 "-" "Mozilla/5.0 (Linux; Android 6.0.1; Nexus 5X Build/MMB29P) AppleWebKit/537.36 (KHTML, like Gecko) Chrome/153.0.8010.36 Mobile Safari/537.36 (compatible; Googlebot/2.1; +http://www.google.com/bot.html)"
66.249.68.97 - - [12/Sep/2026:15:16:07 +0300] "GET /?sale/search/detail/?ITMCODE=51981661833 HTTP/1.1" 200 200065 "-" "Mozilla/5.0 (Linux; Android 6.0.1; Nexus 5X Build/MMB29P) AppleWebKit/537.36 (KHTML, like Gecko) Chrome/153.0.8010.36 Mobile Safari/537.36 (compatible; Googlebot/2.1; +http://www.google.com/bot.html)"
66.249.68.103 - - [12/Sep/2026:15:16:07 +0300] "GET /?sale/search/detail/?ITMCODE=51992118783 HTTP/1.1" 200 197282 "-" "Mozilla/5.0 (Linux; Android 6.0.1; Nexus 5X Build/MMB29P) AppleWebKit/537.36 (KHTML, like Gecko) Chrome/153.0.8010.36 Mobile Safari/537.36 (compatible; Googlebot/2.1; +http://www.google.com/bot.html)"
66.249.68.102 - - [12/Sep/2026:15:16:07 +0300] "GET /?sale/search/detail/?ITMCODE=51992344928 HTTP/1.1" 200 197920 "-" "Mozilla/5.0 (Linux; Android 6.0.1; Nexus 5X Build/MMB29P) AppleWebKit/537.36 (KHTML, like Gecko) Chrome/153.0.8010.36 Mobile Safari/537.36 (compatible; Googlebot/2.1; +http://www.google.com/bot.html)"
66.249.68.102 - - [12/Sep/2026:15:16:08 +0300] "GET /?sale/search/detail/?ITMCODE=52002582494 HTTP/1.1" 200 195882 "-" "Mozilla/5.0 (Linux; Android 6.0.1; Nexus 5X Build/MMB29P) AppleWebKit/537.36 (KHTML, like Gecko) Chrome/153.0.8010.36 Mobile Safari/537.36 (compatible; Googlebot/2.1; +http://www.google.com/bot.html)"
66.249.68.102 - - [12/Sep/2026:15:16:08 +0300] "GET /?sale/search/detail/?ITMCODE=51971003925 HTTP/1.1" 200 200921 "-" "Mozilla/5.0 (Linux; Android 6.0.1; Nexus 5X Build/MMB29P) AppleWebKit/537.36 (KHTML, like Gecko) Chrome/153.0.8010.36 Mobile Safari/537.36 (compatible; Googlebot/2.1; +http://www.google.com/bot.html)"
66.249.68.102 - - [12/Sep/2026:15:16:09 +0300] "GET /?sale/search/detail/?ITMCODE=5196904802 HTTP/1.1" 200 224432 "-" "Mozilla/5.0 (Linux; Android 6.0.1; Nexus 5X Build/MMB29P) AppleWebKit/537.36 (KHTML, like Gecko) Chrome/153.0.8010.36 Mobile Safari/537.36 (compatible; Googlebot/2.1; +http://www.google.com/bot.html)"
66.249.68.102 - - [12/Sep/2026:15:16:09 +0300] "GET /index.php/kontaktai?sale/search/detail/?ITMCODE=5196826876 HTTP/1.1" 200 202178 "-" "Mozilla/5.0 (compatible; Googlebot/2.1; +http://www.google.com/bot.html)"
66.249.68.102 - - [12/Sep/2026:15:16:10 +0300] "GET /?sale/search/detail/?ITMCODE=5196910170 HTTP/1.1" 200 199750 "-" "Mozilla/5.0 (Linux; Android 6.0.1; Nexus 5X Build/MMB29P) AppleWebKit/537.36 (KHTML, like Gecko) Chrome/153.0.8010.36 Mobile Safari/537.36 (compatible; Googlebot/2.1; +http://www.google.com/bot.html)"
1.115.173.216 - - [12/Sep/2026:15:16:10 +0300] "GET /index.php?sale/search/detail/?ITMCODE=51971137389 HTTP/2.0" 200 1064 "https://www.google.com/" "Mozilla/5.0 (Linux; Android 10; K) AppleWebKit/537.36 (KHTML, like Gecko) Chrome/152.0.0.0 Mobile Safari/537.36"
66.249.68.101 - - [12/Sep/2026:15:16:10 +0300] "GET /index.php/meniu?sale/search/detail/?ITMCODE=5195488649 HTTP/1.1" 200 196990 "-" "Mozilla/5.0 (compatible; Googlebot/2.1; +http://www.google.com/bot.html)"
66.249.68.98 - - [12/Sep/2026:15:16:10 +0300] "GET /?sale/search/detail/?ITMCODE=519543535 HTTP/1.1" 200 205370 "-" "Mozilla/5.0 (Linux; Android 6.0.1; Nexus 5X Build/MMB29P) AppleWebKit/537.36 (KHTML, like Gecko) Chrome/153.0.8010.36 Mobile Safari/537.36 (compatible; Googlebot/2.1; +http://www.google.com/bot.html)"
66.249.68.98 - - [12/Sep/2026:15:16:10 +0300] "GET /?sale/search/detail/?ITMCODE=51981824661 HTTP/1.1" 200 196700 "-" "Mozilla/5.0 (Linux; Android 6.0.1; Nexus 5X Build/MMB29P) AppleWebKit/537.36 (KHTML, like Gecko) Chrome/153.0.8010.36 Mobile Safari/537.36 (compatible; Googlebot/2.1; +http://www.google.com/bot.html)"
66.249.68.98 - - [12/Sep/2026:15:16:11 +0300] "GET /?sale/search/detail/?ITMCODE=52002545686 HTTP/1.1" 200 197578 "-" "Mozilla/5.0 (Linux; Android 6.0.1; Nexus 5X Build/MMB29P) AppleWebKit/537.36 (KHTML, like Gecko) Chrome/153.0.8010.36 Mobile Safari/537.36 (compatible; Googlebot/2.1; +http://www.google.com/bot.html)"
66.249.68.101 - - [12/Sep/2026:15:16:11 +0300] "GET /?sale/search/detail/?ITMCODE=51981925078 HTTP/1.1" 200 201228 "-" "Mozilla/5.0 (Linux; Android 6.0.1; Nexus 5X Build/MMB29P) AppleWebKit/537.36 (KHTML, like Gecko) Chrome/153.0.8010.36 Mobile Safari/537.36 (compatible; Googlebot/2.1; +http://www.google.com/bot.html)"
66.249.68.103 - - [12/Sep/2026:15:16:11 +0300] "GET /?sale/search/detail/?ITMCODE=51981763847 HTTP/1.1" 200 195822 "-" "Mozilla/5.0 (Linux; Android 6.0.1; Nexus 5X Build/MMB29P) AppleWebKit/537.36 (KHTML, like Gecko) Chrome/153.0.8010.36 Mobile Safari/537.36 (compatible; Googlebot/2.1; +http://www.google.com/bot.html)"
66.249.68.98 - - [12/Sep/2026:15:16:11 +0300] "GET /?sale/search/detail/?ITMCODE=51959883 HTTP/1.1" 200 216417 "-" "Mozilla/5.0 (Linux; Android 6.0.1; Nexus 5X Build/MMB29P) AppleWebKit/537.36 (KHTML, like Gecko) Chrome/153.0.8010.36 Mobile Safari/537.36 (compatible; Googlebot/2.1; +http://www.google.com/bot.html)"
66.249.68.103 - - [12/Sep/2026:15:16:12 +0300] "GET /?sale/search/detail/?ITMCODE=52002653006 HTTP/1.1" 200 206870 "-" "Mozilla/5.0 (Linux; Android 6.0.1; Nexus 5X Build/MMB29P) AppleWebKit/537.36 (KHTML, like Gecko) Chrome/153.0.8010.36 Mobile Safari/537.36 (compatible; Googlebot/2.1; +http://www.google.com/bot.html)"
66.249.68.97 - - [12/Sep/2026:15:16:12 +0300] "GET /?sale/search/detail/?ITMCODE=51981642916 HTTP/1.1" 200 196885 "-" "Mozilla/5.0 (Linux; Android 6.0.1; Nexus 5X Build/MMB29P) AppleWebKit/537.36 (KHTML, like Gecko) Chrome/153.0.8010.36 Mobile Safari/537.36 (compatible; Googlebot/2.1; +http://www.google.com/bot.html)"
66.249.68.101 - - [12/Sep/2026:15:16:12 +0300] "GET /?sale/search/detail/?ITMCODE=5196778856 HTTP/1.1" 200 220348 "-" "Mozilla/5.0 (Linux; Android 6.0.1; Nexus 5X Build/MMB29P) AppleWebKit/537.36 (KHTML, like Gecko) Chrome/153.0.8010.36 Mobile Safari/537.36 (compatible; Googlebot/2.1; +http://www.google.com/bot.html)"
66.249.68.101 - - [12/Sep/2026:15:16:13 +0300] "GET /?sale/search/detail/?ITMCODE=52002653396 HTTP/1.1" 200 198735 "-" "Mozilla/5.0 (Linux; Android 6.0.1; Nexus 5X Build/MMB29P) AppleWebKit/537.36 (KHTML, like Gecko) Chrome/153.0.8010.36 Mobile Safari/537.36 (compatible; Googlebot/2.1; +http://www.google.com/bot.html)"
66.249.68.98 - - [12/Sep/2026:15:16:14 +0300] "GET /?sale/search/detail/?ITMCODE=51992378561 HTTP/1.1" 200 203595 "-" "Mozilla/5.0 (Linux; Android 6.0.1; Nexus 5X Build/MMB29P) AppleWebKit/537.36 (KHTML, like Gecko) Chrome/153.0.8010.36 Mobile Safari/537.36 (compatible; Googlebot/2.1; +http://www.google.com/bot.html)"
66.249.68.101 - - [12/Sep/2026:15:16:14 +0300] "GET /?sale/search/detail/?ITMCODE=51971040593 HTTP/1.1" 200 209295 "-" "Mozilla/5.0 (Linux; Android 6.0.1; Nexus 5X Build/MMB29P) AppleWebKit/537.36 (KHTML, like Gecko) Chrome/153.0.8010.36 Mobile Safari/537.36 (compatible; Googlebot/2.1; +http://www.google.com/bot.html)"
66.249.68.102 - - [12/Sep/2026:15:16:14 +0300] "GET /?sale/search/detail/?ITMCODE=51971052049 HTTP/1.1" 200 197833 "-" "Mozilla/5.0 (Linux; Android 6.0.1; Nexus 5X Build/MMB29P) AppleWebKit/537.36 (KHTML, like Gecko) Chrome/153.0.8010.36 Mobile Safari/537.36 (compatible; Googlebot/2.1; +http://www.google.com/bot.html)"
66.249.68.97 - - [12/Sep/2026:15:16:15 +0300] "GET /?sale/search/detail/?ITMCODE=51981643211 HTTP/1.1" 200 203673 "-" "Mozilla/5.0 (Linux; Android 6.0.1; Nexus 5X Build/MMB29P) AppleWebKit/537.36 (KHTML, like Gecko) Chrome/153.0.8010.36 Mobile Safari/537.36 (compatible; Googlebot/2.1; +http://www.google.com/bot.html)"
66.249.68.103 - - [12/Sep/2026:15:16:16 +0300] "GET /?sale/search/detail/?ITMCODE=51971207423 HTTP/1.1" 200 207453 "-" "Mozilla/5.0 (Linux; Android 6.0.1; Nexus 5X Build/MMB29P) AppleWebKit/537.36 (KHTML, like Gecko) Chrome/153.0.8010.36 Mobile Safari/537.36 (compatible; Googlebot/2.1; +http://www.google.com/bot.html)"
66.249.68.97 - - [12/Sep/2026:15:16:16 +0300] "GET /?sale/search/detail/?ITMCODE=5195175306 HTTP/1.1" 200 209624 "-" "Mozilla/5.0 (Linux; Android 6.0.1; Nexus 5X Build/MMB29P) AppleWebKit/537.36 (KHTML, like Gecko) Chrome/153.0.8010.36 Mobile Safari/537.36 (compatible; Googlebot/2.1; +http://www.google.com/bot.html)"
66.249.68.103 - - [12/Sep/2026:15:16:17 +0300] "GET /?sale/search/detail/?ITMCODE=51992035587 HTTP/1.1" 200 196243 "-" "Mozilla/5.0 (Linux; Android 6.0.1; Nexus 5X Build/MMB29P) AppleWebKit/537.36 (KHTML, like Gecko) Chrome/153.0.8010.36 Mobile Safari/537.36 (compatible; Googlebot/2.1; +http://www.google.com/bot.html)"
5.9.120.8 - - [12/Sep/2026:15:16:17 +0300] "GET /?sale/search/detail/?ITMCODE=519690809323 HTTP/1.1" 200 11143 "-" "Mozilla/5.0 (compatible; SERankingBacklinksBot/1.0; +https://seranking.com/backlinks-crawler)"
66.249.68.101 - - [12/Sep/2026:15:16:17 +0300] "GET /?sale/search/detail/?ITMCODE=51981574145 HTTP/1.1" 200 194752 "-" "Mozilla/5.0 (Linux; Android 6.0.1; Nexus 5X Build/MMB29P) AppleWebKit/537.36 (KHTML, like Gecko) Chrome/153.0.8010.36 Mobile Safari/537.36 (compatible; Googlebot/2.1; +http://www.google.com/bot.html)"
66.249.68.102 - - [12/Sep/2026:15:16:17 +0300] "GET /?sale/search/detail/?ITMCODE=52002783964 HTTP/1.1" 200 218269 "-" "Mozilla/5.0 (Linux; Android 6.0.1; Nexus 5X Build/MMB29P) AppleWebKit/537.36 (KHTML, like Gecko) Chrome/153.0.8010.36 Mobile Safari/537.36 (compatible; Googlebot/2.1; +http://www.google.com/bot.html)"
66.249.68.99 - - [12/Sep/2026:15:16:18 +0300] "GET /?sale/search/detail/?ITMCODE=51981628603 HTTP/1.1" 200 196362 "-" "Mozilla/5.0 (Linux; Android 6.0.1; Nexus 5X Build/MMB29P) AppleWebKit/537.36 (KHTML, like Gecko) Chrome/153.0.8010.36 Mobile Safari/537.36 (compatible; Googlebot/2.1; +http://www.google.com/bot.html)"
66.249.68.101 - - [12/Sep/2026:15:16:18 +0300] "GET /?sale/search/detail/?ITMCODE=51992474796 HTTP/1.1" 200 226293 "-" "Mozilla/5.0 (Linux; Android 6.0.1; Nexus 5X Build/MMB29P) AppleWebKit/537.36 (KHTML, like Gecko) Chrome/153.0.8010.36 Mobile Safari/537.36 (compatible; Googlebot/2.1; +http://www.google.com/bot.html)"
66.249.68.97 - - [12/Sep/2026:15:16:19 +0300] "GET /?sale/search/detail/?ITMCODE=51992120711 HTTP/1.1" 200 212668 "-" "Mozilla/5.0 (Linux; Android 6.0.1; Nexus 5X Build/MMB29P) AppleWebKit/537.36 (KHTML, like Gecko) Chrome/153.0.8010.36 Mobile Safari/537.36 (compatible; Googlebot/2.1; +http://www.google.com/bot.html)"
66.249.68.99 - - [12/Sep/2026:15:16:19 +0300] "GET /?sale/search/detail/?ITMCODE=51981724023 HTTP/1.1" 200 197943 "-" "Mozilla/5.0 (Linux; Android 6.0.1; Nexus 5X Build/MMB29P) AppleWebKit/537.36 (KHTML, like Gecko) Chrome/153.0.8010.36 Mobile Safari/537.36 (compatible; Googlebot/2.1; +http://www.google.com/bot.html)"
