84.15.184.72 - - [12/Sep/2026:15:32:44 +0300] "GET /media/jui/js/jquery-noconflict.js?0c2ada6fb5fac50fc7ad43b82b14eaac HTTP/2.0" 200 21 "https://www.chenglong.lt/index.php" "Mozilla/5.0 (iPhone; CPU iPhone OS 18_7 like Mac OS X) AppleWebKit/605.1.15 (KHTML, like Gecko) Version/26.6.1 Mobile/15E148 Safari/604.1"
84.15.184.72 - - [12/Sep/2026:15:32:44 +0300] "GET /media/jui/js/jquery-migrate.min.js?0c2ada6fb5fac50fc7ad43b82b14eaac HTTP/2.0" 200 10056 "https://www.chenglong.lt/index.php" "Mozilla/5.0 (iPhone; CPU iPhone OS 18_7 like Mac OS X) AppleWebKit/605.1.15 (KHTML, like Gecko) Version/26.6.1 Mobile/15E148 Safari/604.1"
84.15.184.72 - - [12/Sep/2026:15:32:44 +0300] "GET /plugins/content/simplepopup/simplepopup/fancybox/jquery.mousewheel-3.0.4.pack.js HTTP/2.0" 200 1292 "https://www.chenglong.lt/index.php" "Mozilla/5.0 (iPhone; CPU iPhone OS 18_7 like Mac OS X) AppleWebKit/605.1.15 (KHTML, like Gecko) Version/26.6.1 Mobile/15E148 Safari/604.1"
84.15.184.72 - - [12/Sep/2026:15:32:44 +0300] "GET /plugins/content/simplepopup/simplepopup/fancybox/jquery.fancybox-1.3.4.patch.js HTTP/2.0" 200 18097 "https://www.chenglong.lt/index.php" "Mozilla/5.0 (iPhone; CPU iPhone OS 18_7 like Mac OS X) AppleWebKit/605.1.15 (KHTML, like Gecko) Version/26.6.1 Mobile/15E148 Safari/604.1"
84.15.184.72 - - [12/Sep/2026:15:32:44 +0300] "GET /plugins/content/dearflip/dflip/js/dflip.min.js HTTP/2.0" 200 126454 "https://www.chenglong.lt/index.php" "Mozilla/5.0 (iPhone; CPU iPhone OS 18_7 like Mac OS X) AppleWebKit/605.1.15 (KHTML, like Gecko) Version/26.6.1 Mobile/15E148 Safari/604.1"
84.15.184.72 - - [12/Sep/2026:15:32:44 +0300] "GET /media/system/js/core.js?0c2ada6fb5fac50fc7ad43b82b14eaac HTTP/2.0" 200 8735 "https://www.chenglong.lt/index.php" "Mozilla/5.0 (iPhone; CPU iPhone OS 18_7 like Mac OS X) AppleWebKit/605.1.15 (KHTML, like Gecko) Version/26.6.1 Mobile/15E148 Safari/604.1"
84.15.184.72 - - [12/Sep/2026:15:32:44 +0300] "GET /media/system/js/caption.js?0c2ada6fb5fac50fc7ad43b82b14eaac HTTP/2.0" 200 491 "https://www.chenglong.lt/index.php" "Mozilla/5.0 (iPhone; CPU iPhone OS 18_7 like Mac OS X) AppleWebKit/605.1.15 (KHTML, like Gecko) Version/26.6.1 Mobile/15E148 Safari/604.1"
84.15.184.72 - - [12/Sep/2026:15:32:44 +0300] "GET /plugins/system/miniteksystemmessages/assets/js/script.js?v=1.0.6 HTTP/2.0" 200 7131 "https://www.chenglong.lt/index.php" "Mozilla/5.0 (iPhone; CPU iPhone OS 18_7 like Mac OS X) AppleWebKit/605.1.15 (KHTML, like Gecko) Version/26.6.1 Mobile/15E148 Safari/604.1"
84.15.184.72 - - [12/Sep/2026:15:32:44 +0300] "GET /plugins/system/miniteksystemmessages/assets/js/jquery.jgrowl.js HTTP/2.0" 200 16629 "https://www.chenglong.lt/index.php" "Mozilla/5.0 (iPhone; CPU iPhone OS 18_7 like Mac OS X) AppleWebKit/605.1.15 (KHTML, like Gecko) Version/26.6.1 Mobile/15E148 Safari/604.1"
84.15.184.72 - - [12/Sep/2026:15:32:44 +0300] "GET /media/system/js/mootools-core.js?0c2ada6fb5fac50fc7ad43b82b14eaac HTTP/2.0" 200 83893 "https://www.chenglong.lt/index.php" "Mozilla/5.0 (iPhone; CPU iPhone OS 18_7 like Mac OS X) AppleWebKit/605.1.15 (KHTML, like Gecko) Version/26.6.1 Mobile/15E148 Safari/604.1"
84.15.184.72 - - [12/Sep/2026:15:32:44 +0300] "GET /media/system/js/mootools-more.js?0c2ada6fb5fac50fc7ad43b82b14eaac HTTP/2.0" 200 236825 "https://www.chenglong.lt/index.php" "Mozilla/5.0 (iPhone; CPU iPhone OS 18_7 like Mac OS X) AppleWebKit/605.1.15 (KHTML, like Gecko) Version/26.6.1 Mobile/15E148 Safari/604.1"
84.15.184.72 - - [12/Sep/2026:15:32:44 +0300] "GET /templates/resto_6/modules.js HTTP/2.0" 200 - "https://www.chenglong.lt/index.php" "Mozilla/5.0 (iPhone; CPU iPhone OS 18_7 like Mac OS X) AppleWebKit/605.1.15 (KHTML, like Gecko) Version/26.6.1 Mobile/15E148 Safari/604.1"
84.15.184.72 - - [12/Sep/2026:15:32:44 +0300] "GET /templates/system/css/system.css HTTP/2.0" 200 881 "https://www.chenglong.lt/index.php" "Mozilla/5.0 (iPhone; CPU iPhone OS 18_7 like Mac OS X) AppleWebKit/605.1.15 (KHTML, like Gecko) Version/26.6.1 Mobile/15E148 Safari/604.1"
84.15.184.72 - - [12/Sep/2026:15:32:44 +0300] "GET /templates/system/css/general.css HTTP/2.0" 200 2717 "https://www.chenglong.lt/index.php" "Mozilla/5.0 (iPhone; CPU iPhone OS 18_7 like Mac OS X) AppleWebKit/605.1.15 (KHTML, like Gecko) Version/26.6.1 Mobile/15E148 Safari/604.1"
84.15.184.72 - - [12/Sep/2026:15:32:44 +0300] "GET /templates/resto_6/css/template.responsive.css HTTP/2.0" 200 11640 "https://www.chenglong.lt/index.php" "Mozilla/5.0 (iPhone; CPU iPhone OS 18_7 like Mac OS X) AppleWebKit/605.1.15 (KHTML, like Gecko) Version/26.6.1 Mobile/15E148 Safari/604.1"
84.15.184.72 - - [12/Sep/2026:15:32:44 +0300] "GET /templates/resto_6/script.responsive.js HTTP/2.0" 200 21136 "https://www.chenglong.lt/index.php" "Mozilla/5.0 (iPhone; CPU iPhone OS 18_7 like Mac OS X) AppleWebKit/605.1.15 (KHTML, like Gecko) Version/26.6.1 Mobile/15E148 Safari/604.1"
84.15.184.72 - - [12/Sep/2026:15:32:44 +0300] "GET /templates/resto_6/css/template.css HTTP/2.0" 200 65213 "https://www.chenglong.lt/index.php" "Mozilla/5.0 (iPhone; CPU iPhone OS 18_7 like Mac OS X) AppleWebKit/605.1.15 (KHTML, like Gecko) Version/26.6.1 Mobile/15E148 Safari/604.1"
84.15.184.72 - - [12/Sep/2026:15:32:44 +0300] "GET /templates/resto_6/script.js HTTP/2.0" 200 56744 "https://www.chenglong.lt/index.php" "Mozilla/5.0 (iPhone; CPU iPhone OS 18_7 like Mac OS X) AppleWebKit/605.1.15 (KHTML, like Gecko) Version/26.6.1 Mobile/15E148 Safari/604.1"
84.15.184.72 - - [12/Sep/2026:15:32:44 +0300] "GET /templates/resto_6/jquery.js HTTP/2.0" 200 92629 "https://www.chenglong.lt/index.php" "Mozilla/5.0 (iPhone; CPU iPhone OS 18_7 like Mac OS X) AppleWebKit/605.1.15 (KHTML, like Gecko) Version/26.6.1 Mobile/15E148 Safari/604.1"
84.15.184.72 - - [12/Sep/2026:15:32:45 +0300] "GET /images/logo.png HTTP/2.0" 200 30174 "https://www.chenglong.lt/index.php" "Mozilla/5.0 (iPhone; CPU iPhone OS 18_7 like Mac OS X) AppleWebKit/605.1.15 (KHTML, like Gecko) Version/26.6.1 Mobile/15E148 Safari/604.1"
84.15.184.72 - - [12/Sep/2026:15:32:45 +0300] "GET /media/system/css/system.css HTTP/2.0" 200 1433 "https://www.chenglong.lt/index.php" "Mozilla/5.0 (iPhone; CPU iPhone OS 18_7 like Mac OS X) AppleWebKit/605.1.15 (KHTML, like Gecko) Version/26.6.1 Mobile/15E148 Safari/604.1"
84.15.184.72 - - [12/Sep/2026:15:32:45 +0300] "GET /images/powered.png HTTP/2.0" 200 5403 "https://www.chenglong.lt/index.php" "Mozilla/5.0 (iPhone; CPU iPhone OS 18_7 like Mac OS X) AppleWebKit/605.1.15 (KHTML, like Gecko) Version/26.6.1 Mobile/15E148 Safari/604.1"
84.15.184.72 - - [12/Sep/2026:15:32:45 +0300] "GET /images/logo_dark_small.png HTTP/2.0" 200 164696 "https://www.chenglong.lt/index.php" "Mozilla/5.0 (iPhone; CPU iPhone OS 18_7 like Mac OS X) AppleWebKit/605.1.15 (KHTML, like Gecko) Version/26.6.1 Mobile/15E148 Safari/604.1"
66.249.68.104 - - [12/Sep/2026:15:32:44 +0300] "GET /?sale/search/detail/?ITMCODE=52002929452 HTTP/1.1" 200 194778 "-" "Mozilla/5.0 (Linux; Android 6.0.1; Nexus 5X Build/MMB29P) AppleWebKit/537.36 (KHTML, like Gecko) Chrome/153.0.8010.36 Mobile Safari/537.36 (compatible; Googlebot/2.1; +http://www.google.com/bot.html)"
84.15.184.72 - - [12/Sep/2026:15:32:45 +0300] "GET /plugins/content/simplepopup/simplepopup/fancybox/fancybox.png HTTP/2.0" 200 15287 "https://www.chenglong.lt/index.php" "Mozilla/5.0 (iPhone; CPU iPhone OS 18_7 like Mac OS X) AppleWebKit/605.1.15 (KHTML, like Gecko) Version/26.6.1 Mobile/15E148 Safari/604.1"
84.15.184.72 - - [12/Sep/2026:15:32:45 +0300] "GET /templates/resto_6/images/header.png HTTP/2.0" 200 752 "https://www.chenglong.lt/index.php" "Mozilla/5.0 (iPhone; CPU iPhone OS 18_7 like Mac OS X) AppleWebKit/605.1.15 (KHTML, like Gecko) Version/26.6.1 Mobile/15E148 Safari/604.1"
84.15.184.72 - - [12/Sep/2026:15:32:45 +0300] "GET /templates/resto_6/images/page.jpeg HTTP/2.0" 200 816967 "https://www.chenglong.lt/index.php" "Mozilla/5.0 (iPhone; CPU iPhone OS 18_7 like Mac OS X) AppleWebKit/605.1.15 (KHTML, like Gecko) Version/26.6.1 Mobile/15E148 Safari/604.1"
84.15.184.72 - - [12/Sep/2026:15:32:45 +0300] "GET /plugins/content/simplepopup/simplepopup/fancybox/fancybox-y.png HTTP/2.0" 200 176 "https://www.chenglong.lt/index.php" "Mozilla/5.0 (iPhone; CPU iPhone OS 18_7 like Mac OS X) AppleWebKit/605.1.15 (KHTML, like Gecko) Version/26.6.1 Mobile/15E148 Safari/604.1"
84.15.184.72 - - [12/Sep/2026:15:32:45 +0300] "GET /plugins/content/simplepopup/simplepopup/fancybox/fancybox-x.png HTTP/2.0" 200 203 "https://www.chenglong.lt/index.php" "Mozilla/5.0 (iPhone; CPU iPhone OS 18_7 like Mac OS X) AppleWebKit/605.1.15 (KHTML, like Gecko) Version/26.6.1 Mobile/15E148 Safari/604.1"
84.15.184.72 - - [12/Sep/2026:15:32:45 +0300] "GET /templates/resto_6/favicon.ico HTTP/2.0" 200 23558 "https://www.chenglong.lt/index.php" "Mozilla/5.0 (iPhone; CPU iPhone OS 18_7 like Mac OS X) AppleWebKit/605.1.15 (KHTML, like Gecko) Version/26.6.1 Mobile/15E148 Safari/604.1"
66.249.68.105 - - [12/Sep/2026:15:32:45 +0300] "GET /?sale/search/detail/?ITMCODE=51971404487 HTTP/1.1" 200 200959 "-" "Mozilla/5.0 (Linux; Android 6.0.1; Nexus 5X Build/MMB29P) AppleWebKit/537.36 (KHTML, like Gecko) Chrome/153.0.8010.36 Mobile Safari/537.36 (compatible; Googlebot/2.1; +http://www.google.com/bot.html)"
66.249.68.101 - - [12/Sep/2026:15:32:45 +0300] "GET /?sale/search/detail/?ITMCODE=5195147887 HTTP/1.1" 200 195448 "-" "Mozilla/5.0 (Linux; Android 6.0.1; Nexus 5X Build/MMB29P) AppleWebKit/537.36 (KHTML, like Gecko) Chrome/153.0.8010.36 Mobile Safari/537.36 (compatible; Googlebot/2.1; +http://www.google.com/bot.html)"
66.249.68.97 - - [12/Sep/2026:15:32:46 +0300] "GET /?sale/search/detail/?ITMCODE=51992257324 HTTP/1.1" 200 204452 "-" "Mozilla/5.0 (Linux; Android 6.0.1; Nexus 5X Build/MMB29P) AppleWebKit/537.36 (KHTML, like Gecko) Chrome/153.0.8010.36 Mobile Safari/537.36 (compatible; Googlebot/2.1; +http://www.google.com/bot.html)"
66.249.68.97 - - [12/Sep/2026:15:32:47 +0300] "GET /?sale/search/detail/?ITMCODE=5196975241 HTTP/1.1" 200 201349 "-" "Mozilla/5.0 (Linux; Android 6.0.1; Nexus 5X Build/MMB29P) AppleWebKit/537.36 (KHTML, like Gecko) Chrome/153.0.8010.36 Mobile Safari/537.36 (compatible; Googlebot/2.1; +http://www.google.com/bot.html)"
66.249.68.104 - - [12/Sep/2026:15:32:48 +0300] "GET /?sale/search/detail/?ITMCODE=51981792202 HTTP/1.1" 200 194857 "-" "Mozilla/5.0 (Linux; Android 6.0.1; Nexus 5X Build/MMB29P) AppleWebKit/537.36 (KHTML, like Gecko) Chrome/153.0.8010.36 Mobile Safari/537.36 (compatible; Googlebot/2.1; +http://www.google.com/bot.html)"
84.15.184.72 - - [12/Sep/2026:15:32:48 +0300] "GET /index.php/dienos-pietus HTTP/2.0" 200 12474 "https://www.chenglong.lt/index.php" "Mozilla/5.0 (iPhone; CPU iPhone OS 18_7 like Mac OS X) AppleWebKit/605.1.15 (KHTML, like Gecko) Version/26.6.1 Mobile/15E148 Safari/604.1"
84.15.184.72 - - [12/Sep/2026:15:32:49 +0300] "GET /templates/resto_6/modules.js HTTP/2.0" 200 - "https://www.chenglong.lt/index.php/dienos-pietus" "Mozilla/5.0 (iPhone; CPU iPhone OS 18_7 like Mac OS X) AppleWebKit/605.1.15 (KHTML, like Gecko) Version/26.6.1 Mobile/15E148 Safari/604.1"
66.249.68.96 - - [12/Sep/2026:15:32:48 +0300] "GET /?sale/search/detail/?ITMCODE=5195408115 HTTP/1.1" 200 204073 "-" "Mozilla/5.0 (Linux; Android 6.0.1; Nexus 5X Build/MMB29P) AppleWebKit/537.36 (KHTML, like Gecko) Chrome/153.0.8010.36 Mobile Safari/537.36 (compatible; Googlebot/2.1; +http://www.google.com/bot.html)"
84.15.184.72 - - [12/Sep/2026:15:32:49 +0300] "GET /images/dienos_new3/DP_1.jpg HTTP/2.0" 200 1087539 "https://www.chenglong.lt/index.php/dienos-pietus" "Mozilla/5.0 (iPhone; CPU iPhone OS 18_7 like Mac OS X) AppleWebKit/605.1.15 (KHTML, like Gecko) Version/26.6.1 Mobile/15E148 Safari/604.1"
66.249.68.98 - - [12/Sep/2026:15:32:49 +0300] "GET /?sale/search/detail/?ITMCODE=51971217950 HTTP/1.1" 200 218375 "-" "Mozilla/5.0 (Linux; Android 6.0.1; Nexus 5X Build/MMB29P) AppleWebKit/537.36 (KHTML, like Gecko) Chrome/153.0.8010.36 Mobile Safari/537.36 (compatible; Googlebot/2.1; +http://www.google.com/bot.html)"
66.249.68.104 - - [12/Sep/2026:15:32:49 +0300] "GET /?sale/search/detail/?ITMCODE=51971315480 HTTP/1.1" 200 199578 "-" "Mozilla/5.0 (Linux; Android 6.0.1; Nexus 5X Build/MMB29P) AppleWebKit/537.36 (KHTML, like Gecko) Chrome/153.0.8010.36 Mobile Safari/537.36 (compatible; Googlebot/2.1; +http://www.google.com/bot.html)"
66.249.68.105 - - [12/Sep/2026:15:32:49 +0300] "GET /?sale/search/detail/?ITMCODE=51971489268 HTTP/1.1" 200 206073 "-" "Mozilla/5.0 (Linux; Android 6.0.1; Nexus 5X Build/MMB29P) AppleWebKit/537.36 (KHTML, like Gecko) Chrome/153.0.8010.36 Mobile Safari/537.36 (compatible; Googlebot/2.1; +http://www.google.com/bot.html)"
66.249.68.98 - - [12/Sep/2026:15:32:50 +0300] "GET /?sale/search/detail/?ITMCODE=51981717645 HTTP/1.1" 200 202193 "-" "Mozilla/5.0 (Linux; Android 6.0.1; Nexus 5X Build/MMB29P) AppleWebKit/537.36 (KHTML, like Gecko) Chrome/153.0.8010.36 Mobile Safari/537.36 (compatible; Googlebot/2.1; +http://www.google.com/bot.html)"
84.15.184.72 - - [12/Sep/2026:15:32:50 +0300] "GET /plugins/content/dearflip/dflip/fonts/themify.woff HTTP/2.0" 200 56108 "https://www.chenglong.lt/index.php" "Mozilla/5.0 (iPhone; CPU iPhone OS 18_7 like Mac OS X) AppleWebKit/605.1.15 (KHTML, like Gecko) Version/26.6.1 Mobile/15E148 Safari/604.1"
84.15.184.72 - - [12/Sep/2026:15:32:50 +0300] "GET /plugins/content/dearflip/dflip/images/loading.gif HTTP/2.0" 200 2767 "https://www.chenglong.lt/index.php/dienos-pietus" "Mozilla/5.0 (iPhone; CPU iPhone OS 18_7 like Mac OS X) AppleWebKit/605.1.15 (KHTML, like Gecko) Version/26.6.1 Mobile/15E148 Safari/604.1"
84.15.184.72 - - [12/Sep/2026:15:32:50 +0300] "GET /images/dienos_new3/DP_2.jpg HTTP/2.0" 200 1377930 "https://www.chenglong.lt/index.php/dienos-pietus" "Mozilla/5.0 (iPhone; CPU iPhone OS 18_7 like Mac OS X) AppleWebKit/605.1.15 (KHTML, like Gecko) Version/26.6.1 Mobile/15E148 Safari/604.1"
84.15.184.72 - - [12/Sep/2026:15:32:50 +0300] "GET / HTTP/2.0" 200 11145 "https://www.chenglong.lt/index.php/dienos-pietus" "Mozilla/5.0 (iPhone; CPU iPhone OS 18_7 like Mac OS X) AppleWebKit/605.1.15 (KHTML, like Gecko) Version/26.6.1 Mobile/15E148 Safari/604.1"
84.15.184.72 - - [12/Sep/2026:15:32:50 +0300] "GET /plugins/content/dearflip/dflip/sound/turn2.mp3?ver=1.7.15 HTTP/2.0" 206 2 "https://www.chenglong.lt/index.php/dienos-pietus" "Mozilla/5.0 (iPhone; CPU iPhone OS 18_7 like Mac OS X) AppleWebKit/605.1.15 (KHTML, like Gecko) Version/26.6.1 Mobile/15E148 Safari/604.1"
84.15.184.72 - - [12/Sep/2026:15:32:51 +0300] "GET /plugins/content/dearflip/dflip/sound/turn2.mp3?ver=1.7.15 HTTP/2.0" 206 30039 "https://www.chenglong.lt/index.php/dienos-pietus" "Mozilla/5.0 (iPhone; CPU iPhone OS 18_7 like Mac OS X) AppleWebKit/605.1.15 (KHTML, like Gecko) Version/26.6.1 Mobile/15E148 Safari/604.1"
66.249.68.96 - - [12/Sep/2026:15:32:51 +0300] "GET /?sale/search/detail/?ITMCODE=51981769219 HTTP/1.1" 200 213376 "-" "Mozilla/5.0 (Linux; Android 6.0.1; Nexus 5X Build/MMB29P) AppleWebKit/537.36 (KHTML, like Gecko) Chrome/153.0.8010.36 Mobile Safari/537.36 (compatible; Googlebot/2.1; +http://www.google.com/bot.html)"
66.249.68.103 - - [12/Sep/2026:15:32:51 +0300] "GET /?sale/search/detail/?ITMCODE=5195338902 HTTP/1.1" 200 206913 "-" "Mozilla/5.0 (Linux; Android 6.0.1; Nexus 5X Build/MMB29P) AppleWebKit/537.36 (KHTML, like Gecko) Chrome/153.0.8010.36 Mobile Safari/537.36 (compatible; Googlebot/2.1; +http://www.google.com/bot.html)"
66.249.68.104 - - [12/Sep/2026:15:32:52 +0300] "GET /?sale/search/detail/?ITMCODE=51971205148 HTTP/1.1" 200 199635 "-" "Mozilla/5.0 (Linux; Android 6.0.1; Nexus 5X Build/MMB29P) AppleWebKit/537.36 (KHTML, like Gecko) Chrome/153.0.8010.36 Mobile Safari/537.36 (compatible; Googlebot/2.1; +http://www.google.com/bot.html)"
66.249.68.99 - - [12/Sep/2026:15:32:52 +0300] "GET /?sale/search/detail/?ITMCODE=51981541562 HTTP/1.1" 200 197653 "-" "Mozilla/5.0 (Linux; Android 6.0.1; Nexus 5X Build/MMB29P) AppleWebKit/537.36 (KHTML, like Gecko) Chrome/153.0.8010.36 Mobile Safari/537.36 (compatible; Googlebot/2.1; +http://www.google.com/bot.html)"
66.249.68.99 - - [12/Sep/2026:15:32:52 +0300] "GET /?sale/search/detail/?ITMCODE=51981708127 HTTP/1.1" 200 197741 "-" "Mozilla/5.0 (Linux; Android 6.0.1; Nexus 5X Build/MMB29P) AppleWebKit/537.36 (KHTML, like Gecko) Chrome/153.0.8010.36 Mobile Safari/537.36 (compatible; Googlebot/2.1; +http://www.google.com/bot.html)"
66.249.68.103 - - [12/Sep/2026:15:32:53 +0300] "GET /?sale/search/detail/?ITMCODE=5195427640 HTTP/1.1" 200 196797 "-" "Mozilla/5.0 (Linux; Android 6.0.1; Nexus 5X Build/MMB29P) AppleWebKit/537.36 (KHTML, like Gecko) Chrome/153.0.8010.36 Mobile Safari/537.36 (compatible; Googlebot/2.1; +http://www.google.com/bot.html)"
66.249.68.99 - - [12/Sep/2026:15:32:53 +0300] "GET /?sale/search/detail/?ITMCODE=51981846138 HTTP/1.1" 200 199135 "-" "Mozilla/5.0 (Linux; Android 6.0.1; Nexus 5X Build/MMB29P) AppleWebKit/537.36 (KHTML, like Gecko) Chrome/153.0.8010.36 Mobile Safari/537.36 (compatible; Googlebot/2.1; +http://www.google.com/bot.html)"
84.15.184.72 - - [12/Sep/2026:15:32:53 +0300] "GET /images/dienos_new3/DP_3.jpg HTTP/2.0" 200 1509198 "https://www.chenglong.lt/index.php/dienos-pietus" "Mozilla/5.0 (iPhone; CPU iPhone OS 18_7 like Mac OS X) AppleWebKit/605.1.15 (KHTML, like Gecko) Version/26.6.1 Mobile/15E148 Safari/604.1"
66.249.68.103 - - [12/Sep/2026:15:32:54 +0300] "GET /index.php/kontaktai?sale/search/detail/?ITMCODE=52002833694 HTTP/1.1" 200 202662 "-" "Mozilla/5.0 (compatible; Googlebot/2.1; +http://www.google.com/bot.html)"
66.249.68.105 - - [12/Sep/2026:15:32:54 +0300] "GET /?sale/search/detail/?ITMCODE=5196614004 HTTP/1.1" 200 199334 "-" "Mozilla/5.0 (Linux; Android 6.0.1; Nexus 5X Build/MMB29P) AppleWebKit/537.36 (KHTML, like Gecko) Chrome/153.0.8010.36 Mobile Safari/537.36 (compatible; Googlebot/2.1; +http://www.google.com/bot.html)"
66.249.68.103 - - [12/Sep/2026:15:32:55 +0300] "GET /?sale/search/detail/?ITMCODE=51981983924 HTTP/1.1" 200 195033 "-" "Mozilla/5.0 (Linux; Android 6.0.1; Nexus 5X Build/MMB29P) AppleWebKit/537.36 (KHTML, like Gecko) Chrome/153.0.8010.36 Mobile Safari/537.36 (compatible; Googlebot/2.1; +http://www.google.com/bot.html)"
66.249.68.103 - - [12/Sep/2026:15:32:56 +0300] "GET /?sale/search/detail/?ITMCODE=51971176049 HTTP/1.1" 200 203732 "-" "Mozilla/5.0 (Linux; Android 6.0.1; Nexus 5X Build/MMB29P) AppleWebKit/537.36 (KHTML, like Gecko) Chrome/153.0.8010.36 Mobile Safari/537.36 (compatible; Googlebot/2.1; +http://www.google.com/bot.html)"
66.249.68.101 - - [12/Sep/2026:15:32:56 +0300] "GET /?sale/search/detail/?ITMCODE=51981926607 HTTP/1.1" 200 199335 "-" "Mozilla/5.0 (Linux; Android 6.0.1; Nexus 5X Build/MMB29P) AppleWebKit/537.36 (KHTML, like Gecko) Chrome/153.0.8010.36 Mobile Safari/537.36 (compatible; Googlebot/2.1; +http://www.google.com/bot.html)"
66.249.68.104 - - [12/Sep/2026:15:32:56 +0300] "GET /?sale/search/detail/?ITMCODE=5196554777 HTTP/1.1" 200 198331 "-" "Mozilla/5.0 (Linux; Android 6.0.1; Nexus 5X Build/MMB29P) AppleWebKit/537.36 (KHTML, like Gecko) Chrome/153.0.8010.36 Mobile Safari/537.36 (compatible; Googlebot/2.1; +http://www.google.com/bot.html)"
66.249.68.99 - - [12/Sep/2026:15:32:56 +0300] "GET /?sale/search/detail/?ITMCODE=51981765235 HTTP/1.1" 200 199315 "-" "Mozilla/5.0 (Linux; Android 6.0.1; Nexus 5X Build/MMB29P) AppleWebKit/537.36 (KHTML, like Gecko) Chrome/153.0.8010.36 Mobile Safari/537.36 (compatible; Googlebot/2.1; +http://www.google.com/bot.html)"
66.249.68.105 - - [12/Sep/2026:15:32:57 +0300] "GET /?sale/search/detail/?ITMCODE=5195214361 HTTP/1.1" 200 196803 "-" "Mozilla/5.0 (Linux; Android 6.0.1; Nexus 5X Build/MMB29P) AppleWebKit/537.36 (KHTML, like Gecko) Chrome/153.0.8010.36 Mobile Safari/537.36 (compatible; Googlebot/2.1; +http://www.google.com/bot.html)"
66.249.68.102 - - [12/Sep/2026:15:32:57 +0300] "GET /?sale/search/detail/?ITMCODE=5196513062 HTTP/1.1" 200 194118 "-" "Mozilla/5.0 (Linux; Android 6.0.1; Nexus 5X Build/MMB29P) AppleWebKit/537.36 (KHTML, like Gecko) Chrome/153.0.8010.36 Mobile Safari/537.36 (compatible; Googlebot/2.1; +http://www.google.com/bot.html)"
66.249.68.99 - - [12/Sep/2026:15:32:57 +0300] "GET /?sale/search/detail/?ITMCODE=51981855656 HTTP/1.1" 200 196890 "-" "Mozilla/5.0 (Linux; Android 6.0.1; Nexus 5X Build/MMB29P) AppleWebKit/537.36 (KHTML, like Gecko) Chrome/153.0.8010.36 Mobile Safari/537.36 (compatible; Googlebot/2.1; +http://www.google.com/bot.html)"
66.249.68.105 - - [12/Sep/2026:15:32:58 +0300] "GET /?sale/search/detail/?ITMCODE=51971460805 HTTP/1.1" 200 208673 "-" "Mozilla/5.0 (Linux; Android 6.0.1; Nexus 5X Build/MMB29P) AppleWebKit/537.36 (KHTML, like Gecko) Chrome/153.0.8010.36 Mobile Safari/537.36 (compatible; Googlebot/2.1; +http://www.google.com/bot.html)"
66.249.68.103 - - [12/Sep/2026:15:32:59 +0300] "GET /?sale/search/detail/?ITMCODE=51981904704 HTTP/1.1" 200 203655 "-" "Mozilla/5.0 (Linux; Android 6.0.1; Nexus 5X Build/MMB29P) AppleWebKit/537.36 (KHTML, like Gecko) Chrome/153.0.8010.36 Mobile Safari/537.36 (compatible; Googlebot/2.1; +http://www.google.com/bot.html)"
66.249.68.98 - - [12/Sep/2026:15:32:59 +0300] "GET /?sale/search/detail/?ITMCODE=51981631983 HTTP/1.1" 200 196452 "-" "Mozilla/5.0 (Linux; Android 6.0.1; Nexus 5X Build/MMB29P) AppleWebKit/537.36 (KHTML, like Gecko) Chrome/153.0.8010.36 Mobile Safari/537.36 (compatible; Googlebot/2.1; +http://www.google.com/bot.html)"
66.249.68.98 - - [12/Sep/2026:15:32:59 +0300] "GET /?sale/search/detail/?ITMCODE=51992128090 HTTP/1.1" 200 194424 "-" "Mozilla/5.0 (Linux; Android 6.0.1; Nexus 5X Build/MMB29P) AppleWebKit/537.36 (KHTML, like Gecko) Chrome/153.0.8010.36 Mobile Safari/537.36 (compatible; Googlebot/2.1; +http://www.google.com/bot.html)"
5.9.120.8 - - [12/Sep/2026:15:33:00 +0300] "GET /?sale/search/detail/?ITMCODE=519581497767 HTTP/1.1" 200 11143 "-" "Mozilla/5.0 (compatible; SERankingBacklinksBot/1.0; +https://seranking.com/backlinks-crawler)"
66.249.68.97 - - [12/Sep/2026:15:33:00 +0300] "GET /?sale/search/detail/?ITMCODE=51971427346 HTTP/1.1" 200 199983 "-" "Mozilla/5.0 (Linux; Android 6.0.1; Nexus 5X Build/MMB29P) AppleWebKit/537.36 (KHTML, like Gecko) Chrome/153.0.8010.36 Mobile Safari/537.36 (compatible; Googlebot/2.1; +http://www.google.com/bot.html)"
66.249.68.101 - - [12/Sep/2026:15:33:00 +0300] "GET /?sale/search/detail/?ITMCODE=51992411055 HTTP/1.1" 200 202090 "-" "Mozilla/5.0 (Linux; Android 6.0.1; Nexus 5X Build/MMB29P) AppleWebKit/537.36 (KHTML, like Gecko) Chrome/153.0.8010.36 Mobile Safari/537.36 (compatible; Googlebot/2.1; +http://www.google.com/bot.html)"
66.249.68.97 - - [12/Sep/2026:15:33:01 +0300] "GET /?sale/search/detail/?ITMCODE=51981769994 HTTP/1.1" 200 199062 "-" "Mozilla/5.0 (Linux; Android 6.0.1; Nexus 5X Build/MMB29P) AppleWebKit/537.36 (KHTML, like Gecko) Chrome/153.0.8010.36 Mobile Safari/537.36 (compatible; Googlebot/2.1; +http://www.google.com/bot.html)"
66.249.68.103 - - [12/Sep/2026:15:33:01 +0300] "GET /?sale/search/detail/?ITMCODE=52002899508 HTTP/1.1" 200 199201 "-" "Mozilla/5.0 (Linux; Android 6.0.1; Nexus 5X Build/MMB29P) AppleWebKit/537.36 (KHTML, like Gecko) Chrome/153.0.8010.36 Mobile Safari/537.36 (compatible; Googlebot/2.1; +http://www.google.com/bot.html)"
66.249.68.104 - - [12/Sep/2026:15:33:01 +0300] "GET /?sale/search/detail/?ITMCODE=5196511742 HTTP/1.1" 200 196070 "-" "Mozilla/5.0 (Linux; Android 6.0.1; Nexus 5X Build/MMB29P) AppleWebKit/537.36 (KHTML, like Gecko) Chrome/153.0.8010.36 Mobile Safari/537.36 (compatible; Googlebot/2.1; +http://www.google.com/bot.html)"
66.249.68.104 - - [12/Sep/2026:15:33:02 +0300] "GET /?sale/search/detail/?ITMCODE=5196809210 HTTP/1.1" 200 202780 "-" "Mozilla/5.0 (Linux; Android 6.0.1; Nexus 5X Build/MMB29P) AppleWebKit/537.36 (KHTML, like Gecko) Chrome/153.0.8010.36 Mobile Safari/537.36 (compatible; Googlebot/2.1; +http://www.google.com/bot.html)"
66.249.68.97 - - [12/Sep/2026:15:33:02 +0300] "GET /?sale/search/detail/?ITMCODE=51981994405 HTTP/1.1" 200 211401 "-" "Mozilla/5.0 (Linux; Android 6.0.1; Nexus 5X Build/MMB29P) AppleWebKit/537.36 (KHTML, like Gecko) Chrome/153.0.8010.36 Mobile Safari/537.36 (compatible; Googlebot/2.1; +http://www.google.com/bot.html)"
66.249.68.98 - - [12/Sep/2026:15:33:02 +0300] "GET /?sale/search/detail/?ITMCODE=51971256022 HTTP/1.1" 200 199225 "-" "Mozilla/5.0 (Linux; Android 6.0.1; Nexus 5X Build/MMB29P) AppleWebKit/537.36 (KHTML, like Gecko) Chrome/153.0.8010.36 Mobile Safari/537.36 (compatible; Googlebot/2.1; +http://www.google.com/bot.html)"
66.249.68.104 - - [12/Sep/2026:15:33:03 +0300] "GET /?sale/search/detail/?ITMCODE=52002536967 HTTP/1.1" 200 202539 "-" "Mozilla/5.0 (Linux; Android 6.0.1; Nexus 5X Build/MMB29P) AppleWebKit/537.36 (KHTML, like Gecko) Chrome/153.0.8010.36 Mobile Safari/537.36 (compatible; Googlebot/2.1; +http://www.google.com/bot.html)"
66.249.68.97 - - [12/Sep/2026:15:33:03 +0300] "GET /?sale/search/detail/?ITMCODE=51992193905 HTTP/1.1" 200 224118 "-" "Mozilla/5.0 (Linux; Android 6.0.1; Nexus 5X Build/MMB29P) AppleWebKit/537.36 (KHTML, like Gecko) Chrome/153.0.8010.36 Mobile Safari/537.36 (compatible; Googlebot/2.1; +http://www.google.com/bot.html)"
66.249.68.101 - - [12/Sep/2026:15:33:04 +0300] "GET /?sale/search/detail/?ITMCODE=5196826638 HTTP/1.1" 200 203293 "-" "Mozilla/5.0 (Linux; Android 6.0.1; Nexus 5X Build/MMB29P) AppleWebKit/537.36 (KHTML, like Gecko) Chrome/153.0.8010.36 Mobile Safari/537.36 (compatible; Googlebot/2.1; +http://www.google.com/bot.html)"
66.249.68.97 - - [12/Sep/2026:15:33:04 +0300] "GET /?sale/search/detail/?ITMCODE=51971281905 HTTP/1.1" 200 199230 "-" "Mozilla/5.0 (Linux; Android 6.0.1; Nexus 5X Build/MMB29P) AppleWebKit/537.36 (KHTML, like Gecko) Chrome/153.0.8010.36 Mobile Safari/537.36 (compatible; Googlebot/2.1; +http://www.google.com/bot.html)"
66.249.68.101 - - [12/Sep/2026:15:33:05 +0300] "GET /?sale/search/detail/?ITMCODE=5196849541 HTTP/1.1" 200 193654 "-" "Mozilla/5.0 (Linux; Android 6.0.1; Nexus 5X Build/MMB29P) AppleWebKit/537.36 (KHTML, like Gecko) Chrome/153.0.8010.36 Mobile Safari/537.36 (compatible; Googlebot/2.1; +http://www.google.com/bot.html)"
66.249.68.101 - - [12/Sep/2026:15:33:04 +0300] "GET /?sale/search/detail/?ITMCODE=5195285101 HTTP/1.1" 200 195060 "-" "Mozilla/5.0 (Linux; Android 6.0.1; Nexus 5X Build/MMB29P) AppleWebKit/537.36 (KHTML, like Gecko) Chrome/153.0.8010.36 Mobile Safari/537.36 (compatible; Googlebot/2.1; +http://www.google.com/bot.html)"
66.249.68.98 - - [12/Sep/2026:15:33:05 +0300] "GET /?sale/search/detail/?ITMCODE=51981804405 HTTP/1.1" 200 205011 "-" "Mozilla/5.0 (Linux; Android 6.0.1; Nexus 5X Build/MMB29P) AppleWebKit/537.36 (KHTML, like Gecko) Chrome/153.0.8010.36 Mobile Safari/537.36 (compatible; Googlebot/2.1; +http://www.google.com/bot.html)"
66.249.68.98 - - [12/Sep/2026:15:33:06 +0300] "GET /?sale/search/detail/?ITMCODE=51981794905 HTTP/1.1" 200 198175 "-" "Mozilla/5.0 (Linux; Android 6.0.1; Nexus 5X Build/MMB29P) AppleWebKit/537.36 (KHTML, like Gecko) Chrome/153.0.8010.36 Mobile Safari/537.36 (compatible; Googlebot/2.1; +http://www.google.com/bot.html)"
66.249.68.102 - - [12/Sep/2026:15:33:06 +0300] "GET /?sale/search/detail/?ITMCODE=5195189027 HTTP/1.1" 200 205625 "-" "Mozilla/5.0 (Linux; Android 6.0.1; Nexus 5X Build/MMB29P) AppleWebKit/537.36 (KHTML, like Gecko) Chrome/153.0.8010.36 Mobile Safari/537.36 (compatible; Googlebot/2.1; +http://www.google.com/bot.html)"
66.249.68.102 - - [12/Sep/2026:15:33:06 +0300] "GET /?sale/search/detail/?ITMCODE=51971464988 HTTP/1.1" 200 203415 "-" "Mozilla/5.0 (Linux; Android 6.0.1; Nexus 5X Build/MMB29P) AppleWebKit/537.36 (KHTML, like Gecko) Chrome/153.0.8010.36 Mobile Safari/537.36 (compatible; Googlebot/2.1; +http://www.google.com/bot.html)"
5.9.120.8 - - [12/Sep/2026:15:33:07 +0300] "GET /?sale/search/detail/?ITMCODE=519693613705 HTTP/1.1" 200 11143 "-" "Mozilla/5.0 (compatible; SERankingBacklinksBot/1.0; +https://seranking.com/backlinks-crawler)"
66.249.68.101 - - [12/Sep/2026:15:33:07 +0300] "GET /?sale/search/detail/?ITMCODE=51971462191 HTTP/1.1" 200 195696 "-" "Mozilla/5.0 (Linux; Android 6.0.1; Nexus 5X Build/MMB29P) AppleWebKit/537.36 (KHTML, like Gecko) Chrome/153.0.8010.36 Mobile Safari/537.36 (compatible; Googlebot/2.1; +http://www.google.com/bot.html)"
66.249.68.103 - - [12/Sep/2026:15:33:07 +0300] "GET /?sale/search/detail/?ITMCODE=5196591359 HTTP/1.1" 200 197034 "-" "Mozilla/5.0 (Linux; Android 6.0.1; Nexus 5X Build/MMB29P) AppleWebKit/537.36 (KHTML, like Gecko) Chrome/153.0.8010.36 Mobile Safari/537.36 (compatible; Googlebot/2.1; +http://www.google.com/bot.html)"
66.249.68.102 - - [12/Sep/2026:15:33:08 +0300] "GET /?sale/search/detail/?ITMCODE=51981732162 HTTP/1.1" 200 197715 "-" "Mozilla/5.0 (Linux; Android 6.0.1; Nexus 5X Build/MMB29P) AppleWebKit/537.36 (KHTML, like Gecko) Chrome/153.0.8010.36 Mobile Safari/537.36 (compatible; Googlebot/2.1; +http://www.google.com/bot.html)"
66.249.68.97 - - [12/Sep/2026:15:33:08 +0300] "GET /?sale/search/detail/?ITMCODE=51971305655 HTTP/1.1" 200 200184 "-" "Mozilla/5.0 (Linux; Android 6.0.1; Nexus 5X Build/MMB29P) AppleWebKit/537.36 (KHTML, like Gecko) Chrome/153.0.8010.36 Mobile Safari/537.36 (compatible; Googlebot/2.1; +http://www.google.com/bot.html)"
66.249.68.101 - - [12/Sep/2026:15:33:09 +0300] "GET /?sale/search/detail/?ITMCODE=51981966894 HTTP/1.1" 200 201095 "-" "Mozilla/5.0 (Linux; Android 6.0.1; Nexus 5X Build/MMB29P) AppleWebKit/537.36 (KHTML, like Gecko) Chrome/153.0.8010.36 Mobile Safari/537.36 (compatible; Googlebot/2.1; +http://www.google.com/bot.html)"
66.249.68.97 - - [12/Sep/2026:15:33:09 +0300] "GET /?sale/search/detail/?ITMCODE=51971400655 HTTP/1.1" 200 196433 "-" "Mozilla/5.0 (Linux; Android 6.0.1; Nexus 5X Build/MMB29P) AppleWebKit/537.36 (KHTML, like Gecko) Chrome/153.0.8010.36 Mobile Safari/537.36 (compatible; Googlebot/2.1; +http://www.google.com/bot.html)"
66.249.68.97 - - [12/Sep/2026:15:33:09 +0300] "GET /index.php/meniu?sale/search/detail/?ITMCODE=51981665315 HTTP/1.1" 200 202045 "-" "Mozilla/5.0 (Linux; Android 6.0.1; Nexus 5X Build/MMB29P) AppleWebKit/537.36 (KHTML, like Gecko) Chrome/153.0.8010.36 Mobile Safari/537.36 (compatible; Googlebot/2.1; +http://www.google.com/bot.html)"
66.249.68.98 - - [12/Sep/2026:15:33:10 +0300] "GET /?sale/search/detail/?ITMCODE=51992060905 HTTP/1.1" 200 203007 "-" "Mozilla/5.0 (Linux; Android 6.0.1; Nexus 5X Build/MMB29P) AppleWebKit/537.36 (KHTML, like Gecko) Chrome/153.0.8010.36 Mobile Safari/537.36 (compatible; Googlebot/2.1; +http://www.google.com/bot.html)"
66.249.68.102 - - [12/Sep/2026:15:33:10 +0300] "GET /?sale/search/detail/?ITMCODE=51992290687 HTTP/1.1" 200 206272 "-" "Mozilla/5.0 (Linux; Android 6.0.1; Nexus 5X Build/MMB29P) AppleWebKit/537.36 (KHTML, like Gecko) Chrome/153.0.8010.36 Mobile Safari/537.36 (compatible; Googlebot/2.1; +http://www.google.com/bot.html)"
66.249.68.102 - - [12/Sep/2026:15:33:11 +0300] "GET /?sale/search/detail/?ITMCODE=51971421963 HTTP/1.1" 200 206826 "-" "Mozilla/5.0 (Linux; Android 6.0.1; Nexus 5X Build/MMB29P) AppleWebKit/537.36 (KHTML, like Gecko) Chrome/153.0.8010.36 Mobile Safari/537.36 (compatible; Googlebot/2.1; +http://www.google.com/bot.html)"
66.249.68.99 - - [12/Sep/2026:15:33:11 +0300] "GET /?sale/search/detail/?ITMCODE=51992265155 HTTP/1.1" 200 201239 "-" "Mozilla/5.0 (Linux; Android 6.0.1; Nexus 5X Build/MMB29P) AppleWebKit/537.36 (KHTML, like Gecko) Chrome/153.0.8010.36 Mobile Safari/537.36 (compatible; Googlebot/2.1; +http://www.google.com/bot.html)"
66.249.68.101 - - [12/Sep/2026:15:33:12 +0300] "GET /?sale/search/detail/?ITMCODE=5196517222 HTTP/1.1" 200 209585 "-" "Mozilla/5.0 (Linux; Android 6.0.1; Nexus 5X Build/MMB29P) AppleWebKit/537.36 (KHTML, like Gecko) Chrome/153.0.8010.36 Mobile Safari/537.36 (compatible; Googlebot/2.1; +http://www.google.com/bot.html)"
66.249.68.99 - - [12/Sep/2026:15:33:12 +0300] "GET /?sale/search/detail/?ITMCODE=51971243905 HTTP/1.1" 200 195008 "-" "Mozilla/5.0 (Linux; Android 6.0.1; Nexus 5X Build/MMB29P) AppleWebKit/537.36 (KHTML, like Gecko) Chrome/153.0.8010.36 Mobile Safari/537.36 (compatible; Googlebot/2.1; +http://www.google.com/bot.html)"
66.249.68.101 - - [12/Sep/2026:15:33:13 +0300] "GET /?sale/search/detail/?ITMCODE=51971375876 HTTP/1.1" 200 195246 "-" "Mozilla/5.0 (Linux; Android 6.0.1; Nexus 5X Build/MMB29P) AppleWebKit/537.36 (KHTML, like Gecko) Chrome/153.0.8010.36 Mobile Safari/537.36 (compatible; Googlebot/2.1; +http://www.google.com/bot.html)"
66.249.68.98 - - [12/Sep/2026:15:33:13 +0300] "GET /?sale/search/detail/?ITMCODE=51981866155 HTTP/1.1" 200 197540 "-" "Mozilla/5.0 (Linux; Android 6.0.1; Nexus 5X Build/MMB29P) AppleWebKit/537.36 (KHTML, like Gecko) Chrome/153.0.8010.36 Mobile Safari/537.36 (compatible; Googlebot/2.1; +http://www.google.com/bot.html)"
66.249.68.99 - - [12/Sep/2026:15:33:14 +0300] "GET /?sale/search/detail/?ITMCODE=51981690405 HTTP/1.1" 200 196275 "-" "Mozilla/5.0 (Linux; Android 6.0.1; Nexus 5X Build/MMB29P) AppleWebKit/537.36 (KHTML, like Gecko) Chrome/153.0.8010.36 Mobile Safari/537.36 (compatible; Googlebot/2.1; +http://www.google.com/bot.html)"
66.249.68.103 - - [12/Sep/2026:15:33:14 +0300] "GET /?sale/search/detail/?ITMCODE=51992027290 HTTP/1.1" 200 202202 "-" "Mozilla/5.0 (Linux; Android 6.0.1; Nexus 5X Build/MMB29P) AppleWebKit/537.36 (KHTML, like Gecko) Chrome/153.0.8010.36 Mobile Safari/537.36 (compatible; Googlebot/2.1; +http://www.google.com/bot.html)"
66.249.68.101 - - [12/Sep/2026:15:33:16 +0300] "GET /?sale/search/detail/?ITMCODE=51971409267 HTTP/1.1" 200 199929 "-" "Mozilla/5.0 (Linux; Android 6.0.1; Nexus 5X Build/MMB29P) AppleWebKit/537.36 (KHTML, like Gecko) Chrome/153.0.8010.36 Mobile Safari/537.36 (compatible; Googlebot/2.1; +http://www.google.com/bot.html)"
66.249.68.99 - - [12/Sep/2026:15:33:16 +0300] "GET /?sale/search/detail/?ITMCODE=51981780655 HTTP/1.1" 200 195921 "-" "Mozilla/5.0 (Linux; Android 6.0.1; Nexus 5X Build/MMB29P) AppleWebKit/537.36 (KHTML, like Gecko) Chrome/153.0.8010.36 Mobile Safari/537.36 (compatible; Googlebot/2.1; +http://www.google.com/bot.html)"
66.249.68.103 - - [12/Sep/2026:15:33:16 +0300] "GET /?sale/search/detail/?ITMCODE=52002559073 HTTP/1.1" 200 198105 "-" "Mozilla/5.0 (Linux; Android 6.0.1; Nexus 5X Build/MMB29P) AppleWebKit/537.36 (KHTML, like Gecko) Chrome/153.0.8010.36 Mobile Safari/537.36 (compatible; Googlebot/2.1; +http://www.google.com/bot.html)"
66.249.68.102 - - [12/Sep/2026:15:33:16 +0300] "GET /?sale/search/detail/?ITMCODE=5195112744 HTTP/1.1" 200 198767 "-" "Mozilla/5.0 (Linux; Android 6.0.1; Nexus 5X Build/MMB29P) AppleWebKit/537.36 (KHTML, like Gecko) Chrome/153.0.8010.36 Mobile Safari/537.36 (compatible; Googlebot/2.1; +http://www.google.com/bot.html)"
66.249.68.103 - - [12/Sep/2026:15:33:17 +0300] "GET /?sale/search/detail/?ITMCODE=51992361190 HTTP/1.1" 200 196784 "-" "Mozilla/5.0 (Linux; Android 6.0.1; Nexus 5X Build/MMB29P) AppleWebKit/537.36 (KHTML, like Gecko) Chrome/153.0.8010.36 Mobile Safari/537.36 (compatible; Googlebot/2.1; +http://www.google.com/bot.html)"
66.249.68.101 - - [12/Sep/2026:15:33:17 +0300] "GET /?sale/search/detail/?ITMCODE=5195398633 HTTP/1.1" 200 196438 "-" "Mozilla/5.0 (Linux; Android 6.0.1; Nexus 5X Build/MMB29P) AppleWebKit/537.36 (KHTML, like Gecko) Chrome/153.0.8010.36 Mobile Safari/537.36 (compatible; Googlebot/2.1; +http://www.google.com/bot.html)"
66.249.68.99 - - [12/Sep/2026:15:33:17 +0300] "GET /?sale/search/detail/?ITMCODE=51971267655 HTTP/1.1" 200 199060 "-" "Mozilla/5.0 (Linux; Android 6.0.1; Nexus 5X Build/MMB29P) AppleWebKit/537.36 (KHTML, like Gecko) Chrome/153.0.8010.36 Mobile Safari/537.36 (compatible; Googlebot/2.1; +http://www.google.com/bot.html)"
66.249.68.103 - - [12/Sep/2026:15:33:17 +0300] "GET /?sale/search/detail/?ITMCODE=51981659483 HTTP/1.1" 200 194868 "-" "Mozilla/5.0 (Linux; Android 6.0.1; Nexus 5X Build/MMB29P) AppleWebKit/537.36 (KHTML, like Gecko) Chrome/153.0.8010.36 Mobile Safari/537.36 (compatible; Googlebot/2.1; +http://www.google.com/bot.html)"
66.249.68.102 - - [12/Sep/2026:15:33:18 +0300] "GET /?sale/search/detail/?ITMCODE=52002656931 HTTP/1.1" 200 200114 "-" "Mozilla/5.0 (Linux; Android 6.0.1; Nexus 5X Build/MMB29P) AppleWebKit/537.36 (KHTML, like Gecko) Chrome/153.0.8010.36 Mobile Safari/537.36 (compatible; Googlebot/2.1; +http://www.google.com/bot.html)"
66.249.68.99 - - [12/Sep/2026:15:33:18 +0300] "GET /?sale/search/detail/?ITMCODE=51981685655 HTTP/1.1" 200 193981 "-" "Mozilla/5.0 (Linux; Android 6.0.1; Nexus 5X Build/MMB29P) AppleWebKit/537.36 (KHTML, like Gecko) Chrome/153.0.8010.36 Mobile Safari/537.36 (compatible; Googlebot/2.1; +http://www.google.com/bot.html)"
66.249.68.104 - - [12/Sep/2026:15:33:18 +0300] "GET /?sale/search/detail/?ITMCODE=5196721490 HTTP/1.1" 200 204068 "-" "Mozilla/5.0 (Linux; Android 6.0.1; Nexus 5X Build/MMB29P) AppleWebKit/537.36 (KHTML, like Gecko) Chrome/153.0.8010.36 Mobile Safari/537.36 (compatible; Googlebot/2.1; +http://www.google.com/bot.html)"
66.249.68.103 - - [12/Sep/2026:15:33:19 +0300] "GET /?sale/search/detail/?ITMCODE=519515707 HTTP/1.1" 200 210253 "-" "Mozilla/5.0 (Linux; Android 6.0.1; Nexus 5X Build/MMB29P) AppleWebKit/537.36 (KHTML, like Gecko) Chrome/153.0.8010.36 Mobile Safari/537.36 (compatible; Googlebot/2.1; +http://www.google.com/bot.html)"
66.249.68.98 - - [12/Sep/2026:15:33:20 +0300] "GET /?sale/search/detail/?ITMCODE=51981609655 HTTP/1.1" 200 195144 "-" "Mozilla/5.0 (Linux; Android 6.0.1; Nexus 5X Build/MMB29P) AppleWebKit/537.36 (KHTML, like Gecko) Chrome/153.0.8010.36 Mobile Safari/537.36 (compatible; Googlebot/2.1; +http://www.google.com/bot.html)"
66.249.68.104 - - [12/Sep/2026:15:33:19 +0300] "GET /?sale/search/detail/?ITMCODE=519590538 HTTP/1.1" 200 198412 "-" "Mozilla/5.0 (Linux; Android 6.0.1; Nexus 5X Build/MMB29P) AppleWebKit/537.36 (KHTML, like Gecko) Chrome/153.0.8010.36 Mobile Safari/537.36 (compatible; Googlebot/2.1; +http://www.google.com/bot.html)"
66.249.68.104 - - [12/Sep/2026:15:33:20 +0300] "GET /?sale/search/detail/?ITMCODE=51971007764 HTTP/1.1" 200 199058 "-" "Mozilla/5.0 (Linux; Android 6.0.1; Nexus 5X Build/MMB29P) AppleWebKit/537.36 (KHTML, like Gecko) Chrome/153.0.8010.36 Mobile Safari/537.36 (compatible; Googlebot/2.1; +http://www.google.com/bot.html)"
66.249.68.99 - - [12/Sep/2026:15:33:21 +0300] "GET /?sale/search/detail/?ITMCODE=51992217655 HTTP/1.1" 200 203305 "-" "Mozilla/5.0 (Linux; Android 6.0.1; Nexus 5X Build/MMB29P) AppleWebKit/537.36 (KHTML, like Gecko) Chrome/153.0.8010.36 Mobile Safari/537.36 (compatible; Googlebot/2.1; +http://www.google.com/bot.html)"
66.249.68.98 - - [12/Sep/2026:15:33:22 +0300] "GET /?sale/search/detail/?ITMCODE=51971381655 HTTP/1.1" 200 197787 "-" "Mozilla/5.0 (Linux; Android 6.0.1; Nexus 5X Build/MMB29P) AppleWebKit/537.36 (KHTML, like Gecko) Chrome/153.0.8010.36 Mobile Safari/537.36 (compatible; Googlebot/2.1; +http://www.google.com/bot.html)"
66.249.68.96 - - [12/Sep/2026:15:33:22 +0300] "GET /?sale/search/detail/?ITMCODE=51992155700 HTTP/1.1" 200 202701 "-" "Mozilla/5.0 (Linux; Android 6.0.1; Nexus 5X Build/MMB29P) AppleWebKit/537.36 (KHTML, like Gecko) Chrome/153.0.8010.36 Mobile Safari/537.36 (compatible; Googlebot/2.1; +http://www.google.com/bot.html)"
66.249.68.105 - - [12/Sep/2026:15:33:22 +0300] "GET /?sale/search/detail/?ITMCODE=5196809760 HTTP/1.1" 200 197166 "-" "Mozilla/5.0 (Linux; Android 6.0.1; Nexus 5X Build/MMB29P) AppleWebKit/537.36 (KHTML, like Gecko) Chrome/153.0.8010.36 Mobile Safari/537.36 (compatible; Googlebot/2.1; +http://www.google.com/bot.html)"
66.249.68.104 - - [12/Sep/2026:15:33:23 +0300] "GET /?sale/search/detail/?ITMCODE=51971192296 HTTP/1.1" 200 208266 "-" "Mozilla/5.0 (Linux; Android 6.0.1; Nexus 5X Build/MMB29P) AppleWebKit/537.36 (KHTML, like Gecko) Chrome/153.0.8010.36 Mobile Safari/537.36 (compatible; Googlebot/2.1; +http://www.google.com/bot.html)"
66.249.68.101 - - [12/Sep/2026:15:33:23 +0300] "GET /?sale/search/detail/?ITMCODE=51992362768 HTTP/1.1" 200 194500 "-" "Mozilla/5.0 (Linux; Android 6.0.1; Nexus 5X Build/MMB29P) AppleWebKit/537.36 (KHTML, like Gecko) Chrome/153.0.8010.36 Mobile Safari/537.36 (compatible; Googlebot/2.1; +http://www.google.com/bot.html)"
66.249.68.97 - - [12/Sep/2026:15:33:23 +0300] "GET /?sale/search/detail/?ITMCODE=51971486155 HTTP/1.1" 200 197932 "-" "Mozilla/5.0 (Linux; Android 6.0.1; Nexus 5X Build/MMB29P) AppleWebKit/537.36 (KHTML, like Gecko) Chrome/153.0.8010.36 Mobile Safari/537.36 (compatible; Googlebot/2.1; +http://www.google.com/bot.html)"
66.249.68.101 - - [12/Sep/2026:15:33:24 +0300] "GET /?sale/search/detail/?ITMCODE=51981626996 HTTP/1.1" 200 197464 "-" "Mozilla/5.0 (Linux; Android 6.0.1; Nexus 5X Build/MMB29P) AppleWebKit/537.36 (KHTML, like Gecko) Chrome/153.0.8010.36 Mobile Safari/537.36 (compatible; Googlebot/2.1; +http://www.google.com/bot.html)"
66.249.68.104 - - [12/Sep/2026:15:33:24 +0300] "GET /?sale/search/detail/?ITMCODE=51981889357 HTTP/1.1" 200 194385 "-" "Mozilla/5.0 (Linux; Android 6.0.1; Nexus 5X Build/MMB29P) AppleWebKit/537.36 (KHTML, like Gecko) Chrome/153.0.8010.36 Mobile Safari/537.36 (compatible; Googlebot/2.1; +http://www.google.com/bot.html)"
66.249.68.100 - - [12/Sep/2026:15:33:25 +0300] "GET /?sale/search/detail/?ITMCODE=51981984905 HTTP/1.1" 200 207496 "-" "Mozilla/5.0 (Linux; Android 6.0.1; Nexus 5X Build/MMB29P) AppleWebKit/537.36 (KHTML, like Gecko) Chrome/153.0.8010.36 Mobile Safari/537.36 (compatible; Googlebot/2.1; +http://www.google.com/bot.html)"
66.249.68.101 - - [12/Sep/2026:15:33:25 +0300] "GET /?sale/search/detail/?ITMCODE=51971104981 HTTP/1.1" 200 200150 "-" "Mozilla/5.0 (Linux; Android 6.0.1; Nexus 5X Build/MMB29P) AppleWebKit/537.36 (KHTML, like Gecko) Chrome/153.0.8010.36 Mobile Safari/537.36 (compatible; Googlebot/2.1; +http://www.google.com/bot.html)"
66.249.68.102 - - [12/Sep/2026:15:33:25 +0300] "GET /?sale/search/detail/?ITMCODE=51992328095 HTTP/1.1" 200 194596 "-" "Mozilla/5.0 (Linux; Android 6.0.1; Nexus 5X Build/MMB29P) AppleWebKit/537.36 (KHTML, like Gecko) Chrome/153.0.8010.36 Mobile Safari/537.36 (compatible; Googlebot/2.1; +http://www.google.com/bot.html)"
5.9.120.8 - - [12/Sep/2026:15:33:26 +0300] "GET /?sale/search/detail/?ITMCODE=519693623823 HTTP/1.1" 200 11143 "-" "Mozilla/5.0 (compatible; SERankingBacklinksBot/1.0; +https://seranking.com/backlinks-crawler)"
66.249.68.99 - - [12/Sep/2026:15:33:26 +0300] "GET /?sale/search/detail/?ITMCODE=51981999155 HTTP/1.1" 200 205224 "-" "Mozilla/5.0 (Linux; Android 6.0.1; Nexus 5X Build/MMB29P) AppleWebKit/537.36 (KHTML, like Gecko) Chrome/153.0.8010.36 Mobile Safari/537.36 (compatible; Googlebot/2.1; +http://www.google.com/bot.html)"
66.249.68.102 - - [12/Sep/2026:15:33:27 +0300] "GET /?sale/search/detail/?ITMCODE=5196802796 HTTP/1.1" 200 200628 "-" "Mozilla/5.0 (Linux; Android 6.0.1; Nexus 5X Build/MMB29P) AppleWebKit/537.36 (KHTML, like Gecko) Chrome/153.0.8010.36 Mobile Safari/537.36 (compatible; Googlebot/2.1; +http://www.google.com/bot.html)"
66.249.68.99 - - [12/Sep/2026:15:33:27 +0300] "GET /?sale/search/detail/?ITMCODE=51981785405 HTTP/1.1" 200 200436 "-" "Mozilla/5.0 (Linux; Android 6.0.1; Nexus 5X Build/MMB29P) AppleWebKit/537.36 (KHTML, like Gecko) Chrome/153.0.8010.36 Mobile Safari/537.36 (compatible; Googlebot/2.1; +http://www.google.com/bot.html)"
66.249.68.102 - - [12/Sep/2026:15:33:28 +0300] "GET /?sale/search/detail/?ITMCODE=51971137317 HTTP/1.1" 200 207148 "-" "Mozilla/5.0 (Linux; Android 6.0.1; Nexus 5X Build/MMB29P) AppleWebKit/537.36 (KHTML, like Gecko) Chrome/153.0.8010.36 Mobile Safari/537.36 (compatible; Googlebot/2.1; +http://www.google.com/bot.html)"
66.249.68.97 - - [12/Sep/2026:15:33:29 +0300] "GET /?sale/search/detail/?ITMCODE=51971093010 HTTP/1.1" 200 212777 "-" "Mozilla/5.0 (Linux; Android 6.0.1; Nexus 5X Build/MMB29P) AppleWebKit/537.36 (KHTML, like Gecko) Chrome/153.0.8010.36 Mobile Safari/537.36 (compatible; Googlebot/2.1; +http://www.google.com/bot.html)"
5.9.120.8 - - [12/Sep/2026:15:33:30 +0300] "GET /?sale/search/detail/?ITMCODE=519584007307 HTTP/1.1" 200 11143 "-" "Mozilla/5.0 (compatible; SERankingBacklinksBot/1.0; +https://seranking.com/backlinks-crawler)"
66.249.68.101 - - [12/Sep/2026:15:33:29 +0300] "GET /?sale/search/detail/?ITMCODE=51981661905 HTTP/1.1" 200 195676 "-" "Mozilla/5.0 (Linux; Android 6.0.1; Nexus 5X Build/MMB29P) AppleWebKit/537.36 (KHTML, like Gecko) Chrome/153.0.8010.36 Mobile Safari/537.36 (compatible; Googlebot/2.1; +http://www.google.com/bot.html)"
66.249.68.104 - - [12/Sep/2026:15:33:32 +0300] "GET /?sale/search/detail/?ITMCODE=51971278684 HTTP/1.1" 200 212790 "-" "Mozilla/5.0 (Linux; Android 6.0.1; Nexus 5X Build/MMB29P) AppleWebKit/537.36 (KHTML, like Gecko) Chrome/153.0.8010.36 Mobile Safari/537.36 (compatible; Googlebot/2.1; +http://www.google.com/bot.html)"
66.249.68.98 - - [12/Sep/2026:15:33:33 +0300] "GET /?sale/search/detail/?ITMCODE=51971357905 HTTP/1.1" 200 206548 "-" "Mozilla/5.0 (Linux; Android 6.0.1; Nexus 5X Build/MMB29P) AppleWebKit/537.36 (KHTML, like Gecko) Chrome/153.0.8010.36 Mobile Safari/537.36 (compatible; Googlebot/2.1; +http://www.google.com/bot.html)"
66.249.68.97 - - [12/Sep/2026:15:33:33 +0300] "GET /?sale/search/detail/?ITMCODE=51981779788 HTTP/1.1" 200 195559 "-" "Mozilla/5.0 (Linux; Android 6.0.1; Nexus 5X Build/MMB29P) AppleWebKit/537.36 (KHTML, like Gecko) Chrome/153.0.8010.36 Mobile Safari/537.36 (compatible; Googlebot/2.1; +http://www.google.com/bot.html)"
66.249.68.98 - - [12/Sep/2026:15:33:34 +0300] "GET /?sale/search/detail/?ITMCODE=51971153989 HTTP/1.1" 200 216495 "-" "Mozilla/5.0 (Linux; Android 6.0.1; Nexus 5X Build/MMB29P) AppleWebKit/537.36 (KHTML, like Gecko) Chrome/153.0.8010.36 Mobile Safari/537.36 (compatible; Googlebot/2.1; +http://www.google.com/bot.html)"
66.249.68.96 - - [12/Sep/2026:15:33:34 +0300] "GET /?sale/search/detail/?ITMCODE=5195194346 HTTP/1.1" 200 199234 "-" "Mozilla/5.0 (Linux; Android 6.0.1; Nexus 5X Build/MMB29P) AppleWebKit/537.36 (KHTML, like Gecko) Chrome/153.0.8010.36 Mobile Safari/537.36 (compatible; Googlebot/2.1; +http://www.google.com/bot.html)"
66.249.68.100 - - [12/Sep/2026:15:33:35 +0300] "GET /?sale/search/detail/?ITMCODE=51992070405 HTTP/1.1" 200 203335 "-" "Mozilla/5.0 (Linux; Android 6.0.1; Nexus 5X Build/MMB29P) AppleWebKit/537.36 (KHTML, like Gecko) Chrome/153.0.8010.36 Mobile Safari/537.36 (compatible; Googlebot/2.1; +http://www.google.com/bot.html)"
66.249.68.102 - - [12/Sep/2026:15:33:35 +0300] "GET /?sale/search/detail/?ITMCODE=51981930702 HTTP/1.1" 200 209298 "-" "Mozilla/5.0 (Linux; Android 6.0.1; Nexus 5X Build/MMB29P) AppleWebKit/537.36 (KHTML, like Gecko) Chrome/153.0.8010.36 Mobile Safari/537.36 (compatible; Googlebot/2.1; +http://www.google.com/bot.html)"
66.249.68.98 - - [12/Sep/2026:15:33:36 +0300] "GET /?sale/search/detail/?ITMCODE=52002975300 HTTP/1.1" 200 201168 "-" "Mozilla/5.0 (Linux; Android 6.0.1; Nexus 5X Build/MMB29P) AppleWebKit/537.36 (KHTML, like Gecko) Chrome/153.0.8010.36 Mobile Safari/537.36 (compatible; Googlebot/2.1; +http://www.google.com/bot.html)"
66.249.68.100 - - [12/Sep/2026:15:33:36 +0300] "GET /?sale/search/detail/?ITMCODE=51971429155 HTTP/1.1" 200 205273 "-" "Mozilla/5.0 (Linux; Android 6.0.1; Nexus 5X Build/MMB29P) AppleWebKit/537.36 (KHTML, like Gecko) Chrome/153.0.8010.36 Mobile Safari/537.36 (compatible; Googlebot/2.1; +http://www.google.com/bot.html)"
66.249.68.99 - - [12/Sep/2026:15:33:40 +0300] "GET /?sale/search/detail/?ITMCODE=51981638155 HTTP/1.1" 200 207255 "-" "Mozilla/5.0 (Linux; Android 6.0.1; Nexus 5X Build/MMB29P) AppleWebKit/537.36 (KHTML, like Gecko) Chrome/153.0.8010.36 Mobile Safari/537.36 (compatible; Googlebot/2.1; +http://www.google.com/bot.html)"
66.249.68.102 - - [12/Sep/2026:15:33:42 +0300] "GET /?sale/search/detail/?ITMCODE=5196979581 HTTP/1.1" 200 207887 "-" "Mozilla/5.0 (Linux; Android 6.0.1; Nexus 5X Build/MMB29P) AppleWebKit/537.36 (KHTML, like Gecko) Chrome/153.0.8010.36 Mobile Safari/537.36 (compatible; Googlebot/2.1; +http://www.google.com/bot.html)"
66.249.68.100 - - [12/Sep/2026:15:33:42 +0300] "GET /?sale/search/detail/?ITMCODE=51992141655 HTTP/1.1" 200 197578 "-" "Mozilla/5.0 (Linux; Android 6.0.1; Nexus 5X Build/MMB29P) AppleWebKit/537.36 (KHTML, like Gecko) Chrome/153.0.8010.36 Mobile Safari/537.36 (compatible; Googlebot/2.1; +http://www.google.com/bot.html)"
84.15.184.72 - - [12/Sep/2026:15:33:43 +0300] "GET /index.php/meniu HTTP/2.0" 200 13161 "https://www.chenglong.lt/index.php/dienos-pietus" "Mozilla/5.0 (iPhone; CPU iPhone OS 18_7 like Mac OS X) AppleWebKit/605.1.15 (KHTML, like Gecko) Version/26.6.1 Mobile/15E148 Safari/604.1"
62.169.18.30 - - [12/Sep/2026:15:33:43 +0300] "GET /wp-json/gravitysmtp/v1/tests/mock-data?page=gravitysmtp-settings HTTP/1.1" 404 1320 "-" "Mozilla/5.0 (Windows NT 10.0; Win64; x64) AppleWebKit/537.36 (KHTML, like Gecko) Chrome/126.0.0.0 Safari/537.36"
84.15.184.72 - - [12/Sep/2026:15:33:43 +0300] "GET /templates/resto_6/modules.js HTTP/2.0" 200 - "https://www.chenglong.lt/index.php/meniu" "Mozilla/5.0 (iPhone; CPU iPhone OS 18_7 like Mac OS X) AppleWebKit/605.1.15 (KHTML, like Gecko) Version/26.6.1 Mobile/15E148 Safari/604.1"
84.15.184.72 - - [12/Sep/2026:15:33:43 +0300] "GET /images/meniu/001.jpg HTTP/2.0" 200 1423077 "https://www.chenglong.lt/index.php/meniu" "Mozilla/5.0 (iPhone; CPU iPhone OS 18_7 like Mac OS X) AppleWebKit/605.1.15 (KHTML, like Gecko) Version/26.6.1 Mobile/15E148 Safari/604.1"
84.15.184.72 - - [12/Sep/2026:15:33:44 +0300] "GET /images/meniu/002.jpg HTTP/2.0" 200 871973 "https://www.chenglong.lt/index.php/meniu" "Mozilla/5.0 (iPhone; CPU iPhone OS 18_7 like Mac OS X) AppleWebKit/605.1.15 (KHTML, like Gecko) Version/26.6.1 Mobile/15E148 Safari/604.1"
84.15.184.72 - - [12/Sep/2026:15:33:45 +0300] "GET /plugins/content/dearflip/dflip/sound/turn2.mp3?ver=1.7.15 HTTP/2.0" 206 2 "https://www.chenglong.lt/index.php/meniu" "Mozilla/5.0 (iPhone; CPU iPhone OS 18_7 like Mac OS X) AppleWebKit/605.1.15 (KHTML, like Gecko) Version/26.6.1 Mobile/15E148 Safari/604.1"
