66.249.79.172 - - [12/Sep/2026:21:36:02 +0300] "GET /media/system/js/core.js?d0efd80bfea2835e175d45e9291370bf HTTP/1.1" 200 8735 "http://www.poznajlitwe.testams.vhost.lt/index.php/pl/?shopdetail/P5178901465" "Mozilla/5.0 (Linux; Android 6.0.1; Nexus 5X Build/MMB29P) AppleWebKit/537.36 (KHTML, like Gecko) Chrome/151.0.7922.173 Mobile Safari/537.36 (compatible; Googlebot/2.1; +http://www.google.com/bot.html)"
66.249.79.231 - - [12/Sep/2026:21:36:02 +0300] "GET /index.php/pl/?shopdetail/O51822635656 HTTP/1.1" 200 54873 "-" "Mozilla/5.0 (Linux; Android 6.0.1; Nexus 5X Build/MMB29P) AppleWebKit/537.36 (KHTML, like Gecko) Chrome/152.0.7977.82 Mobile Safari/537.36 (compatible; Googlebot/2.1; +http://www.google.com/bot.html)"
66.249.79.231 - - [12/Sep/2026:21:36:04 +0300] "GET /?shopdetail/X51791159452 HTTP/1.1" 301 - "-" "Mozilla/5.0 (Linux; Android 6.0.1; Nexus 5X Build/MMB29P) AppleWebKit/537.36 (KHTML, like Gecko) Chrome/152.0.7977.82 Mobile Safari/537.36 (compatible; Googlebot/2.1; +http://www.google.com/bot.html)"
66.249.79.231 - - [12/Sep/2026:21:36:06 +0300] "GET /index.php/pl/?shopdetail/H5177211488 HTTP/1.1" 200 54873 "-" "Mozilla/5.0 (Linux; Android 6.0.1; Nexus 5X Build/MMB29P) AppleWebKit/537.36 (KHTML, like Gecko) Chrome/152.0.7977.82 Mobile Safari/537.36 (compatible; Googlebot/2.1; +http://www.google.com/bot.html)"
66.249.79.172 - - [12/Sep/2026:21:36:07 +0300] "GET /index.php/pl/?shopdetail/Y51822733346 HTTP/1.1" 200 54971 "-" "Mozilla/5.0 (Linux; Android 6.0.1; Nexus 5X Build/MMB29P) AppleWebKit/537.36 (KHTML, like Gecko) Chrome/152.0.7977.82 Mobile Safari/537.36 (compatible; Googlebot/2.1; +http://www.google.com/bot.html)"
66.249.79.231 - - [12/Sep/2026:21:36:10 +0300] "GET /?shopdetail/J51801732474 HTTP/1.1" 301 - "-" "Mozilla/5.0 (Linux; Android 6.0.1; Nexus 5X Build/MMB29P) AppleWebKit/537.36 (KHTML, like Gecko) Chrome/152.0.7977.82 Mobile Safari/537.36 (compatible; Googlebot/2.1; +http://www.google.com/bot.html)"
66.249.79.231 - - [12/Sep/2026:21:36:13 +0300] "GET /?shopdetail/H51801724257 HTTP/1.1" 301 - "-" "Mozilla/5.0 (Linux; Android 6.0.1; Nexus 5X Build/MMB29P) AppleWebKit/537.36 (KHTML, like Gecko) Chrome/152.0.7977.82 Mobile Safari/537.36 (compatible; Googlebot/2.1; +http://www.google.com/bot.html)"
66.249.79.231 - - [12/Sep/2026:21:36:13 +0300] "GET /index.php/pl/?shopdetail/L51801949208 HTTP/1.1" 200 54873 "-" "Mozilla/5.0 (Linux; Android 6.0.1; Nexus 5X Build/MMB29P) AppleWebKit/537.36 (KHTML, like Gecko) Chrome/152.0.7977.82 Mobile Safari/537.36 (compatible; Googlebot/2.1; +http://www.google.com/bot.html)"
66.249.79.231 - - [12/Sep/2026:21:36:17 +0300] "GET /index.php/pl/?shopdetail/T5178924870 HTTP/1.1" 200 54873 "-" "Mozilla/5.0 (Linux; Android 6.0.1; Nexus 5X Build/MMB29P) AppleWebKit/537.36 (KHTML, like Gecko) Chrome/152.0.7977.82 Mobile Safari/537.36 (compatible; Googlebot/2.1; +http://www.google.com/bot.html)"
66.249.79.231 - - [12/Sep/2026:21:36:18 +0300] "GET /?shopdetail/Z51791391206 HTTP/1.1" 301 - "-" "Mozilla/5.0 (Linux; Android 6.0.1; Nexus 5X Build/MMB29P) AppleWebKit/537.36 (KHTML, like Gecko) Chrome/152.0.7977.82 Mobile Safari/537.36 (compatible; Googlebot/2.1; +http://www.google.com/bot.html)"
66.249.79.172 - - [12/Sep/2026:21:36:21 +0300] "GET /?shopdetail/K5177273452 HTTP/1.1" 301 - "-" "Mozilla/5.0 (Linux; Android 6.0.1; Nexus 5X Build/MMB29P) AppleWebKit/537.36 (KHTML, like Gecko) Chrome/152.0.7977.82 Mobile Safari/537.36 (compatible; Googlebot/2.1; +http://www.google.com/bot.html)"
66.249.79.231 - - [12/Sep/2026:21:36:21 +0300] "GET /index.php/pl/?shopdetail/O5178953191 HTTP/1.1" 200 54873 "-" "Mozilla/5.0 (Linux; Android 6.0.1; Nexus 5X Build/MMB29P) AppleWebKit/537.36 (KHTML, like Gecko) Chrome/152.0.7977.82 Mobile Safari/537.36 (compatible; Googlebot/2.1; +http://www.google.com/bot.html)"
66.249.79.231 - - [12/Sep/2026:21:36:22 +0300] "GET /index.php/pl/?shopdetail/B5177379000 HTTP/1.1" 200 54873 "-" "Mozilla/5.0 (Linux; Android 6.0.1; Nexus 5X Build/MMB29P) AppleWebKit/537.36 (KHTML, like Gecko) Chrome/152.0.7977.82 Mobile Safari/537.36 (compatible; Googlebot/2.1; +http://www.google.com/bot.html)"
66.249.79.231 - - [12/Sep/2026:21:36:25 +0300] "GET /index.php/pl/?shopdetail/X51791159452 HTTP/1.1" 200 54873 "-" "Mozilla/5.0 (Linux; Android 6.0.1; Nexus 5X Build/MMB29P) AppleWebKit/537.36 (KHTML, like Gecko) Chrome/152.0.7977.82 Mobile Safari/537.36 (compatible; Googlebot/2.1; +http://www.google.com/bot.html)"
66.249.79.231 - - [12/Sep/2026:21:36:27 +0300] "GET /?shopdetail/S5178783982 HTTP/1.1" 301 - "-" "Mozilla/5.0 (Linux; Android 6.0.1; Nexus 5X Build/MMB29P) AppleWebKit/537.36 (KHTML, like Gecko) Chrome/152.0.7977.82 Mobile Safari/537.36 (compatible; Googlebot/2.1; +http://www.google.com/bot.html)"
66.249.79.231 - - [12/Sep/2026:21:36:29 +0300] "GET /index.php/pl/?shopdetail/J51801732474 HTTP/1.1" 200 54873 "-" "Mozilla/5.0 (Linux; Android 6.0.1; Nexus 5X Build/MMB29P) AppleWebKit/537.36 (KHTML, like Gecko) Chrome/152.0.7977.82 Mobile Safari/537.36 (compatible; Googlebot/2.1; +http://www.google.com/bot.html)"
66.249.79.172 - - [12/Sep/2026:21:36:33 +0300] "GET /media/gantry5/assets/js/main.js HTTP/1.1" 200 58794 "http://www.poznajlitwe.testams.vhost.lt/index.php/pl/?shopdetail/E51822569741" "Mozilla/5.0 (Linux; Android 6.0.1; Nexus 5X Build/MMB29P) AppleWebKit/537.36 (KHTML, like Gecko) Chrome/151.0.7922.173 Mobile Safari/537.36 (compatible; Googlebot/2.1; +http://www.google.com/bot.html)"
66.249.79.231 - - [12/Sep/2026:21:36:34 +0300] "GET /?shopdetail/U51822678409 HTTP/1.1" 301 - "-" "Mozilla/5.0 (Linux; Android 6.0.1; Nexus 5X Build/MMB29P) AppleWebKit/537.36 (KHTML, like Gecko) Chrome/152.0.7977.82 Mobile Safari/537.36 (compatible; Googlebot/2.1; +http://www.google.com/bot.html)"
66.249.79.231 - - [12/Sep/2026:21:36:33 +0300] "GET /index.php/pl/?shopdetail/H51801724257 HTTP/1.1" 200 54873 "-" "Mozilla/5.0 (Linux; Android 6.0.1; Nexus 5X Build/MMB29P) AppleWebKit/537.36 (KHTML, like Gecko) Chrome/152.0.7977.82 Mobile Safari/537.36 (compatible; Googlebot/2.1; +http://www.google.com/bot.html)"
66.249.79.172 - - [12/Sep/2026:21:36:35 +0300] "GET /media/gantry5/engines/nucleus/css-compiled/joomla.css HTTP/1.1" 200 10151 "http://www.poznajlitwe.testams.vhost.lt/index.php/pl/?shopdetail/Q51801869515" "Mozilla/5.0 (Linux; Android 6.0.1; Nexus 5X Build/MMB29P) AppleWebKit/537.36 (KHTML, like Gecko) Chrome/151.0.7922.173 Mobile Safari/537.36 (compatible; Googlebot/2.1; +http://www.google.com/bot.html)"
66.249.79.231 - - [12/Sep/2026:21:36:37 +0300] "GET /?shopdetail/R51822834320 HTTP/1.1" 301 - "-" "Mozilla/5.0 (Linux; Android 6.0.1; Nexus 5X Build/MMB29P) AppleWebKit/537.36 (KHTML, like Gecko) Chrome/152.0.7977.82 Mobile Safari/537.36 (compatible; Googlebot/2.1; +http://www.google.com/bot.html)"
66.249.79.231 - - [12/Sep/2026:21:36:37 +0300] "GET /index.php/pl/?shopdetail/Z51791391206 HTTP/1.1" 200 54873 "-" "Mozilla/5.0 (Linux; Android 6.0.1; Nexus 5X Build/MMB29P) AppleWebKit/537.36 (KHTML, like Gecko) Chrome/152.0.7977.82 Mobile Safari/537.36 (compatible; Googlebot/2.1; +http://www.google.com/bot.html)"
66.249.79.172 - - [12/Sep/2026:21:36:38 +0300] "GET /media/system/js/core.js?d0efd80bfea2835e175d45e9291370bf HTTP/1.1" 200 8735 "http://www.poznajlitwe.testams.vhost.lt/index.php/pl/?shopdetail/G51801814613" "Mozilla/5.0 (Linux; Android 6.0.1; Nexus 5X Build/MMB29P) AppleWebKit/537.36 (KHTML, like Gecko) Chrome/151.0.7922.173 Mobile Safari/537.36 (compatible; Googlebot/2.1; +http://www.google.com/bot.html)"
66.249.79.172 - - [12/Sep/2026:21:36:40 +0300] "GET /index.php/pl/?shopdetail/K5177273452 HTTP/1.1" 200 54971 "-" "Mozilla/5.0 (Linux; Android 6.0.1; Nexus 5X Build/MMB29P) AppleWebKit/537.36 (KHTML, like Gecko) Chrome/152.0.7977.82 Mobile Safari/537.36 (compatible; Googlebot/2.1; +http://www.google.com/bot.html)"
66.249.79.231 - - [12/Sep/2026:21:36:43 +0300] "GET /?shopdetail/Y5178803979 HTTP/1.1" 301 - "-" "Mozilla/5.0 (Linux; Android 6.0.1; Nexus 5X Build/MMB29P) AppleWebKit/537.36 (KHTML, like Gecko) Chrome/152.0.7977.82 Mobile Safari/537.36 (compatible; Googlebot/2.1; +http://www.google.com/bot.html)"
66.249.79.172 - - [12/Sep/2026:21:36:45 +0300] "GET /?shopdetail/H5178746131 HTTP/1.1" 301 - "-" "Mozilla/5.0 (Linux; Android 6.0.1; Nexus 5X Build/MMB29P) AppleWebKit/537.36 (KHTML, like Gecko) Chrome/152.0.7977.82 Mobile Safari/537.36 (compatible; Googlebot/2.1; +http://www.google.com/bot.html)"
66.249.79.231 - - [12/Sep/2026:21:36:47 +0300] "GET /index.php/pl/?shopdetail/S5178783982 HTTP/1.1" 200 54873 "-" "Mozilla/5.0 (Linux; Android 6.0.1; Nexus 5X Build/MMB29P) AppleWebKit/537.36 (KHTML, like Gecko) Chrome/152.0.7977.82 Mobile Safari/537.36 (compatible; Googlebot/2.1; +http://www.google.com/bot.html)"
66.249.79.231 - - [12/Sep/2026:21:36:54 +0300] "GET /index.php/pl/?shopdetail/U51822678409 HTTP/1.1" 200 54873 "-" "Mozilla/5.0 (Linux; Android 6.0.1; Nexus 5X Build/MMB29P) AppleWebKit/537.36 (KHTML, like Gecko) Chrome/152.0.7977.82 Mobile Safari/537.36 (compatible; Googlebot/2.1; +http://www.google.com/bot.html)"
66.249.79.231 - - [12/Sep/2026:21:36:57 +0300] "GET /index.php/pl/?shopdetail/R51822834320 HTTP/1.1" 200 54873 "-" "Mozilla/5.0 (Linux; Android 6.0.1; Nexus 5X Build/MMB29P) AppleWebKit/537.36 (KHTML, like Gecko) Chrome/152.0.7977.82 Mobile Safari/537.36 (compatible; Googlebot/2.1; +http://www.google.com/bot.html)"
66.249.79.231 - - [12/Sep/2026:21:37:05 +0300] "GET /index.php/pl/?shopdetail/Y5178803979 HTTP/1.1" 200 54873 "-" "Mozilla/5.0 (Linux; Android 6.0.1; Nexus 5X Build/MMB29P) AppleWebKit/537.36 (KHTML, like Gecko) Chrome/152.0.7977.82 Mobile Safari/537.36 (compatible; Googlebot/2.1; +http://www.google.com/bot.html)"
66.249.79.172 - - [12/Sep/2026:21:37:08 +0300] "GET /media/jui/js/jquery.min.js?d0efd80bfea2835e175d45e9291370bf HTTP/1.1" 200 97646 "http://www.poznajlitwe.testams.vhost.lt/index.php/pl/?shopdetail/Z5178803437" "Mozilla/5.0 (Linux; Android 6.0.1; Nexus 5X Build/MMB29P) AppleWebKit/537.36 (KHTML, like Gecko) Chrome/151.0.7922.173 Mobile Safari/537.36 (compatible; Googlebot/2.1; +http://www.google.com/bot.html)"
66.249.79.172 - - [12/Sep/2026:21:37:08 +0300] "GET /index.php/pl/?shopdetail/H5178746131 HTTP/1.1" 200 54971 "-" "Mozilla/5.0 (Linux; Android 6.0.1; Nexus 5X Build/MMB29P) AppleWebKit/537.36 (KHTML, like Gecko) Chrome/152.0.7977.82 Mobile Safari/537.36 (compatible; Googlebot/2.1; +http://www.google.com/bot.html)"
66.249.79.231 - - [12/Sep/2026:21:37:24 +0300] "GET /?shopdetail/T5177118869 HTTP/1.1" 301 - "-" "Mozilla/5.0 (Linux; Android 6.0.1; Nexus 5X Build/MMB29P) AppleWebKit/537.36 (KHTML, like Gecko) Chrome/152.0.7977.82 Mobile Safari/537.36 (compatible; Googlebot/2.1; +http://www.google.com/bot.html)"
66.249.79.172 - - [12/Sep/2026:21:37:25 +0300] "GET /?shopdetail/G51801535910 HTTP/1.1" 301 - "-" "Mozilla/5.0 (Linux; Android 6.0.1; Nexus 5X Build/MMB29P) AppleWebKit/537.36 (KHTML, like Gecko) Chrome/152.0.7977.82 Mobile Safari/537.36 (compatible; Googlebot/2.1; +http://www.google.com/bot.html)"
66.249.79.172 - - [12/Sep/2026:21:37:34 +0300] "GET /media/gantry5/assets/css/bootstrap-gantry.css HTTP/1.1" 200 108941 "http://www.poznajlitwe.testams.vhost.lt/index.php/pl/?shopdetail/J51822597465" "Mozilla/5.0 (Linux; Android 6.0.1; Nexus 5X Build/MMB29P) AppleWebKit/537.36 (KHTML, like Gecko) Chrome/151.0.7922.173 Mobile Safari/537.36 (compatible; Googlebot/2.1; +http://www.google.com/bot.html)"
66.249.79.172 - - [12/Sep/2026:21:37:35 +0300] "GET /media/jui/js/jquery-noconflict.js?d0efd80bfea2835e175d45e9291370bf HTTP/1.1" 200 21 "http://www.poznajlitwe.testams.vhost.lt/index.php/pl/?shopdetail/H51791456873" "Mozilla/5.0 (Linux; Android 6.0.1; Nexus 5X Build/MMB29P) AppleWebKit/537.36 (KHTML, like Gecko) Chrome/151.0.7922.173 Mobile Safari/537.36 (compatible; Googlebot/2.1; +http://www.google.com/bot.html)"
66.249.79.231 - - [12/Sep/2026:21:37:46 +0300] "GET /index.php/pl/?shopdetail/T5177118869 HTTP/1.1" 200 54873 "-" "Mozilla/5.0 (Linux; Android 6.0.1; Nexus 5X Build/MMB29P) AppleWebKit/537.36 (KHTML, like Gecko) Chrome/152.0.7977.82 Mobile Safari/537.36 (compatible; Googlebot/2.1; +http://www.google.com/bot.html)"
66.249.79.172 - - [12/Sep/2026:21:37:48 +0300] "GET /index.php/pl/?shopdetail/G51801535910 HTTP/1.1" 200 54971 "-" "Mozilla/5.0 (Linux; Android 6.0.1; Nexus 5X Build/MMB29P) AppleWebKit/537.36 (KHTML, like Gecko) Chrome/152.0.7977.82 Mobile Safari/537.36 (compatible; Googlebot/2.1; +http://www.google.com/bot.html)"
66.249.79.231 - - [12/Sep/2026:21:37:49 +0300] "GET /?shopdetail/V5177123982 HTTP/1.1" 301 - "-" "Mozilla/5.0 (Linux; Android 6.0.1; Nexus 5X Build/MMB29P) AppleWebKit/537.36 (KHTML, like Gecko) Chrome/152.0.7977.82 Mobile Safari/537.36 (compatible; Googlebot/2.1; +http://www.google.com/bot.html)"
66.249.79.172 - - [12/Sep/2026:21:37:51 +0300] "GET /?shopdetail/Y51791172707 HTTP/1.1" 301 - "-" "Mozilla/5.0 (Linux; Android 6.0.1; Nexus 5X Build/MMB29P) AppleWebKit/537.36 (KHTML, like Gecko) Chrome/152.0.7977.82 Mobile Safari/537.36 (compatible; Googlebot/2.1; +http://www.google.com/bot.html)"
66.249.79.172 - - [12/Sep/2026:21:37:58 +0300] "GET /media/jui/css/icomoon.css HTTP/1.1" 200 11814 "http://www.poznajlitwe.testams.vhost.lt/index.php/pl/?shopdetail/V5177464143" "Mozilla/5.0 (Linux; Android 6.0.1; Nexus 5X Build/MMB29P) AppleWebKit/537.36 (KHTML, like Gecko) Chrome/151.0.7922.173 Mobile Safari/537.36 (compatible; Googlebot/2.1; +http://www.google.com/bot.html)"
66.249.79.172 - - [12/Sep/2026:21:38:02 +0300] "GET /?shopdetail/C51812350097 HTTP/1.1" 301 - "-" "Mozilla/5.0 (Linux; Android 6.0.1; Nexus 5X Build/MMB29P) AppleWebKit/537.36 (KHTML, like Gecko) Chrome/152.0.7977.82 Mobile Safari/537.36 (compatible; Googlebot/2.1; +http://www.google.com/bot.html)"
66.249.79.233 - - [12/Sep/2026:21:38:09 +0300] "GET /?shopdetail/Q5178674653 HTTP/1.1" 301 - "-" "Mozilla/5.0 (Linux; Android 6.0.1; Nexus 5X Build/MMB29P) AppleWebKit/537.36 (KHTML, like Gecko) Chrome/152.0.7977.82 Mobile Safari/537.36 (compatible; Googlebot/2.1; +http://www.google.com/bot.html)"
66.249.79.233 - - [12/Sep/2026:21:38:10 +0300] "GET /index.php/pl/?shopdetail/V5177123982 HTTP/1.1" 200 54873 "-" "Mozilla/5.0 (Linux; Android 6.0.1; Nexus 5X Build/MMB29P) AppleWebKit/537.36 (KHTML, like Gecko) Chrome/152.0.7977.82 Mobile Safari/537.36 (compatible; Googlebot/2.1; +http://www.google.com/bot.html)"
66.249.79.172 - - [12/Sep/2026:21:38:13 +0300] "GET /index.php/pl/?shopdetail/Y51791172707 HTTP/1.1" 200 54971 "-" "Mozilla/5.0 (Linux; Android 6.0.1; Nexus 5X Build/MMB29P) AppleWebKit/537.36 (KHTML, like Gecko) Chrome/152.0.7977.82 Mobile Safari/537.36 (compatible; Googlebot/2.1; +http://www.google.com/bot.html)"
66.249.79.172 - - [12/Sep/2026:21:38:21 +0300] "GET /media/gantry5/engines/nucleus/css-compiled/joomla.css HTTP/1.1" 200 10151 "http://www.poznajlitwe.testams.vhost.lt/index.php/pl/?shopdetail/S51791363345" "Mozilla/5.0 (Linux; Android 6.0.1; Nexus 5X Build/MMB29P) AppleWebKit/537.36 (KHTML, like Gecko) Chrome/151.0.7922.173 Mobile Safari/537.36 (compatible; Googlebot/2.1; +http://www.google.com/bot.html)"
66.249.79.172 - - [12/Sep/2026:21:38:22 +0300] "GET /index.php/pl/?shopdetail/C51812350097 HTTP/1.1" 200 54971 "-" "Mozilla/5.0 (Linux; Android 6.0.1; Nexus 5X Build/MMB29P) AppleWebKit/537.36 (KHTML, like Gecko) Chrome/152.0.7977.82 Mobile Safari/537.36 (compatible; Googlebot/2.1; +http://www.google.com/bot.html)"
66.249.79.231 - - [12/Sep/2026:21:38:31 +0300] "GET /index.php/pl/?shopdetail/Q5178674653 HTTP/1.1" 200 54873 "-" "Mozilla/5.0 (Linux; Android 6.0.1; Nexus 5X Build/MMB29P) AppleWebKit/537.36 (KHTML, like Gecko) Chrome/152.0.7977.82 Mobile Safari/537.36 (compatible; Googlebot/2.1; +http://www.google.com/bot.html)"
66.249.79.231 - - [12/Sep/2026:21:38:32 +0300] "GET /?shopdetail/U5178603802 HTTP/1.1" 301 - "-" "Mozilla/5.0 (Linux; Android 6.0.1; Nexus 5X Build/MMB29P) AppleWebKit/537.36 (KHTML, like Gecko) Chrome/152.0.7977.82 Mobile Safari/537.36 (compatible; Googlebot/2.1; +http://www.google.com/bot.html)"
66.249.79.172 - - [12/Sep/2026:21:38:41 +0300] "GET /?shopdetail/M51801593911 HTTP/1.1" 301 - "-" "Mozilla/5.0 (Linux; Android 6.0.1; Nexus 5X Build/MMB29P) AppleWebKit/537.36 (KHTML, like Gecko) Chrome/152.0.7977.82 Mobile Safari/537.36 (compatible; Googlebot/2.1; +http://www.google.com/bot.html)"
66.249.79.172 - - [12/Sep/2026:21:38:42 +0300] "GET /media/gantry5/engines/nucleus/css-compiled/joomla.css HTTP/1.1" 200 10151 "http://www.poznajlitwe.testams.vhost.lt/index.php/pl/?shopdetail/W51801784135" "Mozilla/5.0 (Linux; Android 6.0.1; Nexus 5X Build/MMB29P) AppleWebKit/537.36 (KHTML, like Gecko) Chrome/151.0.7922.173 Mobile Safari/537.36 (compatible; Googlebot/2.1; +http://www.google.com/bot.html)"
66.249.79.231 - - [12/Sep/2026:21:38:43 +0300] "GET /?shopdetail/Z51812449193 HTTP/1.1" 301 - "-" "Mozilla/5.0 (Linux; Android 6.0.1; Nexus 5X Build/MMB29P) AppleWebKit/537.36 (KHTML, like Gecko) Chrome/152.0.7977.82 Mobile Safari/537.36 (compatible; Googlebot/2.1; +http://www.google.com/bot.html)"
66.249.79.231 - - [12/Sep/2026:21:38:54 +0300] "GET /index.php/pl/?shopdetail/U5178603802 HTTP/1.1" 200 54873 "-" "Mozilla/5.0 (Linux; Android 6.0.1; Nexus 5X Build/MMB29P) AppleWebKit/537.36 (KHTML, like Gecko) Chrome/152.0.7977.82 Mobile Safari/537.36 (compatible; Googlebot/2.1; +http://www.google.com/bot.html)"
66.249.79.172 - - [12/Sep/2026:21:38:57 +0300] "GET /?shopdetail/W51801592548 HTTP/1.1" 301 - "-" "Mozilla/5.0 (Linux; Android 6.0.1; Nexus 5X Build/MMB29P) AppleWebKit/537.36 (KHTML, like Gecko) Chrome/152.0.7977.82 Mobile Safari/537.36 (compatible; Googlebot/2.1; +http://www.google.com/bot.html)"
66.249.79.173 - - [12/Sep/2026:21:39:01 +0300] "GET /index.php/pl/?shopdetail/M51801593911 HTTP/1.1" 200 54971 "-" "Mozilla/5.0 (Linux; Android 6.0.1; Nexus 5X Build/MMB29P) AppleWebKit/537.36 (KHTML, like Gecko) Chrome/152.0.7977.82 Mobile Safari/537.36 (compatible; Googlebot/2.1; +http://www.google.com/bot.html)"
66.249.79.233 - - [12/Sep/2026:21:39:04 +0300] "GET /index.php/pl/?shopdetail/Z51812449193 HTTP/1.1" 200 54873 "-" "Mozilla/5.0 (Linux; Android 6.0.1; Nexus 5X Build/MMB29P) AppleWebKit/537.36 (KHTML, like Gecko) Chrome/152.0.7977.82 Mobile Safari/537.36 (compatible; Googlebot/2.1; +http://www.google.com/bot.html)"
66.249.79.231 - - [12/Sep/2026:21:39:07 +0300] "GET /?shopdetail/N51812234253 HTTP/1.1" 301 - "-" "Mozilla/5.0 (Linux; Android 6.0.1; Nexus 5X Build/MMB29P) AppleWebKit/537.36 (KHTML, like Gecko) Chrome/152.0.7977.82 Mobile Safari/537.36 (compatible; Googlebot/2.1; +http://www.google.com/bot.html)"
66.249.79.173 - - [12/Sep/2026:21:39:16 +0300] "GET /?shopdetail/B51812307093 HTTP/1.1" 301 - "-" "Mozilla/5.0 (Linux; Android 6.0.1; Nexus 5X Build/MMB29P) AppleWebKit/537.36 (KHTML, like Gecko) Chrome/152.0.7977.82 Mobile Safari/537.36 (compatible; Googlebot/2.1; +http://www.google.com/bot.html)"
66.249.79.172 - - [12/Sep/2026:21:39:18 +0300] "GET /index.php/pl/?shopdetail/W51801592548 HTTP/1.1" 200 54971 "-" "Mozilla/5.0 (Linux; Android 6.0.1; Nexus 5X Build/MMB29P) AppleWebKit/537.36 (KHTML, like Gecko) Chrome/152.0.7977.82 Mobile Safari/537.36 (compatible; Googlebot/2.1; +http://www.google.com/bot.html)"
66.249.79.172 - - [12/Sep/2026:21:39:21 +0300] "GET /?shopdetail/I5177345371 HTTP/1.1" 301 - "-" "Mozilla/5.0 (Linux; Android 6.0.1; Nexus 5X Build/MMB29P) AppleWebKit/537.36 (KHTML, like Gecko) Chrome/152.0.7977.82 Mobile Safari/537.36 (compatible; Googlebot/2.1; +http://www.google.com/bot.html)"
66.249.79.231 - - [12/Sep/2026:21:39:26 +0300] "GET /index.php/pl/?shopdetail/N51812234253 HTTP/1.1" 200 54873 "-" "Mozilla/5.0 (Linux; Android 6.0.1; Nexus 5X Build/MMB29P) AppleWebKit/537.36 (KHTML, like Gecko) Chrome/152.0.7977.82 Mobile Safari/537.36 (compatible; Googlebot/2.1; +http://www.google.com/bot.html)"
66.249.79.172 - - [12/Sep/2026:21:39:36 +0300] "GET /index.php/pl/?shopdetail/B51812307093 HTTP/1.1" 200 54971 "-" "Mozilla/5.0 (Linux; Android 6.0.1; Nexus 5X Build/MMB29P) AppleWebKit/537.36 (KHTML, like Gecko) Chrome/152.0.7977.82 Mobile Safari/537.36 (compatible; Googlebot/2.1; +http://www.google.com/bot.html)"
66.249.79.231 - - [12/Sep/2026:21:39:41 +0300] "GET /?shopdetail/X51822808365 HTTP/1.1" 301 - "-" "Mozilla/5.0 (Linux; Android 6.0.1; Nexus 5X Build/MMB29P) AppleWebKit/537.36 (KHTML, like Gecko) Chrome/152.0.7977.82 Mobile Safari/537.36 (compatible; Googlebot/2.1; +http://www.google.com/bot.html)"
66.249.79.172 - - [12/Sep/2026:21:39:44 +0300] "GET /index.php/pl/?shopdetail/I5177345371 HTTP/1.1" 200 54971 "-" "Mozilla/5.0 (Linux; Android 6.0.1; Nexus 5X Build/MMB29P) AppleWebKit/537.36 (KHTML, like Gecko) Chrome/152.0.7977.82 Mobile Safari/537.36 (compatible; Googlebot/2.1; +http://www.google.com/bot.html)"
66.249.79.172 - - [12/Sep/2026:21:39:46 +0300] "GET /?shopdetail/R51791467503 HTTP/1.1" 301 - "-" "Mozilla/5.0 (Linux; Android 6.0.1; Nexus 5X Build/MMB29P) AppleWebKit/537.36 (KHTML, like Gecko) Chrome/152.0.7977.82 Mobile Safari/537.36 (compatible; Googlebot/2.1; +http://www.google.com/bot.html)"
66.249.79.233 - - [12/Sep/2026:21:40:03 +0300] "GET /index.php/pl/?shopdetail/X51822808365 HTTP/1.1" 200 54873 "-" "Mozilla/5.0 (Linux; Android 6.0.1; Nexus 5X Build/MMB29P) AppleWebKit/537.36 (KHTML, like Gecko) Chrome/152.0.7977.82 Mobile Safari/537.36 (compatible; Googlebot/2.1; +http://www.google.com/bot.html)"
66.249.79.172 - - [12/Sep/2026:21:40:05 +0300] "GET /media/gantry5/engines/nucleus/css-compiled/nucleus.css HTTP/1.1" 200 34265 "http://www.poznajlitwe.testams.vhost.lt/index.php/pl/?shopdetail/Q5177311763" "Mozilla/5.0 (Linux; Android 6.0.1; Nexus 5X Build/MMB29P) AppleWebKit/537.36 (KHTML, like Gecko) Chrome/151.0.7922.173 Mobile Safari/537.36 (compatible; Googlebot/2.1; +http://www.google.com/bot.html)"
66.249.79.172 - - [12/Sep/2026:21:40:08 +0300] "GET /index.php/pl/?shopdetail/R51791467503 HTTP/1.1" 200 54971 "-" "Mozilla/5.0 (Linux; Android 6.0.1; Nexus 5X Build/MMB29P) AppleWebKit/537.36 (KHTML, like Gecko) Chrome/152.0.7977.82 Mobile Safari/537.36 (compatible; Googlebot/2.1; +http://www.google.com/bot.html)"
66.249.79.232 - - [12/Sep/2026:21:40:16 +0300] "GET /?shopdetail/Y51801840822 HTTP/1.1" 301 - "-" "Mozilla/5.0 (Linux; Android 6.0.1; Nexus 5X Build/MMB29P) AppleWebKit/537.36 (KHTML, like Gecko) Chrome/152.0.7977.82 Mobile Safari/537.36 (compatible; Googlebot/2.1; +http://www.google.com/bot.html)"
66.249.79.172 - - [12/Sep/2026:21:40:23 +0300] "GET /?shopdetail/C51791403428 HTTP/1.1" 301 - "-" "Mozilla/5.0 (Linux; Android 6.0.1; Nexus 5X Build/MMB29P) AppleWebKit/537.36 (KHTML, like Gecko) Chrome/152.0.7977.82 Mobile Safari/537.36 (compatible; Googlebot/2.1; +http://www.google.com/bot.html)"
66.249.79.231 - - [12/Sep/2026:21:40:32 +0300] "GET /?shopdetail/G5178670661 HTTP/1.1" 301 - "-" "Mozilla/5.0 (Linux; Android 6.0.1; Nexus 5X Build/MMB29P) AppleWebKit/537.36 (KHTML, like Gecko) Chrome/152.0.7977.82 Mobile Safari/537.36 (compatible; Googlebot/2.1; +http://www.google.com/bot.html)"
66.249.79.231 - - [12/Sep/2026:21:40:37 +0300] "GET /index.php/pl/?shopdetail/Y51801840822 HTTP/1.1" 200 54873 "-" "Mozilla/5.0 (Linux; Android 6.0.1; Nexus 5X Build/MMB29P) AppleWebKit/537.36 (KHTML, like Gecko) Chrome/152.0.7977.82 Mobile Safari/537.36 (compatible; Googlebot/2.1; +http://www.google.com/bot.html)"
66.249.79.172 - - [12/Sep/2026:21:40:44 +0300] "GET /index.php/pl/?shopdetail/C51791403428 HTTP/1.1" 200 54971 "-" "Mozilla/5.0 (Linux; Android 6.0.1; Nexus 5X Build/MMB29P) AppleWebKit/537.36 (KHTML, like Gecko) Chrome/152.0.7977.82 Mobile Safari/537.36 (compatible; Googlebot/2.1; +http://www.google.com/bot.html)"
66.249.79.172 - - [12/Sep/2026:21:40:50 +0300] "GET /?shopdetail/K5178547328 HTTP/1.1" 301 - "-" "Mozilla/5.0 (Linux; Android 6.0.1; Nexus 5X Build/MMB29P) AppleWebKit/537.36 (KHTML, like Gecko) Chrome/152.0.7977.82 Mobile Safari/537.36 (compatible; Googlebot/2.1; +http://www.google.com/bot.html)"
66.249.79.231 - - [12/Sep/2026:21:40:52 +0300] "GET /index.php/pl/?shopdetail/G5178670661 HTTP/1.1" 200 54873 "-" "Mozilla/5.0 (Linux; Android 6.0.1; Nexus 5X Build/MMB29P) AppleWebKit/537.36 (KHTML, like Gecko) Chrome/152.0.7977.82 Mobile Safari/537.36 (compatible; Googlebot/2.1; +http://www.google.com/bot.html)"
66.249.79.231 - - [12/Sep/2026:21:41:07 +0300] "GET /?shopdetail/I51812388037 HTTP/1.1" 301 - "-" "Mozilla/5.0 (Linux; Android 6.0.1; Nexus 5X Build/MMB29P) AppleWebKit/537.36 (KHTML, like Gecko) Chrome/152.0.7977.82 Mobile Safari/537.36 (compatible; Googlebot/2.1; +http://www.google.com/bot.html)"
66.249.79.172 - - [12/Sep/2026:21:41:12 +0300] "GET /index.php/pl/?shopdetail/K5178547328 HTTP/1.1" 200 54971 "-" "Mozilla/5.0 (Linux; Android 6.0.1; Nexus 5X Build/MMB29P) AppleWebKit/537.36 (KHTML, like Gecko) Chrome/152.0.7977.82 Mobile Safari/537.36 (compatible; Googlebot/2.1; +http://www.google.com/bot.html)"
66.249.79.172 - - [12/Sep/2026:21:41:16 +0300] "GET /?shopdetail/Y51801749609 HTTP/1.1" 301 - "-" "Mozilla/5.0 (Linux; Android 6.0.1; Nexus 5X Build/MMB29P) AppleWebKit/537.36 (KHTML, like Gecko) Chrome/152.0.7977.82 Mobile Safari/537.36 (compatible; Googlebot/2.1; +http://www.google.com/bot.html)"
66.249.79.232 - - [12/Sep/2026:21:41:28 +0300] "GET /index.php/pl/?shopdetail/I51812388037 HTTP/1.1" 200 54873 "-" "Mozilla/5.0 (Linux; Android 6.0.1; Nexus 5X Build/MMB29P) AppleWebKit/537.36 (KHTML, like Gecko) Chrome/152.0.7977.82 Mobile Safari/537.36 (compatible; Googlebot/2.1; +http://www.google.com/bot.html)"
66.249.79.231 - - [12/Sep/2026:21:41:29 +0300] "GET /?shopdetail/Q51812250766 HTTP/1.1" 301 - "-" "Mozilla/5.0 (Linux; Android 6.0.1; Nexus 5X Build/MMB29P) AppleWebKit/537.36 (KHTML, like Gecko) Chrome/152.0.7977.82 Mobile Safari/537.36 (compatible; Googlebot/2.1; +http://www.google.com/bot.html)"
66.249.79.172 - - [12/Sep/2026:21:41:32 +0300] "GET /templates/it_startup/js/pagePreloader.js HTTP/1.1" 200 7068 "http://www.poznajlitwe.testams.vhost.lt/index.php/pl/?shopdetail/Z51791433150" "Mozilla/5.0 (Linux; Android 6.0.1; Nexus 5X Build/MMB29P) AppleWebKit/537.36 (KHTML, like Gecko) Chrome/151.0.7922.173 Mobile Safari/537.36 (compatible; Googlebot/2.1; +http://www.google.com/bot.html)"
66.249.79.172 - - [12/Sep/2026:21:41:34 +0300] "GET /?shopdetail/M517724266 HTTP/1.1" 301 - "-" "Mozilla/5.0 (Linux; Android 6.0.1; Nexus 5X Build/MMB29P) AppleWebKit/537.36 (KHTML, like Gecko) Chrome/152.0.7977.82 Mobile Safari/537.36 (compatible; Googlebot/2.1; +http://www.google.com/bot.html)"
66.249.79.173 - - [12/Sep/2026:21:41:35 +0300] "GET /media/gantry5/engines/nucleus/css-compiled/joomla.css HTTP/1.1" 200 10151 "http://www.poznajlitwe.testams.vhost.lt/index.php/pl/?shopdetail/S51812177865" "Mozilla/5.0 (Linux; Android 6.0.1; Nexus 5X Build/MMB29P) AppleWebKit/537.36 (KHTML, like Gecko) Chrome/151.0.7922.173 Mobile Safari/537.36 (compatible; Googlebot/2.1; +http://www.google.com/bot.html)"
66.249.79.172 - - [12/Sep/2026:21:41:37 +0300] "GET /index.php/pl/?shopdetail/Y51801749609 HTTP/1.1" 200 54971 "-" "Mozilla/5.0 (Linux; Android 6.0.1; Nexus 5X Build/MMB29P) AppleWebKit/537.36 (KHTML, like Gecko) Chrome/152.0.7977.82 Mobile Safari/537.36 (compatible; Googlebot/2.1; +http://www.google.com/bot.html)"
66.249.79.172 - - [12/Sep/2026:21:41:44 +0300] "GET /media/gantry5/engines/nucleus/css-compiled/joomla.css HTTP/1.1" 200 10151 "http://www.poznajlitwe.testams.vhost.lt/index.php/pl/?shopdetail/I5177149856" "Mozilla/5.0 (Linux; Android 6.0.1; Nexus 5X Build/MMB29P) AppleWebKit/537.36 (KHTML, like Gecko) Chrome/151.0.7922.173 Mobile Safari/537.36 (compatible; Googlebot/2.1; +http://www.google.com/bot.html)"
66.249.79.231 - - [12/Sep/2026:21:41:51 +0300] "GET /index.php/pl/?shopdetail/Q51812250766 HTTP/1.1" 200 54873 "-" "Mozilla/5.0 (Linux; Android 6.0.1; Nexus 5X Build/MMB29P) AppleWebKit/537.36 (KHTML, like Gecko) Chrome/152.0.7977.82 Mobile Safari/537.36 (compatible; Googlebot/2.1; +http://www.google.com/bot.html)"
66.249.79.160 - - [12/Sep/2026:21:41:56 +0300] "GET /index.php/pl/?shopdetail/M517724266 HTTP/1.1" 200 54971 "-" "Mozilla/5.0 (Linux; Android 6.0.1; Nexus 5X Build/MMB29P) AppleWebKit/537.36 (KHTML, like Gecko) Chrome/152.0.7977.82 Mobile Safari/537.36 (compatible; Googlebot/2.1; +http://www.google.com/bot.html)"
66.249.79.232 - - [12/Sep/2026:21:42:11 +0300] "GET /?shopdetail/Q51801582747 HTTP/1.1" 301 - "-" "Mozilla/5.0 (Linux; Android 6.0.1; Nexus 5X Build/MMB29P) AppleWebKit/537.36 (KHTML, like Gecko) Chrome/152.0.7977.82 Mobile Safari/537.36 (compatible; Googlebot/2.1; +http://www.google.com/bot.html)"
66.249.79.173 - - [12/Sep/2026:21:42:13 +0300] "GET /templates/it_startup/uikit/css/uikit.min.css HTTP/1.1" 200 113947 "http://www.poznajlitwe.testams.vhost.lt/index.php/pl/?shopdetail/Y517797652" "Mozilla/5.0 (Linux; Android 6.0.1; Nexus 5X Build/MMB29P) AppleWebKit/537.36 (KHTML, like Gecko) Chrome/151.0.7922.173 Mobile Safari/537.36 (compatible; Googlebot/2.1; +http://www.google.com/bot.html)"
66.249.79.172 - - [12/Sep/2026:21:42:15 +0300] "GET /?shopdetail/M5177124623 HTTP/1.1" 301 - "-" "Mozilla/5.0 (Linux; Android 6.0.1; Nexus 5X Build/MMB29P) AppleWebKit/537.36 (KHTML, like Gecko) Chrome/152.0.7977.82 Mobile Safari/537.36 (compatible; Googlebot/2.1; +http://www.google.com/bot.html)"
72.14.199.44 - - [12/Sep/2026:21:42:16 +0300] "GET /?shopdetail/R5177434218 HTTP/1.1" 301 - "-" "Mozilla/5.0 (X11; Linux x86_64) AppleWebKit/537.36 (KHTML, like Gecko) Chrome/152.0.7977.64 Safari/537.36"
66.249.79.173 - - [12/Sep/2026:21:42:16 +0300] "GET /templates/it_startup/uikit/css/uikit.min.css HTTP/1.1" 200 113947 "http://www.poznajlitwe.testams.vhost.lt/index.php/pl/?shopdetail/Y51812282005" "Mozilla/5.0 (Linux; Android 6.0.1; Nexus 5X Build/MMB29P) AppleWebKit/537.36 (KHTML, like Gecko) Chrome/151.0.7922.173 Mobile Safari/537.36 (compatible; Googlebot/2.1; +http://www.google.com/bot.html)"
72.14.199.44 - - [12/Sep/2026:21:42:17 +0300] "GET /index.php/pl/?shopdetail/R5177434218 HTTP/1.1" 200 54971 "-" "Mozilla/5.0 (X11; Linux x86_64) AppleWebKit/537.36 (KHTML, like Gecko) Chrome/152.0.7977.64 Safari/537.36"
72.14.199.44 - - [12/Sep/2026:21:42:20 +0300] "GET /components/com_sppagebuilder/assets/css/animate.min.css HTTP/1.1" 200 53431 "http://www.poznajlitwe.testams.vhost.lt/index.php/pl/?shopdetail/R5177434218" "Mozilla/5.0 (X11; Linux x86_64) AppleWebKit/537.36 (KHTML, like Gecko) Chrome/152.0.7977.64 Safari/537.36"
72.14.199.44 - - [12/Sep/2026:21:42:21 +0300] "GET /components/com_sppagebuilder/assets/css/magnific-popup.css HTTP/1.1" 200 5920 "http://www.poznajlitwe.testams.vhost.lt/index.php/pl/?shopdetail/R5177434218" "Mozilla/5.0 (X11; Linux x86_64) AppleWebKit/537.36 (KHTML, like Gecko) Chrome/152.0.7977.64 Safari/537.36"
66.249.79.172 - - [12/Sep/2026:21:42:21 +0300] "GET /templates/it_startup/js/pagePreloader.js HTTP/1.1" 200 7068 "http://www.poznajlitwe.testams.vhost.lt/index.php/pl/?shopdetail/X5178782002" "Mozilla/5.0 (Linux; Android 6.0.1; Nexus 5X Build/MMB29P) AppleWebKit/537.36 (KHTML, like Gecko) Chrome/151.0.7922.173 Mobile Safari/537.36 (compatible; Googlebot/2.1; +http://www.google.com/bot.html)"
72.14.199.44 - - [12/Sep/2026:21:42:21 +0300] "GET /media/gantry5/engines/nucleus/css-compiled/joomla.css HTTP/1.1" 200 10151 "http://www.poznajlitwe.testams.vhost.lt/index.php/pl/?shopdetail/R5177434218" "Mozilla/5.0 (X11; Linux x86_64) AppleWebKit/537.36 (KHTML, like Gecko) Chrome/152.0.7977.64 Safari/537.36"
66.249.79.172 - - [12/Sep/2026:21:42:22 +0300] "GET /?shopdetail/H5178668245 HTTP/1.1" 301 - "-" "Mozilla/5.0 (Linux; Android 6.0.1; Nexus 5X Build/MMB29P) AppleWebKit/537.36 (KHTML, like Gecko) Chrome/152.0.7977.82 Mobile Safari/537.36 (compatible; Googlebot/2.1; +http://www.google.com/bot.html)"
72.14.199.44 - - [12/Sep/2026:21:42:22 +0300] "GET /templates/it_startup/custom/css-compiled/custom_16.css HTTP/1.1" 200 9093 "http://www.poznajlitwe.testams.vhost.lt/index.php/pl/?shopdetail/R5177434218" "Mozilla/5.0 (X11; Linux x86_64) AppleWebKit/537.36 (KHTML, like Gecko) Chrome/152.0.7977.64 Safari/537.36"
72.14.199.44 - - [12/Sep/2026:21:42:22 +0300] "GET /templates/it_startup/custom/css-compiled/startup-joomla_16.css HTTP/1.1" 200 89055 "http://www.poznajlitwe.testams.vhost.lt/index.php/pl/?shopdetail/R5177434218" "Mozilla/5.0 (X11; Linux x86_64) AppleWebKit/537.36 (KHTML, like Gecko) Chrome/152.0.7977.64 Safari/537.36"
72.14.199.44 - - [12/Sep/2026:21:42:23 +0300] "GET /components/com_sppagebuilder/assets/css/sppagecontainer.css HTTP/1.1" 200 268 "http://www.poznajlitwe.testams.vhost.lt/index.php/pl/?shopdetail/R5177434218" "Mozilla/5.0 (X11; Linux x86_64) AppleWebKit/537.36 (KHTML, like Gecko) Chrome/152.0.7977.64 Safari/537.36"
72.14.199.44 - - [12/Sep/2026:21:42:24 +0300] "GET /templates/it_startup/custom/css-compiled/startup_16.css HTTP/1.1" 200 321905 "http://www.poznajlitwe.testams.vhost.lt/index.php/pl/?shopdetail/R5177434218" "Mozilla/5.0 (X11; Linux x86_64) AppleWebKit/537.36 (KHTML, like Gecko) Chrome/152.0.7977.64 Safari/537.36"
72.14.199.44 - - [12/Sep/2026:21:42:26 +0300] "GET /media/gantry5/assets/css/bootstrap-gantry.css HTTP/1.1" 200 108941 "http://www.poznajlitwe.testams.vhost.lt/index.php/pl/?shopdetail/R5177434218" "Mozilla/5.0 (X11; Linux x86_64) AppleWebKit/537.36 (KHTML, like Gecko) Chrome/152.0.7977.64 Safari/537.36"
72.14.199.44 - - [12/Sep/2026:21:42:27 +0300] "GET /media/gantry5/assets/css/font-awesome.min.css HTTP/1.1" 200 31000 "http://www.poznajlitwe.testams.vhost.lt/index.php/pl/?shopdetail/R5177434218" "Mozilla/5.0 (X11; Linux x86_64) AppleWebKit/537.36 (KHTML, like Gecko) Chrome/152.0.7977.64 Safari/537.36"
72.14.199.44 - - [12/Sep/2026:21:42:27 +0300] "GET /media/gantry5/engines/nucleus/css-compiled/nucleus.css HTTP/1.1" 200 34265 "http://www.poznajlitwe.testams.vhost.lt/index.php/pl/?shopdetail/R5177434218" "Mozilla/5.0 (X11; Linux x86_64) AppleWebKit/537.36 (KHTML, like Gecko) Chrome/152.0.7977.64 Safari/537.36"
72.14.199.44 - - [12/Sep/2026:21:42:28 +0300] "GET /media/jui/js/jquery-noconflict.js?d0efd80bfea2835e175d45e9291370bf HTTP/1.1" 200 21 "http://www.poznajlitwe.testams.vhost.lt/index.php/pl/?shopdetail/R5177434218" "Mozilla/5.0 (X11; Linux x86_64) AppleWebKit/537.36 (KHTML, like Gecko) Chrome/152.0.7977.64 Safari/537.36"
72.14.199.44 - - [12/Sep/2026:21:42:28 +0300] "GET /media/mod_falang/css/template.css HTTP/1.1" 200 1200 "http://www.poznajlitwe.testams.vhost.lt/index.php/pl/?shopdetail/R5177434218" "Mozilla/5.0 (X11; Linux x86_64) AppleWebKit/537.36 (KHTML, like Gecko) Chrome/152.0.7977.64 Safari/537.36"
72.14.199.44 - - [12/Sep/2026:21:42:28 +0300] "GET /media/jui/js/bootstrap.min.js?d0efd80bfea2835e175d45e9291370bf HTTP/1.1" 200 29126 "http://www.poznajlitwe.testams.vhost.lt/index.php/pl/?shopdetail/R5177434218" "Mozilla/5.0 (X11; Linux x86_64) AppleWebKit/537.36 (KHTML, like Gecko) Chrome/152.0.7977.64 Safari/537.36"
72.14.199.44 - - [12/Sep/2026:21:42:29 +0300] "GET /components/com_sppagebuilder/assets/js/jquery.magnific-popup.min.js HTTP/1.1" 200 19991 "http://www.poznajlitwe.testams.vhost.lt/index.php/pl/?shopdetail/R5177434218" "Mozilla/5.0 (X11; Linux x86_64) AppleWebKit/537.36 (KHTML, like Gecko) Chrome/152.0.7977.64 Safari/537.36"
72.14.199.44 - - [12/Sep/2026:21:42:29 +0300] "GET /components/com_sppagebuilder/assets/css/sppagebuilder.css HTTP/1.1" 200 102517 "http://www.poznajlitwe.testams.vhost.lt/index.php/pl/?shopdetail/R5177434218" "Mozilla/5.0 (X11; Linux x86_64) AppleWebKit/537.36 (KHTML, like Gecko) Chrome/152.0.7977.64 Safari/537.36"
72.14.199.44 - - [12/Sep/2026:21:42:30 +0300] "GET /components/com_sppagebuilder/assets/css/font-awesome.min.css HTTP/1.1" 200 30961 "http://www.poznajlitwe.testams.vhost.lt/index.php/pl/?shopdetail/R5177434218" "Mozilla/5.0 (X11; Linux x86_64) AppleWebKit/537.36 (KHTML, like Gecko) Chrome/152.0.7977.64 Safari/537.36"
72.14.199.44 - - [12/Sep/2026:21:42:31 +0300] "GET /media/system/js/core.js?d0efd80bfea2835e175d45e9291370bf HTTP/1.1" 200 8735 "http://www.poznajlitwe.testams.vhost.lt/index.php/pl/?shopdetail/R5177434218" "Mozilla/5.0 (X11; Linux x86_64) AppleWebKit/537.36 (KHTML, like Gecko) Chrome/152.0.7977.64 Safari/537.36"
72.14.199.44 - - [12/Sep/2026:21:42:31 +0300] "GET /media/jui/css/icomoon.css HTTP/1.1" 200 11814 "http://www.poznajlitwe.testams.vhost.lt/index.php/pl/?shopdetail/R5177434218" "Mozilla/5.0 (X11; Linux x86_64) AppleWebKit/537.36 (KHTML, like Gecko) Chrome/152.0.7977.64 Safari/537.36"
72.14.199.44 - - [12/Sep/2026:21:42:32 +0300] "GET /media/n2/n/dist/nextend-gsap.min.js?1530628338 HTTP/1.1" 200 97289 "http://www.poznajlitwe.testams.vhost.lt/index.php/pl/?shopdetail/R5177434218" "Mozilla/5.0 (X11; Linux x86_64) AppleWebKit/537.36 (KHTML, like Gecko) Chrome/152.0.7977.64 Safari/537.36"
72.14.199.44 - - [12/Sep/2026:21:42:33 +0300] "GET /media/n2/n/dist/nextend-frontend.min.js?1530628338 HTTP/1.1" 200 63879 "http://www.poznajlitwe.testams.vhost.lt/index.php/pl/?shopdetail/R5177434218" "Mozilla/5.0 (X11; Linux x86_64) AppleWebKit/537.36 (KHTML, like Gecko) Chrome/152.0.7977.64 Safari/537.36"
72.14.199.44 - - [12/Sep/2026:21:42:33 +0300] "GET /components/com_sppagebuilder/assets/js/jquery.parallax-1.1.3.js HTTP/1.1" 200 892 "http://www.poznajlitwe.testams.vhost.lt/index.php/pl/?shopdetail/R5177434218" "Mozilla/5.0 (X11; Linux x86_64) AppleWebKit/537.36 (KHTML, like Gecko) Chrome/152.0.7977.64 Safari/537.36"
72.14.199.44 - - [12/Sep/2026:21:42:34 +0300] "GET /media/n2/n/dist/n2-j.min.js?1530628338 HTTP/1.1" 200 99988 "http://www.poznajlitwe.testams.vhost.lt/index.php/pl/?shopdetail/R5177434218" "Mozilla/5.0 (X11; Linux x86_64) AppleWebKit/537.36 (KHTML, like Gecko) Chrome/152.0.7977.64 Safari/537.36"
72.14.199.44 - - [12/Sep/2026:21:42:35 +0300] "GET /media/n2/ss3/dist/smartslider-frontend.min.js?1530628338 HTTP/1.1" 200 182193 "http://www.poznajlitwe.testams.vhost.lt/index.php/pl/?shopdetail/R5177434218" "Mozilla/5.0 (X11; Linux x86_64) AppleWebKit/537.36 (KHTML, like Gecko) Chrome/152.0.7977.64 Safari/537.36"
72.14.199.44 - - [12/Sep/2026:21:42:36 +0300] "GET /media/jui/js/jquery-migrate.min.js?d0efd80bfea2835e175d45e9291370bf HTTP/1.1" 200 10056 "http://www.poznajlitwe.testams.vhost.lt/index.php/pl/?shopdetail/R5177434218" "Mozilla/5.0 (X11; Linux x86_64) AppleWebKit/537.36 (KHTML, like Gecko) Chrome/152.0.7977.64 Safari/537.36"
72.14.199.44 - - [12/Sep/2026:21:42:36 +0300] "GET /components/com_sppagebuilder/assets/js/sppagebuilder.js HTTP/1.1" 200 36099 "http://www.poznajlitwe.testams.vhost.lt/index.php/pl/?shopdetail/R5177434218" "Mozilla/5.0 (X11; Linux x86_64) AppleWebKit/537.36 (KHTML, like Gecko) Chrome/152.0.7977.64 Safari/537.36"
72.14.199.44 - - [12/Sep/2026:21:42:37 +0300] "GET /templates/it_startup/custom/images/logo_mobile.png HTTP/1.1" 200 3933 "http://www.poznajlitwe.testams.vhost.lt/index.php/pl/?shopdetail/R5177434218" "Mozilla/5.0 (X11; Linux x86_64) AppleWebKit/537.36 (KHTML, like Gecko) Chrome/152.0.7977.64 Safari/537.36"
72.14.199.44 - - [12/Sep/2026:21:42:37 +0300] "GET /media/jui/js/jquery.min.js?d0efd80bfea2835e175d45e9291370bf HTTP/1.1" 200 97646 "http://www.poznajlitwe.testams.vhost.lt/index.php/pl/?shopdetail/R5177434218" "Mozilla/5.0 (X11; Linux x86_64) AppleWebKit/537.36 (KHTML, like Gecko) Chrome/152.0.7977.64 Safari/537.36"
72.14.199.44 - - [12/Sep/2026:21:42:38 +0300] "GET /templates/it_startup/custom/images/logo.jpg HTTP/1.1" 200 36849 "http://www.poznajlitwe.testams.vhost.lt/index.php/pl/?shopdetail/R5177434218" "Mozilla/5.0 (X11; Linux x86_64) AppleWebKit/537.36 (KHTML, like Gecko) Chrome/152.0.7977.64 Safari/537.36"
72.14.199.45 - - [12/Sep/2026:21:42:39 +0300] "GET /templates/it_startup/uikit/css/uikit.min.css HTTP/1.1" 200 113947 "http://www.poznajlitwe.testams.vhost.lt/index.php/pl/?shopdetail/R5177434218" "Mozilla/5.0 (X11; Linux x86_64) AppleWebKit/537.36 (KHTML, like Gecko) Chrome/152.0.7977.64 Safari/537.36"
66.249.79.232 - - [12/Sep/2026:21:42:39 +0300] "GET /index.php/pl/?shopdetail/Q51801582747 HTTP/1.1" 200 54873 "-" "Mozilla/5.0 (Linux; Android 6.0.1; Nexus 5X Build/MMB29P) AppleWebKit/537.36 (KHTML, like Gecko) Chrome/152.0.7977.82 Mobile Safari/537.36 (compatible; Googlebot/2.1; +http://www.google.com/bot.html)"
72.14.199.44 - - [12/Sep/2026:21:42:40 +0300] "GET /images/2018/07/09/lh-area.gif HTTP/1.1" 200 139140 "http://www.poznajlitwe.testams.vhost.lt/index.php/pl/?shopdetail/R5177434218" "Mozilla/5.0 (X11; Linux x86_64) AppleWebKit/537.36 (KHTML, like Gecko) Chrome/152.0.7977.64 Safari/537.36"
72.14.199.44 - - [12/Sep/2026:21:42:42 +0300] "GET /images/2018/07/09/herbas_ir_veliava.png HTTP/1.1" 200 54687 "http://www.poznajlitwe.testams.vhost.lt/index.php/pl/?shopdetail/R5177434218" "Mozilla/5.0 (X11; Linux x86_64) AppleWebKit/537.36 (KHTML, like Gecko) Chrome/152.0.7977.64 Safari/537.36"
66.249.79.172 - - [12/Sep/2026:21:42:42 +0300] "GET /templates/it_startup/uikit/css/uikit.min.css HTTP/1.1" 200 113947 "http://www.poznajlitwe.testams.vhost.lt/index.php/pl/?shopdetail/R51812213589" "Mozilla/5.0 (Linux; Android 6.0.1; Nexus 5X Build/MMB29P) AppleWebKit/537.36 (KHTML, like Gecko) Chrome/151.0.7922.173 Mobile Safari/537.36 (compatible; Googlebot/2.1; +http://www.google.com/bot.html)"
72.14.199.44 - - [12/Sep/2026:21:42:43 +0300] "GET /media/gantry5/assets/js/main.js HTTP/1.1" 200 58794 "http://www.poznajlitwe.testams.vhost.lt/index.php/pl/?shopdetail/R5177434218" "Mozilla/5.0 (X11; Linux x86_64) AppleWebKit/537.36 (KHTML, like Gecko) Chrome/152.0.7977.64 Safari/537.36"
72.14.199.45 - - [12/Sep/2026:21:42:44 +0300] "GET /templates/it_startup/js/template.js HTTP/1.1" 200 403 "http://www.poznajlitwe.testams.vhost.lt/index.php/pl/?shopdetail/R5177434218" "Mozilla/5.0 (X11; Linux x86_64) AppleWebKit/537.36 (KHTML, like Gecko) Chrome/152.0.7977.64 Safari/537.36"
72.14.199.45 - - [12/Sep/2026:21:42:44 +0300] "GET /templates/it_startup/js/pagePreloader.js HTTP/1.1" 200 7068 "http://www.poznajlitwe.testams.vhost.lt/index.php/pl/?shopdetail/R5177434218" "Mozilla/5.0 (X11; Linux x86_64) AppleWebKit/537.36 (KHTML, like Gecko) Chrome/152.0.7977.64 Safari/537.36"
72.14.199.44 - - [12/Sep/2026:21:42:44 +0300] "GET /templates/it_startup/js/scrollReveal.min.js HTTP/1.1" 200 8564 "http://www.poznajlitwe.testams.vhost.lt/index.php/pl/?shopdetail/R5177434218" "Mozilla/5.0 (X11; Linux x86_64) AppleWebKit/537.36 (KHTML, like Gecko) Chrome/152.0.7977.64 Safari/537.36"
66.249.79.173 - - [12/Sep/2026:21:42:44 +0300] "GET /index.php/pl/?shopdetail/M5177124623 HTTP/1.1" 200 54971 "-" "Mozilla/5.0 (Linux; Android 6.0.1; Nexus 5X Build/MMB29P) AppleWebKit/537.36 (KHTML, like Gecko) Chrome/152.0.7977.82 Mobile Safari/537.36 (compatible; Googlebot/2.1; +http://www.google.com/bot.html)"
72.14.199.44 - - [12/Sep/2026:21:42:44 +0300] "GET /templates/it_startup/uikit/js/uikit.min.js HTTP/1.1" 200 121825 "http://www.poznajlitwe.testams.vhost.lt/index.php/pl/?shopdetail/R5177434218" "Mozilla/5.0 (X11; Linux x86_64) AppleWebKit/537.36 (KHTML, like Gecko) Chrome/152.0.7977.64 Safari/537.36"
66.249.79.172 - - [12/Sep/2026:21:42:46 +0300] "GET /media/jui/css/icomoon.css HTTP/1.1" 200 11814 "http://www.poznajlitwe.testams.vhost.lt/index.php/pl/?shopdetail/Y51812137978" "Mozilla/5.0 (Linux; Android 6.0.1; Nexus 5X Build/MMB29P) AppleWebKit/537.36 (KHTML, like Gecko) Chrome/151.0.7922.173 Mobile Safari/537.36 (compatible; Googlebot/2.1; +http://www.google.com/bot.html)"
72.14.199.45 - - [12/Sep/2026:21:42:46 +0300] "GET /media/gantry5/assets/fonts/fontawesome-webfont.woff2?v=4.7.0 HTTP/1.1" 200 77160 "http://www.poznajlitwe.testams.vhost.lt/media/gantry5/assets/css/font-awesome.min.css" "Mozilla/5.0 (X11; Linux x86_64) AppleWebKit/537.36 (KHTML, like Gecko) Chrome/152.0.7977.64 Safari/537.36"
66.249.79.231 - - [12/Sep/2026:21:42:47 +0300] "GET /?shopdetail/S51822698617 HTTP/1.1" 301 - "-" "Mozilla/5.0 (Linux; Android 6.0.1; Nexus 5X Build/MMB29P) AppleWebKit/537.36 (KHTML, like Gecko) Chrome/152.0.7977.82 Mobile Safari/537.36 (compatible; Googlebot/2.1; +http://www.google.com/bot.html)"
66.249.79.172 - - [12/Sep/2026:21:42:50 +0300] "GET /index.php/pl/?shopdetail/H5178668245 HTTP/1.1" 200 54971 "-" "Mozilla/5.0 (Linux; Android 6.0.1; Nexus 5X Build/MMB29P) AppleWebKit/537.36 (KHTML, like Gecko) Chrome/152.0.7977.82 Mobile Safari/537.36 (compatible; Googlebot/2.1; +http://www.google.com/bot.html)"
66.249.79.172 - - [12/Sep/2026:21:42:51 +0300] "GET /?shopdetail/J51812097270 HTTP/1.1" 301 - "-" "Mozilla/5.0 (Linux; Android 6.0.1; Nexus 5X Build/MMB29P) AppleWebKit/537.36 (KHTML, like Gecko) Chrome/152.0.7977.82 Mobile Safari/537.36 (compatible; Googlebot/2.1; +http://www.google.com/bot.html)"
66.249.79.232 - - [12/Sep/2026:21:43:06 +0300] "GET /?shopdetail/R5177404552 HTTP/1.1" 301 - "-" "Mozilla/5.0 (Linux; Android 6.0.1; Nexus 5X Build/MMB29P) AppleWebKit/537.36 (KHTML, like Gecko) Chrome/152.0.7977.82 Mobile Safari/537.36 (compatible; Googlebot/2.1; +http://www.google.com/bot.html)"
66.249.79.232 - - [12/Sep/2026:21:43:07 +0300] "GET /index.php/pl/?shopdetail/S51822698617 HTTP/1.1" 200 54873 "-" "Mozilla/5.0 (Linux; Android 6.0.1; Nexus 5X Build/MMB29P) AppleWebKit/537.36 (KHTML, like Gecko) Chrome/152.0.7977.82 Mobile Safari/537.36 (compatible; Googlebot/2.1; +http://www.google.com/bot.html)"
66.249.79.172 - - [12/Sep/2026:21:43:13 +0300] "GET /templates/it_startup/js/scrollReveal.min.js HTTP/1.1" 200 8564 "http://www.poznajlitwe.testams.vhost.lt/index.php/pl/?shopdetail/B5178984622" "Mozilla/5.0 (Linux; Android 6.0.1; Nexus 5X Build/MMB29P) AppleWebKit/537.36 (KHTML, like Gecko) Chrome/151.0.7922.173 Mobile Safari/537.36 (compatible; Googlebot/2.1; +http://www.google.com/bot.html)"
66.249.79.172 - - [12/Sep/2026:21:43:13 +0300] "GET /index.php/pl/?shopdetail/J51812097270 HTTP/1.1" 200 54971 "-" "Mozilla/5.0 (Linux; Android 6.0.1; Nexus 5X Build/MMB29P) AppleWebKit/537.36 (KHTML, like Gecko) Chrome/152.0.7977.82 Mobile Safari/537.36 (compatible; Googlebot/2.1; +http://www.google.com/bot.html)"
66.249.79.172 - - [12/Sep/2026:21:43:27 +0300] "GET /?shopdetail/F51812167122 HTTP/1.1" 301 - "-" "Mozilla/5.0 (Linux; Android 6.0.1; Nexus 5X Build/MMB29P) AppleWebKit/537.36 (KHTML, like Gecko) Chrome/152.0.7977.82 Mobile Safari/537.36 (compatible; Googlebot/2.1; +http://www.google.com/bot.html)"
66.249.79.232 - - [12/Sep/2026:21:43:27 +0300] "GET /index.php/pl/?shopdetail/R5177404552 HTTP/1.1" 200 54873 "-" "Mozilla/5.0 (Linux; Android 6.0.1; Nexus 5X Build/MMB29P) AppleWebKit/537.36 (KHTML, like Gecko) Chrome/152.0.7977.82 Mobile Safari/537.36 (compatible; Googlebot/2.1; +http://www.google.com/bot.html)"
66.249.79.172 - - [12/Sep/2026:21:43:34 +0300] "GET /?shopdetail/X5178874990 HTTP/1.1" 301 - "-" "Mozilla/5.0 (Linux; Android 6.0.1; Nexus 5X Build/MMB29P) AppleWebKit/537.36 (KHTML, like Gecko) Chrome/152.0.7977.82 Mobile Safari/537.36 (compatible; Googlebot/2.1; +http://www.google.com/bot.html)"
66.249.79.231 - - [12/Sep/2026:21:43:36 +0300] "GET /?shopdetail/E5178801548 HTTP/1.1" 301 - "-" "Mozilla/5.0 (Linux; Android 6.0.1; Nexus 5X Build/MMB29P) AppleWebKit/537.36 (KHTML, like Gecko) Chrome/152.0.7977.82 Mobile Safari/537.36 (compatible; Googlebot/2.1; +http://www.google.com/bot.html)"
66.249.79.172 - - [12/Sep/2026:21:43:46 +0300] "GET /index.php/pl/?shopdetail/F51812167122 HTTP/1.1" 200 54971 "-" "Mozilla/5.0 (Linux; Android 6.0.1; Nexus 5X Build/MMB29P) AppleWebKit/537.36 (KHTML, like Gecko) Chrome/152.0.7977.82 Mobile Safari/537.36 (compatible; Googlebot/2.1; +http://www.google.com/bot.html)"
66.249.79.231 - - [12/Sep/2026:21:43:49 +0300] "GET /?shopdetail/O5178533789 HTTP/1.1" 301 - "-" "Mozilla/5.0 (Linux; Android 6.0.1; Nexus 5X Build/MMB29P) AppleWebKit/537.36 (KHTML, like Gecko) Chrome/152.0.7977.82 Mobile Safari/537.36 (compatible; Googlebot/2.1; +http://www.google.com/bot.html)"
66.249.79.172 - - [12/Sep/2026:21:43:53 +0300] "GET /index.php/pl/?shopdetail/X5178874990 HTTP/1.1" 200 54971 "-" "Mozilla/5.0 (Linux; Android 6.0.1; Nexus 5X Build/MMB29P) AppleWebKit/537.36 (KHTML, like Gecko) Chrome/152.0.7977.82 Mobile Safari/537.36 (compatible; Googlebot/2.1; +http://www.google.com/bot.html)"
66.249.79.172 - - [12/Sep/2026:21:43:54 +0300] "GET /?shopdetail/J51791308502 HTTP/1.1" 301 - "-" "Mozilla/5.0 (Linux; Android 6.0.1; Nexus 5X Build/MMB29P) AppleWebKit/537.36 (KHTML, like Gecko) Chrome/152.0.7977.82 Mobile Safari/537.36 (compatible; Googlebot/2.1; +http://www.google.com/bot.html)"
66.249.79.231 - - [12/Sep/2026:21:43:54 +0300] "GET /index.php/pl/?shopdetail/E5178801548 HTTP/1.1" 200 54873 "-" "Mozilla/5.0 (Linux; Android 6.0.1; Nexus 5X Build/MMB29P) AppleWebKit/537.36 (KHTML, like Gecko) Chrome/152.0.7977.82 Mobile Safari/537.36 (compatible; Googlebot/2.1; +http://www.google.com/bot.html)"
66.249.79.172 - - [12/Sep/2026:21:43:59 +0300] "GET /media/gantry5/engines/nucleus/css-compiled/joomla.css HTTP/1.1" 200 10151 "http://www.poznajlitwe.testams.vhost.lt/index.php/pl/?shopdetail/M51801817783" "Mozilla/5.0 (Linux; Android 6.0.1; Nexus 5X Build/MMB29P) AppleWebKit/537.36 (KHTML, like Gecko) Chrome/151.0.7922.173 Mobile Safari/537.36 (compatible; Googlebot/2.1; +http://www.google.com/bot.html)"
66.249.79.172 - - [12/Sep/2026:21:44:03 +0300] "GET /templates/it_startup/uikit/css/uikit.min.css HTTP/1.1" 200 113947 "http://www.poznajlitwe.testams.vhost.lt/index.php/pl/?shopdetail/X5178913947" "Mozilla/5.0 (Linux; Android 6.0.1; Nexus 5X Build/MMB29P) AppleWebKit/537.36 (KHTML, like Gecko) Chrome/151.0.7922.173 Mobile Safari/537.36 (compatible; Googlebot/2.1; +http://www.google.com/bot.html)"
66.249.79.172 - - [12/Sep/2026:21:44:05 +0300] "GET /templates/it_startup/uikit/css/uikit.min.css HTTP/1.1" 200 113947 "http://www.poznajlitwe.testams.vhost.lt/index.php/pl/?shopdetail/Y517797652" "Mozilla/5.0 (Linux; Android 6.0.1; Nexus 5X Build/MMB29P) AppleWebKit/537.36 (KHTML, like Gecko) Chrome/151.0.7922.173 Mobile Safari/537.36 (compatible; Googlebot/2.1; +http://www.google.com/bot.html)"
