66.249.79.231 - - [13/Sep/2026:04:12:03 +0300] "GET /index.php/pl/?shopdetail/B5178837312 HTTP/1.1" 200 54873 "-" "Mozilla/5.0 (Linux; Android 6.0.1; Nexus 5X Build/MMB29P) AppleWebKit/537.36 (KHTML, like Gecko) Chrome/152.0.7977.82 Mobile Safari/537.36 (compatible; Googlebot/2.1; +http://www.google.com/bot.html)"
66.249.79.173 - - [13/Sep/2026:04:13:46 +0300] "GET /templates/it_startup/js/pagePreloader.js HTTP/1.1" 200 7068 "http://www.poznajlitwe.testams.vhost.lt/index.php/pl/?shopdetail/N51801563340" "Mozilla/5.0 (Linux; Android 6.0.1; Nexus 5X Build/MMB29P) AppleWebKit/537.36 (KHTML, like Gecko) Chrome/151.0.7922.173 Mobile Safari/537.36 (compatible; Googlebot/2.1; +http://www.google.com/bot.html)"
66.249.79.160 - - [13/Sep/2026:04:14:16 +0300] "GET /templates/it_startup/js/pagePreloader.js HTTP/1.1" 200 7068 "http://www.poznajlitwe.testams.vhost.lt/index.php/pl/?shopdetail/P51812264973" "Mozilla/5.0 (Linux; Android 6.0.1; Nexus 5X Build/MMB29P) AppleWebKit/537.36 (KHTML, like Gecko) Chrome/151.0.7922.173 Mobile Safari/537.36 (compatible; Googlebot/2.1; +http://www.google.com/bot.html)"
66.249.79.160 - - [13/Sep/2026:04:15:32 +0300] "GET /media/jui/js/jquery.min.js?d0efd80bfea2835e175d45e9291370bf HTTP/1.1" 200 97646 "http://www.poznajlitwe.testams.vhost.lt/index.php/pl/?shopdetail/B51791053434" "Mozilla/5.0 (Linux; Android 6.0.1; Nexus 5X Build/MMB29P) AppleWebKit/537.36 (KHTML, like Gecko) Chrome/151.0.7922.173 Mobile Safari/537.36 (compatible; Googlebot/2.1; +http://www.google.com/bot.html)"
66.249.79.173 - - [13/Sep/2026:04:15:58 +0300] "GET /media/n2/n/dist/nextend-gsap.min.js?1530628338 HTTP/1.1" 200 97289 "http://www.poznajlitwe.testams.vhost.lt/index.php/pl/?shopdetail/H51822886302" "Mozilla/5.0 (Linux; Android 6.0.1; Nexus 5X Build/MMB29P) AppleWebKit/537.36 (KHTML, like Gecko) Chrome/151.0.7922.173 Mobile Safari/537.36 (compatible; Googlebot/2.1; +http://www.google.com/bot.html)"
66.249.79.233 - - [13/Sep/2026:04:15:58 +0300] "GET /?shopdetail/B51812335079 HTTP/1.1" 301 - "-" "Mozilla/5.0 (Linux; Android 6.0.1; Nexus 5X Build/MMB29P) AppleWebKit/537.36 (KHTML, like Gecko) Chrome/152.0.7977.82 Mobile Safari/537.36 (compatible; Googlebot/2.1; +http://www.google.com/bot.html)"
66.249.79.231 - - [13/Sep/2026:04:16:19 +0300] "GET /?shopdetail/T51801558265 HTTP/1.1" 301 - "-" "Mozilla/5.0 (Linux; Android 6.0.1; Nexus 5X Build/MMB29P) AppleWebKit/537.36 (KHTML, like Gecko) Chrome/152.0.7977.82 Mobile Safari/537.36 (compatible; Googlebot/2.1; +http://www.google.com/bot.html)"
66.249.79.231 - - [13/Sep/2026:04:16:23 +0300] "GET /index.php/pl/?shopdetail/B51812335079 HTTP/1.1" 200 54873 "-" "Mozilla/5.0 (Linux; Android 6.0.1; Nexus 5X Build/MMB29P) AppleWebKit/537.36 (KHTML, like Gecko) Chrome/152.0.7977.82 Mobile Safari/537.36 (compatible; Googlebot/2.1; +http://www.google.com/bot.html)"
66.249.79.231 - - [13/Sep/2026:04:16:47 +0300] "GET /index.php/pl/?shopdetail/T51801558265 HTTP/1.1" 200 54873 "-" "Mozilla/5.0 (Linux; Android 6.0.1; Nexus 5X Build/MMB29P) AppleWebKit/537.36 (KHTML, like Gecko) Chrome/152.0.7977.82 Mobile Safari/537.36 (compatible; Googlebot/2.1; +http://www.google.com/bot.html)"
66.249.79.231 - - [13/Sep/2026:04:17:03 +0300] "GET /?ID=4282.html HTTP/1.1" 301 - "-" "Mozilla/5.0 (Linux; Android 6.0.1; Nexus 5X Build/MMB29P) AppleWebKit/537.36 (KHTML, like Gecko) Chrome/152.0.7977.82 Mobile Safari/537.36 (compatible; Googlebot/2.1; +http://www.google.com/bot.html)"
66.249.79.231 - - [13/Sep/2026:04:17:27 +0300] "GET /index.php/pl/?ID=4282.html HTTP/1.1" 200 54873 "-" "Mozilla/5.0 (Linux; Android 6.0.1; Nexus 5X Build/MMB29P) AppleWebKit/537.36 (KHTML, like Gecko) Chrome/152.0.7977.82 Mobile Safari/537.36 (compatible; Googlebot/2.1; +http://www.google.com/bot.html)"
66.249.79.232 - - [13/Sep/2026:04:18:51 +0300] "GET /?GameID=2026-07-18/862.html HTTP/1.1" 301 - "-" "Mozilla/5.0 (Linux; Android 6.0.1; Nexus 5X Build/MMB29P) AppleWebKit/537.36 (KHTML, like Gecko) Chrome/152.0.7977.82 Mobile Safari/537.36 (compatible; Googlebot/2.1; +http://www.google.com/bot.html)"
66.249.79.231 - - [13/Sep/2026:04:19:04 +0300] "GET /index.php/pl/?GameID=2026-07-18/862.html HTTP/1.1" 200 54873 "-" "Mozilla/5.0 (Linux; Android 6.0.1; Nexus 5X Build/MMB29P) AppleWebKit/537.36 (KHTML, like Gecko) Chrome/152.0.7977.82 Mobile Safari/537.36 (compatible; Googlebot/2.1; +http://www.google.com/bot.html)"
66.249.79.232 - - [13/Sep/2026:04:20:12 +0300] "GET /?shopdetail/Z5177165662 HTTP/1.1" 301 - "-" "Mozilla/5.0 (Linux; Android 6.0.1; Nexus 5X Build/MMB29P) AppleWebKit/537.36 (KHTML, like Gecko) Chrome/152.0.7977.82 Mobile Safari/537.36 (compatible; Googlebot/2.1; +http://www.google.com/bot.html)"
66.249.79.231 - - [13/Sep/2026:04:20:14 +0300] "GET /index.php/pl/?shopdetail/Z5177165662 HTTP/1.1" 200 54873 "-" "Mozilla/5.0 (Linux; Android 6.0.1; Nexus 5X Build/MMB29P) AppleWebKit/537.36 (KHTML, like Gecko) Chrome/152.0.7977.82 Mobile Safari/537.36 (compatible; Googlebot/2.1; +http://www.google.com/bot.html)"
66.249.79.160 - - [13/Sep/2026:04:23:17 +0300] "GET /templates/it_startup/js/scrollReveal.min.js HTTP/1.1" 200 8564 "http://www.poznajlitwe.testams.vhost.lt/index.php/pl/?shopdetail/Q51812381645" "Mozilla/5.0 (Linux; Android 6.0.1; Nexus 5X Build/MMB29P) AppleWebKit/537.36 (KHTML, like Gecko) Chrome/151.0.7922.173 Mobile Safari/537.36 (compatible; Googlebot/2.1; +http://www.google.com/bot.html)"
66.249.79.173 - - [13/Sep/2026:04:23:39 +0300] "GET /media/jui/js/bootstrap.min.js?d0efd80bfea2835e175d45e9291370bf HTTP/1.1" 200 29126 "http://www.poznajlitwe.testams.vhost.lt/index.php/pl/?shopdetail/G51791181917" "Mozilla/5.0 (Linux; Android 6.0.1; Nexus 5X Build/MMB29P) AppleWebKit/537.36 (KHTML, like Gecko) Chrome/151.0.7922.173 Mobile Safari/537.36 (compatible; Googlebot/2.1; +http://www.google.com/bot.html)"
147.185.132.64 - - [13/Sep/2026:04:24:08 +0300] "GET / HTTP/1.1" 301 - "-" "Hello from Palo Alto Networks, find out more about our scans in https://docs-cortex.paloaltonetworks.com/r/1/Cortex-Xpanse/Scanning-activity"
66.249.79.160 - - [13/Sep/2026:04:24:21 +0300] "GET /templates/it_startup/js/pagePreloader.js HTTP/1.1" 200 7068 "http://www.poznajlitwe.testams.vhost.lt/index.php/pl/?shopdetail/U51791321322" "Mozilla/5.0 (Linux; Android 6.0.1; Nexus 5X Build/MMB29P) AppleWebKit/537.36 (KHTML, like Gecko) Chrome/151.0.7922.173 Mobile Safari/537.36 (compatible; Googlebot/2.1; +http://www.google.com/bot.html)"
66.249.79.172 - - [13/Sep/2026:04:25:25 +0300] "GET /media/jui/js/jquery.min.js?d0efd80bfea2835e175d45e9291370bf HTTP/1.1" 200 97646 "http://www.poznajlitwe.testams.vhost.lt/index.php/pl/?shopdetail/Z51812159905" "Mozilla/5.0 (Linux; Android 6.0.1; Nexus 5X Build/MMB29P) AppleWebKit/537.36 (KHTML, like Gecko) Chrome/151.0.7922.173 Mobile Safari/537.36 (compatible; Googlebot/2.1; +http://www.google.com/bot.html)"
79.139.194.228 - - [13/Sep/2026:04:25:48 +0300] "GET /accesson.php HTTP/1.1" 404 - "-" "Mozilla/5.0 (Macintosh; Intel Mac OS X 10.11; rv:49.0) Gecko/20100101 Firefox/49.0"
79.139.194.228 - - [13/Sep/2026:04:25:49 +0300] "GET /accesson.php HTTP/1.1" 404 - "-" "Mozilla/5.0 (Windows NT 6.3; rv:51.0) Gecko/20100101 Firefox/51.0"
79.139.194.228 - - [13/Sep/2026:04:25:49 +0300] "GET /048602ac01e3.php HTTP/1.1" 404 - "http://poznajlitwe.lt/accesson.php" "Mozilla/5.0 (Windows NT 6.3; rv:51.0) Gecko/20100101 Firefox/51.0"
66.249.79.173 - - [13/Sep/2026:04:25:53 +0300] "GET /templates/it_startup/js/scrollReveal.min.js HTTP/1.1" 200 8564 "http://www.poznajlitwe.testams.vhost.lt/index.php/pl/?shopdetail/M517787606" "Mozilla/5.0 (Linux; Android 6.0.1; Nexus 5X Build/MMB29P) AppleWebKit/537.36 (KHTML, like Gecko) Chrome/151.0.7922.173 Mobile Safari/537.36 (compatible; Googlebot/2.1; +http://www.google.com/bot.html)"
79.139.194.228 - - [13/Sep/2026:04:25:53 +0300] "GET /30faa929d39d.php HTTP/1.1" 404 - "http://poznajlitwe.testams.vhost.lt/accesson.php" "Mozilla/5.0 (Macintosh; Intel Mac OS X 10.11; rv:49.0) Gecko/20100101 Firefox/49.0"
216.73.217.162 - - [13/Sep/2026:04:31:21 +0300] "GET /robots.txt HTTP/1.1" 200 836 "-" "Mozilla/5.0 AppleWebKit/537.36 (KHTML, like Gecko; compatible; ClaudeBot/1.0; +claudebot@anthropic.com)"
216.73.217.162 - - [13/Sep/2026:04:31:23 +0300] "GET /sitemap.xml HTTP/1.1" 200 2536 "-" "Mozilla/5.0 AppleWebKit/537.36 (KHTML, like Gecko; compatible; ClaudeBot/1.0; +claudebot@anthropic.com)"
66.249.79.172 - - [13/Sep/2026:04:32:47 +0300] "GET /media/n2/n/dist/nextend-gsap.min.js?1530628338 HTTP/1.1" 200 97289 "http://www.poznajlitwe.testams.vhost.lt/index.php/pl/?shopdetail/D51791252790" "Mozilla/5.0 (Linux; Android 6.0.1; Nexus 5X Build/MMB29P) AppleWebKit/537.36 (KHTML, like Gecko) Chrome/151.0.7922.173 Mobile Safari/537.36 (compatible; Googlebot/2.1; +http://www.google.com/bot.html)"
66.249.79.173 - - [13/Sep/2026:04:32:56 +0300] "GET /media/gantry5/engines/nucleus/css-compiled/joomla.css HTTP/1.1" 200 10151 "http://www.poznajlitwe.testams.vhost.lt/index.php/pl/?shopdetail/Y51812141754" "Mozilla/5.0 (Linux; Android 6.0.1; Nexus 5X Build/MMB29P) AppleWebKit/537.36 (KHTML, like Gecko) Chrome/151.0.7922.173 Mobile Safari/537.36 (compatible; Googlebot/2.1; +http://www.google.com/bot.html)"
66.249.79.160 - - [13/Sep/2026:04:33:01 +0300] "GET /media/n2/n/dist/nextend-gsap.min.js?1530628338 HTTP/1.1" 200 97289 "http://www.poznajlitwe.testams.vhost.lt/index.php/pl/?shopdetail/P51801694702" "Mozilla/5.0 (Linux; Android 6.0.1; Nexus 5X Build/MMB29P) AppleWebKit/537.36 (KHTML, like Gecko) Chrome/151.0.7922.173 Mobile Safari/537.36 (compatible; Googlebot/2.1; +http://www.google.com/bot.html)"
66.249.79.173 - - [13/Sep/2026:04:33:14 +0300] "GET /media/n2/n/dist/nextend-gsap.min.js?1530628338 HTTP/1.1" 200 97289 "http://www.poznajlitwe.testams.vhost.lt/index.php/pl/?shopdetail/T5178693626" "Mozilla/5.0 (Linux; Android 6.0.1; Nexus 5X Build/MMB29P) AppleWebKit/537.36 (KHTML, like Gecko) Chrome/151.0.7922.173 Mobile Safari/537.36 (compatible; Googlebot/2.1; +http://www.google.com/bot.html)"
66.249.79.172 - - [13/Sep/2026:04:33:48 +0300] "GET /media/gantry5/engines/nucleus/css-compiled/joomla.css HTTP/1.1" 200 10151 "http://www.poznajlitwe.testams.vhost.lt/index.php/pl/?shopdetail/U51801935480" "Mozilla/5.0 (Linux; Android 6.0.1; Nexus 5X Build/MMB29P) AppleWebKit/537.36 (KHTML, like Gecko) Chrome/151.0.7922.173 Mobile Safari/537.36 (compatible; Googlebot/2.1; +http://www.google.com/bot.html)"
66.249.79.172 - - [13/Sep/2026:04:34:33 +0300] "GET /media/gantry5/engines/nucleus/css-compiled/joomla.css HTTP/1.1" 200 10151 "http://www.poznajlitwe.testams.vhost.lt/index.php/pl/?shopdetail/I51822761733" "Mozilla/5.0 (Linux; Android 6.0.1; Nexus 5X Build/MMB29P) AppleWebKit/537.36 (KHTML, like Gecko) Chrome/151.0.7922.173 Mobile Safari/537.36 (compatible; Googlebot/2.1; +http://www.google.com/bot.html)"
66.249.79.160 - - [13/Sep/2026:04:34:34 +0300] "GET /media/gantry5/engines/nucleus/css-compiled/joomla.css HTTP/1.1" 200 10151 "http://www.poznajlitwe.testams.vhost.lt/index.php/pl/?shopdetail/K5177277359" "Mozilla/5.0 (Linux; Android 6.0.1; Nexus 5X Build/MMB29P) AppleWebKit/537.36 (KHTML, like Gecko) Chrome/151.0.7922.173 Mobile Safari/537.36 (compatible; Googlebot/2.1; +http://www.google.com/bot.html)"
66.249.79.173 - - [13/Sep/2026:04:34:46 +0300] "GET /media/jui/js/jquery-migrate.min.js?d0efd80bfea2835e175d45e9291370bf HTTP/1.1" 200 10056 "http://www.poznajlitwe.testams.vhost.lt/index.php/pl/?shopdetail/W517735570" "Mozilla/5.0 (Linux; Android 6.0.1; Nexus 5X Build/MMB29P) AppleWebKit/537.36 (KHTML, like Gecko) Chrome/151.0.7922.173 Mobile Safari/537.36 (compatible; Googlebot/2.1; +http://www.google.com/bot.html)"
66.249.79.173 - - [13/Sep/2026:04:34:46 +0300] "GET /templates/it_startup/js/scrollReveal.min.js HTTP/1.1" 200 8564 "http://www.poznajlitwe.testams.vhost.lt/index.php/pl/?shopdetail/E5178505458" "Mozilla/5.0 (Linux; Android 6.0.1; Nexus 5X Build/MMB29P) AppleWebKit/537.36 (KHTML, like Gecko) Chrome/151.0.7922.173 Mobile Safari/537.36 (compatible; Googlebot/2.1; +http://www.google.com/bot.html)"
66.249.79.172 - - [13/Sep/2026:04:34:55 +0300] "GET /media/jui/js/bootstrap.min.js?d0efd80bfea2835e175d45e9291370bf HTTP/1.1" 200 29126 "http://www.poznajlitwe.testams.vhost.lt/index.php/pl/?shopdetail/W51801729774" "Mozilla/5.0 (Linux; Android 6.0.1; Nexus 5X Build/MMB29P) AppleWebKit/537.36 (KHTML, like Gecko) Chrome/151.0.7922.173 Mobile Safari/537.36 (compatible; Googlebot/2.1; +http://www.google.com/bot.html)"
45.227.253.15 - - [13/Sep/2026:04:34:56 +0300] "GET /index.php/jk HTTP/1.1" 301 - "-" "Mozilla/5.0 (iPhone; CPU iPhone OS 13_4 like Mac OS X) AppleWebKit/605.1.15 (KHTML, like Gecko) Version/13.4.4 Mobile/15E148 Safari/604.1"
45.227.253.15 - - [13/Sep/2026:04:34:56 +0300] "GET /index.php/pl/jk HTTP/1.1" 404 46561 "http://poznajlitwe.testams.vhost.lt/index.php/jk" "Mozilla/5.0 (iPhone; CPU iPhone OS 13_4 like Mac OS X) AppleWebKit/605.1.15 (KHTML, like Gecko) Version/13.4.4 Mobile/15E148 Safari/604.1"
66.249.79.160 - - [13/Sep/2026:04:35:22 +0300] "GET /templates/it_startup/js/scrollReveal.min.js HTTP/1.1" 200 8564 "http://www.poznajlitwe.testams.vhost.lt/index.php/pl/?shopdetail/N51791278709" "Mozilla/5.0 (Linux; Android 6.0.1; Nexus 5X Build/MMB29P) AppleWebKit/537.36 (KHTML, like Gecko) Chrome/151.0.7922.173 Mobile Safari/537.36 (compatible; Googlebot/2.1; +http://www.google.com/bot.html)"
66.249.79.172 - - [13/Sep/2026:04:35:26 +0300] "GET /media/system/js/core.js?d0efd80bfea2835e175d45e9291370bf HTTP/1.1" 200 8735 "http://www.poznajlitwe.testams.vhost.lt/index.php/pl/?shopdetail/U5178859007" "Mozilla/5.0 (Linux; Android 6.0.1; Nexus 5X Build/MMB29P) AppleWebKit/537.36 (KHTML, like Gecko) Chrome/151.0.7922.173 Mobile Safari/537.36 (compatible; Googlebot/2.1; +http://www.google.com/bot.html)"
66.249.79.172 - - [13/Sep/2026:04:36:37 +0300] "GET /media/n2/n/dist/nextend-gsap.min.js?1530628338 HTTP/1.1" 200 97289 "http://www.poznajlitwe.testams.vhost.lt/index.php/pl/?shopdetail/J5177286797" "Mozilla/5.0 (Linux; Android 6.0.1; Nexus 5X Build/MMB29P) AppleWebKit/537.36 (KHTML, like Gecko) Chrome/151.0.7922.173 Mobile Safari/537.36 (compatible; Googlebot/2.1; +http://www.google.com/bot.html)"
66.249.79.173 - - [13/Sep/2026:04:38:24 +0300] "GET /media/gantry5/engines/nucleus/css-compiled/joomla.css HTTP/1.1" 200 10151 "http://www.poznajlitwe.testams.vhost.lt/index.php/pl/?GameID=2026-07-22/jeyvkg.html" "Mozilla/5.0 (Linux; Android 6.0.1; Nexus 5X Build/MMB29P) AppleWebKit/537.36 (KHTML, like Gecko) Chrome/151.0.7922.173 Mobile Safari/537.36 (compatible; Googlebot/2.1; +http://www.google.com/bot.html)"
66.249.79.172 - - [13/Sep/2026:04:38:43 +0300] "GET /media/gantry5/engines/nucleus/css-compiled/joomla.css HTTP/1.1" 200 10151 "http://www.poznajlitwe.testams.vhost.lt/index.php/pl/?shopdetail/M51801839205" "Mozilla/5.0 (Linux; Android 6.0.1; Nexus 5X Build/MMB29P) AppleWebKit/537.36 (KHTML, like Gecko) Chrome/151.0.7922.173 Mobile Safari/537.36 (compatible; Googlebot/2.1; +http://www.google.com/bot.html)"
66.249.79.172 - - [13/Sep/2026:04:40:17 +0300] "GET /templates/it_startup/js/pagePreloader.js HTTP/1.1" 200 7068 "http://www.poznajlitwe.testams.vhost.lt/index.php/pl/?shopdetail/M5178535366" "Mozilla/5.0 (Linux; Android 6.0.1; Nexus 5X Build/MMB29P) AppleWebKit/537.36 (KHTML, like Gecko) Chrome/151.0.7922.173 Mobile Safari/537.36 (compatible; Googlebot/2.1; +http://www.google.com/bot.html)"
66.249.79.172 - - [13/Sep/2026:04:40:57 +0300] "GET /?shopdetail/L5177460055 HTTP/1.1" 301 - "-" "Mozilla/5.0 (Linux; Android 6.0.1; Nexus 5X Build/MMB29P) AppleWebKit/537.36 (KHTML, like Gecko) Chrome/152.0.7977.82 Mobile Safari/537.36 (compatible; Googlebot/2.1; +http://www.google.com/bot.html)"
66.249.79.172 - - [13/Sep/2026:04:40:58 +0300] "GET /?shopdetail/B5178577077 HTTP/1.1" 301 - "-" "Mozilla/5.0 (Linux; Android 6.0.1; Nexus 5X Build/MMB29P) AppleWebKit/537.36 (KHTML, like Gecko) Chrome/152.0.7977.82 Mobile Safari/537.36 (compatible; Googlebot/2.1; +http://www.google.com/bot.html)"
66.249.79.172 - - [13/Sep/2026:04:40:59 +0300] "GET /?shopdetail/W5177347137 HTTP/1.1" 301 - "-" "Mozilla/5.0 (Linux; Android 6.0.1; Nexus 5X Build/MMB29P) AppleWebKit/537.36 (KHTML, like Gecko) Chrome/152.0.7977.82 Mobile Safari/537.36 (compatible; Googlebot/2.1; +http://www.google.com/bot.html)"
66.249.79.172 - - [13/Sep/2026:04:40:59 +0300] "GET /?shopdetail/B5178603787 HTTP/1.1" 301 - "-" "Mozilla/5.0 (Linux; Android 6.0.1; Nexus 5X Build/MMB29P) AppleWebKit/537.36 (KHTML, like Gecko) Chrome/152.0.7977.82 Mobile Safari/537.36 (compatible; Googlebot/2.1; +http://www.google.com/bot.html)"
66.249.79.172 - - [13/Sep/2026:04:41:02 +0300] "GET /?shopdetail/S51812233696 HTTP/1.1" 301 - "-" "Mozilla/5.0 (Linux; Android 6.0.1; Nexus 5X Build/MMB29P) AppleWebKit/537.36 (KHTML, like Gecko) Chrome/152.0.7977.82 Mobile Safari/537.36 (compatible; Googlebot/2.1; +http://www.google.com/bot.html)"
66.249.79.232 - - [13/Sep/2026:04:41:03 +0300] "GET /?shopdetail/Y51822652972 HTTP/1.1" 301 - "-" "Mozilla/5.0 (Linux; Android 6.0.1; Nexus 5X Build/MMB29P) AppleWebKit/537.36 (KHTML, like Gecko) Chrome/152.0.7977.82 Mobile Safari/537.36 (compatible; Googlebot/2.1; +http://www.google.com/bot.html)"
66.249.79.172 - - [13/Sep/2026:04:41:03 +0300] "GET /?shopdetail/P5178545267 HTTP/1.1" 301 - "-" "Mozilla/5.0 (Linux; Android 6.0.1; Nexus 5X Build/MMB29P) AppleWebKit/537.36 (KHTML, like Gecko) Chrome/152.0.7977.82 Mobile Safari/537.36 (compatible; Googlebot/2.1; +http://www.google.com/bot.html)"
66.249.79.172 - - [13/Sep/2026:04:41:06 +0300] "GET /?shopdetail/D51822914120 HTTP/1.1" 301 - "-" "Mozilla/5.0 (Linux; Android 6.0.1; Nexus 5X Build/MMB29P) AppleWebKit/537.36 (KHTML, like Gecko) Chrome/152.0.7977.82 Mobile Safari/537.36 (compatible; Googlebot/2.1; +http://www.google.com/bot.html)"
66.249.79.231 - - [13/Sep/2026:04:41:15 +0300] "GET /?GameID=2026-07-18/790.html HTTP/1.1" 301 - "-" "Mozilla/5.0 (Linux; Android 6.0.1; Nexus 5X Build/MMB29P) AppleWebKit/537.36 (KHTML, like Gecko) Chrome/152.0.7977.82 Mobile Safari/537.36 (compatible; Googlebot/2.1; +http://www.google.com/bot.html)"
66.249.79.172 - - [13/Sep/2026:04:41:25 +0300] "GET /?shopdetail/Y51791121130 HTTP/1.1" 301 - "-" "Mozilla/5.0 (Linux; Android 6.0.1; Nexus 5X Build/MMB29P) AppleWebKit/537.36 (KHTML, like Gecko) Chrome/152.0.7977.82 Mobile Safari/537.36 (compatible; Googlebot/2.1; +http://www.google.com/bot.html)"
66.249.79.172 - - [13/Sep/2026:04:41:25 +0300] "GET /index.php/pl/?shopdetail/L5177460055 HTTP/1.1" 200 54971 "-" "Mozilla/5.0 (Linux; Android 6.0.1; Nexus 5X Build/MMB29P) AppleWebKit/537.36 (KHTML, like Gecko) Chrome/152.0.7977.82 Mobile Safari/537.36 (compatible; Googlebot/2.1; +http://www.google.com/bot.html)"
66.249.79.172 - - [13/Sep/2026:04:41:26 +0300] "GET /index.php/pl/?shopdetail/B5178577077 HTTP/1.1" 200 54971 "-" "Mozilla/5.0 (Linux; Android 6.0.1; Nexus 5X Build/MMB29P) AppleWebKit/537.36 (KHTML, like Gecko) Chrome/152.0.7977.82 Mobile Safari/537.36 (compatible; Googlebot/2.1; +http://www.google.com/bot.html)"
66.249.79.172 - - [13/Sep/2026:04:41:26 +0300] "GET /index.php/pl/?shopdetail/W5177347137 HTTP/1.1" 200 54971 "-" "Mozilla/5.0 (Linux; Android 6.0.1; Nexus 5X Build/MMB29P) AppleWebKit/537.36 (KHTML, like Gecko) Chrome/152.0.7977.82 Mobile Safari/537.36 (compatible; Googlebot/2.1; +http://www.google.com/bot.html)"
66.249.79.172 - - [13/Sep/2026:04:41:27 +0300] "GET /index.php/pl/?shopdetail/B5178603787 HTTP/1.1" 200 54971 "-" "Mozilla/5.0 (Linux; Android 6.0.1; Nexus 5X Build/MMB29P) AppleWebKit/537.36 (KHTML, like Gecko) Chrome/152.0.7977.82 Mobile Safari/537.36 (compatible; Googlebot/2.1; +http://www.google.com/bot.html)"
66.249.79.172 - - [13/Sep/2026:04:41:28 +0300] "GET /index.php/pl/?shopdetail/S51812233696 HTTP/1.1" 200 54971 "-" "Mozilla/5.0 (Linux; Android 6.0.1; Nexus 5X Build/MMB29P) AppleWebKit/537.36 (KHTML, like Gecko) Chrome/152.0.7977.82 Mobile Safari/537.36 (compatible; Googlebot/2.1; +http://www.google.com/bot.html)"
66.249.79.231 - - [13/Sep/2026:04:41:29 +0300] "GET /index.php/pl/?shopdetail/Y51822652972 HTTP/1.1" 200 54873 "-" "Mozilla/5.0 (Linux; Android 6.0.1; Nexus 5X Build/MMB29P) AppleWebKit/537.36 (KHTML, like Gecko) Chrome/152.0.7977.82 Mobile Safari/537.36 (compatible; Googlebot/2.1; +http://www.google.com/bot.html)"
66.249.79.172 - - [13/Sep/2026:04:41:30 +0300] "GET /index.php/pl/?shopdetail/P5178545267 HTTP/1.1" 200 54971 "-" "Mozilla/5.0 (Linux; Android 6.0.1; Nexus 5X Build/MMB29P) AppleWebKit/537.36 (KHTML, like Gecko) Chrome/152.0.7977.82 Mobile Safari/537.36 (compatible; Googlebot/2.1; +http://www.google.com/bot.html)"
66.249.79.172 - - [13/Sep/2026:04:41:32 +0300] "GET /index.php/pl/?shopdetail/D51822914120 HTTP/1.1" 200 54971 "-" "Mozilla/5.0 (Linux; Android 6.0.1; Nexus 5X Build/MMB29P) AppleWebKit/537.36 (KHTML, like Gecko) Chrome/152.0.7977.82 Mobile Safari/537.36 (compatible; Googlebot/2.1; +http://www.google.com/bot.html)"
66.249.79.172 - - [13/Sep/2026:04:41:33 +0300] "GET /?shopdetail/B51801742184 HTTP/1.1" 301 - "-" "Mozilla/5.0 (Linux; Android 6.0.1; Nexus 5X Build/MMB29P) AppleWebKit/537.36 (KHTML, like Gecko) Chrome/152.0.7977.82 Mobile Safari/537.36 (compatible; Googlebot/2.1; +http://www.google.com/bot.html)"
66.249.79.231 - - [13/Sep/2026:04:41:37 +0300] "GET /?shopdetail/J517793348 HTTP/1.1" 301 - "-" "Mozilla/5.0 (Linux; Android 6.0.1; Nexus 5X Build/MMB29P) AppleWebKit/537.36 (KHTML, like Gecko) Chrome/152.0.7977.82 Mobile Safari/537.36 (compatible; Googlebot/2.1; +http://www.google.com/bot.html)"
66.249.79.231 - - [13/Sep/2026:04:41:41 +0300] "GET /index.php/pl/?GameID=2026-07-18/790.html HTTP/1.1" 200 54873 "-" "Mozilla/5.0 (Linux; Android 6.0.1; Nexus 5X Build/MMB29P) AppleWebKit/537.36 (KHTML, like Gecko) Chrome/152.0.7977.82 Mobile Safari/537.36 (compatible; Googlebot/2.1; +http://www.google.com/bot.html)"
66.249.79.172 - - [13/Sep/2026:04:41:44 +0300] "GET /?shopdetail/Y5177216667 HTTP/1.1" 301 - "-" "Mozilla/5.0 (Linux; Android 6.0.1; Nexus 5X Build/MMB29P) AppleWebKit/537.36 (KHTML, like Gecko) Chrome/152.0.7977.82 Mobile Safari/537.36 (compatible; Googlebot/2.1; +http://www.google.com/bot.html)"
66.249.79.231 - - [13/Sep/2026:04:41:45 +0300] "GET /?shopdetail/R5178792141 HTTP/1.1" 301 - "-" "Mozilla/5.0 (Linux; Android 6.0.1; Nexus 5X Build/MMB29P) AppleWebKit/537.36 (KHTML, like Gecko) Chrome/152.0.7977.82 Mobile Safari/537.36 (compatible; Googlebot/2.1; +http://www.google.com/bot.html)"
66.249.79.231 - - [13/Sep/2026:04:41:49 +0300] "GET /?shopdetail/M5178563265 HTTP/1.1" 301 - "-" "Mozilla/5.0 (Linux; Android 6.0.1; Nexus 5X Build/MMB29P) AppleWebKit/537.36 (KHTML, like Gecko) Chrome/152.0.7977.82 Mobile Safari/537.36 (compatible; Googlebot/2.1; +http://www.google.com/bot.html)"
66.249.79.172 - - [13/Sep/2026:04:41:52 +0300] "GET /index.php/pl/?shopdetail/Y51791121130 HTTP/1.1" 200 54971 "-" "Mozilla/5.0 (Linux; Android 6.0.1; Nexus 5X Build/MMB29P) AppleWebKit/537.36 (KHTML, like Gecko) Chrome/152.0.7977.82 Mobile Safari/537.36 (compatible; Googlebot/2.1; +http://www.google.com/bot.html)"
66.249.79.160 - - [13/Sep/2026:04:42:00 +0300] "GET /?shopdetail/V5178987424 HTTP/1.1" 301 - "-" "Mozilla/5.0 (Linux; Android 6.0.1; Nexus 5X Build/MMB29P) AppleWebKit/537.36 (KHTML, like Gecko) Chrome/152.0.7977.82 Mobile Safari/537.36 (compatible; Googlebot/2.1; +http://www.google.com/bot.html)"
66.249.79.172 - - [13/Sep/2026:04:42:01 +0300] "GET /?shopdetail/O5178973121 HTTP/1.1" 301 - "-" "Mozilla/5.0 (Linux; Android 6.0.1; Nexus 5X Build/MMB29P) AppleWebKit/537.36 (KHTML, like Gecko) Chrome/152.0.7977.82 Mobile Safari/537.36 (compatible; Googlebot/2.1; +http://www.google.com/bot.html)"
66.249.79.173 - - [13/Sep/2026:04:42:01 +0300] "GET /index.php/pl/?shopdetail/B51801742184 HTTP/1.1" 200 54971 "-" "Mozilla/5.0 (Linux; Android 6.0.1; Nexus 5X Build/MMB29P) AppleWebKit/537.36 (KHTML, like Gecko) Chrome/152.0.7977.82 Mobile Safari/537.36 (compatible; Googlebot/2.1; +http://www.google.com/bot.html)"
66.249.79.233 - - [13/Sep/2026:04:42:02 +0300] "GET /index.php/pl/?shopdetail/J517793348 HTTP/1.1" 200 54873 "-" "Mozilla/5.0 (Linux; Android 6.0.1; Nexus 5X Build/MMB29P) AppleWebKit/537.36 (KHTML, like Gecko) Chrome/152.0.7977.82 Mobile Safari/537.36 (compatible; Googlebot/2.1; +http://www.google.com/bot.html)"
66.249.79.231 - - [13/Sep/2026:04:42:06 +0300] "GET /?shopdetail/C51801509297 HTTP/1.1" 301 - "-" "Mozilla/5.0 (Linux; Android 6.0.1; Nexus 5X Build/MMB29P) AppleWebKit/537.36 (KHTML, like Gecko) Chrome/152.0.7977.82 Mobile Safari/537.36 (compatible; Googlebot/2.1; +http://www.google.com/bot.html)"
66.249.79.160 - - [13/Sep/2026:04:42:07 +0300] "GET /index.php/pl/?shopdetail/Y5177216667 HTTP/1.1" 200 54971 "-" "Mozilla/5.0 (Linux; Android 6.0.1; Nexus 5X Build/MMB29P) AppleWebKit/537.36 (KHTML, like Gecko) Chrome/152.0.7977.82 Mobile Safari/537.36 (compatible; Googlebot/2.1; +http://www.google.com/bot.html)"
66.249.79.232 - - [13/Sep/2026:04:42:08 +0300] "GET /index.php/pl/?shopdetail/R5178792141 HTTP/1.1" 200 54873 "-" "Mozilla/5.0 (Linux; Android 6.0.1; Nexus 5X Build/MMB29P) AppleWebKit/537.36 (KHTML, like Gecko) Chrome/152.0.7977.82 Mobile Safari/537.36 (compatible; Googlebot/2.1; +http://www.google.com/bot.html)"
66.249.79.231 - - [13/Sep/2026:04:42:11 +0300] "GET /index.php/pl/?shopdetail/M5178563265 HTTP/1.1" 200 54873 "-" "Mozilla/5.0 (Linux; Android 6.0.1; Nexus 5X Build/MMB29P) AppleWebKit/537.36 (KHTML, like Gecko) Chrome/152.0.7977.82 Mobile Safari/537.36 (compatible; Googlebot/2.1; +http://www.google.com/bot.html)"
66.249.79.173 - - [13/Sep/2026:04:42:18 +0300] "GET /media/gantry5/engines/nucleus/css-compiled/joomla.css HTTP/1.1" 200 10151 "http://www.poznajlitwe.testams.vhost.lt/index.php/pl/?shopdetail/Q51801642449" "Mozilla/5.0 (Linux; Android 6.0.1; Nexus 5X Build/MMB29P) AppleWebKit/537.36 (KHTML, like Gecko) Chrome/151.0.7922.173 Mobile Safari/537.36 (compatible; Googlebot/2.1; +http://www.google.com/bot.html)"
66.249.79.172 - - [13/Sep/2026:04:42:26 +0300] "GET /index.php/pl/?shopdetail/V5178987424 HTTP/1.1" 200 54971 "-" "Mozilla/5.0 (Linux; Android 6.0.1; Nexus 5X Build/MMB29P) AppleWebKit/537.36 (KHTML, like Gecko) Chrome/152.0.7977.82 Mobile Safari/537.36 (compatible; Googlebot/2.1; +http://www.google.com/bot.html)"
66.249.79.172 - - [13/Sep/2026:04:42:26 +0300] "GET /index.php/pl/?shopdetail/O5178973121 HTTP/1.1" 200 54971 "-" "Mozilla/5.0 (Linux; Android 6.0.1; Nexus 5X Build/MMB29P) AppleWebKit/537.36 (KHTML, like Gecko) Chrome/152.0.7977.82 Mobile Safari/537.36 (compatible; Googlebot/2.1; +http://www.google.com/bot.html)"
66.249.79.231 - - [13/Sep/2026:04:42:29 +0300] "GET /?shopdetail/U51791066149 HTTP/1.1" 301 - "-" "Mozilla/5.0 (Linux; Android 6.0.1; Nexus 5X Build/MMB29P) AppleWebKit/537.36 (KHTML, like Gecko) Chrome/152.0.7977.82 Mobile Safari/537.36 (compatible; Googlebot/2.1; +http://www.google.com/bot.html)"
66.249.79.231 - - [13/Sep/2026:04:42:32 +0300] "GET /index.php/pl/?shopdetail/C51801509297 HTTP/1.1" 200 54873 "-" "Mozilla/5.0 (Linux; Android 6.0.1; Nexus 5X Build/MMB29P) AppleWebKit/537.36 (KHTML, like Gecko) Chrome/152.0.7977.82 Mobile Safari/537.36 (compatible; Googlebot/2.1; +http://www.google.com/bot.html)"
66.249.79.231 - - [13/Sep/2026:04:42:36 +0300] "GET /?shop/c/c51771000045/ HTTP/1.1" 301 - "-" "Mozilla/5.0 (Linux; Android 6.0.1; Nexus 5X Build/MMB29P) AppleWebKit/537.36 (KHTML, like Gecko) Chrome/152.0.7977.82 Mobile Safari/537.36 (compatible; Googlebot/2.1; +http://www.google.com/bot.html)"
66.249.79.231 - - [13/Sep/2026:04:42:45 +0300] "GET /?shopdetail/B5178970548 HTTP/1.1" 301 - "-" "Mozilla/5.0 (Linux; Android 6.0.1; Nexus 5X Build/MMB29P) AppleWebKit/537.36 (KHTML, like Gecko) Chrome/152.0.7977.82 Mobile Safari/537.36 (compatible; Googlebot/2.1; +http://www.google.com/bot.html)"
66.249.79.231 - - [13/Sep/2026:04:42:52 +0300] "GET /index.php/pl/?shopdetail/U51791066149 HTTP/1.1" 200 54873 "-" "Mozilla/5.0 (Linux; Android 6.0.1; Nexus 5X Build/MMB29P) AppleWebKit/537.36 (KHTML, like Gecko) Chrome/152.0.7977.82 Mobile Safari/537.36 (compatible; Googlebot/2.1; +http://www.google.com/bot.html)"
66.249.79.232 - - [13/Sep/2026:04:43:02 +0300] "GET /index.php/pl/?shop/c/c51771000045/ HTTP/1.1" 200 54873 "-" "Mozilla/5.0 (Linux; Android 6.0.1; Nexus 5X Build/MMB29P) AppleWebKit/537.36 (KHTML, like Gecko) Chrome/152.0.7977.82 Mobile Safari/537.36 (compatible; Googlebot/2.1; +http://www.google.com/bot.html)"
66.249.79.233 - - [13/Sep/2026:04:43:06 +0300] "GET /?shopdetail/A51822990507 HTTP/1.1" 301 - "-" "Mozilla/5.0 (Linux; Android 6.0.1; Nexus 5X Build/MMB29P) AppleWebKit/537.36 (KHTML, like Gecko) Chrome/152.0.7977.82 Mobile Safari/537.36 (compatible; Googlebot/2.1; +http://www.google.com/bot.html)"
66.249.79.231 - - [13/Sep/2026:04:43:16 +0300] "GET /index.php/pl/?shopdetail/B5178970548 HTTP/1.1" 200 54873 "-" "Mozilla/5.0 (Linux; Android 6.0.1; Nexus 5X Build/MMB29P) AppleWebKit/537.36 (KHTML, like Gecko) Chrome/152.0.7977.82 Mobile Safari/537.36 (compatible; Googlebot/2.1; +http://www.google.com/bot.html)"
66.249.79.173 - - [13/Sep/2026:04:43:19 +0300] "GET /media/gantry5/engines/nucleus/css-compiled/joomla.css HTTP/1.1" 200 10151 "http://www.poznajlitwe.testams.vhost.lt/index.php/pl/?shopdetail/H5178503442" "Mozilla/5.0 (Linux; Android 6.0.1; Nexus 5X Build/MMB29P) AppleWebKit/537.36 (KHTML, like Gecko) Chrome/151.0.7922.173 Mobile Safari/537.36 (compatible; Googlebot/2.1; +http://www.google.com/bot.html)"
66.249.79.231 - - [13/Sep/2026:04:43:28 +0300] "GET /?shopdetail/R51812436448 HTTP/1.1" 301 - "-" "Mozilla/5.0 (Linux; Android 6.0.1; Nexus 5X Build/MMB29P) AppleWebKit/537.36 (KHTML, like Gecko) Chrome/152.0.7977.82 Mobile Safari/537.36 (compatible; Googlebot/2.1; +http://www.google.com/bot.html)"
66.249.79.231 - - [13/Sep/2026:04:43:37 +0300] "GET /index.php/pl/?shopdetail/A51822990507 HTTP/1.1" 200 54873 "-" "Mozilla/5.0 (Linux; Android 6.0.1; Nexus 5X Build/MMB29P) AppleWebKit/537.36 (KHTML, like Gecko) Chrome/152.0.7977.82 Mobile Safari/537.36 (compatible; Googlebot/2.1; +http://www.google.com/bot.html)"
66.249.79.231 - - [13/Sep/2026:04:43:37 +0300] "GET /?shopdetail/T5177427425 HTTP/1.1" 301 - "-" "Mozilla/5.0 (Linux; Android 6.0.1; Nexus 5X Build/MMB29P) AppleWebKit/537.36 (KHTML, like Gecko) Chrome/152.0.7977.82 Mobile Safari/537.36 (compatible; Googlebot/2.1; +http://www.google.com/bot.html)"
66.249.79.231 - - [13/Sep/2026:04:43:38 +0300] "GET /?shopdetail/M5177364057 HTTP/1.1" 301 - "-" "Mozilla/5.0 (Linux; Android 6.0.1; Nexus 5X Build/MMB29P) AppleWebKit/537.36 (KHTML, like Gecko) Chrome/152.0.7977.82 Mobile Safari/537.36 (compatible; Googlebot/2.1; +http://www.google.com/bot.html)"
66.249.79.231 - - [13/Sep/2026:04:43:45 +0300] "GET /?shopdetail/Z51791187305 HTTP/1.1" 301 - "-" "Mozilla/5.0 (Linux; Android 6.0.1; Nexus 5X Build/MMB29P) AppleWebKit/537.36 (KHTML, like Gecko) Chrome/152.0.7977.82 Mobile Safari/537.36 (compatible; Googlebot/2.1; +http://www.google.com/bot.html)"
66.249.79.231 - - [13/Sep/2026:04:43:47 +0300] "GET /index.php/pl/?shopdetail/R51812436448 HTTP/1.1" 200 54873 "-" "Mozilla/5.0 (Linux; Android 6.0.1; Nexus 5X Build/MMB29P) AppleWebKit/537.36 (KHTML, like Gecko) Chrome/152.0.7977.82 Mobile Safari/537.36 (compatible; Googlebot/2.1; +http://www.google.com/bot.html)"
66.249.79.231 - - [13/Sep/2026:04:43:55 +0300] "GET /index.php/pl/?shopdetail/T5177427425 HTTP/1.1" 200 54873 "-" "Mozilla/5.0 (Linux; Android 6.0.1; Nexus 5X Build/MMB29P) AppleWebKit/537.36 (KHTML, like Gecko) Chrome/152.0.7977.82 Mobile Safari/537.36 (compatible; Googlebot/2.1; +http://www.google.com/bot.html)"
66.249.79.231 - - [13/Sep/2026:04:43:56 +0300] "GET /index.php/pl/?shopdetail/M5177364057 HTTP/1.1" 200 54873 "-" "Mozilla/5.0 (Linux; Android 6.0.1; Nexus 5X Build/MMB29P) AppleWebKit/537.36 (KHTML, like Gecko) Chrome/152.0.7977.82 Mobile Safari/537.36 (compatible; Googlebot/2.1; +http://www.google.com/bot.html)"
66.249.79.233 - - [13/Sep/2026:04:44:00 +0300] "GET /?shopdetail/A51801513691 HTTP/1.1" 301 - "-" "Mozilla/5.0 (Linux; Android 6.0.1; Nexus 5X Build/MMB29P) AppleWebKit/537.36 (KHTML, like Gecko) Chrome/152.0.7977.82 Mobile Safari/537.36 (compatible; Googlebot/2.1; +http://www.google.com/bot.html)"
66.249.79.231 - - [13/Sep/2026:04:44:07 +0300] "GET /index.php/pl/?shopdetail/Z51791187305 HTTP/1.1" 200 54873 "-" "Mozilla/5.0 (Linux; Android 6.0.1; Nexus 5X Build/MMB29P) AppleWebKit/537.36 (KHTML, like Gecko) Chrome/152.0.7977.82 Mobile Safari/537.36 (compatible; Googlebot/2.1; +http://www.google.com/bot.html)"
66.249.79.231 - - [13/Sep/2026:04:44:21 +0300] "GET /?shopdetail/E51812053400 HTTP/1.1" 301 - "-" "Mozilla/5.0 (Linux; Android 6.0.1; Nexus 5X Build/MMB29P) AppleWebKit/537.36 (KHTML, like Gecko) Chrome/152.0.7977.82 Mobile Safari/537.36 (compatible; Googlebot/2.1; +http://www.google.com/bot.html)"
66.249.79.231 - - [13/Sep/2026:04:44:28 +0300] "GET /index.php/pl/?shopdetail/A51801513691 HTTP/1.1" 200 54873 "-" "Mozilla/5.0 (Linux; Android 6.0.1; Nexus 5X Build/MMB29P) AppleWebKit/537.36 (KHTML, like Gecko) Chrome/152.0.7977.82 Mobile Safari/537.36 (compatible; Googlebot/2.1; +http://www.google.com/bot.html)"
66.249.79.231 - - [13/Sep/2026:04:44:32 +0300] "GET /?shopdetail/T5178899468 HTTP/1.1" 301 - "-" "Mozilla/5.0 (Linux; Android 6.0.1; Nexus 5X Build/MMB29P) AppleWebKit/537.36 (KHTML, like Gecko) Chrome/152.0.7977.82 Mobile Safari/537.36 (compatible; Googlebot/2.1; +http://www.google.com/bot.html)"
66.249.79.231 - - [13/Sep/2026:04:44:44 +0300] "GET /?shopdetail/Q5177152741 HTTP/1.1" 301 - "-" "Mozilla/5.0 (Linux; Android 6.0.1; Nexus 5X Build/MMB29P) AppleWebKit/537.36 (KHTML, like Gecko) Chrome/152.0.7977.82 Mobile Safari/537.36 (compatible; Googlebot/2.1; +http://www.google.com/bot.html)"
66.249.79.231 - - [13/Sep/2026:04:44:45 +0300] "GET /index.php/pl/?shopdetail/E51812053400 HTTP/1.1" 200 54873 "-" "Mozilla/5.0 (Linux; Android 6.0.1; Nexus 5X Build/MMB29P) AppleWebKit/537.36 (KHTML, like Gecko) Chrome/152.0.7977.82 Mobile Safari/537.36 (compatible; Googlebot/2.1; +http://www.google.com/bot.html)"
66.249.79.231 - - [13/Sep/2026:04:44:49 +0300] "GET /index.php/pl/?shopdetail/T5178899468 HTTP/1.1" 200 54873 "-" "Mozilla/5.0 (Linux; Android 6.0.1; Nexus 5X Build/MMB29P) AppleWebKit/537.36 (KHTML, like Gecko) Chrome/152.0.7977.82 Mobile Safari/537.36 (compatible; Googlebot/2.1; +http://www.google.com/bot.html)"
66.249.79.172 - - [13/Sep/2026:04:44:53 +0300] "GET /media/gantry5/engines/nucleus/css-compiled/joomla.css HTTP/1.1" 200 10151 "http://www.poznajlitwe.testams.vhost.lt/index.php/pl/?shopdetail/U5178683361" "Mozilla/5.0 (Linux; Android 6.0.1; Nexus 5X Build/MMB29P) AppleWebKit/537.36 (KHTML, like Gecko) Chrome/151.0.7922.173 Mobile Safari/537.36 (compatible; Googlebot/2.1; +http://www.google.com/bot.html)"
66.249.79.231 - - [13/Sep/2026:04:44:59 +0300] "GET /index.php/pl/?shopdetail/Q5177152741 HTTP/1.1" 200 54873 "-" "Mozilla/5.0 (Linux; Android 6.0.1; Nexus 5X Build/MMB29P) AppleWebKit/537.36 (KHTML, like Gecko) Chrome/152.0.7977.82 Mobile Safari/537.36 (compatible; Googlebot/2.1; +http://www.google.com/bot.html)"
66.249.79.160 - - [13/Sep/2026:04:45:45 +0300] "GET /templates/it_startup/uikit/js/uikit.min.js HTTP/1.1" 200 121825 "http://www.poznajlitwe.testams.vhost.lt/index.php/pl/?shopdetail/M5177233235" "Mozilla/5.0 (Linux; Android 6.0.1; Nexus 5X Build/MMB29P) AppleWebKit/537.36 (KHTML, like Gecko) Chrome/151.0.7922.173 Mobile Safari/537.36 (compatible; Googlebot/2.1; +http://www.google.com/bot.html)"
66.249.79.172 - - [13/Sep/2026:04:45:51 +0300] "GET /media/jui/js/jquery-noconflict.js?d0efd80bfea2835e175d45e9291370bf HTTP/1.1" 200 21 "http://www.poznajlitwe.testams.vhost.lt/index.php/pl/?shopdetail/R51791387189" "Mozilla/5.0 (Linux; Android 6.0.1; Nexus 5X Build/MMB29P) AppleWebKit/537.36 (KHTML, like Gecko) Chrome/151.0.7922.173 Mobile Safari/537.36 (compatible; Googlebot/2.1; +http://www.google.com/bot.html)"
66.249.79.173 - - [13/Sep/2026:04:46:09 +0300] "GET /media/gantry5/engines/nucleus/css-compiled/joomla.css HTTP/1.1" 200 10151 "http://www.poznajlitwe.testams.vhost.lt/index.php/pl/?shopdetail/N51812196317" "Mozilla/5.0 (Linux; Android 6.0.1; Nexus 5X Build/MMB29P) AppleWebKit/537.36 (KHTML, like Gecko) Chrome/151.0.7922.173 Mobile Safari/537.36 (compatible; Googlebot/2.1; +http://www.google.com/bot.html)"
66.249.79.172 - - [13/Sep/2026:04:50:02 +0300] "GET /media/gantry5/assets/js/main.js HTTP/1.1" 200 58794 "http://www.poznajlitwe.testams.vhost.lt/index.php/pl/?shopdetail/B5177339890" "Mozilla/5.0 (Linux; Android 6.0.1; Nexus 5X Build/MMB29P) AppleWebKit/537.36 (KHTML, like Gecko) Chrome/151.0.7922.173 Mobile Safari/537.36 (compatible; Googlebot/2.1; +http://www.google.com/bot.html)"
66.249.79.173 - - [13/Sep/2026:04:50:56 +0300] "GET /media/system/js/core.js?d0efd80bfea2835e175d45e9291370bf HTTP/1.1" 200 8735 "http://www.poznajlitwe.testams.vhost.lt/index.php/pl/?shopdetail/J51822520056" "Mozilla/5.0 (Linux; Android 6.0.1; Nexus 5X Build/MMB29P) AppleWebKit/537.36 (KHTML, like Gecko) Chrome/151.0.7922.173 Mobile Safari/537.36 (compatible; Googlebot/2.1; +http://www.google.com/bot.html)"
66.249.79.160 - - [13/Sep/2026:04:53:42 +0300] "GET /media/gantry5/engines/nucleus/css-compiled/joomla.css HTTP/1.1" 200 10151 "http://www.poznajlitwe.testams.vhost.lt/index.php/pl/?shopdetail/T51822748025" "Mozilla/5.0 (Linux; Android 6.0.1; Nexus 5X Build/MMB29P) AppleWebKit/537.36 (KHTML, like Gecko) Chrome/151.0.7922.173 Mobile Safari/537.36 (compatible; Googlebot/2.1; +http://www.google.com/bot.html)"
66.249.79.172 - - [13/Sep/2026:04:59:39 +0300] "GET /media/jui/js/jquery.min.js?d0efd80bfea2835e175d45e9291370bf HTTP/1.1" 200 97646 "http://www.poznajlitwe.testams.vhost.lt/index.php/pl/?shopdetail/L5177418514" "Mozilla/5.0 (Linux; Android 6.0.1; Nexus 5X Build/MMB29P) AppleWebKit/537.36 (KHTML, like Gecko) Chrome/151.0.7922.173 Mobile Safari/537.36 (compatible; Googlebot/2.1; +http://www.google.com/bot.html)"
66.249.79.160 - - [13/Sep/2026:05:02:01 +0300] "GET /templates/it_startup/custom/css-compiled/custom_16.css HTTP/1.1" 200 9093 "http://www.poznajlitwe.testams.vhost.lt/index.php/pl/?shopdetail/D5177381136" "Mozilla/5.0 (Linux; Android 6.0.1; Nexus 5X Build/MMB29P) AppleWebKit/537.36 (KHTML, like Gecko) Chrome/151.0.7922.173 Mobile Safari/537.36 (compatible; Googlebot/2.1; +http://www.google.com/bot.html)"
66.249.79.173 - - [13/Sep/2026:05:02:14 +0300] "GET /templates/it_startup/custom/css-compiled/custom_16.css HTTP/1.1" 200 9093 "http://www.poznajlitwe.testams.vhost.lt/index.php/pl/?shopdetail/Q51822556935" "Mozilla/5.0 (Linux; Android 6.0.1; Nexus 5X Build/MMB29P) AppleWebKit/537.36 (KHTML, like Gecko) Chrome/151.0.7922.173 Mobile Safari/537.36 (compatible; Googlebot/2.1; +http://www.google.com/bot.html)"
66.249.79.172 - - [13/Sep/2026:05:02:17 +0300] "GET /templates/it_startup/custom/css-compiled/custom_16.css HTTP/1.1" 200 9093 "http://www.poznajlitwe.testams.vhost.lt/index.php/pl/?shopdetail/S51801597493" "Mozilla/5.0 (Linux; Android 6.0.1; Nexus 5X Build/MMB29P) AppleWebKit/537.36 (KHTML, like Gecko) Chrome/151.0.7922.173 Mobile Safari/537.36 (compatible; Googlebot/2.1; +http://www.google.com/bot.html)"
66.249.79.172 - - [13/Sep/2026:05:02:20 +0300] "GET /templates/it_startup/custom/css-compiled/custom_16.css HTTP/1.1" 200 9093 "http://www.poznajlitwe.testams.vhost.lt/index.php/pl/?shopdetail/M51791452418" "Mozilla/5.0 (Linux; Android 6.0.1; Nexus 5X Build/MMB29P) AppleWebKit/537.36 (KHTML, like Gecko) Chrome/151.0.7922.173 Mobile Safari/537.36 (compatible; Googlebot/2.1; +http://www.google.com/bot.html)"
66.249.79.172 - - [13/Sep/2026:05:03:08 +0300] "GET /templates/it_startup/custom/css-compiled/custom_16.css HTTP/1.1" 200 9093 "http://www.poznajlitwe.testams.vhost.lt/index.php/pl/?shopdetail/K51801500401" "Mozilla/5.0 (Linux; Android 6.0.1; Nexus 5X Build/MMB29P) AppleWebKit/537.36 (KHTML, like Gecko) Chrome/151.0.7922.173 Mobile Safari/537.36 (compatible; Googlebot/2.1; +http://www.google.com/bot.html)"
66.249.79.173 - - [13/Sep/2026:05:04:57 +0300] "GET /media/gantry5/engines/nucleus/css-compiled/joomla.css HTTP/1.1" 200 10151 "http://www.poznajlitwe.testams.vhost.lt/index.php/pl/?shopdetail/H51812152373" "Mozilla/5.0 (Linux; Android 6.0.1; Nexus 5X Build/MMB29P) AppleWebKit/537.36 (KHTML, like Gecko) Chrome/151.0.7922.173 Mobile Safari/537.36 (compatible; Googlebot/2.1; +http://www.google.com/bot.html)"
66.249.79.160 - - [13/Sep/2026:05:06:15 +0300] "GET /templates/it_startup/js/pagePreloader.js HTTP/1.1" 200 7068 "http://www.poznajlitwe.testams.vhost.lt/index.php/pl/?shopdetail/X517724825" "Mozilla/5.0 (Linux; Android 6.0.1; Nexus 5X Build/MMB29P) AppleWebKit/537.36 (KHTML, like Gecko) Chrome/151.0.7922.173 Mobile Safari/537.36 (compatible; Googlebot/2.1; +http://www.google.com/bot.html)"
66.249.79.172 - - [13/Sep/2026:05:06:33 +0300] "GET /media/gantry5/engines/nucleus/css-compiled/joomla.css HTTP/1.1" 200 10151 "http://www.poznajlitwe.testams.vhost.lt/index.php/pl/?shopdetail/Q51791125401" "Mozilla/5.0 (Linux; Android 6.0.1; Nexus 5X Build/MMB29P) AppleWebKit/537.36 (KHTML, like Gecko) Chrome/151.0.7922.173 Mobile Safari/537.36 (compatible; Googlebot/2.1; +http://www.google.com/bot.html)"
66.249.79.160 - - [13/Sep/2026:05:08:54 +0300] "GET /templates/it_startup/custom/css-compiled/custom_16.css HTTP/1.1" 200 9093 "http://www.poznajlitwe.testams.vhost.lt/index.php/pl/?shopdetail/O5178806127" "Mozilla/5.0 (Linux; Android 6.0.1; Nexus 5X Build/MMB29P) AppleWebKit/537.36 (KHTML, like Gecko) Chrome/151.0.7922.173 Mobile Safari/537.36 (compatible; Googlebot/2.1; +http://www.google.com/bot.html)"
66.249.79.173 - - [13/Sep/2026:05:10:21 +0300] "GET /templates/it_startup/custom/css-compiled/startup_16.css HTTP/1.1" 200 321905 "http://www.poznajlitwe.testams.vhost.lt/index.php/pl/?shopdetail/K51791049948" "Mozilla/5.0 (Linux; Android 6.0.1; Nexus 5X Build/MMB29P) AppleWebKit/537.36 (KHTML, like Gecko) Chrome/151.0.7922.173 Mobile Safari/537.36 (compatible; Googlebot/2.1; +http://www.google.com/bot.html)"
66.249.79.173 - - [13/Sep/2026:05:10:22 +0300] "GET /templates/it_startup/custom/css-compiled/startup_16.css HTTP/1.1" 200 321905 "http://www.poznajlitwe.testams.vhost.lt/index.php/pl/?shopdetail/Q51812100255" "Mozilla/5.0 (Linux; Android 6.0.1; Nexus 5X Build/MMB29P) AppleWebKit/537.36 (KHTML, like Gecko) Chrome/151.0.7922.173 Mobile Safari/537.36 (compatible; Googlebot/2.1; +http://www.google.com/bot.html)"
66.249.79.160 - - [13/Sep/2026:05:10:23 +0300] "GET /media/gantry5/engines/nucleus/css-compiled/joomla.css HTTP/1.1" 200 10151 "http://www.poznajlitwe.testams.vhost.lt/index.php/pl/?shopdetail/Q51812100255" "Mozilla/5.0 (Linux; Android 6.0.1; Nexus 5X Build/MMB29P) AppleWebKit/537.36 (KHTML, like Gecko) Chrome/151.0.7922.173 Mobile Safari/537.36 (compatible; Googlebot/2.1; +http://www.google.com/bot.html)"
66.249.79.160 - - [13/Sep/2026:05:11:16 +0300] "GET /templates/it_startup/js/scrollReveal.min.js HTTP/1.1" 200 8564 "http://www.poznajlitwe.testams.vhost.lt/index.php/pl/?shopdetail/C5177443995" "Mozilla/5.0 (Linux; Android 6.0.1; Nexus 5X Build/MMB29P) AppleWebKit/537.36 (KHTML, like Gecko) Chrome/151.0.7922.173 Mobile Safari/537.36 (compatible; Googlebot/2.1; +http://www.google.com/bot.html)"
66.249.79.233 - - [13/Sep/2026:05:11:34 +0300] "GET /?shopdetail/T5178525621 HTTP/1.1" 301 - "-" "Mozilla/5.0 (Linux; Android 6.0.1; Nexus 5X Build/MMB29P) AppleWebKit/537.36 (KHTML, like Gecko) Chrome/152.0.7977.82 Mobile Safari/537.36 (compatible; Googlebot/2.1; +http://www.google.com/bot.html)"
66.249.79.231 - - [13/Sep/2026:05:11:35 +0300] "GET /?shopdetail/U51822592529 HTTP/1.1" 301 - "-" "Mozilla/5.0 (Linux; Android 6.0.1; Nexus 5X Build/MMB29P) AppleWebKit/537.36 (KHTML, like Gecko) Chrome/152.0.7977.82 Mobile Safari/537.36 (compatible; Googlebot/2.1; +http://www.google.com/bot.html)"
66.249.79.231 - - [13/Sep/2026:05:11:40 +0300] "GET /?shopdetail/U5178665578 HTTP/1.1" 301 - "-" "Mozilla/5.0 (Linux; Android 6.0.1; Nexus 5X Build/MMB29P) AppleWebKit/537.36 (KHTML, like Gecko) Chrome/152.0.7977.82 Mobile Safari/537.36 (compatible; Googlebot/2.1; +http://www.google.com/bot.html)"
66.249.79.172 - - [13/Sep/2026:05:11:49 +0300] "GET /templates/it_startup/custom/css-compiled/custom_16.css HTTP/1.1" 200 9093 "http://www.poznajlitwe.testams.vhost.lt/index.php/pl/?shopdetail/L51791338674" "Mozilla/5.0 (Linux; Android 6.0.1; Nexus 5X Build/MMB29P) AppleWebKit/537.36 (KHTML, like Gecko) Chrome/151.0.7922.173 Mobile Safari/537.36 (compatible; Googlebot/2.1; +http://www.google.com/bot.html)"
66.249.79.172 - - [13/Sep/2026:05:11:50 +0300] "GET /templates/it_startup/custom/css-compiled/custom_16.css HTTP/1.1" 200 9093 "http://www.poznajlitwe.testams.vhost.lt/index.php/pl/?shopdetail/E51791184209" "Mozilla/5.0 (Linux; Android 6.0.1; Nexus 5X Build/MMB29P) AppleWebKit/537.36 (KHTML, like Gecko) Chrome/151.0.7922.173 Mobile Safari/537.36 (compatible; Googlebot/2.1; +http://www.google.com/bot.html)"
66.249.79.231 - - [13/Sep/2026:05:11:58 +0300] "GET /index.php/pl/?shopdetail/T5178525621 HTTP/1.1" 200 54873 "-" "Mozilla/5.0 (Linux; Android 6.0.1; Nexus 5X Build/MMB29P) AppleWebKit/537.36 (KHTML, like Gecko) Chrome/152.0.7977.82 Mobile Safari/537.36 (compatible; Googlebot/2.1; +http://www.google.com/bot.html)"
66.249.79.231 - - [13/Sep/2026:05:11:58 +0300] "GET /index.php/pl/?shopdetail/U51822592529 HTTP/1.1" 200 54873 "-" "Mozilla/5.0 (Linux; Android 6.0.1; Nexus 5X Build/MMB29P) AppleWebKit/537.36 (KHTML, like Gecko) Chrome/152.0.7977.82 Mobile Safari/537.36 (compatible; Googlebot/2.1; +http://www.google.com/bot.html)"
66.249.79.232 - - [13/Sep/2026:05:12:04 +0300] "GET /index.php/pl/?shopdetail/U5178665578 HTTP/1.1" 200 54873 "-" "Mozilla/5.0 (Linux; Android 6.0.1; Nexus 5X Build/MMB29P) AppleWebKit/537.36 (KHTML, like Gecko) Chrome/152.0.7977.82 Mobile Safari/537.36 (compatible; Googlebot/2.1; +http://www.google.com/bot.html)"
66.249.79.172 - - [13/Sep/2026:05:12:57 +0300] "GET /media/gantry5/engines/nucleus/css-compiled/joomla.css HTTP/1.1" 200 10151 "http://www.poznajlitwe.testams.vhost.lt/index.php/pl/?shopdetail/E51801944880" "Mozilla/5.0 (Linux; Android 6.0.1; Nexus 5X Build/MMB29P) AppleWebKit/537.36 (KHTML, like Gecko) Chrome/151.0.7922.173 Mobile Safari/537.36 (compatible; Googlebot/2.1; +http://www.google.com/bot.html)"
66.249.79.172 - - [13/Sep/2026:05:13:01 +0300] "GET /media/gantry5/engines/nucleus/css-compiled/joomla.css HTTP/1.1" 200 10151 "http://www.poznajlitwe.testams.vhost.lt/index.php/pl/?shopdetail/D51812071385" "Mozilla/5.0 (Linux; Android 6.0.1; Nexus 5X Build/MMB29P) AppleWebKit/537.36 (KHTML, like Gecko) Chrome/151.0.7922.173 Mobile Safari/537.36 (compatible; Googlebot/2.1; +http://www.google.com/bot.html)"
66.249.79.172 - - [13/Sep/2026:05:13:14 +0300] "GET /?shopdetail/E51812371920 HTTP/1.1" 301 - "-" "Mozilla/5.0 (Linux; Android 6.0.1; Nexus 5X Build/MMB29P) AppleWebKit/537.36 (KHTML, like Gecko) Chrome/152.0.7977.82 Mobile Safari/537.36 (compatible; Googlebot/2.1; +http://www.google.com/bot.html)"
66.249.79.172 - - [13/Sep/2026:05:13:14 +0300] "GET /?shopdetail/J5177356418 HTTP/1.1" 301 - "-" "Mozilla/5.0 (Linux; Android 6.0.1; Nexus 5X Build/MMB29P) AppleWebKit/537.36 (KHTML, like Gecko) Chrome/152.0.7977.82 Mobile Safari/537.36 (compatible; Googlebot/2.1; +http://www.google.com/bot.html)"
66.249.79.232 - - [13/Sep/2026:05:13:21 +0300] "GET /?shopdetail/X51822885630 HTTP/1.1" 301 - "-" "Mozilla/5.0 (Linux; Android 6.0.1; Nexus 5X Build/MMB29P) AppleWebKit/537.36 (KHTML, like Gecko) Chrome/152.0.7977.82 Mobile Safari/537.36 (compatible; Googlebot/2.1; +http://www.google.com/bot.html)"
66.249.79.172 - - [13/Sep/2026:05:13:21 +0300] "GET /?shopdetail/N51791286004 HTTP/1.1" 301 - "-" "Mozilla/5.0 (Linux; Android 6.0.1; Nexus 5X Build/MMB29P) AppleWebKit/537.36 (KHTML, like Gecko) Chrome/152.0.7977.82 Mobile Safari/537.36 (compatible; Googlebot/2.1; +http://www.google.com/bot.html)"
66.249.79.172 - - [13/Sep/2026:05:13:21 +0300] "GET /?shopdetail/X51791354940 HTTP/1.1" 301 - "-" "Mozilla/5.0 (Linux; Android 6.0.1; Nexus 5X Build/MMB29P) AppleWebKit/537.36 (KHTML, like Gecko) Chrome/152.0.7977.82 Mobile Safari/537.36 (compatible; Googlebot/2.1; +http://www.google.com/bot.html)"
66.249.79.172 - - [13/Sep/2026:05:13:22 +0300] "GET /?shopdetail/V51812470793 HTTP/1.1" 301 - "-" "Mozilla/5.0 (Linux; Android 6.0.1; Nexus 5X Build/MMB29P) AppleWebKit/537.36 (KHTML, like Gecko) Chrome/152.0.7977.82 Mobile Safari/537.36 (compatible; Googlebot/2.1; +http://www.google.com/bot.html)"
66.249.79.172 - - [13/Sep/2026:05:13:28 +0300] "GET /?shopdetail/C51822830154 HTTP/1.1" 301 - "-" "Mozilla/5.0 (Linux; Android 6.0.1; Nexus 5X Build/MMB29P) AppleWebKit/537.36 (KHTML, like Gecko) Chrome/152.0.7977.82 Mobile Safari/537.36 (compatible; Googlebot/2.1; +http://www.google.com/bot.html)"
66.249.79.172 - - [13/Sep/2026:05:13:33 +0300] "GET /?shopdetail/B51822842760 HTTP/1.1" 301 - "-" "Mozilla/5.0 (Linux; Android 6.0.1; Nexus 5X Build/MMB29P) AppleWebKit/537.36 (KHTML, like Gecko) Chrome/152.0.7977.82 Mobile Safari/537.36 (compatible; Googlebot/2.1; +http://www.google.com/bot.html)"
66.249.79.172 - - [13/Sep/2026:05:13:35 +0300] "GET /?shopdetail/B5177216447 HTTP/1.1" 301 - "-" "Mozilla/5.0 (Linux; Android 6.0.1; Nexus 5X Build/MMB29P) AppleWebKit/537.36 (KHTML, like Gecko) Chrome/152.0.7977.82 Mobile Safari/537.36 (compatible; Googlebot/2.1; +http://www.google.com/bot.html)"
66.249.79.172 - - [13/Sep/2026:05:13:38 +0300] "GET /index.php/pl/?shopdetail/E51812371920 HTTP/1.1" 200 54971 "-" "Mozilla/5.0 (Linux; Android 6.0.1; Nexus 5X Build/MMB29P) AppleWebKit/537.36 (KHTML, like Gecko) Chrome/152.0.7977.82 Mobile Safari/537.36 (compatible; Googlebot/2.1; +http://www.google.com/bot.html)"
