72.14.199.44 - - [13/Sep/2026:03:36:14 +0300] "GET /templates/it_startup/js/pagePreloader.js HTTP/1.1" 200 7068 "http://www.poznajlitwe.testams.vhost.lt/index.php/pl/?shopdetail/J51791139425" "Mozilla/5.0 (X11; Linux x86_64) AppleWebKit/537.36 (KHTML, like Gecko) Chrome/151.0.7922.71 Safari/537.36"
72.14.199.44 - - [13/Sep/2026:03:36:15 +0300] "GET /media/gantry5/assets/fonts/fontawesome-webfont.woff2?v=4.7.0 HTTP/1.1" 200 77160 "http://www.poznajlitwe.testams.vhost.lt/media/gantry5/assets/css/font-awesome.min.css" "Mozilla/5.0 (X11; Linux x86_64) AppleWebKit/537.36 (KHTML, like Gecko) Chrome/151.0.7922.71 Safari/537.36"
66.249.79.172 - - [13/Sep/2026:03:37:46 +0300] "GET /?shopdetail/O51791035482 HTTP/1.1" 301 - "-" "Mozilla/5.0 (Linux; Android 6.0.1; Nexus 5X Build/MMB29P) AppleWebKit/537.36 (KHTML, like Gecko) Chrome/152.0.7977.82 Mobile Safari/537.36 (compatible; Googlebot/2.1; +http://www.google.com/bot.html)"
66.249.79.173 - - [13/Sep/2026:03:37:48 +0300] "GET /index.php/pl/?shopdetail/O51791035482 HTTP/1.1" 200 54971 "-" "Mozilla/5.0 (Linux; Android 6.0.1; Nexus 5X Build/MMB29P) AppleWebKit/537.36 (KHTML, like Gecko) Chrome/152.0.7977.82 Mobile Safari/537.36 (compatible; Googlebot/2.1; +http://www.google.com/bot.html)"
66.249.79.173 - - [13/Sep/2026:03:39:35 +0300] "GET /?shopdetail/Q51812177093 HTTP/1.1" 301 - "-" "Mozilla/5.0 (Linux; Android 6.0.1; Nexus 5X Build/MMB29P) AppleWebKit/537.36 (KHTML, like Gecko) Chrome/152.0.7977.82 Mobile Safari/537.36 (compatible; Googlebot/2.1; +http://www.google.com/bot.html)"
66.249.79.172 - - [13/Sep/2026:03:39:44 +0300] "GET /index.php/pl/?shopdetail/Q51812177093 HTTP/1.1" 200 54971 "-" "Mozilla/5.0 (Linux; Android 6.0.1; Nexus 5X Build/MMB29P) AppleWebKit/537.36 (KHTML, like Gecko) Chrome/152.0.7977.82 Mobile Safari/537.36 (compatible; Googlebot/2.1; +http://www.google.com/bot.html)"
66.249.79.172 - - [13/Sep/2026:03:40:22 +0300] "GET /?shopdetail/L51822524960 HTTP/1.1" 301 - "-" "Mozilla/5.0 (Linux; Android 6.0.1; Nexus 5X Build/MMB29P) AppleWebKit/537.36 (KHTML, like Gecko) Chrome/152.0.7977.82 Mobile Safari/537.36 (compatible; Googlebot/2.1; +http://www.google.com/bot.html)"
66.249.79.173 - - [13/Sep/2026:03:40:31 +0300] "GET /index.php/pl/?shopdetail/L51822524960 HTTP/1.1" 200 54971 "-" "Mozilla/5.0 (Linux; Android 6.0.1; Nexus 5X Build/MMB29P) AppleWebKit/537.36 (KHTML, like Gecko) Chrome/152.0.7977.82 Mobile Safari/537.36 (compatible; Googlebot/2.1; +http://www.google.com/bot.html)"
66.249.79.232 - - [13/Sep/2026:03:43:03 +0300] "GET /?shopdetail/U51822972763 HTTP/1.1" 301 - "-" "Mozilla/5.0 (Linux; Android 6.0.1; Nexus 5X Build/MMB29P) AppleWebKit/537.36 (KHTML, like Gecko) Chrome/152.0.7977.82 Mobile Safari/537.36 (compatible; Googlebot/2.1; +http://www.google.com/bot.html)"
66.249.79.232 - - [13/Sep/2026:03:43:16 +0300] "GET /index.php/pl/?shopdetail/U51822972763 HTTP/1.1" 200 54873 "-" "Mozilla/5.0 (Linux; Android 6.0.1; Nexus 5X Build/MMB29P) AppleWebKit/537.36 (KHTML, like Gecko) Chrome/152.0.7977.82 Mobile Safari/537.36 (compatible; Googlebot/2.1; +http://www.google.com/bot.html)"
66.249.79.232 - - [13/Sep/2026:03:43:17 +0300] "GET /?shopdetail/B51822859612 HTTP/1.1" 301 - "-" "Mozilla/5.0 (Linux; Android 6.0.1; Nexus 5X Build/MMB29P) AppleWebKit/537.36 (KHTML, like Gecko) Chrome/152.0.7977.82 Mobile Safari/537.36 (compatible; Googlebot/2.1; +http://www.google.com/bot.html)"
66.249.79.231 - - [13/Sep/2026:03:43:32 +0300] "GET /index.php/pl/?shopdetail/B51822859612 HTTP/1.1" 200 54873 "-" "Mozilla/5.0 (Linux; Android 6.0.1; Nexus 5X Build/MMB29P) AppleWebKit/537.36 (KHTML, like Gecko) Chrome/152.0.7977.82 Mobile Safari/537.36 (compatible; Googlebot/2.1; +http://www.google.com/bot.html)"
66.249.79.233 - - [13/Sep/2026:03:44:12 +0300] "GET /?shopdetail/W51812069218 HTTP/1.1" 301 - "-" "Mozilla/5.0 (Linux; Android 6.0.1; Nexus 5X Build/MMB29P) AppleWebKit/537.36 (KHTML, like Gecko) Chrome/152.0.7977.82 Mobile Safari/537.36 (compatible; Googlebot/2.1; +http://www.google.com/bot.html)"
66.249.79.232 - - [13/Sep/2026:03:44:26 +0300] "GET /?GameID=2026-07-20/7970.html HTTP/1.1" 301 - "-" "Mozilla/5.0 (Linux; Android 6.0.1; Nexus 5X Build/MMB29P) AppleWebKit/537.36 (KHTML, like Gecko) Chrome/152.0.7977.82 Mobile Safari/537.36 (compatible; Googlebot/2.1; +http://www.google.com/bot.html)"
66.249.79.232 - - [13/Sep/2026:03:44:29 +0300] "GET /?shopdetail/J51801820794 HTTP/1.1" 301 - "-" "Mozilla/5.0 (Linux; Android 6.0.1; Nexus 5X Build/MMB29P) AppleWebKit/537.36 (KHTML, like Gecko) Chrome/152.0.7977.82 Mobile Safari/537.36 (compatible; Googlebot/2.1; +http://www.google.com/bot.html)"
66.249.79.231 - - [13/Sep/2026:03:44:32 +0300] "GET /index.php/pl/?shopdetail/W51812069218 HTTP/1.1" 200 54873 "-" "Mozilla/5.0 (Linux; Android 6.0.1; Nexus 5X Build/MMB29P) AppleWebKit/537.36 (KHTML, like Gecko) Chrome/152.0.7977.82 Mobile Safari/537.36 (compatible; Googlebot/2.1; +http://www.google.com/bot.html)"
66.249.79.231 - - [13/Sep/2026:03:44:35 +0300] "GET /?shopdetail/W51812121690 HTTP/1.1" 301 - "-" "Mozilla/5.0 (Linux; Android 6.0.1; Nexus 5X Build/MMB29P) AppleWebKit/537.36 (KHTML, like Gecko) Chrome/152.0.7977.82 Mobile Safari/537.36 (compatible; Googlebot/2.1; +http://www.google.com/bot.html)"
66.249.79.231 - - [13/Sep/2026:03:44:49 +0300] "GET /index.php/pl/?GameID=2026-07-20/7970.html HTTP/1.1" 200 54873 "-" "Mozilla/5.0 (Linux; Android 6.0.1; Nexus 5X Build/MMB29P) AppleWebKit/537.36 (KHTML, like Gecko) Chrome/152.0.7977.82 Mobile Safari/537.36 (compatible; Googlebot/2.1; +http://www.google.com/bot.html)"
66.249.79.231 - - [13/Sep/2026:03:44:53 +0300] "GET /index.php/pl/?shopdetail/J51801820794 HTTP/1.1" 200 54873 "-" "Mozilla/5.0 (Linux; Android 6.0.1; Nexus 5X Build/MMB29P) AppleWebKit/537.36 (KHTML, like Gecko) Chrome/152.0.7977.82 Mobile Safari/537.36 (compatible; Googlebot/2.1; +http://www.google.com/bot.html)"
66.249.79.231 - - [13/Sep/2026:03:44:58 +0300] "GET /index.php/pl/?shopdetail/W51812121690 HTTP/1.1" 200 54873 "-" "Mozilla/5.0 (Linux; Android 6.0.1; Nexus 5X Build/MMB29P) AppleWebKit/537.36 (KHTML, like Gecko) Chrome/152.0.7977.82 Mobile Safari/537.36 (compatible; Googlebot/2.1; +http://www.google.com/bot.html)"
66.249.79.173 - - [13/Sep/2026:03:45:02 +0300] "GET /media/gantry5/engines/nucleus/css-compiled/nucleus.css HTTP/1.1" 200 34265 "http://www.poznajlitwe.testams.vhost.lt/index.php/pl/?shopdetail/B51822996873" "Mozilla/5.0 (Linux; Android 6.0.1; Nexus 5X Build/MMB29P) AppleWebKit/537.36 (KHTML, like Gecko) Chrome/151.0.7922.173 Mobile Safari/537.36 (compatible; Googlebot/2.1; +http://www.google.com/bot.html)"
66.249.79.232 - - [13/Sep/2026:03:45:05 +0300] "GET /?shopdetail/E51791215225 HTTP/1.1" 301 - "-" "Mozilla/5.0 (Linux; Android 6.0.1; Nexus 5X Build/MMB29P) AppleWebKit/537.36 (KHTML, like Gecko) Chrome/152.0.7977.82 Mobile Safari/537.36 (compatible; Googlebot/2.1; +http://www.google.com/bot.html)"
66.249.79.232 - - [13/Sep/2026:03:45:17 +0300] "GET /?shopdetail/I5178917396 HTTP/1.1" 301 - "-" "Mozilla/5.0 (Linux; Android 6.0.1; Nexus 5X Build/MMB29P) AppleWebKit/537.36 (KHTML, like Gecko) Chrome/152.0.7977.82 Mobile Safari/537.36 (compatible; Googlebot/2.1; +http://www.google.com/bot.html)"
66.249.79.231 - - [13/Sep/2026:03:45:30 +0300] "GET /index.php/pl/?shopdetail/E51791215225 HTTP/1.1" 200 54873 "-" "Mozilla/5.0 (Linux; Android 6.0.1; Nexus 5X Build/MMB29P) AppleWebKit/537.36 (KHTML, like Gecko) Chrome/152.0.7977.82 Mobile Safari/537.36 (compatible; Googlebot/2.1; +http://www.google.com/bot.html)"
66.249.79.231 - - [13/Sep/2026:03:45:40 +0300] "GET /index.php/pl/?shopdetail/I5178917396 HTTP/1.1" 200 54873 "-" "Mozilla/5.0 (Linux; Android 6.0.1; Nexus 5X Build/MMB29P) AppleWebKit/537.36 (KHTML, like Gecko) Chrome/152.0.7977.82 Mobile Safari/537.36 (compatible; Googlebot/2.1; +http://www.google.com/bot.html)"
66.249.79.231 - - [13/Sep/2026:03:45:53 +0300] "GET /?shopdetail/L51791421444 HTTP/1.1" 301 - "-" "Mozilla/5.0 (Linux; Android 6.0.1; Nexus 5X Build/MMB29P) AppleWebKit/537.36 (KHTML, like Gecko) Chrome/152.0.7977.82 Mobile Safari/537.36 (compatible; Googlebot/2.1; +http://www.google.com/bot.html)"
66.249.79.233 - - [13/Sep/2026:03:46:13 +0300] "GET /?shopdetail/V5177106842 HTTP/1.1" 301 - "-" "Mozilla/5.0 (Linux; Android 6.0.1; Nexus 5X Build/MMB29P) AppleWebKit/537.36 (KHTML, like Gecko) Chrome/152.0.7977.82 Mobile Safari/537.36 (compatible; Googlebot/2.1; +http://www.google.com/bot.html)"
66.249.79.233 - - [13/Sep/2026:03:46:16 +0300] "GET /index.php/pl/?shopdetail/L51791421444 HTTP/1.1" 200 54873 "-" "Mozilla/5.0 (Linux; Android 6.0.1; Nexus 5X Build/MMB29P) AppleWebKit/537.36 (KHTML, like Gecko) Chrome/152.0.7977.82 Mobile Safari/537.36 (compatible; Googlebot/2.1; +http://www.google.com/bot.html)"
66.249.79.233 - - [13/Sep/2026:03:46:16 +0300] "GET /?shopdetail/K5178550491 HTTP/1.1" 301 - "-" "Mozilla/5.0 (Linux; Android 6.0.1; Nexus 5X Build/MMB29P) AppleWebKit/537.36 (KHTML, like Gecko) Chrome/152.0.7977.82 Mobile Safari/537.36 (compatible; Googlebot/2.1; +http://www.google.com/bot.html)"
66.249.79.231 - - [13/Sep/2026:03:46:34 +0300] "GET /index.php/pl/?shopdetail/V5177106842 HTTP/1.1" 200 54873 "-" "Mozilla/5.0 (Linux; Android 6.0.1; Nexus 5X Build/MMB29P) AppleWebKit/537.36 (KHTML, like Gecko) Chrome/152.0.7977.82 Mobile Safari/537.36 (compatible; Googlebot/2.1; +http://www.google.com/bot.html)"
66.249.79.232 - - [13/Sep/2026:03:46:36 +0300] "GET /index.php/pl/?shopdetail/K5178550491 HTTP/1.1" 200 54873 "-" "Mozilla/5.0 (Linux; Android 6.0.1; Nexus 5X Build/MMB29P) AppleWebKit/537.36 (KHTML, like Gecko) Chrome/152.0.7977.82 Mobile Safari/537.36 (compatible; Googlebot/2.1; +http://www.google.com/bot.html)"
66.249.79.232 - - [13/Sep/2026:03:46:37 +0300] "GET /?shopdetail/P5177375629 HTTP/1.1" 301 - "-" "Mozilla/5.0 (Linux; Android 6.0.1; Nexus 5X Build/MMB29P) AppleWebKit/537.36 (KHTML, like Gecko) Chrome/152.0.7977.82 Mobile Safari/537.36 (compatible; Googlebot/2.1; +http://www.google.com/bot.html)"
66.249.79.231 - - [13/Sep/2026:03:46:57 +0300] "GET /index.php/pl/?shopdetail/P5177375629 HTTP/1.1" 200 54873 "-" "Mozilla/5.0 (Linux; Android 6.0.1; Nexus 5X Build/MMB29P) AppleWebKit/537.36 (KHTML, like Gecko) Chrome/152.0.7977.82 Mobile Safari/537.36 (compatible; Googlebot/2.1; +http://www.google.com/bot.html)"
66.249.79.232 - - [13/Sep/2026:03:47:09 +0300] "GET /?shopdetail/H5178662062 HTTP/1.1" 301 - "-" "Mozilla/5.0 (Linux; Android 6.0.1; Nexus 5X Build/MMB29P) AppleWebKit/537.36 (KHTML, like Gecko) Chrome/152.0.7977.82 Mobile Safari/537.36 (compatible; Googlebot/2.1; +http://www.google.com/bot.html)"
66.249.79.233 - - [13/Sep/2026:03:47:12 +0300] "GET /?shopdetail/V5178843803 HTTP/1.1" 301 - "-" "Mozilla/5.0 (Linux; Android 6.0.1; Nexus 5X Build/MMB29P) AppleWebKit/537.36 (KHTML, like Gecko) Chrome/152.0.7977.82 Mobile Safari/537.36 (compatible; Googlebot/2.1; +http://www.google.com/bot.html)"
66.249.79.231 - - [13/Sep/2026:03:47:30 +0300] "GET /index.php/pl/?shopdetail/H5178662062 HTTP/1.1" 200 54873 "-" "Mozilla/5.0 (Linux; Android 6.0.1; Nexus 5X Build/MMB29P) AppleWebKit/537.36 (KHTML, like Gecko) Chrome/152.0.7977.82 Mobile Safari/537.36 (compatible; Googlebot/2.1; +http://www.google.com/bot.html)"
66.249.79.233 - - [13/Sep/2026:03:47:31 +0300] "GET /?shopdetail/R51801821303 HTTP/1.1" 301 - "-" "Mozilla/5.0 (Linux; Android 6.0.1; Nexus 5X Build/MMB29P) AppleWebKit/537.36 (KHTML, like Gecko) Chrome/152.0.7977.82 Mobile Safari/537.36 (compatible; Googlebot/2.1; +http://www.google.com/bot.html)"
66.249.79.233 - - [13/Sep/2026:03:47:32 +0300] "GET /index.php/pl/?shopdetail/V5178843803 HTTP/1.1" 200 54873 "-" "Mozilla/5.0 (Linux; Android 6.0.1; Nexus 5X Build/MMB29P) AppleWebKit/537.36 (KHTML, like Gecko) Chrome/152.0.7977.82 Mobile Safari/537.36 (compatible; Googlebot/2.1; +http://www.google.com/bot.html)"
66.249.79.231 - - [13/Sep/2026:03:47:54 +0300] "GET /index.php/pl/?shopdetail/R51801821303 HTTP/1.1" 200 54873 "-" "Mozilla/5.0 (Linux; Android 6.0.1; Nexus 5X Build/MMB29P) AppleWebKit/537.36 (KHTML, like Gecko) Chrome/152.0.7977.82 Mobile Safari/537.36 (compatible; Googlebot/2.1; +http://www.google.com/bot.html)"
66.249.79.232 - - [13/Sep/2026:03:48:22 +0300] "GET /?shopdetail/D51801618667 HTTP/1.1" 301 - "-" "Mozilla/5.0 (Linux; Android 6.0.1; Nexus 5X Build/MMB29P) AppleWebKit/537.36 (KHTML, like Gecko) Chrome/152.0.7977.82 Mobile Safari/537.36 (compatible; Googlebot/2.1; +http://www.google.com/bot.html)"
66.249.79.232 - - [13/Sep/2026:03:48:28 +0300] "GET /?shopdetail/J51791116334 HTTP/1.1" 301 - "-" "Mozilla/5.0 (Linux; Android 6.0.1; Nexus 5X Build/MMB29P) AppleWebKit/537.36 (KHTML, like Gecko) Chrome/152.0.7977.82 Mobile Safari/537.36 (compatible; Googlebot/2.1; +http://www.google.com/bot.html)"
66.249.79.231 - - [13/Sep/2026:03:48:35 +0300] "GET /?shopdetail/U51822536821 HTTP/1.1" 301 - "-" "Mozilla/5.0 (Linux; Android 6.0.1; Nexus 5X Build/MMB29P) AppleWebKit/537.36 (KHTML, like Gecko) Chrome/152.0.7977.82 Mobile Safari/537.36 (compatible; Googlebot/2.1; +http://www.google.com/bot.html)"
66.249.79.231 - - [13/Sep/2026:03:48:45 +0300] "GET /?shopdetail/Z51812353551 HTTP/1.1" 301 - "-" "Mozilla/5.0 (Linux; Android 6.0.1; Nexus 5X Build/MMB29P) AppleWebKit/537.36 (KHTML, like Gecko) Chrome/152.0.7977.82 Mobile Safari/537.36 (compatible; Googlebot/2.1; +http://www.google.com/bot.html)"
66.249.79.231 - - [13/Sep/2026:03:48:45 +0300] "GET /index.php/pl/?shopdetail/D51801618667 HTTP/1.1" 200 54873 "-" "Mozilla/5.0 (Linux; Android 6.0.1; Nexus 5X Build/MMB29P) AppleWebKit/537.36 (KHTML, like Gecko) Chrome/152.0.7977.82 Mobile Safari/537.36 (compatible; Googlebot/2.1; +http://www.google.com/bot.html)"
66.249.79.231 - - [13/Sep/2026:03:48:49 +0300] "GET /index.php/pl/?shopdetail/J51791116334 HTTP/1.1" 200 54873 "-" "Mozilla/5.0 (Linux; Android 6.0.1; Nexus 5X Build/MMB29P) AppleWebKit/537.36 (KHTML, like Gecko) Chrome/152.0.7977.82 Mobile Safari/537.36 (compatible; Googlebot/2.1; +http://www.google.com/bot.html)"
66.249.79.231 - - [13/Sep/2026:03:48:55 +0300] "GET /index.php/pl/?shopdetail/U51822536821 HTTP/1.1" 200 54873 "-" "Mozilla/5.0 (Linux; Android 6.0.1; Nexus 5X Build/MMB29P) AppleWebKit/537.36 (KHTML, like Gecko) Chrome/152.0.7977.82 Mobile Safari/537.36 (compatible; Googlebot/2.1; +http://www.google.com/bot.html)"
66.249.79.232 - - [13/Sep/2026:03:49:07 +0300] "GET /index.php/pl/?shopdetail/Z51812353551 HTTP/1.1" 200 54873 "-" "Mozilla/5.0 (Linux; Android 6.0.1; Nexus 5X Build/MMB29P) AppleWebKit/537.36 (KHTML, like Gecko) Chrome/152.0.7977.82 Mobile Safari/537.36 (compatible; Googlebot/2.1; +http://www.google.com/bot.html)"
66.249.79.231 - - [13/Sep/2026:03:49:19 +0300] "GET /?shopdetail/O51791318758 HTTP/1.1" 301 - "-" "Mozilla/5.0 (Linux; Android 6.0.1; Nexus 5X Build/MMB29P) AppleWebKit/537.36 (KHTML, like Gecko) Chrome/152.0.7977.82 Mobile Safari/537.36 (compatible; Googlebot/2.1; +http://www.google.com/bot.html)"
66.249.79.231 - - [13/Sep/2026:03:49:45 +0300] "GET /index.php/pl/?shopdetail/O51791318758 HTTP/1.1" 200 54873 "-" "Mozilla/5.0 (Linux; Android 6.0.1; Nexus 5X Build/MMB29P) AppleWebKit/537.36 (KHTML, like Gecko) Chrome/152.0.7977.82 Mobile Safari/537.36 (compatible; Googlebot/2.1; +http://www.google.com/bot.html)"
66.249.79.231 - - [13/Sep/2026:03:50:08 +0300] "GET /?shopdetail/Q517710104 HTTP/1.1" 301 - "-" "Mozilla/5.0 (compatible; Googlebot/2.1; +http://www.google.com/bot.html)"
66.249.79.232 - - [13/Sep/2026:03:50:09 +0300] "GET /index.php/pl/?shopdetail/Q517710104 HTTP/1.1" 200 54873 "-" "Mozilla/5.0 (compatible; Googlebot/2.1; +http://www.google.com/bot.html)"
66.249.79.232 - - [13/Sep/2026:03:50:16 +0300] "GET /?shopdetail/O51801586814 HTTP/1.1" 301 - "-" "Mozilla/5.0 (Linux; Android 6.0.1; Nexus 5X Build/MMB29P) AppleWebKit/537.36 (KHTML, like Gecko) Chrome/152.0.7977.82 Mobile Safari/537.36 (compatible; Googlebot/2.1; +http://www.google.com/bot.html)"
66.249.79.231 - - [13/Sep/2026:03:50:34 +0300] "GET /?shopdetail/E51791433894 HTTP/1.1" 301 - "-" "Mozilla/5.0 (Linux; Android 6.0.1; Nexus 5X Build/MMB29P) AppleWebKit/537.36 (KHTML, like Gecko) Chrome/152.0.7977.82 Mobile Safari/537.36 (compatible; Googlebot/2.1; +http://www.google.com/bot.html)"
66.249.79.231 - - [13/Sep/2026:03:50:37 +0300] "GET /index.php/pl/?shopdetail/O51801586814 HTTP/1.1" 200 54873 "-" "Mozilla/5.0 (Linux; Android 6.0.1; Nexus 5X Build/MMB29P) AppleWebKit/537.36 (KHTML, like Gecko) Chrome/152.0.7977.82 Mobile Safari/537.36 (compatible; Googlebot/2.1; +http://www.google.com/bot.html)"
66.249.76.202 - - [13/Sep/2026:03:50:57 +0300] "GET /index.php/pl/?shopdetail/E51791433894 HTTP/1.1" 200 54873 "-" "Mozilla/5.0 (Linux; Android 6.0.1; Nexus 5X Build/MMB29P) AppleWebKit/537.36 (KHTML, like Gecko) Chrome/152.0.7977.82 Mobile Safari/537.36 (compatible; Googlebot/2.1; +http://www.google.com/bot.html)"
66.249.79.233 - - [13/Sep/2026:03:51:22 +0300] "GET /?shopdetail/I51822736358 HTTP/1.1" 301 - "-" "Mozilla/5.0 (Linux; Android 6.0.1; Nexus 5X Build/MMB29P) AppleWebKit/537.36 (KHTML, like Gecko) Chrome/152.0.7977.82 Mobile Safari/537.36 (compatible; Googlebot/2.1; +http://www.google.com/bot.html)"
66.249.79.231 - - [13/Sep/2026:03:51:33 +0300] "GET /?shopdetail/N5177148223 HTTP/1.1" 301 - "-" "Mozilla/5.0 (Linux; Android 6.0.1; Nexus 5X Build/MMB29P) AppleWebKit/537.36 (KHTML, like Gecko) Chrome/152.0.7977.82 Mobile Safari/537.36 (compatible; Googlebot/2.1; +http://www.google.com/bot.html)"
66.249.79.231 - - [13/Sep/2026:03:51:42 +0300] "GET /?shopdetail/Y51822583797 HTTP/1.1" 301 - "-" "Mozilla/5.0 (Linux; Android 6.0.1; Nexus 5X Build/MMB29P) AppleWebKit/537.36 (KHTML, like Gecko) Chrome/152.0.7977.82 Mobile Safari/537.36 (compatible; Googlebot/2.1; +http://www.google.com/bot.html)"
66.249.79.231 - - [13/Sep/2026:03:51:45 +0300] "GET /index.php/pl/?shopdetail/I51822736358 HTTP/1.1" 200 54873 "-" "Mozilla/5.0 (Linux; Android 6.0.1; Nexus 5X Build/MMB29P) AppleWebKit/537.36 (KHTML, like Gecko) Chrome/152.0.7977.82 Mobile Safari/537.36 (compatible; Googlebot/2.1; +http://www.google.com/bot.html)"
66.249.79.231 - - [13/Sep/2026:03:51:57 +0300] "GET /index.php/pl/?shopdetail/N5177148223 HTTP/1.1" 200 54873 "-" "Mozilla/5.0 (Linux; Android 6.0.1; Nexus 5X Build/MMB29P) AppleWebKit/537.36 (KHTML, like Gecko) Chrome/152.0.7977.82 Mobile Safari/537.36 (compatible; Googlebot/2.1; +http://www.google.com/bot.html)"
66.249.79.233 - - [13/Sep/2026:03:52:08 +0300] "GET /index.php/pl/?shopdetail/Y51822583797 HTTP/1.1" 200 54873 "-" "Mozilla/5.0 (Linux; Android 6.0.1; Nexus 5X Build/MMB29P) AppleWebKit/537.36 (KHTML, like Gecko) Chrome/152.0.7977.82 Mobile Safari/537.36 (compatible; Googlebot/2.1; +http://www.google.com/bot.html)"
66.249.79.2 - - [13/Sep/2026:03:52:11 +0300] "GET /?ID=%ED%86%A0%ED%86%A0%20%ED%99%8D%EB%B3%B4%20%ED%8E%98%EC%9D%B4%EC%A7%80%20%20%EC%B9%B4%EC%A7%80%EB%85%B8%EC%82%AC%EC%9D%B4%ED%8A%B8%EA%B2%80%EC%A6%9D%EC%82%AC%EC%9D%B4%ED%8A%B8.html HTTP/1.1" 301 - "-" "Mozilla/5.0 (compatible; Googlebot/2.1; +http://www.google.com/bot.html)"
66.249.79.2 - - [13/Sep/2026:03:52:13 +0300] "GET /index.php/pl/?ID=%ED%86%A0%ED%86%A0%20%ED%99%8D%EB%B3%B4%20%ED%8E%98%EC%9D%B4%EC%A7%80%20%20%EC%B9%B4%EC%A7%80%EB%85%B8%EC%82%AC%EC%9D%B4%ED%8A%B8%EA%B2%80%EC%A6%9D%EC%82%AC%EC%9D%B4%ED%8A%B8.html HTTP/1.1" 200 54845 "-" "Mozilla/5.0 (compatible; Googlebot/2.1; +http://www.google.com/bot.html)"
66.249.79.231 - - [13/Sep/2026:03:52:17 +0300] "GET /?shopdetail/T5177282881 HTTP/1.1" 301 - "-" "Mozilla/5.0 (Linux; Android 6.0.1; Nexus 5X Build/MMB29P) AppleWebKit/537.36 (KHTML, like Gecko) Chrome/152.0.7977.82 Mobile Safari/537.36 (compatible; Googlebot/2.1; +http://www.google.com/bot.html)"
66.249.79.231 - - [13/Sep/2026:03:52:44 +0300] "GET /index.php/pl/?shopdetail/T5177282881 HTTP/1.1" 200 54873 "-" "Mozilla/5.0 (Linux; Android 6.0.1; Nexus 5X Build/MMB29P) AppleWebKit/537.36 (KHTML, like Gecko) Chrome/152.0.7977.82 Mobile Safari/537.36 (compatible; Googlebot/2.1; +http://www.google.com/bot.html)"
66.249.79.231 - - [13/Sep/2026:03:52:57 +0300] "GET /?shopdetail/V5178994556 HTTP/1.1" 301 - "-" "Mozilla/5.0 (Linux; Android 6.0.1; Nexus 5X Build/MMB29P) AppleWebKit/537.36 (KHTML, like Gecko) Chrome/152.0.7977.82 Mobile Safari/537.36 (compatible; Googlebot/2.1; +http://www.google.com/bot.html)"
66.249.79.231 - - [13/Sep/2026:03:53:24 +0300] "GET /index.php/pl/?shopdetail/V5178994556 HTTP/1.1" 200 54873 "-" "Mozilla/5.0 (Linux; Android 6.0.1; Nexus 5X Build/MMB29P) AppleWebKit/537.36 (KHTML, like Gecko) Chrome/152.0.7977.82 Mobile Safari/537.36 (compatible; Googlebot/2.1; +http://www.google.com/bot.html)"
66.249.79.231 - - [13/Sep/2026:03:53:29 +0300] "GET /media/n2/n/dist/n2-j.min.js?1530628338 HTTP/1.1" 200 99988 "http://www.poznajlitwe.lt/index.php/pl/?shopdetail/V5178994556" "Mozilla/5.0 (Linux; Android 6.0.1; Nexus 5X Build/MMB29P) AppleWebKit/537.36 (KHTML, like Gecko) Chrome/152.0.7977.82 Mobile Safari/537.36 (compatible; Googlebot/2.1; +http://www.google.com/bot.html)"
66.249.79.232 - - [13/Sep/2026:03:53:29 +0300] "GET /?shopdetail/Y517748174 HTTP/1.1" 301 - "-" "Mozilla/5.0 (Linux; Android 6.0.1; Nexus 5X Build/MMB29P) AppleWebKit/537.36 (KHTML, like Gecko) Chrome/152.0.7977.82 Mobile Safari/537.36 (compatible; Googlebot/2.1; +http://www.google.com/bot.html)"
66.249.79.231 - - [13/Sep/2026:03:53:56 +0300] "GET /index.php/pl/?shopdetail/Y517748174 HTTP/1.1" 200 54873 "-" "Mozilla/5.0 (Linux; Android 6.0.1; Nexus 5X Build/MMB29P) AppleWebKit/537.36 (KHTML, like Gecko) Chrome/152.0.7977.82 Mobile Safari/537.36 (compatible; Googlebot/2.1; +http://www.google.com/bot.html)"
66.249.79.233 - - [13/Sep/2026:03:54:21 +0300] "GET /?shopdetail/U51791291262 HTTP/1.1" 301 - "-" "Mozilla/5.0 (Linux; Android 6.0.1; Nexus 5X Build/MMB29P) AppleWebKit/537.36 (KHTML, like Gecko) Chrome/152.0.7977.82 Mobile Safari/537.36 (compatible; Googlebot/2.1; +http://www.google.com/bot.html)"
66.249.79.160 - - [13/Sep/2026:03:54:31 +0300] "GET /templates/it_startup/js/pagePreloader.js HTTP/1.1" 200 7068 "http://www.poznajlitwe.testams.vhost.lt/index.php/pl/?GameID=2026-07-22/zncwnz.html" "Mozilla/5.0 (Linux; Android 6.0.1; Nexus 5X Build/MMB29P) AppleWebKit/537.36 (KHTML, like Gecko) Chrome/151.0.7922.173 Mobile Safari/537.36 (compatible; Googlebot/2.1; +http://www.google.com/bot.html)"
66.249.79.232 - - [13/Sep/2026:03:54:41 +0300] "GET /?shopdetail/I51791373770 HTTP/1.1" 301 - "-" "Mozilla/5.0 (Linux; Android 6.0.1; Nexus 5X Build/MMB29P) AppleWebKit/537.36 (KHTML, like Gecko) Chrome/152.0.7977.82 Mobile Safari/537.36 (compatible; Googlebot/2.1; +http://www.google.com/bot.html)"
66.249.79.231 - - [13/Sep/2026:03:54:48 +0300] "GET /index.php/pl/?shopdetail/U51791291262 HTTP/1.1" 200 54873 "-" "Mozilla/5.0 (Linux; Android 6.0.1; Nexus 5X Build/MMB29P) AppleWebKit/537.36 (KHTML, like Gecko) Chrome/152.0.7977.82 Mobile Safari/537.36 (compatible; Googlebot/2.1; +http://www.google.com/bot.html)"
66.249.79.231 - - [13/Sep/2026:03:54:49 +0300] "GET /?shopdetail/H5178886618 HTTP/1.1" 301 - "-" "Mozilla/5.0 (Linux; Android 6.0.1; Nexus 5X Build/MMB29P) AppleWebKit/537.36 (KHTML, like Gecko) Chrome/152.0.7977.82 Mobile Safari/537.36 (compatible; Googlebot/2.1; +http://www.google.com/bot.html)"
66.249.79.232 - - [13/Sep/2026:03:55:07 +0300] "GET /index.php/pl/?shopdetail/I51791373770 HTTP/1.1" 200 54873 "-" "Mozilla/5.0 (Linux; Android 6.0.1; Nexus 5X Build/MMB29P) AppleWebKit/537.36 (KHTML, like Gecko) Chrome/152.0.7977.82 Mobile Safari/537.36 (compatible; Googlebot/2.1; +http://www.google.com/bot.html)"
66.249.79.160 - - [13/Sep/2026:03:55:09 +0300] "GET /media/gantry5/assets/css/bootstrap-gantry.css HTTP/1.1" 200 108941 "http://www.poznajlitwe.testams.vhost.lt/index.php/pl/?shopdetail/S5178962102" "Mozilla/5.0 (Linux; Android 6.0.1; Nexus 5X Build/MMB29P) AppleWebKit/537.36 (KHTML, like Gecko) Chrome/151.0.7922.173 Mobile Safari/537.36 (compatible; Googlebot/2.1; +http://www.google.com/bot.html)"
66.249.79.232 - - [13/Sep/2026:03:55:15 +0300] "GET /index.php/pl/?shopdetail/H5178886618 HTTP/1.1" 200 54873 "-" "Mozilla/5.0 (Linux; Android 6.0.1; Nexus 5X Build/MMB29P) AppleWebKit/537.36 (KHTML, like Gecko) Chrome/152.0.7977.82 Mobile Safari/537.36 (compatible; Googlebot/2.1; +http://www.google.com/bot.html)"
66.249.79.231 - - [13/Sep/2026:03:55:23 +0300] "GET /?shopdetail/V5178817238 HTTP/1.1" 301 - "-" "Mozilla/5.0 (Linux; Android 6.0.1; Nexus 5X Build/MMB29P) AppleWebKit/537.36 (KHTML, like Gecko) Chrome/152.0.7977.82 Mobile Safari/537.36 (compatible; Googlebot/2.1; +http://www.google.com/bot.html)"
66.249.79.231 - - [13/Sep/2026:03:55:46 +0300] "GET /index.php/pl/?shopdetail/V5178817238 HTTP/1.1" 200 54873 "-" "Mozilla/5.0 (Linux; Android 6.0.1; Nexus 5X Build/MMB29P) AppleWebKit/537.36 (KHTML, like Gecko) Chrome/152.0.7977.82 Mobile Safari/537.36 (compatible; Googlebot/2.1; +http://www.google.com/bot.html)"
66.249.79.231 - - [13/Sep/2026:03:55:50 +0300] "GET /?shopdetail/O51822771063 HTTP/1.1" 301 - "-" "Mozilla/5.0 (Linux; Android 6.0.1; Nexus 5X Build/MMB29P) AppleWebKit/537.36 (KHTML, like Gecko) Chrome/152.0.7977.82 Mobile Safari/537.36 (compatible; Googlebot/2.1; +http://www.google.com/bot.html)"
66.249.79.233 - - [13/Sep/2026:03:56:17 +0300] "GET /index.php/pl/?shopdetail/O51822771063 HTTP/1.1" 200 54873 "-" "Mozilla/5.0 (Linux; Android 6.0.1; Nexus 5X Build/MMB29P) AppleWebKit/537.36 (KHTML, like Gecko) Chrome/152.0.7977.82 Mobile Safari/537.36 (compatible; Googlebot/2.1; +http://www.google.com/bot.html)"
66.249.79.231 - - [13/Sep/2026:03:56:34 +0300] "GET /?shopdetail/T51801723024 HTTP/1.1" 301 - "-" "Mozilla/5.0 (Linux; Android 6.0.1; Nexus 5X Build/MMB29P) AppleWebKit/537.36 (KHTML, like Gecko) Chrome/152.0.7977.82 Mobile Safari/537.36 (compatible; Googlebot/2.1; +http://www.google.com/bot.html)"
66.249.79.232 - - [13/Sep/2026:03:57:01 +0300] "GET /index.php/pl/?shopdetail/T51801723024 HTTP/1.1" 200 54873 "-" "Mozilla/5.0 (Linux; Android 6.0.1; Nexus 5X Build/MMB29P) AppleWebKit/537.36 (KHTML, like Gecko) Chrome/152.0.7977.82 Mobile Safari/537.36 (compatible; Googlebot/2.1; +http://www.google.com/bot.html)"
66.249.79.232 - - [13/Sep/2026:03:57:46 +0300] "GET /?shopdetail/Q51801820541 HTTP/1.1" 301 - "-" "Mozilla/5.0 (Linux; Android 6.0.1; Nexus 5X Build/MMB29P) AppleWebKit/537.36 (KHTML, like Gecko) Chrome/152.0.7977.82 Mobile Safari/537.36 (compatible; Googlebot/2.1; +http://www.google.com/bot.html)"
66.249.79.160 - - [13/Sep/2026:03:58:02 +0300] "GET /media/gantry5/engines/nucleus/css-compiled/nucleus.css HTTP/1.1" 200 34265 "http://www.poznajlitwe.testams.vhost.lt/index.php/pl/?shopdetail/K5177301723" "Mozilla/5.0 (Linux; Android 6.0.1; Nexus 5X Build/MMB29P) AppleWebKit/537.36 (KHTML, like Gecko) Chrome/151.0.7922.173 Mobile Safari/537.36 (compatible; Googlebot/2.1; +http://www.google.com/bot.html)"
66.249.79.231 - - [13/Sep/2026:03:58:09 +0300] "GET /?shopdetail/T51801666928 HTTP/1.1" 301 - "-" "Mozilla/5.0 (Linux; Android 6.0.1; Nexus 5X Build/MMB29P) AppleWebKit/537.36 (KHTML, like Gecko) Chrome/152.0.7977.82 Mobile Safari/537.36 (compatible; Googlebot/2.1; +http://www.google.com/bot.html)"
66.249.79.231 - - [13/Sep/2026:03:58:14 +0300] "GET /index.php/pl/?shopdetail/Q51801820541 HTTP/1.1" 200 54873 "-" "Mozilla/5.0 (Linux; Android 6.0.1; Nexus 5X Build/MMB29P) AppleWebKit/537.36 (KHTML, like Gecko) Chrome/152.0.7977.82 Mobile Safari/537.36 (compatible; Googlebot/2.1; +http://www.google.com/bot.html)"
66.249.79.231 - - [13/Sep/2026:03:58:20 +0300] "GET /?shopdetail/B5178687566 HTTP/1.1" 301 - "-" "Mozilla/5.0 (Linux; Android 6.0.1; Nexus 5X Build/MMB29P) AppleWebKit/537.36 (KHTML, like Gecko) Chrome/152.0.7977.82 Mobile Safari/537.36 (compatible; Googlebot/2.1; +http://www.google.com/bot.html)"
66.249.79.231 - - [13/Sep/2026:03:58:37 +0300] "GET /index.php/pl/?shopdetail/T51801666928 HTTP/1.1" 200 54873 "-" "Mozilla/5.0 (Linux; Android 6.0.1; Nexus 5X Build/MMB29P) AppleWebKit/537.36 (KHTML, like Gecko) Chrome/152.0.7977.82 Mobile Safari/537.36 (compatible; Googlebot/2.1; +http://www.google.com/bot.html)"
66.249.79.231 - - [13/Sep/2026:03:58:49 +0300] "GET /index.php/pl/?shopdetail/B5178687566 HTTP/1.1" 200 54873 "-" "Mozilla/5.0 (Linux; Android 6.0.1; Nexus 5X Build/MMB29P) AppleWebKit/537.36 (KHTML, like Gecko) Chrome/152.0.7977.82 Mobile Safari/537.36 (compatible; Googlebot/2.1; +http://www.google.com/bot.html)"
62.60.130.247 - - [13/Sep/2026:03:59:25 +0300] "GET //images/images/cache.php HTTP/1.1" 404 - "www.google.com" "Mozlila/5.0 (Linux; Android 7.0; SM-G892A Bulid/NRD90M; wv) AppleWebKit/537.36 (KHTML, like Gecko) Version/4.0 Chrome/60.0.3112.107 Moblie Safari/537.36"
62.60.130.247 - - [13/Sep/2026:03:59:25 +0300] "GET //assets/images/images/cache.php HTTP/1.1" 404 - "www.google.com" "Mozlila/5.0 (Linux; Android 7.0; SM-G892A Bulid/NRD90M; wv) AppleWebKit/537.36 (KHTML, like Gecko) Version/4.0 Chrome/60.0.3112.107 Moblie Safari/537.36"
62.60.130.247 - - [13/Sep/2026:03:59:26 +0300] "GET //cgi-bin/cgi-bin/cgi-bin/cgi-bin/cache.php HTTP/1.1" 404 - "www.google.com" "Mozlila/5.0 (Linux; Android 7.0; SM-G892A Bulid/NRD90M; wv) AppleWebKit/537.36 (KHTML, like Gecko) Version/4.0 Chrome/60.0.3112.107 Moblie Safari/537.36"
62.60.130.247 - - [13/Sep/2026:03:59:26 +0300] "GET //images/images/images/images/images/images/images/images/cache.php HTTP/1.1" 404 - "www.google.com" "Mozlila/5.0 (Linux; Android 7.0; SM-G892A Bulid/NRD90M; wv) AppleWebKit/537.36 (KHTML, like Gecko) Version/4.0 Chrome/60.0.3112.107 Moblie Safari/537.36"
66.249.79.233 - - [13/Sep/2026:03:59:47 +0300] "GET /?shopdetail/Z51822750487 HTTP/1.1" 301 - "-" "Mozilla/5.0 (Linux; Android 6.0.1; Nexus 5X Build/MMB29P) AppleWebKit/537.36 (KHTML, like Gecko) Chrome/152.0.7977.82 Mobile Safari/537.36 (compatible; Googlebot/2.1; +http://www.google.com/bot.html)"
66.249.79.231 - - [13/Sep/2026:04:00:13 +0300] "GET /index.php/pl/?shopdetail/Z51822750487 HTTP/1.1" 200 54873 "-" "Mozilla/5.0 (Linux; Android 6.0.1; Nexus 5X Build/MMB29P) AppleWebKit/537.36 (KHTML, like Gecko) Chrome/152.0.7977.82 Mobile Safari/537.36 (compatible; Googlebot/2.1; +http://www.google.com/bot.html)"
66.249.79.160 - - [13/Sep/2026:04:00:58 +0300] "GET /templates/it_startup/js/pagePreloader.js HTTP/1.1" 200 7068 "http://www.poznajlitwe.testams.vhost.lt/index.php/pl/?shopdetail/X5178614515" "Mozilla/5.0 (Linux; Android 6.0.1; Nexus 5X Build/MMB29P) AppleWebKit/537.36 (KHTML, like Gecko) Chrome/151.0.7922.173 Mobile Safari/537.36 (compatible; Googlebot/2.1; +http://www.google.com/bot.html)"
66.249.79.173 - - [13/Sep/2026:04:00:58 +0300] "GET /templates/it_startup/js/pagePreloader.js HTTP/1.1" 200 7068 "http://www.poznajlitwe.testams.vhost.lt/index.php/pl/?shopdetail/P517743743" "Mozilla/5.0 (Linux; Android 6.0.1; Nexus 5X Build/MMB29P) AppleWebKit/537.36 (KHTML, like Gecko) Chrome/151.0.7922.173 Mobile Safari/537.36 (compatible; Googlebot/2.1; +http://www.google.com/bot.html)"
66.249.79.231 - - [13/Sep/2026:04:01:32 +0300] "GET /?shopdetail/G5177383491 HTTP/1.1" 301 - "-" "Mozilla/5.0 (Linux; Android 6.0.1; Nexus 5X Build/MMB29P) AppleWebKit/537.36 (KHTML, like Gecko) Chrome/152.0.7977.82 Mobile Safari/537.36 (compatible; Googlebot/2.1; +http://www.google.com/bot.html)"
72.14.199.32 - - [13/Sep/2026:04:01:57 +0300] "GET /?shopdetail/I51812052269 HTTP/1.1" 301 - "-" "Mozilla/5.0 (X11; Linux x86_64) AppleWebKit/537.36 (KHTML, like Gecko) Chrome/152.0.7977.64 Safari/537.36"
66.249.79.232 - - [13/Sep/2026:04:01:58 +0300] "GET /index.php/pl/?shopdetail/G5177383491 HTTP/1.1" 200 54873 "-" "Mozilla/5.0 (Linux; Android 6.0.1; Nexus 5X Build/MMB29P) AppleWebKit/537.36 (KHTML, like Gecko) Chrome/152.0.7977.82 Mobile Safari/537.36 (compatible; Googlebot/2.1; +http://www.google.com/bot.html)"
72.14.199.44 - - [13/Sep/2026:04:01:58 +0300] "GET /index.php/pl/?shopdetail/I51812052269 HTTP/1.1" 200 54971 "-" "Mozilla/5.0 (X11; Linux x86_64) AppleWebKit/537.36 (KHTML, like Gecko) Chrome/152.0.7977.64 Safari/537.36"
72.14.199.45 - - [13/Sep/2026:04:02:01 +0300] "GET /components/com_sppagebuilder/assets/css/font-awesome.min.css HTTP/1.1" 200 30961 "http://www.poznajlitwe.testams.vhost.lt/index.php/pl/?shopdetail/I51812052269" "Mozilla/5.0 (X11; Linux x86_64) AppleWebKit/537.36 (KHTML, like Gecko) Chrome/152.0.7977.64 Safari/537.36"
72.14.199.45 - - [13/Sep/2026:04:02:02 +0300] "GET /templates/it_startup/custom/css-compiled/startup-joomla_16.css HTTP/1.1" 200 89055 "http://www.poznajlitwe.testams.vhost.lt/index.php/pl/?shopdetail/I51812052269" "Mozilla/5.0 (X11; Linux x86_64) AppleWebKit/537.36 (KHTML, like Gecko) Chrome/152.0.7977.64 Safari/537.36"
72.14.199.32 - - [13/Sep/2026:04:02:04 +0300] "GET /media/jui/css/icomoon.css HTTP/1.1" 200 11814 "http://www.poznajlitwe.testams.vhost.lt/index.php/pl/?shopdetail/I51812052269" "Mozilla/5.0 (X11; Linux x86_64) AppleWebKit/537.36 (KHTML, like Gecko) Chrome/152.0.7977.64 Safari/537.36"
72.14.199.45 - - [13/Sep/2026:04:02:04 +0300] "GET /components/com_sppagebuilder/assets/css/magnific-popup.css HTTP/1.1" 200 5920 "http://www.poznajlitwe.testams.vhost.lt/index.php/pl/?shopdetail/I51812052269" "Mozilla/5.0 (X11; Linux x86_64) AppleWebKit/537.36 (KHTML, like Gecko) Chrome/152.0.7977.64 Safari/537.36"
72.14.199.32 - - [13/Sep/2026:04:02:04 +0300] "GET /templates/it_startup/uikit/css/uikit.min.css HTTP/1.1" 200 113947 "http://www.poznajlitwe.testams.vhost.lt/index.php/pl/?shopdetail/I51812052269" "Mozilla/5.0 (X11; Linux x86_64) AppleWebKit/537.36 (KHTML, like Gecko) Chrome/152.0.7977.64 Safari/537.36"
72.14.199.32 - - [13/Sep/2026:04:02:05 +0300] "GET /media/gantry5/engines/nucleus/css-compiled/joomla.css HTTP/1.1" 200 10151 "http://www.poznajlitwe.testams.vhost.lt/index.php/pl/?shopdetail/I51812052269" "Mozilla/5.0 (X11; Linux x86_64) AppleWebKit/537.36 (KHTML, like Gecko) Chrome/152.0.7977.64 Safari/537.36"
72.14.199.44 - - [13/Sep/2026:04:02:06 +0300] "GET /components/com_sppagebuilder/assets/css/sppagebuilder.css HTTP/1.1" 200 102517 "http://www.poznajlitwe.testams.vhost.lt/index.php/pl/?shopdetail/I51812052269" "Mozilla/5.0 (X11; Linux x86_64) AppleWebKit/537.36 (KHTML, like Gecko) Chrome/152.0.7977.64 Safari/537.36"
72.14.199.45 - - [13/Sep/2026:04:02:08 +0300] "GET /media/jui/js/jquery-migrate.min.js?d0efd80bfea2835e175d45e9291370bf HTTP/1.1" 200 10056 "http://www.poznajlitwe.testams.vhost.lt/index.php/pl/?shopdetail/I51812052269" "Mozilla/5.0 (X11; Linux x86_64) AppleWebKit/537.36 (KHTML, like Gecko) Chrome/152.0.7977.64 Safari/537.36"
72.14.199.44 - - [13/Sep/2026:04:02:08 +0300] "GET /media/gantry5/engines/nucleus/css-compiled/nucleus.css HTTP/1.1" 200 34265 "http://www.poznajlitwe.testams.vhost.lt/index.php/pl/?shopdetail/I51812052269" "Mozilla/5.0 (X11; Linux x86_64) AppleWebKit/537.36 (KHTML, like Gecko) Chrome/152.0.7977.64 Safari/537.36"
72.14.199.44 - - [13/Sep/2026:04:02:08 +0300] "GET /media/n2/n/dist/nextend-frontend.min.js?1530628338 HTTP/1.1" 200 63879 "http://www.poznajlitwe.testams.vhost.lt/index.php/pl/?shopdetail/I51812052269" "Mozilla/5.0 (X11; Linux x86_64) AppleWebKit/537.36 (KHTML, like Gecko) Chrome/152.0.7977.64 Safari/537.36"
72.14.199.45 - - [13/Sep/2026:04:02:09 +0300] "GET /components/com_sppagebuilder/assets/js/jquery.magnific-popup.min.js HTTP/1.1" 200 19991 "http://www.poznajlitwe.testams.vhost.lt/index.php/pl/?shopdetail/I51812052269" "Mozilla/5.0 (X11; Linux x86_64) AppleWebKit/537.36 (KHTML, like Gecko) Chrome/152.0.7977.64 Safari/537.36"
72.14.199.44 - - [13/Sep/2026:04:02:10 +0300] "GET /components/com_sppagebuilder/assets/js/sppagebuilder.js HTTP/1.1" 200 36099 "http://www.poznajlitwe.testams.vhost.lt/index.php/pl/?shopdetail/I51812052269" "Mozilla/5.0 (X11; Linux x86_64) AppleWebKit/537.36 (KHTML, like Gecko) Chrome/152.0.7977.64 Safari/537.36"
72.14.199.44 - - [13/Sep/2026:04:02:11 +0300] "GET /media/system/js/core.js?d0efd80bfea2835e175d45e9291370bf HTTP/1.1" 200 8735 "http://www.poznajlitwe.testams.vhost.lt/index.php/pl/?shopdetail/I51812052269" "Mozilla/5.0 (X11; Linux x86_64) AppleWebKit/537.36 (KHTML, like Gecko) Chrome/152.0.7977.64 Safari/537.36"
72.14.199.44 - - [13/Sep/2026:04:02:11 +0300] "GET /templates/it_startup/custom/images/logo_mobile.png HTTP/1.1" 200 3933 "http://www.poznajlitwe.testams.vhost.lt/index.php/pl/?shopdetail/I51812052269" "Mozilla/5.0 (X11; Linux x86_64) AppleWebKit/537.36 (KHTML, like Gecko) Chrome/152.0.7977.64 Safari/537.36"
72.14.199.44 - - [13/Sep/2026:04:02:12 +0300] "GET /components/com_sppagebuilder/assets/css/animate.min.css HTTP/1.1" 200 53431 "http://www.poznajlitwe.testams.vhost.lt/index.php/pl/?shopdetail/I51812052269" "Mozilla/5.0 (X11; Linux x86_64) AppleWebKit/537.36 (KHTML, like Gecko) Chrome/152.0.7977.64 Safari/537.36"
72.14.199.44 - - [13/Sep/2026:04:02:13 +0300] "GET /media/jui/js/bootstrap.min.js?d0efd80bfea2835e175d45e9291370bf HTTP/1.1" 200 29126 "http://www.poznajlitwe.testams.vhost.lt/index.php/pl/?shopdetail/I51812052269" "Mozilla/5.0 (X11; Linux x86_64) AppleWebKit/537.36 (KHTML, like Gecko) Chrome/152.0.7977.64 Safari/537.36"
72.14.199.44 - - [13/Sep/2026:04:02:14 +0300] "GET /components/com_sppagebuilder/assets/js/jquery.parallax-1.1.3.js HTTP/1.1" 200 892 "http://www.poznajlitwe.testams.vhost.lt/index.php/pl/?shopdetail/I51812052269" "Mozilla/5.0 (X11; Linux x86_64) AppleWebKit/537.36 (KHTML, like Gecko) Chrome/152.0.7977.64 Safari/537.36"
72.14.199.44 - - [13/Sep/2026:04:02:14 +0300] "GET /media/mod_falang/css/template.css HTTP/1.1" 200 1200 "http://www.poznajlitwe.testams.vhost.lt/index.php/pl/?shopdetail/I51812052269" "Mozilla/5.0 (X11; Linux x86_64) AppleWebKit/537.36 (KHTML, like Gecko) Chrome/152.0.7977.64 Safari/537.36"
72.14.199.44 - - [13/Sep/2026:04:02:15 +0300] "GET /media/gantry5/assets/css/bootstrap-gantry.css HTTP/1.1" 200 108941 "http://www.poznajlitwe.testams.vhost.lt/index.php/pl/?shopdetail/I51812052269" "Mozilla/5.0 (X11; Linux x86_64) AppleWebKit/537.36 (KHTML, like Gecko) Chrome/152.0.7977.64 Safari/537.36"
72.14.199.44 - - [13/Sep/2026:04:02:16 +0300] "GET /templates/it_startup/custom/css-compiled/startup_16.css HTTP/1.1" 200 321905 "http://www.poznajlitwe.testams.vhost.lt/index.php/pl/?shopdetail/I51812052269" "Mozilla/5.0 (X11; Linux x86_64) AppleWebKit/537.36 (KHTML, like Gecko) Chrome/152.0.7977.64 Safari/537.36"
72.14.199.44 - - [13/Sep/2026:04:02:17 +0300] "GET /components/com_sppagebuilder/assets/css/sppagecontainer.css HTTP/1.1" 200 268 "http://www.poznajlitwe.testams.vhost.lt/index.php/pl/?shopdetail/I51812052269" "Mozilla/5.0 (X11; Linux x86_64) AppleWebKit/537.36 (KHTML, like Gecko) Chrome/152.0.7977.64 Safari/537.36"
72.14.199.44 - - [13/Sep/2026:04:02:18 +0300] "GET /media/n2/n/dist/n2-j.min.js?1530628338 HTTP/1.1" 200 99988 "http://www.poznajlitwe.testams.vhost.lt/index.php/pl/?shopdetail/I51812052269" "Mozilla/5.0 (X11; Linux x86_64) AppleWebKit/537.36 (KHTML, like Gecko) Chrome/152.0.7977.64 Safari/537.36"
72.14.199.44 - - [13/Sep/2026:04:02:18 +0300] "GET /templates/it_startup/custom/images/logo.jpg HTTP/1.1" 200 36849 "http://www.poznajlitwe.testams.vhost.lt/index.php/pl/?shopdetail/I51812052269" "Mozilla/5.0 (X11; Linux x86_64) AppleWebKit/537.36 (KHTML, like Gecko) Chrome/152.0.7977.64 Safari/537.36"
72.14.199.44 - - [13/Sep/2026:04:02:19 +0300] "GET /media/n2/n/dist/nextend-gsap.min.js?1530628338 HTTP/1.1" 200 97289 "http://www.poznajlitwe.testams.vhost.lt/index.php/pl/?shopdetail/I51812052269" "Mozilla/5.0 (X11; Linux x86_64) AppleWebKit/537.36 (KHTML, like Gecko) Chrome/152.0.7977.64 Safari/537.36"
72.14.199.44 - - [13/Sep/2026:04:02:20 +0300] "GET /media/jui/js/jquery-noconflict.js?d0efd80bfea2835e175d45e9291370bf HTTP/1.1" 200 21 "http://www.poznajlitwe.testams.vhost.lt/index.php/pl/?shopdetail/I51812052269" "Mozilla/5.0 (X11; Linux x86_64) AppleWebKit/537.36 (KHTML, like Gecko) Chrome/152.0.7977.64 Safari/537.36"
72.14.199.44 - - [13/Sep/2026:04:02:20 +0300] "GET /media/gantry5/assets/css/font-awesome.min.css HTTP/1.1" 200 31000 "http://www.poznajlitwe.testams.vhost.lt/index.php/pl/?shopdetail/I51812052269" "Mozilla/5.0 (X11; Linux x86_64) AppleWebKit/537.36 (KHTML, like Gecko) Chrome/152.0.7977.64 Safari/537.36"
72.14.199.44 - - [13/Sep/2026:04:02:20 +0300] "GET /media/n2/ss3/dist/smartslider-frontend.min.js?1530628338 HTTP/1.1" 200 182193 "http://www.poznajlitwe.testams.vhost.lt/index.php/pl/?shopdetail/I51812052269" "Mozilla/5.0 (X11; Linux x86_64) AppleWebKit/537.36 (KHTML, like Gecko) Chrome/152.0.7977.64 Safari/537.36"
72.14.199.44 - - [13/Sep/2026:04:02:21 +0300] "GET /media/jui/js/jquery.min.js?d0efd80bfea2835e175d45e9291370bf HTTP/1.1" 200 97646 "http://www.poznajlitwe.testams.vhost.lt/index.php/pl/?shopdetail/I51812052269" "Mozilla/5.0 (X11; Linux x86_64) AppleWebKit/537.36 (KHTML, like Gecko) Chrome/152.0.7977.64 Safari/537.36"
72.14.199.44 - - [13/Sep/2026:04:02:22 +0300] "GET /templates/it_startup/custom/css-compiled/custom_16.css HTTP/1.1" 200 9093 "http://www.poznajlitwe.testams.vhost.lt/index.php/pl/?shopdetail/I51812052269" "Mozilla/5.0 (X11; Linux x86_64) AppleWebKit/537.36 (KHTML, like Gecko) Chrome/152.0.7977.64 Safari/537.36"
72.14.199.44 - - [13/Sep/2026:04:02:22 +0300] "GET /images/2018/07/09/lh-area.gif HTTP/1.1" 200 139140 "http://www.poznajlitwe.testams.vhost.lt/index.php/pl/?shopdetail/I51812052269" "Mozilla/5.0 (X11; Linux x86_64) AppleWebKit/537.36 (KHTML, like Gecko) Chrome/152.0.7977.64 Safari/537.36"
72.14.199.45 - - [13/Sep/2026:04:02:24 +0300] "GET /images/2018/07/09/herbas_ir_veliava.png HTTP/1.1" 200 54687 "http://www.poznajlitwe.testams.vhost.lt/index.php/pl/?shopdetail/I51812052269" "Mozilla/5.0 (X11; Linux x86_64) AppleWebKit/537.36 (KHTML, like Gecko) Chrome/152.0.7977.64 Safari/537.36"
72.14.199.44 - - [13/Sep/2026:04:02:25 +0300] "GET /templates/it_startup/uikit/js/uikit.min.js HTTP/1.1" 200 121825 "http://www.poznajlitwe.testams.vhost.lt/index.php/pl/?shopdetail/I51812052269" "Mozilla/5.0 (X11; Linux x86_64) AppleWebKit/537.36 (KHTML, like Gecko) Chrome/152.0.7977.64 Safari/537.36"
72.14.199.44 - - [13/Sep/2026:04:02:26 +0300] "GET /media/gantry5/assets/js/main.js HTTP/1.1" 200 58794 "http://www.poznajlitwe.testams.vhost.lt/index.php/pl/?shopdetail/I51812052269" "Mozilla/5.0 (X11; Linux x86_64) AppleWebKit/537.36 (KHTML, like Gecko) Chrome/152.0.7977.64 Safari/537.36"
72.14.199.44 - - [13/Sep/2026:04:02:27 +0300] "GET /templates/it_startup/js/scrollReveal.min.js HTTP/1.1" 200 8564 "http://www.poznajlitwe.testams.vhost.lt/index.php/pl/?shopdetail/I51812052269" "Mozilla/5.0 (X11; Linux x86_64) AppleWebKit/537.36 (KHTML, like Gecko) Chrome/152.0.7977.64 Safari/537.36"
72.14.199.44 - - [13/Sep/2026:04:02:27 +0300] "GET /templates/it_startup/js/pagePreloader.js HTTP/1.1" 200 7068 "http://www.poznajlitwe.testams.vhost.lt/index.php/pl/?shopdetail/I51812052269" "Mozilla/5.0 (X11; Linux x86_64) AppleWebKit/537.36 (KHTML, like Gecko) Chrome/152.0.7977.64 Safari/537.36"
72.14.199.44 - - [13/Sep/2026:04:02:28 +0300] "GET /templates/it_startup/js/template.js HTTP/1.1" 200 403 "http://www.poznajlitwe.testams.vhost.lt/index.php/pl/?shopdetail/I51812052269" "Mozilla/5.0 (X11; Linux x86_64) AppleWebKit/537.36 (KHTML, like Gecko) Chrome/152.0.7977.64 Safari/537.36"
72.14.199.44 - - [13/Sep/2026:04:02:28 +0300] "GET /media/gantry5/assets/fonts/fontawesome-webfont.woff2?v=4.7.0 HTTP/1.1" 200 77160 "http://www.poznajlitwe.testams.vhost.lt/media/gantry5/assets/css/font-awesome.min.css" "Mozilla/5.0 (X11; Linux x86_64) AppleWebKit/537.36 (KHTML, like Gecko) Chrome/152.0.7977.64 Safari/537.36"
45.227.253.15 - - [13/Sep/2026:04:02:47 +0300] "GET /index.php/jk HTTP/1.1" 301 - "-" "Mozilla/5.0 (iPad; U; CPU OS 4_2_1 like Mac OS X; ja) AppleWebKit/533.17.9 (KHTML, like Gecko) Version/5.0.2 Mobile/8C148 Safari/6533.18.5"
45.227.253.15 - - [13/Sep/2026:04:02:48 +0300] "GET /index.php/pl/jk HTTP/1.1" 404 46547 "http://poznajlitwe.lt/index.php/jk" "Mozilla/5.0 (iPad; U; CPU OS 4_2_1 like Mac OS X; ja) AppleWebKit/533.17.9 (KHTML, like Gecko) Version/5.0.2 Mobile/8C148 Safari/6533.18.5"
66.249.79.232 - - [13/Sep/2026:04:03:04 +0300] "GET /?shopdetail/M5178877188 HTTP/1.1" 301 - "-" "Mozilla/5.0 (Linux; Android 6.0.1; Nexus 5X Build/MMB29P) AppleWebKit/537.36 (KHTML, like Gecko) Chrome/152.0.7977.82 Mobile Safari/537.36 (compatible; Googlebot/2.1; +http://www.google.com/bot.html)"
66.249.79.231 - - [13/Sep/2026:04:03:32 +0300] "GET /index.php/pl/?shopdetail/M5178877188 HTTP/1.1" 200 54873 "-" "Mozilla/5.0 (Linux; Android 6.0.1; Nexus 5X Build/MMB29P) AppleWebKit/537.36 (KHTML, like Gecko) Chrome/152.0.7977.82 Mobile Safari/537.36 (compatible; Googlebot/2.1; +http://www.google.com/bot.html)"
66.249.79.233 - - [13/Sep/2026:04:04:43 +0300] "GET /?shopdetail/G51812284806 HTTP/1.1" 301 - "-" "Mozilla/5.0 (Linux; Android 6.0.1; Nexus 5X Build/MMB29P) AppleWebKit/537.36 (KHTML, like Gecko) Chrome/152.0.7977.82 Mobile Safari/537.36 (compatible; Googlebot/2.1; +http://www.google.com/bot.html)"
66.249.79.233 - - [13/Sep/2026:04:05:04 +0300] "GET /index.php/pl/?shopdetail/G51812284806 HTTP/1.1" 200 54873 "-" "Mozilla/5.0 (Linux; Android 6.0.1; Nexus 5X Build/MMB29P) AppleWebKit/537.36 (KHTML, like Gecko) Chrome/152.0.7977.82 Mobile Safari/537.36 (compatible; Googlebot/2.1; +http://www.google.com/bot.html)"
72.14.199.32 - - [13/Sep/2026:04:06:25 +0300] "GET /shop/pg/51791226284 HTTP/1.1" 404 - "-" "Mozilla/5.0 (X11; Linux x86_64) AppleWebKit/537.36 (KHTML, like Gecko) Chrome/152.0.7977.64 Safari/537.36"
66.249.79.232 - - [13/Sep/2026:04:06:33 +0300] "GET /?shopdetail/M51812322062 HTTP/1.1" 301 - "-" "Mozilla/5.0 (Linux; Android 6.0.1; Nexus 5X Build/MMB29P) AppleWebKit/537.36 (KHTML, like Gecko) Chrome/152.0.7977.82 Mobile Safari/537.36 (compatible; Googlebot/2.1; +http://www.google.com/bot.html)"
66.249.79.232 - - [13/Sep/2026:04:06:55 +0300] "GET /index.php/pl/?shopdetail/M51812322062 HTTP/1.1" 200 54873 "-" "Mozilla/5.0 (Linux; Android 6.0.1; Nexus 5X Build/MMB29P) AppleWebKit/537.36 (KHTML, like Gecko) Chrome/152.0.7977.82 Mobile Safari/537.36 (compatible; Googlebot/2.1; +http://www.google.com/bot.html)"
66.249.79.233 - - [13/Sep/2026:04:08:04 +0300] "GET /?shopdetail/D51791342591 HTTP/1.1" 301 - "-" "Mozilla/5.0 (Linux; Android 6.0.1; Nexus 5X Build/MMB29P) AppleWebKit/537.36 (KHTML, like Gecko) Chrome/152.0.7977.82 Mobile Safari/537.36 (compatible; Googlebot/2.1; +http://www.google.com/bot.html)"
66.249.79.231 - - [13/Sep/2026:04:08:30 +0300] "GET /index.php/pl/?shopdetail/D51791342591 HTTP/1.1" 200 54873 "-" "Mozilla/5.0 (Linux; Android 6.0.1; Nexus 5X Build/MMB29P) AppleWebKit/537.36 (KHTML, like Gecko) Chrome/152.0.7977.82 Mobile Safari/537.36 (compatible; Googlebot/2.1; +http://www.google.com/bot.html)"
66.249.79.172 - - [13/Sep/2026:04:08:33 +0300] "GET /media/jui/js/jquery.min.js?d0efd80bfea2835e175d45e9291370bf HTTP/1.1" 200 97646 "http://www.poznajlitwe.testams.vhost.lt/index.php/pl/?shopdetail/Y51791416297" "Mozilla/5.0 (Linux; Android 6.0.1; Nexus 5X Build/MMB29P) AppleWebKit/537.36 (KHTML, like Gecko) Chrome/151.0.7922.173 Mobile Safari/537.36 (compatible; Googlebot/2.1; +http://www.google.com/bot.html)"
66.249.79.172 - - [13/Sep/2026:04:09:35 +0300] "GET /media/n2/n/dist/nextend-gsap.min.js?1530628338 HTTP/1.1" 200 97289 "http://www.poznajlitwe.testams.vhost.lt/index.php/pl/?shopdetail/U51791408464" "Mozilla/5.0 (Linux; Android 6.0.1; Nexus 5X Build/MMB29P) AppleWebKit/537.36 (KHTML, like Gecko) Chrome/151.0.7922.173 Mobile Safari/537.36 (compatible; Googlebot/2.1; +http://www.google.com/bot.html)"
66.249.79.173 - - [13/Sep/2026:04:09:40 +0300] "GET /media/gantry5/engines/nucleus/css-compiled/joomla.css HTTP/1.1" 200 10151 "http://www.poznajlitwe.testams.vhost.lt/index.php/pl/?shopdetail/X51822936568" "Mozilla/5.0 (Linux; Android 6.0.1; Nexus 5X Build/MMB29P) AppleWebKit/537.36 (KHTML, like Gecko) Chrome/151.0.7922.173 Mobile Safari/537.36 (compatible; Googlebot/2.1; +http://www.google.com/bot.html)"
66.249.79.232 - - [13/Sep/2026:04:09:46 +0300] "GET /?shopdetail/S51822616181 HTTP/1.1" 301 - "-" "Mozilla/5.0 (Linux; Android 6.0.1; Nexus 5X Build/MMB29P) AppleWebKit/537.36 (KHTML, like Gecko) Chrome/152.0.7977.82 Mobile Safari/537.36 (compatible; Googlebot/2.1; +http://www.google.com/bot.html)"
66.249.79.173 - - [13/Sep/2026:04:10:04 +0300] "GET /media/jui/js/jquery.min.js?d0efd80bfea2835e175d45e9291370bf HTTP/1.1" 200 97646 "http://www.poznajlitwe.testams.vhost.lt/index.php/pl/?shopdetail/O51822867536" "Mozilla/5.0 (Linux; Android 6.0.1; Nexus 5X Build/MMB29P) AppleWebKit/537.36 (KHTML, like Gecko) Chrome/151.0.7922.173 Mobile Safari/537.36 (compatible; Googlebot/2.1; +http://www.google.com/bot.html)"
66.249.79.232 - - [13/Sep/2026:04:10:08 +0300] "GET /index.php/pl/?shopdetail/S51822616181 HTTP/1.1" 200 54873 "-" "Mozilla/5.0 (Linux; Android 6.0.1; Nexus 5X Build/MMB29P) AppleWebKit/537.36 (KHTML, like Gecko) Chrome/152.0.7977.82 Mobile Safari/537.36 (compatible; Googlebot/2.1; +http://www.google.com/bot.html)"
66.249.79.172 - - [13/Sep/2026:04:11:09 +0300] "GET /media/jui/js/jquery.min.js?d0efd80bfea2835e175d45e9291370bf HTTP/1.1" 200 97646 "http://www.poznajlitwe.testams.vhost.lt/index.php/pl/?shopdetail/I51812066078" "Mozilla/5.0 (Linux; Android 6.0.1; Nexus 5X Build/MMB29P) AppleWebKit/537.36 (KHTML, like Gecko) Chrome/151.0.7922.173 Mobile Safari/537.36 (compatible; Googlebot/2.1; +http://www.google.com/bot.html)"
66.249.79.160 - - [13/Sep/2026:04:11:10 +0300] "GET /media/gantry5/assets/js/main.js HTTP/1.1" 200 58794 "http://www.poznajlitwe.testams.vhost.lt/index.php/pl/?shopdetail/A51801695282" "Mozilla/5.0 (Linux; Android 6.0.1; Nexus 5X Build/MMB29P) AppleWebKit/537.36 (KHTML, like Gecko) Chrome/151.0.7922.173 Mobile Safari/537.36 (compatible; Googlebot/2.1; +http://www.google.com/bot.html)"
66.249.79.231 - - [13/Sep/2026:04:11:36 +0300] "GET /?shopdetail/B5178837312 HTTP/1.1" 301 - "-" "Mozilla/5.0 (Linux; Android 6.0.1; Nexus 5X Build/MMB29P) AppleWebKit/537.36 (KHTML, like Gecko) Chrome/152.0.7977.82 Mobile Safari/537.36 (compatible; Googlebot/2.1; +http://www.google.com/bot.html)"
