5.9.120.8 - - [12/Sep/2026:21:22:24 +0300] "GET /?sale/search/detail/?ITMCODE=51963948858 HTTP/1.1" 200 11118 "-" "Mozilla/5.0 (compatible; SERankingBacklinksBot/1.0; +https://seranking.com/backlinks-crawler)"
185.191.171.13 - - [12/Sep/2026:21:22:25 +0300] "GET /?sale%2Fsearch%2Fdetail%2F%3FITMCODE=51984996467 HTTP/1.1" 200 11138 "-" "Mozilla/5.0 (compatible; SemrushBot/7~bl; +http://www.semrush.com/bot.html)"
85.208.96.197 - - [12/Sep/2026:21:22:27 +0300] "GET /?sale%2Fsearch%2Fdetail%2F%3FITMCODE=520026944195 HTTP/1.1" 200 11138 "-" "Mozilla/5.0 (compatible; SemrushBot/7~bl; +http://www.semrush.com/bot.html)"
5.9.120.8 - - [12/Sep/2026:21:22:30 +0300] "GET /?sale/search/detail/?ITMCODE=52002632714 HTTP/1.1" 200 11118 "-" "Mozilla/5.0 (compatible; SERankingBacklinksBot/1.0; +https://seranking.com/backlinks-crawler)"
66.249.68.104 - - [12/Sep/2026:21:22:33 +0300] "GET /?sale/search/detail/?ITMCODE=51971190378 HTTP/1.1" 200 195078 "-" "Mozilla/5.0 (Linux; Android 6.0.1; Nexus 5X Build/MMB29P) AppleWebKit/537.36 (KHTML, like Gecko) Chrome/152.0.7977.82 Mobile Safari/537.36 (compatible; Googlebot/2.1; +http://www.google.com/bot.html)"
66.249.68.104 - - [12/Sep/2026:21:22:33 +0300] "GET /?sale/search/detail/?ITMCODE=51971294608 HTTP/1.1" 200 200799 "-" "Mozilla/5.0 (Linux; Android 6.0.1; Nexus 5X Build/MMB29P) AppleWebKit/537.36 (KHTML, like Gecko) Chrome/153.0.8010.36 Mobile Safari/537.36 (compatible; Googlebot/2.1; +http://www.google.com/bot.html)"
85.208.96.205 - - [12/Sep/2026:21:22:37 +0300] "GET /?sale%2Fsearch%2Fdetail%2F%3FITMCODE=51966882399 HTTP/1.1" 200 11138 "-" "Mozilla/5.0 (compatible; SemrushBot/7~bl; +http://www.semrush.com/bot.html)"
5.9.120.8 - - [12/Sep/2026:21:22:40 +0300] "GET /?sale/search/detail/?ITMCODE=51953365685 HTTP/1.1" 200 11118 "-" "Mozilla/5.0 (compatible; SERankingBacklinksBot/1.0; +https://seranking.com/backlinks-crawler)"
85.208.96.205 - - [12/Sep/2026:21:22:42 +0300] "GET /?sale%2Fsearch%2Fdetail%2F%3FITMCODE=52002563034 HTTP/1.1" 200 11138 "-" "Mozilla/5.0 (compatible; SemrushBot/7~bl; +http://www.semrush.com/bot.html)"
85.208.96.207 - - [12/Sep/2026:21:22:44 +0300] "GET /?sale%2Fsearch%2Fdetail%2F%3FITMCODE=519612741430 HTTP/1.1" 200 11138 "-" "Mozilla/5.0 (compatible; SemrushBot/7~bl; +http://www.semrush.com/bot.html)"
185.191.171.7 - - [12/Sep/2026:21:22:46 +0300] "GET /?sale%2Fsearch%2Fdetail%2F%3FITMCODE=51974493195 HTTP/1.1" 200 11138 "-" "Mozilla/5.0 (compatible; SemrushBot/7~bl; +http://www.semrush.com/bot.html)"
5.9.120.8 - - [12/Sep/2026:21:22:46 +0300] "GET /?sale/search/detail/?ITMCODE=51981794010 HTTP/1.1" 200 11118 "-" "Mozilla/5.0 (compatible; SERankingBacklinksBot/1.0; +https://seranking.com/backlinks-crawler)"
5.9.120.8 - - [12/Sep/2026:21:22:53 +0300] "GET /?sale/search/detail/?ITMCODE=51953366313 HTTP/1.1" 200 11118 "-" "Mozilla/5.0 (compatible; SERankingBacklinksBot/1.0; +https://seranking.com/backlinks-crawler)"
5.9.120.8 - - [12/Sep/2026:21:22:56 +0300] "GET /?sale/search/detail/?ITMCODE=520059778480 HTTP/1.1" 200 11118 "-" "Mozilla/5.0 (compatible; SERankingBacklinksBot/1.0; +https://seranking.com/backlinks-crawler)"
5.9.120.8 - - [12/Sep/2026:21:22:59 +0300] "GET /?sale/search/detail/?ITMCODE=520059789356 HTTP/1.1" 200 11118 "-" "Mozilla/5.0 (compatible; SERankingBacklinksBot/1.0; +https://seranking.com/backlinks-crawler)"
5.9.120.8 - - [12/Sep/2026:21:23:02 +0300] "GET /?sale/search/detail/?ITMCODE=519873846416 HTTP/1.1" 200 11118 "-" "Mozilla/5.0 (compatible; SERankingBacklinksBot/1.0; +https://seranking.com/backlinks-crawler)"
5.9.120.8 - - [12/Sep/2026:21:23:06 +0300] "GET /?sale/search/detail/?ITMCODE=519710025287 HTTP/1.1" 200 11118 "-" "Mozilla/5.0 (compatible; SERankingBacklinksBot/1.0; +https://seranking.com/backlinks-crawler)"
85.208.96.207 - - [12/Sep/2026:21:23:07 +0300] "GET /?sale%2Fsearch%2Fdetail%2F%3FITMCODE=51953141479 HTTP/1.1" 200 11138 "-" "Mozilla/5.0 (compatible; SemrushBot/7~bl; +http://www.semrush.com/bot.html)"
5.9.120.8 - - [12/Sep/2026:21:23:09 +0300] "GET /?sale/search/detail/?ITMCODE=520059800241 HTTP/1.1" 200 11118 "-" "Mozilla/5.0 (compatible; SERankingBacklinksBot/1.0; +https://seranking.com/backlinks-crawler)"
85.208.96.202 - - [12/Sep/2026:21:23:12 +0300] "GET /?sale%2Fsearch%2Fdetail%2F%3FITMCODE=520026881220 HTTP/1.1" 200 11138 "-" "Mozilla/5.0 (compatible; SemrushBot/7~bl; +http://www.semrush.com/bot.html)"
5.9.120.8 - - [12/Sep/2026:21:23:12 +0300] "GET /?sale/search/detail/?ITMCODE=519873847779 HTTP/1.1" 200 11118 "-" "Mozilla/5.0 (compatible; SERankingBacklinksBot/1.0; +https://seranking.com/backlinks-crawler)"
185.191.171.13 - - [12/Sep/2026:21:23:14 +0300] "GET /?sale%2Fsearch%2Fdetail%2F%3FITMCODE=519713244280 HTTP/1.1" 200 11138 "-" "Mozilla/5.0 (compatible; SemrushBot/7~bl; +http://www.semrush.com/bot.html)"
5.9.120.8 - - [12/Sep/2026:21:23:15 +0300] "GET /?sale/search/detail/?ITMCODE=519873847996 HTTP/1.1" 200 11118 "-" "Mozilla/5.0 (compatible; SERankingBacklinksBot/1.0; +https://seranking.com/backlinks-crawler)"
5.9.120.8 - - [12/Sep/2026:21:23:19 +0300] "GET /?sale/search/detail/?ITMCODE=519612819637 HTTP/1.1" 200 11118 "-" "Mozilla/5.0 (compatible; SERankingBacklinksBot/1.0; +https://seranking.com/backlinks-crawler)"
5.9.120.8 - - [12/Sep/2026:21:23:25 +0300] "GET /?sale/search/detail/?ITMCODE=519873849151 HTTP/1.1" 200 11118 "-" "Mozilla/5.0 (compatible; SERankingBacklinksBot/1.0; +https://seranking.com/backlinks-crawler)"
185.191.171.6 - - [12/Sep/2026:21:23:34 +0300] "GET /?sale%2Fsearch%2Fdetail%2F%3FITMCODE=51987840422 HTTP/1.1" 200 11138 "-" "Mozilla/5.0 (compatible; SemrushBot/7~bl; +http://www.semrush.com/bot.html)"
5.9.120.8 - - [12/Sep/2026:21:23:35 +0300] "GET /?sale/search/detail/?ITMCODE=519873850532 HTTP/1.1" 200 11118 "-" "Mozilla/5.0 (compatible; SERankingBacklinksBot/1.0; +https://seranking.com/backlinks-crawler)"
85.208.96.193 - - [12/Sep/2026:21:23:36 +0300] "GET /?sale%2Fsearch%2Fdetail%2F%3FITMCODE=519633898732 HTTP/1.1" 200 11138 "-" "Mozilla/5.0 (compatible; SemrushBot/7~bl; +http://www.semrush.com/bot.html)"
5.9.120.8 - - [12/Sep/2026:21:23:38 +0300] "GET /?sale/search/detail/?ITMCODE=519612822290 HTTP/1.1" 200 11118 "-" "Mozilla/5.0 (compatible; SERankingBacklinksBot/1.0; +https://seranking.com/backlinks-crawler)"
5.9.120.8 - - [12/Sep/2026:21:23:45 +0300] "GET /?sale/search/detail/?ITMCODE=519873851753 HTTP/1.1" 200 11118 "-" "Mozilla/5.0 (compatible; SERankingBacklinksBot/1.0; +https://seranking.com/backlinks-crawler)"
5.9.120.8 - - [12/Sep/2026:21:23:54 +0300] "GET /?sale/search/detail/?ITMCODE=519710027333 HTTP/1.1" 200 11118 "-" "Mozilla/5.0 (compatible; SERankingBacklinksBot/1.0; +https://seranking.com/backlinks-crawler)"
66.249.68.105 - - [12/Sep/2026:21:23:55 +0300] "GET /index.php/meniu?sale/search/detail/?ITMCODE=51992450954 HTTP/1.1" 200 206639 "-" "Mozilla/5.0 (Linux; Android 6.0.1; Nexus 5X Build/MMB29P) AppleWebKit/537.36 (KHTML, like Gecko) Chrome/153.0.8010.36 Mobile Safari/537.36 (compatible; Googlebot/2.1; +http://www.google.com/bot.html)"
5.9.120.8 - - [12/Sep/2026:21:23:57 +0300] "GET /?sale/search/detail/?ITMCODE=519873851922 HTTP/1.1" 200 11118 "-" "Mozilla/5.0 (compatible; SERankingBacklinksBot/1.0; +https://seranking.com/backlinks-crawler)"
5.9.120.8 - - [12/Sep/2026:21:24:04 +0300] "GET /?sale/search/detail/?ITMCODE=519873853321 HTTP/1.1" 200 11118 "-" "Mozilla/5.0 (compatible; SERankingBacklinksBot/1.0; +https://seranking.com/backlinks-crawler)"
5.9.120.8 - - [12/Sep/2026:21:24:07 +0300] "GET /?sale/search/detail/?ITMCODE=519873854729 HTTP/1.1" 200 11118 "-" "Mozilla/5.0 (compatible; SERankingBacklinksBot/1.0; +https://seranking.com/backlinks-crawler)"
5.9.120.8 - - [12/Sep/2026:21:24:14 +0300] "GET /?sale/search/detail/?ITMCODE=519873855519 HTTP/1.1" 200 11118 "-" "Mozilla/5.0 (compatible; SERankingBacklinksBot/1.0; +https://seranking.com/backlinks-crawler)"
5.9.120.8 - - [12/Sep/2026:21:24:17 +0300] "GET /?sale/search/detail/?ITMCODE=519612830306 HTTP/1.1" 200 11118 "-" "Mozilla/5.0 (compatible; SERankingBacklinksBot/1.0; +https://seranking.com/backlinks-crawler)"
5.9.120.8 - - [12/Sep/2026:21:24:20 +0300] "GET /?sale/search/detail/?ITMCODE=519873856146 HTTP/1.1" 200 11118 "-" "Mozilla/5.0 (compatible; SERankingBacklinksBot/1.0; +https://seranking.com/backlinks-crawler)"
5.9.120.8 - - [12/Sep/2026:21:24:23 +0300] "GET /?sale/search/detail/?ITMCODE=519612830862 HTTP/1.1" 200 11118 "-" "Mozilla/5.0 (compatible; SERankingBacklinksBot/1.0; +https://seranking.com/backlinks-crawler)"
5.9.120.8 - - [12/Sep/2026:21:24:30 +0300] "GET /?sale/search/detail/?ITMCODE=519873857572 HTTP/1.1" 200 11118 "-" "Mozilla/5.0 (compatible; SERankingBacklinksBot/1.0; +https://seranking.com/backlinks-crawler)"
185.191.171.7 - - [12/Sep/2026:21:24:34 +0300] "GET /?sale%2Fsearch%2Fdetail%2F%3FITMCODE=5199101240248 HTTP/1.1" 200 11138 "-" "Mozilla/5.0 (compatible; SemrushBot/7~bl; +http://www.semrush.com/bot.html)"
5.9.120.8 - - [12/Sep/2026:21:24:37 +0300] "GET /?sale/search/detail/?ITMCODE=519873859007 HTTP/1.1" 200 11118 "-" "Mozilla/5.0 (compatible; SERankingBacklinksBot/1.0; +https://seranking.com/backlinks-crawler)"
5.9.120.8 - - [12/Sep/2026:21:24:43 +0300] "GET /?sale/search/detail/?ITMCODE=520080573325 HTTP/1.1" 200 11118 "-" "Mozilla/5.0 (compatible; SERankingBacklinksBot/1.0; +https://seranking.com/backlinks-crawler)"
5.9.120.8 - - [12/Sep/2026:21:24:47 +0300] "GET /?sale/search/detail/?ITMCODE=519873859294 HTTP/1.1" 200 11118 "-" "Mozilla/5.0 (compatible; SERankingBacklinksBot/1.0; +https://seranking.com/backlinks-crawler)"
185.191.171.14 - - [12/Sep/2026:21:24:50 +0300] "GET /?sale%2Fsearch%2Fdetail%2F%3FITMCODE=51987683118 HTTP/1.1" 200 11138 "-" "Mozilla/5.0 (compatible; SemrushBot/7~bl; +http://www.semrush.com/bot.html)"
185.191.171.6 - - [12/Sep/2026:21:24:55 +0300] "GET /?sale%2Fsearch%2Fdetail%2F%3FITMCODE=519926185393 HTTP/1.1" 200 11138 "-" "Mozilla/5.0 (compatible; SemrushBot/7~bl; +http://www.semrush.com/bot.html)"
5.9.120.8 - - [12/Sep/2026:21:24:57 +0300] "GET /?sale/search/detail/?ITMCODE=519873860451 HTTP/1.1" 200 11118 "-" "Mozilla/5.0 (compatible; SERankingBacklinksBot/1.0; +https://seranking.com/backlinks-crawler)"
5.9.120.8 - - [12/Sep/2026:21:25:03 +0300] "GET /?sale/search/detail/?ITMCODE=519873861904 HTTP/1.1" 200 11118 "-" "Mozilla/5.0 (compatible; SERankingBacklinksBot/1.0; +https://seranking.com/backlinks-crawler)"
5.9.120.8 - - [12/Sep/2026:21:25:10 +0300] "GET /?sale/search/detail/?ITMCODE=519710032143 HTTP/1.1" 200 11118 "-" "Mozilla/5.0 (compatible; SERankingBacklinksBot/1.0; +https://seranking.com/backlinks-crawler)"
66.249.68.104 - - [12/Sep/2026:21:25:11 +0300] "GET /?sale/search/detail/?ITMCODE=51971366776 HTTP/1.1" 200 205760 "-" "Mozilla/5.0 (Linux; Android 6.0.1; Nexus 5X Build/MMB29P) AppleWebKit/537.36 (KHTML, like Gecko) Chrome/152.0.7977.82 Mobile Safari/537.36 (compatible; Googlebot/2.1; +http://www.google.com/bot.html)"
5.9.120.8 - - [12/Sep/2026:21:25:13 +0300] "GET /?sale/search/detail/?ITMCODE=519873863078 HTTP/1.1" 200 11118 "-" "Mozilla/5.0 (compatible; SERankingBacklinksBot/1.0; +https://seranking.com/backlinks-crawler)"
5.9.120.8 - - [12/Sep/2026:21:25:16 +0300] "GET /?sale/search/detail/?ITMCODE=519612839443 HTTP/1.1" 200 11118 "-" "Mozilla/5.0 (compatible; SERankingBacklinksBot/1.0; +https://seranking.com/backlinks-crawler)"
5.9.120.8 - - [12/Sep/2026:21:25:19 +0300] "GET /?sale/search/detail/?ITMCODE=519710033256 HTTP/1.1" 200 11118 "-" "Mozilla/5.0 (compatible; SERankingBacklinksBot/1.0; +https://seranking.com/backlinks-crawler)"
5.9.120.8 - - [12/Sep/2026:21:25:22 +0300] "GET /?sale/search/detail/?ITMCODE=519873863366 HTTP/1.1" 200 11118 "-" "Mozilla/5.0 (compatible; SERankingBacklinksBot/1.0; +https://seranking.com/backlinks-crawler)"
5.9.120.8 - - [12/Sep/2026:21:25:26 +0300] "GET /?sale/search/detail/?ITMCODE=519612840984 HTTP/1.1" 200 11118 "-" "Mozilla/5.0 (compatible; SERankingBacklinksBot/1.0; +https://seranking.com/backlinks-crawler)"
5.9.120.8 - - [12/Sep/2026:21:25:29 +0300] "GET /?sale/search/detail/?ITMCODE=519873864837 HTTP/1.1" 200 11118 "-" "Mozilla/5.0 (compatible; SERankingBacklinksBot/1.0; +https://seranking.com/backlinks-crawler)"
5.9.120.8 - - [12/Sep/2026:21:25:39 +0300] "GET /?sale/search/detail/?ITMCODE=519885679825 HTTP/1.1" 200 11118 "-" "Mozilla/5.0 (compatible; SERankingBacklinksBot/1.0; +https://seranking.com/backlinks-crawler)"
5.9.120.8 - - [12/Sep/2026:21:25:42 +0300] "GET /?sale/search/detail/?ITMCODE=519873866317 HTTP/1.1" 200 11118 "-" "Mozilla/5.0 (compatible; SERankingBacklinksBot/1.0; +https://seranking.com/backlinks-crawler)"
5.9.120.8 - - [12/Sep/2026:21:25:51 +0300] "GET /?sale/search/detail/?ITMCODE=519873866871 HTTP/1.1" 200 11118 "-" "Mozilla/5.0 (compatible; SERankingBacklinksBot/1.0; +https://seranking.com/backlinks-crawler)"
5.9.120.8 - - [12/Sep/2026:21:25:55 +0300] "GET /?sale/search/detail/?ITMCODE=519873867806 HTTP/1.1" 200 11118 "-" "Mozilla/5.0 (compatible; SERankingBacklinksBot/1.0; +https://seranking.com/backlinks-crawler)"
5.9.120.8 - - [12/Sep/2026:21:25:58 +0300] "GET /?sale/search/detail/?ITMCODE=519873869304 HTTP/1.1" 200 11118 "-" "Mozilla/5.0 (compatible; SERankingBacklinksBot/1.0; +https://seranking.com/backlinks-crawler)"
5.9.120.8 - - [12/Sep/2026:21:26:04 +0300] "GET /?sale/search/detail/?ITMCODE=519612848033 HTTP/1.1" 200 11118 "-" "Mozilla/5.0 (compatible; SERankingBacklinksBot/1.0; +https://seranking.com/backlinks-crawler)"
5.9.120.8 - - [12/Sep/2026:21:26:08 +0300] "GET /?sale/search/detail/?ITMCODE=519873870673 HTTP/1.1" 200 11118 "-" "Mozilla/5.0 (compatible; SERankingBacklinksBot/1.0; +https://seranking.com/backlinks-crawler)"
85.208.96.205 - - [12/Sep/2026:21:26:10 +0300] "GET /?sale%2Fsearch%2Fdetail%2F%3FITMCODE=519725431947 HTTP/1.1" 200 11138 "-" "Mozilla/5.0 (compatible; SemrushBot/7~bl; +http://www.semrush.com/bot.html)"
5.9.120.8 - - [12/Sep/2026:21:26:11 +0300] "GET /?sale/search/detail/?ITMCODE=519710036962 HTTP/1.1" 200 11118 "-" "Mozilla/5.0 (compatible; SERankingBacklinksBot/1.0; +https://seranking.com/backlinks-crawler)"
5.9.120.8 - - [12/Sep/2026:21:26:14 +0300] "GET /?sale/search/detail/?ITMCODE=519873870811 HTTP/1.1" 200 11118 "-" "Mozilla/5.0 (compatible; SERankingBacklinksBot/1.0; +https://seranking.com/backlinks-crawler)"
5.9.120.8 - - [12/Sep/2026:21:26:21 +0300] "GET /?sale/search/detail/?ITMCODE=519873872327 HTTP/1.1" 200 11118 "-" "Mozilla/5.0 (compatible; SERankingBacklinksBot/1.0; +https://seranking.com/backlinks-crawler)"
85.208.96.211 - - [12/Sep/2026:21:26:23 +0300] "GET /?sale%2Fsearch%2Fdetail%2F%3FITMCODE=5200101660975 HTTP/1.1" 200 11138 "-" "Mozilla/5.0 (compatible; SemrushBot/7~bl; +http://www.semrush.com/bot.html)"
5.9.120.8 - - [12/Sep/2026:21:26:27 +0300] "GET /?sale/search/detail/?ITMCODE=519612851671 HTTP/1.1" 200 11118 "-" "Mozilla/5.0 (compatible; SERankingBacklinksBot/1.0; +https://seranking.com/backlinks-crawler)"
185.191.171.15 - - [12/Sep/2026:21:26:36 +0300] "GET /?sale%2Fsearch%2Fdetail%2F%3FITMCODE=51992024139 HTTP/1.1" 200 11138 "-" "Mozilla/5.0 (compatible; SemrushBot/7~bl; +http://www.semrush.com/bot.html)"
5.9.120.8 - - [12/Sep/2026:21:26:37 +0300] "GET /?sale/search/detail/?ITMCODE=519873873852 HTTP/1.1" 200 11118 "-" "Mozilla/5.0 (compatible; SERankingBacklinksBot/1.0; +https://seranking.com/backlinks-crawler)"
185.191.171.14 - - [12/Sep/2026:21:26:38 +0300] "GET /?sale%2Fsearch%2Fdetail%2F%3FITMCODE=51969753948 HTTP/1.1" 200 11138 "-" "Mozilla/5.0 (compatible; SemrushBot/7~bl; +http://www.semrush.com/bot.html)"
85.208.96.205 - - [12/Sep/2026:21:26:41 +0300] "GET /?sale%2Fsearch%2Fdetail%2F%3FITMCODE=520017500459 HTTP/1.1" 200 11138 "-" "Mozilla/5.0 (compatible; SemrushBot/7~bl; +http://www.semrush.com/bot.html)"
5.9.120.8 - - [12/Sep/2026:21:26:47 +0300] "GET /?sale/search/detail/?ITMCODE=519873874484 HTTP/1.1" 200 11118 "-" "Mozilla/5.0 (compatible; SERankingBacklinksBot/1.0; +https://seranking.com/backlinks-crawler)"
5.9.120.8 - - [12/Sep/2026:21:26:50 +0300] "GET /?sale/search/detail/?ITMCODE=519873875386 HTTP/1.1" 200 11118 "-" "Mozilla/5.0 (compatible; SERankingBacklinksBot/1.0; +https://seranking.com/backlinks-crawler)"
5.9.120.8 - - [12/Sep/2026:21:26:59 +0300] "GET /?sale/search/detail/?ITMCODE=519873876929 HTTP/1.1" 200 11118 "-" "Mozilla/5.0 (compatible; SERankingBacklinksBot/1.0; +https://seranking.com/backlinks-crawler)"
185.191.171.12 - - [12/Sep/2026:21:27:01 +0300] "GET /?sale%2Fsearch%2Fdetail%2F%3FITMCODE=52005721258 HTTP/1.1" 200 11138 "-" "Mozilla/5.0 (compatible; SemrushBot/7~bl; +http://www.semrush.com/bot.html)"
5.9.120.8 - - [12/Sep/2026:21:27:03 +0300] "GET /?sale/search/detail/?ITMCODE=519873878304 HTTP/1.1" 200 11118 "-" "Mozilla/5.0 (compatible; SERankingBacklinksBot/1.0; +https://seranking.com/backlinks-crawler)"
5.9.120.8 - - [12/Sep/2026:21:27:06 +0300] "GET /?sale/search/detail/?ITMCODE=519612856632 HTTP/1.1" 200 11118 "-" "Mozilla/5.0 (compatible; SERankingBacklinksBot/1.0; +https://seranking.com/backlinks-crawler)"
5.9.120.8 - - [12/Sep/2026:21:27:09 +0300] "GET /?sale/search/detail/?ITMCODE=519873878481 HTTP/1.1" 200 11118 "-" "Mozilla/5.0 (compatible; SERankingBacklinksBot/1.0; +https://seranking.com/backlinks-crawler)"
52.167.144.185 - - [12/Sep/2026:21:27:10 +0300] "GET /shop/pg/2805382 HTTP/1.1" 200 202064 "-" "Mozilla/5.0 AppleWebKit/537.36 (KHTML, like Gecko; compatible; bingbot/2.0; +http://www.bing.com/bingbot.htm) Chrome/116.0.1938.76 Safari/537.36"
185.191.171.8 - - [12/Sep/2026:21:27:18 +0300] "GET /?sale%2Fsearch%2Fdetail%2F%3FITMCODE=519870617730 HTTP/1.1" 200 11138 "-" "Mozilla/5.0 (compatible; SemrushBot/7~bl; +http://www.semrush.com/bot.html)"
66.249.68.104 - - [12/Sep/2026:21:27:18 +0300] "GET /?sale/search/detail/?ITMCODE=51971109636 HTTP/1.1" 200 196300 "-" "Mozilla/5.0 (Linux; Android 6.0.1; Nexus 5X Build/MMB29P) AppleWebKit/537.36 (KHTML, like Gecko) Chrome/152.0.7977.82 Mobile Safari/537.36 (compatible; Googlebot/2.1; +http://www.google.com/bot.html)"
5.9.120.8 - - [12/Sep/2026:21:27:19 +0300] "GET /?sale/search/detail/?ITMCODE=519873880042 HTTP/1.1" 200 11118 "-" "Mozilla/5.0 (compatible; SERankingBacklinksBot/1.0; +https://seranking.com/backlinks-crawler)"
85.208.96.199 - - [12/Sep/2026:21:27:19 +0300] "GET /?sale%2Fsearch%2Fdetail%2F%3FITMCODE=51998070502 HTTP/1.1" 200 11138 "-" "Mozilla/5.0 (compatible; SemrushBot/7~bl; +http://www.semrush.com/bot.html)"
85.208.96.202 - - [12/Sep/2026:21:27:21 +0300] "GET /?sale%2Fsearch%2Fdetail%2F%3FITMCODE=51977162582 HTTP/1.1" 200 11138 "-" "Mozilla/5.0 (compatible; SemrushBot/7~bl; +http://www.semrush.com/bot.html)"
5.9.120.8 - - [12/Sep/2026:21:27:22 +0300] "GET /?sale/search/detail/?ITMCODE=519710041234 HTTP/1.1" 200 11118 "-" "Mozilla/5.0 (compatible; SERankingBacklinksBot/1.0; +https://seranking.com/backlinks-crawler)"
85.208.96.203 - - [12/Sep/2026:21:27:24 +0300] "GET /?sale%2Fsearch%2Fdetail%2F%3FITMCODE=51959312080 HTTP/1.1" 200 11138 "-" "Mozilla/5.0 (compatible; SemrushBot/7~bl; +http://www.semrush.com/bot.html)"
5.9.120.8 - - [12/Sep/2026:21:27:29 +0300] "GET /?sale/search/detail/?ITMCODE=519710429540 HTTP/1.1" 200 11118 "-" "Mozilla/5.0 (compatible; SERankingBacklinksBot/1.0; +https://seranking.com/backlinks-crawler)"
5.9.120.8 - - [12/Sep/2026:21:27:32 +0300] "GET /?sale/search/detail/?ITMCODE=519710041790 HTTP/1.1" 200 11118 "-" "Mozilla/5.0 (compatible; SERankingBacklinksBot/1.0; +https://seranking.com/backlinks-crawler)"
5.9.120.8 - - [12/Sep/2026:21:27:35 +0300] "GET /?sale/search/detail/?ITMCODE=519873881612 HTTP/1.1" 200 11118 "-" "Mozilla/5.0 (compatible; SERankingBacklinksBot/1.0; +https://seranking.com/backlinks-crawler)"
5.9.120.8 - - [12/Sep/2026:21:27:38 +0300] "GET /?sale/search/detail/?ITMCODE=519612862367 HTTP/1.1" 200 11118 "-" "Mozilla/5.0 (compatible; SERankingBacklinksBot/1.0; +https://seranking.com/backlinks-crawler)"
85.208.96.211 - - [12/Sep/2026:21:27:39 +0300] "GET /?sale%2Fsearch%2Fdetail%2F%3FITMCODE=51992163538 HTTP/1.1" 200 11138 "-" "Mozilla/5.0 (compatible; SemrushBot/7~bl; +http://www.semrush.com/bot.html)"
85.208.96.202 - - [12/Sep/2026:21:27:40 +0300] "GET /?sale%2Fsearch%2Fdetail%2F%3FITMCODE=51995282703 HTTP/1.1" 200 11138 "-" "Mozilla/5.0 (compatible; SemrushBot/7~bl; +http://www.semrush.com/bot.html)"
5.9.120.8 - - [12/Sep/2026:21:27:41 +0300] "GET /?sale/search/detail/?ITMCODE=519873882133 HTTP/1.1" 200 11118 "-" "Mozilla/5.0 (compatible; SERankingBacklinksBot/1.0; +https://seranking.com/backlinks-crawler)"
85.208.96.205 - - [12/Sep/2026:21:27:42 +0300] "GET /?sale%2Fsearch%2Fdetail%2F%3FITMCODE=519819661354 HTTP/1.1" 200 11138 "-" "Mozilla/5.0 (compatible; SemrushBot/7~bl; +http://www.semrush.com/bot.html)"
5.9.120.8 - - [12/Sep/2026:21:27:51 +0300] "GET /?sale/search/detail/?ITMCODE=519873883191 HTTP/1.1" 200 11118 "-" "Mozilla/5.0 (compatible; SERankingBacklinksBot/1.0; +https://seranking.com/backlinks-crawler)"
5.9.120.8 - - [12/Sep/2026:21:27:54 +0300] "GET /?sale/search/detail/?ITMCODE=519873884779 HTTP/1.1" 200 11118 "-" "Mozilla/5.0 (compatible; SERankingBacklinksBot/1.0; +https://seranking.com/backlinks-crawler)"
5.9.120.8 - - [12/Sep/2026:21:27:58 +0300] "GET /?sale/search/detail/?ITMCODE=519612865240 HTTP/1.1" 200 11118 "-" "Mozilla/5.0 (compatible; SERankingBacklinksBot/1.0; +https://seranking.com/backlinks-crawler)"
66.249.68.104 - - [12/Sep/2026:21:27:58 +0300] "GET /?sale/search/detail/?ITMCODE=52002836444 HTTP/1.1" 200 199159 "-" "Mozilla/5.0 (compatible; Googlebot/2.1; +http://www.google.com/bot.html)"
52.167.144.185 - - [12/Sep/2026:21:27:59 +0300] "GET /shop/pg/1601 HTTP/1.1" 200 195239 "-" "Mozilla/5.0 AppleWebKit/537.36 (KHTML, like Gecko; compatible; bingbot/2.0; +http://www.bing.com/bingbot.htm) Chrome/116.0.1938.76 Safari/537.36"
5.9.120.8 - - [12/Sep/2026:21:28:04 +0300] "GET /?sale/search/detail/?ITMCODE=519873885971 HTTP/1.1" 200 11118 "-" "Mozilla/5.0 (compatible; SERankingBacklinksBot/1.0; +https://seranking.com/backlinks-crawler)"
66.249.68.96 - - [12/Sep/2026:21:28:05 +0300] "GET /?sale/search/detail/?ITMCODE=51981927247 HTTP/1.1" 200 195001 "-" "Mozilla/5.0 (Linux; Android 6.0.1; Nexus 5X Build/MMB29P) AppleWebKit/537.36 (KHTML, like Gecko) Chrome/152.0.7977.82 Mobile Safari/537.36 (compatible; Googlebot/2.1; +http://www.google.com/bot.html)"
5.9.120.8 - - [12/Sep/2026:21:28:10 +0300] "GET /?sale/search/detail/?ITMCODE=519873886376 HTTP/1.1" 200 11118 "-" "Mozilla/5.0 (compatible; SERankingBacklinksBot/1.0; +https://seranking.com/backlinks-crawler)"
185.191.171.2 - - [12/Sep/2026:21:28:14 +0300] "GET /?sale%2Fsearch%2Fdetail%2F%3FITMCODE=52008735243 HTTP/1.1" 200 11138 "-" "Mozilla/5.0 (compatible; SemrushBot/7~bl; +http://www.semrush.com/bot.html)"
5.9.120.8 - - [12/Sep/2026:21:28:17 +0300] "GET /?sale/search/detail/?ITMCODE=519873887982 HTTP/1.1" 200 11118 "-" "Mozilla/5.0 (compatible; SERankingBacklinksBot/1.0; +https://seranking.com/backlinks-crawler)"
5.9.120.8 - - [12/Sep/2026:21:28:23 +0300] "GET /?sale/search/detail/?ITMCODE=520080575228 HTTP/1.1" 200 11118 "-" "Mozilla/5.0 (compatible; SERankingBacklinksBot/1.0; +https://seranking.com/backlinks-crawler)"
5.9.120.8 - - [12/Sep/2026:21:28:27 +0300] "GET /?sale/search/detail/?ITMCODE=519873889597 HTTP/1.1" 200 11118 "-" "Mozilla/5.0 (compatible; SERankingBacklinksBot/1.0; +https://seranking.com/backlinks-crawler)"
5.9.120.8 - - [12/Sep/2026:21:28:30 +0300] "GET /?sale/search/detail/?ITMCODE=519873889818 HTTP/1.1" 200 11118 "-" "Mozilla/5.0 (compatible; SERankingBacklinksBot/1.0; +https://seranking.com/backlinks-crawler)"
5.9.120.8 - - [12/Sep/2026:21:28:33 +0300] "GET /?sale/search/detail/?ITMCODE=519612873072 HTTP/1.1" 200 11118 "-" "Mozilla/5.0 (compatible; SERankingBacklinksBot/1.0; +https://seranking.com/backlinks-crawler)"
5.9.120.8 - - [12/Sep/2026:21:28:39 +0300] "GET /?sale/search/detail/?ITMCODE=519612873857 HTTP/1.1" 200 11118 "-" "Mozilla/5.0 (compatible; SERankingBacklinksBot/1.0; +https://seranking.com/backlinks-crawler)"
5.9.120.8 - - [12/Sep/2026:21:28:43 +0300] "GET /?sale/search/detail/?ITMCODE=519710046627 HTTP/1.1" 200 11118 "-" "Mozilla/5.0 (compatible; SERankingBacklinksBot/1.0; +https://seranking.com/backlinks-crawler)"
185.191.171.3 - - [12/Sep/2026:21:28:45 +0300] "GET /?sale%2Fsearch%2Fdetail%2F%3FITMCODE=519624922658 HTTP/1.1" 200 11138 "-" "Mozilla/5.0 (compatible; SemrushBot/7~bl; +http://www.semrush.com/bot.html)"
66.249.68.104 - - [12/Sep/2026:21:28:45 +0300] "GET /?sale/search/detail/?ITMCODE=52002639316 HTTP/1.1" 200 194452 "-" "Mozilla/5.0 (compatible; Googlebot/2.1; +http://www.google.com/bot.html)"
5.9.120.8 - - [12/Sep/2026:21:28:46 +0300] "GET /?sale/search/detail/?ITMCODE=519873891221 HTTP/1.1" 200 11118 "-" "Mozilla/5.0 (compatible; SERankingBacklinksBot/1.0; +https://seranking.com/backlinks-crawler)"
85.208.96.199 - - [12/Sep/2026:21:28:49 +0300] "GET /?sale%2Fsearch%2Fdetail%2F%3FITMCODE=519816884936 HTTP/1.1" 200 11138 "-" "Mozilla/5.0 (compatible; SemrushBot/7~bl; +http://www.semrush.com/bot.html)"
5.9.120.8 - - [12/Sep/2026:21:28:56 +0300] "GET /?sale/search/detail/?ITMCODE=519873892854 HTTP/1.1" 200 11118 "-" "Mozilla/5.0 (compatible; SERankingBacklinksBot/1.0; +https://seranking.com/backlinks-crawler)"
5.9.120.8 - - [12/Sep/2026:21:29:02 +0300] "GET /?sale/search/detail/?ITMCODE=519873893674 HTTP/1.1" 200 11118 "-" "Mozilla/5.0 (compatible; SERankingBacklinksBot/1.0; +https://seranking.com/backlinks-crawler)"
5.9.120.8 - - [12/Sep/2026:21:29:06 +0300] "GET /?sale/search/detail/?ITMCODE=519873894496 HTTP/1.1" 200 11118 "-" "Mozilla/5.0 (compatible; SERankingBacklinksBot/1.0; +https://seranking.com/backlinks-crawler)"
66.249.68.104 - - [12/Sep/2026:21:29:08 +0300] "GET /?sale/search/detail/?ITMCODE=5196789393 HTTP/1.1" 200 200848 "-" "Mozilla/5.0 (Linux; Android 6.0.1; Nexus 5X Build/MMB29P) AppleWebKit/537.36 (KHTML, like Gecko) Chrome/152.0.7977.82 Mobile Safari/537.36 (compatible; Googlebot/2.1; +http://www.google.com/bot.html)"
5.9.120.8 - - [12/Sep/2026:21:29:09 +0300] "GET /?sale/search/detail/?ITMCODE=519873896147 HTTP/1.1" 200 11118 "-" "Mozilla/5.0 (compatible; SERankingBacklinksBot/1.0; +https://seranking.com/backlinks-crawler)"
136.119.137.98 - - [12/Sep/2026:21:29:15 +0300] "GET /robots.txt HTTP/1.1" 200 836 "-" "Mozilla/5.0 AppleWebKit/537.36 (KHTML, like Gecko; compatible; Reflectionbot/1.0; +https://reflection.ai/bot) Chrome/151.0.0.0 Safari/537.36"
136.119.137.98 - - [12/Sep/2026:21:29:15 +0300] "GET /index.php/meniu HTTP/1.1" 200 13026 "-" "Mozilla/5.0 AppleWebKit/537.36 (KHTML, like Gecko; compatible; Reflectionbot/1.0; +https://reflection.ai/bot) Chrome/151.0.0.0 Safari/537.36"
104.197.138.210 - - [12/Sep/2026:21:29:16 +0300] "GET /robots.txt HTTP/1.1" 200 836 "-" "Mozilla/5.0 AppleWebKit/537.36 (KHTML, like Gecko; compatible; Reflectionbot/1.0; +https://reflection.ai/bot) Chrome/151.0.0.0 Safari/537.36"
34.173.190.57 - - [12/Sep/2026:21:29:16 +0300] "GET /index.php/meniu HTTP/1.1" 200 13026 "-" "Mozilla/5.0 AppleWebKit/537.36 (KHTML, like Gecko; compatible; Reflectionbot/1.0; +https://reflection.ai/bot) Chrome/151.0.0.0 Safari/537.36"
146.148.85.172 - - [12/Sep/2026:21:29:17 +0300] "GET /templates/resto_6/css/template.css HTTP/1.1" 200 65213 "http://chenglong.lt/index.php/meniu" "Mozilla/5.0 AppleWebKit/537.36 (KHTML, like Gecko; compatible; Reflectionbot/1.0; +https://reflection.ai/bot) Chrome/151.0.0.0 Safari/537.36"
34.31.125.92 - - [12/Sep/2026:21:29:17 +0300] "GET /templates/resto_6/css/template.responsive.css HTTP/1.1" 200 11640 "http://chenglong.lt/index.php/meniu" "Mozilla/5.0 AppleWebKit/537.36 (KHTML, like Gecko; compatible; Reflectionbot/1.0; +https://reflection.ai/bot) Chrome/151.0.0.0 Safari/537.36"
34.10.148.18 - - [12/Sep/2026:21:29:17 +0300] "GET /templates/system/css/general.css HTTP/1.1" 200 2717 "http://chenglong.lt/index.php/meniu" "Mozilla/5.0 AppleWebKit/537.36 (KHTML, like Gecko; compatible; Reflectionbot/1.0; +https://reflection.ai/bot) Chrome/151.0.0.0 Safari/537.36"
104.197.103.79 - - [12/Sep/2026:21:29:17 +0300] "GET /media/jui/js/jquery-noconflict.js?0c2ada6fb5fac50fc7ad43b82b14eaac HTTP/1.1" 200 21 "http://chenglong.lt/index.php/meniu" "Mozilla/5.0 AppleWebKit/537.36 (KHTML, like Gecko; compatible; Reflectionbot/1.0; +https://reflection.ai/bot) Chrome/151.0.0.0 Safari/537.36"
136.114.86.244 - - [12/Sep/2026:21:29:17 +0300] "GET /templates/system/css/system.css HTTP/1.1" 200 881 "http://chenglong.lt/index.php/meniu" "Mozilla/5.0 AppleWebKit/537.36 (KHTML, like Gecko; compatible; Reflectionbot/1.0; +https://reflection.ai/bot) Chrome/151.0.0.0 Safari/537.36"
136.116.0.177 - - [12/Sep/2026:21:29:17 +0300] "GET /media/jui/js/jquery-migrate.min.js?0c2ada6fb5fac50fc7ad43b82b14eaac HTTP/1.1" 200 10056 "http://chenglong.lt/index.php/meniu" "Mozilla/5.0 AppleWebKit/537.36 (KHTML, like Gecko; compatible; Reflectionbot/1.0; +https://reflection.ai/bot) Chrome/151.0.0.0 Safari/537.36"
104.197.103.79 - - [12/Sep/2026:21:29:17 +0300] "GET /media/system/js/core.js?0c2ada6fb5fac50fc7ad43b82b14eaac HTTP/1.1" 200 8735 "http://chenglong.lt/index.php/meniu" "Mozilla/5.0 AppleWebKit/537.36 (KHTML, like Gecko; compatible; Reflectionbot/1.0; +https://reflection.ai/bot) Chrome/151.0.0.0 Safari/537.36"
136.115.12.34 - - [12/Sep/2026:21:29:17 +0300] "GET /media/jui/js/jquery.min.js?0c2ada6fb5fac50fc7ad43b82b14eaac HTTP/1.1" 200 97646 "http://chenglong.lt/index.php/meniu" "Mozilla/5.0 AppleWebKit/537.36 (KHTML, like Gecko; compatible; Reflectionbot/1.0; +https://reflection.ai/bot) Chrome/151.0.0.0 Safari/537.36"
136.114.86.244 - - [12/Sep/2026:21:29:18 +0300] "GET /media/system/js/caption.js?0c2ada6fb5fac50fc7ad43b82b14eaac HTTP/1.1" 200 491 "http://chenglong.lt/index.php/meniu" "Mozilla/5.0 AppleWebKit/537.36 (KHTML, like Gecko; compatible; Reflectionbot/1.0; +https://reflection.ai/bot) Chrome/151.0.0.0 Safari/537.36"
34.10.148.18 - - [12/Sep/2026:21:29:17 +0300] "GET /media/system/js/mootools-core.js?0c2ada6fb5fac50fc7ad43b82b14eaac HTTP/1.1" 200 83893 "http://chenglong.lt/index.php/meniu" "Mozilla/5.0 AppleWebKit/537.36 (KHTML, like Gecko; compatible; Reflectionbot/1.0; +https://reflection.ai/bot) Chrome/151.0.0.0 Safari/537.36"
104.197.103.79 - - [12/Sep/2026:21:29:18 +0300] "GET /templates/resto_6/script.js HTTP/1.1" 200 56744 "http://chenglong.lt/index.php/meniu" "Mozilla/5.0 AppleWebKit/537.36 (KHTML, like Gecko; compatible; Reflectionbot/1.0; +https://reflection.ai/bot) Chrome/151.0.0.0 Safari/537.36"
136.114.86.244 - - [12/Sep/2026:21:29:18 +0300] "GET /templates/resto_6/script.responsive.js HTTP/1.1" 200 21136 "http://chenglong.lt/index.php/meniu" "Mozilla/5.0 AppleWebKit/537.36 (KHTML, like Gecko; compatible; Reflectionbot/1.0; +https://reflection.ai/bot) Chrome/151.0.0.0 Safari/537.36"
136.116.0.177 - - [12/Sep/2026:21:29:18 +0300] "GET /templates/resto_6/jquery.js HTTP/1.1" 200 92629 "http://chenglong.lt/index.php/meniu" "Mozilla/5.0 AppleWebKit/537.36 (KHTML, like Gecko; compatible; Reflectionbot/1.0; +https://reflection.ai/bot) Chrome/151.0.0.0 Safari/537.36"
146.148.85.172 - - [12/Sep/2026:21:29:18 +0300] "GET /media/system/js/mootools-more.js?0c2ada6fb5fac50fc7ad43b82b14eaac HTTP/1.1" 200 236825 "http://chenglong.lt/index.php/meniu" "Mozilla/5.0 AppleWebKit/537.36 (KHTML, like Gecko; compatible; Reflectionbot/1.0; +https://reflection.ai/bot) Chrome/151.0.0.0 Safari/537.36"
136.115.12.34 - - [12/Sep/2026:21:29:18 +0300] "GET /templates/resto_6/modules.js HTTP/1.1" 200 - "http://chenglong.lt/index.php/meniu" "Mozilla/5.0 AppleWebKit/537.36 (KHTML, like Gecko; compatible; Reflectionbot/1.0; +https://reflection.ai/bot) Chrome/151.0.0.0 Safari/537.36"
136.115.29.49 - - [12/Sep/2026:21:29:18 +0300] "GET /media/system/css/system.css HTTP/1.1" 200 1433 "http://chenglong.lt/templates/system/css/system.css" "Mozilla/5.0 AppleWebKit/537.36 (KHTML, like Gecko; compatible; Reflectionbot/1.0; +https://reflection.ai/bot) Chrome/151.0.0.0 Safari/537.36"
5.9.120.8 - - [12/Sep/2026:21:29:25 +0300] "GET /?sale/search/detail/?ITMCODE=519873897539 HTTP/1.1" 200 11118 "-" "Mozilla/5.0 (compatible; SERankingBacklinksBot/1.0; +https://seranking.com/backlinks-crawler)"
185.191.171.16 - - [12/Sep/2026:21:29:26 +0300] "GET /?sale%2Fsearch%2Fdetail%2F%3FITMCODE=51959283149 HTTP/1.1" 200 11138 "-" "Mozilla/5.0 (compatible; SemrushBot/7~bl; +http://www.semrush.com/bot.html)"
185.191.171.15 - - [12/Sep/2026:21:29:28 +0300] "GET /?sale%2Fsearch%2Fdetail%2F%3FITMCODE=52002628285 HTTP/1.1" 200 11138 "-" "Mozilla/5.0 (compatible; SemrushBot/7~bl; +http://www.semrush.com/bot.html)"
5.9.120.8 - - [12/Sep/2026:21:29:29 +0300] "GET /?sale/search/detail/?ITMCODE=519612882483 HTTP/1.1" 200 11118 "-" "Mozilla/5.0 (compatible; SERankingBacklinksBot/1.0; +https://seranking.com/backlinks-crawler)"
5.9.120.8 - - [12/Sep/2026:21:29:32 +0300] "GET /?sale/search/detail/?ITMCODE=519710049221 HTTP/1.1" 200 11118 "-" "Mozilla/5.0 (compatible; SERankingBacklinksBot/1.0; +https://seranking.com/backlinks-crawler)"
5.9.120.8 - - [12/Sep/2026:21:29:35 +0300] "GET /?sale/search/detail/?ITMCODE=519873897807 HTTP/1.1" 200 11118 "-" "Mozilla/5.0 (compatible; SERankingBacklinksBot/1.0; +https://seranking.com/backlinks-crawler)"
5.9.120.8 - - [12/Sep/2026:21:29:42 +0300] "GET /?sale/search/detail/?ITMCODE=519873899476 HTTP/1.1" 200 11118 "-" "Mozilla/5.0 (compatible; SERankingBacklinksBot/1.0; +https://seranking.com/backlinks-crawler)"
5.9.120.8 - - [12/Sep/2026:21:29:45 +0300] "GET /?sale/search/detail/?ITMCODE=519612883786 HTTP/1.1" 200 11118 "-" "Mozilla/5.0 (compatible; SERankingBacklinksBot/1.0; +https://seranking.com/backlinks-crawler)"
5.9.120.8 - - [12/Sep/2026:21:29:48 +0300] "GET /?sale/search/detail/?ITMCODE=519873901154 HTTP/1.1" 200 11118 "-" "Mozilla/5.0 (compatible; SERankingBacklinksBot/1.0; +https://seranking.com/backlinks-crawler)"
5.9.120.8 - - [12/Sep/2026:21:29:55 +0300] "GET /?sale/search/detail/?ITMCODE=519710051473 HTTP/1.1" 200 11118 "-" "Mozilla/5.0 (compatible; SERankingBacklinksBot/1.0; +https://seranking.com/backlinks-crawler)"
5.9.120.8 - - [12/Sep/2026:21:29:58 +0300] "GET /?sale/search/detail/?ITMCODE=519873901413 HTTP/1.1" 200 11118 "-" "Mozilla/5.0 (compatible; SERankingBacklinksBot/1.0; +https://seranking.com/backlinks-crawler)"
5.9.120.8 - - [12/Sep/2026:21:30:04 +0300] "GET /?sale/search/detail/?ITMCODE=519873902841 HTTP/1.1" 200 11118 "-" "Mozilla/5.0 (compatible; SERankingBacklinksBot/1.0; +https://seranking.com/backlinks-crawler)"
5.9.120.8 - - [12/Sep/2026:21:30:11 +0300] "GET /?sale/search/detail/?ITMCODE=519873904537 HTTP/1.1" 200 11118 "-" "Mozilla/5.0 (compatible; SERankingBacklinksBot/1.0; +https://seranking.com/backlinks-crawler)"
85.208.96.210 - - [12/Sep/2026:21:30:11 +0300] "GET /?sale%2Fsearch%2Fdetail%2F%3FITMCODE=51953062099 HTTP/1.1" 200 11138 "-" "Mozilla/5.0 (compatible; SemrushBot/7~bl; +http://www.semrush.com/bot.html)"
5.9.120.8 - - [12/Sep/2026:21:30:20 +0300] "GET /?sale/search/detail/?ITMCODE=519873905296 HTTP/1.1" 200 11118 "-" "Mozilla/5.0 (compatible; SERankingBacklinksBot/1.0; +https://seranking.com/backlinks-crawler)"
5.9.120.8 - - [12/Sep/2026:21:30:24 +0300] "GET /?sale/search/detail/?ITMCODE=519612891118 HTTP/1.1" 200 11118 "-" "Mozilla/5.0 (compatible; SERankingBacklinksBot/1.0; +https://seranking.com/backlinks-crawler)"
66.249.68.104 - - [12/Sep/2026:21:30:25 +0300] "GET /?sale/search/detail/?ITMCODE=52002997344 HTTP/1.1" 200 204475 "-" "Mozilla/5.0 (Linux; Android 6.0.1; Nexus 5X Build/MMB29P) AppleWebKit/537.36 (KHTML, like Gecko) Chrome/152.0.7977.82 Mobile Safari/537.36 (compatible; Googlebot/2.1; +http://www.google.com/bot.html)"
5.9.120.8 - - [12/Sep/2026:21:30:27 +0300] "GET /?sale/search/detail/?ITMCODE=519873906242 HTTP/1.1" 200 11118 "-" "Mozilla/5.0 (compatible; SERankingBacklinksBot/1.0; +https://seranking.com/backlinks-crawler)"
66.249.68.105 - - [12/Sep/2026:21:30:29 +0300] "GET /?sale/search/detail/?ITMCODE=5196576705 HTTP/1.1" 200 201350 "-" "Mozilla/5.0 (Linux; Android 6.0.1; Nexus 5X Build/MMB29P) AppleWebKit/537.36 (KHTML, like Gecko) Chrome/152.0.7977.82 Mobile Safari/537.36 (compatible; Googlebot/2.1; +http://www.google.com/bot.html)"
5.9.120.8 - - [12/Sep/2026:21:30:40 +0300] "GET /?sale/search/detail/?ITMCODE=519873907956 HTTP/1.1" 200 11118 "-" "Mozilla/5.0 (compatible; SERankingBacklinksBot/1.0; +https://seranking.com/backlinks-crawler)"
85.208.96.212 - - [12/Sep/2026:21:30:42 +0300] "GET /?sale%2Fsearch%2Fdetail%2F%3FITMCODE=5195105210291 HTTP/1.1" 200 11138 "-" "Mozilla/5.0 (compatible; SemrushBot/7~bl; +http://www.semrush.com/bot.html)"
5.9.120.8 - - [12/Sep/2026:21:30:43 +0300] "GET /?sale/search/detail/?ITMCODE=519612894509 HTTP/1.1" 200 11118 "-" "Mozilla/5.0 (compatible; SERankingBacklinksBot/1.0; +https://seranking.com/backlinks-crawler)"
5.9.120.8 - - [12/Sep/2026:21:30:46 +0300] "GET /?sale/search/detail/?ITMCODE=519873909188 HTTP/1.1" 200 11118 "-" "Mozilla/5.0 (compatible; SERankingBacklinksBot/1.0; +https://seranking.com/backlinks-crawler)"
85.208.96.212 - - [12/Sep/2026:21:30:47 +0300] "GET /?sale%2Fsearch%2Fdetail%2F%3FITMCODE=519813894063 HTTP/1.1" 200 11138 "-" "Mozilla/5.0 (compatible; SemrushBot/7~bl; +http://www.semrush.com/bot.html)"
5.9.120.8 - - [12/Sep/2026:21:30:56 +0300] "GET /?sale/search/detail/?ITMCODE=519873909679 HTTP/1.1" 200 11118 "-" "Mozilla/5.0 (compatible; SERankingBacklinksBot/1.0; +https://seranking.com/backlinks-crawler)"
5.9.120.8 - - [12/Sep/2026:21:30:59 +0300] "GET /?sale/search/detail/?ITMCODE=519873911411 HTTP/1.1" 200 11118 "-" "Mozilla/5.0 (compatible; SERankingBacklinksBot/1.0; +https://seranking.com/backlinks-crawler)"
185.191.171.5 - - [12/Sep/2026:21:31:05 +0300] "GET /?sale%2Fsearch%2Fdetail%2F%3FITMCODE=51956465272 HTTP/1.1" 200 11138 "-" "Mozilla/5.0 (compatible; SemrushBot/7~bl; +http://www.semrush.com/bot.html)"
5.9.120.8 - - [12/Sep/2026:21:31:09 +0300] "GET /?sale/search/detail/?ITMCODE=519885689603 HTTP/1.1" 200 11118 "-" "Mozilla/5.0 (compatible; SERankingBacklinksBot/1.0; +https://seranking.com/backlinks-crawler)"
66.249.68.104 - - [12/Sep/2026:21:31:09 +0300] "GET /?sale/search/detail/?ITMCODE=51971451381 HTTP/1.1" 200 198507 "-" "Mozilla/5.0 (Linux; Android 6.0.1; Nexus 5X Build/MMB29P) AppleWebKit/537.36 (KHTML, like Gecko) Chrome/152.0.7977.82 Mobile Safari/537.36 (compatible; Googlebot/2.1; +http://www.google.com/bot.html)"
5.9.120.8 - - [12/Sep/2026:21:31:12 +0300] "GET /?sale/search/detail/?ITMCODE=519873913089 HTTP/1.1" 200 11118 "-" "Mozilla/5.0 (compatible; SERankingBacklinksBot/1.0; +https://seranking.com/backlinks-crawler)"
5.9.120.8 - - [12/Sep/2026:21:31:19 +0300] "GET /?sale/search/detail/?ITMCODE=519873913152 HTTP/1.1" 200 11118 "-" "Mozilla/5.0 (compatible; SERankingBacklinksBot/1.0; +https://seranking.com/backlinks-crawler)"
5.9.120.8 - - [12/Sep/2026:21:31:22 +0300] "GET /?sale/search/detail/?ITMCODE=519612899762 HTTP/1.1" 200 11118 "-" "Mozilla/5.0 (compatible; SERankingBacklinksBot/1.0; +https://seranking.com/backlinks-crawler)"
5.9.120.8 - - [12/Sep/2026:21:31:25 +0300] "GET /?sale/search/detail/?ITMCODE=519710056328 HTTP/1.1" 200 11118 "-" "Mozilla/5.0 (compatible; SERankingBacklinksBot/1.0; +https://seranking.com/backlinks-crawler)"
5.9.120.8 - - [12/Sep/2026:21:31:29 +0300] "GET /?sale/search/detail/?ITMCODE=519873914902 HTTP/1.1" 200 11118 "-" "Mozilla/5.0 (compatible; SERankingBacklinksBot/1.0; +https://seranking.com/backlinks-crawler)"
5.9.120.8 - - [12/Sep/2026:21:31:32 +0300] "GET /?sale/search/detail/?ITMCODE=519710057217 HTTP/1.1" 200 11118 "-" "Mozilla/5.0 (compatible; SERankingBacklinksBot/1.0; +https://seranking.com/backlinks-crawler)"
5.9.120.8 - - [12/Sep/2026:21:31:35 +0300] "GET /?sale/search/detail/?ITMCODE=519873916661 HTTP/1.1" 200 11118 "-" "Mozilla/5.0 (compatible; SERankingBacklinksBot/1.0; +https://seranking.com/backlinks-crawler)"
185.191.171.7 - - [12/Sep/2026:21:31:38 +0300] "GET /?sale%2Fsearch%2Fdetail%2F%3FITMCODE=519612803224 HTTP/1.1" 200 11138 "-" "Mozilla/5.0 (compatible; SemrushBot/7~bl; +http://www.semrush.com/bot.html)"
5.9.120.8 - - [12/Sep/2026:21:31:38 +0300] "GET /?sale/search/detail/?ITMCODE=519873916999 HTTP/1.1" 200 11118 "-" "Mozilla/5.0 (compatible; SERankingBacklinksBot/1.0; +https://seranking.com/backlinks-crawler)"
5.9.120.8 - - [12/Sep/2026:21:31:48 +0300] "GET /?sale/search/detail/?ITMCODE=519612905241 HTTP/1.1" 200 11118 "-" "Mozilla/5.0 (compatible; SERankingBacklinksBot/1.0; +https://seranking.com/backlinks-crawler)"
5.9.120.8 - - [12/Sep/2026:21:31:51 +0300] "GET /?sale/search/detail/?ITMCODE=519873918429 HTTP/1.1" 200 11118 "-" "Mozilla/5.0 (compatible; SERankingBacklinksBot/1.0; +https://seranking.com/backlinks-crawler)"
85.208.96.194 - - [12/Sep/2026:21:31:58 +0300] "GET /?sale%2Fsearch%2Fdetail%2F%3FITMCODE=51977268769 HTTP/1.1" 200 11138 "-" "Mozilla/5.0 (compatible; SemrushBot/7~bl; +http://www.semrush.com/bot.html)"
5.9.120.8 - - [12/Sep/2026:21:31:58 +0300] "GET /?sale/search/detail/?ITMCODE=519873920206 HTTP/1.1" 200 11118 "-" "Mozilla/5.0 (compatible; SERankingBacklinksBot/1.0; +https://seranking.com/backlinks-crawler)"
85.208.96.196 - - [12/Sep/2026:21:32:00 +0300] "GET /?sale%2Fsearch%2Fdetail%2F%3FITMCODE=51987761378 HTTP/1.1" 200 11138 "-" "Mozilla/5.0 (compatible; SemrushBot/7~bl; +http://www.semrush.com/bot.html)"
5.9.120.8 - - [12/Sep/2026:21:32:11 +0300] "GET /?sale/search/detail/?ITMCODE=519873920918 HTTP/1.1" 200 11118 "-" "Mozilla/5.0 (compatible; SERankingBacklinksBot/1.0; +https://seranking.com/backlinks-crawler)"
185.191.171.19 - - [12/Sep/2026:21:32:12 +0300] "GET /?sale%2Fsearch%2Fdetail%2F%3FITMCODE=519728335918 HTTP/1.1" 200 11138 "-" "Mozilla/5.0 (compatible; SemrushBot/7~bl; +http://www.semrush.com/bot.html)"
5.9.120.8 - - [12/Sep/2026:21:32:14 +0300] "GET /?sale/search/detail/?ITMCODE=519873921992 HTTP/1.1" 200 11118 "-" "Mozilla/5.0 (compatible; SERankingBacklinksBot/1.0; +https://seranking.com/backlinks-crawler)"
185.191.171.19 - - [12/Sep/2026:21:32:15 +0300] "GET /?sale%2Fsearch%2Fdetail%2F%3FITMCODE=51966812157 HTTP/1.1" 200 11138 "-" "Mozilla/5.0 (compatible; SemrushBot/7~bl; +http://www.semrush.com/bot.html)"
5.9.120.8 - - [12/Sep/2026:21:32:17 +0300] "GET /?sale/search/detail/?ITMCODE=519612908415 HTTP/1.1" 200 11118 "-" "Mozilla/5.0 (compatible; SERankingBacklinksBot/1.0; +https://seranking.com/backlinks-crawler)"
66.249.68.104 - - [12/Sep/2026:21:32:22 +0300] "GET /?sale/search/detail/?ITMCODE=51981857538 HTTP/1.1" 200 196844 "-" "Mozilla/5.0 (Linux; Android 6.0.1; Nexus 5X Build/MMB29P) AppleWebKit/537.36 (KHTML, like Gecko) Chrome/152.0.7977.82 Mobile Safari/537.36 (compatible; Googlebot/2.1; +http://www.google.com/bot.html)"
5.9.120.8 - - [12/Sep/2026:21:32:24 +0300] "GET /?sale/search/detail/?ITMCODE=519873923787 HTTP/1.1" 200 11118 "-" "Mozilla/5.0 (compatible; SERankingBacklinksBot/1.0; +https://seranking.com/backlinks-crawler)"
5.9.120.8 - - [12/Sep/2026:21:32:27 +0300] "GET /?sale/search/detail/?ITMCODE=519710061192 HTTP/1.1" 200 11118 "-" "Mozilla/5.0 (compatible; SERankingBacklinksBot/1.0; +https://seranking.com/backlinks-crawler)"
5.9.120.8 - - [12/Sep/2026:21:32:31 +0300] "GET /?sale/search/detail/?ITMCODE=519873924846 HTTP/1.1" 200 11118 "-" "Mozilla/5.0 (compatible; SERankingBacklinksBot/1.0; +https://seranking.com/backlinks-crawler)"
85.208.96.205 - - [12/Sep/2026:21:32:32 +0300] "GET /?sale%2Fsearch%2Fdetail%2F%3FITMCODE=5196105858498 HTTP/1.1" 200 11138 "-" "Mozilla/5.0 (compatible; SemrushBot/7~bl; +http://www.semrush.com/bot.html)"
185.191.171.5 - - [12/Sep/2026:21:32:41 +0300] "GET /robots.txt HTTP/1.1" 200 836 "-" "Mozilla/5.0 (compatible; SemrushBot/7~bl; +http://www.semrush.com/bot.html)"
85.208.96.203 - - [12/Sep/2026:21:32:41 +0300] "GET /?sale%2Fsearch%2Fdetail%2F%3FITMCODE=5200104664095 HTTP/1.1" 200 11138 "-" "Mozilla/5.0 (compatible; SemrushBot/7~bl; +http://www.semrush.com/bot.html)"
5.9.120.8 - - [12/Sep/2026:21:32:44 +0300] "GET /?sale/search/detail/?ITMCODE=519873925591 HTTP/1.1" 200 11118 "-" "Mozilla/5.0 (compatible; SERankingBacklinksBot/1.0; +https://seranking.com/backlinks-crawler)"
5.9.120.8 - - [12/Sep/2026:21:32:54 +0300] "GET /?sale/search/detail/?ITMCODE=519873927404 HTTP/1.1" 200 11118 "-" "Mozilla/5.0 (compatible; SERankingBacklinksBot/1.0; +https://seranking.com/backlinks-crawler)"
5.9.120.8 - - [12/Sep/2026:21:32:57 +0300] "GET /?sale/search/detail/?ITMCODE=519612915982 HTTP/1.1" 200 11118 "-" "Mozilla/5.0 (compatible; SERankingBacklinksBot/1.0; +https://seranking.com/backlinks-crawler)"
85.208.96.207 - - [12/Sep/2026:21:32:58 +0300] "GET /?sale%2Fsearch%2Fdetail%2F%3FITMCODE=519920076769 HTTP/1.1" 200 11138 "-" "Mozilla/5.0 (compatible; SemrushBot/7~bl; +http://www.semrush.com/bot.html)"
5.9.120.8 - - [12/Sep/2026:21:33:00 +0300] "GET /?sale/search/detail/?ITMCODE=520080577140 HTTP/1.1" 200 11118 "-" "Mozilla/5.0 (compatible; SERankingBacklinksBot/1.0; +https://seranking.com/backlinks-crawler)"
5.9.120.8 - - [12/Sep/2026:21:33:03 +0300] "GET /?sale/search/detail/?ITMCODE=519873928783 HTTP/1.1" 200 11118 "-" "Mozilla/5.0 (compatible; SERankingBacklinksBot/1.0; +https://seranking.com/backlinks-crawler)"
5.9.120.8 - - [12/Sep/2026:21:33:06 +0300] "GET /?sale/search/detail/?ITMCODE=519873929226 HTTP/1.1" 200 11118 "-" "Mozilla/5.0 (compatible; SERankingBacklinksBot/1.0; +https://seranking.com/backlinks-crawler)"
5.9.120.8 - - [12/Sep/2026:21:33:10 +0300] "GET /?sale/search/detail/?ITMCODE=519612917077 HTTP/1.1" 200 11118 "-" "Mozilla/5.0 (compatible; SERankingBacklinksBot/1.0; +https://seranking.com/backlinks-crawler)"
5.9.120.8 - - [12/Sep/2026:21:33:16 +0300] "GET /?sale/search/detail/?ITMCODE=519873931057 HTTP/1.1" 200 11118 "-" "Mozilla/5.0 (compatible; SERankingBacklinksBot/1.0; +https://seranking.com/backlinks-crawler)"
185.191.171.17 - - [12/Sep/2026:21:33:17 +0300] "GET /?sale%2Fsearch%2Fdetail%2F%3FITMCODE=5196668478 HTTP/1.1" 200 11138 "-" "Mozilla/5.0 (compatible; SemrushBot/7~bl; +http://www.semrush.com/bot.html)"
5.9.120.8 - - [12/Sep/2026:21:33:19 +0300] "GET /?sale/search/detail/?ITMCODE=519873932729 HTTP/1.1" 200 11118 "-" "Mozilla/5.0 (compatible; SERankingBacklinksBot/1.0; +https://seranking.com/backlinks-crawler)"
5.9.120.8 - - [12/Sep/2026:21:33:23 +0300] "GET /?sale/search/detail/?ITMCODE=519710065222 HTTP/1.1" 200 11118 "-" "Mozilla/5.0 (compatible; SERankingBacklinksBot/1.0; +https://seranking.com/backlinks-crawler)"
66.249.68.104 - - [12/Sep/2026:21:33:24 +0300] "GET /?sale/search/detail/?ITMCODE=52002860929 HTTP/1.1" 200 210453 "-" "Mozilla/5.0 (Linux; Android 6.0.1; Nexus 5X Build/MMB29P) AppleWebKit/537.36 (KHTML, like Gecko) Chrome/152.0.7977.82 Mobile Safari/537.36 (compatible; Googlebot/2.1; +http://www.google.com/bot.html)"
5.9.120.8 - - [12/Sep/2026:21:33:26 +0300] "GET /?sale/search/detail/?ITMCODE=519873932897 HTTP/1.1" 200 11118 "-" "Mozilla/5.0 (compatible; SERankingBacklinksBot/1.0; +https://seranking.com/backlinks-crawler)"
5.9.120.8 - - [12/Sep/2026:21:33:42 +0300] "GET /?sale/search/detail/?ITMCODE=519873934746 HTTP/1.1" 200 11118 "-" "Mozilla/5.0 (compatible; SERankingBacklinksBot/1.0; +https://seranking.com/backlinks-crawler)"
85.208.96.203 - - [12/Sep/2026:21:33:45 +0300] "GET /?sale%2Fsearch%2Fdetail%2F%3FITMCODE=51959241493 HTTP/1.1" 200 11138 "-" "Mozilla/5.0 (compatible; SemrushBot/7~bl; +http://www.semrush.com/bot.html)"
5.9.120.8 - - [12/Sep/2026:21:33:45 +0300] "GET /?sale/search/detail/?ITMCODE=519612925748 HTTP/1.1" 200 11118 "-" "Mozilla/5.0 (compatible; SERankingBacklinksBot/1.0; +https://seranking.com/backlinks-crawler)"
185.191.171.8 - - [12/Sep/2026:21:33:47 +0300] "GET /?sale%2Fsearch%2Fdetail%2F%3FITMCODE=51966550328 HTTP/1.1" 200 11138 "-" "Mozilla/5.0 (compatible; SemrushBot/7~bl; +http://www.semrush.com/bot.html)"
5.9.120.8 - - [12/Sep/2026:21:33:49 +0300] "GET /?sale/search/detail/?ITMCODE=519710066065 HTTP/1.1" 200 11118 "-" "Mozilla/5.0 (compatible; SERankingBacklinksBot/1.0; +https://seranking.com/backlinks-crawler)"
5.9.120.8 - - [12/Sep/2026:21:33:52 +0300] "GET /?sale/search/detail/?ITMCODE=519873936604 HTTP/1.1" 200 11118 "-" "Mozilla/5.0 (compatible; SERankingBacklinksBot/1.0; +https://seranking.com/backlinks-crawler)"
5.9.120.8 - - [12/Sep/2026:21:34:02 +0300] "GET /?sale/search/detail/?ITMCODE=519873936684 HTTP/1.1" 200 11118 "-" "Mozilla/5.0 (compatible; SERankingBacklinksBot/1.0; +https://seranking.com/backlinks-crawler)"
5.9.120.8 - - [12/Sep/2026:21:34:05 +0300] "GET /?sale/search/detail/?ITMCODE=519612926732 HTTP/1.1" 200 11118 "-" "Mozilla/5.0 (compatible; SERankingBacklinksBot/1.0; +https://seranking.com/backlinks-crawler)"
5.9.120.8 - - [12/Sep/2026:21:34:08 +0300] "GET /?sale/search/detail/?ITMCODE=519873938471 HTTP/1.1" 200 11118 "-" "Mozilla/5.0 (compatible; SERankingBacklinksBot/1.0; +https://seranking.com/backlinks-crawler)"
5.9.120.8 - - [12/Sep/2026:21:34:11 +0300] "GET /?sale/search/detail/?ITMCODE=519873940347 HTTP/1.1" 200 11118 "-" "Mozilla/5.0 (compatible; SERankingBacklinksBot/1.0; +https://seranking.com/backlinks-crawler)"
5.9.120.8 - - [12/Sep/2026:21:34:15 +0300] "GET /?sale/search/detail/?ITMCODE=519873940648 HTTP/1.1" 200 11118 "-" "Mozilla/5.0 (compatible; SERankingBacklinksBot/1.0; +https://seranking.com/backlinks-crawler)"
5.9.120.8 - - [12/Sep/2026:21:34:24 +0300] "GET /?sale/search/detail/?ITMCODE=519873942232 HTTP/1.1" 200 11118 "-" "Mozilla/5.0 (compatible; SERankingBacklinksBot/1.0; +https://seranking.com/backlinks-crawler)"
5.9.120.8 - - [12/Sep/2026:21:34:37 +0300] "GET /?sale/search/detail/?ITMCODE=519873944126 HTTP/1.1" 200 11118 "-" "Mozilla/5.0 (compatible; SERankingBacklinksBot/1.0; +https://seranking.com/backlinks-crawler)"
66.249.68.105 - - [12/Sep/2026:21:34:39 +0300] "GET /?sale/search/detail/?ITMCODE=5195359453 HTTP/1.1" 200 207895 "-" "Mozilla/5.0 (Linux; Android 6.0.1; Nexus 5X Build/MMB29P) AppleWebKit/537.36 (KHTML, like Gecko) Chrome/152.0.7977.82 Mobile Safari/537.36 (compatible; Googlebot/2.1; +http://www.google.com/bot.html)"
