40.77.167.14 - - [12/Sep/2026:17:46:46 +0300] "GET /shop/pg/885917 HTTP/1.1" 200 195531 "-" "Mozilla/5.0 AppleWebKit/537.36 (KHTML, like Gecko; compatible; bingbot/2.0; +http://www.bing.com/bingbot.htm) Chrome/116.0.1938.76 Safari/537.36"
5.9.120.8 - - [12/Sep/2026:17:46:49 +0300] "GET /?sale/search/detail/?ITMCODE=519713378046 HTTP/1.1" 200 11138 "-" "Mozilla/5.0 (compatible; SERankingBacklinksBot/1.0; +https://seranking.com/backlinks-crawler)"
185.191.171.6 - - [12/Sep/2026:17:46:51 +0300] "GET /?sale%2Fsearch%2Fdetail%2F%3FITMCODE=5197103299475 HTTP/1.1" 200 11138 "-" "Mozilla/5.0 (compatible; SemrushBot/7~bl; +http://www.semrush.com/bot.html)"
5.9.120.8 - - [12/Sep/2026:17:46:52 +0300] "GET /?sale/search/detail/?ITMCODE=519911171590 HTTP/1.1" 200 11138 "-" "Mozilla/5.0 (compatible; SERankingBacklinksBot/1.0; +https://seranking.com/backlinks-crawler)"
5.9.120.8 - - [12/Sep/2026:17:46:55 +0300] "GET /?sale/search/detail/?ITMCODE=519713379533 HTTP/1.1" 200 11138 "-" "Mozilla/5.0 (compatible; SERankingBacklinksBot/1.0; +https://seranking.com/backlinks-crawler)"
185.191.171.4 - - [12/Sep/2026:17:46:56 +0300] "GET /?sale%2Fsearch%2Fdetail%2F%3FITMCODE=51966627445 HTTP/1.1" 200 11138 "-" "Mozilla/5.0 (compatible; SemrushBot/7~bl; +http://www.semrush.com/bot.html)"
185.191.171.6 - - [12/Sep/2026:17:46:58 +0300] "GET /?sale%2Fsearch%2Fdetail%2F%3FITMCODE=519870857958 HTTP/1.1" 200 11138 "-" "Mozilla/5.0 (compatible; SemrushBot/7~bl; +http://www.semrush.com/bot.html)"
66.249.68.96 - - [12/Sep/2026:17:47:00 +0300] "GET /?sale/search/detail/?ITMCODE=51981530436 HTTP/1.1" 200 195149 "-" "Mozilla/5.0 (Linux; Android 6.0.1; Nexus 5X Build/MMB29P) AppleWebKit/537.36 (KHTML, like Gecko) Chrome/153.0.8010.36 Mobile Safari/537.36 (compatible; Googlebot/2.1; +http://www.google.com/bot.html)"
5.9.120.8 - - [12/Sep/2026:17:47:02 +0300] "GET /?sale/search/detail/?ITMCODE=519911384995 HTTP/1.1" 200 11138 "-" "Mozilla/5.0 (compatible; SERankingBacklinksBot/1.0; +https://seranking.com/backlinks-crawler)"
5.9.120.8 - - [12/Sep/2026:17:47:05 +0300] "GET /?sale/search/detail/?ITMCODE=519713380019 HTTP/1.1" 200 11138 "-" "Mozilla/5.0 (compatible; SERankingBacklinksBot/1.0; +https://seranking.com/backlinks-crawler)"
5.9.120.8 - - [12/Sep/2026:17:47:08 +0300] "GET /?sale/search/detail/?ITMCODE=519713386949 HTTP/1.1" 200 11138 "-" "Mozilla/5.0 (compatible; SERankingBacklinksBot/1.0; +https://seranking.com/backlinks-crawler)"
85.208.96.193 - - [12/Sep/2026:17:47:10 +0300] "GET /?sale%2Fsearch%2Fdetail%2F%3FITMCODE=519825851157 HTTP/1.1" 200 11138 "-" "Mozilla/5.0 (compatible; SemrushBot/7~bl; +http://www.semrush.com/bot.html)"
5.9.120.8 - - [12/Sep/2026:17:47:11 +0300] "GET /?sale/search/detail/?ITMCODE=519713388130 HTTP/1.1" 200 11138 "-" "Mozilla/5.0 (compatible; SERankingBacklinksBot/1.0; +https://seranking.com/backlinks-crawler)"
5.9.120.8 - - [12/Sep/2026:17:47:15 +0300] "GET /?sale/search/detail/?ITMCODE=519911175931 HTTP/1.1" 200 11138 "-" "Mozilla/5.0 (compatible; SERankingBacklinksBot/1.0; +https://seranking.com/backlinks-crawler)"
5.9.120.8 - - [12/Sep/2026:17:47:18 +0300] "GET /?sale/search/detail/?ITMCODE=519713388697 HTTP/1.1" 200 11138 "-" "Mozilla/5.0 (compatible; SERankingBacklinksBot/1.0; +https://seranking.com/backlinks-crawler)"
66.249.68.105 - - [12/Sep/2026:17:47:20 +0300] "GET /?sale/search/detail/?ITMCODE=52002857029 HTTP/1.1" 200 197125 "-" "Mozilla/5.0 (Linux; Android 6.0.1; Nexus 5X Build/MMB29P) AppleWebKit/537.36 (KHTML, like Gecko) Chrome/153.0.8010.36 Mobile Safari/537.36 (compatible; Googlebot/2.1; +http://www.google.com/bot.html)"
5.9.120.8 - - [12/Sep/2026:17:47:24 +0300] "GET /?sale/search/detail/?ITMCODE=519911177000 HTTP/1.1" 200 11138 "-" "Mozilla/5.0 (compatible; SERankingBacklinksBot/1.0; +https://seranking.com/backlinks-crawler)"
5.9.120.8 - - [12/Sep/2026:17:47:28 +0300] "GET /?sale/search/detail/?ITMCODE=519911177433 HTTP/1.1" 200 11138 "-" "Mozilla/5.0 (compatible; SERankingBacklinksBot/1.0; +https://seranking.com/backlinks-crawler)"
5.9.120.8 - - [12/Sep/2026:17:47:31 +0300] "GET /?sale/search/detail/?ITMCODE=519612642658 HTTP/1.1" 200 11138 "-" "Mozilla/5.0 (compatible; SERankingBacklinksBot/1.0; +https://seranking.com/backlinks-crawler)"
66.249.68.104 - - [12/Sep/2026:17:47:34 +0300] "GET /?sale/search/detail/?ITMCODE=51992130721 HTTP/1.1" 200 201123 "-" "Mozilla/5.0 (Linux; Android 6.0.1; Nexus 5X Build/MMB29P) AppleWebKit/537.36 (KHTML, like Gecko) Chrome/153.0.8010.36 Mobile Safari/537.36 (compatible; Googlebot/2.1; +http://www.google.com/bot.html)"
5.9.120.8 - - [12/Sep/2026:17:47:34 +0300] "GET /?sale/search/detail/?ITMCODE=519911179694 HTTP/1.1" 200 11138 "-" "Mozilla/5.0 (compatible; SERankingBacklinksBot/1.0; +https://seranking.com/backlinks-crawler)"
5.9.120.8 - - [12/Sep/2026:17:47:37 +0300] "GET /?sale/search/detail/?ITMCODE=519713395861 HTTP/1.1" 200 11138 "-" "Mozilla/5.0 (compatible; SERankingBacklinksBot/1.0; +https://seranking.com/backlinks-crawler)"
85.208.96.208 - - [12/Sep/2026:17:47:39 +0300] "GET /?sale%2Fsearch%2Fdetail%2F%3FITMCODE=51977105002 HTTP/1.1" 200 11138 "-" "Mozilla/5.0 (compatible; SemrushBot/7~bl; +http://www.semrush.com/bot.html)"
5.9.120.8 - - [12/Sep/2026:17:47:44 +0300] "GET /?sale/search/detail/?ITMCODE=519713396736 HTTP/1.1" 200 11138 "-" "Mozilla/5.0 (compatible; SERankingBacklinksBot/1.0; +https://seranking.com/backlinks-crawler)"
85.208.96.199 - - [12/Sep/2026:17:47:45 +0300] "GET /?sale%2Fsearch%2Fdetail%2F%3FITMCODE=51977097104 HTTP/1.1" 200 11138 "-" "Mozilla/5.0 (compatible; SemrushBot/7~bl; +http://www.semrush.com/bot.html)"
5.9.120.8 - - [12/Sep/2026:17:47:47 +0300] "GET /?sale/search/detail/?ITMCODE=519713397384 HTTP/1.1" 200 11138 "-" "Mozilla/5.0 (compatible; SERankingBacklinksBot/1.0; +https://seranking.com/backlinks-crawler)"
5.9.120.8 - - [12/Sep/2026:17:47:50 +0300] "GET /?sale/search/detail/?ITMCODE=519911182224 HTTP/1.1" 200 11138 "-" "Mozilla/5.0 (compatible; SERankingBacklinksBot/1.0; +https://seranking.com/backlinks-crawler)"
185.191.171.16 - - [12/Sep/2026:17:47:51 +0300] "GET /?sale%2Fsearch%2Fdetail%2F%3FITMCODE=520026626553 HTTP/1.1" 200 11138 "-" "Mozilla/5.0 (compatible; SemrushBot/7~bl; +http://www.semrush.com/bot.html)"
5.9.120.8 - - [12/Sep/2026:17:47:54 +0300] "GET /?sale/search/detail/?ITMCODE=519911182969 HTTP/1.1" 200 11138 "-" "Mozilla/5.0 (compatible; SERankingBacklinksBot/1.0; +https://seranking.com/backlinks-crawler)"
5.9.120.8 - - [12/Sep/2026:17:47:57 +0300] "GET /?sale/search/detail/?ITMCODE=519713404782 HTTP/1.1" 200 11138 "-" "Mozilla/5.0 (compatible; SERankingBacklinksBot/1.0; +https://seranking.com/backlinks-crawler)"
5.9.120.8 - - [12/Sep/2026:17:48:00 +0300] "GET /?sale/search/detail/?ITMCODE=519728330444 HTTP/1.1" 200 11138 "-" "Mozilla/5.0 (compatible; SERankingBacklinksBot/1.0; +https://seranking.com/backlinks-crawler)"
5.9.120.8 - - [12/Sep/2026:17:48:03 +0300] "GET /?sale/search/detail/?ITMCODE=519911183285 HTTP/1.1" 200 11138 "-" "Mozilla/5.0 (compatible; SERankingBacklinksBot/1.0; +https://seranking.com/backlinks-crawler)"
5.9.120.8 - - [12/Sep/2026:17:48:06 +0300] "GET /?sale/search/detail/?ITMCODE=519713405351 HTTP/1.1" 200 11138 "-" "Mozilla/5.0 (compatible; SERankingBacklinksBot/1.0; +https://seranking.com/backlinks-crawler)"
66.249.68.104 - - [12/Sep/2026:17:48:07 +0300] "GET /?sale/search/detail/?ITMCODE=51971072106 HTTP/1.1" 200 207262 "-" "Mozilla/5.0 (Linux; Android 6.0.1; Nexus 5X Build/MMB29P) AppleWebKit/537.36 (KHTML, like Gecko) Chrome/153.0.8010.36 Mobile Safari/537.36 (compatible; Googlebot/2.1; +http://www.google.com/bot.html)"
5.9.120.8 - - [12/Sep/2026:17:48:10 +0300] "GET /?sale/search/detail/?ITMCODE=519713406080 HTTP/1.1" 200 11138 "-" "Mozilla/5.0 (compatible; SERankingBacklinksBot/1.0; +https://seranking.com/backlinks-crawler)"
85.208.96.211 - - [12/Sep/2026:17:48:14 +0300] "GET /?sale%2Fsearch%2Fdetail%2F%3FITMCODE=51992218773 HTTP/1.1" 200 11138 "-" "Mozilla/5.0 (compatible; SemrushBot/7~bl; +http://www.semrush.com/bot.html)"
5.9.120.8 - - [12/Sep/2026:17:48:19 +0300] "GET /?sale/search/detail/?ITMCODE=519713413712 HTTP/1.1" 200 11138 "-" "Mozilla/5.0 (compatible; SERankingBacklinksBot/1.0; +https://seranking.com/backlinks-crawler)"
5.9.120.8 - - [12/Sep/2026:17:48:23 +0300] "GET /?sale/search/detail/?ITMCODE=519713413975 HTTP/1.1" 200 11138 "-" "Mozilla/5.0 (compatible; SERankingBacklinksBot/1.0; +https://seranking.com/backlinks-crawler)"
5.9.120.8 - - [12/Sep/2026:17:48:26 +0300] "GET /?sale/search/detail/?ITMCODE=519911188526 HTTP/1.1" 200 11138 "-" "Mozilla/5.0 (compatible; SERankingBacklinksBot/1.0; +https://seranking.com/backlinks-crawler)"
85.208.96.204 - - [12/Sep/2026:17:48:28 +0300] "GET /?sale%2Fsearch%2Fdetail%2F%3FITMCODE=51981992834 HTTP/1.1" 200 11138 "-" "Mozilla/5.0 (compatible; SemrushBot/7~bl; +http://www.semrush.com/bot.html)"
5.9.120.8 - - [12/Sep/2026:17:48:29 +0300] "GET /?sale/search/detail/?ITMCODE=519612643722 HTTP/1.1" 200 11138 "-" "Mozilla/5.0 (compatible; SERankingBacklinksBot/1.0; +https://seranking.com/backlinks-crawler)"
5.9.120.8 - - [12/Sep/2026:17:48:32 +0300] "GET /?sale/search/detail/?ITMCODE=519713414785 HTTP/1.1" 200 11138 "-" "Mozilla/5.0 (compatible; SERankingBacklinksBot/1.0; +https://seranking.com/backlinks-crawler)"
5.9.120.8 - - [12/Sep/2026:17:48:35 +0300] "GET /?sale/search/detail/?ITMCODE=519911188947 HTTP/1.1" 200 11138 "-" "Mozilla/5.0 (compatible; SERankingBacklinksBot/1.0; +https://seranking.com/backlinks-crawler)"
5.9.120.8 - - [12/Sep/2026:17:48:39 +0300] "GET /?sale/search/detail/?ITMCODE=519911189146 HTTP/1.1" 200 11138 "-" "Mozilla/5.0 (compatible; SERankingBacklinksBot/1.0; +https://seranking.com/backlinks-crawler)"
5.9.120.8 - - [12/Sep/2026:17:48:42 +0300] "GET /?sale/search/detail/?ITMCODE=519911189758 HTTP/1.1" 200 11138 "-" "Mozilla/5.0 (compatible; SERankingBacklinksBot/1.0; +https://seranking.com/backlinks-crawler)"
5.9.120.8 - - [12/Sep/2026:17:48:45 +0300] "GET /?sale/search/detail/?ITMCODE=519713422608 HTTP/1.1" 200 11138 "-" "Mozilla/5.0 (compatible; SERankingBacklinksBot/1.0; +https://seranking.com/backlinks-crawler)"
66.249.68.105 - - [12/Sep/2026:17:48:46 +0300] "GET /?sale/search/detail/?ITMCODE=51992288358 HTTP/1.1" 200 202776 "-" "Mozilla/5.0 (Linux; Android 6.0.1; Nexus 5X Build/MMB29P) AppleWebKit/537.36 (KHTML, like Gecko) Chrome/153.0.8010.36 Mobile Safari/537.36 (compatible; Googlebot/2.1; +http://www.google.com/bot.html)"
85.208.96.203 - - [12/Sep/2026:17:48:50 +0300] "GET /?sale%2Fsearch%2Fdetail%2F%3FITMCODE=519770421798 HTTP/1.1" 200 11138 "-" "Mozilla/5.0 (compatible; SemrushBot/7~bl; +http://www.semrush.com/bot.html)"
85.208.96.210 - - [12/Sep/2026:17:48:51 +0300] "GET /?sale%2Fsearch%2Fdetail%2F%3FITMCODE=5195102198281 HTTP/1.1" 200 11138 "-" "Mozilla/5.0 (compatible; SemrushBot/7~bl; +http://www.semrush.com/bot.html)"
5.9.120.8 - - [12/Sep/2026:17:48:52 +0300] "GET /?sale/search/detail/?ITMCODE=519713422651 HTTP/1.1" 200 11138 "-" "Mozilla/5.0 (compatible; SERankingBacklinksBot/1.0; +https://seranking.com/backlinks-crawler)"
66.249.68.104 - - [12/Sep/2026:17:48:54 +0300] "GET /?sale/search/detail/?ITMCODE=51981659429 HTTP/1.1" 200 206522 "-" "Mozilla/5.0 (Linux; Android 6.0.1; Nexus 5X Build/MMB29P) AppleWebKit/537.36 (KHTML, like Gecko) Chrome/153.0.8010.36 Mobile Safari/537.36 (compatible; Googlebot/2.1; +http://www.google.com/bot.html)"
5.9.120.8 - - [12/Sep/2026:17:48:55 +0300] "GET /?sale/search/detail/?ITMCODE=519713423499 HTTP/1.1" 200 11138 "-" "Mozilla/5.0 (compatible; SERankingBacklinksBot/1.0; +https://seranking.com/backlinks-crawler)"
5.9.120.8 - - [12/Sep/2026:17:48:58 +0300] "GET /?sale/search/detail/?ITMCODE=519728334397 HTTP/1.1" 200 11138 "-" "Mozilla/5.0 (compatible; SERankingBacklinksBot/1.0; +https://seranking.com/backlinks-crawler)"
66.249.68.104 - - [12/Sep/2026:17:48:59 +0300] "GET /?sale/search/detail/?ITMCODE=51971010906 HTTP/1.1" 200 201450 "-" "Mozilla/5.0 (Linux; Android 6.0.1; Nexus 5X Build/MMB29P) AppleWebKit/537.36 (KHTML, like Gecko) Chrome/153.0.8010.36 Mobile Safari/537.36 (compatible; Googlebot/2.1; +http://www.google.com/bot.html)"
5.9.120.8 - - [12/Sep/2026:17:49:05 +0300] "GET /?sale/search/detail/?ITMCODE=519911194837 HTTP/1.1" 200 11138 "-" "Mozilla/5.0 (compatible; SERankingBacklinksBot/1.0; +https://seranking.com/backlinks-crawler)"
5.9.120.8 - - [12/Sep/2026:17:49:08 +0300] "GET /?sale/search/detail/?ITMCODE=519713431250 HTTP/1.1" 200 11138 "-" "Mozilla/5.0 (compatible; SERankingBacklinksBot/1.0; +https://seranking.com/backlinks-crawler)"
5.9.120.8 - - [12/Sep/2026:17:49:11 +0300] "GET /?sale/search/detail/?ITMCODE=519911194934 HTTP/1.1" 200 11138 "-" "Mozilla/5.0 (compatible; SERankingBacklinksBot/1.0; +https://seranking.com/backlinks-crawler)"
5.9.120.8 - - [12/Sep/2026:17:49:14 +0300] "GET /?sale/search/detail/?ITMCODE=519713431599 HTTP/1.1" 200 11138 "-" "Mozilla/5.0 (compatible; SERankingBacklinksBot/1.0; +https://seranking.com/backlinks-crawler)"
5.9.120.8 - - [12/Sep/2026:17:49:18 +0300] "GET /?sale/search/detail/?ITMCODE=519713432222 HTTP/1.1" 200 11138 "-" "Mozilla/5.0 (compatible; SERankingBacklinksBot/1.0; +https://seranking.com/backlinks-crawler)"
5.9.120.8 - - [12/Sep/2026:17:49:21 +0300] "GET /?sale/search/detail/?ITMCODE=519911195016 HTTP/1.1" 200 11138 "-" "Mozilla/5.0 (compatible; SERankingBacklinksBot/1.0; +https://seranking.com/backlinks-crawler)"
85.208.96.209 - - [12/Sep/2026:17:49:21 +0300] "GET /?sale%2Fsearch%2Fdetail%2F%3FITMCODE=51956407139 HTTP/1.1" 200 11138 "-" "Mozilla/5.0 (compatible; SemrushBot/7~bl; +http://www.semrush.com/bot.html)"
5.9.120.8 - - [12/Sep/2026:17:49:27 +0300] "GET /?sale/search/detail/?ITMCODE=519728340697 HTTP/1.1" 200 11138 "-" "Mozilla/5.0 (compatible; SERankingBacklinksBot/1.0; +https://seranking.com/backlinks-crawler)"
5.9.120.8 - - [12/Sep/2026:17:49:31 +0300] "GET /?sale/search/detail/?ITMCODE=519713439901 HTTP/1.1" 200 11138 "-" "Mozilla/5.0 (compatible; SERankingBacklinksBot/1.0; +https://seranking.com/backlinks-crawler)"
5.9.120.8 - - [12/Sep/2026:17:49:34 +0300] "GET /?sale/search/detail/?ITMCODE=519911199831 HTTP/1.1" 200 11138 "-" "Mozilla/5.0 (compatible; SERankingBacklinksBot/1.0; +https://seranking.com/backlinks-crawler)"
5.9.120.8 - - [12/Sep/2026:17:49:37 +0300] "GET /?sale/search/detail/?ITMCODE=519713440556 HTTP/1.1" 200 11138 "-" "Mozilla/5.0 (compatible; SERankingBacklinksBot/1.0; +https://seranking.com/backlinks-crawler)"
5.9.120.8 - - [12/Sep/2026:17:49:40 +0300] "GET /?sale/search/detail/?ITMCODE=519713440954 HTTP/1.1" 200 11138 "-" "Mozilla/5.0 (compatible; SERankingBacklinksBot/1.0; +https://seranking.com/backlinks-crawler)"
5.9.120.8 - - [12/Sep/2026:17:49:43 +0300] "GET /?sale/search/detail/?ITMCODE=519911200895 HTTP/1.1" 200 11138 "-" "Mozilla/5.0 (compatible; SERankingBacklinksBot/1.0; +https://seranking.com/backlinks-crawler)"
66.249.68.104 - - [12/Sep/2026:17:49:44 +0300] "GET /?sale/search/detail/?ITMCODE=51981600448 HTTP/1.1" 200 198418 "-" "Mozilla/5.0 (Linux; Android 6.0.1; Nexus 5X Build/MMB29P) AppleWebKit/537.36 (KHTML, like Gecko) Chrome/153.0.8010.36 Mobile Safari/537.36 (compatible; Googlebot/2.1; +http://www.google.com/bot.html)"
5.9.120.8 - - [12/Sep/2026:17:49:47 +0300] "GET /?sale/search/detail/?ITMCODE=519911200930 HTTP/1.1" 200 11138 "-" "Mozilla/5.0 (compatible; SERankingBacklinksBot/1.0; +https://seranking.com/backlinks-crawler)"
5.9.120.8 - - [12/Sep/2026:17:49:50 +0300] "GET /?sale/search/detail/?ITMCODE=519911201157 HTTP/1.1" 200 11138 "-" "Mozilla/5.0 (compatible; SERankingBacklinksBot/1.0; +https://seranking.com/backlinks-crawler)"
66.249.68.104 - - [12/Sep/2026:17:49:54 +0300] "GET /?sale/search/detail/?ITMCODE=51971258045 HTTP/1.1" 200 199639 "-" "Mozilla/5.0 (Linux; Android 6.0.1; Nexus 5X Build/MMB29P) AppleWebKit/537.36 (KHTML, like Gecko) Chrome/153.0.8010.36 Mobile Safari/537.36 (compatible; Googlebot/2.1; +http://www.google.com/bot.html)"
5.9.120.8 - - [12/Sep/2026:17:49:56 +0300] "GET /?sale/search/detail/?ITMCODE=519612646057 HTTP/1.1" 200 11138 "-" "Mozilla/5.0 (compatible; SERankingBacklinksBot/1.0; +https://seranking.com/backlinks-crawler)"
5.9.120.8 - - [12/Sep/2026:17:50:00 +0300] "GET /?sale/search/detail/?ITMCODE=519713448561 HTTP/1.1" 200 11138 "-" "Mozilla/5.0 (compatible; SERankingBacklinksBot/1.0; +https://seranking.com/backlinks-crawler)"
5.9.120.8 - - [12/Sep/2026:17:50:03 +0300] "GET /?sale/search/detail/?ITMCODE=519713449522 HTTP/1.1" 200 11138 "-" "Mozilla/5.0 (compatible; SERankingBacklinksBot/1.0; +https://seranking.com/backlinks-crawler)"
5.9.120.8 - - [12/Sep/2026:17:50:09 +0300] "GET /?sale/search/detail/?ITMCODE=519713449695 HTTP/1.1" 200 11138 "-" "Mozilla/5.0 (compatible; SERankingBacklinksBot/1.0; +https://seranking.com/backlinks-crawler)"
5.9.120.8 - - [12/Sep/2026:17:50:13 +0300] "GET /?sale/search/detail/?ITMCODE=519911206783 HTTP/1.1" 200 11138 "-" "Mozilla/5.0 (compatible; SERankingBacklinksBot/1.0; +https://seranking.com/backlinks-crawler)"
5.9.120.8 - - [12/Sep/2026:17:50:16 +0300] "GET /?sale/search/detail/?ITMCODE=519713457230 HTTP/1.1" 200 11138 "-" "Mozilla/5.0 (compatible; SERankingBacklinksBot/1.0; +https://seranking.com/backlinks-crawler)"
185.191.171.12 - - [12/Sep/2026:17:50:19 +0300] "GET /?sale%2Fsearch%2Fdetail%2F%3FITMCODE=520011849478 HTTP/1.1" 200 11138 "-" "Mozilla/5.0 (compatible; SemrushBot/7~bl; +http://www.semrush.com/bot.html)"
5.9.120.8 - - [12/Sep/2026:17:50:23 +0300] "GET /?sale/search/detail/?ITMCODE=519713458445 HTTP/1.1" 200 11138 "-" "Mozilla/5.0 (compatible; SERankingBacklinksBot/1.0; +https://seranking.com/backlinks-crawler)"
5.9.120.8 - - [12/Sep/2026:17:50:26 +0300] "GET /?sale/search/detail/?ITMCODE=519728344605 HTTP/1.1" 200 11138 "-" "Mozilla/5.0 (compatible; SERankingBacklinksBot/1.0; +https://seranking.com/backlinks-crawler)"
66.249.68.104 - - [12/Sep/2026:17:50:28 +0300] "GET /?sale/search/detail/?ITMCODE=52002637440 HTTP/1.1" 200 202109 "-" "Mozilla/5.0 (Linux; Android 6.0.1; Nexus 5X Build/MMB29P) AppleWebKit/537.36 (KHTML, like Gecko) Chrome/153.0.8010.36 Mobile Safari/537.36 (compatible; Googlebot/2.1; +http://www.google.com/bot.html)"
85.208.96.202 - - [12/Sep/2026:17:50:29 +0300] "GET /?sale%2Fsearch%2Fdetail%2F%3FITMCODE=51969827398 HTTP/1.1" 200 11138 "-" "Mozilla/5.0 (compatible; SemrushBot/7~bl; +http://www.semrush.com/bot.html)"
5.9.120.8 - - [12/Sep/2026:17:50:29 +0300] "GET /?sale/search/detail/?ITMCODE=519911206935 HTTP/1.1" 200 11138 "-" "Mozilla/5.0 (compatible; SERankingBacklinksBot/1.0; +https://seranking.com/backlinks-crawler)"
5.9.120.8 - - [12/Sep/2026:17:50:33 +0300] "GET /?sale/search/detail/?ITMCODE=519713458497 HTTP/1.1" 200 11138 "-" "Mozilla/5.0 (compatible; SERankingBacklinksBot/1.0; +https://seranking.com/backlinks-crawler)"
85.208.96.206 - - [12/Sep/2026:17:50:35 +0300] "GET /?sale%2Fsearch%2Fdetail%2F%3FITMCODE=519719152033 HTTP/1.1" 200 11138 "-" "Mozilla/5.0 (compatible; SemrushBot/7~bl; +http://www.semrush.com/bot.html)"
5.9.120.8 - - [12/Sep/2026:17:50:36 +0300] "GET /?sale/search/detail/?ITMCODE=519911207486 HTTP/1.1" 200 11138 "-" "Mozilla/5.0 (compatible; SERankingBacklinksBot/1.0; +https://seranking.com/backlinks-crawler)"
5.9.120.8 - - [12/Sep/2026:17:50:39 +0300] "GET /?sale/search/detail/?ITMCODE=519911209913 HTTP/1.1" 200 11138 "-" "Mozilla/5.0 (compatible; SERankingBacklinksBot/1.0; +https://seranking.com/backlinks-crawler)"
5.9.120.8 - - [12/Sep/2026:17:50:42 +0300] "GET /?sale/search/detail/?ITMCODE=519713465908 HTTP/1.1" 200 11138 "-" "Mozilla/5.0 (compatible; SERankingBacklinksBot/1.0; +https://seranking.com/backlinks-crawler)"
5.9.120.8 - - [12/Sep/2026:17:50:49 +0300] "GET /?sale/search/detail/?ITMCODE=519713467204 HTTP/1.1" 200 11138 "-" "Mozilla/5.0 (compatible; SERankingBacklinksBot/1.0; +https://seranking.com/backlinks-crawler)"
5.9.120.8 - - [12/Sep/2026:17:50:52 +0300] "GET /?sale/search/detail/?ITMCODE=519713467481 HTTP/1.1" 200 11138 "-" "Mozilla/5.0 (compatible; SERankingBacklinksBot/1.0; +https://seranking.com/backlinks-crawler)"
5.9.120.8 - - [12/Sep/2026:17:50:55 +0300] "GET /?sale/search/detail/?ITMCODE=519911387608 HTTP/1.1" 200 11138 "-" "Mozilla/5.0 (compatible; SERankingBacklinksBot/1.0; +https://seranking.com/backlinks-crawler)"
5.9.120.8 - - [12/Sep/2026:17:50:58 +0300] "GET /?sale/search/detail/?ITMCODE=519911212680 HTTP/1.1" 200 11138 "-" "Mozilla/5.0 (compatible; SERankingBacklinksBot/1.0; +https://seranking.com/backlinks-crawler)"
85.208.96.198 - - [12/Sep/2026:17:51:01 +0300] "GET /?sale%2Fsearch%2Fdetail%2F%3FITMCODE=5199101250971 HTTP/1.1" 200 11138 "-" "Mozilla/5.0 (compatible; SemrushBot/7~bl; +http://www.semrush.com/bot.html)"
5.9.120.8 - - [12/Sep/2026:17:51:02 +0300] "GET /?sale/search/detail/?ITMCODE=519911212949 HTTP/1.1" 200 11138 "-" "Mozilla/5.0 (compatible; SERankingBacklinksBot/1.0; +https://seranking.com/backlinks-crawler)"
185.191.171.5 - - [12/Sep/2026:17:51:02 +0300] "GET /?sale%2Fsearch%2Fdetail%2F%3FITMCODE=5197100008316 HTTP/1.1" 200 11138 "-" "Mozilla/5.0 (compatible; SemrushBot/7~bl; +http://www.semrush.com/bot.html)"
85.208.96.211 - - [12/Sep/2026:17:51:04 +0300] "GET /?sale%2Fsearch%2Fdetail%2F%3FITMCODE=519920131593 HTTP/1.1" 200 11138 "-" "Mozilla/5.0 (compatible; SemrushBot/7~bl; +http://www.semrush.com/bot.html)"
5.9.120.8 - - [12/Sep/2026:17:51:05 +0300] "GET /?sale/search/detail/?ITMCODE=519713474595 HTTP/1.1" 200 11138 "-" "Mozilla/5.0 (compatible; SERankingBacklinksBot/1.0; +https://seranking.com/backlinks-crawler)"
5.9.120.8 - - [12/Sep/2026:17:51:08 +0300] "GET /?sale/search/detail/?ITMCODE=519911213824 HTTP/1.1" 200 11138 "-" "Mozilla/5.0 (compatible; SERankingBacklinksBot/1.0; +https://seranking.com/backlinks-crawler)"
185.191.171.15 - - [12/Sep/2026:17:51:09 +0300] "GET /?sale%2Fsearch%2Fdetail%2F%3FITMCODE=519719053318 HTTP/1.1" 200 11138 "-" "Mozilla/5.0 (compatible; SemrushBot/7~bl; +http://www.semrush.com/bot.html)"
5.9.120.8 - - [12/Sep/2026:17:51:11 +0300] "GET /?sale/search/detail/?ITMCODE=519713475972 HTTP/1.1" 200 11138 "-" "Mozilla/5.0 (compatible; SERankingBacklinksBot/1.0; +https://seranking.com/backlinks-crawler)"
5.9.120.8 - - [12/Sep/2026:17:51:15 +0300] "GET /?sale/search/detail/?ITMCODE=519713476474 HTTP/1.1" 200 11138 "-" "Mozilla/5.0 (compatible; SERankingBacklinksBot/1.0; +https://seranking.com/backlinks-crawler)"
85.208.96.208 - - [12/Sep/2026:17:51:21 +0300] "GET /?sale%2Fsearch%2Fdetail%2F%3FITMCODE=5200101542405 HTTP/1.1" 200 11138 "-" "Mozilla/5.0 (compatible; SemrushBot/7~bl; +http://www.semrush.com/bot.html)"
185.191.171.4 - - [12/Sep/2026:17:51:23 +0300] "GET /?sale%2Fsearch%2Fdetail%2F%3FITMCODE=51992389550 HTTP/1.1" 200 11138 "-" "Mozilla/5.0 (compatible; SemrushBot/7~bl; +http://www.semrush.com/bot.html)"
5.9.120.8 - - [12/Sep/2026:17:51:24 +0300] "GET /?sale/search/detail/?ITMCODE=519728350959 HTTP/1.1" 200 11138 "-" "Mozilla/5.0 (compatible; SERankingBacklinksBot/1.0; +https://seranking.com/backlinks-crawler)"
66.249.68.105 - - [12/Sep/2026:17:51:24 +0300] "GET /?sale/search/detail/?ITMCODE=51981524232 HTTP/1.1" 200 200895 "-" "Mozilla/5.0 (Linux; Android 6.0.1; Nexus 5X Build/MMB29P) AppleWebKit/537.36 (KHTML, like Gecko) Chrome/153.0.8010.36 Mobile Safari/537.36 (compatible; Googlebot/2.1; +http://www.google.com/bot.html)"
5.9.120.8 - - [12/Sep/2026:17:51:27 +0300] "GET /?sale/search/detail/?ITMCODE=519713483291 HTTP/1.1" 200 11138 "-" "Mozilla/5.0 (compatible; SERankingBacklinksBot/1.0; +https://seranking.com/backlinks-crawler)"
5.9.120.8 - - [12/Sep/2026:17:51:31 +0300] "GET /?sale/search/detail/?ITMCODE=519911218586 HTTP/1.1" 200 11138 "-" "Mozilla/5.0 (compatible; SERankingBacklinksBot/1.0; +https://seranking.com/backlinks-crawler)"
5.9.120.8 - - [12/Sep/2026:17:51:34 +0300] "GET /?sale/search/detail/?ITMCODE=519713484749 HTTP/1.1" 200 11138 "-" "Mozilla/5.0 (compatible; SERankingBacklinksBot/1.0; +https://seranking.com/backlinks-crawler)"
5.9.120.8 - - [12/Sep/2026:17:51:37 +0300] "GET /?sale/search/detail/?ITMCODE=519713485476 HTTP/1.1" 200 11138 "-" "Mozilla/5.0 (compatible; SERankingBacklinksBot/1.0; +https://seranking.com/backlinks-crawler)"
85.208.96.206 - - [12/Sep/2026:17:51:39 +0300] "GET /?sale%2Fsearch%2Fdetail%2F%3FITMCODE=519834853984 HTTP/1.1" 200 11138 "-" "Mozilla/5.0 (compatible; SemrushBot/7~bl; +http://www.semrush.com/bot.html)"
5.9.120.8 - - [12/Sep/2026:17:51:40 +0300] "GET /?sale/search/detail/?ITMCODE=519911218972 HTTP/1.1" 200 11138 "-" "Mozilla/5.0 (compatible; SERankingBacklinksBot/1.0; +https://seranking.com/backlinks-crawler)"
5.9.120.8 - - [12/Sep/2026:17:51:44 +0300] "GET /?sale/search/detail/?ITMCODE=519911220004 HTTP/1.1" 200 11138 "-" "Mozilla/5.0 (compatible; SERankingBacklinksBot/1.0; +https://seranking.com/backlinks-crawler)"
66.249.68.104 - - [12/Sep/2026:17:51:45 +0300] "GET /?sale/search/detail/?ITMCODE=51981994823 HTTP/1.1" 200 197929 "-" "Mozilla/5.0 (Linux; Android 6.0.1; Nexus 5X Build/MMB29P) AppleWebKit/537.36 (KHTML, like Gecko) Chrome/153.0.8010.36 Mobile Safari/537.36 (compatible; Googlebot/2.1; +http://www.google.com/bot.html)"
5.9.120.8 - - [12/Sep/2026:17:51:47 +0300] "GET /?sale/search/detail/?ITMCODE=519911220171 HTTP/1.1" 200 11138 "-" "Mozilla/5.0 (compatible; SERankingBacklinksBot/1.0; +https://seranking.com/backlinks-crawler)"
185.191.171.15 - - [12/Sep/2026:17:51:52 +0300] "GET /?sale%2Fsearch%2Fdetail%2F%3FITMCODE=519734273789 HTTP/1.1" 200 11138 "-" "Mozilla/5.0 (compatible; SemrushBot/7~bl; +http://www.semrush.com/bot.html)"
5.9.120.8 - - [12/Sep/2026:17:51:53 +0300] "GET /?sale/search/detail/?ITMCODE=519911388352 HTTP/1.1" 200 11138 "-" "Mozilla/5.0 (compatible; SERankingBacklinksBot/1.0; +https://seranking.com/backlinks-crawler)"
5.9.120.8 - - [12/Sep/2026:17:51:57 +0300] "GET /?sale/search/detail/?ITMCODE=519713491996 HTTP/1.1" 200 11138 "-" "Mozilla/5.0 (compatible; SERankingBacklinksBot/1.0; +https://seranking.com/backlinks-crawler)"
5.9.120.8 - - [12/Sep/2026:17:52:00 +0300] "GET /?sale/search/detail/?ITMCODE=519713493535 HTTP/1.1" 200 11138 "-" "Mozilla/5.0 (compatible; SERankingBacklinksBot/1.0; +https://seranking.com/backlinks-crawler)"
5.9.120.8 - - [12/Sep/2026:17:52:03 +0300] "GET /?sale/search/detail/?ITMCODE=519713494487 HTTP/1.1" 200 11138 "-" "Mozilla/5.0 (compatible; SERankingBacklinksBot/1.0; +https://seranking.com/backlinks-crawler)"
5.9.120.8 - - [12/Sep/2026:17:52:10 +0300] "GET /?sale/search/detail/?ITMCODE=519911224501 HTTP/1.1" 200 11138 "-" "Mozilla/5.0 (compatible; SERankingBacklinksBot/1.0; +https://seranking.com/backlinks-crawler)"
5.9.120.8 - - [12/Sep/2026:17:52:13 +0300] "GET /?sale/search/detail/?ITMCODE=519716005531 HTTP/1.1" 200 11138 "-" "Mozilla/5.0 (compatible; SERankingBacklinksBot/1.0; +https://seranking.com/backlinks-crawler)"
185.191.171.13 - - [12/Sep/2026:17:52:16 +0300] "GET /?sale%2Fsearch%2Fdetail%2F%3FITMCODE=519917053470 HTTP/1.1" 200 11138 "-" "Mozilla/5.0 (compatible; SemrushBot/7~bl; +http://www.semrush.com/bot.html)"
5.9.120.8 - - [12/Sep/2026:17:52:16 +0300] "GET /?sale/search/detail/?ITMCODE=519911225004 HTTP/1.1" 200 11138 "-" "Mozilla/5.0 (compatible; SERankingBacklinksBot/1.0; +https://seranking.com/backlinks-crawler)"
5.9.120.8 - - [12/Sep/2026:17:52:19 +0300] "GET /?sale/search/detail/?ITMCODE=519716005572 HTTP/1.1" 200 11138 "-" "Mozilla/5.0 (compatible; SERankingBacklinksBot/1.0; +https://seranking.com/backlinks-crawler)"
5.9.120.8 - - [12/Sep/2026:17:52:22 +0300] "GET /?sale/search/detail/?ITMCODE=519728354822 HTTP/1.1" 200 11138 "-" "Mozilla/5.0 (compatible; SERankingBacklinksBot/1.0; +https://seranking.com/backlinks-crawler)"
5.9.120.8 - - [12/Sep/2026:17:52:26 +0300] "GET /?sale/search/detail/?ITMCODE=519716007099 HTTP/1.1" 200 11138 "-" "Mozilla/5.0 (compatible; SERankingBacklinksBot/1.0; +https://seranking.com/backlinks-crawler)"
5.9.120.8 - - [12/Sep/2026:17:52:29 +0300] "GET /?sale/search/detail/?ITMCODE=519911226527 HTTP/1.1" 200 11138 "-" "Mozilla/5.0 (compatible; SERankingBacklinksBot/1.0; +https://seranking.com/backlinks-crawler)"
5.9.120.8 - - [12/Sep/2026:17:52:32 +0300] "GET /?sale/search/detail/?ITMCODE=519716016540 HTTP/1.1" 200 11138 "-" "Mozilla/5.0 (compatible; SERankingBacklinksBot/1.0; +https://seranking.com/backlinks-crawler)"
5.9.120.8 - - [12/Sep/2026:17:52:39 +0300] "GET /?sale/search/detail/?ITMCODE=519716016644 HTTP/1.1" 200 11138 "-" "Mozilla/5.0 (compatible; SERankingBacklinksBot/1.0; +https://seranking.com/backlinks-crawler)"
5.9.120.8 - - [12/Sep/2026:17:52:42 +0300] "GET /?sale/search/detail/?ITMCODE=519716018351 HTTP/1.1" 200 11138 "-" "Mozilla/5.0 (compatible; SERankingBacklinksBot/1.0; +https://seranking.com/backlinks-crawler)"
5.9.120.8 - - [12/Sep/2026:17:52:45 +0300] "GET /?sale/search/detail/?ITMCODE=519716027558 HTTP/1.1" 200 11138 "-" "Mozilla/5.0 (compatible; SERankingBacklinksBot/1.0; +https://seranking.com/backlinks-crawler)"
85.208.96.196 - - [12/Sep/2026:17:52:47 +0300] "GET /?sale%2Fsearch%2Fdetail%2F%3FITMCODE=519870702348 HTTP/1.1" 200 11138 "-" "Mozilla/5.0 (compatible; SemrushBot/7~bl; +http://www.semrush.com/bot.html)"
5.9.120.8 - - [12/Sep/2026:17:52:48 +0300] "GET /?sale/search/detail/?ITMCODE=519716027725 HTTP/1.1" 200 11138 "-" "Mozilla/5.0 (compatible; SERankingBacklinksBot/1.0; +https://seranking.com/backlinks-crawler)"
5.9.120.8 - - [12/Sep/2026:17:52:51 +0300] "GET /?sale/search/detail/?ITMCODE=519911230104 HTTP/1.1" 200 11138 "-" "Mozilla/5.0 (compatible; SERankingBacklinksBot/1.0; +https://seranking.com/backlinks-crawler)"
5.9.120.8 - - [12/Sep/2026:17:52:55 +0300] "GET /?sale/search/detail/?ITMCODE=519716029612 HTTP/1.1" 200 11138 "-" "Mozilla/5.0 (compatible; SERankingBacklinksBot/1.0; +https://seranking.com/backlinks-crawler)"
5.9.120.8 - - [12/Sep/2026:17:52:58 +0300] "GET /?sale/search/detail/?ITMCODE=519911230425 HTTP/1.1" 200 11138 "-" "Mozilla/5.0 (compatible; SERankingBacklinksBot/1.0; +https://seranking.com/backlinks-crawler)"
5.9.120.8 - - [12/Sep/2026:17:53:01 +0300] "GET /?sale/search/detail/?ITMCODE=519716038585 HTTP/1.1" 200 11138 "-" "Mozilla/5.0 (compatible; SERankingBacklinksBot/1.0; +https://seranking.com/backlinks-crawler)"
5.9.120.8 - - [12/Sep/2026:17:53:04 +0300] "GET /?sale/search/detail/?ITMCODE=519911231045 HTTP/1.1" 200 11138 "-" "Mozilla/5.0 (compatible; SERankingBacklinksBot/1.0; +https://seranking.com/backlinks-crawler)"
5.9.120.8 - - [12/Sep/2026:17:53:08 +0300] "GET /?sale/search/detail/?ITMCODE=519716038815 HTTP/1.1" 200 11138 "-" "Mozilla/5.0 (compatible; SERankingBacklinksBot/1.0; +https://seranking.com/backlinks-crawler)"
185.191.171.1 - - [12/Sep/2026:17:53:09 +0300] "GET /?sale%2Fsearch%2Fdetail%2F%3FITMCODE=519633885345 HTTP/1.1" 200 11138 "-" "Mozilla/5.0 (compatible; SemrushBot/7~bl; +http://www.semrush.com/bot.html)"
85.208.96.211 - - [12/Sep/2026:17:53:12 +0300] "GET /?sale%2Fsearch%2Fdetail%2F%3FITMCODE=51953162221 HTTP/1.1" 200 11138 "-" "Mozilla/5.0 (compatible; SemrushBot/7~bl; +http://www.semrush.com/bot.html)"
5.9.120.8 - - [12/Sep/2026:17:53:14 +0300] "GET /?sale/search/detail/?ITMCODE=519716040882 HTTP/1.1" 200 11138 "-" "Mozilla/5.0 (compatible; SERankingBacklinksBot/1.0; +https://seranking.com/backlinks-crawler)"
5.9.120.8 - - [12/Sep/2026:17:53:17 +0300] "GET /?sale/search/detail/?ITMCODE=519716049621 HTTP/1.1" 200 11138 "-" "Mozilla/5.0 (compatible; SERankingBacklinksBot/1.0; +https://seranking.com/backlinks-crawler)"
5.9.120.8 - - [12/Sep/2026:17:53:21 +0300] "GET /?sale/search/detail/?ITMCODE=519716049914 HTTP/1.1" 200 11138 "-" "Mozilla/5.0 (compatible; SERankingBacklinksBot/1.0; +https://seranking.com/backlinks-crawler)"
5.9.120.8 - - [12/Sep/2026:17:53:24 +0300] "GET /?sale/search/detail/?ITMCODE=519911232892 HTTP/1.1" 200 11138 "-" "Mozilla/5.0 (compatible; SERankingBacklinksBot/1.0; +https://seranking.com/backlinks-crawler)"
5.9.120.8 - - [12/Sep/2026:17:53:27 +0300] "GET /?sale/search/detail/?ITMCODE=519716052161 HTTP/1.1" 200 11138 "-" "Mozilla/5.0 (compatible; SERankingBacklinksBot/1.0; +https://seranking.com/backlinks-crawler)"
5.9.120.8 - - [12/Sep/2026:17:53:30 +0300] "GET /?sale/search/detail/?ITMCODE=519716060666 HTTP/1.1" 200 11138 "-" "Mozilla/5.0 (compatible; SERankingBacklinksBot/1.0; +https://seranking.com/backlinks-crawler)"
5.9.120.8 - - [12/Sep/2026:17:53:33 +0300] "GET /?sale/search/detail/?ITMCODE=519716061022 HTTP/1.1" 200 11138 "-" "Mozilla/5.0 (compatible; SERankingBacklinksBot/1.0; +https://seranking.com/backlinks-crawler)"
5.9.120.8 - - [12/Sep/2026:17:53:37 +0300] "GET /?sale/search/detail/?ITMCODE=519716063449 HTTP/1.1" 200 11138 "-" "Mozilla/5.0 (compatible; SERankingBacklinksBot/1.0; +https://seranking.com/backlinks-crawler)"
5.9.120.8 - - [12/Sep/2026:17:53:43 +0300] "GET /?sale/search/detail/?ITMCODE=519716071720 HTTP/1.1" 200 11138 "-" "Mozilla/5.0 (compatible; SERankingBacklinksBot/1.0; +https://seranking.com/backlinks-crawler)"
5.9.120.8 - - [12/Sep/2026:17:53:47 +0300] "GET /?sale/search/detail/?ITMCODE=519716072139 HTTP/1.1" 200 11138 "-" "Mozilla/5.0 (compatible; SERankingBacklinksBot/1.0; +https://seranking.com/backlinks-crawler)"
5.9.120.8 - - [12/Sep/2026:17:53:50 +0300] "GET /?sale/search/detail/?ITMCODE=519911236358 HTTP/1.1" 200 11138 "-" "Mozilla/5.0 (compatible; SERankingBacklinksBot/1.0; +https://seranking.com/backlinks-crawler)"
5.9.120.8 - - [12/Sep/2026:17:53:53 +0300] "GET /?sale/search/detail/?ITMCODE=519716074746 HTTP/1.1" 200 11138 "-" "Mozilla/5.0 (compatible; SERankingBacklinksBot/1.0; +https://seranking.com/backlinks-crawler)"
5.9.120.8 - - [12/Sep/2026:17:53:56 +0300] "GET /?sale/search/detail/?ITMCODE=519911237095 HTTP/1.1" 200 11138 "-" "Mozilla/5.0 (compatible; SERankingBacklinksBot/1.0; +https://seranking.com/backlinks-crawler)"
5.9.120.8 - - [12/Sep/2026:17:53:59 +0300] "GET /?sale/search/detail/?ITMCODE=519716082783 HTTP/1.1" 200 11138 "-" "Mozilla/5.0 (compatible; SERankingBacklinksBot/1.0; +https://seranking.com/backlinks-crawler)"
5.9.120.8 - - [12/Sep/2026:17:54:06 +0300] "GET /?sale/search/detail/?ITMCODE=519716083265 HTTP/1.1" 200 11138 "-" "Mozilla/5.0 (compatible; SERankingBacklinksBot/1.0; +https://seranking.com/backlinks-crawler)"
5.9.120.8 - - [12/Sep/2026:17:54:09 +0300] "GET /?sale/search/detail/?ITMCODE=519716086052 HTTP/1.1" 200 11138 "-" "Mozilla/5.0 (compatible; SERankingBacklinksBot/1.0; +https://seranking.com/backlinks-crawler)"
5.9.120.8 - - [12/Sep/2026:17:54:12 +0300] "GET /?sale/search/detail/?ITMCODE=519716093855 HTTP/1.1" 200 11138 "-" "Mozilla/5.0 (compatible; SERankingBacklinksBot/1.0; +https://seranking.com/backlinks-crawler)"
5.9.120.8 - - [12/Sep/2026:17:54:16 +0300] "GET /?sale/search/detail/?ITMCODE=519911239266 HTTP/1.1" 200 11138 "-" "Mozilla/5.0 (compatible; SERankingBacklinksBot/1.0; +https://seranking.com/backlinks-crawler)"
5.9.120.8 - - [12/Sep/2026:17:54:19 +0300] "GET /?sale/search/detail/?ITMCODE=519716094400 HTTP/1.1" 200 11138 "-" "Mozilla/5.0 (compatible; SERankingBacklinksBot/1.0; +https://seranking.com/backlinks-crawler)"
85.208.96.204 - - [12/Sep/2026:17:54:22 +0300] "GET /?sale%2Fsearch%2Fdetail%2F%3FITMCODE=52008717302 HTTP/1.1" 200 11138 "-" "Mozilla/5.0 (compatible; SemrushBot/7~bl; +http://www.semrush.com/bot.html)"
5.9.120.8 - - [12/Sep/2026:17:54:22 +0300] "GET /?sale/search/detail/?ITMCODE=519911240213 HTTP/1.1" 200 11138 "-" "Mozilla/5.0 (compatible; SERankingBacklinksBot/1.0; +https://seranking.com/backlinks-crawler)"
5.9.120.8 - - [12/Sep/2026:17:54:25 +0300] "GET /?sale/search/detail/?ITMCODE=519716097367 HTTP/1.1" 200 11138 "-" "Mozilla/5.0 (compatible; SERankingBacklinksBot/1.0; +https://seranking.com/backlinks-crawler)"
5.9.120.8 - - [12/Sep/2026:17:54:28 +0300] "GET /?sale/search/detail/?ITMCODE=519716104936 HTTP/1.1" 200 11138 "-" "Mozilla/5.0 (compatible; SERankingBacklinksBot/1.0; +https://seranking.com/backlinks-crawler)"
5.9.120.8 - - [12/Sep/2026:17:54:32 +0300] "GET /?sale/search/detail/?ITMCODE=519716105544 HTTP/1.1" 200 11138 "-" "Mozilla/5.0 (compatible; SERankingBacklinksBot/1.0; +https://seranking.com/backlinks-crawler)"
5.9.120.8 - - [12/Sep/2026:17:54:38 +0300] "GET /?sale/search/detail/?ITMCODE=519716116026 HTTP/1.1" 200 11138 "-" "Mozilla/5.0 (compatible; SERankingBacklinksBot/1.0; +https://seranking.com/backlinks-crawler)"
5.9.120.8 - - [12/Sep/2026:17:54:42 +0300] "GET /?sale/search/detail/?ITMCODE=519716116697 HTTP/1.1" 200 11138 "-" "Mozilla/5.0 (compatible; SERankingBacklinksBot/1.0; +https://seranking.com/backlinks-crawler)"
185.191.171.1 - - [12/Sep/2026:17:54:42 +0300] "GET /?sale%2Fsearch%2Fdetail%2F%3FITMCODE=519512435359 HTTP/1.1" 200 11138 "-" "Mozilla/5.0 (compatible; SemrushBot/7~bl; +http://www.semrush.com/bot.html)"
5.9.120.8 - - [12/Sep/2026:17:54:45 +0300] "GET /?sale/search/detail/?ITMCODE=519716127125 HTTP/1.1" 200 11138 "-" "Mozilla/5.0 (compatible; SERankingBacklinksBot/1.0; +https://seranking.com/backlinks-crawler)"
5.9.120.8 - - [12/Sep/2026:17:54:48 +0300] "GET /?sale/search/detail/?ITMCODE=519911242300 HTTP/1.1" 200 11138 "-" "Mozilla/5.0 (compatible; SERankingBacklinksBot/1.0; +https://seranking.com/backlinks-crawler)"
5.9.120.8 - - [12/Sep/2026:17:54:51 +0300] "GET /?sale/search/detail/?ITMCODE=519716127859 HTTP/1.1" 200 11138 "-" "Mozilla/5.0 (compatible; SERankingBacklinksBot/1.0; +https://seranking.com/backlinks-crawler)"
5.9.120.8 - - [12/Sep/2026:17:54:54 +0300] "GET /?sale/search/detail/?ITMCODE=519911243154 HTTP/1.1" 200 11138 "-" "Mozilla/5.0 (compatible; SERankingBacklinksBot/1.0; +https://seranking.com/backlinks-crawler)"
5.9.120.8 - - [12/Sep/2026:17:54:58 +0300] "GET /?sale/search/detail/?ITMCODE=519716138233 HTTP/1.1" 200 11138 "-" "Mozilla/5.0 (compatible; SERankingBacklinksBot/1.0; +https://seranking.com/backlinks-crawler)"
5.9.120.8 - - [12/Sep/2026:17:55:01 +0300] "GET /?sale/search/detail/?ITMCODE=519716139030 HTTP/1.1" 200 11138 "-" "Mozilla/5.0 (compatible; SERankingBacklinksBot/1.0; +https://seranking.com/backlinks-crawler)"
66.249.68.96 - - [12/Sep/2026:17:55:02 +0300] "GET /?sale/search/detail/?ITMCODE=51992378121 HTTP/1.1" 200 208485 "-" "Mozilla/5.0 (Linux; Android 6.0.1; Nexus 5X Build/MMB29P) AppleWebKit/537.36 (KHTML, like Gecko) Chrome/153.0.8010.36 Mobile Safari/537.36 (compatible; Googlebot/2.1; +http://www.google.com/bot.html)"
85.208.96.205 - - [12/Sep/2026:17:55:05 +0300] "GET /?sale%2Fsearch%2Fdetail%2F%3FITMCODE=519624859588 HTTP/1.1" 200 11138 "-" "Mozilla/5.0 (compatible; SemrushBot/7~bl; +http://www.semrush.com/bot.html)"
88.118.115.105 - - [12/Sep/2026:17:55:05 +0300] "GET / HTTP/1.1" 200 11120 "-" "Mozilla/5.0 (iPhone; CPU iPhone OS 26_6_2 like Mac OS X) AppleWebKit/605.1.15 (KHTML, like Gecko) CriOS/152.0.7977.64 Mobile/15E148 Safari/604.1"
88.118.115.105 - - [12/Sep/2026:17:55:05 +0300] "GET /plugins/content/simplepopup/simplepopup/spustyle.css HTTP/1.1" 200 529 "http://chenglong.lt/" "Mozilla/5.0 (iPhone; CPU iPhone OS 26_6_2 like Mac OS X) AppleWebKit/605.1.15 (KHTML, like Gecko) CriOS/152.0.7977.64 Mobile/15E148 Safari/604.1"
88.118.115.105 - - [12/Sep/2026:17:55:05 +0300] "GET /plugins/content/simplepopup/simplepopup/fancybox/jquery.fancybox-1.3.4.css HTTP/1.1" 200 8963 "http://chenglong.lt/" "Mozilla/5.0 (iPhone; CPU iPhone OS 26_6_2 like Mac OS X) AppleWebKit/605.1.15 (KHTML, like Gecko) CriOS/152.0.7977.64 Mobile/15E148 Safari/604.1"
88.118.115.105 - - [12/Sep/2026:17:55:05 +0300] "GET /plugins/content/dearflip/dflip/css/dflip.css HTTP/1.1" 200 36921 "http://chenglong.lt/" "Mozilla/5.0 (iPhone; CPU iPhone OS 26_6_2 like Mac OS X) AppleWebKit/605.1.15 (KHTML, like Gecko) CriOS/152.0.7977.64 Mobile/15E148 Safari/604.1"
88.118.115.105 - - [12/Sep/2026:17:55:05 +0300] "GET /plugins/content/dearflip/dflip/css/themify-icons.css HTTP/1.1" 200 16417 "http://chenglong.lt/" "Mozilla/5.0 (iPhone; CPU iPhone OS 26_6_2 like Mac OS X) AppleWebKit/605.1.15 (KHTML, like Gecko) CriOS/152.0.7977.64 Mobile/15E148 Safari/604.1"
88.118.115.105 - - [12/Sep/2026:17:55:05 +0300] "GET /plugins/system/miniteksystemmessages/assets/css/style.css?v=1.0.6 HTTP/1.1" 200 3576 "http://chenglong.lt/" "Mozilla/5.0 (iPhone; CPU iPhone OS 26_6_2 like Mac OS X) AppleWebKit/605.1.15 (KHTML, like Gecko) CriOS/152.0.7977.64 Mobile/15E148 Safari/604.1"
88.118.115.105 - - [12/Sep/2026:17:55:05 +0300] "GET /media/jui/js/jquery-noconflict.js?0c2ada6fb5fac50fc7ad43b82b14eaac HTTP/1.1" 200 21 "http://chenglong.lt/" "Mozilla/5.0 (iPhone; CPU iPhone OS 26_6_2 like Mac OS X) AppleWebKit/605.1.15 (KHTML, like Gecko) CriOS/152.0.7977.64 Mobile/15E148 Safari/604.1"
88.118.115.105 - - [12/Sep/2026:17:55:05 +0300] "GET /plugins/system/miniteksystemmessages/assets/css/jquery.jgrowl.css HTTP/1.1" 200 2112 "http://chenglong.lt/" "Mozilla/5.0 (iPhone; CPU iPhone OS 26_6_2 like Mac OS X) AppleWebKit/605.1.15 (KHTML, like Gecko) CriOS/152.0.7977.64 Mobile/15E148 Safari/604.1"
88.118.115.105 - - [12/Sep/2026:17:55:05 +0300] "GET /media/jui/js/jquery-migrate.min.js?0c2ada6fb5fac50fc7ad43b82b14eaac HTTP/1.1" 200 10056 "http://chenglong.lt/" "Mozilla/5.0 (iPhone; CPU iPhone OS 26_6_2 like Mac OS X) AppleWebKit/605.1.15 (KHTML, like Gecko) CriOS/152.0.7977.64 Mobile/15E148 Safari/604.1"
88.118.115.105 - - [12/Sep/2026:17:55:05 +0300] "GET /media/jui/js/jquery.min.js?0c2ada6fb5fac50fc7ad43b82b14eaac HTTP/1.1" 200 97646 "http://chenglong.lt/" "Mozilla/5.0 (iPhone; CPU iPhone OS 26_6_2 like Mac OS X) AppleWebKit/605.1.15 (KHTML, like Gecko) CriOS/152.0.7977.64 Mobile/15E148 Safari/604.1"
88.118.115.105 - - [12/Sep/2026:17:55:05 +0300] "GET /plugins/content/simplepopup/simplepopup/fancybox/jquery.mousewheel-3.0.4.pack.js HTTP/1.1" 200 1292 "http://chenglong.lt/" "Mozilla/5.0 (iPhone; CPU iPhone OS 26_6_2 like Mac OS X) AppleWebKit/605.1.15 (KHTML, like Gecko) CriOS/152.0.7977.64 Mobile/15E148 Safari/604.1"
88.118.115.105 - - [12/Sep/2026:17:55:05 +0300] "GET /plugins/content/simplepopup/simplepopup/fancybox/jquery.fancybox-1.3.4.patch.js HTTP/1.1" 200 18097 "http://chenglong.lt/" "Mozilla/5.0 (iPhone; CPU iPhone OS 26_6_2 like Mac OS X) AppleWebKit/605.1.15 (KHTML, like Gecko) CriOS/152.0.7977.64 Mobile/15E148 Safari/604.1"
88.118.115.105 - - [12/Sep/2026:17:55:05 +0300] "GET /media/system/js/core.js?0c2ada6fb5fac50fc7ad43b82b14eaac HTTP/1.1" 200 8735 "http://chenglong.lt/" "Mozilla/5.0 (iPhone; CPU iPhone OS 26_6_2 like Mac OS X) AppleWebKit/605.1.15 (KHTML, like Gecko) CriOS/152.0.7977.64 Mobile/15E148 Safari/604.1"
88.118.115.105 - - [12/Sep/2026:17:55:05 +0300] "GET /plugins/content/dearflip/dflip/js/dflip.min.js HTTP/1.1" 200 126454 "http://chenglong.lt/" "Mozilla/5.0 (iPhone; CPU iPhone OS 26_6_2 like Mac OS X) AppleWebKit/605.1.15 (KHTML, like Gecko) CriOS/152.0.7977.64 Mobile/15E148 Safari/604.1"
88.118.115.105 - - [12/Sep/2026:17:55:05 +0300] "GET /media/system/js/caption.js?0c2ada6fb5fac50fc7ad43b82b14eaac HTTP/1.1" 200 491 "http://chenglong.lt/" "Mozilla/5.0 (iPhone; CPU iPhone OS 26_6_2 like Mac OS X) AppleWebKit/605.1.15 (KHTML, like Gecko) CriOS/152.0.7977.64 Mobile/15E148 Safari/604.1"
88.118.115.105 - - [12/Sep/2026:17:55:05 +0300] "GET /media/system/js/mootools-core.js?0c2ada6fb5fac50fc7ad43b82b14eaac HTTP/1.1" 200 83893 "http://chenglong.lt/" "Mozilla/5.0 (iPhone; CPU iPhone OS 26_6_2 like Mac OS X) AppleWebKit/605.1.15 (KHTML, like Gecko) CriOS/152.0.7977.64 Mobile/15E148 Safari/604.1"
88.118.115.105 - - [12/Sep/2026:17:55:05 +0300] "GET /plugins/system/miniteksystemmessages/assets/js/script.js?v=1.0.6 HTTP/1.1" 200 7131 "http://chenglong.lt/" "Mozilla/5.0 (iPhone; CPU iPhone OS 26_6_2 like Mac OS X) AppleWebKit/605.1.15 (KHTML, like Gecko) CriOS/152.0.7977.64 Mobile/15E148 Safari/604.1"
88.118.115.105 - - [12/Sep/2026:17:55:05 +0300] "GET /plugins/system/miniteksystemmessages/assets/js/jquery.jgrowl.js HTTP/1.1" 200 16629 "http://chenglong.lt/" "Mozilla/5.0 (iPhone; CPU iPhone OS 26_6_2 like Mac OS X) AppleWebKit/605.1.15 (KHTML, like Gecko) CriOS/152.0.7977.64 Mobile/15E148 Safari/604.1"
88.118.115.105 - - [12/Sep/2026:17:55:05 +0300] "GET /media/system/js/mootools-more.js?0c2ada6fb5fac50fc7ad43b82b14eaac HTTP/1.1" 200 236825 "http://chenglong.lt/" "Mozilla/5.0 (iPhone; CPU iPhone OS 26_6_2 like Mac OS X) AppleWebKit/605.1.15 (KHTML, like Gecko) CriOS/152.0.7977.64 Mobile/15E148 Safari/604.1"
88.118.115.105 - - [12/Sep/2026:17:55:05 +0300] "GET /templates/system/css/system.css HTTP/1.1" 200 881 "http://chenglong.lt/" "Mozilla/5.0 (iPhone; CPU iPhone OS 26_6_2 like Mac OS X) AppleWebKit/605.1.15 (KHTML, like Gecko) CriOS/152.0.7977.64 Mobile/15E148 Safari/604.1"
88.118.115.105 - - [12/Sep/2026:17:55:05 +0300] "GET /templates/system/css/general.css HTTP/1.1" 200 2717 "http://chenglong.lt/" "Mozilla/5.0 (iPhone; CPU iPhone OS 26_6_2 like Mac OS X) AppleWebKit/605.1.15 (KHTML, like Gecko) CriOS/152.0.7977.64 Mobile/15E148 Safari/604.1"
88.118.115.105 - - [12/Sep/2026:17:55:05 +0300] "GET /templates/resto_6/jquery.js HTTP/1.1" 200 92629 "http://chenglong.lt/" "Mozilla/5.0 (iPhone; CPU iPhone OS 26_6_2 like Mac OS X) AppleWebKit/605.1.15 (KHTML, like Gecko) CriOS/152.0.7977.64 Mobile/15E148 Safari/604.1"
88.118.115.105 - - [12/Sep/2026:17:55:05 +0300] "GET /templates/resto_6/css/template.css HTTP/1.1" 200 65213 "http://chenglong.lt/" "Mozilla/5.0 (iPhone; CPU iPhone OS 26_6_2 like Mac OS X) AppleWebKit/605.1.15 (KHTML, like Gecko) CriOS/152.0.7977.64 Mobile/15E148 Safari/604.1"
88.118.115.105 - - [12/Sep/2026:17:55:05 +0300] "GET /templates/resto_6/css/template.responsive.css HTTP/1.1" 200 11640 "http://chenglong.lt/" "Mozilla/5.0 (iPhone; CPU iPhone OS 26_6_2 like Mac OS X) AppleWebKit/605.1.15 (KHTML, like Gecko) CriOS/152.0.7977.64 Mobile/15E148 Safari/604.1"
88.118.115.105 - - [12/Sep/2026:17:55:05 +0300] "GET /templates/resto_6/script.js HTTP/1.1" 200 56744 "http://chenglong.lt/" "Mozilla/5.0 (iPhone; CPU iPhone OS 26_6_2 like Mac OS X) AppleWebKit/605.1.15 (KHTML, like Gecko) CriOS/152.0.7977.64 Mobile/15E148 Safari/604.1"
88.118.115.105 - - [12/Sep/2026:17:55:05 +0300] "GET /templates/resto_6/script.responsive.js HTTP/1.1" 200 21136 "http://chenglong.lt/" "Mozilla/5.0 (iPhone; CPU iPhone OS 26_6_2 like Mac OS X) AppleWebKit/605.1.15 (KHTML, like Gecko) CriOS/152.0.7977.64 Mobile/15E148 Safari/604.1"
88.118.115.105 - - [12/Sep/2026:17:55:05 +0300] "GET /templates/resto_6/modules.js HTTP/1.1" 200 - "http://chenglong.lt/" "Mozilla/5.0 (iPhone; CPU iPhone OS 26_6_2 like Mac OS X) AppleWebKit/605.1.15 (KHTML, like Gecko) CriOS/152.0.7977.64 Mobile/15E148 Safari/604.1"
88.118.115.105 - - [12/Sep/2026:17:55:05 +0300] "GET /media/system/css/system.css HTTP/1.1" 200 1433 "http://chenglong.lt/" "Mozilla/5.0 (iPhone; CPU iPhone OS 26_6_2 like Mac OS X) AppleWebKit/605.1.15 (KHTML, like Gecko) CriOS/152.0.7977.64 Mobile/15E148 Safari/604.1"
88.118.115.105 - - [12/Sep/2026:17:55:05 +0300] "GET /images/logo.png HTTP/1.1" 200 30174 "http://chenglong.lt/" "Mozilla/5.0 (iPhone; CPU iPhone OS 26_6_2 like Mac OS X) AppleWebKit/605.1.15 (KHTML, like Gecko) CriOS/152.0.7977.64 Mobile/15E148 Safari/604.1"
88.118.115.105 - - [12/Sep/2026:17:55:05 +0300] "GET /images/logo_dark_small.png HTTP/1.1" 200 164696 "http://chenglong.lt/" "Mozilla/5.0 (iPhone; CPU iPhone OS 26_6_2 like Mac OS X) AppleWebKit/605.1.15 (KHTML, like Gecko) CriOS/152.0.7977.64 Mobile/15E148 Safari/604.1"
88.118.115.105 - - [12/Sep/2026:17:55:05 +0300] "GET /images/powered.png HTTP/1.1" 200 5403 "http://chenglong.lt/" "Mozilla/5.0 (iPhone; CPU iPhone OS 26_6_2 like Mac OS X) AppleWebKit/605.1.15 (KHTML, like Gecko) CriOS/152.0.7977.64 Mobile/15E148 Safari/604.1"
88.118.115.105 - - [12/Sep/2026:17:55:05 +0300] "GET /plugins/content/simplepopup/simplepopup/fancybox/fancybox-y.png HTTP/1.1" 200 176 "http://chenglong.lt/" "Mozilla/5.0 (iPhone; CPU iPhone OS 26_6_2 like Mac OS X) AppleWebKit/605.1.15 (KHTML, like Gecko) CriOS/152.0.7977.64 Mobile/15E148 Safari/604.1"
88.118.115.105 - - [12/Sep/2026:17:55:05 +0300] "GET /plugins/content/simplepopup/simplepopup/fancybox/fancybox.png HTTP/1.1" 200 15287 "http://chenglong.lt/" "Mozilla/5.0 (iPhone; CPU iPhone OS 26_6_2 like Mac OS X) AppleWebKit/605.1.15 (KHTML, like Gecko) CriOS/152.0.7977.64 Mobile/15E148 Safari/604.1"
88.118.115.105 - - [12/Sep/2026:17:55:05 +0300] "GET /plugins/content/simplepopup/simplepopup/fancybox/fancybox-x.png HTTP/1.1" 200 203 "http://chenglong.lt/" "Mozilla/5.0 (iPhone; CPU iPhone OS 26_6_2 like Mac OS X) AppleWebKit/605.1.15 (KHTML, like Gecko) CriOS/152.0.7977.64 Mobile/15E148 Safari/604.1"
88.118.115.105 - - [12/Sep/2026:17:55:06 +0300] "GET /templates/resto_6/favicon.ico HTTP/1.1" 200 23558 "-" "Mozilla/5.0 (iPhone; CPU iPhone OS 26_6_2 like Mac OS X) AppleWebKit/605.1.15 (KHTML, like Gecko) CriOS/152.0.7977.64 Mobile/15E148 Safari/604.1"
88.118.115.105 - - [12/Sep/2026:17:55:06 +0300] "GET /templates/resto_6/images/header.png HTTP/1.1" 200 752 "http://chenglong.lt/" "Mozilla/5.0 (iPhone; CPU iPhone OS 26_6_2 like Mac OS X) AppleWebKit/605.1.15 (KHTML, like Gecko) CriOS/152.0.7977.64 Mobile/15E148 Safari/604.1"
88.118.115.105 - - [12/Sep/2026:17:55:05 +0300] "GET /templates/resto_6/images/page.jpeg HTTP/1.1" 200 816967 "http://chenglong.lt/" "Mozilla/5.0 (iPhone; CPU iPhone OS 26_6_2 like Mac OS X) AppleWebKit/605.1.15 (KHTML, like Gecko) CriOS/152.0.7977.64 Mobile/15E148 Safari/604.1"
85.208.96.209 - - [12/Sep/2026:17:55:07 +0300] "GET /?sale%2Fsearch%2Fdetail%2F%3FITMCODE=520026603127 HTTP/1.1" 200 11138 "-" "Mozilla/5.0 (compatible; SemrushBot/7~bl; +http://www.semrush.com/bot.html)"
5.9.120.8 - - [12/Sep/2026:17:55:07 +0300] "GET /?sale/search/detail/?ITMCODE=519716149350 HTTP/1.1" 200 11138 "-" "Mozilla/5.0 (compatible; SERankingBacklinksBot/1.0; +https://seranking.com/backlinks-crawler)"
5.9.120.8 - - [12/Sep/2026:17:55:11 +0300] "GET /?sale/search/detail/?ITMCODE=519716150210 HTTP/1.1" 200 11138 "-" "Mozilla/5.0 (compatible; SERankingBacklinksBot/1.0; +https://seranking.com/backlinks-crawler)"
