5.9.120.8 - - [12/Sep/2026:18:48:03 +0300] "GET /?sale/search/detail/?ITMCODE=519599267015 HTTP/1.1" 200 11118 "-" "Mozilla/5.0 (compatible; SERankingBacklinksBot/1.0; +https://seranking.com/backlinks-crawler)"
66.249.68.104 - - [12/Sep/2026:18:48:09 +0300] "GET /?sale/search/detail/?ITMCODE=51981984099 HTTP/1.1" 200 199133 "-" "Mozilla/5.0 (Linux; Android 6.0.1; Nexus 5X Build/MMB29P) AppleWebKit/537.36 (KHTML, like Gecko) Chrome/153.0.8010.36 Mobile Safari/537.36 (compatible; Googlebot/2.1; +http://www.google.com/bot.html)"
66.249.68.105 - - [12/Sep/2026:18:48:12 +0300] "GET /?sale/search/detail/?ITMCODE=519593712 HTTP/1.1" 200 198064 "-" "Mozilla/5.0 (Linux; Android 6.0.1; Nexus 5X Build/MMB29P) AppleWebKit/537.36 (KHTML, like Gecko) Chrome/153.0.8010.36 Mobile Safari/537.36 (compatible; Googlebot/2.1; +http://www.google.com/bot.html)"
5.9.120.8 - - [12/Sep/2026:18:48:16 +0300] "GET /?sale/search/detail/?ITMCODE=519911188290 HTTP/1.1" 200 11118 "-" "Mozilla/5.0 (compatible; SERankingBacklinksBot/1.0; +https://seranking.com/backlinks-crawler)"
5.9.120.8 - - [12/Sep/2026:18:48:19 +0300] "GET /?sale/search/detail/?ITMCODE=519599267944 HTTP/1.1" 200 11118 "-" "Mozilla/5.0 (compatible; SERankingBacklinksBot/1.0; +https://seranking.com/backlinks-crawler)"
5.9.120.8 - - [12/Sep/2026:18:48:22 +0300] "GET /?sale/search/detail/?ITMCODE=519599271989 HTTP/1.1" 200 11118 "-" "Mozilla/5.0 (compatible; SERankingBacklinksBot/1.0; +https://seranking.com/backlinks-crawler)"
5.9.120.8 - - [12/Sep/2026:18:48:26 +0300] "GET /?sale/search/detail/?ITMCODE=519599272329 HTTP/1.1" 200 11118 "-" "Mozilla/5.0 (compatible; SERankingBacklinksBot/1.0; +https://seranking.com/backlinks-crawler)"
85.208.96.204 - - [12/Sep/2026:18:48:28 +0300] "GET /?sale%2Fsearch%2Fdetail%2F%3FITMCODE=519917156336 HTTP/1.1" 200 11138 "-" "Mozilla/5.0 (compatible; SemrushBot/7~bl; +http://www.semrush.com/bot.html)"
5.9.120.8 - - [12/Sep/2026:18:48:29 +0300] "GET /?sale/search/detail/?ITMCODE=519713416513 HTTP/1.1" 200 11118 "-" "Mozilla/5.0 (compatible; SERankingBacklinksBot/1.0; +https://seranking.com/backlinks-crawler)"
185.191.171.5 - - [12/Sep/2026:18:48:36 +0300] "GET /?sale%2Fsearch%2Fdetail%2F%3FITMCODE=519725141020 HTTP/1.1" 200 11138 "-" "Mozilla/5.0 (compatible; SemrushBot/7~bl; +http://www.semrush.com/bot.html)"
5.9.120.8 - - [12/Sep/2026:18:48:48 +0300] "GET /?sale/search/detail/?ITMCODE=519599276043 HTTP/1.1" 200 11118 "-" "Mozilla/5.0 (compatible; SERankingBacklinksBot/1.0; +https://seranking.com/backlinks-crawler)"
85.208.96.208 - - [12/Sep/2026:18:48:49 +0300] "GET /?sale%2Fsearch%2Fdetail%2F%3FITMCODE=5197100052873 HTTP/1.1" 200 11138 "-" "Mozilla/5.0 (compatible; SemrushBot/7~bl; +http://www.semrush.com/bot.html)"
5.9.120.8 - - [12/Sep/2026:18:48:52 +0300] "GET /?sale/search/detail/?ITMCODE=519599277652 HTTP/1.1" 200 11118 "-" "Mozilla/5.0 (compatible; SERankingBacklinksBot/1.0; +https://seranking.com/backlinks-crawler)"
5.9.120.8 - - [12/Sep/2026:18:48:55 +0300] "GET /?sale/search/detail/?ITMCODE=519911191691 HTTP/1.1" 200 11118 "-" "Mozilla/5.0 (compatible; SERankingBacklinksBot/1.0; +https://seranking.com/backlinks-crawler)"
5.9.120.8 - - [12/Sep/2026:18:48:58 +0300] "GET /?sale/search/detail/?ITMCODE=519599280106 HTTP/1.1" 200 11118 "-" "Mozilla/5.0 (compatible; SERankingBacklinksBot/1.0; +https://seranking.com/backlinks-crawler)"
85.208.96.206 - - [12/Sep/2026:18:49:06 +0300] "GET /?sale%2Fsearch%2Fdetail%2F%3FITMCODE=519810548188 HTTP/1.1" 200 11138 "-" "Mozilla/5.0 (compatible; SemrushBot/7~bl; +http://www.semrush.com/bot.html)"
5.9.120.8 - - [12/Sep/2026:18:49:14 +0300] "GET /?sale/search/detail/?ITMCODE=519599282984 HTTP/1.1" 200 11118 "-" "Mozilla/5.0 (compatible; SERankingBacklinksBot/1.0; +https://seranking.com/backlinks-crawler)"
5.9.120.8 - - [12/Sep/2026:18:49:17 +0300] "GET /?sale/search/detail/?ITMCODE=519713425688 HTTP/1.1" 200 11118 "-" "Mozilla/5.0 (compatible; SERankingBacklinksBot/1.0; +https://seranking.com/backlinks-crawler)"
185.191.171.6 - - [12/Sep/2026:18:49:18 +0300] "GET /?sale%2Fsearch%2Fdetail%2F%3FITMCODE=52005945148 HTTP/1.1" 200 11138 "-" "Mozilla/5.0 (compatible; SemrushBot/7~bl; +http://www.semrush.com/bot.html)"
85.208.96.203 - - [12/Sep/2026:18:49:20 +0300] "GET /?sale%2Fsearch%2Fdetail%2F%3FITMCODE=519612596520 HTTP/1.1" 200 11138 "-" "Mozilla/5.0 (compatible; SemrushBot/7~bl; +http://www.semrush.com/bot.html)"
5.9.120.8 - - [12/Sep/2026:18:49:27 +0300] "GET /?sale/search/detail/?ITMCODE=519599284178 HTTP/1.1" 200 11118 "-" "Mozilla/5.0 (compatible; SERankingBacklinksBot/1.0; +https://seranking.com/backlinks-crawler)"
85.208.96.199 - - [12/Sep/2026:18:49:30 +0300] "GET /?sale%2Fsearch%2Fdetail%2F%3FITMCODE=519734404640 HTTP/1.1" 200 11138 "-" "Mozilla/5.0 (compatible; SemrushBot/7~bl; +http://www.semrush.com/bot.html)"
5.9.120.8 - - [12/Sep/2026:18:49:34 +0300] "GET /?sale/search/detail/?ITMCODE=519911194927 HTTP/1.1" 200 11118 "-" "Mozilla/5.0 (compatible; SERankingBacklinksBot/1.0; +https://seranking.com/backlinks-crawler)"
5.9.120.8 - - [12/Sep/2026:18:49:37 +0300] "GET /?sale/search/detail/?ITMCODE=519599288259 HTTP/1.1" 200 11118 "-" "Mozilla/5.0 (compatible; SERankingBacklinksBot/1.0; +https://seranking.com/backlinks-crawler)"
5.9.120.8 - - [12/Sep/2026:18:49:40 +0300] "GET /?sale/search/detail/?ITMCODE=519599288325 HTTP/1.1" 200 11118 "-" "Mozilla/5.0 (compatible; SERankingBacklinksBot/1.0; +https://seranking.com/backlinks-crawler)"
66.249.68.104 - - [12/Sep/2026:18:49:41 +0300] "GET /?sale/search/detail/?ITMCODE=5195248044 HTTP/1.1" 200 218161 "-" "Mozilla/5.0 (compatible; Googlebot/2.1; +http://www.google.com/bot.html)"
85.208.96.203 - - [12/Sep/2026:18:49:43 +0300] "GET /?sale%2Fsearch%2Fdetail%2F%3FITMCODE=51987882833 HTTP/1.1" 200 11138 "-" "Mozilla/5.0 (compatible; SemrushBot/7~bl; +http://www.semrush.com/bot.html)"
66.249.68.104 - - [12/Sep/2026:18:49:44 +0300] "GET /?sale/search/detail/?ITMCODE=52002718002 HTTP/1.1" 200 195072 "-" "Mozilla/5.0 (Linux; Android 6.0.1; Nexus 5X Build/MMB29P) AppleWebKit/537.36 (KHTML, like Gecko) Chrome/153.0.8010.36 Mobile Safari/537.36 (compatible; Googlebot/2.1; +http://www.google.com/bot.html)"
5.9.120.8 - - [12/Sep/2026:18:49:50 +0300] "GET /?sale/search/detail/?ITMCODE=519599292349 HTTP/1.1" 200 11118 "-" "Mozilla/5.0 (compatible; SERankingBacklinksBot/1.0; +https://seranking.com/backlinks-crawler)"
66.249.68.104 - - [12/Sep/2026:18:49:50 +0300] "GET /?sale/search/detail/?ITMCODE=51971199872 HTTP/1.1" 200 197670 "-" "Mozilla/5.0 (compatible; Googlebot/2.1; +http://www.google.com/bot.html)"
5.9.120.8 - - [12/Sep/2026:18:50:00 +0300] "GET /?sale/search/detail/?ITMCODE=519713434872 HTTP/1.1" 200 11118 "-" "Mozilla/5.0 (compatible; SERankingBacklinksBot/1.0; +https://seranking.com/backlinks-crawler)"
85.208.96.198 - - [12/Sep/2026:18:50:06 +0300] "GET /?sale%2Fsearch%2Fdetail%2F%3FITMCODE=51966522395 HTTP/1.1" 200 11138 "-" "Mozilla/5.0 (compatible; SemrushBot/7~bl; +http://www.semrush.com/bot.html)"
5.9.120.8 - - [12/Sep/2026:18:50:06 +0300] "GET /?sale/search/detail/?ITMCODE=519599293675 HTTP/1.1" 200 11118 "-" "Mozilla/5.0 (compatible; SERankingBacklinksBot/1.0; +https://seranking.com/backlinks-crawler)"
66.249.68.104 - - [12/Sep/2026:18:50:08 +0300] "GET /?sale/search/detail/?ITMCODE=5196725027 HTTP/1.1" 200 215869 "-" "Mozilla/5.0 (Linux; Android 6.0.1; Nexus 5X Build/MMB29P) AppleWebKit/537.36 (KHTML, like Gecko) Chrome/153.0.8010.36 Mobile Safari/537.36 (compatible; Googlebot/2.1; +http://www.google.com/bot.html)"
185.191.171.5 - - [12/Sep/2026:18:50:15 +0300] "GET /?sale%2Fsearch%2Fdetail%2F%3FITMCODE=519914287135 HTTP/1.1" 200 11138 "-" "Mozilla/5.0 (compatible; SemrushBot/7~bl; +http://www.semrush.com/bot.html)"
5.9.120.8 - - [12/Sep/2026:18:50:16 +0300] "GET /?sale/search/detail/?ITMCODE=519599296448 HTTP/1.1" 200 11118 "-" "Mozilla/5.0 (compatible; SERankingBacklinksBot/1.0; +https://seranking.com/backlinks-crawler)"
185.191.171.13 - - [12/Sep/2026:18:50:17 +0300] "GET /?sale%2Fsearch%2Fdetail%2F%3FITMCODE=519636954649 HTTP/1.1" 200 11138 "-" "Mozilla/5.0 (compatible; SemrushBot/7~bl; +http://www.semrush.com/bot.html)"
66.249.68.104 - - [12/Sep/2026:18:50:18 +0300] "GET /?sale/search/detail/?ITMCODE=5196529742 HTTP/1.1" 200 200414 "-" "Mozilla/5.0 (compatible; Googlebot/2.1; +http://www.google.com/bot.html)"
185.191.171.6 - - [12/Sep/2026:18:50:18 +0300] "GET /?sale%2Fsearch%2Fdetail%2F%3FITMCODE=519776207677 HTTP/1.1" 200 11138 "-" "Mozilla/5.0 (compatible; SemrushBot/7~bl; +http://www.semrush.com/bot.html)"
52.167.144.209 - - [12/Sep/2026:18:50:28 +0300] "GET /shop/pg/5196835493 HTTP/1.1" 200 197244 "-" "Mozilla/5.0 AppleWebKit/537.36 (KHTML, like Gecko; compatible; bingbot/2.0; +http://www.bing.com/bingbot.htm) Chrome/116.0.1938.76 Safari/537.36"
5.9.120.8 - - [12/Sep/2026:18:50:29 +0300] "GET /?sale/search/detail/?ITMCODE=519599299034 HTTP/1.1" 200 11118 "-" "Mozilla/5.0 (compatible; SERankingBacklinksBot/1.0; +https://seranking.com/backlinks-crawler)"
185.191.171.14 - - [12/Sep/2026:18:50:31 +0300] "GET /?sale%2Fsearch%2Fdetail%2F%3FITMCODE=51987850549 HTTP/1.1" 200 11138 "-" "Mozilla/5.0 (compatible; SemrushBot/7~bl; +http://www.semrush.com/bot.html)"
5.9.120.8 - - [12/Sep/2026:18:50:32 +0300] "GET /?sale/search/detail/?ITMCODE=519911200884 HTTP/1.1" 200 11118 "-" "Mozilla/5.0 (compatible; SERankingBacklinksBot/1.0; +https://seranking.com/backlinks-crawler)"
5.9.120.8 - - [12/Sep/2026:18:50:35 +0300] "GET /?sale/search/detail/?ITMCODE=519599300556 HTTP/1.1" 200 11118 "-" "Mozilla/5.0 (compatible; SERankingBacklinksBot/1.0; +https://seranking.com/backlinks-crawler)"
5.9.120.8 - - [12/Sep/2026:18:50:42 +0300] "GET /?sale/search/detail/?ITMCODE=519713444065 HTTP/1.1" 200 11118 "-" "Mozilla/5.0 (compatible; SERankingBacklinksBot/1.0; +https://seranking.com/backlinks-crawler)"
5.9.120.8 - - [12/Sep/2026:18:50:45 +0300] "GET /?sale/search/detail/?ITMCODE=519599304402 HTTP/1.1" 200 11118 "-" "Mozilla/5.0 (compatible; SERankingBacklinksBot/1.0; +https://seranking.com/backlinks-crawler)"
5.9.120.8 - - [12/Sep/2026:18:50:51 +0300] "GET /?sale/search/detail/?ITMCODE=519599304673 HTTP/1.1" 200 11118 "-" "Mozilla/5.0 (compatible; SERankingBacklinksBot/1.0; +https://seranking.com/backlinks-crawler)"
5.9.120.8 - - [12/Sep/2026:18:51:04 +0300] "GET /?sale/search/detail/?ITMCODE=519911201573 HTTP/1.1" 200 11118 "-" "Mozilla/5.0 (compatible; SERankingBacklinksBot/1.0; +https://seranking.com/backlinks-crawler)"
5.9.120.8 - - [12/Sep/2026:18:51:08 +0300] "GET /?sale/search/detail/?ITMCODE=519599308799 HTTP/1.1" 200 11118 "-" "Mozilla/5.0 (compatible; SERankingBacklinksBot/1.0; +https://seranking.com/backlinks-crawler)"
85.208.96.211 - - [12/Sep/2026:18:51:10 +0300] "GET /?sale%2Fsearch%2Fdetail%2F%3FITMCODE=51959492508 HTTP/1.1" 200 11138 "-" "Mozilla/5.0 (compatible; SemrushBot/7~bl; +http://www.semrush.com/bot.html)"
5.9.120.8 - - [12/Sep/2026:18:51:14 +0300] "GET /?sale/search/detail/?ITMCODE=519599309779 HTTP/1.1" 200 11118 "-" "Mozilla/5.0 (compatible; SERankingBacklinksBot/1.0; +https://seranking.com/backlinks-crawler)"
5.9.120.8 - - [12/Sep/2026:18:51:17 +0300] "GET /?sale/search/detail/?ITMCODE=519599312934 HTTP/1.1" 200 11118 "-" "Mozilla/5.0 (compatible; SERankingBacklinksBot/1.0; +https://seranking.com/backlinks-crawler)"
185.191.171.14 - - [12/Sep/2026:18:51:26 +0300] "GET /?sale%2Fsearch%2Fdetail%2F%3FITMCODE=520071625905 HTTP/1.1" 200 11138 "-" "Mozilla/5.0 (compatible; SemrushBot/7~bl; +http://www.semrush.com/bot.html)"
5.9.120.8 - - [12/Sep/2026:18:51:27 +0300] "GET /?sale/search/detail/?ITMCODE=519713453267 HTTP/1.1" 200 11118 "-" "Mozilla/5.0 (compatible; SERankingBacklinksBot/1.0; +https://seranking.com/backlinks-crawler)"
85.208.96.207 - - [12/Sep/2026:18:51:28 +0300] "GET /?sale%2Fsearch%2Fdetail%2F%3FITMCODE=519813805107 HTTP/1.1" 200 11138 "-" "Mozilla/5.0 (compatible; SemrushBot/7~bl; +http://www.semrush.com/bot.html)"
66.249.68.96 - - [12/Sep/2026:18:51:34 +0300] "GET /?sale/search/detail/?ITMCODE=5196684159 HTTP/1.1" 200 193456 "-" "Mozilla/5.0 (compatible; Googlebot/2.1; +http://www.google.com/bot.html)"
5.9.120.8 - - [12/Sep/2026:18:51:43 +0300] "GET /?sale/search/detail/?ITMCODE=519599315165 HTTP/1.1" 200 11118 "-" "Mozilla/5.0 (compatible; SERankingBacklinksBot/1.0; +https://seranking.com/backlinks-crawler)"
5.9.120.8 - - [12/Sep/2026:18:51:53 +0300] "GET /?sale/search/detail/?ITMCODE=519599317078 HTTP/1.1" 200 11118 "-" "Mozilla/5.0 (compatible; SERankingBacklinksBot/1.0; +https://seranking.com/backlinks-crawler)"
66.249.68.104 - - [12/Sep/2026:18:51:53 +0300] "GET /?sale/search/detail/?ITMCODE=5195380021 HTTP/1.1" 200 195341 "-" "Mozilla/5.0 (Linux; Android 6.0.1; Nexus 5X Build/MMB29P) AppleWebKit/537.36 (KHTML, like Gecko) Chrome/153.0.8010.36 Mobile Safari/537.36 (compatible; Googlebot/2.1; +http://www.google.com/bot.html)"
5.9.120.8 - - [12/Sep/2026:18:51:59 +0300] "GET /?sale/search/detail/?ITMCODE=519599320560 HTTP/1.1" 200 11118 "-" "Mozilla/5.0 (compatible; SERankingBacklinksBot/1.0; +https://seranking.com/backlinks-crawler)"
216.73.217.175 - - [12/Sep/2026:18:52:02 +0300] "GET /robots.txt HTTP/1.1" 200 836 "-" "Mozilla/5.0 AppleWebKit/537.36 (KHTML, like Gecko; compatible; ClaudeBot/1.0; +claudebot@anthropic.com)"
216.73.217.175 - - [12/Sep/2026:18:52:02 +0300] "GET /sitemap.xml HTTP/1.1" 200 1307 "-" "Mozilla/5.0 AppleWebKit/537.36 (KHTML, like Gecko; compatible; ClaudeBot/1.0; +claudebot@anthropic.com)"
5.9.120.8 - - [12/Sep/2026:18:52:03 +0300] "GET /?sale/search/detail/?ITMCODE=519599321231 HTTP/1.1" 200 11118 "-" "Mozilla/5.0 (compatible; SERankingBacklinksBot/1.0; +https://seranking.com/backlinks-crawler)"
85.208.96.211 - - [12/Sep/2026:18:52:08 +0300] "GET /?sale%2Fsearch%2Fdetail%2F%3FITMCODE=5198100892350 HTTP/1.1" 200 11138 "-" "Mozilla/5.0 (compatible; SemrushBot/7~bl; +http://www.semrush.com/bot.html)"
5.9.120.8 - - [12/Sep/2026:18:52:16 +0300] "GET /?sale/search/detail/?ITMCODE=519911208228 HTTP/1.1" 200 11118 "-" "Mozilla/5.0 (compatible; SERankingBacklinksBot/1.0; +https://seranking.com/backlinks-crawler)"
185.191.171.14 - - [12/Sep/2026:18:52:16 +0300] "GET /?sale%2Fsearch%2Fdetail%2F%3FITMCODE=51971244164 HTTP/1.1" 200 11138 "-" "Mozilla/5.0 (compatible; SemrushBot/7~bl; +http://www.semrush.com/bot.html)"
5.9.120.8 - - [12/Sep/2026:18:52:19 +0300] "GET /?sale/search/detail/?ITMCODE=519599325393 HTTP/1.1" 200 11118 "-" "Mozilla/5.0 (compatible; SERankingBacklinksBot/1.0; +https://seranking.com/backlinks-crawler)"
5.9.120.8 - - [12/Sep/2026:18:52:22 +0300] "GET /?sale/search/detail/?ITMCODE=519713462478 HTTP/1.1" 200 11118 "-" "Mozilla/5.0 (compatible; SERankingBacklinksBot/1.0; +https://seranking.com/backlinks-crawler)"
5.9.120.8 - - [12/Sep/2026:18:52:25 +0300] "GET /?sale/search/detail/?ITMCODE=519599325964 HTTP/1.1" 200 11118 "-" "Mozilla/5.0 (compatible; SERankingBacklinksBot/1.0; +https://seranking.com/backlinks-crawler)"
5.9.120.8 - - [12/Sep/2026:18:52:28 +0300] "GET /?sale/search/detail/?ITMCODE=519911210086 HTTP/1.1" 200 11118 "-" "Mozilla/5.0 (compatible; SERankingBacklinksBot/1.0; +https://seranking.com/backlinks-crawler)"
85.208.96.199 - - [12/Sep/2026:18:52:37 +0300] "GET /?sale%2Fsearch%2Fdetail%2F%3FITMCODE=519971478382 HTTP/1.1" 200 11138 "-" "Mozilla/5.0 (compatible; SemrushBot/7~bl; +http://www.semrush.com/bot.html)"
5.9.120.8 - - [12/Sep/2026:18:52:41 +0300] "GET /?sale/search/detail/?ITMCODE=519599329564 HTTP/1.1" 200 11118 "-" "Mozilla/5.0 (compatible; SERankingBacklinksBot/1.0; +https://seranking.com/backlinks-crawler)"
66.249.68.96 - - [12/Sep/2026:18:52:41 +0300] "GET /?sale/search/detail/?ITMCODE=52002860347 HTTP/1.1" 200 206135 "-" "Mozilla/5.0 (Linux; Android 6.0.1; Nexus 5X Build/MMB29P) AppleWebKit/537.36 (KHTML, like Gecko) Chrome/153.0.8010.36 Mobile Safari/537.36 (compatible; Googlebot/2.1; +http://www.google.com/bot.html)"
5.9.120.8 - - [12/Sep/2026:18:52:48 +0300] "GET /?sale/search/detail/?ITMCODE=519599331377 HTTP/1.1" 200 11118 "-" "Mozilla/5.0 (compatible; SERankingBacklinksBot/1.0; +https://seranking.com/backlinks-crawler)"
185.191.171.9 - - [12/Sep/2026:18:53:00 +0300] "GET /?sale%2Fsearch%2Fdetail%2F%3FITMCODE=52002724608 HTTP/1.1" 200 11138 "-" "Mozilla/5.0 (compatible; SemrushBot/7~bl; +http://www.semrush.com/bot.html)"
5.9.120.8 - - [12/Sep/2026:18:53:01 +0300] "GET /?sale/search/detail/?ITMCODE=519599333744 HTTP/1.1" 200 11118 "-" "Mozilla/5.0 (compatible; SERankingBacklinksBot/1.0; +https://seranking.com/backlinks-crawler)"
185.191.171.15 - - [12/Sep/2026:18:53:02 +0300] "GET /?sale%2Fsearch%2Fdetail%2F%3FITMCODE=51971000271 HTTP/1.1" 200 11138 "-" "Mozilla/5.0 (compatible; SemrushBot/7~bl; +http://www.semrush.com/bot.html)"
85.208.96.195 - - [12/Sep/2026:18:53:06 +0300] "GET /?sale%2Fsearch%2Fdetail%2F%3FITMCODE=519873829547 HTTP/1.1" 200 11138 "-" "Mozilla/5.0 (compatible; SemrushBot/7~bl; +http://www.semrush.com/bot.html)"
5.9.120.8 - - [12/Sep/2026:18:53:07 +0300] "GET /?sale/search/detail/?ITMCODE=519599336799 HTTP/1.1" 200 11118 "-" "Mozilla/5.0 (compatible; SERankingBacklinksBot/1.0; +https://seranking.com/backlinks-crawler)"
185.191.171.14 - - [12/Sep/2026:18:53:09 +0300] "GET /?sale%2Fsearch%2Fdetail%2F%3FITMCODE=519974112818 HTTP/1.1" 200 11138 "-" "Mozilla/5.0 (compatible; SemrushBot/7~bl; +http://www.semrush.com/bot.html)"
66.249.68.105 - - [12/Sep/2026:18:53:09 +0300] "GET /?sale/search/detail/?ITMCODE=52002920907 HTTP/1.1" 200 206082 "-" "Mozilla/5.0 (Linux; Android 6.0.1; Nexus 5X Build/MMB29P) AppleWebKit/537.36 (KHTML, like Gecko) Chrome/153.0.8010.36 Mobile Safari/537.36 (compatible; Googlebot/2.1; +http://www.google.com/bot.html)"
5.9.120.8 - - [12/Sep/2026:18:53:10 +0300] "GET /?sale/search/detail/?ITMCODE=519713471698 HTTP/1.1" 200 11118 "-" "Mozilla/5.0 (compatible; SERankingBacklinksBot/1.0; +https://seranking.com/backlinks-crawler)"
5.9.120.8 - - [12/Sep/2026:18:53:17 +0300] "GET /?sale/search/detail/?ITMCODE=519599337933 HTTP/1.1" 200 11118 "-" "Mozilla/5.0 (compatible; SERankingBacklinksBot/1.0; +https://seranking.com/backlinks-crawler)"
85.208.96.205 - - [12/Sep/2026:18:53:21 +0300] "GET /?sale%2Fsearch%2Fdetail%2F%3FITMCODE=520029715320 HTTP/1.1" 200 11138 "-" "Mozilla/5.0 (compatible; SemrushBot/7~bl; +http://www.semrush.com/bot.html)"
185.191.171.3 - - [12/Sep/2026:18:53:23 +0300] "GET /?sale%2Fsearch%2Fdetail%2F%3FITMCODE=519876720773 HTTP/1.1" 200 11138 "-" "Mozilla/5.0 (compatible; SemrushBot/7~bl; +http://www.semrush.com/bot.html)"
5.9.120.8 - - [12/Sep/2026:18:53:23 +0300] "GET /?sale/search/detail/?ITMCODE=519599342131 HTTP/1.1" 200 11118 "-" "Mozilla/5.0 (compatible; SERankingBacklinksBot/1.0; +https://seranking.com/backlinks-crawler)"
5.9.120.8 - - [12/Sep/2026:18:53:33 +0300] "GET /?sale/search/detail/?ITMCODE=519599342230 HTTP/1.1" 200 11118 "-" "Mozilla/5.0 (compatible; SERankingBacklinksBot/1.0; +https://seranking.com/backlinks-crawler)"
66.249.68.104 - - [12/Sep/2026:18:53:35 +0300] "GET /?sale/search/detail/?ITMCODE=51992365032 HTTP/1.1" 200 203502 "-" "Mozilla/5.0 (Linux; Android 6.0.1; Nexus 5X Build/MMB29P) AppleWebKit/537.36 (KHTML, like Gecko) Chrome/153.0.8010.36 Mobile Safari/537.36 (compatible; Googlebot/2.1; +http://www.google.com/bot.html)"
85.208.96.207 - - [12/Sep/2026:18:53:40 +0300] "GET /?sale%2Fsearch%2Fdetail%2F%3FITMCODE=51971418404 HTTP/1.1" 200 11138 "-" "Mozilla/5.0 (compatible; SemrushBot/7~bl; +http://www.semrush.com/bot.html)"
5.9.120.8 - - [12/Sep/2026:18:53:43 +0300] "GET /?sale/search/detail/?ITMCODE=519911214892 HTTP/1.1" 200 11118 "-" "Mozilla/5.0 (compatible; SERankingBacklinksBot/1.0; +https://seranking.com/backlinks-crawler)"
43.135.185.59 - - [12/Sep/2026:18:53:44 +0300] "GET / HTTP/1.1" 200 11120 "-" "Mozilla/5.0 (iPhone; CPU iPhone OS 13_2_3 like Mac OS X) AppleWebKit/605.1.15 (KHTML, like Gecko) Version/13.0.3 Mobile/15E148 Safari/604.1"
5.9.120.8 - - [12/Sep/2026:18:53:56 +0300] "GET /?sale/search/detail/?ITMCODE=519599346338 HTTP/1.1" 200 11118 "-" "Mozilla/5.0 (compatible; SERankingBacklinksBot/1.0; +https://seranking.com/backlinks-crawler)"
5.9.120.8 - - [12/Sep/2026:18:53:59 +0300] "GET /?sale/search/detail/?ITMCODE=519713480927 HTTP/1.1" 200 11118 "-" "Mozilla/5.0 (compatible; SERankingBacklinksBot/1.0; +https://seranking.com/backlinks-crawler)"
66.249.68.104 - - [12/Sep/2026:18:54:01 +0300] "GET /?sale/search/detail/?ITMCODE=5196984956 HTTP/1.1" 200 210936 "-" "Mozilla/5.0 (Linux; Android 6.0.1; Nexus 5X Build/MMB29P) AppleWebKit/537.36 (KHTML, like Gecko) Chrome/153.0.8010.36 Mobile Safari/537.36 (compatible; Googlebot/2.1; +http://www.google.com/bot.html)"
5.9.120.8 - - [12/Sep/2026:18:54:02 +0300] "GET /?sale/search/detail/?ITMCODE=519599347670 HTTP/1.1" 200 11118 "-" "Mozilla/5.0 (compatible; SERankingBacklinksBot/1.0; +https://seranking.com/backlinks-crawler)"
5.9.120.8 - - [12/Sep/2026:18:54:05 +0300] "GET /?sale/search/detail/?ITMCODE=519599350554 HTTP/1.1" 200 11118 "-" "Mozilla/5.0 (compatible; SERankingBacklinksBot/1.0; +https://seranking.com/backlinks-crawler)"
185.191.171.4 - - [12/Sep/2026:18:54:06 +0300] "GET /?sale%2Fsearch%2Fdetail%2F%3FITMCODE=520011910494 HTTP/1.1" 200 11138 "-" "Mozilla/5.0 (compatible; SemrushBot/7~bl; +http://www.semrush.com/bot.html)"
66.249.68.104 - - [12/Sep/2026:18:54:06 +0300] "GET /?sale/search/detail/?ITMCODE=51971135200 HTTP/1.1" 200 202018 "-" "Mozilla/5.0 (compatible; Googlebot/2.1; +http://www.google.com/bot.html)"
185.191.171.17 - - [12/Sep/2026:18:54:09 +0300] "GET /?sale%2Fsearch%2Fdetail%2F%3FITMCODE=51956408878 HTTP/1.1" 200 11138 "-" "Mozilla/5.0 (compatible; SemrushBot/7~bl; +http://www.semrush.com/bot.html)"
85.208.96.211 - - [12/Sep/2026:18:54:15 +0300] "GET /?sale%2Fsearch%2Fdetail%2F%3FITMCODE=52005908694 HTTP/1.1" 200 11138 "-" "Mozilla/5.0 (compatible; SemrushBot/7~bl; +http://www.semrush.com/bot.html)"
5.9.120.8 - - [12/Sep/2026:18:54:15 +0300] "GET /?sale/search/detail/?ITMCODE=519599353119 HTTP/1.1" 200 11118 "-" "Mozilla/5.0 (compatible; SERankingBacklinksBot/1.0; +https://seranking.com/backlinks-crawler)"
84.15.184.212 - - [12/Sep/2026:18:54:19 +0300] "GET / HTTP/1.1" 200 11120 "-" "Mozilla/5.0 (Linux; Android 10; K) AppleWebKit/537.36 (KHTML, like Gecko) Chrome/150.0.0.0 Mobile Safari/537.36"
84.15.184.212 - - [12/Sep/2026:18:54:19 +0300] "GET /plugins/content/simplepopup/simplepopup/spustyle.css HTTP/1.1" 200 529 "http://chenglong.lt/" "Mozilla/5.0 (Linux; Android 10; K) AppleWebKit/537.36 (KHTML, like Gecko) Chrome/150.0.0.0 Mobile Safari/537.36"
84.15.184.212 - - [12/Sep/2026:18:54:19 +0300] "GET /plugins/system/miniteksystemmessages/assets/css/jquery.jgrowl.css HTTP/1.1" 200 2112 "http://chenglong.lt/" "Mozilla/5.0 (Linux; Android 10; K) AppleWebKit/537.36 (KHTML, like Gecko) Chrome/150.0.0.0 Mobile Safari/537.36"
84.15.184.212 - - [12/Sep/2026:18:54:19 +0300] "GET /plugins/content/dearflip/dflip/css/dflip.css HTTP/1.1" 200 36921 "http://chenglong.lt/" "Mozilla/5.0 (Linux; Android 10; K) AppleWebKit/537.36 (KHTML, like Gecko) Chrome/150.0.0.0 Mobile Safari/537.36"
84.15.184.212 - - [12/Sep/2026:18:54:19 +0300] "GET /plugins/system/miniteksystemmessages/assets/css/style.css?v=1.0.6 HTTP/1.1" 200 3576 "http://chenglong.lt/" "Mozilla/5.0 (Linux; Android 10; K) AppleWebKit/537.36 (KHTML, like Gecko) Chrome/150.0.0.0 Mobile Safari/537.36"
84.15.184.212 - - [12/Sep/2026:18:54:19 +0300] "GET /plugins/content/dearflip/dflip/css/themify-icons.css HTTP/1.1" 200 16417 "http://chenglong.lt/" "Mozilla/5.0 (Linux; Android 10; K) AppleWebKit/537.36 (KHTML, like Gecko) Chrome/150.0.0.0 Mobile Safari/537.36"
84.15.184.212 - - [12/Sep/2026:18:54:19 +0300] "GET /plugins/content/simplepopup/simplepopup/fancybox/jquery.fancybox-1.3.4.css HTTP/1.1" 200 8963 "http://chenglong.lt/" "Mozilla/5.0 (Linux; Android 10; K) AppleWebKit/537.36 (KHTML, like Gecko) Chrome/150.0.0.0 Mobile Safari/537.36"
84.15.184.212 - - [12/Sep/2026:18:54:19 +0300] "GET /templates/system/css/system.css HTTP/1.1" 200 881 "http://chenglong.lt/" "Mozilla/5.0 (Linux; Android 10; K) AppleWebKit/537.36 (KHTML, like Gecko) Chrome/150.0.0.0 Mobile Safari/537.36"
84.15.184.212 - - [12/Sep/2026:18:54:19 +0300] "GET /templates/system/css/general.css HTTP/1.1" 200 2717 "http://chenglong.lt/" "Mozilla/5.0 (Linux; Android 10; K) AppleWebKit/537.36 (KHTML, like Gecko) Chrome/150.0.0.0 Mobile Safari/537.36"
84.15.184.212 - - [12/Sep/2026:18:54:19 +0300] "GET /templates/resto_6/css/template.responsive.css HTTP/1.1" 200 11640 "http://chenglong.lt/" "Mozilla/5.0 (Linux; Android 10; K) AppleWebKit/537.36 (KHTML, like Gecko) Chrome/150.0.0.0 Mobile Safari/537.36"
84.15.184.212 - - [12/Sep/2026:18:54:19 +0300] "GET /templates/resto_6/css/template.css HTTP/1.1" 200 65213 "http://chenglong.lt/" "Mozilla/5.0 (Linux; Android 10; K) AppleWebKit/537.36 (KHTML, like Gecko) Chrome/150.0.0.0 Mobile Safari/537.36"
84.15.184.212 - - [12/Sep/2026:18:54:19 +0300] "GET /media/jui/js/jquery.min.js?0c2ada6fb5fac50fc7ad43b82b14eaac HTTP/1.1" 200 97646 "http://chenglong.lt/" "Mozilla/5.0 (Linux; Android 10; K) AppleWebKit/537.36 (KHTML, like Gecko) Chrome/150.0.0.0 Mobile Safari/537.36"
84.15.184.212 - - [12/Sep/2026:18:54:19 +0300] "GET /media/jui/js/jquery-noconflict.js?0c2ada6fb5fac50fc7ad43b82b14eaac HTTP/1.1" 200 21 "http://chenglong.lt/" "Mozilla/5.0 (Linux; Android 10; K) AppleWebKit/537.36 (KHTML, like Gecko) Chrome/150.0.0.0 Mobile Safari/537.36"
84.15.184.212 - - [12/Sep/2026:18:54:19 +0300] "GET /media/jui/js/jquery-migrate.min.js?0c2ada6fb5fac50fc7ad43b82b14eaac HTTP/1.1" 200 10056 "http://chenglong.lt/" "Mozilla/5.0 (Linux; Android 10; K) AppleWebKit/537.36 (KHTML, like Gecko) Chrome/150.0.0.0 Mobile Safari/537.36"
84.15.184.212 - - [12/Sep/2026:18:54:19 +0300] "GET /plugins/content/simplepopup/simplepopup/fancybox/jquery.fancybox-1.3.4.patch.js HTTP/1.1" 200 18097 "http://chenglong.lt/" "Mozilla/5.0 (Linux; Android 10; K) AppleWebKit/537.36 (KHTML, like Gecko) Chrome/150.0.0.0 Mobile Safari/537.36"
84.15.184.212 - - [12/Sep/2026:18:54:19 +0300] "GET /plugins/content/simplepopup/simplepopup/fancybox/jquery.mousewheel-3.0.4.pack.js HTTP/1.1" 200 1292 "http://chenglong.lt/" "Mozilla/5.0 (Linux; Android 10; K) AppleWebKit/537.36 (KHTML, like Gecko) Chrome/150.0.0.0 Mobile Safari/537.36"
84.15.184.212 - - [12/Sep/2026:18:54:19 +0300] "GET /media/system/js/mootools-core.js?0c2ada6fb5fac50fc7ad43b82b14eaac HTTP/1.1" 200 83893 "http://chenglong.lt/" "Mozilla/5.0 (Linux; Android 10; K) AppleWebKit/537.36 (KHTML, like Gecko) Chrome/150.0.0.0 Mobile Safari/537.36"
84.15.184.212 - - [12/Sep/2026:18:54:19 +0300] "GET /media/system/js/core.js?0c2ada6fb5fac50fc7ad43b82b14eaac HTTP/1.1" 200 8735 "http://chenglong.lt/" "Mozilla/5.0 (Linux; Android 10; K) AppleWebKit/537.36 (KHTML, like Gecko) Chrome/150.0.0.0 Mobile Safari/537.36"
84.15.184.212 - - [12/Sep/2026:18:54:19 +0300] "GET /media/system/js/caption.js?0c2ada6fb5fac50fc7ad43b82b14eaac HTTP/1.1" 200 491 "http://chenglong.lt/" "Mozilla/5.0 (Linux; Android 10; K) AppleWebKit/537.36 (KHTML, like Gecko) Chrome/150.0.0.0 Mobile Safari/537.36"
84.15.184.212 - - [12/Sep/2026:18:54:19 +0300] "GET /plugins/content/dearflip/dflip/js/dflip.min.js HTTP/1.1" 200 126454 "http://chenglong.lt/" "Mozilla/5.0 (Linux; Android 10; K) AppleWebKit/537.36 (KHTML, like Gecko) Chrome/150.0.0.0 Mobile Safari/537.36"
84.15.184.212 - - [12/Sep/2026:18:54:19 +0300] "GET /plugins/system/miniteksystemmessages/assets/js/jquery.jgrowl.js HTTP/1.1" 200 16629 "http://chenglong.lt/" "Mozilla/5.0 (Linux; Android 10; K) AppleWebKit/537.36 (KHTML, like Gecko) Chrome/150.0.0.0 Mobile Safari/537.36"
84.15.184.212 - - [12/Sep/2026:18:54:19 +0300] "GET /media/system/js/mootools-more.js?0c2ada6fb5fac50fc7ad43b82b14eaac HTTP/1.1" 200 236825 "http://chenglong.lt/" "Mozilla/5.0 (Linux; Android 10; K) AppleWebKit/537.36 (KHTML, like Gecko) Chrome/150.0.0.0 Mobile Safari/537.36"
84.15.184.212 - - [12/Sep/2026:18:54:19 +0300] "GET /plugins/system/miniteksystemmessages/assets/js/script.js?v=1.0.6 HTTP/1.1" 200 7131 "http://chenglong.lt/" "Mozilla/5.0 (Linux; Android 10; K) AppleWebKit/537.36 (KHTML, like Gecko) Chrome/150.0.0.0 Mobile Safari/537.36"
84.15.184.212 - - [12/Sep/2026:18:54:19 +0300] "GET /templates/resto_6/jquery.js HTTP/1.1" 200 92629 "http://chenglong.lt/" "Mozilla/5.0 (Linux; Android 10; K) AppleWebKit/537.36 (KHTML, like Gecko) Chrome/150.0.0.0 Mobile Safari/537.36"
84.15.184.212 - - [12/Sep/2026:18:54:19 +0300] "GET /templates/resto_6/script.responsive.js HTTP/1.1" 200 21136 "http://chenglong.lt/" "Mozilla/5.0 (Linux; Android 10; K) AppleWebKit/537.36 (KHTML, like Gecko) Chrome/150.0.0.0 Mobile Safari/537.36"
84.15.184.212 - - [12/Sep/2026:18:54:19 +0300] "GET /templates/resto_6/script.js HTTP/1.1" 200 56744 "http://chenglong.lt/" "Mozilla/5.0 (Linux; Android 10; K) AppleWebKit/537.36 (KHTML, like Gecko) Chrome/150.0.0.0 Mobile Safari/537.36"
84.15.184.212 - - [12/Sep/2026:18:54:19 +0300] "GET /templates/resto_6/modules.js HTTP/1.1" 200 - "http://chenglong.lt/" "Mozilla/5.0 (Linux; Android 10; K) AppleWebKit/537.36 (KHTML, like Gecko) Chrome/150.0.0.0 Mobile Safari/537.36"
84.15.184.212 - - [12/Sep/2026:18:54:19 +0300] "GET /images/logo.png HTTP/1.1" 200 30174 "http://chenglong.lt/" "Mozilla/5.0 (Linux; Android 10; K) AppleWebKit/537.36 (KHTML, like Gecko) Chrome/150.0.0.0 Mobile Safari/537.36"
84.15.184.212 - - [12/Sep/2026:18:54:19 +0300] "GET /images/logo_dark_small.png HTTP/1.1" 200 164696 "http://chenglong.lt/" "Mozilla/5.0 (Linux; Android 10; K) AppleWebKit/537.36 (KHTML, like Gecko) Chrome/150.0.0.0 Mobile Safari/537.36"
84.15.184.212 - - [12/Sep/2026:18:54:19 +0300] "GET /images/powered.png HTTP/1.1" 200 5403 "http://chenglong.lt/" "Mozilla/5.0 (Linux; Android 10; K) AppleWebKit/537.36 (KHTML, like Gecko) Chrome/150.0.0.0 Mobile Safari/537.36"
84.15.184.212 - - [12/Sep/2026:18:54:19 +0300] "GET /media/system/css/system.css HTTP/1.1" 200 1433 "http://chenglong.lt/templates/system/css/system.css" "Mozilla/5.0 (Linux; Android 10; K) AppleWebKit/537.36 (KHTML, like Gecko) Chrome/150.0.0.0 Mobile Safari/537.36"
84.15.184.212 - - [12/Sep/2026:18:54:19 +0300] "GET /templates/resto_6/images/header.png HTTP/1.1" 200 752 "http://chenglong.lt/templates/resto_6/css/template.css" "Mozilla/5.0 (Linux; Android 10; K) AppleWebKit/537.36 (KHTML, like Gecko) Chrome/150.0.0.0 Mobile Safari/537.36"
84.15.184.212 - - [12/Sep/2026:18:54:19 +0300] "GET /templates/resto_6/images/page.jpeg HTTP/1.1" 200 816967 "http://chenglong.lt/templates/resto_6/css/template.css" "Mozilla/5.0 (Linux; Android 10; K) AppleWebKit/537.36 (KHTML, like Gecko) Chrome/150.0.0.0 Mobile Safari/537.36"
84.15.184.212 - - [12/Sep/2026:18:54:19 +0300] "GET /plugins/content/simplepopup/simplepopup/fancybox/fancybox-x.png HTTP/1.1" 200 203 "http://chenglong.lt/plugins/content/simplepopup/simplepopup/fancybox/jquery.fancybox-1.3.4.css" "Mozilla/5.0 (Linux; Android 10; K) AppleWebKit/537.36 (KHTML, like Gecko) Chrome/150.0.0.0 Mobile Safari/537.36"
84.15.184.212 - - [12/Sep/2026:18:54:19 +0300] "GET /plugins/content/simplepopup/simplepopup/fancybox/fancybox.png HTTP/1.1" 200 15287 "http://chenglong.lt/plugins/content/simplepopup/simplepopup/fancybox/jquery.fancybox-1.3.4.css" "Mozilla/5.0 (Linux; Android 10; K) AppleWebKit/537.36 (KHTML, like Gecko) Chrome/150.0.0.0 Mobile Safari/537.36"
84.15.184.212 - - [12/Sep/2026:18:54:19 +0300] "GET /plugins/content/simplepopup/simplepopup/fancybox/fancybox-y.png HTTP/1.1" 200 176 "http://chenglong.lt/plugins/content/simplepopup/simplepopup/fancybox/jquery.fancybox-1.3.4.css" "Mozilla/5.0 (Linux; Android 10; K) AppleWebKit/537.36 (KHTML, like Gecko) Chrome/150.0.0.0 Mobile Safari/537.36"
84.15.184.212 - - [12/Sep/2026:18:54:19 +0300] "GET /templates/resto_6/favicon.ico HTTP/1.1" 200 23558 "http://chenglong.lt/" "Mozilla/5.0 (Linux; Android 10; K) AppleWebKit/537.36 (KHTML, like Gecko) Chrome/150.0.0.0 Mobile Safari/537.36"
5.9.120.8 - - [12/Sep/2026:18:54:22 +0300] "GET /?sale/search/detail/?ITMCODE=519911219297 HTTP/1.1" 200 11118 "-" "Mozilla/5.0 (compatible; SERankingBacklinksBot/1.0; +https://seranking.com/backlinks-crawler)"
84.15.184.212 - - [12/Sep/2026:18:54:23 +0300] "GET /index.php/dienos-pietus HTTP/1.1" 200 12414 "http://chenglong.lt/" "Mozilla/5.0 (Linux; Android 10; K) AppleWebKit/537.36 (KHTML, like Gecko) Chrome/150.0.0.0 Mobile Safari/537.36"
84.15.184.212 - - [12/Sep/2026:18:54:23 +0300] "GET /templates/resto_6/modules.js HTTP/1.1" 200 - "http://chenglong.lt/index.php/dienos-pietus" "Mozilla/5.0 (Linux; Android 10; K) AppleWebKit/537.36 (KHTML, like Gecko) Chrome/150.0.0.0 Mobile Safari/537.36"
84.15.184.212 - - [12/Sep/2026:18:54:23 +0300] "GET /images/dienos_new3/DP_1.jpg HTTP/1.1" 200 1087539 "http://chenglong.lt/index.php/dienos-pietus" "Mozilla/5.0 (Linux; Android 10; K) AppleWebKit/537.36 (KHTML, like Gecko) Chrome/150.0.0.0 Mobile Safari/537.36"
84.15.184.212 - - [12/Sep/2026:18:54:24 +0300] "GET /plugins/content/dearflip/dflip/images/loading.gif HTTP/1.1" 200 2767 "http://chenglong.lt/plugins/content/dearflip/dflip/css/dflip.css" "Mozilla/5.0 (Linux; Android 10; K) AppleWebKit/537.36 (KHTML, like Gecko) Chrome/150.0.0.0 Mobile Safari/537.36"
84.15.184.212 - - [12/Sep/2026:18:54:24 +0300] "GET /plugins/content/dearflip/dflip/sound/turn2.mp3?ver=1.7.15 HTTP/1.1" 206 30039 "http://chenglong.lt/index.php/dienos-pietus" "Mozilla/5.0 (Linux; Android 10; K) AppleWebKit/537.36 (KHTML, like Gecko) Chrome/150.0.0.0 Mobile Safari/537.36"
84.15.184.212 - - [12/Sep/2026:18:54:24 +0300] "GET /plugins/content/dearflip/dflip/fonts/themify.woff HTTP/1.1" 200 56108 "http://chenglong.lt/plugins/content/dearflip/dflip/css/themify-icons.css" "Mozilla/5.0 (Linux; Android 10; K) AppleWebKit/537.36 (KHTML, like Gecko) Chrome/150.0.0.0 Mobile Safari/537.36"
84.15.184.212 - - [12/Sep/2026:18:54:24 +0300] "GET / HTTP/1.1" 200 11120 "http://chenglong.lt/index.php/dienos-pietus" "Mozilla/5.0 (Linux; Android 10; K) AppleWebKit/537.36 (KHTML, like Gecko) Chrome/150.0.0.0 Mobile Safari/537.36"
84.15.184.212 - - [12/Sep/2026:18:54:24 +0300] "GET /images/dienos_new3/DP_2.jpg HTTP/1.1" 200 1377930 "http://chenglong.lt/index.php/dienos-pietus" "Mozilla/5.0 (Linux; Android 10; K) AppleWebKit/537.36 (KHTML, like Gecko) Chrome/150.0.0.0 Mobile Safari/537.36"
142.250.32.3 - - [12/Sep/2026:18:54:25 +0300] "GET /index.php/dienos-pietus HTTP/1.1" 200 211823 "-" "Mozilla/5.0 (Linux; Android 10; K) AppleWebKit/537.36 (KHTML, like Gecko) Chrome/138.0.0.0 Mobile Safari/537.36 (compatible; Google-Read-Aloud; +https://support.google.com/webmasters/answer/1061943)"
84.15.184.212 - - [12/Sep/2026:18:54:26 +0300] "GET /images/dienos_new3/DP_3.jpg HTTP/1.1" 200 1509198 "http://chenglong.lt/index.php/dienos-pietus" "Mozilla/5.0 (Linux; Android 10; K) AppleWebKit/537.36 (KHTML, like Gecko) Chrome/150.0.0.0 Mobile Safari/537.36"
5.9.120.8 - - [12/Sep/2026:18:54:31 +0300] "GET /?sale/search/detail/?ITMCODE=519599354779 HTTP/1.1" 200 11118 "-" "Mozilla/5.0 (compatible; SERankingBacklinksBot/1.0; +https://seranking.com/backlinks-crawler)"
66.249.68.104 - - [12/Sep/2026:18:54:32 +0300] "GET /?sale/search/detail/?ITMCODE=51981978465 HTTP/1.1" 200 205157 "-" "Mozilla/5.0 (Linux; Android 6.0.1; Nexus 5X Build/MMB29P) AppleWebKit/537.36 (KHTML, like Gecko) Chrome/153.0.8010.36 Mobile Safari/537.36 (compatible; Googlebot/2.1; +http://www.google.com/bot.html)"
5.9.120.8 - - [12/Sep/2026:18:54:38 +0300] "GET /?sale/search/detail/?ITMCODE=519599358577 HTTP/1.1" 200 11118 "-" "Mozilla/5.0 (compatible; SERankingBacklinksBot/1.0; +https://seranking.com/backlinks-crawler)"
85.208.96.207 - - [12/Sep/2026:18:54:40 +0300] "GET /?sale%2Fsearch%2Fdetail%2F%3FITMCODE=519716012584 HTTP/1.1" 200 11138 "-" "Mozilla/5.0 (compatible; SemrushBot/7~bl; +http://www.semrush.com/bot.html)"
5.9.120.8 - - [12/Sep/2026:18:54:41 +0300] "GET /?sale/search/detail/?ITMCODE=519713490165 HTTP/1.1" 200 11118 "-" "Mozilla/5.0 (compatible; SERankingBacklinksBot/1.0; +https://seranking.com/backlinks-crawler)"
5.9.120.8 - - [12/Sep/2026:18:54:44 +0300] "GET /?sale/search/detail/?ITMCODE=519599359013 HTTP/1.1" 200 11118 "-" "Mozilla/5.0 (compatible; SERankingBacklinksBot/1.0; +https://seranking.com/backlinks-crawler)"
5.9.120.8 - - [12/Sep/2026:18:54:47 +0300] "GET /?sale/search/detail/?ITMCODE=519911221565 HTTP/1.1" 200 11118 "-" "Mozilla/5.0 (compatible; SERankingBacklinksBot/1.0; +https://seranking.com/backlinks-crawler)"
66.249.68.104 - - [12/Sep/2026:18:54:51 +0300] "GET /?sale/search/detail/?ITMCODE=51981520915 HTTP/1.1" 200 198545 "-" "Mozilla/5.0 (Linux; Android 6.0.1; Nexus 5X Build/MMB29P) AppleWebKit/537.36 (KHTML, like Gecko) Chrome/153.0.8010.36 Mobile Safari/537.36 (compatible; Googlebot/2.1; +http://www.google.com/bot.html)"
5.9.120.8 - - [12/Sep/2026:18:54:57 +0300] "GET /?sale/search/detail/?ITMCODE=519599363256 HTTP/1.1" 200 11118 "-" "Mozilla/5.0 (compatible; SERankingBacklinksBot/1.0; +https://seranking.com/backlinks-crawler)"
85.208.96.211 - - [12/Sep/2026:18:55:12 +0300] "GET /?sale%2Fsearch%2Fdetail%2F%3FITMCODE=519926119145 HTTP/1.1" 200 11138 "-" "Mozilla/5.0 (compatible; SemrushBot/7~bl; +http://www.semrush.com/bot.html)"
5.9.120.8 - - [12/Sep/2026:18:55:13 +0300] "GET /?sale/search/detail/?ITMCODE=519599364044 HTTP/1.1" 200 11118 "-" "Mozilla/5.0 (compatible; SERankingBacklinksBot/1.0; +https://seranking.com/backlinks-crawler)"
5.9.120.8 - - [12/Sep/2026:18:55:23 +0300] "GET /?sale/search/detail/?ITMCODE=519599367508 HTTP/1.1" 200 11118 "-" "Mozilla/5.0 (compatible; SERankingBacklinksBot/1.0; +https://seranking.com/backlinks-crawler)"
66.249.68.104 - - [12/Sep/2026:18:55:24 +0300] "GET /?sale/search/detail/?ITMCODE=51981846008 HTTP/1.1" 200 206073 "-" "Mozilla/5.0 (Linux; Android 6.0.1; Nexus 5X Build/MMB29P) AppleWebKit/537.36 (KHTML, like Gecko) Chrome/153.0.8010.36 Mobile Safari/537.36 (compatible; Googlebot/2.1; +http://www.google.com/bot.html)"
5.9.120.8 - - [12/Sep/2026:18:55:33 +0300] "GET /?sale/search/detail/?ITMCODE=519713499412 HTTP/1.1" 200 11118 "-" "Mozilla/5.0 (compatible; SERankingBacklinksBot/1.0; +https://seranking.com/backlinks-crawler)"
5.9.120.8 - - [12/Sep/2026:18:55:36 +0300] "GET /?sale/search/detail/?ITMCODE=519599369520 HTTP/1.1" 200 11118 "-" "Mozilla/5.0 (compatible; SERankingBacklinksBot/1.0; +https://seranking.com/backlinks-crawler)"
5.9.120.8 - - [12/Sep/2026:18:55:39 +0300] "GET /?sale/search/detail/?ITMCODE=519599371769 HTTP/1.1" 200 11118 "-" "Mozilla/5.0 (compatible; SERankingBacklinksBot/1.0; +https://seranking.com/backlinks-crawler)"
85.208.96.209 - - [12/Sep/2026:18:55:41 +0300] "GET /?sale%2Fsearch%2Fdetail%2F%3FITMCODE=519813855344 HTTP/1.1" 200 11138 "-" "Mozilla/5.0 (compatible; SemrushBot/7~bl; +http://www.semrush.com/bot.html)"
5.9.120.8 - - [12/Sep/2026:18:55:49 +0300] "GET /?sale/search/detail/?ITMCODE=519599375005 HTTP/1.1" 200 11118 "-" "Mozilla/5.0 (compatible; SERankingBacklinksBot/1.0; +https://seranking.com/backlinks-crawler)"
185.191.171.6 - - [12/Sep/2026:18:55:49 +0300] "GET /?sale%2Fsearch%2Fdetail%2F%3FITMCODE=519813824812 HTTP/1.1" 200 11138 "-" "Mozilla/5.0 (compatible; SemrushBot/7~bl; +http://www.semrush.com/bot.html)"
66.249.68.105 - - [12/Sep/2026:18:55:52 +0300] "GET /sale/search/detail/?ITMCODE=519511303 HTTP/1.1" 200 199115 "-" "Mozilla/5.0 (compatible; Googlebot/2.1; +http://www.google.com/bot.html)"
5.9.120.8 - - [12/Sep/2026:18:55:52 +0300] "GET /?sale/search/detail/?ITMCODE=519599376039 HTTP/1.1" 200 11118 "-" "Mozilla/5.0 (compatible; SERankingBacklinksBot/1.0; +https://seranking.com/backlinks-crawler)"
5.9.120.8 - - [12/Sep/2026:18:56:02 +0300] "GET /?sale/search/detail/?ITMCODE=519911228247 HTTP/1.1" 200 11118 "-" "Mozilla/5.0 (compatible; SERankingBacklinksBot/1.0; +https://seranking.com/backlinks-crawler)"
5.9.120.8 - - [12/Sep/2026:18:56:05 +0300] "GET /?sale/search/detail/?ITMCODE=519599380318 HTTP/1.1" 200 11118 "-" "Mozilla/5.0 (compatible; SERankingBacklinksBot/1.0; +https://seranking.com/backlinks-crawler)"
5.9.120.8 - - [12/Sep/2026:18:56:08 +0300] "GET /?sale/search/detail/?ITMCODE=519911228517 HTTP/1.1" 200 11118 "-" "Mozilla/5.0 (compatible; SERankingBacklinksBot/1.0; +https://seranking.com/backlinks-crawler)"
5.9.120.8 - - [12/Sep/2026:18:56:12 +0300] "GET /?sale/search/detail/?ITMCODE=519599380499 HTTP/1.1" 200 11118 "-" "Mozilla/5.0 (compatible; SERankingBacklinksBot/1.0; +https://seranking.com/backlinks-crawler)"
5.9.120.8 - - [12/Sep/2026:18:56:21 +0300] "GET /?sale/search/detail/?ITMCODE=519599384606 HTTP/1.1" 200 11118 "-" "Mozilla/5.0 (compatible; SERankingBacklinksBot/1.0; +https://seranking.com/backlinks-crawler)"
5.9.120.8 - - [12/Sep/2026:18:56:24 +0300] "GET /?sale/search/detail/?ITMCODE=519599386002 HTTP/1.1" 200 11118 "-" "Mozilla/5.0 (compatible; SERankingBacklinksBot/1.0; +https://seranking.com/backlinks-crawler)"
5.9.120.8 - - [12/Sep/2026:18:56:31 +0300] "GET /?sale/search/detail/?ITMCODE=519599388903 HTTP/1.1" 200 11118 "-" "Mozilla/5.0 (compatible; SERankingBacklinksBot/1.0; +https://seranking.com/backlinks-crawler)"
129.226.146.146 - - [12/Sep/2026:18:56:34 +0300] "GET / HTTP/1.1" 200 11120 "-" "Mozilla/5.0 (iPhone; CPU iPhone OS 13_2_3 like Mac OS X) AppleWebKit/605.1.15 (KHTML, like Gecko) Version/13.0.3 Mobile/15E148 Safari/604.1"
66.249.68.105 - - [12/Sep/2026:18:56:35 +0300] "GET /?sale/search/detail/?ITMCODE=5195276177 HTTP/1.1" 200 197533 "-" "Mozilla/5.0 (Linux; Android 6.0.1; Nexus 5X Build/MMB29P) AppleWebKit/537.36 (KHTML, like Gecko) Chrome/153.0.8010.36 Mobile Safari/537.36 (compatible; Googlebot/2.1; +http://www.google.com/bot.html)"
5.9.120.8 - - [12/Sep/2026:18:56:37 +0300] "GET /?sale/search/detail/?ITMCODE=519599391514 HTTP/1.1" 200 11118 "-" "Mozilla/5.0 (compatible; SERankingBacklinksBot/1.0; +https://seranking.com/backlinks-crawler)"
185.191.171.11 - - [12/Sep/2026:18:56:41 +0300] "GET /?sale%2Fsearch%2Fdetail%2F%3FITMCODE=51995450800 HTTP/1.1" 200 11138 "-" "Mozilla/5.0 (compatible; SemrushBot/7~bl; +http://www.semrush.com/bot.html)"
185.191.171.12 - - [12/Sep/2026:18:56:43 +0300] "GET /?sale%2Fsearch%2Fdetail%2F%3FITMCODE=519914371440 HTTP/1.1" 200 11138 "-" "Mozilla/5.0 (compatible; SemrushBot/7~bl; +http://www.semrush.com/bot.html)"
5.9.120.8 - - [12/Sep/2026:18:56:47 +0300] "GET /?sale/search/detail/?ITMCODE=519599393209 HTTP/1.1" 200 11118 "-" "Mozilla/5.0 (compatible; SERankingBacklinksBot/1.0; +https://seranking.com/backlinks-crawler)"
5.9.120.8 - - [12/Sep/2026:18:57:00 +0300] "GET /?sale/search/detail/?ITMCODE=519599397035 HTTP/1.1" 200 11118 "-" "Mozilla/5.0 (compatible; SERankingBacklinksBot/1.0; +https://seranking.com/backlinks-crawler)"
85.208.96.212 - - [12/Sep/2026:18:57:03 +0300] "GET /?sale%2Fsearch%2Fdetail%2F%3FITMCODE=51984880868 HTTP/1.1" 200 11138 "-" "Mozilla/5.0 (compatible; SemrushBot/7~bl; +http://www.semrush.com/bot.html)"
5.9.120.8 - - [12/Sep/2026:18:57:03 +0300] "GET /?sale/search/detail/?ITMCODE=519599397524 HTTP/1.1" 200 11118 "-" "Mozilla/5.0 (compatible; SERankingBacklinksBot/1.0; +https://seranking.com/backlinks-crawler)"
5.9.120.8 - - [12/Sep/2026:18:57:07 +0300] "GET /?sale/search/detail/?ITMCODE=519911234938 HTTP/1.1" 200 11118 "-" "Mozilla/5.0 (compatible; SERankingBacklinksBot/1.0; +https://seranking.com/backlinks-crawler)"
85.208.96.195 - - [12/Sep/2026:18:57:10 +0300] "GET /?sale%2Fsearch%2Fdetail%2F%3FITMCODE=519813606880 HTTP/1.1" 200 11138 "-" "Mozilla/5.0 (compatible; SemrushBot/7~bl; +http://www.semrush.com/bot.html)"
5.9.120.8 - - [12/Sep/2026:18:57:13 +0300] "GET /?sale/search/detail/?ITMCODE=519599401848 HTTP/1.1" 200 11118 "-" "Mozilla/5.0 (compatible; SERankingBacklinksBot/1.0; +https://seranking.com/backlinks-crawler)"
85.208.96.204 - - [12/Sep/2026:18:57:15 +0300] "GET /?sale%2Fsearch%2Fdetail%2F%3FITMCODE=51956447819 HTTP/1.1" 200 11138 "-" "Mozilla/5.0 (compatible; SemrushBot/7~bl; +http://www.semrush.com/bot.html)"
5.9.120.8 - - [12/Sep/2026:18:57:16 +0300] "GET /?sale/search/detail/?ITMCODE=519599402565 HTTP/1.1" 200 11118 "-" "Mozilla/5.0 (compatible; SERankingBacklinksBot/1.0; +https://seranking.com/backlinks-crawler)"
185.191.171.3 - - [12/Sep/2026:18:57:21 +0300] "GET /?sale%2Fsearch%2Fdetail%2F%3FITMCODE=519725382338 HTTP/1.1" 200 11138 "-" "Mozilla/5.0 (compatible; SemrushBot/7~bl; +http://www.semrush.com/bot.html)"
5.9.120.8 - - [12/Sep/2026:18:57:23 +0300] "GET /?sale/search/detail/?ITMCODE=519911237746 HTTP/1.1" 200 11118 "-" "Mozilla/5.0 (compatible; SERankingBacklinksBot/1.0; +https://seranking.com/backlinks-crawler)"
5.9.120.8 - - [12/Sep/2026:18:57:26 +0300] "GET /?sale/search/detail/?ITMCODE=519599406181 HTTP/1.1" 200 11118 "-" "Mozilla/5.0 (compatible; SERankingBacklinksBot/1.0; +https://seranking.com/backlinks-crawler)"
185.191.171.9 - - [12/Sep/2026:18:57:31 +0300] "GET /?sale%2Fsearch%2Fdetail%2F%3FITMCODE=519627927952 HTTP/1.1" 200 11138 "-" "Mozilla/5.0 (compatible; SemrushBot/7~bl; +http://www.semrush.com/bot.html)"
5.9.120.8 - - [12/Sep/2026:18:57:36 +0300] "GET /?sale/search/detail/?ITMCODE=519599408104 HTTP/1.1" 200 11118 "-" "Mozilla/5.0 (compatible; SERankingBacklinksBot/1.0; +https://seranking.com/backlinks-crawler)"
85.208.96.205 - - [12/Sep/2026:18:57:37 +0300] "GET /?sale%2Fsearch%2Fdetail%2F%3FITMCODE=519713352403 HTTP/1.1" 200 11138 "-" "Mozilla/5.0 (compatible; SemrushBot/7~bl; +http://www.semrush.com/bot.html)"
5.9.120.8 - - [12/Sep/2026:18:57:39 +0300] "GET /?sale/search/detail/?ITMCODE=519599410523 HTTP/1.1" 200 11118 "-" "Mozilla/5.0 (compatible; SERankingBacklinksBot/1.0; +https://seranking.com/backlinks-crawler)"
85.208.96.194 - - [12/Sep/2026:18:57:40 +0300] "GET /?sale%2Fsearch%2Fdetail%2F%3FITMCODE=519917095209 HTTP/1.1" 200 11138 "-" "Mozilla/5.0 (compatible; SemrushBot/7~bl; +http://www.semrush.com/bot.html)"
5.9.120.8 - - [12/Sep/2026:18:57:52 +0300] "GET /?sale/search/detail/?ITMCODE=519599413652 HTTP/1.1" 200 11118 "-" "Mozilla/5.0 (compatible; SERankingBacklinksBot/1.0; +https://seranking.com/backlinks-crawler)"
185.191.171.15 - - [12/Sep/2026:18:57:54 +0300] "GET /?sale%2Fsearch%2Fdetail%2F%3FITMCODE=519917174569 HTTP/1.1" 200 11138 "-" "Mozilla/5.0 (compatible; SemrushBot/7~bl; +http://www.semrush.com/bot.html)"
5.9.120.8 - - [12/Sep/2026:18:57:55 +0300] "GET /?sale/search/detail/?ITMCODE=519599414874 HTTP/1.1" 200 11118 "-" "Mozilla/5.0 (compatible; SERankingBacklinksBot/1.0; +https://seranking.com/backlinks-crawler)"
5.9.120.8 - - [12/Sep/2026:18:57:58 +0300] "GET /?sale/search/detail/?ITMCODE=519911241638 HTTP/1.1" 200 11118 "-" "Mozilla/5.0 (compatible; SERankingBacklinksBot/1.0; +https://seranking.com/backlinks-crawler)"
185.191.171.9 - - [12/Sep/2026:18:58:04 +0300] "GET /?sale%2Fsearch%2Fdetail%2F%3FITMCODE=51974228463 HTTP/1.1" 200 11138 "-" "Mozilla/5.0 (compatible; SemrushBot/7~bl; +http://www.semrush.com/bot.html)"
5.9.120.8 - - [12/Sep/2026:18:58:08 +0300] "GET /?sale/search/detail/?ITMCODE=519599419209 HTTP/1.1" 200 11118 "-" "Mozilla/5.0 (compatible; SERankingBacklinksBot/1.0; +https://seranking.com/backlinks-crawler)"
5.9.120.8 - - [12/Sep/2026:18:58:11 +0300] "GET /?sale/search/detail/?ITMCODE=519599419234 HTTP/1.1" 200 11118 "-" "Mozilla/5.0 (compatible; SERankingBacklinksBot/1.0; +https://seranking.com/backlinks-crawler)"
5.9.120.8 - - [12/Sep/2026:18:58:15 +0300] "GET /?sale/search/detail/?ITMCODE=519599423603 HTTP/1.1" 200 11118 "-" "Mozilla/5.0 (compatible; SERankingBacklinksBot/1.0; +https://seranking.com/backlinks-crawler)"
185.191.171.1 - - [12/Sep/2026:18:58:27 +0300] "GET /?sale%2Fsearch%2Fdetail%2F%3FITMCODE=51966528787 HTTP/1.1" 200 11138 "-" "Mozilla/5.0 (compatible; SemrushBot/7~bl; +http://www.semrush.com/bot.html)"
5.9.120.8 - - [12/Sep/2026:18:58:31 +0300] "GET /?sale/search/detail/?ITMCODE=519599424775 HTTP/1.1" 200 11118 "-" "Mozilla/5.0 (compatible; SERankingBacklinksBot/1.0; +https://seranking.com/backlinks-crawler)"
5.9.120.8 - - [12/Sep/2026:18:58:34 +0300] "GET /?sale/search/detail/?ITMCODE=519599427981 HTTP/1.1" 200 11118 "-" "Mozilla/5.0 (compatible; SERankingBacklinksBot/1.0; +https://seranking.com/backlinks-crawler)"
85.208.96.210 - - [12/Sep/2026:18:58:36 +0300] "GET /?sale%2Fsearch%2Fdetail%2F%3FITMCODE=51974451762 HTTP/1.1" 200 11138 "-" "Mozilla/5.0 (compatible; SemrushBot/7~bl; +http://www.semrush.com/bot.html)"
5.9.120.8 - - [12/Sep/2026:18:58:37 +0300] "GET /?sale/search/detail/?ITMCODE=519911246984 HTTP/1.1" 200 11118 "-" "Mozilla/5.0 (compatible; SERankingBacklinksBot/1.0; +https://seranking.com/backlinks-crawler)"
5.9.120.8 - - [12/Sep/2026:18:58:40 +0300] "GET /?sale/search/detail/?ITMCODE=519599430350 HTTP/1.1" 200 11118 "-" "Mozilla/5.0 (compatible; SERankingBacklinksBot/1.0; +https://seranking.com/backlinks-crawler)"
5.9.120.8 - - [12/Sep/2026:18:58:50 +0300] "GET /?sale/search/detail/?ITMCODE=519599432368 HTTP/1.1" 200 11118 "-" "Mozilla/5.0 (compatible; SERankingBacklinksBot/1.0; +https://seranking.com/backlinks-crawler)"
5.9.120.8 - - [12/Sep/2026:18:58:57 +0300] "GET /?sale/search/detail/?ITMCODE=519911248347 HTTP/1.1" 200 11118 "-" "Mozilla/5.0 (compatible; SERankingBacklinksBot/1.0; +https://seranking.com/backlinks-crawler)"
5.9.120.8 - - [12/Sep/2026:18:59:00 +0300] "GET /?sale/search/detail/?ITMCODE=519599435934 HTTP/1.1" 200 11118 "-" "Mozilla/5.0 (compatible; SERankingBacklinksBot/1.0; +https://seranking.com/backlinks-crawler)"
5.9.120.8 - - [12/Sep/2026:18:59:03 +0300] "GET /?sale/search/detail/?ITMCODE=519599436764 HTTP/1.1" 200 11118 "-" "Mozilla/5.0 (compatible; SERankingBacklinksBot/1.0; +https://seranking.com/backlinks-crawler)"
5.9.120.8 - - [12/Sep/2026:18:59:13 +0300] "GET /?sale/search/detail/?ITMCODE=519599441169 HTTP/1.1" 200 11118 "-" "Mozilla/5.0 (compatible; SERankingBacklinksBot/1.0; +https://seranking.com/backlinks-crawler)"
5.9.120.8 - - [12/Sep/2026:18:59:19 +0300] "GET /?sale/search/detail/?ITMCODE=519599441527 HTTP/1.1" 200 11118 "-" "Mozilla/5.0 (compatible; SERankingBacklinksBot/1.0; +https://seranking.com/backlinks-crawler)"
