66.249.68.96 - - [14/Sep/2026:22:25:29 +0300] "GET /?sale/search/detail/?ITMCODE=5195464822 HTTP/1.1" 200 204403 "-" "Mozilla/5.0 (Linux; Android 6.0.1; Nexus 5X Build/MMB29P) AppleWebKit/537.36 (KHTML, like Gecko) Chrome/152.0.7977.82 Mobile Safari/537.36 (compatible; Googlebot/2.1; +http://www.google.com/bot.html)"
66.249.68.96 - - [14/Sep/2026:22:25:53 +0300] "GET /?sale/search/detail/?ITMCODE=5196730509 HTTP/1.1" 200 220933 "-" "Mozilla/5.0 (Linux; Android 6.0.1; Nexus 5X Build/MMB29P) AppleWebKit/537.36 (KHTML, like Gecko) Chrome/152.0.7977.82 Mobile Safari/537.36 (compatible; Googlebot/2.1; +http://www.google.com/bot.html)"
66.249.68.96 - - [14/Sep/2026:22:26:38 +0300] "GET /?sale/search/detail/?ITMCODE=52002915847 HTTP/1.1" 200 229580 "-" "Mozilla/5.0 (Linux; Android 6.0.1; Nexus 5X Build/MMB29P) AppleWebKit/537.36 (KHTML, like Gecko) Chrome/152.0.7977.82 Mobile Safari/537.36 (compatible; Googlebot/2.1; +http://www.google.com/bot.html)"
66.249.77.10 - - [14/Sep/2026:22:26:43 +0300] "GET /?sale/search/detail/?ITMCODE=51992224818 HTTP/1.1" 200 202457 "-" "Mozilla/5.0 (Linux; Android 6.0.1; Nexus 5X Build/MMB29P) AppleWebKit/537.36 (KHTML, like Gecko) Chrome/152.0.7977.82 Mobile Safari/537.36 (compatible; Googlebot/2.1; +http://www.google.com/bot.html)"
66.249.68.96 - - [14/Sep/2026:22:27:10 +0300] "GET /?sale/search/detail/?ITMCODE=51992281340 HTTP/1.1" 200 195892 "-" "Mozilla/5.0 (Linux; Android 6.0.1; Nexus 5X Build/MMB29P) AppleWebKit/537.36 (KHTML, like Gecko) Chrome/152.0.7977.82 Mobile Safari/537.36 (compatible; Googlebot/2.1; +http://www.google.com/bot.html)"
66.249.68.97 - - [14/Sep/2026:22:27:29 +0300] "GET /?sale/search/detail/?ITMCODE=5195250229 HTTP/1.1" 200 209987 "-" "Mozilla/5.0 (Linux; Android 6.0.1; Nexus 5X Build/MMB29P) AppleWebKit/537.36 (KHTML, like Gecko) Chrome/152.0.7977.82 Mobile Safari/537.36 (compatible; Googlebot/2.1; +http://www.google.com/bot.html)"
85.208.96.205 - - [14/Sep/2026:22:27:31 +0300] "GET /?sale%2Fsearch%2Fdetail%2F%3FITMCODE=520014833282 HTTP/1.1" 200 11138 "-" "Mozilla/5.0 (compatible; SemrushBot/7~bl; +http://www.semrush.com/bot.html)"
185.191.171.13 - - [14/Sep/2026:22:27:46 +0300] "GET /?sale%2Fsearch%2Fdetail%2F%3FITMCODE=519710003018 HTTP/1.1" 200 11138 "-" "Mozilla/5.0 (compatible; SemrushBot/7~bl; +http://www.semrush.com/bot.html)"
40.77.167.27 - - [14/Sep/2026:22:28:05 +0300] "GET /sale/search/detail/?ITMCODE=52002893574 HTTP/1.1" 200 197054 "-" "Mozilla/5.0 AppleWebKit/537.36 (KHTML, like Gecko; compatible; bingbot/2.0; +http://www.bing.com/bingbot.htm) Chrome/116.0.1938.76 Safari/537.36"
85.208.96.199 - - [14/Sep/2026:22:28:21 +0300] "GET /?sale%2Fsearch%2Fdetail%2F%3FITMCODE=519822790458 HTTP/1.1" 200 11138 "-" "Mozilla/5.0 (compatible; SemrushBot/7~bl; +http://www.semrush.com/bot.html)"
66.249.68.97 - - [14/Sep/2026:22:28:25 +0300] "GET /?sale/search/detail/?ITMCODE=51971488611 HTTP/1.1" 200 194416 "-" "Mozilla/5.0 (Linux; Android 6.0.1; Nexus 5X Build/MMB29P) AppleWebKit/537.36 (KHTML, like Gecko) Chrome/152.0.7977.82 Mobile Safari/537.36 (compatible; Googlebot/2.1; +http://www.google.com/bot.html)"
85.208.96.197 - - [14/Sep/2026:22:29:50 +0300] "GET /?sale%2Fsearch%2Fdetail%2F%3FITMCODE=51984753944 HTTP/1.1" 200 11138 "-" "Mozilla/5.0 (compatible; SemrushBot/7~bl; +http://www.semrush.com/bot.html)"
185.191.171.12 - - [14/Sep/2026:22:30:49 +0300] "GET /?sale%2Fsearch%2Fdetail%2F%3FITMCODE=52005986404 HTTP/1.1" 200 11138 "-" "Mozilla/5.0 (compatible; SemrushBot/7~bl; +http://www.semrush.com/bot.html)"
40.77.167.24 - - [14/Sep/2026:22:30:55 +0300] "GET /shop/pg/5196815462 HTTP/1.1" 200 197534 "-" "Mozilla/5.0 AppleWebKit/537.36 (KHTML, like Gecko; compatible; bingbot/2.0; +http://www.bing.com/bingbot.htm) Chrome/116.0.1938.76 Safari/537.36"
195.140.224.143 - - [14/Sep/2026:22:31:20 +0300] "GET http://www.chenglong.lt/?sale%2Fsearch%2Fdetail%2F%3FITMCODE=52002902517 HTTP/1.1" 404 1317 "http://www.chenglong.lt" "Mozilla/5.0 (Windows NT 10.0; Win64; x64) AppleWebKit/537.36 (KHTML, like Gecko) Chrome/144.0.0.0 Safari/537.36 Edg/144.0.0.0"
85.208.96.207 - - [14/Sep/2026:22:31:25 +0300] "GET /?sale%2Fsearch%2Fdetail%2F%3FITMCODE=51971288846 HTTP/1.1" 200 11138 "-" "Mozilla/5.0 (compatible; SemrushBot/7~bl; +http://www.semrush.com/bot.html)"
66.249.68.96 - - [14/Sep/2026:22:32:16 +0300] "GET /?sale/search/detail/?ITMCODE=51992040602 HTTP/1.1" 200 212050 "-" "Mozilla/5.0 (Linux; Android 6.0.1; Nexus 5X Build/MMB29P) AppleWebKit/537.36 (KHTML, like Gecko) Chrome/152.0.7977.82 Mobile Safari/537.36 (compatible; Googlebot/2.1; +http://www.google.com/bot.html)"
85.208.96.199 - - [14/Sep/2026:22:32:26 +0300] "GET /?sale%2Fsearch%2Fdetail%2F%3FITMCODE=51984563523 HTTP/1.1" 200 11138 "-" "Mozilla/5.0 (compatible; SemrushBot/7~bl; +http://www.semrush.com/bot.html)"
66.249.68.99 - - [14/Sep/2026:22:33:00 +0300] "GET /?sale/search/detail/?ITMCODE=5196658058 HTTP/1.1" 200 199181 "-" "Mozilla/5.0 (Linux; Android 6.0.1; Nexus 5X Build/MMB29P) AppleWebKit/537.36 (KHTML, like Gecko) Chrome/152.0.7977.82 Mobile Safari/537.36 (compatible; Googlebot/2.1; +http://www.google.com/bot.html)"
185.191.171.6 - - [14/Sep/2026:22:33:01 +0300] "GET /?sale%2Fsearch%2Fdetail%2F%3FITMCODE=520020670186 HTTP/1.1" 200 11138 "-" "Mozilla/5.0 (compatible; SemrushBot/7~bl; +http://www.semrush.com/bot.html)"
66.249.68.96 - - [14/Sep/2026:22:33:06 +0300] "GET /?sale/search/detail/?ITMCODE=51981984419 HTTP/1.1" 200 196953 "-" "Mozilla/5.0 (Linux; Android 6.0.1; Nexus 5X Build/MMB29P) AppleWebKit/537.36 (KHTML, like Gecko) Chrome/152.0.7977.82 Mobile Safari/537.36 (compatible; Googlebot/2.1; +http://www.google.com/bot.html)"
85.208.96.207 - - [14/Sep/2026:22:33:42 +0300] "GET /?sale%2Fsearch%2Fdetail%2F%3FITMCODE=51977286703 HTTP/1.1" 200 11138 "-" "Mozilla/5.0 (compatible; SemrushBot/7~bl; +http://www.semrush.com/bot.html)"
66.249.68.96 - - [14/Sep/2026:22:33:56 +0300] "GET /?sale/search/detail/?ITMCODE=5196549090 HTTP/1.1" 200 203133 "-" "Mozilla/5.0 (Linux; Android 6.0.1; Nexus 5X Build/MMB29P) AppleWebKit/537.36 (KHTML, like Gecko) Chrome/152.0.7977.82 Mobile Safari/537.36 (compatible; Googlebot/2.1; +http://www.google.com/bot.html)"
85.208.96.198 - - [14/Sep/2026:22:34:18 +0300] "GET /?sale%2Fsearch%2Fdetail%2F%3FITMCODE=519926333247 HTTP/1.1" 200 11138 "-" "Mozilla/5.0 (compatible; SemrushBot/7~bl; +http://www.semrush.com/bot.html)"
66.249.68.97 - - [14/Sep/2026:22:35:02 +0300] "GET /?sale/search/detail/?ITMCODE=52002619337 HTTP/1.1" 200 200429 "-" "Mozilla/5.0 (Linux; Android 6.0.1; Nexus 5X Build/MMB29P) AppleWebKit/537.36 (KHTML, like Gecko) Chrome/152.0.7977.82 Mobile Safari/537.36 (compatible; Googlebot/2.1; +http://www.google.com/bot.html)"
185.191.171.16 - - [14/Sep/2026:22:35:40 +0300] "GET /?sale%2Fsearch%2Fdetail%2F%3FITMCODE=520017978203 HTTP/1.1" 200 11138 "-" "Mozilla/5.0 (compatible; SemrushBot/7~bl; +http://www.semrush.com/bot.html)"
185.191.171.3 - - [14/Sep/2026:22:35:43 +0300] "GET /?sale%2Fsearch%2Fdetail%2F%3FITMCODE=519876808305 HTTP/1.1" 200 11138 "-" "Mozilla/5.0 (compatible; SemrushBot/7~bl; +http://www.semrush.com/bot.html)"
52.167.144.211 - - [14/Sep/2026:22:35:55 +0300] "GET /shop/pg/1032789 HTTP/1.1" 200 206650 "-" "Mozilla/5.0 AppleWebKit/537.36 (KHTML, like Gecko; compatible; bingbot/2.0; +http://www.bing.com/bingbot.htm) Chrome/116.0.1938.76 Safari/537.36"
43.131.45.213 - - [14/Sep/2026:22:36:28 +0300] "GET / HTTP/1.1" 200 11120 "-" "Mozilla/5.0 (iPhone; CPU iPhone OS 13_2_3 like Mac OS X) AppleWebKit/605.1.15 (KHTML, like Gecko) Version/13.0.3 Mobile/15E148 Safari/604.1"
185.191.171.16 - - [14/Sep/2026:22:36:56 +0300] "GET /?sale%2Fsearch%2Fdetail%2F%3FITMCODE=51992229928 HTTP/1.1" 200 11138 "-" "Mozilla/5.0 (compatible; SemrushBot/7~bl; +http://www.semrush.com/bot.html)"
185.191.171.10 - - [14/Sep/2026:22:38:36 +0300] "GET /?sale%2Fsearch%2Fdetail%2F%3FITMCODE=519813792364 HTTP/1.1" 200 11138 "-" "Mozilla/5.0 (compatible; SemrushBot/7~bl; +http://www.semrush.com/bot.html)"
66.249.68.97 - - [14/Sep/2026:22:38:52 +0300] "GET /?sale/search/detail/?ITMCODE=51971359211 HTTP/1.1" 200 195896 "-" "Mozilla/5.0 (Linux; Android 6.0.1; Nexus 5X Build/MMB29P) AppleWebKit/537.36 (KHTML, like Gecko) Chrome/152.0.7977.82 Mobile Safari/537.36 (compatible; Googlebot/2.1; +http://www.google.com/bot.html)"
85.208.96.196 - - [14/Sep/2026:22:38:57 +0300] "GET /?sale%2Fsearch%2Fdetail%2F%3FITMCODE=519719079444 HTTP/1.1" 200 11138 "-" "Mozilla/5.0 (compatible; SemrushBot/7~bl; +http://www.semrush.com/bot.html)"
85.208.96.209 - - [14/Sep/2026:22:39:33 +0300] "GET /?sale%2Fsearch%2Fdetail%2F%3FITMCODE=519810861020 HTTP/1.1" 200 11138 "-" "Mozilla/5.0 (compatible; SemrushBot/7~bl; +http://www.semrush.com/bot.html)"
185.191.171.6 - - [14/Sep/2026:22:39:40 +0300] "GET /?sale%2Fsearch%2Fdetail%2F%3FITMCODE=519770311480 HTTP/1.1" 200 11138 "-" "Mozilla/5.0 (compatible; SemrushBot/7~bl; +http://www.semrush.com/bot.html)"
66.249.68.96 - - [14/Sep/2026:22:39:41 +0300] "GET /?sale/search/detail/?ITMCODE=51981599289 HTTP/1.1" 200 200046 "-" "Mozilla/5.0 (Linux; Android 6.0.1; Nexus 5X Build/MMB29P) AppleWebKit/537.36 (KHTML, like Gecko) Chrome/152.0.7977.82 Mobile Safari/537.36 (compatible; Googlebot/2.1; +http://www.google.com/bot.html)"
85.208.96.204 - - [14/Sep/2026:22:39:49 +0300] "GET /?sale%2Fsearch%2Fdetail%2F%3FITMCODE=51992437609 HTTP/1.1" 200 11138 "-" "Mozilla/5.0 (compatible; SemrushBot/7~bl; +http://www.semrush.com/bot.html)"
85.208.96.198 - - [14/Sep/2026:22:40:51 +0300] "GET /?sale%2Fsearch%2Fdetail%2F%3FITMCODE=52008944152 HTTP/1.1" 200 11138 "-" "Mozilla/5.0 (compatible; SemrushBot/7~bl; +http://www.semrush.com/bot.html)"
66.249.68.96 - - [14/Sep/2026:22:41:37 +0300] "GET /?sale/search/detail/?ITMCODE=52002578607 HTTP/1.1" 200 201362 "-" "Mozilla/5.0 (Linux; Android 6.0.1; Nexus 5X Build/MMB29P) AppleWebKit/537.36 (KHTML, like Gecko) Chrome/152.0.7977.82 Mobile Safari/537.36 (compatible; Googlebot/2.1; +http://www.google.com/bot.html)"
52.167.144.211 - - [14/Sep/2026:22:42:06 +0300] "GET /shop/pg/11401 HTTP/1.1" 200 195574 "-" "Mozilla/5.0 AppleWebKit/537.36 (KHTML, like Gecko; compatible; bingbot/2.0; +http://www.bing.com/bingbot.htm) Chrome/116.0.1938.76 Safari/537.36"
85.208.96.210 - - [14/Sep/2026:22:43:06 +0300] "GET /?sale%2Fsearch%2Fdetail%2F%3FITMCODE=519713102490 HTTP/1.1" 200 11138 "-" "Mozilla/5.0 (compatible; SemrushBot/7~bl; +http://www.semrush.com/bot.html)"
185.191.171.7 - - [14/Sep/2026:22:43:40 +0300] "GET /?sale%2Fsearch%2Fdetail%2F%3FITMCODE=51969717783 HTTP/1.1" 200 11138 "-" "Mozilla/5.0 (compatible; SemrushBot/7~bl; +http://www.semrush.com/bot.html)"
66.249.68.96 - - [14/Sep/2026:22:43:43 +0300] "GET /?sale/search/detail/?ITMCODE=51971034630 HTTP/1.1" 200 209741 "-" "Mozilla/5.0 (Linux; Android 6.0.1; Nexus 5X Build/MMB29P) AppleWebKit/537.36 (KHTML, like Gecko) Chrome/152.0.7977.82 Mobile Safari/537.36 (compatible; Googlebot/2.1; +http://www.google.com/bot.html)"
66.249.68.97 - - [14/Sep/2026:22:44:18 +0300] "GET /?sale/search/detail/?ITMCODE=51992308087 HTTP/1.1" 200 196977 "-" "Mozilla/5.0 (Linux; Android 6.0.1; Nexus 5X Build/MMB29P) AppleWebKit/537.36 (KHTML, like Gecko) Chrome/152.0.7977.82 Mobile Safari/537.36 (compatible; Googlebot/2.1; +http://www.google.com/bot.html)"
85.208.96.195 - - [14/Sep/2026:22:44:26 +0300] "GET /?sale%2Fsearch%2Fdetail%2F%3FITMCODE=51969821823 HTTP/1.1" 200 11138 "-" "Mozilla/5.0 (compatible; SemrushBot/7~bl; +http://www.semrush.com/bot.html)"
43.163.206.70 - - [14/Sep/2026:22:45:03 +0300] "GET / HTTP/1.1" 200 11120 "-" "Mozilla/5.0 (iPhone; CPU iPhone OS 13_2_3 like Mac OS X) AppleWebKit/605.1.15 (KHTML, like Gecko) Version/13.0.3 Mobile/15E148 Safari/604.1"
185.191.171.1 - - [14/Sep/2026:22:45:49 +0300] "GET /?sale%2Fsearch%2Fdetail%2F%3FITMCODE=519917097893 HTTP/1.1" 200 11138 "-" "Mozilla/5.0 (compatible; SemrushBot/7~bl; +http://www.semrush.com/bot.html)"
185.191.171.1 - - [14/Sep/2026:22:45:51 +0300] "GET /?sale%2Fsearch%2Fdetail%2F%3FITMCODE=51971273808 HTTP/1.1" 200 11138 "-" "Mozilla/5.0 (compatible; SemrushBot/7~bl; +http://www.semrush.com/bot.html)"
66.249.68.96 - - [14/Sep/2026:22:45:53 +0300] "GET /?sale/search/detail/?ITMCODE=5195211098 HTTP/1.1" 200 213769 "-" "Mozilla/5.0 (Linux; Android 6.0.1; Nexus 5X Build/MMB29P) AppleWebKit/537.36 (KHTML, like Gecko) Chrome/152.0.7977.82 Mobile Safari/537.36 (compatible; Googlebot/2.1; +http://www.google.com/bot.html)"
66.249.68.96 - - [14/Sep/2026:22:45:55 +0300] "GET /?sale/search/detail/?ITMCODE=51981764019 HTTP/1.1" 200 194583 "-" "Mozilla/5.0 (Linux; Android 6.0.1; Nexus 5X Build/MMB29P) AppleWebKit/537.36 (KHTML, like Gecko) Chrome/152.0.7977.82 Mobile Safari/537.36 (compatible; Googlebot/2.1; +http://www.google.com/bot.html)"
66.249.68.96 - - [14/Sep/2026:22:46:13 +0300] "GET /?sale/search/detail/?ITMCODE=51981824367 HTTP/1.1" 200 200249 "-" "Mozilla/5.0 (Linux; Android 6.0.1; Nexus 5X Build/MMB29P) AppleWebKit/537.36 (KHTML, like Gecko) Chrome/152.0.7977.82 Mobile Safari/537.36 (compatible; Googlebot/2.1; +http://www.google.com/bot.html)"
66.249.68.104 - - [14/Sep/2026:22:46:47 +0300] "GET /?sale/search/detail/?ITMCODE=51992190679 HTTP/1.1" 200 194190 "-" "Mozilla/5.0 (Linux; Android 6.0.1; Nexus 5X Build/MMB29P) AppleWebKit/537.36 (KHTML, like Gecko) Chrome/152.0.7977.82 Mobile Safari/537.36 (compatible; Googlebot/2.1; +http://www.google.com/bot.html)"
66.249.68.105 - - [14/Sep/2026:22:46:55 +0300] "GET /?sale/search/detail/?ITMCODE=51992357749 HTTP/1.1" 200 203548 "-" "Mozilla/5.0 (Linux; Android 6.0.1; Nexus 5X Build/MMB29P) AppleWebKit/537.36 (KHTML, like Gecko) Chrome/152.0.7977.82 Mobile Safari/537.36 (compatible; Googlebot/2.1; +http://www.google.com/bot.html)"
185.191.171.14 - - [14/Sep/2026:22:47:09 +0300] "GET /?sale%2Fsearch%2Fdetail%2F%3FITMCODE=51969589642 HTTP/1.1" 200 11138 "-" "Mozilla/5.0 (compatible; SemrushBot/7~bl; +http://www.semrush.com/bot.html)"
185.191.171.12 - - [14/Sep/2026:22:47:11 +0300] "GET /?sale%2Fsearch%2Fdetail%2F%3FITMCODE=519929055188 HTTP/1.1" 200 11138 "-" "Mozilla/5.0 (compatible; SemrushBot/7~bl; +http://www.semrush.com/bot.html)"
66.249.68.104 - - [14/Sep/2026:22:47:16 +0300] "GET /?sale/search/detail/?ITMCODE=5196580455 HTTP/1.1" 200 217672 "-" "Mozilla/5.0 (Linux; Android 6.0.1; Nexus 5X Build/MMB29P) AppleWebKit/537.36 (KHTML, like Gecko) Chrome/152.0.7977.82 Mobile Safari/537.36 (compatible; Googlebot/2.1; +http://www.google.com/bot.html)"
85.208.96.193 - - [14/Sep/2026:22:48:32 +0300] "GET /?sale%2Fsearch%2Fdetail%2F%3FITMCODE=519914114580 HTTP/1.1" 200 11138 "-" "Mozilla/5.0 (compatible; SemrushBot/7~bl; +http://www.semrush.com/bot.html)"
66.249.68.105 - - [14/Sep/2026:22:48:45 +0300] "GET /?sale/search/detail/?ITMCODE=51971360139 HTTP/1.1" 200 199753 "-" "Mozilla/5.0 (Linux; Android 6.0.1; Nexus 5X Build/MMB29P) AppleWebKit/537.36 (KHTML, like Gecko) Chrome/152.0.7977.82 Mobile Safari/537.36 (compatible; Googlebot/2.1; +http://www.google.com/bot.html)"
66.249.68.104 - - [14/Sep/2026:22:48:52 +0300] "GET /?sale/search/detail/?ITMCODE=51981592580 HTTP/1.1" 200 196406 "-" "Mozilla/5.0 (Linux; Android 6.0.1; Nexus 5X Build/MMB29P) AppleWebKit/537.36 (KHTML, like Gecko) Chrome/152.0.7977.82 Mobile Safari/537.36 (compatible; Googlebot/2.1; +http://www.google.com/bot.html)"
85.208.96.200 - - [14/Sep/2026:22:48:53 +0300] "GET /?sale%2Fsearch%2Fdetail%2F%3FITMCODE=5198100705923 HTTP/1.1" 200 11138 "-" "Mozilla/5.0 (compatible; SemrushBot/7~bl; +http://www.semrush.com/bot.html)"
40.77.167.40 - - [14/Sep/2026:22:48:56 +0300] "GET /shop/pg/3085 HTTP/1.1" 200 199489 "-" "Mozilla/5.0 AppleWebKit/537.36 (KHTML, like Gecko; compatible; bingbot/2.0; +http://www.bing.com/bingbot.htm) Chrome/116.0.1938.76 Safari/537.36"
66.249.68.104 - - [14/Sep/2026:22:49:25 +0300] "GET /?sale/search/detail/?ITMCODE=52002795781 HTTP/1.1" 200 212773 "-" "Mozilla/5.0 (compatible; Googlebot/2.1; +http://www.google.com/bot.html)"
66.249.68.104 - - [14/Sep/2026:22:49:40 +0300] "GET /?sale/search/detail/?ITMCODE=519510079 HTTP/1.1" 200 214838 "-" "Mozilla/5.0 (Linux; Android 6.0.1; Nexus 5X Build/MMB29P) AppleWebKit/537.36 (KHTML, like Gecko) Chrome/152.0.7977.82 Mobile Safari/537.36 (compatible; Googlebot/2.1; +http://www.google.com/bot.html)"
66.249.68.104 - - [14/Sep/2026:22:49:46 +0300] "GET /?sale/search/detail/?ITMCODE=52002810206 HTTP/1.1" 200 202674 "-" "Mozilla/5.0 (Linux; Android 6.0.1; Nexus 5X Build/MMB29P) AppleWebKit/537.36 (KHTML, like Gecko) Chrome/152.0.7977.82 Mobile Safari/537.36 (compatible; Googlebot/2.1; +http://www.google.com/bot.html)"
85.208.96.208 - - [14/Sep/2026:22:50:00 +0300] "GET /?sale%2Fsearch%2Fdetail%2F%3FITMCODE=5196866039 HTTP/1.1" 200 11138 "-" "Mozilla/5.0 (compatible; SemrushBot/7~bl; +http://www.semrush.com/bot.html)"
85.208.96.212 - - [14/Sep/2026:22:50:35 +0300] "GET /?sale%2Fsearch%2Fdetail%2F%3FITMCODE=520035819869 HTTP/1.1" 200 11138 "-" "Mozilla/5.0 (compatible; SemrushBot/7~bl; +http://www.semrush.com/bot.html)"
185.191.171.4 - - [14/Sep/2026:22:51:01 +0300] "GET /?sale%2Fsearch%2Fdetail%2F%3FITMCODE=519612679382 HTTP/1.1" 200 11138 "-" "Mozilla/5.0 (compatible; SemrushBot/7~bl; +http://www.semrush.com/bot.html)"
85.208.96.207 - - [14/Sep/2026:22:51:48 +0300] "GET /?sale%2Fsearch%2Fdetail%2F%3FITMCODE=519825555862 HTTP/1.1" 200 11138 "-" "Mozilla/5.0 (compatible; SemrushBot/7~bl; +http://www.semrush.com/bot.html)"
66.249.68.104 - - [14/Sep/2026:22:52:09 +0300] "GET /?sale/search/detail/?ITMCODE=5196593682 HTTP/1.1" 200 194594 "-" "Mozilla/5.0 (Linux; Android 6.0.1; Nexus 5X Build/MMB29P) AppleWebKit/537.36 (KHTML, like Gecko) Chrome/152.0.7977.82 Mobile Safari/537.36 (compatible; Googlebot/2.1; +http://www.google.com/bot.html)"
185.191.171.12 - - [14/Sep/2026:22:52:24 +0300] "GET /?sale%2Fsearch%2Fdetail%2F%3FITMCODE=519713302004 HTTP/1.1" 200 11138 "-" "Mozilla/5.0 (compatible; SemrushBot/7~bl; +http://www.semrush.com/bot.html)"
185.191.171.9 - - [14/Sep/2026:22:52:58 +0300] "GET /?sale%2Fsearch%2Fdetail%2F%3FITMCODE=5196102951501 HTTP/1.1" 200 11138 "-" "Mozilla/5.0 (compatible; SemrushBot/7~bl; +http://www.semrush.com/bot.html)"
66.249.68.104 - - [14/Sep/2026:22:53:45 +0300] "GET /?sale/search/detail/?ITMCODE=51971351490 HTTP/1.1" 200 203507 "-" "Mozilla/5.0 (Linux; Android 6.0.1; Nexus 5X Build/MMB29P) AppleWebKit/537.36 (KHTML, like Gecko) Chrome/152.0.7977.82 Mobile Safari/537.36 (compatible; Googlebot/2.1; +http://www.google.com/bot.html)"
85.208.96.204 - - [14/Sep/2026:22:54:17 +0300] "GET /?sale%2Fsearch%2Fdetail%2F%3FITMCODE=51977005623 HTTP/1.1" 200 11138 "-" "Mozilla/5.0 (compatible; SemrushBot/7~bl; +http://www.semrush.com/bot.html)"
85.208.96.202 - - [14/Sep/2026:22:54:42 +0300] "GET /?sale%2Fsearch%2Fdetail%2F%3FITMCODE=519810550408 HTTP/1.1" 200 11138 "-" "Mozilla/5.0 (compatible; SemrushBot/7~bl; +http://www.semrush.com/bot.html)"
185.191.171.8 - - [14/Sep/2026:22:54:49 +0300] "GET /?sale%2Fsearch%2Fdetail%2F%3FITMCODE=519722128693 HTTP/1.1" 200 11138 "-" "Mozilla/5.0 (compatible; SemrushBot/7~bl; +http://www.semrush.com/bot.html)"
66.249.68.104 - - [14/Sep/2026:22:55:05 +0300] "GET /?sale/search/detail/?ITMCODE=51981828750 HTTP/1.1" 200 206410 "-" "Mozilla/5.0 (Linux; Android 6.0.1; Nexus 5X Build/MMB29P) AppleWebKit/537.36 (KHTML, like Gecko) Chrome/152.0.7977.82 Mobile Safari/537.36 (compatible; Googlebot/2.1; +http://www.google.com/bot.html)"
85.208.96.195 - - [14/Sep/2026:22:55:18 +0300] "GET /?sale%2Fsearch%2Fdetail%2F%3FITMCODE=51959016541 HTTP/1.1" 200 11138 "-" "Mozilla/5.0 (compatible; SemrushBot/7~bl; +http://www.semrush.com/bot.html)"
66.249.68.104 - - [14/Sep/2026:22:55:43 +0300] "GET /?sale/search/detail/?ITMCODE=52002575284 HTTP/1.1" 200 206254 "-" "Mozilla/5.0 (Linux; Android 6.0.1; Nexus 5X Build/MMB29P) AppleWebKit/537.36 (KHTML, like Gecko) Chrome/152.0.7977.82 Mobile Safari/537.36 (compatible; Googlebot/2.1; +http://www.google.com/bot.html)"
85.208.96.203 - - [14/Sep/2026:22:56:08 +0300] "GET /?sale%2Fsearch%2Fdetail%2F%3FITMCODE=519518441359 HTTP/1.1" 200 11138 "-" "Mozilla/5.0 (compatible; SemrushBot/7~bl; +http://www.semrush.com/bot.html)"
66.249.68.104 - - [14/Sep/2026:22:56:24 +0300] "GET /?sale/search/detail/?ITMCODE=5196729822 HTTP/1.1" 200 211551 "-" "Mozilla/5.0 (Linux; Android 6.0.1; Nexus 5X Build/MMB29P) AppleWebKit/537.36 (KHTML, like Gecko) Chrome/152.0.7977.82 Mobile Safari/537.36 (compatible; Googlebot/2.1; +http://www.google.com/bot.html)"
85.208.96.209 - - [14/Sep/2026:22:56:49 +0300] "GET /?sale%2Fsearch%2Fdetail%2F%3FITMCODE=519810698394 HTTP/1.1" 200 11138 "-" "Mozilla/5.0 (compatible; SemrushBot/7~bl; +http://www.semrush.com/bot.html)"
43.154.250.181 - - [14/Sep/2026:22:56:58 +0300] "GET / HTTP/1.1" 200 11120 "-" "Mozilla/5.0 (iPhone; CPU iPhone OS 13_2_3 like Mac OS X) AppleWebKit/605.1.15 (KHTML, like Gecko) Version/13.0.3 Mobile/15E148 Safari/604.1"
185.191.171.8 - - [14/Sep/2026:22:57:02 +0300] "GET /?sale%2Fsearch%2Fdetail%2F%3FITMCODE=519932333457 HTTP/1.1" 200 11138 "-" "Mozilla/5.0 (compatible; SemrushBot/7~bl; +http://www.semrush.com/bot.html)"
66.249.68.104 - - [14/Sep/2026:22:57:50 +0300] "GET /?sale/search/detail/?ITMCODE=51981823948 HTTP/1.1" 200 212911 "-" "Mozilla/5.0 (Linux; Android 6.0.1; Nexus 5X Build/MMB29P) AppleWebKit/537.36 (KHTML, like Gecko) Chrome/152.0.7977.82 Mobile Safari/537.36 (compatible; Googlebot/2.1; +http://www.google.com/bot.html)"
185.191.171.16 - - [14/Sep/2026:22:57:55 +0300] "GET /?sale%2Fsearch%2Fdetail%2F%3FITMCODE=5195102144373 HTTP/1.1" 200 11138 "-" "Mozilla/5.0 (compatible; SemrushBot/7~bl; +http://www.semrush.com/bot.html)"
66.249.68.104 - - [14/Sep/2026:22:58:34 +0300] "GET /?sale/search/detail/?ITMCODE=5195195366 HTTP/1.1" 200 203168 "-" "Mozilla/5.0 (Linux; Android 6.0.1; Nexus 5X Build/MMB29P) AppleWebKit/537.36 (KHTML, like Gecko) Chrome/152.0.7977.82 Mobile Safari/537.36 (compatible; Googlebot/2.1; +http://www.google.com/bot.html)"
66.249.68.104 - - [14/Sep/2026:22:59:30 +0300] "GET /?sale/search/detail/?ITMCODE=51971084049 HTTP/1.1" 200 210250 "-" "Mozilla/5.0 (Linux; Android 6.0.1; Nexus 5X Build/MMB29P) AppleWebKit/537.36 (KHTML, like Gecko) Chrome/152.0.7977.82 Mobile Safari/537.36 (compatible; Googlebot/2.1; +http://www.google.com/bot.html)"
66.249.68.104 - - [14/Sep/2026:23:01:50 +0300] "GET /?sale/search/detail/?ITMCODE=51971211895 HTTP/1.1" 200 198998 "-" "Mozilla/5.0 (Linux; Android 6.0.1; Nexus 5X Build/MMB29P) AppleWebKit/537.36 (KHTML, like Gecko) Chrome/152.0.7977.82 Mobile Safari/537.36 (compatible; Googlebot/2.1; +http://www.google.com/bot.html)"
85.208.96.200 - - [14/Sep/2026:23:01:57 +0300] "GET /?sale%2Fsearch%2Fdetail%2F%3FITMCODE=519911071165 HTTP/1.1" 200 11138 "-" "Mozilla/5.0 (compatible; SemrushBot/7~bl; +http://www.semrush.com/bot.html)"
85.208.96.194 - - [14/Sep/2026:23:02:11 +0300] "GET /?sale%2Fsearch%2Fdetail%2F%3FITMCODE=52008797202 HTTP/1.1" 200 11138 "-" "Mozilla/5.0 (compatible; SemrushBot/7~bl; +http://www.semrush.com/bot.html)"
66.249.68.105 - - [14/Sep/2026:23:02:11 +0300] "GET /?sale/search/detail/?ITMCODE=51981562898 HTTP/1.1" 200 219851 "-" "Mozilla/5.0 (Linux; Android 6.0.1; Nexus 5X Build/MMB29P) AppleWebKit/537.36 (KHTML, like Gecko) Chrome/152.0.7977.82 Mobile Safari/537.36 (compatible; Googlebot/2.1; +http://www.google.com/bot.html)"
66.249.68.96 - - [14/Sep/2026:23:03:09 +0300] "GET /?sale/search/detail/?ITMCODE=51981686041 HTTP/1.1" 200 204534 "-" "Mozilla/5.0 (Linux; Android 6.0.1; Nexus 5X Build/MMB29P) AppleWebKit/537.36 (KHTML, like Gecko) Chrome/152.0.7977.82 Mobile Safari/537.36 (compatible; Googlebot/2.1; +http://www.google.com/bot.html)"
85.208.96.193 - - [14/Sep/2026:23:03:30 +0300] "GET /?sale%2Fsearch%2Fdetail%2F%3FITMCODE=519710203866 HTTP/1.1" 200 11138 "-" "Mozilla/5.0 (compatible; SemrushBot/7~bl; +http://www.semrush.com/bot.html)"
66.249.68.104 - - [14/Sep/2026:23:03:34 +0300] "GET /?sale/search/detail/?ITMCODE=51971269647 HTTP/1.1" 200 193943 "-" "Mozilla/5.0 (Linux; Android 6.0.1; Nexus 5X Build/MMB29P) AppleWebKit/537.36 (KHTML, like Gecko) Chrome/152.0.7977.82 Mobile Safari/537.36 (compatible; Googlebot/2.1; +http://www.google.com/bot.html)"
66.249.68.105 - - [14/Sep/2026:23:03:50 +0300] "GET /?sale/search/detail/?ITMCODE=51971394142 HTTP/1.1" 200 194107 "-" "Mozilla/5.0 (Linux; Android 6.0.1; Nexus 5X Build/MMB29P) AppleWebKit/537.36 (KHTML, like Gecko) Chrome/152.0.7977.82 Mobile Safari/537.36 (compatible; Googlebot/2.1; +http://www.google.com/bot.html)"
43.130.131.18 - - [14/Sep/2026:23:05:03 +0300] "GET / HTTP/1.1" 200 11120 "-" "Mozilla/5.0 (iPhone; CPU iPhone OS 13_2_3 like Mac OS X) AppleWebKit/605.1.15 (KHTML, like Gecko) Version/13.0.3 Mobile/15E148 Safari/604.1"
85.208.96.208 - - [14/Sep/2026:23:05:29 +0300] "GET /?sale%2Fsearch%2Fdetail%2F%3FITMCODE=519512176485 HTTP/1.1" 200 11138 "-" "Mozilla/5.0 (compatible; SemrushBot/7~bl; +http://www.semrush.com/bot.html)"
66.249.68.96 - - [14/Sep/2026:23:05:56 +0300] "GET /?sale/search/detail/?ITMCODE=51981669070 HTTP/1.1" 200 194425 "-" "Mozilla/5.0 (Linux; Android 6.0.1; Nexus 5X Build/MMB29P) AppleWebKit/537.36 (KHTML, like Gecko) Chrome/152.0.7977.82 Mobile Safari/537.36 (compatible; Googlebot/2.1; +http://www.google.com/bot.html)"
103.59.161.64 - - [14/Sep/2026:23:06:04 +0300] "GET /wp-admin/ HTTP/1.1" 404 1320 "-" "Mozilla/5.0 (Windows NT 10.0; Win64; x64) AppleWebKit/537.36 (KHTML, like Gecko) Chrome/120.0.0.0 Safari/537.36"
103.59.161.64 - - [14/Sep/2026:23:06:05 +0300] "GET /wp-admin/css/ HTTP/1.1" 404 1320 "-" "Mozilla/5.0 (Windows NT 10.0; Win64; x64) AppleWebKit/537.36 (KHTML, like Gecko) Chrome/120.0.0.0 Safari/537.36"
103.59.161.64 - - [14/Sep/2026:23:06:06 +0300] "GET /wp-admin/css/colors/ HTTP/1.1" 404 1320 "-" "Mozilla/5.0 (Windows NT 10.0; Win64; x64) AppleWebKit/537.36 (KHTML, like Gecko) Chrome/120.0.0.0 Safari/537.36"
103.59.161.64 - - [14/Sep/2026:23:06:06 +0300] "GET /wp-admin/css/colors/blue/ HTTP/1.1" 404 1320 "-" "Mozilla/5.0 (Windows NT 10.0; Win64; x64) AppleWebKit/537.36 (KHTML, like Gecko) Chrome/120.0.0.0 Safari/537.36"
103.59.161.64 - - [14/Sep/2026:23:06:06 +0300] "GET /wp-admin/includes/ HTTP/1.1" 404 1320 "-" "Mozilla/5.0 (Windows NT 10.0; Win64; x64) AppleWebKit/537.36 (KHTML, like Gecko) Chrome/120.0.0.0 Safari/537.36"
185.191.171.3 - - [14/Sep/2026:23:06:07 +0300] "GET /?sale%2Fsearch%2Fdetail%2F%3FITMCODE=519932158407 HTTP/1.1" 200 11138 "-" "Mozilla/5.0 (compatible; SemrushBot/7~bl; +http://www.semrush.com/bot.html)"
103.59.161.64 - - [14/Sep/2026:23:06:08 +0300] "GET /wp-admin/maint/ HTTP/1.1" 404 1320 "-" "Mozilla/5.0 (Windows NT 10.0; Win64; x64) AppleWebKit/537.36 (KHTML, like Gecko) Chrome/120.0.0.0 Safari/537.36"
103.59.161.64 - - [14/Sep/2026:23:06:08 +0300] "GET /wp-admin/js/ HTTP/1.1" 404 1320 "-" "Mozilla/5.0 (Windows NT 10.0; Win64; x64) AppleWebKit/537.36 (KHTML, like Gecko) Chrome/120.0.0.0 Safari/537.36"
103.59.161.64 - - [14/Sep/2026:23:06:08 +0300] "GET /wp-admin/js/widgets/ HTTP/1.1" 404 1320 "-" "Mozilla/5.0 (Windows NT 10.0; Win64; x64) AppleWebKit/537.36 (KHTML, like Gecko) Chrome/120.0.0.0 Safari/537.36"
66.249.68.97 - - [14/Sep/2026:23:06:08 +0300] "GET /?sale/search/detail/?ITMCODE=51992496438 HTTP/1.1" 200 197651 "-" "Mozilla/5.0 (compatible; Googlebot/2.1; +http://www.google.com/bot.html)"
103.59.161.64 - - [14/Sep/2026:23:06:09 +0300] "GET /wp-admin/images/ HTTP/1.1" 404 1320 "-" "Mozilla/5.0 (Windows NT 10.0; Win64; x64) AppleWebKit/537.36 (KHTML, like Gecko) Chrome/120.0.0.0 Safari/537.36"
103.59.161.64 - - [14/Sep/2026:23:06:10 +0300] "GET /wp-admin/network/ HTTP/1.1" 404 1320 "-" "Mozilla/5.0 (Windows NT 10.0; Win64; x64) AppleWebKit/537.36 (KHTML, like Gecko) Chrome/120.0.0.0 Safari/537.36"
103.59.161.64 - - [14/Sep/2026:23:06:10 +0300] "GET /wp-admin/user/ HTTP/1.1" 404 1320 "-" "Mozilla/5.0 (Windows NT 10.0; Win64; x64) AppleWebKit/537.36 (KHTML, like Gecko) Chrome/120.0.0.0 Safari/537.36"
103.59.161.64 - - [14/Sep/2026:23:06:11 +0300] "GET /wp-includes/ HTTP/1.1" 404 1320 "-" "Mozilla/5.0 (Windows NT 10.0; Win64; x64) AppleWebKit/537.36 (KHTML, like Gecko) Chrome/120.0.0.0 Safari/537.36"
103.59.161.64 - - [14/Sep/2026:23:06:12 +0300] "GET /wp-includes/Text/ HTTP/1.1" 404 1320 "-" "Mozilla/5.0 (Windows NT 10.0; Win64; x64) AppleWebKit/537.36 (KHTML, like Gecko) Chrome/120.0.0.0 Safari/537.36"
103.59.161.64 - - [14/Sep/2026:23:06:13 +0300] "GET /wp-includes/Text/Diff/ HTTP/1.1" 404 1320 "-" "Mozilla/5.0 (Windows NT 10.0; Win64; x64) AppleWebKit/537.36 (KHTML, like Gecko) Chrome/120.0.0.0 Safari/537.36"
103.59.161.64 - - [14/Sep/2026:23:06:14 +0300] "GET /wp-includes/css/ HTTP/1.1" 404 1320 "-" "Mozilla/5.0 (Windows NT 10.0; Win64; x64) AppleWebKit/537.36 (KHTML, like Gecko) Chrome/120.0.0.0 Safari/537.36"
103.59.161.64 - - [14/Sep/2026:23:06:14 +0300] "GET /wp-includes/css/dist/ HTTP/1.1" 404 1320 "-" "Mozilla/5.0 (Windows NT 10.0; Win64; x64) AppleWebKit/537.36 (KHTML, like Gecko) Chrome/120.0.0.0 Safari/537.36"
103.59.161.64 - - [14/Sep/2026:23:06:15 +0300] "GET /wp-includes/fonts/ HTTP/1.1" 404 1320 "-" "Mozilla/5.0 (Windows NT 10.0; Win64; x64) AppleWebKit/537.36 (KHTML, like Gecko) Chrome/120.0.0.0 Safari/537.36"
103.59.161.64 - - [14/Sep/2026:23:06:15 +0300] "GET /wp-includes/ID3/ HTTP/1.1" 404 1320 "-" "Mozilla/5.0 (Windows NT 10.0; Win64; x64) AppleWebKit/537.36 (KHTML, like Gecko) Chrome/120.0.0.0 Safari/537.36"
103.59.161.64 - - [14/Sep/2026:23:06:16 +0300] "GET /wp-includes/sitemaps/ HTTP/1.1" 404 1320 "-" "Mozilla/5.0 (Windows NT 10.0; Win64; x64) AppleWebKit/537.36 (KHTML, like Gecko) Chrome/120.0.0.0 Safari/537.36"
103.59.161.64 - - [14/Sep/2026:23:06:16 +0300] "GET /wp-includes/sitemaps/providers/ HTTP/1.1" 404 1320 "-" "Mozilla/5.0 (Windows NT 10.0; Win64; x64) AppleWebKit/537.36 (KHTML, like Gecko) Chrome/120.0.0.0 Safari/537.36"
103.59.161.64 - - [14/Sep/2026:23:06:17 +0300] "GET /wp-includes/IXR/ HTTP/1.1" 404 1320 "-" "Mozilla/5.0 (Windows NT 10.0; Win64; x64) AppleWebKit/537.36 (KHTML, like Gecko) Chrome/120.0.0.0 Safari/537.36"
103.59.161.64 - - [14/Sep/2026:23:06:17 +0300] "GET /wp-includes/images/ HTTP/1.1" 404 1320 "-" "Mozilla/5.0 (Windows NT 10.0; Win64; x64) AppleWebKit/537.36 (KHTML, like Gecko) Chrome/120.0.0.0 Safari/537.36"
103.59.161.64 - - [14/Sep/2026:23:06:18 +0300] "GET /wp-includes/PHPMailer/ HTTP/1.1" 404 1320 "-" "Mozilla/5.0 (Windows NT 10.0; Win64; x64) AppleWebKit/537.36 (KHTML, like Gecko) Chrome/120.0.0.0 Safari/537.36"
103.59.161.64 - - [14/Sep/2026:23:06:29 +0300] "GET /wp-includes/blocks/ HTTP/1.1" 404 1320 "-" "Mozilla/5.0 (Windows NT 10.0; Win64; x64) AppleWebKit/537.36 (KHTML, like Gecko) Chrome/120.0.0.0 Safari/537.36"
103.59.161.64 - - [14/Sep/2026:23:06:30 +0300] "GET /wp-includes/js/ HTTP/1.1" 404 1320 "-" "Mozilla/5.0 (Windows NT 10.0; Win64; x64) AppleWebKit/537.36 (KHTML, like Gecko) Chrome/120.0.0.0 Safari/537.36"
103.59.161.64 - - [14/Sep/2026:23:06:30 +0300] "GET /wp-includes/js/codemirror/ HTTP/1.1" 404 1320 "-" "Mozilla/5.0 (Windows NT 10.0; Win64; x64) AppleWebKit/537.36 (KHTML, like Gecko) Chrome/120.0.0.0 Safari/537.36"
103.59.161.64 - - [14/Sep/2026:23:06:31 +0300] "GET /wp-includes/js/plupload/ HTTP/1.1" 404 1320 "-" "Mozilla/5.0 (Windows NT 10.0; Win64; x64) AppleWebKit/537.36 (KHTML, like Gecko) Chrome/120.0.0.0 Safari/537.36"
103.59.161.64 - - [14/Sep/2026:23:06:32 +0300] "GET /wp-includes/widgets/ HTTP/1.1" 404 1320 "-" "Mozilla/5.0 (Windows NT 10.0; Win64; x64) AppleWebKit/537.36 (KHTML, like Gecko) Chrome/120.0.0.0 Safari/537.36"
103.59.161.64 - - [14/Sep/2026:23:06:32 +0300] "GET /wp-content/ HTTP/1.1" 404 1320 "-" "Mozilla/5.0 (Windows NT 10.0; Win64; x64) AppleWebKit/537.36 (KHTML, like Gecko) Chrome/120.0.0.0 Safari/537.36"
103.59.161.64 - - [14/Sep/2026:23:06:33 +0300] "GET /wp-content/languages/ HTTP/1.1" 404 1320 "-" "Mozilla/5.0 (Windows NT 10.0; Win64; x64) AppleWebKit/537.36 (KHTML, like Gecko) Chrome/120.0.0.0 Safari/537.36"
185.191.171.14 - - [14/Sep/2026:23:06:33 +0300] "GET /?sale%2Fsearch%2Fdetail%2F%3FITMCODE=51977256858 HTTP/1.1" 200 11138 "-" "Mozilla/5.0 (compatible; SemrushBot/7~bl; +http://www.semrush.com/bot.html)"
103.59.161.64 - - [14/Sep/2026:23:06:33 +0300] "GET /wp-content/IXR/ HTTP/1.1" 404 1320 "-" "Mozilla/5.0 (Windows NT 10.0; Win64; x64) AppleWebKit/537.36 (KHTML, like Gecko) Chrome/120.0.0.0 Safari/537.36"
103.59.161.64 - - [14/Sep/2026:23:06:34 +0300] "GET /wp-content/uploads/ HTTP/1.1" 404 1320 "-" "Mozilla/5.0 (Windows NT 10.0; Win64; x64) AppleWebKit/537.36 (KHTML, like Gecko) Chrome/120.0.0.0 Safari/537.36"
103.59.161.64 - - [14/Sep/2026:23:06:34 +0300] "GET /wp-content/upgrade/ HTTP/1.1" 404 1320 "-" "Mozilla/5.0 (Windows NT 10.0; Win64; x64) AppleWebKit/537.36 (KHTML, like Gecko) Chrome/120.0.0.0 Safari/537.36"
103.59.161.64 - - [14/Sep/2026:23:06:35 +0300] "GET /wp-content/plugins/ HTTP/1.1" 404 1320 "-" "Mozilla/5.0 (Windows NT 10.0; Win64; x64) AppleWebKit/537.36 (KHTML, like Gecko) Chrome/120.0.0.0 Safari/537.36"
103.59.161.64 - - [14/Sep/2026:23:06:36 +0300] "GET /wp-content/themes/ HTTP/1.1" 404 1320 "-" "Mozilla/5.0 (Windows NT 10.0; Win64; x64) AppleWebKit/537.36 (KHTML, like Gecko) Chrome/120.0.0.0 Safari/537.36"
103.59.161.64 - - [14/Sep/2026:23:06:37 +0300] "GET /.well-known/ HTTP/1.1" 404 1320 "-" "Mozilla/5.0 (Windows NT 10.0; Win64; x64) AppleWebKit/537.36 (KHTML, like Gecko) Chrome/120.0.0.0 Safari/537.36"
103.59.161.64 - - [14/Sep/2026:23:06:37 +0300] "GET /uploads/ HTTP/1.1" 404 1317 "-" "Mozilla/5.0 (Windows NT 10.0; Win64; x64) AppleWebKit/537.36 (KHTML, like Gecko) Chrome/120.0.0.0 Safari/537.36"
103.59.161.64 - - [14/Sep/2026:23:06:38 +0300] "GET /files/ HTTP/1.1" 404 1317 "-" "Mozilla/5.0 (Windows NT 10.0; Win64; x64) AppleWebKit/537.36 (KHTML, like Gecko) Chrome/120.0.0.0 Safari/537.36"
103.59.161.64 - - [14/Sep/2026:23:06:38 +0300] "GET /file/ HTTP/1.1" 404 1317 "-" "Mozilla/5.0 (Windows NT 10.0; Win64; x64) AppleWebKit/537.36 (KHTML, like Gecko) Chrome/120.0.0.0 Safari/537.36"
103.59.161.64 - - [14/Sep/2026:23:06:39 +0300] "GET /images/ HTTP/1.1" 200 31 "-" "Mozilla/5.0 (Windows NT 10.0; Win64; x64) AppleWebKit/537.36 (KHTML, like Gecko) Chrome/120.0.0.0 Safari/537.36"
103.59.161.64 - - [14/Sep/2026:23:06:39 +0300] "GET /admin/ HTTP/1.1" 404 1317 "-" "Mozilla/5.0 (Windows NT 10.0; Win64; x64) AppleWebKit/537.36 (KHTML, like Gecko) Chrome/120.0.0.0 Safari/537.36"
103.59.161.64 - - [14/Sep/2026:23:06:39 +0300] "GET /cgi-bin/ HTTP/1.1" 404 1320 "-" "Mozilla/5.0 (Windows NT 10.0; Win64; x64) AppleWebKit/537.36 (KHTML, like Gecko) Chrome/120.0.0.0 Safari/537.36"
103.59.161.64 - - [14/Sep/2026:23:06:40 +0300] "GET /.tmb/ HTTP/1.1" 404 1317 "-" "Mozilla/5.0 (Windows NT 10.0; Win64; x64) AppleWebKit/537.36 (KHTML, like Gecko) Chrome/120.0.0.0 Safari/537.36"
66.249.68.96 - - [14/Sep/2026:23:08:00 +0300] "GET /?sale/search/detail/?ITMCODE=5196664173 HTTP/1.1" 200 199551 "-" "Mozilla/5.0 (Linux; Android 6.0.1; Nexus 5X Build/MMB29P) AppleWebKit/537.36 (KHTML, like Gecko) Chrome/152.0.7977.82 Mobile Safari/537.36 (compatible; Googlebot/2.1; +http://www.google.com/bot.html)"
66.249.68.96 - - [14/Sep/2026:23:08:02 +0300] "GET /?sale/search/detail/?ITMCODE=51992106467 HTTP/1.1" 200 196686 "-" "Mozilla/5.0 (Linux; Android 6.0.1; Nexus 5X Build/MMB29P) AppleWebKit/537.36 (KHTML, like Gecko) Chrome/152.0.7977.82 Mobile Safari/537.36 (compatible; Googlebot/2.1; +http://www.google.com/bot.html)"
66.249.68.96 - - [14/Sep/2026:23:08:03 +0300] "GET /?sale/search/detail/?ITMCODE=5196509997 HTTP/1.1" 200 197437 "-" "Mozilla/5.0 (Linux; Android 6.0.1; Nexus 5X Build/MMB29P) AppleWebKit/537.36 (KHTML, like Gecko) Chrome/152.0.7977.82 Mobile Safari/537.36 (compatible; Googlebot/2.1; +http://www.google.com/bot.html)"
85.208.96.193 - - [14/Sep/2026:23:08:44 +0300] "GET /?sale%2Fsearch%2Fdetail%2F%3FITMCODE=519837836864 HTTP/1.1" 200 11138 "-" "Mozilla/5.0 (compatible; SemrushBot/7~bl; +http://www.semrush.com/bot.html)"
85.208.96.202 - - [14/Sep/2026:23:10:03 +0300] "GET /?sale%2Fsearch%2Fdetail%2F%3FITMCODE=520011952347 HTTP/1.1" 200 11138 "-" "Mozilla/5.0 (compatible; SemrushBot/7~bl; +http://www.semrush.com/bot.html)"
66.249.68.96 - - [14/Sep/2026:23:10:23 +0300] "GET /?sale/search/detail/?ITMCODE=51971116736 HTTP/1.1" 200 212464 "-" "Mozilla/5.0 (Linux; Android 6.0.1; Nexus 5X Build/MMB29P) AppleWebKit/537.36 (KHTML, like Gecko) Chrome/152.0.7977.82 Mobile Safari/537.36 (compatible; Googlebot/2.1; +http://www.google.com/bot.html)"
66.249.68.96 - - [14/Sep/2026:23:10:25 +0300] "GET /?sale/search/detail/?ITMCODE=51981888257 HTTP/1.1" 200 210658 "-" "Mozilla/5.0 (Linux; Android 6.0.1; Nexus 5X Build/MMB29P) AppleWebKit/537.36 (KHTML, like Gecko) Chrome/152.0.7977.82 Mobile Safari/537.36 (compatible; Googlebot/2.1; +http://www.google.com/bot.html)"
185.191.171.15 - - [14/Sep/2026:23:10:27 +0300] "GET /?sale%2Fsearch%2Fdetail%2F%3FITMCODE=519911106984 HTTP/1.1" 200 11138 "-" "Mozilla/5.0 (compatible; SemrushBot/7~bl; +http://www.semrush.com/bot.html)"
66.249.68.96 - - [14/Sep/2026:23:11:04 +0300] "GET /?sale/search/detail/?ITMCODE=52002527429 HTTP/1.1" 200 218026 "-" "Mozilla/5.0 (Linux; Android 6.0.1; Nexus 5X Build/MMB29P) AppleWebKit/537.36 (KHTML, like Gecko) Chrome/152.0.7977.82 Mobile Safari/537.36 (compatible; Googlebot/2.1; +http://www.google.com/bot.html)"
185.191.171.7 - - [14/Sep/2026:23:11:08 +0300] "GET /?sale%2Fsearch%2Fdetail%2F%3FITMCODE=519512165132 HTTP/1.1" 200 11138 "-" "Mozilla/5.0 (compatible; SemrushBot/7~bl; +http://www.semrush.com/bot.html)"
66.249.68.97 - - [14/Sep/2026:23:11:49 +0300] "GET /?sale/search/detail/?ITMCODE=51971259924 HTTP/1.1" 200 196555 "-" "Mozilla/5.0 (Linux; Android 6.0.1; Nexus 5X Build/MMB29P) AppleWebKit/537.36 (KHTML, like Gecko) Chrome/152.0.7977.82 Mobile Safari/537.36 (compatible; Googlebot/2.1; +http://www.google.com/bot.html)"
85.208.96.202 - - [14/Sep/2026:23:12:21 +0300] "GET /?sale%2Fsearch%2Fdetail%2F%3FITMCODE=5197100074741 HTTP/1.1" 200 11138 "-" "Mozilla/5.0 (compatible; SemrushBot/7~bl; +http://www.semrush.com/bot.html)"
66.249.68.97 - - [14/Sep/2026:23:12:22 +0300] "GET /?sale/search/detail/?ITMCODE=51971245061 HTTP/1.1" 200 200903 "-" "Mozilla/5.0 (Linux; Android 6.0.1; Nexus 5X Build/MMB29P) AppleWebKit/537.36 (KHTML, like Gecko) Chrome/152.0.7977.82 Mobile Safari/537.36 (compatible; Googlebot/2.1; +http://www.google.com/bot.html)"
85.208.96.202 - - [14/Sep/2026:23:12:55 +0300] "GET /?sale%2Fsearch%2Fdetail%2F%3FITMCODE=519870556452 HTTP/1.1" 200 11138 "-" "Mozilla/5.0 (compatible; SemrushBot/7~bl; +http://www.semrush.com/bot.html)"
85.208.96.199 - - [14/Sep/2026:23:14:26 +0300] "GET /robots.txt HTTP/1.1" 200 836 "-" "Mozilla/5.0 (compatible; SemrushBot/7~bl; +http://www.semrush.com/bot.html)"
85.208.96.196 - - [14/Sep/2026:23:14:26 +0300] "GET /?sale%2Fsearch%2Fdetail%2F%3FITMCODE=519575408355 HTTP/1.1" 200 11138 "-" "Mozilla/5.0 (compatible; SemrushBot/7~bl; +http://www.semrush.com/bot.html)"
185.191.171.3 - - [14/Sep/2026:23:15:36 +0300] "GET /?sale%2Fsearch%2Fdetail%2F%3FITMCODE=519572229522 HTTP/1.1" 200 11138 "-" "Mozilla/5.0 (compatible; SemrushBot/7~bl; +http://www.semrush.com/bot.html)"
66.249.68.96 - - [14/Sep/2026:23:15:50 +0300] "GET /?sale/search/detail/?ITMCODE=51971158991 HTTP/1.1" 200 197838 "-" "Mozilla/5.0 (Linux; Android 6.0.1; Nexus 5X Build/MMB29P) AppleWebKit/537.36 (KHTML, like Gecko) Chrome/152.0.7977.82 Mobile Safari/537.36 (compatible; Googlebot/2.1; +http://www.google.com/bot.html)"
66.249.68.96 - - [14/Sep/2026:23:17:44 +0300] "GET /?sale/search/detail/?ITMCODE=51992449685 HTTP/1.1" 200 201146 "-" "Mozilla/5.0 (Linux; Android 6.0.1; Nexus 5X Build/MMB29P) AppleWebKit/537.36 (KHTML, like Gecko) Chrome/152.0.7977.82 Mobile Safari/537.36 (compatible; Googlebot/2.1; +http://www.google.com/bot.html)"
49.51.36.179 - - [14/Sep/2026:23:17:50 +0300] "GET / HTTP/1.1" 200 11120 "-" "Mozilla/5.0 (iPhone; CPU iPhone OS 13_2_3 like Mac OS X) AppleWebKit/605.1.15 (KHTML, like Gecko) Version/13.0.3 Mobile/15E148 Safari/604.1"
85.208.96.198 - - [14/Sep/2026:23:18:33 +0300] "GET /?sale%2Fsearch%2Fdetail%2F%3FITMCODE=5195102259616 HTTP/1.1" 200 11138 "-" "Mozilla/5.0 (compatible; SemrushBot/7~bl; +http://www.semrush.com/bot.html)"
66.249.68.96 - - [14/Sep/2026:23:18:34 +0300] "GET /?sale/search/detail/?ITMCODE=5195362330 HTTP/1.1" 200 196283 "-" "Mozilla/5.0 (Linux; Android 6.0.1; Nexus 5X Build/MMB29P) AppleWebKit/537.36 (KHTML, like Gecko) Chrome/152.0.7977.82 Mobile Safari/537.36 (compatible; Googlebot/2.1; +http://www.google.com/bot.html)"
66.249.68.96 - - [14/Sep/2026:23:18:58 +0300] "GET /?sale/search/detail/?ITMCODE=51971340705 HTTP/1.1" 200 203831 "-" "Mozilla/5.0 (Linux; Android 6.0.1; Nexus 5X Build/MMB29P) AppleWebKit/537.36 (KHTML, like Gecko) Chrome/152.0.7977.82 Mobile Safari/537.36 (compatible; Googlebot/2.1; +http://www.google.com/bot.html)"
85.208.96.211 - - [14/Sep/2026:23:19:02 +0300] "GET /?sale%2Fsearch%2Fdetail%2F%3FITMCODE=519810606478 HTTP/1.1" 200 11138 "-" "Mozilla/5.0 (compatible; SemrushBot/7~bl; +http://www.semrush.com/bot.html)"
185.191.171.12 - - [14/Sep/2026:23:19:04 +0300] "GET /?sale%2Fsearch%2Fdetail%2F%3FITMCODE=519911470564 HTTP/1.1" 200 11138 "-" "Mozilla/5.0 (compatible; SemrushBot/7~bl; +http://www.semrush.com/bot.html)"
85.208.96.196 - - [14/Sep/2026:23:19:17 +0300] "GET /?sale%2Fsearch%2Fdetail%2F%3FITMCODE=519914456645 HTTP/1.1" 200 11138 "-" "Mozilla/5.0 (compatible; SemrushBot/7~bl; +http://www.semrush.com/bot.html)"
66.249.68.96 - - [14/Sep/2026:23:19:32 +0300] "GET /?sale/search/detail/?ITMCODE=52002638466 HTTP/1.1" 200 197189 "-" "Mozilla/5.0 (Linux; Android 6.0.1; Nexus 5X Build/MMB29P) AppleWebKit/537.36 (KHTML, like Gecko) Chrome/152.0.7977.82 Mobile Safari/537.36 (compatible; Googlebot/2.1; +http://www.google.com/bot.html)"
85.208.96.195 - - [14/Sep/2026:23:19:40 +0300] "GET /?sale%2Fsearch%2Fdetail%2F%3FITMCODE=519630813945 HTTP/1.1" 200 11138 "-" "Mozilla/5.0 (compatible; SemrushBot/7~bl; +http://www.semrush.com/bot.html)"
66.249.68.96 - - [14/Sep/2026:23:19:57 +0300] "GET /?sale/search/detail/?ITMCODE=5195119363 HTTP/1.1" 200 193774 "-" "Mozilla/5.0 (Linux; Android 6.0.1; Nexus 5X Build/MMB29P) AppleWebKit/537.36 (KHTML, like Gecko) Chrome/152.0.7977.82 Mobile Safari/537.36 (compatible; Googlebot/2.1; +http://www.google.com/bot.html)"
85.208.96.202 - - [14/Sep/2026:23:20:18 +0300] "GET /?sale%2Fsearch%2Fdetail%2F%3FITMCODE=52008911305 HTTP/1.1" 200 11138 "-" "Mozilla/5.0 (compatible; SemrushBot/7~bl; +http://www.semrush.com/bot.html)"
66.249.68.97 - - [14/Sep/2026:23:20:28 +0300] "GET /?sale/search/detail/?ITMCODE=52002906408 HTTP/1.1" 200 195321 "-" "Mozilla/5.0 (Linux; Android 6.0.1; Nexus 5X Build/MMB29P) AppleWebKit/537.36 (KHTML, like Gecko) Chrome/152.0.7977.82 Mobile Safari/537.36 (compatible; Googlebot/2.1; +http://www.google.com/bot.html)"
185.191.171.11 - - [14/Sep/2026:23:20:40 +0300] "GET /?sale%2Fsearch%2Fdetail%2F%3FITMCODE=520011624384 HTTP/1.1" 200 11138 "-" "Mozilla/5.0 (compatible; SemrushBot/7~bl; +http://www.semrush.com/bot.html)"
66.249.68.97 - - [14/Sep/2026:23:21:40 +0300] "GET /?sale/search/detail/?ITMCODE=51971342393 HTTP/1.1" 200 201070 "-" "Mozilla/5.0 (Linux; Android 6.0.1; Nexus 5X Build/MMB29P) AppleWebKit/537.36 (KHTML, like Gecko) Chrome/152.0.7977.82 Mobile Safari/537.36 (compatible; Googlebot/2.1; +http://www.google.com/bot.html)"
66.249.68.96 - - [14/Sep/2026:23:21:53 +0300] "GET /?sale/search/detail/?ITMCODE=51971462817 HTTP/1.1" 200 196578 "-" "Mozilla/5.0 (Linux; Android 6.0.1; Nexus 5X Build/MMB29P) AppleWebKit/537.36 (KHTML, like Gecko) Chrome/152.0.7977.82 Mobile Safari/537.36 (compatible; Googlebot/2.1; +http://www.google.com/bot.html)"
157.55.39.201 - - [14/Sep/2026:23:22:17 +0300] "GET /shop/pg/767418 HTTP/1.1" 200 196173 "-" "Mozilla/5.0 AppleWebKit/537.36 (KHTML, like Gecko; compatible; bingbot/2.0; +http://www.bing.com/bingbot.htm) Chrome/116.0.1938.76 Safari/537.36"
85.208.96.210 - - [14/Sep/2026:23:23:00 +0300] "GET /?sale%2Fsearch%2Fdetail%2F%3FITMCODE=5199104282098 HTTP/1.1" 200 11138 "-" "Mozilla/5.0 (compatible; SemrushBot/7~bl; +http://www.semrush.com/bot.html)"
185.191.171.15 - - [14/Sep/2026:23:23:03 +0300] "GET /?sale%2Fsearch%2Fdetail%2F%3FITMCODE=51998084644 HTTP/1.1" 200 11138 "-" "Mozilla/5.0 (compatible; SemrushBot/7~bl; +http://www.semrush.com/bot.html)"
85.208.96.208 - - [14/Sep/2026:23:23:13 +0300] "GET /?sale%2Fsearch%2Fdetail%2F%3FITMCODE=519911223275 HTTP/1.1" 200 11138 "-" "Mozilla/5.0 (compatible; SemrushBot/7~bl; +http://www.semrush.com/bot.html)"
66.249.68.97 - - [14/Sep/2026:23:23:26 +0300] "GET /?sale/search/detail/?ITMCODE=51992087295 HTTP/1.1" 200 207319 "-" "Mozilla/5.0 (Linux; Android 6.0.1; Nexus 5X Build/MMB29P) AppleWebKit/537.36 (KHTML, like Gecko) Chrome/152.0.7977.82 Mobile Safari/537.36 (compatible; Googlebot/2.1; +http://www.google.com/bot.html)"
66.249.68.96 - - [14/Sep/2026:23:24:00 +0300] "GET /?sale/search/detail/?ITMCODE=5196905921 HTTP/1.1" 200 201299 "-" "Mozilla/5.0 (Linux; Android 6.0.1; Nexus 5X Build/MMB29P) AppleWebKit/537.36 (KHTML, like Gecko) Chrome/152.0.7977.82 Mobile Safari/537.36 (compatible; Googlebot/2.1; +http://www.google.com/bot.html)"
43.153.12.58 - - [14/Sep/2026:23:24:36 +0300] "GET / HTTP/1.1" 200 11120 "-" "Mozilla/5.0 (iPhone; CPU iPhone OS 13_2_3 like Mac OS X) AppleWebKit/605.1.15 (KHTML, like Gecko) Version/13.0.3 Mobile/15E148 Safari/604.1"
85.208.96.195 - - [14/Sep/2026:23:25:07 +0300] "GET /?sale%2Fsearch%2Fdetail%2F%3FITMCODE=51959316087 HTTP/1.1" 200 11138 "-" "Mozilla/5.0 (compatible; SemrushBot/7~bl; +http://www.semrush.com/bot.html)"
66.249.68.97 - - [14/Sep/2026:23:25:23 +0300] "GET /?sale/search/detail/?ITMCODE=51992020485 HTTP/1.1" 200 195545 "-" "Mozilla/5.0 (Linux; Android 6.0.1; Nexus 5X Build/MMB29P) AppleWebKit/537.36 (KHTML, like Gecko) Chrome/152.0.7977.82 Mobile Safari/537.36 (compatible; Googlebot/2.1; +http://www.google.com/bot.html)"
66.249.68.98 - - [14/Sep/2026:23:25:36 +0300] "GET /?sale/search/detail/?ITMCODE=51981592936 HTTP/1.1" 200 200703 "-" "Mozilla/5.0 (Linux; Android 6.0.1; Nexus 5X Build/MMB29P) AppleWebKit/537.36 (KHTML, like Gecko) Chrome/152.0.7977.82 Mobile Safari/537.36 (compatible; Googlebot/2.1; +http://www.google.com/bot.html)"
85.208.96.199 - - [14/Sep/2026:23:25:53 +0300] "GET /?sale%2Fsearch%2Fdetail%2F%3FITMCODE=519699881981 HTTP/1.1" 200 11138 "-" "Mozilla/5.0 (compatible; SemrushBot/7~bl; +http://www.semrush.com/bot.html)"
66.249.68.97 - - [14/Sep/2026:23:26:01 +0300] "GET /?sale/search/detail/?ITMCODE=52002588252 HTTP/1.1" 200 209475 "-" "Mozilla/5.0 (Linux; Android 6.0.1; Nexus 5X Build/MMB29P) AppleWebKit/537.36 (KHTML, like Gecko) Chrome/152.0.7977.82 Mobile Safari/537.36 (compatible; Googlebot/2.1; +http://www.google.com/bot.html)"
66.249.68.96 - - [14/Sep/2026:23:26:04 +0300] "GET /?sale/search/detail/?ITMCODE=51992005922 HTTP/1.1" 200 204569 "-" "Mozilla/5.0 (Linux; Android 6.0.1; Nexus 5X Build/MMB29P) AppleWebKit/537.36 (KHTML, like Gecko) Chrome/152.0.7977.82 Mobile Safari/537.36 (compatible; Googlebot/2.1; +http://www.google.com/bot.html)"
185.191.171.12 - - [14/Sep/2026:23:26:30 +0300] "GET /?sale%2Fsearch%2Fdetail%2F%3FITMCODE=519917130407 HTTP/1.1" 200 11138 "-" "Mozilla/5.0 (compatible; SemrushBot/7~bl; +http://www.semrush.com/bot.html)"
66.249.68.97 - - [14/Sep/2026:23:26:30 +0300] "GET /?sale/search/detail/?ITMCODE=51992153388 HTTP/1.1" 200 204469 "-" "Mozilla/5.0 (Linux; Android 6.0.1; Nexus 5X Build/MMB29P) AppleWebKit/537.36 (KHTML, like Gecko) Chrome/152.0.7977.82 Mobile Safari/537.36 (compatible; Googlebot/2.1; +http://www.google.com/bot.html)"
66.249.68.98 - - [14/Sep/2026:23:27:01 +0300] "GET /?sale/search/detail/?ITMCODE=51971319982 HTTP/1.1" 200 208120 "-" "Mozilla/5.0 (Linux; Android 6.0.1; Nexus 5X Build/MMB29P) AppleWebKit/537.36 (KHTML, like Gecko) Chrome/152.0.7977.82 Mobile Safari/537.36 (compatible; Googlebot/2.1; +http://www.google.com/bot.html)"
85.208.96.201 - - [14/Sep/2026:23:27:17 +0300] "GET /?sale%2Fsearch%2Fdetail%2F%3FITMCODE=519521175859 HTTP/1.1" 200 11138 "-" "Mozilla/5.0 (compatible; SemrushBot/7~bl; +http://www.semrush.com/bot.html)"
157.55.39.8 - - [14/Sep/2026:23:27:26 +0300] "GET /shop/pg/762411 HTTP/1.1" 200 199804 "-" "Mozilla/5.0 AppleWebKit/537.36 (KHTML, like Gecko; compatible; bingbot/2.0; +http://www.bing.com/bingbot.htm) Chrome/116.0.1938.76 Safari/537.36"
185.191.171.16 - - [14/Sep/2026:23:27:31 +0300] "GET /?sale%2Fsearch%2Fdetail%2F%3FITMCODE=52005670562 HTTP/1.1" 200 11138 "-" "Mozilla/5.0 (compatible; SemrushBot/7~bl; +http://www.semrush.com/bot.html)"
185.191.171.15 - - [14/Sep/2026:23:28:02 +0300] "GET /?sale%2Fsearch%2Fdetail%2F%3FITMCODE=519728176128 HTTP/1.1" 200 11138 "-" "Mozilla/5.0 (compatible; SemrushBot/7~bl; +http://www.semrush.com/bot.html)"
66.249.68.96 - - [14/Sep/2026:23:29:15 +0300] "GET /?sale/search/detail/?ITMCODE=51971029434 HTTP/1.1" 200 212224 "-" "Mozilla/5.0 (Linux; Android 6.0.1; Nexus 5X Build/MMB29P) AppleWebKit/537.36 (KHTML, like Gecko) Chrome/152.0.7977.82 Mobile Safari/537.36 (compatible; Googlebot/2.1; +http://www.google.com/bot.html)"
185.191.171.15 - - [14/Sep/2026:23:29:24 +0300] "GET /?sale%2Fsearch%2Fdetail%2F%3FITMCODE=519914360112 HTTP/1.1" 200 11138 "-" "Mozilla/5.0 (compatible; SemrushBot/7~bl; +http://www.semrush.com/bot.html)"
85.208.96.204 - - [14/Sep/2026:23:30:26 +0300] "GET /?sale%2Fsearch%2Fdetail%2F%3FITMCODE=519920022386 HTTP/1.1" 200 11138 "-" "Mozilla/5.0 (compatible; SemrushBot/7~bl; +http://www.semrush.com/bot.html)"
157.55.39.7 - - [14/Sep/2026:23:30:25 +0300] "GET /shop/pg/745721 HTTP/1.1" 200 207375 "-" "Mozilla/5.0 AppleWebKit/537.36 (KHTML, like Gecko; compatible; bingbot/2.0; +http://www.bing.com/bingbot.htm) Chrome/116.0.1938.76 Safari/537.36"
185.191.171.8 - - [14/Sep/2026:23:31:24 +0300] "GET /?sale%2Fsearch%2Fdetail%2F%3FITMCODE=51987546284 HTTP/1.1" 200 11138 "-" "Mozilla/5.0 (compatible; SemrushBot/7~bl; +http://www.semrush.com/bot.html)"
