66.249.68.104 - - [14/Sep/2026:17:31:34 +0300] "GET /?sale/search/detail/?ITMCODE=51971321274 HTTP/1.1" 200 214681 "-" "Mozilla/5.0 (Linux; Android 6.0.1; Nexus 5X Build/MMB29P) AppleWebKit/537.36 (KHTML, like Gecko) Chrome/152.0.7977.82 Mobile Safari/537.36 (compatible; Googlebot/2.1; +http://www.google.com/bot.html)"
66.249.68.104 - - [14/Sep/2026:17:32:10 +0300] "GET /?sale/search/detail/?ITMCODE=5195495755 HTTP/1.1" 200 208797 "-" "Mozilla/5.0 (Linux; Android 6.0.1; Nexus 5X Build/MMB29P) AppleWebKit/537.36 (KHTML, like Gecko) Chrome/152.0.7977.82 Mobile Safari/537.36 (compatible; Googlebot/2.1; +http://www.google.com/bot.html)"
43.159.138.217 - - [14/Sep/2026:17:32:33 +0300] "GET / HTTP/1.1" 200 11120 "-" "Mozilla/5.0 (iPhone; CPU iPhone OS 13_2_3 like Mac OS X) AppleWebKit/605.1.15 (KHTML, like Gecko) Version/13.0.3 Mobile/15E148 Safari/604.1"
185.191.171.10 - - [14/Sep/2026:17:33:05 +0300] "GET /?sale%2Fsearch%2Fdetail%2F%3FITMCODE=51959030590 HTTP/1.1" 200 11138 "-" "Mozilla/5.0 (compatible; SemrushBot/7~bl; +http://www.semrush.com/bot.html)"
66.249.68.105 - - [14/Sep/2026:17:33:30 +0300] "GET /?sale/search/detail/?ITMCODE=51981699951 HTTP/1.1" 200 199124 "-" "Mozilla/5.0 (Linux; Android 6.0.1; Nexus 5X Build/MMB29P) AppleWebKit/537.36 (KHTML, like Gecko) Chrome/152.0.7977.82 Mobile Safari/537.36 (compatible; Googlebot/2.1; +http://www.google.com/bot.html)"
185.191.171.8 - - [14/Sep/2026:17:33:56 +0300] "GET /?sale%2Fsearch%2Fdetail%2F%3FITMCODE=519618643029 HTTP/1.1" 200 11138 "-" "Mozilla/5.0 (compatible; SemrushBot/7~bl; +http://www.semrush.com/bot.html)"
85.208.96.193 - - [14/Sep/2026:17:34:27 +0300] "GET /?sale%2Fsearch%2Fdetail%2F%3FITMCODE=52008794608 HTTP/1.1" 200 11138 "-" "Mozilla/5.0 (compatible; SemrushBot/7~bl; +http://www.semrush.com/bot.html)"
66.249.68.104 - - [14/Sep/2026:17:34:36 +0300] "GET /?sale/search/detail/?ITMCODE=5196788670 HTTP/1.1" 200 198397 "-" "Mozilla/5.0 (Linux; Android 6.0.1; Nexus 5X Build/MMB29P) AppleWebKit/537.36 (KHTML, like Gecko) Chrome/152.0.7977.82 Mobile Safari/537.36 (compatible; Googlebot/2.1; +http://www.google.com/bot.html)"
85.208.96.201 - - [14/Sep/2026:17:34:37 +0300] "GET /?sale%2Fsearch%2Fdetail%2F%3FITMCODE=51969747543 HTTP/1.1" 200 11138 "-" "Mozilla/5.0 (compatible; SemrushBot/7~bl; +http://www.semrush.com/bot.html)"
66.249.68.104 - - [14/Sep/2026:17:34:54 +0300] "GET /?sale/search/detail/?ITMCODE=5195287292 HTTP/1.1" 200 213479 "-" "Mozilla/5.0 (Linux; Android 6.0.1; Nexus 5X Build/MMB29P) AppleWebKit/537.36 (KHTML, like Gecko) Chrome/152.0.7977.82 Mobile Safari/537.36 (compatible; Googlebot/2.1; +http://www.google.com/bot.html)"
66.249.68.105 - - [14/Sep/2026:17:35:37 +0300] "GET /?sale/search/detail/?ITMCODE=51971268908 HTTP/1.1" 200 197766 "-" "Mozilla/5.0 (Linux; Android 6.0.1; Nexus 5X Build/MMB29P) AppleWebKit/537.36 (KHTML, like Gecko) Chrome/152.0.7977.82 Mobile Safari/537.36 (compatible; Googlebot/2.1; +http://www.google.com/bot.html)"
66.249.68.104 - - [14/Sep/2026:17:36:36 +0300] "GET /?sale/search/detail/?ITMCODE=51981826277 HTTP/1.1" 200 199253 "-" "Mozilla/5.0 (Linux; Android 6.0.1; Nexus 5X Build/MMB29P) AppleWebKit/537.36 (KHTML, like Gecko) Chrome/152.0.7977.82 Mobile Safari/537.36 (compatible; Googlebot/2.1; +http://www.google.com/bot.html)"
216.73.217.175 - - [14/Sep/2026:17:37:06 +0300] "GET /robots.txt HTTP/1.1" 200 836 "-" "Mozilla/5.0 AppleWebKit/537.36 (KHTML, like Gecko; compatible; ClaudeBot/1.0; +claudebot@anthropic.com)"
216.73.217.175 - - [14/Sep/2026:17:37:06 +0300] "GET /sitemap.xml HTTP/1.1" 200 1307 "-" "Mozilla/5.0 AppleWebKit/537.36 (KHTML, like Gecko; compatible; ClaudeBot/1.0; +claudebot@anthropic.com)"
85.208.96.207 - - [14/Sep/2026:17:37:28 +0300] "GET /?sale%2Fsearch%2Fdetail%2F%3FITMCODE=520071926480 HTTP/1.1" 200 11138 "-" "Mozilla/5.0 (compatible; SemrushBot/7~bl; +http://www.semrush.com/bot.html)"
66.249.68.104 - - [14/Sep/2026:17:37:54 +0300] "GET /?sale/search/detail/?ITMCODE=51992385995 HTTP/1.1" 200 196069 "-" "Mozilla/5.0 (Linux; Android 6.0.1; Nexus 5X Build/MMB29P) AppleWebKit/537.36 (KHTML, like Gecko) Chrome/152.0.7977.82 Mobile Safari/537.36 (compatible; Googlebot/2.1; +http://www.google.com/bot.html)"
66.249.68.105 - - [14/Sep/2026:17:38:04 +0300] "GET /?sale/search/detail/?ITMCODE=52002616642 HTTP/1.1" 200 197552 "-" "Mozilla/5.0 (compatible; Googlebot/2.1; +http://www.google.com/bot.html)"
185.191.171.14 - - [14/Sep/2026:17:38:12 +0300] "GET /?sale%2Fsearch%2Fdetail%2F%3FITMCODE=519512032512 HTTP/1.1" 200 11138 "-" "Mozilla/5.0 (compatible; SemrushBot/7~bl; +http://www.semrush.com/bot.html)"
85.208.96.194 - - [14/Sep/2026:17:38:39 +0300] "GET /?sale%2Fsearch%2Fdetail%2F%3FITMCODE=519935005357 HTTP/1.1" 200 11138 "-" "Mozilla/5.0 (compatible; SemrushBot/7~bl; +http://www.semrush.com/bot.html)"
66.249.68.104 - - [14/Sep/2026:17:38:41 +0300] "GET /?sale/search/detail/?ITMCODE=51971180939 HTTP/1.1" 200 199866 "-" "Mozilla/5.0 (Linux; Android 6.0.1; Nexus 5X Build/MMB29P) AppleWebKit/537.36 (KHTML, like Gecko) Chrome/152.0.7977.82 Mobile Safari/537.36 (compatible; Googlebot/2.1; +http://www.google.com/bot.html)"
66.249.68.105 - - [14/Sep/2026:17:39:39 +0300] "GET /?sale/search/detail/?ITMCODE=51981503444 HTTP/1.1" 200 203294 "-" "Mozilla/5.0 (Linux; Android 6.0.1; Nexus 5X Build/MMB29P) AppleWebKit/537.36 (KHTML, like Gecko) Chrome/152.0.7977.82 Mobile Safari/537.36 (compatible; Googlebot/2.1; +http://www.google.com/bot.html)"
66.249.68.104 - - [14/Sep/2026:17:39:46 +0300] "GET /?sale/search/detail/?ITMCODE=51992172079 HTTP/1.1" 200 195387 "-" "Mozilla/5.0 (Linux; Android 6.0.1; Nexus 5X Build/MMB29P) AppleWebKit/537.36 (KHTML, like Gecko) Chrome/152.0.7977.82 Mobile Safari/537.36 (compatible; Googlebot/2.1; +http://www.google.com/bot.html)"
85.208.96.207 - - [14/Sep/2026:17:39:47 +0300] "GET /?sale%2Fsearch%2Fdetail%2F%3FITMCODE=519825855695 HTTP/1.1" 200 11138 "-" "Mozilla/5.0 (compatible; SemrushBot/7~bl; +http://www.semrush.com/bot.html)"
66.249.68.105 - - [14/Sep/2026:17:40:01 +0300] "GET /?sale/search/detail/?ITMCODE=5195488916 HTTP/1.1" 200 204014 "-" "Mozilla/5.0 (Linux; Android 6.0.1; Nexus 5X Build/MMB29P) AppleWebKit/537.36 (KHTML, like Gecko) Chrome/152.0.7977.82 Mobile Safari/537.36 (compatible; Googlebot/2.1; +http://www.google.com/bot.html)"
66.249.68.105 - - [14/Sep/2026:17:40:02 +0300] "GET /?sale/search/detail/?ITMCODE=5195208536 HTTP/1.1" 200 198891 "-" "Mozilla/5.0 (Linux; Android 6.0.1; Nexus 5X Build/MMB29P) AppleWebKit/537.36 (KHTML, like Gecko) Chrome/152.0.7977.82 Mobile Safari/537.36 (compatible; Googlebot/2.1; +http://www.google.com/bot.html)"
66.249.68.104 - - [14/Sep/2026:17:40:11 +0300] "GET /?sale/search/detail/?ITMCODE=51981549333 HTTP/1.1" 200 210482 "-" "Mozilla/5.0 (compatible; Googlebot/2.1; +http://www.google.com/bot.html)"
66.249.68.104 - - [14/Sep/2026:17:40:18 +0300] "GET /?sale/search/detail/?ITMCODE=51981808291 HTTP/1.1" 200 205484 "-" "Mozilla/5.0 (Linux; Android 6.0.1; Nexus 5X Build/MMB29P) AppleWebKit/537.36 (KHTML, like Gecko) Chrome/152.0.7977.82 Mobile Safari/537.36 (compatible; Googlebot/2.1; +http://www.google.com/bot.html)"
66.249.68.105 - - [14/Sep/2026:17:40:25 +0300] "GET /?sale/search/detail/?ITMCODE=51992029222 HTTP/1.1" 200 217729 "-" "Mozilla/5.0 (Linux; Android 6.0.1; Nexus 5X Build/MMB29P) AppleWebKit/537.36 (KHTML, like Gecko) Chrome/152.0.7977.82 Mobile Safari/537.36 (compatible; Googlebot/2.1; +http://www.google.com/bot.html)"
185.191.171.15 - - [14/Sep/2026:17:40:28 +0300] "GET /?sale%2Fsearch%2Fdetail%2F%3FITMCODE=519621673874 HTTP/1.1" 200 11138 "-" "Mozilla/5.0 (compatible; SemrushBot/7~bl; +http://www.semrush.com/bot.html)"
66.249.68.96 - - [14/Sep/2026:17:41:15 +0300] "GET /?sale/search/detail/?ITMCODE=5195446643 HTTP/1.1" 200 211382 "-" "Mozilla/5.0 (Linux; Android 6.0.1; Nexus 5X Build/MMB29P) AppleWebKit/537.36 (KHTML, like Gecko) Chrome/152.0.7977.82 Mobile Safari/537.36 (compatible; Googlebot/2.1; +http://www.google.com/bot.html)"
85.208.96.207 - - [14/Sep/2026:17:41:55 +0300] "GET /?sale%2Fsearch%2Fdetail%2F%3FITMCODE=5199101371300 HTTP/1.1" 200 11138 "-" "Mozilla/5.0 (compatible; SemrushBot/7~bl; +http://www.semrush.com/bot.html)"
85.208.96.197 - - [14/Sep/2026:17:41:57 +0300] "GET /?sale%2Fsearch%2Fdetail%2F%3FITMCODE=51987552658 HTTP/1.1" 200 11138 "-" "Mozilla/5.0 (compatible; SemrushBot/7~bl; +http://www.semrush.com/bot.html)"
66.249.68.105 - - [14/Sep/2026:17:42:08 +0300] "GET /?sale/search/detail/?ITMCODE=51981641492 HTTP/1.1" 200 202276 "-" "Mozilla/5.0 (Linux; Android 6.0.1; Nexus 5X Build/MMB29P) AppleWebKit/537.36 (KHTML, like Gecko) Chrome/152.0.7977.82 Mobile Safari/537.36 (compatible; Googlebot/2.1; +http://www.google.com/bot.html)"
43.163.112.239 - - [14/Sep/2026:17:42:23 +0300] "GET / HTTP/1.1" 200 11120 "-" "Mozilla/5.0 (iPhone; CPU iPhone OS 13_2_3 like Mac OS X) AppleWebKit/605.1.15 (KHTML, like Gecko) Version/13.0.3 Mobile/15E148 Safari/604.1"
43.159.149.56 - - [14/Sep/2026:17:42:44 +0300] "GET / HTTP/1.1" 200 11140 "-" "Mozilla/5.0 (iPhone; CPU iPhone OS 13_2_3 like Mac OS X) AppleWebKit/605.1.15 (KHTML, like Gecko) Version/13.0.3 Mobile/15E148 Safari/604.1"
66.249.68.105 - - [14/Sep/2026:17:43:26 +0300] "GET /?sale/search/detail/?ITMCODE=51992185488 HTTP/1.1" 200 216513 "-" "Mozilla/5.0 (Linux; Android 6.0.1; Nexus 5X Build/MMB29P) AppleWebKit/537.36 (KHTML, like Gecko) Chrome/152.0.7977.82 Mobile Safari/537.36 (compatible; Googlebot/2.1; +http://www.google.com/bot.html)"
85.208.96.210 - - [14/Sep/2026:17:44:04 +0300] "GET /?sale%2Fsearch%2Fdetail%2F%3FITMCODE=51977468096 HTTP/1.1" 200 11138 "-" "Mozilla/5.0 (compatible; SemrushBot/7~bl; +http://www.semrush.com/bot.html)"
66.249.68.104 - - [14/Sep/2026:17:44:12 +0300] "GET /?sale/search/detail/?ITMCODE=5195413061 HTTP/1.1" 200 198188 "-" "Mozilla/5.0 (Linux; Android 6.0.1; Nexus 5X Build/MMB29P) AppleWebKit/537.36 (KHTML, like Gecko) Chrome/152.0.7977.82 Mobile Safari/537.36 (compatible; Googlebot/2.1; +http://www.google.com/bot.html)"
40.77.167.151 - - [14/Sep/2026:17:44:57 +0300] "GET /shop/pg/5196743703 HTTP/1.1" 200 194300 "-" "Mozilla/5.0 AppleWebKit/537.36 (KHTML, like Gecko; compatible; bingbot/2.0; +http://www.bing.com/bingbot.htm) Chrome/116.0.1938.76 Safari/537.36"
157.55.39.204 - - [14/Sep/2026:17:45:08 +0300] "GET /shop/pg/1007754 HTTP/1.1" 200 194317 "-" "Mozilla/5.0 AppleWebKit/537.36 (KHTML, like Gecko; compatible; bingbot/2.0; +http://www.bing.com/bingbot.htm) Chrome/116.0.1938.76 Safari/537.36"
66.249.68.104 - - [14/Sep/2026:17:45:24 +0300] "GET /?sale/search/detail/?ITMCODE=51971401573 HTTP/1.1" 200 194773 "-" "Mozilla/5.0 (Linux; Android 6.0.1; Nexus 5X Build/MMB29P) AppleWebKit/537.36 (KHTML, like Gecko) Chrome/152.0.7977.82 Mobile Safari/537.36 (compatible; Googlebot/2.1; +http://www.google.com/bot.html)"
66.249.68.104 - - [14/Sep/2026:17:45:54 +0300] "GET /?sale/search/detail/?ITMCODE=52002710229 HTTP/1.1" 200 201726 "-" "Mozilla/5.0 (Linux; Android 6.0.1; Nexus 5X Build/MMB29P) AppleWebKit/537.36 (KHTML, like Gecko) Chrome/152.0.7977.82 Mobile Safari/537.36 (compatible; Googlebot/2.1; +http://www.google.com/bot.html)"
185.191.171.17 - - [14/Sep/2026:17:46:00 +0300] "GET /?sale%2Fsearch%2Fdetail%2F%3FITMCODE=51992472499 HTTP/1.1" 200 11138 "-" "Mozilla/5.0 (compatible; SemrushBot/7~bl; +http://www.semrush.com/bot.html)"
85.208.96.193 - - [14/Sep/2026:17:46:13 +0300] "GET /?sale%2Fsearch%2Fdetail%2F%3FITMCODE=519911064132 HTTP/1.1" 200 11138 "-" "Mozilla/5.0 (compatible; SemrushBot/7~bl; +http://www.semrush.com/bot.html)"
66.249.68.96 - - [14/Sep/2026:17:46:21 +0300] "GET /?sale/search/detail/?ITMCODE=51971224946 HTTP/1.1" 200 209764 "-" "Mozilla/5.0 (Linux; Android 6.0.1; Nexus 5X Build/MMB29P) AppleWebKit/537.36 (KHTML, like Gecko) Chrome/152.0.7977.82 Mobile Safari/537.36 (compatible; Googlebot/2.1; +http://www.google.com/bot.html)"
185.191.171.13 - - [14/Sep/2026:17:46:36 +0300] "GET /?sale%2Fsearch%2Fdetail%2F%3FITMCODE=51984800210 HTTP/1.1" 200 11138 "-" "Mozilla/5.0 (compatible; SemrushBot/7~bl; +http://www.semrush.com/bot.html)"
66.249.68.104 - - [14/Sep/2026:17:47:19 +0300] "GET /?sale/search/detail/?ITMCODE=51971244950 HTTP/1.1" 200 196985 "-" "Mozilla/5.0 (Linux; Android 6.0.1; Nexus 5X Build/MMB29P) AppleWebKit/537.36 (KHTML, like Gecko) Chrome/152.0.7977.82 Mobile Safari/537.36 (compatible; Googlebot/2.1; +http://www.google.com/bot.html)"
185.191.171.12 - - [14/Sep/2026:17:47:56 +0300] "GET /?sale%2Fsearch%2Fdetail%2F%3FITMCODE=519825915508 HTTP/1.1" 200 11138 "-" "Mozilla/5.0 (compatible; SemrushBot/7~bl; +http://www.semrush.com/bot.html)"
66.249.68.105 - - [14/Sep/2026:17:48:25 +0300] "GET /?sale/search/detail/?ITMCODE=51971430197 HTTP/1.1" 200 199602 "-" "Mozilla/5.0 (Linux; Android 6.0.1; Nexus 5X Build/MMB29P) AppleWebKit/537.36 (KHTML, like Gecko) Chrome/152.0.7977.82 Mobile Safari/537.36 (compatible; Googlebot/2.1; +http://www.google.com/bot.html)"
66.249.68.105 - - [14/Sep/2026:17:49:59 +0300] "GET /?sale/search/detail/?ITMCODE=51992436196 HTTP/1.1" 200 196554 "-" "Mozilla/5.0 (Linux; Android 6.0.1; Nexus 5X Build/MMB29P) AppleWebKit/537.36 (KHTML, like Gecko) Chrome/152.0.7977.82 Mobile Safari/537.36 (compatible; Googlebot/2.1; +http://www.google.com/bot.html)"
185.191.171.16 - - [14/Sep/2026:17:50:22 +0300] "GET /?sale%2Fsearch%2Fdetail%2F%3FITMCODE=519725019948 HTTP/1.1" 200 11138 "-" "Mozilla/5.0 (compatible; SemrushBot/7~bl; +http://www.semrush.com/bot.html)"
66.249.68.96 - - [14/Sep/2026:17:51:04 +0300] "GET /?sale/search/detail/?ITMCODE=5196803391 HTTP/1.1" 200 204315 "-" "Mozilla/5.0 (Linux; Android 6.0.1; Nexus 5X Build/MMB29P) AppleWebKit/537.36 (KHTML, like Gecko) Chrome/152.0.7977.82 Mobile Safari/537.36 (compatible; Googlebot/2.1; +http://www.google.com/bot.html)"
85.208.96.194 - - [14/Sep/2026:17:51:11 +0300] "GET /?sale%2Fsearch%2Fdetail%2F%3FITMCODE=5195102151080 HTTP/1.1" 200 11138 "-" "Mozilla/5.0 (compatible; SemrushBot/7~bl; +http://www.semrush.com/bot.html)"
170.106.65.93 - - [14/Sep/2026:17:51:49 +0300] "GET / HTTP/1.1" 200 11120 "-" "Mozilla/5.0 (iPhone; CPU iPhone OS 13_2_3 like Mac OS X) AppleWebKit/605.1.15 (KHTML, like Gecko) Version/13.0.3 Mobile/15E148 Safari/604.1"
66.249.68.104 - - [14/Sep/2026:17:51:51 +0300] "GET /?sale/search/detail/?ITMCODE=5195246919 HTTP/1.1" 200 201624 "-" "Mozilla/5.0 (Linux; Android 6.0.1; Nexus 5X Build/MMB29P) AppleWebKit/537.36 (KHTML, like Gecko) Chrome/152.0.7977.82 Mobile Safari/537.36 (compatible; Googlebot/2.1; +http://www.google.com/bot.html)"
66.249.68.104 - - [14/Sep/2026:17:52:29 +0300] "GET /?sale/search/detail/?ITMCODE=51971141702 HTTP/1.1" 200 198256 "-" "Mozilla/5.0 (Linux; Android 6.0.1; Nexus 5X Build/MMB29P) AppleWebKit/537.36 (KHTML, like Gecko) Chrome/152.0.7977.82 Mobile Safari/537.36 (compatible; Googlebot/2.1; +http://www.google.com/bot.html)"
66.249.68.105 - - [14/Sep/2026:17:53:05 +0300] "GET /?sale/search/detail/?ITMCODE=5195410347 HTTP/1.1" 200 201405 "-" "Mozilla/5.0 (Linux; Android 6.0.1; Nexus 5X Build/MMB29P) AppleWebKit/537.36 (KHTML, like Gecko) Chrome/152.0.7977.82 Mobile Safari/537.36 (compatible; Googlebot/2.1; +http://www.google.com/bot.html)"
66.249.68.105 - - [14/Sep/2026:17:54:14 +0300] "GET /?sale/search/detail/?ITMCODE=51981548984 HTTP/1.1" 200 196186 "-" "Mozilla/5.0 (Linux; Android 6.0.1; Nexus 5X Build/MMB29P) AppleWebKit/537.36 (KHTML, like Gecko) Chrome/152.0.7977.82 Mobile Safari/537.36 (compatible; Googlebot/2.1; +http://www.google.com/bot.html)"
66.249.68.96 - - [14/Sep/2026:17:55:18 +0300] "GET /?sale/search/detail/?ITMCODE=5196676924 HTTP/1.1" 200 200188 "-" "Mozilla/5.0 (Linux; Android 6.0.1; Nexus 5X Build/MMB29P) AppleWebKit/537.36 (KHTML, like Gecko) Chrome/152.0.7977.82 Mobile Safari/537.36 (compatible; Googlebot/2.1; +http://www.google.com/bot.html)"
85.208.96.200 - - [14/Sep/2026:17:55:35 +0300] "GET /?sale%2Fsearch%2Fdetail%2F%3FITMCODE=520017930618 HTTP/1.1" 200 11138 "-" "Mozilla/5.0 (compatible; SemrushBot/7~bl; +http://www.semrush.com/bot.html)"
66.249.68.105 - - [14/Sep/2026:17:55:48 +0300] "GET /?sale/search/detail/?ITMCODE=5195451224 HTTP/1.1" 200 205151 "-" "Mozilla/5.0 (Linux; Android 6.0.1; Nexus 5X Build/MMB29P) AppleWebKit/537.36 (KHTML, like Gecko) Chrome/152.0.7977.82 Mobile Safari/537.36 (compatible; Googlebot/2.1; +http://www.google.com/bot.html)"
185.191.171.14 - - [14/Sep/2026:17:56:01 +0300] "GET /?sale%2Fsearch%2Fdetail%2F%3FITMCODE=52005635457 HTTP/1.1" 200 11138 "-" "Mozilla/5.0 (compatible; SemrushBot/7~bl; +http://www.semrush.com/bot.html)"
185.191.171.10 - - [14/Sep/2026:17:56:21 +0300] "GET /?sale%2Fsearch%2Fdetail%2F%3FITMCODE=51956384048 HTTP/1.1" 200 11138 "-" "Mozilla/5.0 (compatible; SemrushBot/7~bl; +http://www.semrush.com/bot.html)"
185.191.171.14 - - [14/Sep/2026:17:56:50 +0300] "GET /?sale%2Fsearch%2Fdetail%2F%3FITMCODE=519672863458 HTTP/1.1" 200 11138 "-" "Mozilla/5.0 (compatible; SemrushBot/7~bl; +http://www.semrush.com/bot.html)"
66.249.68.104 - - [14/Sep/2026:17:56:59 +0300] "GET /?sale/search/detail/?ITMCODE=51971068719 HTTP/1.1" 200 203732 "-" "Mozilla/5.0 (Linux; Android 6.0.1; Nexus 5X Build/MMB29P) AppleWebKit/537.36 (KHTML, like Gecko) Chrome/152.0.7977.82 Mobile Safari/537.36 (compatible; Googlebot/2.1; +http://www.google.com/bot.html)"
66.249.68.104 - - [14/Sep/2026:17:58:01 +0300] "GET /?sale/search/detail/?ITMCODE=51971075748 HTTP/1.1" 200 204526 "-" "Mozilla/5.0 (Linux; Android 6.0.1; Nexus 5X Build/MMB29P) AppleWebKit/537.36 (KHTML, like Gecko) Chrome/152.0.7977.82 Mobile Safari/537.36 (compatible; Googlebot/2.1; +http://www.google.com/bot.html)"
66.249.68.104 - - [14/Sep/2026:17:58:31 +0300] "GET /?sale/search/detail/?ITMCODE=5195211596 HTTP/1.1" 200 212913 "-" "Mozilla/5.0 (Linux; Android 6.0.1; Nexus 5X Build/MMB29P) AppleWebKit/537.36 (KHTML, like Gecko) Chrome/152.0.7977.82 Mobile Safari/537.36 (compatible; Googlebot/2.1; +http://www.google.com/bot.html)"
172.102.206.2 - - [14/Sep/2026:17:59:05 +0300] "GET / HTTP/1.1" 200 11140 "-" "Mozilla/5.0 (iPhone; CPU iPhone OS 18_7_8 like Mac OS X) AppleWebKit/605.1.15 (KHTML, like Gecko) Version/26.0 Mobile/15E148 Safari/604.1"
85.208.96.210 - - [14/Sep/2026:17:59:08 +0300] "GET /?sale%2Fsearch%2Fdetail%2F%3FITMCODE=52008862158 HTTP/1.1" 200 11138 "-" "Mozilla/5.0 (compatible; SemrushBot/7~bl; +http://www.semrush.com/bot.html)"
45.94.247.7 - - [14/Sep/2026:17:59:11 +0300] "GET /ads.txt HTTP/1.1" 404 1317 "-" "Mozilla/5.0 (iPhone; CPU iPhone OS 18_7_8 like Mac OS X) AppleWebKit/605.1.15 (KHTML, like Gecko) Version/26.0 Mobile/15E148 Safari/604.1"
85.208.96.209 - - [14/Sep/2026:17:59:24 +0300] "GET /?sale%2Fsearch%2Fdetail%2F%3FITMCODE=52002781974 HTTP/1.1" 200 11138 "-" "Mozilla/5.0 (compatible; SemrushBot/7~bl; +http://www.semrush.com/bot.html)"
66.249.68.105 - - [14/Sep/2026:17:59:27 +0300] "GET /?sale/search/detail/?ITMCODE=51992351514 HTTP/1.1" 200 209499 "-" "Mozilla/5.0 (Linux; Android 6.0.1; Nexus 5X Build/MMB29P) AppleWebKit/537.36 (KHTML, like Gecko) Chrome/152.0.7977.82 Mobile Safari/537.36 (compatible; Googlebot/2.1; +http://www.google.com/bot.html)"
66.249.68.104 - - [14/Sep/2026:18:00:14 +0300] "GET /?sale/search/detail/?ITMCODE=51992228771 HTTP/1.1" 200 196597 "-" "Mozilla/5.0 (Linux; Android 6.0.1; Nexus 5X Build/MMB29P) AppleWebKit/537.36 (KHTML, like Gecko) Chrome/152.0.7977.82 Mobile Safari/537.36 (compatible; Googlebot/2.1; +http://www.google.com/bot.html)"
85.208.96.201 - - [14/Sep/2026:18:00:43 +0300] "GET /?sale%2Fsearch%2Fdetail%2F%3FITMCODE=519536248885 HTTP/1.1" 200 11138 "-" "Mozilla/5.0 (compatible; SemrushBot/7~bl; +http://www.semrush.com/bot.html)"
66.249.68.104 - - [14/Sep/2026:18:00:56 +0300] "GET /?sale/search/detail/?ITMCODE=51971475832 HTTP/1.1" 200 200886 "-" "Mozilla/5.0 (Linux; Android 6.0.1; Nexus 5X Build/MMB29P) AppleWebKit/537.36 (KHTML, like Gecko) Chrome/152.0.7977.82 Mobile Safari/537.36 (compatible; Googlebot/2.1; +http://www.google.com/bot.html)"
85.208.96.204 - - [14/Sep/2026:18:01:01 +0300] "GET /?sale%2Fsearch%2Fdetail%2F%3FITMCODE=519810830262 HTTP/1.1" 200 11138 "-" "Mozilla/5.0 (compatible; SemrushBot/7~bl; +http://www.semrush.com/bot.html)"
66.249.68.105 - - [14/Sep/2026:18:01:35 +0300] "GET /?sale/search/detail/?ITMCODE=52002627238 HTTP/1.1" 200 223896 "-" "Mozilla/5.0 (Linux; Android 6.0.1; Nexus 5X Build/MMB29P) AppleWebKit/537.36 (KHTML, like Gecko) Chrome/152.0.7977.82 Mobile Safari/537.36 (compatible; Googlebot/2.1; +http://www.google.com/bot.html)"
170.106.113.235 - - [14/Sep/2026:18:01:54 +0300] "GET / HTTP/1.1" 200 11140 "-" "Mozilla/5.0 (iPhone; CPU iPhone OS 13_2_3 like Mac OS X) AppleWebKit/605.1.15 (KHTML, like Gecko) Version/13.0.3 Mobile/15E148 Safari/604.1"
66.249.68.96 - - [14/Sep/2026:18:02:26 +0300] "GET /?sale/search/detail/?ITMCODE=51981728735 HTTP/1.1" 200 211735 "-" "Mozilla/5.0 (Linux; Android 6.0.1; Nexus 5X Build/MMB29P) AppleWebKit/537.36 (KHTML, like Gecko) Chrome/152.0.7977.82 Mobile Safari/537.36 (compatible; Googlebot/2.1; +http://www.google.com/bot.html)"
66.249.68.104 - - [14/Sep/2026:18:02:58 +0300] "GET /?sale/search/detail/?ITMCODE=5195400638 HTTP/1.1" 200 198503 "-" "Mozilla/5.0 (Linux; Android 6.0.1; Nexus 5X Build/MMB29P) AppleWebKit/537.36 (KHTML, like Gecko) Chrome/152.0.7977.82 Mobile Safari/537.36 (compatible; Googlebot/2.1; +http://www.google.com/bot.html)"
185.191.171.7 - - [14/Sep/2026:18:03:03 +0300] "GET /?sale%2Fsearch%2Fdetail%2F%3FITMCODE=52005768070 HTTP/1.1" 200 11138 "-" "Mozilla/5.0 (compatible; SemrushBot/7~bl; +http://www.semrush.com/bot.html)"
66.249.68.104 - - [14/Sep/2026:18:03:17 +0300] "GET /?sale/search/detail/?ITMCODE=5196761548 HTTP/1.1" 200 206218 "-" "Mozilla/5.0 (Linux; Android 6.0.1; Nexus 5X Build/MMB29P) AppleWebKit/537.36 (KHTML, like Gecko) Chrome/152.0.7977.82 Mobile Safari/537.36 (compatible; Googlebot/2.1; +http://www.google.com/bot.html)"
85.208.96.200 - - [14/Sep/2026:18:03:28 +0300] "GET /?sale%2Fsearch%2Fdetail%2F%3FITMCODE=519831634295 HTTP/1.1" 200 11138 "-" "Mozilla/5.0 (compatible; SemrushBot/7~bl; +http://www.semrush.com/bot.html)"
66.249.68.104 - - [14/Sep/2026:18:03:36 +0300] "GET /?sale/search/detail/?ITMCODE=51971042576 HTTP/1.1" 200 210649 "-" "Mozilla/5.0 (Linux; Android 6.0.1; Nexus 5X Build/MMB29P) AppleWebKit/537.36 (KHTML, like Gecko) Chrome/152.0.7977.82 Mobile Safari/537.36 (compatible; Googlebot/2.1; +http://www.google.com/bot.html)"
66.249.68.96 - - [14/Sep/2026:18:04:02 +0300] "GET /?sale/search/detail/?ITMCODE=51971188926 HTTP/1.1" 200 207284 "-" "Mozilla/5.0 (Linux; Android 6.0.1; Nexus 5X Build/MMB29P) AppleWebKit/537.36 (KHTML, like Gecko) Chrome/152.0.7977.82 Mobile Safari/537.36 (compatible; Googlebot/2.1; +http://www.google.com/bot.html)"
85.208.96.206 - - [14/Sep/2026:18:04:04 +0300] "GET /?sale%2Fsearch%2Fdetail%2F%3FITMCODE=519725135463 HTTP/1.1" 200 11138 "-" "Mozilla/5.0 (compatible; SemrushBot/7~bl; +http://www.semrush.com/bot.html)"
66.249.68.105 - - [14/Sep/2026:18:04:18 +0300] "GET /?sale/search/detail/?ITMCODE=5195189285 HTTP/1.1" 200 204291 "-" "Mozilla/5.0 (Linux; Android 6.0.1; Nexus 5X Build/MMB29P) AppleWebKit/537.36 (KHTML, like Gecko) Chrome/152.0.7977.82 Mobile Safari/537.36 (compatible; Googlebot/2.1; +http://www.google.com/bot.html)"
85.208.96.212 - - [14/Sep/2026:18:04:29 +0300] "GET /?sale%2Fsearch%2Fdetail%2F%3FITMCODE=520011888863 HTTP/1.1" 200 11138 "-" "Mozilla/5.0 (compatible; SemrushBot/7~bl; +http://www.semrush.com/bot.html)"
66.249.68.104 - - [14/Sep/2026:18:04:52 +0300] "GET /?sale/search/detail/?ITMCODE=51971059145 HTTP/1.1" 200 194755 "-" "Mozilla/5.0 (Linux; Android 6.0.1; Nexus 5X Build/MMB29P) AppleWebKit/537.36 (KHTML, like Gecko) Chrome/152.0.7977.82 Mobile Safari/537.36 (compatible; Googlebot/2.1; +http://www.google.com/bot.html)"
66.249.68.104 - - [14/Sep/2026:18:05:14 +0300] "GET /?sale/search/detail/?ITMCODE=51971021898 HTTP/1.1" 200 200795 "-" "Mozilla/5.0 (Linux; Android 6.0.1; Nexus 5X Build/MMB29P) AppleWebKit/537.36 (KHTML, like Gecko) Chrome/152.0.7977.82 Mobile Safari/537.36 (compatible; Googlebot/2.1; +http://www.google.com/bot.html)"
66.249.68.105 - - [14/Sep/2026:18:05:26 +0300] "GET /?sale/search/detail/?ITMCODE=51992163919 HTTP/1.1" 200 205777 "-" "Mozilla/5.0 (Linux; Android 6.0.1; Nexus 5X Build/MMB29P) AppleWebKit/537.36 (KHTML, like Gecko) Chrome/152.0.7977.82 Mobile Safari/537.36 (compatible; Googlebot/2.1; +http://www.google.com/bot.html)"
66.249.68.104 - - [14/Sep/2026:18:05:52 +0300] "GET /?sale/search/detail/?ITMCODE=51981538747 HTTP/1.1" 200 194397 "-" "Mozilla/5.0 (Linux; Android 6.0.1; Nexus 5X Build/MMB29P) AppleWebKit/537.36 (KHTML, like Gecko) Chrome/152.0.7977.82 Mobile Safari/537.36 (compatible; Googlebot/2.1; +http://www.google.com/bot.html)"
66.249.68.104 - - [14/Sep/2026:18:06:08 +0300] "GET /?sale/search/detail/?ITMCODE=51971431731 HTTP/1.1" 200 208133 "-" "Mozilla/5.0 (Linux; Android 6.0.1; Nexus 5X Build/MMB29P) AppleWebKit/537.36 (KHTML, like Gecko) Chrome/152.0.7977.82 Mobile Safari/537.36 (compatible; Googlebot/2.1; +http://www.google.com/bot.html)"
185.191.171.4 - - [14/Sep/2026:18:06:31 +0300] "GET /?sale%2Fsearch%2Fdetail%2F%3FITMCODE=52005839821 HTTP/1.1" 200 11138 "-" "Mozilla/5.0 (compatible; SemrushBot/7~bl; +http://www.semrush.com/bot.html)"
141.98.11.50 - - [14/Sep/2026:18:06:52 +0300] "GET /.vscode/sftp.json HTTP/1.1" 404 1320 "-" "Mozilla/5.0 (Windows NT 10.0; Win64; x64) AppleWebKit/537.36 (KHTML, like Gecko) Chrome/114.0.0.0 Safari/537.36"
141.98.11.50 - - [14/Sep/2026:18:06:53 +0300] "GET /sftp-config.json HTTP/1.1" 404 1320 "-" "Mozilla/5.0 (Windows NT 10.0; Win64; x64) AppleWebKit/537.36 (KHTML, like Gecko) Chrome/114.0.0.0 Safari/537.36"
85.208.96.197 - - [14/Sep/2026:18:08:40 +0300] "GET /?sale%2Fsearch%2Fdetail%2F%3FITMCODE=519831624205 HTTP/1.1" 200 11138 "-" "Mozilla/5.0 (compatible; SemrushBot/7~bl; +http://www.semrush.com/bot.html)"
185.191.171.18 - - [14/Sep/2026:18:09:00 +0300] "GET /?sale%2Fsearch%2Fdetail%2F%3FITMCODE=519974028423 HTTP/1.1" 200 11138 "-" "Mozilla/5.0 (compatible; SemrushBot/7~bl; +http://www.semrush.com/bot.html)"
185.191.171.3 - - [14/Sep/2026:18:10:16 +0300] "GET /robots.txt HTTP/1.1" 200 836 "-" "Mozilla/5.0 (compatible; SemrushBot/7~bl; +http://www.semrush.com/bot.html)"
85.208.96.198 - - [14/Sep/2026:18:10:16 +0300] "GET /?sale%2Fsearch%2Fdetail%2F%3FITMCODE=520011701867 HTTP/1.1" 200 11138 "-" "Mozilla/5.0 (compatible; SemrushBot/7~bl; +http://www.semrush.com/bot.html)"
43.135.133.241 - - [14/Sep/2026:18:12:37 +0300] "GET / HTTP/1.1" 200 11140 "-" "Mozilla/5.0 (iPhone; CPU iPhone OS 13_2_3 like Mac OS X) AppleWebKit/605.1.15 (KHTML, like Gecko) Version/13.0.3 Mobile/15E148 Safari/604.1"
85.208.96.198 - - [14/Sep/2026:18:13:22 +0300] "GET /?sale%2Fsearch%2Fdetail%2F%3FITMCODE=5199101003555 HTTP/1.1" 200 11138 "-" "Mozilla/5.0 (compatible; SemrushBot/7~bl; +http://www.semrush.com/bot.html)"
52.167.144.230 - - [14/Sep/2026:18:13:50 +0300] "GET /shop/pg/717348 HTTP/1.1" 200 198020 "-" "Mozilla/5.0 AppleWebKit/537.36 (KHTML, like Gecko; compatible; bingbot/2.0; +http://www.bing.com/bingbot.htm) Chrome/116.0.1938.76 Safari/537.36"
85.208.96.212 - - [14/Sep/2026:18:14:18 +0300] "GET /?sale%2Fsearch%2Fdetail%2F%3FITMCODE=51998435142 HTTP/1.1" 200 11138 "-" "Mozilla/5.0 (compatible; SemrushBot/7~bl; +http://www.semrush.com/bot.html)"
66.249.68.105 - - [14/Sep/2026:18:14:21 +0300] "GET /?sale/search/detail/?ITMCODE=51981642378 HTTP/1.1" 200 199214 "-" "Mozilla/5.0 (Linux; Android 6.0.1; Nexus 5X Build/MMB29P) AppleWebKit/537.36 (KHTML, like Gecko) Chrome/152.0.7977.82 Mobile Safari/537.36 (compatible; Googlebot/2.1; +http://www.google.com/bot.html)"
66.249.68.104 - - [14/Sep/2026:18:14:33 +0300] "GET /?sale/search/detail/?ITMCODE=51981811891 HTTP/1.1" 200 196623 "-" "Mozilla/5.0 (Linux; Android 6.0.1; Nexus 5X Build/MMB29P) AppleWebKit/537.36 (KHTML, like Gecko) Chrome/152.0.7977.82 Mobile Safari/537.36 (compatible; Googlebot/2.1; +http://www.google.com/bot.html)"
40.77.167.4 - - [14/Sep/2026:18:15:03 +0300] "GET /shop/pg/5196800459 HTTP/1.1" 200 194022 "-" "Mozilla/5.0 AppleWebKit/537.36 (KHTML, like Gecko; compatible; bingbot/2.0; +http://www.bing.com/bingbot.htm) Chrome/116.0.1938.76 Safari/537.36"
185.191.171.15 - - [14/Sep/2026:18:16:26 +0300] "GET /?sale%2Fsearch%2Fdetail%2F%3FITMCODE=52005740928 HTTP/1.1" 200 11138 "-" "Mozilla/5.0 (compatible; SemrushBot/7~bl; +http://www.semrush.com/bot.html)"
66.249.68.104 - - [14/Sep/2026:18:16:53 +0300] "GET /?sale/search/detail/?ITMCODE=5195148581 HTTP/1.1" 200 219416 "-" "Mozilla/5.0 (Linux; Android 6.0.1; Nexus 5X Build/MMB29P) AppleWebKit/537.36 (KHTML, like Gecko) Chrome/152.0.7977.82 Mobile Safari/537.36 (compatible; Googlebot/2.1; +http://www.google.com/bot.html)"
66.249.68.104 - - [14/Sep/2026:18:17:30 +0300] "GET /?sale/search/detail/?ITMCODE=51992460369 HTTP/1.1" 200 202432 "-" "Mozilla/5.0 (Linux; Android 6.0.1; Nexus 5X Build/MMB29P) AppleWebKit/537.36 (KHTML, like Gecko) Chrome/152.0.7977.82 Mobile Safari/537.36 (compatible; Googlebot/2.1; +http://www.google.com/bot.html)"
66.249.68.104 - - [14/Sep/2026:18:18:21 +0300] "GET /?sale/search/detail/?ITMCODE=5196844928 HTTP/1.1" 200 205833 "-" "Mozilla/5.0 (Linux; Android 6.0.1; Nexus 5X Build/MMB29P) AppleWebKit/537.36 (KHTML, like Gecko) Chrome/152.0.7977.82 Mobile Safari/537.36 (compatible; Googlebot/2.1; +http://www.google.com/bot.html)"
66.249.68.104 - - [14/Sep/2026:18:18:45 +0300] "GET /?sale/search/detail/?ITMCODE=52002855899 HTTP/1.1" 200 195972 "-" "Mozilla/5.0 (Linux; Android 6.0.1; Nexus 5X Build/MMB29P) AppleWebKit/537.36 (KHTML, like Gecko) Chrome/152.0.7977.82 Mobile Safari/537.36 (compatible; Googlebot/2.1; +http://www.google.com/bot.html)"
66.249.68.96 - - [14/Sep/2026:18:18:59 +0300] "GET /?sale/search/detail/?ITMCODE=5195395069 HTTP/1.1" 200 199390 "-" "Mozilla/5.0 (Linux; Android 6.0.1; Nexus 5X Build/MMB29P) AppleWebKit/537.36 (KHTML, like Gecko) Chrome/152.0.7977.82 Mobile Safari/537.36 (compatible; Googlebot/2.1; +http://www.google.com/bot.html)"
66.249.68.105 - - [14/Sep/2026:18:19:31 +0300] "GET /?sale/search/detail/?ITMCODE=51992208001 HTTP/1.1" 200 198063 "-" "Mozilla/5.0 (Linux; Android 6.0.1; Nexus 5X Build/MMB29P) AppleWebKit/537.36 (KHTML, like Gecko) Chrome/152.0.7977.82 Mobile Safari/537.36 (compatible; Googlebot/2.1; +http://www.google.com/bot.html)"
66.249.68.104 - - [14/Sep/2026:18:20:27 +0300] "GET /?sale/search/detail/?ITMCODE=51992162305 HTTP/1.1" 200 193484 "-" "Mozilla/5.0 (Linux; Android 6.0.1; Nexus 5X Build/MMB29P) AppleWebKit/537.36 (KHTML, like Gecko) Chrome/152.0.7977.82 Mobile Safari/537.36 (compatible; Googlebot/2.1; +http://www.google.com/bot.html)"
66.249.68.105 - - [14/Sep/2026:18:20:29 +0300] "GET /?sale/search/detail/?ITMCODE=5196676739 HTTP/1.1" 200 224756 "-" "Mozilla/5.0 (Linux; Android 6.0.1; Nexus 5X Build/MMB29P) AppleWebKit/537.36 (KHTML, like Gecko) Chrome/152.0.7977.82 Mobile Safari/537.36 (compatible; Googlebot/2.1; +http://www.google.com/bot.html)"
66.249.68.104 - - [14/Sep/2026:18:20:35 +0300] "GET /?sale/search/detail/?ITMCODE=52002847862 HTTP/1.1" 200 193800 "-" "Mozilla/5.0 (Linux; Android 6.0.1; Nexus 5X Build/MMB29P) AppleWebKit/537.36 (KHTML, like Gecko) Chrome/152.0.7977.82 Mobile Safari/537.36 (compatible; Googlebot/2.1; +http://www.google.com/bot.html)"
85.208.96.209 - - [14/Sep/2026:18:21:04 +0300] "GET /?sale%2Fsearch%2Fdetail%2F%3FITMCODE=519713101330 HTTP/1.1" 200 11138 "-" "Mozilla/5.0 (compatible; SemrushBot/7~bl; +http://www.semrush.com/bot.html)"
66.249.68.104 - - [14/Sep/2026:18:21:05 +0300] "GET /?sale/search/detail/?ITMCODE=51971208811 HTTP/1.1" 200 210892 "-" "Mozilla/5.0 (Linux; Android 6.0.1; Nexus 5X Build/MMB29P) AppleWebKit/537.36 (KHTML, like Gecko) Chrome/152.0.7977.82 Mobile Safari/537.36 (compatible; Googlebot/2.1; +http://www.google.com/bot.html)"
85.208.96.200 - - [14/Sep/2026:18:21:13 +0300] "GET /?sale%2Fsearch%2Fdetail%2F%3FITMCODE=519518229628 HTTP/1.1" 200 11138 "-" "Mozilla/5.0 (compatible; SemrushBot/7~bl; +http://www.semrush.com/bot.html)"
66.249.68.104 - - [14/Sep/2026:18:21:12 +0300] "GET /?sale/search/detail/?ITMCODE=5195486144 HTTP/1.1" 200 204579 "-" "Mozilla/5.0 (Linux; Android 6.0.1; Nexus 5X Build/MMB29P) AppleWebKit/537.36 (KHTML, like Gecko) Chrome/152.0.7977.82 Mobile Safari/537.36 (compatible; Googlebot/2.1; +http://www.google.com/bot.html)"
66.249.68.104 - - [14/Sep/2026:18:21:20 +0300] "GET /?sale/search/detail/?ITMCODE=5196526795 HTTP/1.1" 200 200522 "-" "Mozilla/5.0 (Linux; Android 6.0.1; Nexus 5X Build/MMB29P) AppleWebKit/537.36 (KHTML, like Gecko) Chrome/152.0.7977.82 Mobile Safari/537.36 (compatible; Googlebot/2.1; +http://www.google.com/bot.html)"
66.249.68.104 - - [14/Sep/2026:18:21:24 +0300] "GET /?sale/search/detail/?ITMCODE=519599177 HTTP/1.1" 200 201031 "-" "Mozilla/5.0 (Linux; Android 6.0.1; Nexus 5X Build/MMB29P) AppleWebKit/537.36 (KHTML, like Gecko) Chrome/152.0.7977.82 Mobile Safari/537.36 (compatible; Googlebot/2.1; +http://www.google.com/bot.html)"
66.249.68.104 - - [14/Sep/2026:18:21:34 +0300] "GET /?sale/search/detail/?ITMCODE=51971199060 HTTP/1.1" 200 197513 "-" "Mozilla/5.0 (Linux; Android 6.0.1; Nexus 5X Build/MMB29P) AppleWebKit/537.36 (KHTML, like Gecko) Chrome/152.0.7977.82 Mobile Safari/537.36 (compatible; Googlebot/2.1; +http://www.google.com/bot.html)"
66.249.68.104 - - [14/Sep/2026:18:21:53 +0300] "GET /?sale/search/detail/?ITMCODE=51992175703 HTTP/1.1" 200 213694 "-" "Mozilla/5.0 (Linux; Android 6.0.1; Nexus 5X Build/MMB29P) AppleWebKit/537.36 (KHTML, like Gecko) Chrome/152.0.7977.82 Mobile Safari/537.36 (compatible; Googlebot/2.1; +http://www.google.com/bot.html)"
66.249.68.105 - - [14/Sep/2026:18:21:56 +0300] "GET /?sale/search/detail/?ITMCODE=5195246516 HTTP/1.1" 200 214503 "-" "Mozilla/5.0 (Linux; Android 6.0.1; Nexus 5X Build/MMB29P) AppleWebKit/537.36 (KHTML, like Gecko) Chrome/152.0.7977.82 Mobile Safari/537.36 (compatible; Googlebot/2.1; +http://www.google.com/bot.html)"
66.249.68.105 - - [14/Sep/2026:18:22:02 +0300] "GET /?sale/search/detail/?ITMCODE=51992048720 HTTP/1.1" 200 197867 "-" "Mozilla/5.0 (Linux; Android 6.0.1; Nexus 5X Build/MMB29P) AppleWebKit/537.36 (KHTML, like Gecko) Chrome/152.0.7977.82 Mobile Safari/537.36 (compatible; Googlebot/2.1; +http://www.google.com/bot.html)"
43.162.109.249 - - [14/Sep/2026:18:22:05 +0300] "GET / HTTP/1.1" 200 11140 "-" "Mozilla/5.0 (iPhone; CPU iPhone OS 13_2_3 like Mac OS X) AppleWebKit/605.1.15 (KHTML, like Gecko) Version/13.0.3 Mobile/15E148 Safari/604.1"
66.249.68.105 - - [14/Sep/2026:18:22:13 +0300] "GET /?sale/search/detail/?ITMCODE=51992139513 HTTP/1.1" 200 195339 "-" "Mozilla/5.0 (Linux; Android 6.0.1; Nexus 5X Build/MMB29P) AppleWebKit/537.36 (KHTML, like Gecko) Chrome/152.0.7977.82 Mobile Safari/537.36 (compatible; Googlebot/2.1; +http://www.google.com/bot.html)"
66.249.68.104 - - [14/Sep/2026:18:22:21 +0300] "GET /?sale/search/detail/?ITMCODE=51981816939 HTTP/1.1" 200 195648 "-" "Mozilla/5.0 (Linux; Android 6.0.1; Nexus 5X Build/MMB29P) AppleWebKit/537.36 (KHTML, like Gecko) Chrome/152.0.7977.82 Mobile Safari/537.36 (compatible; Googlebot/2.1; +http://www.google.com/bot.html)"
66.249.68.104 - - [14/Sep/2026:18:22:25 +0300] "GET /?sale/search/detail/?ITMCODE=51971339978 HTTP/1.1" 200 197915 "-" "Mozilla/5.0 (Linux; Android 6.0.1; Nexus 5X Build/MMB29P) AppleWebKit/537.36 (KHTML, like Gecko) Chrome/152.0.7977.82 Mobile Safari/537.36 (compatible; Googlebot/2.1; +http://www.google.com/bot.html)"
66.249.68.105 - - [14/Sep/2026:18:22:26 +0300] "GET /?sale/search/detail/?ITMCODE=51992078651 HTTP/1.1" 200 196749 "-" "Mozilla/5.0 (Linux; Android 6.0.1; Nexus 5X Build/MMB29P) AppleWebKit/537.36 (KHTML, like Gecko) Chrome/152.0.7977.82 Mobile Safari/537.36 (compatible; Googlebot/2.1; +http://www.google.com/bot.html)"
66.249.68.104 - - [14/Sep/2026:18:22:31 +0300] "GET /?sale/search/detail/?ITMCODE=52002810233 HTTP/1.1" 200 210031 "-" "Mozilla/5.0 (Linux; Android 6.0.1; Nexus 5X Build/MMB29P) AppleWebKit/537.36 (KHTML, like Gecko) Chrome/152.0.7977.82 Mobile Safari/537.36 (compatible; Googlebot/2.1; +http://www.google.com/bot.html)"
66.249.68.96 - - [14/Sep/2026:18:22:44 +0300] "GET /?sale/search/detail/?ITMCODE=51992116644 HTTP/1.1" 200 212458 "-" "Mozilla/5.0 (Linux; Android 6.0.1; Nexus 5X Build/MMB29P) AppleWebKit/537.36 (KHTML, like Gecko) Chrome/152.0.7977.82 Mobile Safari/537.36 (compatible; Googlebot/2.1; +http://www.google.com/bot.html)"
66.249.68.105 - - [14/Sep/2026:18:22:46 +0300] "GET /?sale/search/detail/?ITMCODE=51971004402 HTTP/1.1" 200 219810 "-" "Mozilla/5.0 (Linux; Android 6.0.1; Nexus 5X Build/MMB29P) AppleWebKit/537.36 (KHTML, like Gecko) Chrome/152.0.7977.82 Mobile Safari/537.36 (compatible; Googlebot/2.1; +http://www.google.com/bot.html)"
4.224.45.129 - - [14/Sep/2026:18:23:09 +0300] "GET /wp-content/plugins/hellopress/wp_filemanager.php HTTP/1.1" 404 1320 "-" "-"
4.224.45.129 - - [14/Sep/2026:18:23:09 +0300] "GET /this_is_a_new_hello_world.php HTTP/1.1" 404 1317 "-" "-"
4.224.45.129 - - [14/Sep/2026:18:23:09 +0300] "GET /bless.php HTTP/1.1" 404 1317 "-" "-"
4.224.45.129 - - [14/Sep/2026:18:23:10 +0300] "GET /sts.php HTTP/1.1" 404 1317 "-" "-"
4.224.45.129 - - [14/Sep/2026:18:23:10 +0300] "GET /z70.php HTTP/1.1" 404 1317 "-" "-"
4.224.45.129 - - [14/Sep/2026:18:23:10 +0300] "GET /f35.php HTTP/1.1" 404 1317 "-" "-"
4.224.45.129 - - [14/Sep/2026:18:23:11 +0300] "GET //adminfuns.php HTTP/1.1" 404 1317 "-" "-"
4.224.45.129 - - [14/Sep/2026:18:23:11 +0300] "GET /3PJcpMFsD8B.php HTTP/1.1" 403 11203 "-" "-"
4.224.45.129 - - [14/Sep/2026:18:23:11 +0300] "GET //av.php HTTP/1.1" 404 1317 "-" "-"
4.224.45.129 - - [14/Sep/2026:18:23:12 +0300] "GET /av.php HTTP/1.1" 404 1317 "-" "-"
4.224.45.129 - - [14/Sep/2026:18:23:12 +0300] "GET /dex.php HTTP/1.1" 404 1317 "-" "-"
4.224.45.129 - - [14/Sep/2026:18:23:12 +0300] "GET /chosen.php HTTP/1.1" 404 1317 "-" "-"
4.224.45.129 - - [14/Sep/2026:18:23:12 +0300] "GET /1.php?p= HTTP/1.1" 403 7963 "-" "-"
4.224.45.129 - - [14/Sep/2026:18:23:13 +0300] "GET /radio.php HTTP/1.1" 404 1317 "-" "-"
4.224.45.129 - - [14/Sep/2026:18:23:13 +0300] "GET /blacks.php HTTP/1.1" 404 1317 "-" "-"
4.224.45.129 - - [14/Sep/2026:18:23:13 +0300] "GET /run.php HTTP/1.1" 404 1317 "-" "-"
4.224.45.129 - - [14/Sep/2026:18:23:14 +0300] "GET /alfa.php HTTP/1.1" 404 1317 "-" "-"
4.224.45.129 - - [14/Sep/2026:18:23:14 +0300] "GET /w.php HTTP/1.1" 404 1317 "-" "-"
4.224.45.129 - - [14/Sep/2026:18:23:14 +0300] "GET /wp_blog_footer.php HTTP/1.1" 404 1317 "-" "-"
4.224.45.129 - - [14/Sep/2026:18:23:15 +0300] "GET /sss.php?p= HTTP/1.1" 404 1317 "-" "-"
4.224.45.129 - - [14/Sep/2026:18:23:15 +0300] "GET /b8.php HTTP/1.1" 404 1317 "-" "-"
4.224.45.129 - - [14/Sep/2026:18:23:15 +0300] "GET /xex.php HTTP/1.1" 404 1317 "-" "-"
4.224.45.129 - - [14/Sep/2026:18:23:15 +0300] "GET //CAE-2.5.php HTTP/1.1" 404 1320 "-" "-"
4.224.45.129 - - [14/Sep/2026:18:23:16 +0300] "GET /ass.php HTTP/1.1" 404 1317 "-" "-"
4.224.45.129 - - [14/Sep/2026:18:23:16 +0300] "GET /jybkxer.php HTTP/1.1" 404 1317 "-" "-"
4.224.45.129 - - [14/Sep/2026:18:23:16 +0300] "GET /wsd.php HTTP/1.1" 404 1317 "-" "-"
4.224.45.129 - - [14/Sep/2026:18:23:17 +0300] "GET /media.php HTTP/1.1" 404 1317 "-" "-"
4.224.45.129 - - [14/Sep/2026:18:23:17 +0300] "GET /images.php HTTP/1.1" 404 1317 "-" "-"
4.224.45.129 - - [14/Sep/2026:18:23:17 +0300] "GET /ops.php HTTP/1.1" 404 1317 "-" "-"
4.224.45.129 - - [14/Sep/2026:18:23:17 +0300] "GET /BDKR28WP.php HTTP/1.1" 404 1317 "-" "-"
4.224.45.129 - - [14/Sep/2026:18:23:18 +0300] "GET /mac.php HTTP/1.1" 404 1317 "-" "-"
4.224.45.129 - - [14/Sep/2026:18:23:18 +0300] "GET /wmore1.php HTTP/1.1" 404 1317 "-" "-"
4.224.45.129 - - [14/Sep/2026:18:23:18 +0300] "GET /ab.php HTTP/1.1" 404 1317 "-" "-"
4.224.45.129 - - [14/Sep/2026:18:23:19 +0300] "GET /z60.php?p= HTTP/1.1" 404 1317 "-" "-"
4.224.45.129 - - [14/Sep/2026:18:23:19 +0300] "GET //database2.php HTTP/1.1" 404 1317 "-" "-"
4.224.45.129 - - [14/Sep/2026:18:23:19 +0300] "GET /aa.php HTTP/1.1" 404 1317 "-" "-"
4.224.45.129 - - [14/Sep/2026:18:23:20 +0300] "GET /pJPoKA.php HTTP/1.1" 404 1317 "-" "-"
4.224.45.129 - - [14/Sep/2026:18:23:20 +0300] "GET /24.php HTTP/1.1" 404 1317 "-" "-"
4.224.45.129 - - [14/Sep/2026:18:23:20 +0300] "GET /fryvbbn.php HTTP/1.1" 404 1317 "-" "-"
4.224.45.129 - - [14/Sep/2026:18:23:20 +0300] "GET /ff2.php HTTP/1.1" 404 1317 "-" "-"
4.224.45.129 - - [14/Sep/2026:18:23:21 +0300] "GET /xxw.php HTTP/1.1" 404 1317 "-" "-"
4.224.45.129 - - [14/Sep/2026:18:23:21 +0300] "GET /gi2.php HTTP/1.1" 404 1317 "-" "-"
4.224.45.129 - - [14/Sep/2026:18:23:21 +0300] "GET /min.php HTTP/1.1" 404 1317 "-" "-"
4.224.45.129 - - [14/Sep/2026:18:23:22 +0300] "GET /n30n.php HTTP/1.1" 404 1317 "-" "-"
4.224.45.129 - - [14/Sep/2026:18:23:22 +0300] "GET /wawan.php HTTP/1.1" 404 1317 "-" "-"
66.249.68.104 - - [14/Sep/2026:18:23:21 +0300] "GET /?sale/search/detail/?ITMCODE=5196746709 HTTP/1.1" 200 200238 "-" "Mozilla/5.0 (Linux; Android 6.0.1; Nexus 5X Build/MMB29P) AppleWebKit/537.36 (KHTML, like Gecko) Chrome/152.0.7977.82 Mobile Safari/537.36 (compatible; Googlebot/2.1; +http://www.google.com/bot.html)"
4.224.45.129 - - [14/Sep/2026:18:23:22 +0300] "GET /gigi.php HTTP/1.1" 404 1317 "-" "-"
4.224.45.129 - - [14/Sep/2026:18:23:22 +0300] "GET /bnmtp.php HTTP/1.1" 404 1317 "-" "-"
4.224.45.129 - - [14/Sep/2026:18:23:23 +0300] "GET /ebkid.php HTTP/1.1" 404 1317 "-" "-"
4.224.45.129 - - [14/Sep/2026:18:23:23 +0300] "GET /myglu.php HTTP/1.1" 404 1317 "-" "-"
4.224.45.129 - - [14/Sep/2026:18:23:23 +0300] "GET /xp.php HTTP/1.1" 404 1317 "-" "-"
4.224.45.129 - - [14/Sep/2026:18:23:24 +0300] "GET /leeocvou.php HTTP/1.1" 404 1317 "-" "-"
4.224.45.129 - - [14/Sep/2026:18:23:24 +0300] "GET /ugmlxqxz.php HTTP/1.1" 404 1317 "-" "-"
4.224.45.129 - - [14/Sep/2026:18:23:24 +0300] "GET /mpwkxnos.php HTTP/1.1" 404 1317 "-" "-"
4.224.45.129 - - [14/Sep/2026:18:23:24 +0300] "GET /133.php HTTP/1.1" 404 1317 "-" "-"
85.208.96.196 - - [14/Sep/2026:18:23:25 +0300] "GET /?sale%2Fsearch%2Fdetail%2F%3FITMCODE=519719232463 HTTP/1.1" 200 11138 "-" "Mozilla/5.0 (compatible; SemrushBot/7~bl; +http://www.semrush.com/bot.html)"
4.224.45.129 - - [14/Sep/2026:18:23:25 +0300] "GET /x33.php HTTP/1.1" 404 1317 "-" "-"
4.224.45.129 - - [14/Sep/2026:18:23:25 +0300] "GET /xetmolxr.php HTTP/1.1" 404 1317 "-" "-"
4.224.45.129 - - [14/Sep/2026:18:23:25 +0300] "GET /mk.php HTTP/1.1" 404 1317 "-" "-"
4.224.45.129 - - [14/Sep/2026:18:23:26 +0300] "GET /zpcutwcq.php HTTP/1.1" 404 1317 "-" "-"
4.224.45.129 - - [14/Sep/2026:18:23:26 +0300] "GET /efjgujst.php HTTP/1.1" 404 1317 "-" "-"
4.224.45.129 - - [14/Sep/2026:18:23:26 +0300] "GET /155.php HTTP/1.1" 404 1317 "-" "-"
4.224.45.129 - - [14/Sep/2026:18:23:26 +0300] "GET /faii.php HTTP/1.1" 404 1317 "-" "-"
4.224.45.129 - - [14/Sep/2026:18:23:27 +0300] "GET /indo.php HTTP/1.1" 404 1317 "-" "-"
4.224.45.129 - - [14/Sep/2026:18:23:27 +0300] "GET /ano.php HTTP/1.1" 404 1317 "-" "-"
4.224.45.129 - - [14/Sep/2026:18:23:27 +0300] "GET /xenon1337.php HTTP/1.1" 404 1317 "-" "-"
4.224.45.129 - - [14/Sep/2026:18:23:28 +0300] "GET /upgrtfg.php HTTP/1.1" 404 1317 "-" "-"
4.224.45.129 - - [14/Sep/2026:18:23:28 +0300] "GET /wp%20x3.php HTTP/1.1" 404 1317 "-" "-"
4.224.45.129 - - [14/Sep/2026:18:23:28 +0300] "GET /kok.php HTTP/1.1" 404 1317 "-" "-"
4.224.45.129 - - [14/Sep/2026:18:23:28 +0300] "GET /cae.php HTTP/1.1" 404 1317 "-" "-"
4.224.45.129 - - [14/Sep/2026:18:23:29 +0300] "GET /txets.php HTTP/1.1" 404 1317 "-" "-"
4.224.45.129 - - [14/Sep/2026:18:23:29 +0300] "GET /A5.php HTTP/1.1" 404 1317 "-" "-"
4.224.45.129 - - [14/Sep/2026:18:23:29 +0300] "GET /saorvwys.php HTTP/1.1" 404 1317 "-" "-"
4.224.45.129 - - [14/Sep/2026:18:23:30 +0300] "GET /mu2.php HTTP/1.1" 404 1317 "-" "-"
4.224.45.129 - - [14/Sep/2026:18:23:30 +0300] "GET /ms.php HTTP/1.1" 404 1317 "-" "-"
66.249.68.104 - - [14/Sep/2026:18:23:35 +0300] "GET /?sale/search/detail/?ITMCODE=51981921898 HTTP/1.1" 200 203069 "-" "Mozilla/5.0 (Linux; Android 6.0.1; Nexus 5X Build/MMB29P) AppleWebKit/537.36 (KHTML, like Gecko) Chrome/152.0.7977.82 Mobile Safari/537.36 (compatible; Googlebot/2.1; +http://www.google.com/bot.html)"
66.249.68.104 - - [14/Sep/2026:18:23:44 +0300] "GET /?sale/search/detail/?ITMCODE=51971312485 HTTP/1.1" 200 197879 "-" "Mozilla/5.0 (Linux; Android 6.0.1; Nexus 5X Build/MMB29P) AppleWebKit/537.36 (KHTML, like Gecko) Chrome/152.0.7977.82 Mobile Safari/537.36 (compatible; Googlebot/2.1; +http://www.google.com/bot.html)"
66.249.68.104 - - [14/Sep/2026:18:23:45 +0300] "GET /?sale/search/detail/?ITMCODE=5196659004 HTTP/1.1" 200 207938 "-" "Mozilla/5.0 (Linux; Android 6.0.1; Nexus 5X Build/MMB29P) AppleWebKit/537.36 (KHTML, like Gecko) Chrome/152.0.7977.82 Mobile Safari/537.36 (compatible; Googlebot/2.1; +http://www.google.com/bot.html)"
185.191.171.19 - - [14/Sep/2026:18:23:57 +0300] "GET /?sale%2Fsearch%2Fdetail%2F%3FITMCODE=51977479303 HTTP/1.1" 200 11138 "-" "Mozilla/5.0 (compatible; SemrushBot/7~bl; +http://www.semrush.com/bot.html)"
66.249.68.104 - - [14/Sep/2026:18:24:56 +0300] "GET /?sale/search/detail/?ITMCODE=52002677737 HTTP/1.1" 200 193974 "-" "Mozilla/5.0 (Linux; Android 6.0.1; Nexus 5X Build/MMB29P) AppleWebKit/537.36 (KHTML, like Gecko) Chrome/152.0.7977.82 Mobile Safari/537.36 (compatible; Googlebot/2.1; +http://www.google.com/bot.html)"
66.249.68.104 - - [14/Sep/2026:18:25:01 +0300] "GET /?sale/search/detail/?ITMCODE=5195178969 HTTP/1.1" 200 209464 "-" "Mozilla/5.0 (Linux; Android 6.0.1; Nexus 5X Build/MMB29P) AppleWebKit/537.36 (KHTML, like Gecko) Chrome/152.0.7977.82 Mobile Safari/537.36 (compatible; Googlebot/2.1; +http://www.google.com/bot.html)"
85.208.96.212 - - [14/Sep/2026:18:25:09 +0300] "GET /?sale%2Fsearch%2Fdetail%2F%3FITMCODE=51959454459 HTTP/1.1" 200 11138 "-" "Mozilla/5.0 (compatible; SemrushBot/7~bl; +http://www.semrush.com/bot.html)"
66.249.68.104 - - [14/Sep/2026:18:25:23 +0300] "GET /?sale/search/detail/?ITMCODE=51981831476 HTTP/1.1" 200 203543 "-" "Mozilla/5.0 (Linux; Android 6.0.1; Nexus 5X Build/MMB29P) AppleWebKit/537.36 (KHTML, like Gecko) Chrome/152.0.7977.82 Mobile Safari/537.36 (compatible; Googlebot/2.1; +http://www.google.com/bot.html)"
185.191.171.17 - - [14/Sep/2026:18:25:32 +0300] "GET /?sale%2Fsearch%2Fdetail%2F%3FITMCODE=519914129435 HTTP/1.1" 200 11138 "-" "Mozilla/5.0 (compatible; SemrushBot/7~bl; +http://www.semrush.com/bot.html)"
185.191.171.15 - - [14/Sep/2026:18:25:51 +0300] "GET /?sale%2Fsearch%2Fdetail%2F%3FITMCODE=519725410470 HTTP/1.1" 200 11138 "-" "Mozilla/5.0 (compatible; SemrushBot/7~bl; +http://www.semrush.com/bot.html)"
66.249.68.104 - - [14/Sep/2026:18:26:16 +0300] "GET /?sale/search/detail/?ITMCODE=5195355447 HTTP/1.1" 200 202070 "-" "Mozilla/5.0 (Linux; Android 6.0.1; Nexus 5X Build/MMB29P) AppleWebKit/537.36 (KHTML, like Gecko) Chrome/152.0.7977.82 Mobile Safari/537.36 (compatible; Googlebot/2.1; +http://www.google.com/bot.html)"
66.249.68.104 - - [14/Sep/2026:18:26:24 +0300] "GET /?sale/search/detail/?ITMCODE=5196847709 HTTP/1.1" 200 227174 "-" "Mozilla/5.0 (Linux; Android 6.0.1; Nexus 5X Build/MMB29P) AppleWebKit/537.36 (KHTML, like Gecko) Chrome/152.0.7977.82 Mobile Safari/537.36 (compatible; Googlebot/2.1; +http://www.google.com/bot.html)"
66.249.68.104 - - [14/Sep/2026:18:27:08 +0300] "GET /?sale/search/detail/?ITMCODE=51992345105 HTTP/1.1" 200 228949 "-" "Mozilla/5.0 (Linux; Android 6.0.1; Nexus 5X Build/MMB29P) AppleWebKit/537.36 (KHTML, like Gecko) Chrome/152.0.7977.82 Mobile Safari/537.36 (compatible; Googlebot/2.1; +http://www.google.com/bot.html)"
66.249.68.104 - - [14/Sep/2026:18:27:33 +0300] "GET /?sale/search/detail/?ITMCODE=51992053768 HTTP/1.1" 200 204916 "-" "Mozilla/5.0 (Linux; Android 6.0.1; Nexus 5X Build/MMB29P) AppleWebKit/537.36 (KHTML, like Gecko) Chrome/152.0.7977.82 Mobile Safari/537.36 (compatible; Googlebot/2.1; +http://www.google.com/bot.html)"
66.249.68.104 - - [14/Sep/2026:18:27:50 +0300] "GET /?sale/search/detail/?ITMCODE=5195159265 HTTP/1.1" 200 197905 "-" "Mozilla/5.0 (Linux; Android 6.0.1; Nexus 5X Build/MMB29P) AppleWebKit/537.36 (KHTML, like Gecko) Chrome/152.0.7977.82 Mobile Safari/537.36 (compatible; Googlebot/2.1; +http://www.google.com/bot.html)"
185.191.171.5 - - [14/Sep/2026:18:28:07 +0300] "GET /?sale%2Fsearch%2Fdetail%2F%3FITMCODE=519810823554 HTTP/1.1" 200 11138 "-" "Mozilla/5.0 (compatible; SemrushBot/7~bl; +http://www.semrush.com/bot.html)"
66.249.68.105 - - [14/Sep/2026:18:28:12 +0300] "GET /?sale/search/detail/?ITMCODE=51992081776 HTTP/1.1" 200 194144 "-" "Mozilla/5.0 (Linux; Android 6.0.1; Nexus 5X Build/MMB29P) AppleWebKit/537.36 (KHTML, like Gecko) Chrome/152.0.7977.82 Mobile Safari/537.36 (compatible; Googlebot/2.1; +http://www.google.com/bot.html)"
66.249.68.96 - - [14/Sep/2026:18:28:14 +0300] "GET /?sale/search/detail/?ITMCODE=51992402144 HTTP/1.1" 200 221548 "-" "Mozilla/5.0 (Linux; Android 6.0.1; Nexus 5X Build/MMB29P) AppleWebKit/537.36 (KHTML, like Gecko) Chrome/152.0.7977.82 Mobile Safari/537.36 (compatible; Googlebot/2.1; +http://www.google.com/bot.html)"
185.191.171.9 - - [14/Sep/2026:18:28:16 +0300] "GET /?sale%2Fsearch%2Fdetail%2F%3FITMCODE=519515377144 HTTP/1.1" 200 11138 "-" "Mozilla/5.0 (compatible; SemrushBot/7~bl; +http://www.semrush.com/bot.html)"
66.249.68.104 - - [14/Sep/2026:18:29:05 +0300] "GET /?sale/search/detail/?ITMCODE=51992499066 HTTP/1.1" 200 231603 "-" "Mozilla/5.0 (Linux; Android 6.0.1; Nexus 5X Build/MMB29P) AppleWebKit/537.36 (KHTML, like Gecko) Chrome/152.0.7977.82 Mobile Safari/537.36 (compatible; Googlebot/2.1; +http://www.google.com/bot.html)"
66.249.68.104 - - [14/Sep/2026:18:29:18 +0300] "GET /?sale/search/detail/?ITMCODE=51992273490 HTTP/1.1" 200 214680 "-" "Mozilla/5.0 (Linux; Android 6.0.1; Nexus 5X Build/MMB29P) AppleWebKit/537.36 (KHTML, like Gecko) Chrome/152.0.7977.82 Mobile Safari/537.36 (compatible; Googlebot/2.1; +http://www.google.com/bot.html)"
