66.249.68.104 - - [14/Sep/2026:16:19:55 +0300] "GET /?sale/search/detail/?ITMCODE=52002801551 HTTP/1.1" 200 199785 "-" "Mozilla/5.0 (Linux; Android 6.0.1; Nexus 5X Build/MMB29P) AppleWebKit/537.36 (KHTML, like Gecko) Chrome/152.0.7977.82 Mobile Safari/537.36 (compatible; Googlebot/2.1; +http://www.google.com/bot.html)"
85.208.96.194 - - [14/Sep/2026:16:20:10 +0300] "GET /?sale%2Fsearch%2Fdetail%2F%3FITMCODE=519621504953 HTTP/1.1" 200 11138 "-" "Mozilla/5.0 (compatible; SemrushBot/7~bl; +http://www.semrush.com/bot.html)"
185.191.171.7 - - [14/Sep/2026:16:20:27 +0300] "GET /?sale%2Fsearch%2Fdetail%2F%3FITMCODE=519512114489 HTTP/1.1" 200 11138 "-" "Mozilla/5.0 (compatible; SemrushBot/7~bl; +http://www.semrush.com/bot.html)"
85.208.96.193 - - [14/Sep/2026:16:21:10 +0300] "GET /?sale%2Fsearch%2Fdetail%2F%3FITMCODE=52005906767 HTTP/1.1" 200 11138 "-" "Mozilla/5.0 (compatible; SemrushBot/7~bl; +http://www.semrush.com/bot.html)"
66.249.68.96 - - [14/Sep/2026:16:21:25 +0300] "GET /?sale/search/detail/?ITMCODE=51971101530 HTTP/1.1" 200 204832 "-" "Mozilla/5.0 (Linux; Android 6.0.1; Nexus 5X Build/MMB29P) AppleWebKit/537.36 (KHTML, like Gecko) Chrome/152.0.7977.82 Mobile Safari/537.36 (compatible; Googlebot/2.1; +http://www.google.com/bot.html)"
66.249.68.105 - - [14/Sep/2026:16:21:41 +0300] "GET /?sale/search/detail/?ITMCODE=51992176038 HTTP/1.1" 200 204817 "-" "Mozilla/5.0 (Linux; Android 6.0.1; Nexus 5X Build/MMB29P) AppleWebKit/537.36 (KHTML, like Gecko) Chrome/152.0.7977.82 Mobile Safari/537.36 (compatible; Googlebot/2.1; +http://www.google.com/bot.html)"
66.249.68.104 - - [14/Sep/2026:16:21:42 +0300] "GET /?sale/search/detail/?ITMCODE=5195115065 HTTP/1.1" 200 226177 "-" "Mozilla/5.0 (Linux; Android 6.0.1; Nexus 5X Build/MMB29P) AppleWebKit/537.36 (KHTML, like Gecko) Chrome/152.0.7977.82 Mobile Safari/537.36 (compatible; Googlebot/2.1; +http://www.google.com/bot.html)"
85.208.96.193 - - [14/Sep/2026:16:21:50 +0300] "GET /?sale%2Fsearch%2Fdetail%2F%3FITMCODE=5197106442535 HTTP/1.1" 200 11138 "-" "Mozilla/5.0 (compatible; SemrushBot/7~bl; +http://www.semrush.com/bot.html)"
185.191.171.17 - - [14/Sep/2026:16:22:25 +0300] "GET /?sale%2Fsearch%2Fdetail%2F%3FITMCODE=519734048365 HTTP/1.1" 200 11138 "-" "Mozilla/5.0 (compatible; SemrushBot/7~bl; +http://www.semrush.com/bot.html)"
185.191.171.17 - - [14/Sep/2026:16:23:03 +0300] "GET /?sale%2Fsearch%2Fdetail%2F%3FITMCODE=519926398773 HTTP/1.1" 200 11138 "-" "Mozilla/5.0 (compatible; SemrushBot/7~bl; +http://www.semrush.com/bot.html)"
66.249.68.104 - - [14/Sep/2026:16:23:53 +0300] "GET /?sale/search/detail/?ITMCODE=51992078663 HTTP/1.1" 200 203642 "-" "Mozilla/5.0 (Linux; Android 6.0.1; Nexus 5X Build/MMB29P) AppleWebKit/537.36 (KHTML, like Gecko) Chrome/152.0.7977.82 Mobile Safari/537.36 (compatible; Googlebot/2.1; +http://www.google.com/bot.html)"
52.167.144.173 - - [14/Sep/2026:16:24:12 +0300] "GET /shop/pg/1027782 HTTP/1.1" 200 213603 "-" "Mozilla/5.0 AppleWebKit/537.36 (KHTML, like Gecko; compatible; bingbot/2.0; +http://www.bing.com/bingbot.htm) Chrome/116.0.1938.76 Safari/537.36"
66.249.68.104 - - [14/Sep/2026:16:24:17 +0300] "GET /?sale/search/detail/?ITMCODE=51971226071 HTTP/1.1" 200 199251 "-" "Mozilla/5.0 (Linux; Android 6.0.1; Nexus 5X Build/MMB29P) AppleWebKit/537.36 (KHTML, like Gecko) Chrome/152.0.7977.82 Mobile Safari/537.36 (compatible; Googlebot/2.1; +http://www.google.com/bot.html)"
85.208.96.209 - - [14/Sep/2026:16:24:35 +0300] "GET /?sale%2Fsearch%2Fdetail%2F%3FITMCODE=5200101648956 HTTP/1.1" 200 11138 "-" "Mozilla/5.0 (compatible; SemrushBot/7~bl; +http://www.semrush.com/bot.html)"
185.191.171.9 - - [14/Sep/2026:16:24:47 +0300] "GET /?sale%2Fsearch%2Fdetail%2F%3FITMCODE=51971121244 HTTP/1.1" 200 11138 "-" "Mozilla/5.0 (compatible; SemrushBot/7~bl; +http://www.semrush.com/bot.html)"
85.208.96.194 - - [14/Sep/2026:16:25:35 +0300] "GET /?sale%2Fsearch%2Fdetail%2F%3FITMCODE=51956045867 HTTP/1.1" 200 11138 "-" "Mozilla/5.0 (compatible; SemrushBot/7~bl; +http://www.semrush.com/bot.html)"
66.249.68.96 - - [14/Sep/2026:16:25:57 +0300] "GET /?sale/search/detail/?ITMCODE=51971405689 HTTP/1.1" 200 200476 "-" "Mozilla/5.0 (Linux; Android 6.0.1; Nexus 5X Build/MMB29P) AppleWebKit/537.36 (KHTML, like Gecko) Chrome/152.0.7977.82 Mobile Safari/537.36 (compatible; Googlebot/2.1; +http://www.google.com/bot.html)"
66.249.68.96 - - [14/Sep/2026:16:26:07 +0300] "GET /?sale/search/detail/?ITMCODE=52002520780 HTTP/1.1" 200 204530 "-" "Mozilla/5.0 (Linux; Android 6.0.1; Nexus 5X Build/MMB29P) AppleWebKit/537.36 (KHTML, like Gecko) Chrome/152.0.7977.82 Mobile Safari/537.36 (compatible; Googlebot/2.1; +http://www.google.com/bot.html)"
185.191.171.7 - - [14/Sep/2026:16:26:28 +0300] "GET /?sale%2Fsearch%2Fdetail%2F%3FITMCODE=519725314528 HTTP/1.1" 200 11138 "-" "Mozilla/5.0 (compatible; SemrushBot/7~bl; +http://www.semrush.com/bot.html)"
40.77.167.26 - - [14/Sep/2026:16:27:10 +0300] "GET / HTTP/1.1" 200 196956 "-" "Mozilla/5.0 AppleWebKit/537.36 (KHTML, like Gecko; compatible; bingbot/2.0; +http://www.bing.com/bingbot.htm) Chrome/116.0.1938.76 Safari/537.36"
185.191.171.14 - - [14/Sep/2026:16:27:35 +0300] "GET /?sale%2Fsearch%2Fdetail%2F%3FITMCODE=5196105879661 HTTP/1.1" 200 11138 "-" "Mozilla/5.0 (compatible; SemrushBot/7~bl; +http://www.semrush.com/bot.html)"
66.249.68.104 - - [14/Sep/2026:16:27:36 +0300] "GET /?sale/search/detail/?ITMCODE=51981706582 HTTP/1.1" 200 201378 "-" "Mozilla/5.0 (Linux; Android 6.0.1; Nexus 5X Build/MMB29P) AppleWebKit/537.36 (KHTML, like Gecko) Chrome/152.0.7977.82 Mobile Safari/537.36 (compatible; Googlebot/2.1; +http://www.google.com/bot.html)"
135.181.37.47 - - [14/Sep/2026:16:27:51 +0300] "GET /api/session/properties HTTP/1.1" 404 1320 "-" "metabase-cve-2026-72898-detect/1.0 (benign detection probes only)"
135.181.37.47 - - [14/Sep/2026:16:27:52 +0300] "GET /api/session/properties HTTP/1.1" 404 1320 "-" "metabase-cve-2026-72898-detect/1.0 (benign detection probes only)"
185.191.171.3 - - [14/Sep/2026:16:28:36 +0300] "GET /?sale%2Fsearch%2Fdetail%2F%3FITMCODE=519710315862 HTTP/1.1" 200 11138 "-" "Mozilla/5.0 (compatible; SemrushBot/7~bl; +http://www.semrush.com/bot.html)"
185.191.171.19 - - [14/Sep/2026:16:29:31 +0300] "GET /?sale%2Fsearch%2Fdetail%2F%3FITMCODE=5200101814250 HTTP/1.1" 200 11138 "-" "Mozilla/5.0 (compatible; SemrushBot/7~bl; +http://www.semrush.com/bot.html)"
185.191.171.17 - - [14/Sep/2026:16:30:44 +0300] "GET /?sale%2Fsearch%2Fdetail%2F%3FITMCODE=51963966564 HTTP/1.1" 200 11138 "-" "Mozilla/5.0 (compatible; SemrushBot/7~bl; +http://www.semrush.com/bot.html)"
185.191.171.15 - - [14/Sep/2026:16:31:36 +0300] "GET /?sale%2Fsearch%2Fdetail%2F%3FITMCODE=519672821407 HTTP/1.1" 200 11138 "-" "Mozilla/5.0 (compatible; SemrushBot/7~bl; +http://www.semrush.com/bot.html)"
52.167.144.182 - - [14/Sep/2026:16:32:11 +0300] "GET /shop/pg/5196802123 HTTP/1.1" 200 208469 "-" "Mozilla/5.0 AppleWebKit/537.36 (KHTML, like Gecko; compatible; bingbot/2.0; +http://www.bing.com/bingbot.htm) Chrome/116.0.1938.76 Safari/537.36"
66.249.68.105 - - [14/Sep/2026:16:32:38 +0300] "GET /?sale/search/detail/?ITMCODE=52002939494 HTTP/1.1" 200 205645 "-" "Mozilla/5.0 (Linux; Android 6.0.1; Nexus 5X Build/MMB29P) AppleWebKit/537.36 (KHTML, like Gecko) Chrome/152.0.7977.82 Mobile Safari/537.36 (compatible; Googlebot/2.1; +http://www.google.com/bot.html)"
85.208.96.204 - - [14/Sep/2026:16:32:56 +0300] "GET /?sale%2Fsearch%2Fdetail%2F%3FITMCODE=519831985282 HTTP/1.1" 200 11138 "-" "Mozilla/5.0 (compatible; SemrushBot/7~bl; +http://www.semrush.com/bot.html)"
185.191.171.4 - - [14/Sep/2026:16:33:25 +0300] "GET /?sale%2Fsearch%2Fdetail%2F%3FITMCODE=51956097320 HTTP/1.1" 200 11138 "-" "Mozilla/5.0 (compatible; SemrushBot/7~bl; +http://www.semrush.com/bot.html)"
185.191.171.2 - - [14/Sep/2026:16:34:21 +0300] "GET /?sale%2Fsearch%2Fdetail%2F%3FITMCODE=519734448905 HTTP/1.1" 200 11138 "-" "Mozilla/5.0 (compatible; SemrushBot/7~bl; +http://www.semrush.com/bot.html)"
66.249.68.104 - - [14/Sep/2026:16:34:45 +0300] "GET /?sale/search/detail/?ITMCODE=5196632535 HTTP/1.1" 200 194448 "-" "Mozilla/5.0 (Linux; Android 6.0.1; Nexus 5X Build/MMB29P) AppleWebKit/537.36 (KHTML, like Gecko) Chrome/152.0.7977.82 Mobile Safari/537.36 (compatible; Googlebot/2.1; +http://www.google.com/bot.html)"
66.249.68.104 - - [14/Sep/2026:16:35:10 +0300] "GET /?sale/search/detail/?ITMCODE=51981949884 HTTP/1.1" 200 206390 "-" "Mozilla/5.0 (Linux; Android 6.0.1; Nexus 5X Build/MMB29P) AppleWebKit/537.36 (KHTML, like Gecko) Chrome/152.0.7977.82 Mobile Safari/537.36 (compatible; Googlebot/2.1; +http://www.google.com/bot.html)"
185.191.171.3 - - [14/Sep/2026:16:36:15 +0300] "GET /?sale%2Fsearch%2Fdetail%2F%3FITMCODE=51995326148 HTTP/1.1" 200 11138 "-" "Mozilla/5.0 (compatible; SemrushBot/7~bl; +http://www.semrush.com/bot.html)"
66.249.68.105 - - [14/Sep/2026:16:37:02 +0300] "GET /?sale/search/detail/?ITMCODE=51971407313 HTTP/1.1" 200 194965 "-" "Mozilla/5.0 (Linux; Android 6.0.1; Nexus 5X Build/MMB29P) AppleWebKit/537.36 (KHTML, like Gecko) Chrome/152.0.7977.82 Mobile Safari/537.36 (compatible; Googlebot/2.1; +http://www.google.com/bot.html)"
66.249.68.104 - - [14/Sep/2026:16:37:21 +0300] "GET /?sale/search/detail/?ITMCODE=51992372177 HTTP/1.1" 200 212585 "-" "Mozilla/5.0 (Linux; Android 6.0.1; Nexus 5X Build/MMB29P) AppleWebKit/537.36 (KHTML, like Gecko) Chrome/152.0.7977.82 Mobile Safari/537.36 (compatible; Googlebot/2.1; +http://www.google.com/bot.html)"
185.191.171.19 - - [14/Sep/2026:16:37:29 +0300] "GET /?sale%2Fsearch%2Fdetail%2F%3FITMCODE=51992424070 HTTP/1.1" 200 11138 "-" "Mozilla/5.0 (compatible; SemrushBot/7~bl; +http://www.semrush.com/bot.html)"
66.249.68.104 - - [14/Sep/2026:16:37:45 +0300] "GET /?sale/search/detail/?ITMCODE=51992427369 HTTP/1.1" 200 198439 "-" "Mozilla/5.0 (Linux; Android 6.0.1; Nexus 5X Build/MMB29P) AppleWebKit/537.36 (KHTML, like Gecko) Chrome/152.0.7977.82 Mobile Safari/537.36 (compatible; Googlebot/2.1; +http://www.google.com/bot.html)"
66.249.68.105 - - [14/Sep/2026:16:39:10 +0300] "GET /?sale/search/detail/?ITMCODE=51992401790 HTTP/1.1" 200 201979 "-" "Mozilla/5.0 (Linux; Android 6.0.1; Nexus 5X Build/MMB29P) AppleWebKit/537.36 (KHTML, like Gecko) Chrome/152.0.7977.82 Mobile Safari/537.36 (compatible; Googlebot/2.1; +http://www.google.com/bot.html)"
66.249.68.104 - - [14/Sep/2026:16:39:29 +0300] "GET /?sale/search/detail/?ITMCODE=51992491988 HTTP/1.1" 200 196216 "-" "Mozilla/5.0 (Linux; Android 6.0.1; Nexus 5X Build/MMB29P) AppleWebKit/537.36 (KHTML, like Gecko) Chrome/152.0.7977.82 Mobile Safari/537.36 (compatible; Googlebot/2.1; +http://www.google.com/bot.html)"
85.208.96.201 - - [14/Sep/2026:16:39:51 +0300] "GET /?sale%2Fsearch%2Fdetail%2F%3FITMCODE=519911317628 HTTP/1.1" 200 11138 "-" "Mozilla/5.0 (compatible; SemrushBot/7~bl; +http://www.semrush.com/bot.html)"
66.249.68.105 - - [14/Sep/2026:16:40:19 +0300] "GET /?sale/search/detail/?ITMCODE=51992172563 HTTP/1.1" 200 198578 "-" "Mozilla/5.0 (Linux; Android 6.0.1; Nexus 5X Build/MMB29P) AppleWebKit/537.36 (KHTML, like Gecko) Chrome/152.0.7977.82 Mobile Safari/537.36 (compatible; Googlebot/2.1; +http://www.google.com/bot.html)"
66.249.68.104 - - [14/Sep/2026:16:40:25 +0300] "GET /?sale/search/detail/?ITMCODE=52002714715 HTTP/1.1" 200 201898 "-" "Mozilla/5.0 (Linux; Android 6.0.1; Nexus 5X Build/MMB29P) AppleWebKit/537.36 (KHTML, like Gecko) Chrome/152.0.7977.82 Mobile Safari/537.36 (compatible; Googlebot/2.1; +http://www.google.com/bot.html)"
66.249.68.104 - - [14/Sep/2026:16:40:37 +0300] "GET /?sale/search/detail/?ITMCODE=5195117079 HTTP/1.1" 200 202346 "-" "Mozilla/5.0 (Linux; Android 6.0.1; Nexus 5X Build/MMB29P) AppleWebKit/537.36 (KHTML, like Gecko) Chrome/152.0.7977.82 Mobile Safari/537.36 (compatible; Googlebot/2.1; +http://www.google.com/bot.html)"
66.249.68.105 - - [14/Sep/2026:16:41:46 +0300] "GET /?sale/search/detail/?ITMCODE=51992079149 HTTP/1.1" 200 205461 "-" "Mozilla/5.0 (Linux; Android 6.0.1; Nexus 5X Build/MMB29P) AppleWebKit/537.36 (KHTML, like Gecko) Chrome/152.0.7977.82 Mobile Safari/537.36 (compatible; Googlebot/2.1; +http://www.google.com/bot.html)"
66.249.68.105 - - [14/Sep/2026:16:42:06 +0300] "GET /?sale/search/detail/?ITMCODE=5196577370 HTTP/1.1" 200 216435 "-" "Mozilla/5.0 (Linux; Android 6.0.1; Nexus 5X Build/MMB29P) AppleWebKit/537.36 (KHTML, like Gecko) Chrome/152.0.7977.82 Mobile Safari/537.36 (compatible; Googlebot/2.1; +http://www.google.com/bot.html)"
185.191.171.15 - - [14/Sep/2026:16:42:07 +0300] "GET /?sale%2Fsearch%2Fdetail%2F%3FITMCODE=519728466342 HTTP/1.1" 200 11138 "-" "Mozilla/5.0 (compatible; SemrushBot/7~bl; +http://www.semrush.com/bot.html)"
66.249.68.104 - - [14/Sep/2026:16:42:37 +0300] "GET /?sale/search/detail/?ITMCODE=52002701423 HTTP/1.1" 200 196802 "-" "Mozilla/5.0 (Linux; Android 6.0.1; Nexus 5X Build/MMB29P) AppleWebKit/537.36 (KHTML, like Gecko) Chrome/152.0.7977.82 Mobile Safari/537.36 (compatible; Googlebot/2.1; +http://www.google.com/bot.html)"
66.249.68.105 - - [14/Sep/2026:16:42:52 +0300] "GET /?sale/search/detail/?ITMCODE=5195333842 HTTP/1.1" 200 193993 "-" "Mozilla/5.0 (Linux; Android 6.0.1; Nexus 5X Build/MMB29P) AppleWebKit/537.36 (KHTML, like Gecko) Chrome/152.0.7977.82 Mobile Safari/537.36 (compatible; Googlebot/2.1; +http://www.google.com/bot.html)"
66.249.68.104 - - [14/Sep/2026:16:43:02 +0300] "GET /?sale/search/detail/?ITMCODE=52002890409 HTTP/1.1" 200 204387 "-" "Mozilla/5.0 (Linux; Android 6.0.1; Nexus 5X Build/MMB29P) AppleWebKit/537.36 (KHTML, like Gecko) Chrome/152.0.7977.82 Mobile Safari/537.36 (compatible; Googlebot/2.1; +http://www.google.com/bot.html)"
66.249.68.104 - - [14/Sep/2026:16:43:37 +0300] "GET /?sale/search/detail/?ITMCODE=5195367980 HTTP/1.1" 200 208761 "-" "Mozilla/5.0 (Linux; Android 6.0.1; Nexus 5X Build/MMB29P) AppleWebKit/537.36 (KHTML, like Gecko) Chrome/152.0.7977.82 Mobile Safari/537.36 (compatible; Googlebot/2.1; +http://www.google.com/bot.html)"
185.191.171.15 - - [14/Sep/2026:16:43:44 +0300] "GET /?sale%2Fsearch%2Fdetail%2F%3FITMCODE=5200104749973 HTTP/1.1" 200 11138 "-" "Mozilla/5.0 (compatible; SemrushBot/7~bl; +http://www.semrush.com/bot.html)"
85.208.96.209 - - [14/Sep/2026:16:43:55 +0300] "GET /?sale%2Fsearch%2Fdetail%2F%3FITMCODE=519870657653 HTTP/1.1" 200 11138 "-" "Mozilla/5.0 (compatible; SemrushBot/7~bl; +http://www.semrush.com/bot.html)"
66.249.68.105 - - [14/Sep/2026:16:43:55 +0300] "GET /?sale/search/detail/?ITMCODE=51981639467 HTTP/1.1" 200 197173 "-" "Mozilla/5.0 (Linux; Android 6.0.1; Nexus 5X Build/MMB29P) AppleWebKit/537.36 (KHTML, like Gecko) Chrome/152.0.7977.82 Mobile Safari/537.36 (compatible; Googlebot/2.1; +http://www.google.com/bot.html)"
185.191.171.16 - - [14/Sep/2026:16:44:19 +0300] "GET /?sale%2Fsearch%2Fdetail%2F%3FITMCODE=519819517044 HTTP/1.1" 200 11138 "-" "Mozilla/5.0 (compatible; SemrushBot/7~bl; +http://www.semrush.com/bot.html)"
85.208.96.195 - - [14/Sep/2026:16:44:23 +0300] "GET /?sale%2Fsearch%2Fdetail%2F%3FITMCODE=519911117757 HTTP/1.1" 200 11138 "-" "Mozilla/5.0 (compatible; SemrushBot/7~bl; +http://www.semrush.com/bot.html)"
66.249.68.104 - - [14/Sep/2026:16:44:28 +0300] "GET /?sale/search/detail/?ITMCODE=51971030690 HTTP/1.1" 200 206896 "-" "Mozilla/5.0 (Linux; Android 6.0.1; Nexus 5X Build/MMB29P) AppleWebKit/537.36 (KHTML, like Gecko) Chrome/152.0.7977.82 Mobile Safari/537.36 (compatible; Googlebot/2.1; +http://www.google.com/bot.html)"
66.249.68.104 - - [14/Sep/2026:16:44:38 +0300] "GET /?sale/search/detail/?ITMCODE=51992044564 HTTP/1.1" 200 194962 "-" "Mozilla/5.0 (Linux; Android 6.0.1; Nexus 5X Build/MMB29P) AppleWebKit/537.36 (KHTML, like Gecko) Chrome/152.0.7977.82 Mobile Safari/537.36 (compatible; Googlebot/2.1; +http://www.google.com/bot.html)"
66.249.68.104 - - [14/Sep/2026:16:45:16 +0300] "GET /?sale/search/detail/?ITMCODE=52002995212 HTTP/1.1" 200 196179 "-" "Mozilla/5.0 (Linux; Android 6.0.1; Nexus 5X Build/MMB29P) AppleWebKit/537.36 (KHTML, like Gecko) Chrome/152.0.7977.82 Mobile Safari/537.36 (compatible; Googlebot/2.1; +http://www.google.com/bot.html)"
66.249.68.104 - - [14/Sep/2026:16:45:22 +0300] "GET /?sale/search/detail/?ITMCODE=5196511334 HTTP/1.1" 200 198312 "-" "Mozilla/5.0 (Linux; Android 6.0.1; Nexus 5X Build/MMB29P) AppleWebKit/537.36 (KHTML, like Gecko) Chrome/152.0.7977.82 Mobile Safari/537.36 (compatible; Googlebot/2.1; +http://www.google.com/bot.html)"
66.249.68.105 - - [14/Sep/2026:16:45:29 +0300] "GET /?sale/search/detail/?ITMCODE=51981580328 HTTP/1.1" 200 194225 "-" "Mozilla/5.0 (Linux; Android 6.0.1; Nexus 5X Build/MMB29P) AppleWebKit/537.36 (KHTML, like Gecko) Chrome/152.0.7977.82 Mobile Safari/537.36 (compatible; Googlebot/2.1; +http://www.google.com/bot.html)"
66.249.68.104 - - [14/Sep/2026:16:45:58 +0300] "GET /?sale/search/detail/?ITMCODE=51981934855 HTTP/1.1" 200 198499 "-" "Mozilla/5.0 (Linux; Android 6.0.1; Nexus 5X Build/MMB29P) AppleWebKit/537.36 (KHTML, like Gecko) Chrome/152.0.7977.82 Mobile Safari/537.36 (compatible; Googlebot/2.1; +http://www.google.com/bot.html)"
66.249.68.96 - - [14/Sep/2026:16:46:02 +0300] "GET /?sale/search/detail/?ITMCODE=51981640985 HTTP/1.1" 200 209535 "-" "Mozilla/5.0 (Linux; Android 6.0.1; Nexus 5X Build/MMB29P) AppleWebKit/537.36 (KHTML, like Gecko) Chrome/152.0.7977.82 Mobile Safari/537.36 (compatible; Googlebot/2.1; +http://www.google.com/bot.html)"
66.249.68.104 - - [14/Sep/2026:16:46:09 +0300] "GET /?sale/search/detail/?ITMCODE=51981789478 HTTP/1.1" 200 205172 "-" "Mozilla/5.0 (Linux; Android 6.0.1; Nexus 5X Build/MMB29P) AppleWebKit/537.36 (KHTML, like Gecko) Chrome/152.0.7977.82 Mobile Safari/537.36 (compatible; Googlebot/2.1; +http://www.google.com/bot.html)"
66.249.68.96 - - [14/Sep/2026:16:47:05 +0300] "GET /?sale/search/detail/?ITMCODE=52002526028 HTTP/1.1" 200 198538 "-" "Mozilla/5.0 (Linux; Android 6.0.1; Nexus 5X Build/MMB29P) AppleWebKit/537.36 (KHTML, like Gecko) Chrome/152.0.7977.82 Mobile Safari/537.36 (compatible; Googlebot/2.1; +http://www.google.com/bot.html)"
157.55.39.6 - - [14/Sep/2026:16:47:52 +0300] "GET /shop/pg/5196922291 HTTP/1.1" 200 209822 "-" "Mozilla/5.0 AppleWebKit/537.36 (KHTML, like Gecko; compatible; bingbot/2.0; +http://www.bing.com/bingbot.htm) Chrome/116.0.1938.76 Safari/537.36"
185.191.171.13 - - [14/Sep/2026:16:48:24 +0300] "GET /?sale%2Fsearch%2Fdetail%2F%3FITMCODE=5199101058423 HTTP/1.1" 200 11138 "-" "Mozilla/5.0 (compatible; SemrushBot/7~bl; +http://www.semrush.com/bot.html)"
66.249.68.104 - - [14/Sep/2026:16:48:56 +0300] "GET /?sale/search/detail/?ITMCODE=51981763407 HTTP/1.1" 200 217312 "-" "Mozilla/5.0 (Linux; Android 6.0.1; Nexus 5X Build/MMB29P) AppleWebKit/537.36 (KHTML, like Gecko) Chrome/152.0.7977.82 Mobile Safari/537.36 (compatible; Googlebot/2.1; +http://www.google.com/bot.html)"
185.191.171.7 - - [14/Sep/2026:16:49:03 +0300] "GET /?sale%2Fsearch%2Fdetail%2F%3FITMCODE=520032957360 HTTP/1.1" 200 11138 "-" "Mozilla/5.0 (compatible; SemrushBot/7~bl; +http://www.semrush.com/bot.html)"
66.249.68.105 - - [14/Sep/2026:16:49:07 +0300] "GET /?sale/search/detail/?ITMCODE=5195308987 HTTP/1.1" 200 213543 "-" "Mozilla/5.0 (Linux; Android 6.0.1; Nexus 5X Build/MMB29P) AppleWebKit/537.36 (KHTML, like Gecko) Chrome/152.0.7977.82 Mobile Safari/537.36 (compatible; Googlebot/2.1; +http://www.google.com/bot.html)"
185.191.171.7 - - [14/Sep/2026:16:49:22 +0300] "GET /?sale%2Fsearch%2Fdetail%2F%3FITMCODE=52008941430 HTTP/1.1" 200 11138 "-" "Mozilla/5.0 (compatible; SemrushBot/7~bl; +http://www.semrush.com/bot.html)"
66.249.68.104 - - [14/Sep/2026:16:51:00 +0300] "GET /?sale/search/detail/?ITMCODE=51971312029 HTTP/1.1" 200 204316 "-" "Mozilla/5.0 (Linux; Android 6.0.1; Nexus 5X Build/MMB29P) AppleWebKit/537.36 (KHTML, like Gecko) Chrome/152.0.7977.82 Mobile Safari/537.36 (compatible; Googlebot/2.1; +http://www.google.com/bot.html)"
185.191.171.10 - - [14/Sep/2026:16:51:32 +0300] "GET /?sale%2Fsearch%2Fdetail%2F%3FITMCODE=520020919238 HTTP/1.1" 200 11138 "-" "Mozilla/5.0 (compatible; SemrushBot/7~bl; +http://www.semrush.com/bot.html)"
185.191.171.2 - - [14/Sep/2026:16:52:17 +0300] "GET /?sale%2Fsearch%2Fdetail%2F%3FITMCODE=51984825142 HTTP/1.1" 200 11138 "-" "Mozilla/5.0 (compatible; SemrushBot/7~bl; +http://www.semrush.com/bot.html)"
66.249.68.104 - - [14/Sep/2026:16:52:55 +0300] "GET /?sale/search/detail/?ITMCODE=51971022040 HTTP/1.1" 200 197110 "-" "Mozilla/5.0 (Linux; Android 6.0.1; Nexus 5X Build/MMB29P) AppleWebKit/537.36 (KHTML, like Gecko) Chrome/152.0.7977.82 Mobile Safari/537.36 (compatible; Googlebot/2.1; +http://www.google.com/bot.html)"
85.208.96.209 - - [14/Sep/2026:16:52:57 +0300] "GET /?sale%2Fsearch%2Fdetail%2F%3FITMCODE=51959291629 HTTP/1.1" 200 11138 "-" "Mozilla/5.0 (compatible; SemrushBot/7~bl; +http://www.semrush.com/bot.html)"
185.191.171.11 - - [14/Sep/2026:16:53:13 +0300] "GET /?sale%2Fsearch%2Fdetail%2F%3FITMCODE=519699896548 HTTP/1.1" 200 11138 "-" "Mozilla/5.0 (compatible; SemrushBot/7~bl; +http://www.semrush.com/bot.html)"
85.208.96.209 - - [14/Sep/2026:16:54:11 +0300] "GET /?sale%2Fsearch%2Fdetail%2F%3FITMCODE=519926104073 HTTP/1.1" 200 11138 "-" "Mozilla/5.0 (compatible; SemrushBot/7~bl; +http://www.semrush.com/bot.html)"
40.77.167.151 - - [14/Sep/2026:16:54:56 +0300] "GET /?shop/c/c51978/ HTTP/1.1" 200 268152 "-" "Mozilla/5.0 AppleWebKit/537.36 (KHTML, like Gecko; compatible; bingbot/2.0; +http://www.bing.com/bingbot.htm) Chrome/116.0.1938.76 Safari/537.36"
185.191.171.9 - - [14/Sep/2026:16:55:07 +0300] "GET /?sale%2Fsearch%2Fdetail%2F%3FITMCODE=51959290213 HTTP/1.1" 200 11138 "-" "Mozilla/5.0 (compatible; SemrushBot/7~bl; +http://www.semrush.com/bot.html)"
185.191.171.6 - - [14/Sep/2026:16:55:27 +0300] "GET /?sale%2Fsearch%2Fdetail%2F%3FITMCODE=51966627616 HTTP/1.1" 200 11138 "-" "Mozilla/5.0 (compatible; SemrushBot/7~bl; +http://www.semrush.com/bot.html)"
85.208.96.200 - - [14/Sep/2026:16:57:36 +0300] "GET /?sale%2Fsearch%2Fdetail%2F%3FITMCODE=51966636429 HTTP/1.1" 200 11138 "-" "Mozilla/5.0 (compatible; SemrushBot/7~bl; +http://www.semrush.com/bot.html)"
85.208.96.200 - - [14/Sep/2026:16:58:05 +0300] "GET /?sale%2Fsearch%2Fdetail%2F%3FITMCODE=51987862388 HTTP/1.1" 200 11138 "-" "Mozilla/5.0 (compatible; SemrushBot/7~bl; +http://www.semrush.com/bot.html)"
85.208.96.210 - - [14/Sep/2026:16:58:28 +0300] "GET /?sale%2Fsearch%2Fdetail%2F%3FITMCODE=519810569017 HTTP/1.1" 200 11138 "-" "Mozilla/5.0 (compatible; SemrushBot/7~bl; +http://www.semrush.com/bot.html)"
43.164.192.151 - - [14/Sep/2026:16:58:33 +0300] "GET / HTTP/1.1" 200 11120 "-" "Mozilla/5.0 (iPhone; CPU iPhone OS 13_2_3 like Mac OS X) AppleWebKit/605.1.15 (KHTML, like Gecko) Version/13.0.3 Mobile/15E148 Safari/604.1"
66.249.68.105 - - [14/Sep/2026:16:59:04 +0300] "GET /?sale/search/detail/?ITMCODE=5196741751 HTTP/1.1" 200 201219 "-" "Mozilla/5.0 (Linux; Android 6.0.1; Nexus 5X Build/MMB29P) AppleWebKit/537.36 (KHTML, like Gecko) Chrome/152.0.7977.82 Mobile Safari/537.36 (compatible; Googlebot/2.1; +http://www.google.com/bot.html)"
66.249.68.105 - - [14/Sep/2026:16:59:10 +0300] "GET /?sale/search/detail/?ITMCODE=5195399222 HTTP/1.1" 200 215099 "-" "Mozilla/5.0 (Linux; Android 6.0.1; Nexus 5X Build/MMB29P) AppleWebKit/537.36 (KHTML, like Gecko) Chrome/152.0.7977.82 Mobile Safari/537.36 (compatible; Googlebot/2.1; +http://www.google.com/bot.html)"
66.249.68.105 - - [14/Sep/2026:16:59:13 +0300] "GET /?sale/search/detail/?ITMCODE=51981570074 HTTP/1.1" 200 198418 "-" "Mozilla/5.0 (Linux; Android 6.0.1; Nexus 5X Build/MMB29P) AppleWebKit/537.36 (KHTML, like Gecko) Chrome/152.0.7977.82 Mobile Safari/537.36 (compatible; Googlebot/2.1; +http://www.google.com/bot.html)"
66.249.68.104 - - [14/Sep/2026:17:00:31 +0300] "GET /?sale/search/detail/?ITMCODE=51981771339 HTTP/1.1" 200 199322 "-" "Mozilla/5.0 (Linux; Android 6.0.1; Nexus 5X Build/MMB29P) AppleWebKit/537.36 (KHTML, like Gecko) Chrome/152.0.7977.82 Mobile Safari/537.36 (compatible; Googlebot/2.1; +http://www.google.com/bot.html)"
66.249.68.104 - - [14/Sep/2026:17:00:38 +0300] "GET /?sale/search/detail/?ITMCODE=5196851416 HTTP/1.1" 200 194320 "-" "Mozilla/5.0 (Linux; Android 6.0.1; Nexus 5X Build/MMB29P) AppleWebKit/537.36 (KHTML, like Gecko) Chrome/152.0.7977.82 Mobile Safari/537.36 (compatible; Googlebot/2.1; +http://www.google.com/bot.html)"
43.166.251.233 - - [14/Sep/2026:17:01:42 +0300] "GET / HTTP/1.1" 200 11120 "-" "Mozilla/5.0 (iPhone; CPU iPhone OS 13_2_3 like Mac OS X) AppleWebKit/605.1.15 (KHTML, like Gecko) Version/13.0.3 Mobile/15E148 Safari/604.1"
85.208.96.200 - - [14/Sep/2026:17:01:54 +0300] "GET /?sale%2Fsearch%2Fdetail%2F%3FITMCODE=51966901103 HTTP/1.1" 200 11138 "-" "Mozilla/5.0 (compatible; SemrushBot/7~bl; +http://www.semrush.com/bot.html)"
185.191.171.10 - - [14/Sep/2026:17:01:59 +0300] "GET /?sale%2Fsearch%2Fdetail%2F%3FITMCODE=5198100684223 HTTP/1.1" 200 11138 "-" "Mozilla/5.0 (compatible; SemrushBot/7~bl; +http://www.semrush.com/bot.html)"
85.208.96.208 - - [14/Sep/2026:17:02:06 +0300] "GET /?sale%2Fsearch%2Fdetail%2F%3FITMCODE=519828691657 HTTP/1.1" 200 11138 "-" "Mozilla/5.0 (compatible; SemrushBot/7~bl; +http://www.semrush.com/bot.html)"
85.208.96.193 - - [14/Sep/2026:17:02:46 +0300] "GET /?sale%2Fsearch%2Fdetail%2F%3FITMCODE=5197106061000 HTTP/1.1" 200 11138 "-" "Mozilla/5.0 (compatible; SemrushBot/7~bl; +http://www.semrush.com/bot.html)"
66.249.68.104 - - [14/Sep/2026:17:04:57 +0300] "GET /?sale/search/detail/?ITMCODE=51971190370 HTTP/1.1" 200 201114 "-" "Mozilla/5.0 (Linux; Android 6.0.1; Nexus 5X Build/MMB29P) AppleWebKit/537.36 (KHTML, like Gecko) Chrome/152.0.7977.82 Mobile Safari/537.36 (compatible; Googlebot/2.1; +http://www.google.com/bot.html)"
66.249.68.104 - - [14/Sep/2026:17:05:01 +0300] "GET /?sale/search/detail/?ITMCODE=51971052088 HTTP/1.1" 200 214529 "-" "Mozilla/5.0 (Linux; Android 6.0.1; Nexus 5X Build/MMB29P) AppleWebKit/537.36 (KHTML, like Gecko) Chrome/152.0.7977.82 Mobile Safari/537.36 (compatible; Googlebot/2.1; +http://www.google.com/bot.html)"
66.249.68.104 - - [14/Sep/2026:17:05:06 +0300] "GET /?sale/search/detail/?ITMCODE=5196564551 HTTP/1.1" 200 199772 "-" "Mozilla/5.0 (Linux; Android 6.0.1; Nexus 5X Build/MMB29P) AppleWebKit/537.36 (KHTML, like Gecko) Chrome/152.0.7977.82 Mobile Safari/537.36 (compatible; Googlebot/2.1; +http://www.google.com/bot.html)"
85.208.96.201 - - [14/Sep/2026:17:05:52 +0300] "GET /?sale%2Fsearch%2Fdetail%2F%3FITMCODE=519834760054 HTTP/1.1" 200 11138 "-" "Mozilla/5.0 (compatible; SemrushBot/7~bl; +http://www.semrush.com/bot.html)"
66.249.68.105 - - [14/Sep/2026:17:06:02 +0300] "GET /?sale/search/detail/?ITMCODE=51992332033 HTTP/1.1" 200 214550 "-" "Mozilla/5.0 (Linux; Android 6.0.1; Nexus 5X Build/MMB29P) AppleWebKit/537.36 (KHTML, like Gecko) Chrome/152.0.7977.82 Mobile Safari/537.36 (compatible; Googlebot/2.1; +http://www.google.com/bot.html)"
178.63.63.253 - - [14/Sep/2026:17:06:33 +0300] "GET / HTTP/1.1" 200 11118 "-" "Mozilla/5.0 (Windows NT 10.0; Win64; x64) AppleWebKit/537.36 (KHTML, like Gecko) Chrome/149.0.0.0 Safari/537.36"
178.63.63.253 - - [14/Sep/2026:17:06:33 +0300] "GET /administrator/manifests/files/joomla.xml HTTP/1.1" 200 1774 "-" "Mozilla/5.0 (Windows NT 10.0; Win64; x64) AppleWebKit/537.36 (KHTML, like Gecko) Chrome/149.0.0.0 Safari/537.36"
185.191.171.6 - - [14/Sep/2026:17:06:36 +0300] "GET /?sale%2Fsearch%2Fdetail%2F%3FITMCODE=52008589218 HTTP/1.1" 200 11138 "-" "Mozilla/5.0 (compatible; SemrushBot/7~bl; +http://www.semrush.com/bot.html)"
178.63.63.253 - - [14/Sep/2026:17:06:36 +0300] "GET /index.php/maistas-i-namus HTTP/1.1" 200 7828 "-" "Mozilla/5.0 (Windows NT 10.0; Win64; x64) AppleWebKit/537.36 (KHTML, like Gecko) Chrome/149.0.0.0 Safari/537.36"
178.63.63.253 - - [14/Sep/2026:17:06:36 +0300] "GET /administrator/manifests/files/joomla.xml HTTP/1.1" 200 1774 "-" "Mozilla/5.0 (Windows NT 10.0; Win64; x64) AppleWebKit/537.36 (KHTML, like Gecko) Chrome/149.0.0.0 Safari/537.36"
40.77.167.15 - - [14/Sep/2026:17:07:23 +0300] "GET /shop/pg/698757 HTTP/1.1" 200 197731 "-" "Mozilla/5.0 AppleWebKit/537.36 (KHTML, like Gecko; compatible; bingbot/2.0; +http://www.bing.com/bingbot.htm) Chrome/116.0.1938.76 Safari/537.36"
185.191.171.4 - - [14/Sep/2026:17:07:25 +0300] "GET /?sale%2Fsearch%2Fdetail%2F%3FITMCODE=5197100371225 HTTP/1.1" 200 11138 "-" "Mozilla/5.0 (compatible; SemrushBot/7~bl; +http://www.semrush.com/bot.html)"
66.249.68.104 - - [14/Sep/2026:17:07:28 +0300] "GET /?sale/search/detail/?ITMCODE=51971244178 HTTP/1.1" 200 198907 "-" "Mozilla/5.0 (Linux; Android 6.0.1; Nexus 5X Build/MMB29P) AppleWebKit/537.36 (KHTML, like Gecko) Chrome/152.0.7977.82 Mobile Safari/537.36 (compatible; Googlebot/2.1; +http://www.google.com/bot.html)"
185.191.171.3 - - [14/Sep/2026:17:08:34 +0300] "GET /?sale%2Fsearch%2Fdetail%2F%3FITMCODE=519810785580 HTTP/1.1" 200 11138 "-" "Mozilla/5.0 (compatible; SemrushBot/7~bl; +http://www.semrush.com/bot.html)"
66.249.68.96 - - [14/Sep/2026:17:08:41 +0300] "GET /?sale/search/detail/?ITMCODE=51971033335 HTTP/1.1" 200 197113 "-" "Mozilla/5.0 (Linux; Android 6.0.1; Nexus 5X Build/MMB29P) AppleWebKit/537.36 (KHTML, like Gecko) Chrome/152.0.7977.82 Mobile Safari/537.36 (compatible; Googlebot/2.1; +http://www.google.com/bot.html)"
66.249.68.104 - - [14/Sep/2026:17:08:55 +0300] "GET /?sale/search/detail/?ITMCODE=51971029719 HTTP/1.1" 200 209964 "-" "Mozilla/5.0 (Linux; Android 6.0.1; Nexus 5X Build/MMB29P) AppleWebKit/537.36 (KHTML, like Gecko) Chrome/152.0.7977.82 Mobile Safari/537.36 (compatible; Googlebot/2.1; +http://www.google.com/bot.html)"
52.167.144.177 - - [14/Sep/2026:17:08:57 +0300] "GET /shop/c/c51961000754/ HTTP/1.1" 200 266660 "-" "Mozilla/5.0 AppleWebKit/537.36 (KHTML, like Gecko; compatible; bingbot/2.0; +http://www.bing.com/bingbot.htm) Chrome/116.0.1938.76 Safari/537.36"
185.191.171.3 - - [14/Sep/2026:17:09:03 +0300] "GET /?sale%2Fsearch%2Fdetail%2F%3FITMCODE=5197106018098 HTTP/1.1" 200 11138 "-" "Mozilla/5.0 (compatible; SemrushBot/7~bl; +http://www.semrush.com/bot.html)"
66.249.68.104 - - [14/Sep/2026:17:09:09 +0300] "GET /?sale/search/detail/?ITMCODE=5195314880 HTTP/1.1" 200 219543 "-" "Mozilla/5.0 (Linux; Android 6.0.1; Nexus 5X Build/MMB29P) AppleWebKit/537.36 (KHTML, like Gecko) Chrome/152.0.7977.82 Mobile Safari/537.36 (compatible; Googlebot/2.1; +http://www.google.com/bot.html)"
185.191.171.2 - - [14/Sep/2026:17:09:31 +0300] "GET /robots.txt HTTP/1.1" 200 836 "-" "Mozilla/5.0 (compatible; SemrushBot/7~bl; +http://www.semrush.com/bot.html)"
85.208.96.200 - - [14/Sep/2026:17:09:31 +0300] "GET /?sale%2Fsearch%2Fdetail%2F%3FITMCODE=519935470409 HTTP/1.1" 200 11138 "-" "Mozilla/5.0 (compatible; SemrushBot/7~bl; +http://www.semrush.com/bot.html)"
66.249.68.104 - - [14/Sep/2026:17:09:39 +0300] "GET /?sale/search/detail/?ITMCODE=51992173198 HTTP/1.1" 200 198800 "-" "Mozilla/5.0 (Linux; Android 6.0.1; Nexus 5X Build/MMB29P) AppleWebKit/537.36 (KHTML, like Gecko) Chrome/152.0.7977.82 Mobile Safari/537.36 (compatible; Googlebot/2.1; +http://www.google.com/bot.html)"
66.249.68.104 - - [14/Sep/2026:17:10:15 +0300] "GET /?sale/search/detail/?ITMCODE=51992343489 HTTP/1.1" 200 202955 "-" "Mozilla/5.0 (Linux; Android 6.0.1; Nexus 5X Build/MMB29P) AppleWebKit/537.36 (KHTML, like Gecko) Chrome/152.0.7977.82 Mobile Safari/537.36 (compatible; Googlebot/2.1; +http://www.google.com/bot.html)"
66.249.68.104 - - [14/Sep/2026:17:10:33 +0300] "GET /?sale/search/detail/?ITMCODE=51971442458 HTTP/1.1" 200 201695 "-" "Mozilla/5.0 (Linux; Android 6.0.1; Nexus 5X Build/MMB29P) AppleWebKit/537.36 (KHTML, like Gecko) Chrome/152.0.7977.82 Mobile Safari/537.36 (compatible; Googlebot/2.1; +http://www.google.com/bot.html)"
185.191.171.2 - - [14/Sep/2026:17:10:35 +0300] "GET /?sale%2Fsearch%2Fdetail%2F%3FITMCODE=519773226483 HTTP/1.1" 200 11138 "-" "Mozilla/5.0 (compatible; SemrushBot/7~bl; +http://www.semrush.com/bot.html)"
185.191.171.10 - - [14/Sep/2026:17:10:36 +0300] "GET /?sale%2Fsearch%2Fdetail%2F%3FITMCODE=519672772757 HTTP/1.1" 200 11138 "-" "Mozilla/5.0 (compatible; SemrushBot/7~bl; +http://www.semrush.com/bot.html)"
85.208.96.195 - - [14/Sep/2026:17:11:07 +0300] "GET /?sale%2Fsearch%2Fdetail%2F%3FITMCODE=519713081532 HTTP/1.1" 200 11138 "-" "Mozilla/5.0 (compatible; SemrushBot/7~bl; +http://www.semrush.com/bot.html)"
66.249.68.96 - - [14/Sep/2026:17:12:04 +0300] "GET /index.php?ID=9086.html HTTP/1.1" 200 219794 "-" "Mozilla/5.0 (Linux; Android 6.0.1; Nexus 5X Build/MMB29P) AppleWebKit/537.36 (KHTML, like Gecko) Chrome/152.0.7977.82 Mobile Safari/537.36 (compatible; Googlebot/2.1; +http://www.google.com/bot.html)"
43.154.250.181 - - [14/Sep/2026:17:12:07 +0300] "GET / HTTP/1.1" 200 11120 "-" "Mozilla/5.0 (iPhone; CPU iPhone OS 13_2_3 like Mac OS X) AppleWebKit/605.1.15 (KHTML, like Gecko) Version/13.0.3 Mobile/15E148 Safari/604.1"
51.81.111.8 - - [14/Sep/2026:17:12:32 +0300] "GET /robots.txt HTTP/1.1" 200 836 "-" "Mozilla/5.0 (compatible; AhrefsBot/7.0; +http://ahrefs.com/robot/)"
51.89.71.89 - - [14/Sep/2026:17:12:33 +0300] "GET /index.php HTTP/1.1" 200 11127 "-" "Mozilla/5.0 (compatible; AhrefsBot/7.0; +http://ahrefs.com/robot/)"
85.208.96.201 - - [14/Sep/2026:17:12:33 +0300] "GET /?sale%2Fsearch%2Fdetail%2F%3FITMCODE=52005595916 HTTP/1.1" 200 11138 "-" "Mozilla/5.0 (compatible; SemrushBot/7~bl; +http://www.semrush.com/bot.html)"
66.249.68.104 - - [14/Sep/2026:17:12:48 +0300] "GET /?sale/search/detail/?ITMCODE=51971068331 HTTP/1.1" 200 202889 "-" "Mozilla/5.0 (Linux; Android 6.0.1; Nexus 5X Build/MMB29P) AppleWebKit/537.36 (KHTML, like Gecko) Chrome/152.0.7977.82 Mobile Safari/537.36 (compatible; Googlebot/2.1; +http://www.google.com/bot.html)"
66.249.68.104 - - [14/Sep/2026:17:13:01 +0300] "GET /?sale/search/detail/?ITMCODE=5196648849 HTTP/1.1" 200 198752 "-" "Mozilla/5.0 (Linux; Android 6.0.1; Nexus 5X Build/MMB29P) AppleWebKit/537.36 (KHTML, like Gecko) Chrome/152.0.7977.82 Mobile Safari/537.36 (compatible; Googlebot/2.1; +http://www.google.com/bot.html)"
85.208.96.208 - - [14/Sep/2026:17:13:12 +0300] "GET /?sale%2Fsearch%2Fdetail%2F%3FITMCODE=519710026843 HTTP/1.1" 200 11138 "-" "Mozilla/5.0 (compatible; SemrushBot/7~bl; +http://www.semrush.com/bot.html)"
185.191.171.13 - - [14/Sep/2026:17:14:45 +0300] "GET /?sale%2Fsearch%2Fdetail%2F%3FITMCODE=51969678193 HTTP/1.1" 200 11138 "-" "Mozilla/5.0 (compatible; SemrushBot/7~bl; +http://www.semrush.com/bot.html)"
85.208.96.209 - - [14/Sep/2026:17:14:47 +0300] "GET /?sale%2Fsearch%2Fdetail%2F%3FITMCODE=5198100671311 HTTP/1.1" 200 11138 "-" "Mozilla/5.0 (compatible; SemrushBot/7~bl; +http://www.semrush.com/bot.html)"
66.249.68.105 - - [14/Sep/2026:17:14:53 +0300] "GET /?sale/search/detail/?ITMCODE=51971349206 HTTP/1.1" 200 195026 "-" "Mozilla/5.0 (Linux; Android 6.0.1; Nexus 5X Build/MMB29P) AppleWebKit/537.36 (KHTML, like Gecko) Chrome/152.0.7977.82 Mobile Safari/537.36 (compatible; Googlebot/2.1; +http://www.google.com/bot.html)"
51.89.59.42 - - [14/Sep/2026:17:14:55 +0300] "GET /media/system/js/mootools-core.js?0c2ada6fb5fac50fc7ad43b82b14eaac HTTP/1.1" 200 83893 "-" "Mozilla/5.0 (compatible; AhrefsBot/7.0; +http://ahrefs.com/robot/)"
51.89.72.8 - - [14/Sep/2026:17:14:56 +0300] "GET /media/jui/js/jquery-migrate.min.js?0c2ada6fb5fac50fc7ad43b82b14eaac HTTP/1.1" 200 10056 "-" "Mozilla/5.0 (compatible; AhrefsBot/7.0; +http://ahrefs.com/robot/)"
51.89.74.200 - - [14/Sep/2026:17:14:57 +0300] "GET /templates/resto_6/jquery.js HTTP/1.1" 200 92629 "-" "Mozilla/5.0 (compatible; AhrefsBot/7.0; +http://ahrefs.com/robot/)"
51.89.72.8 - - [14/Sep/2026:17:14:58 +0300] "GET /templates/resto_6/css/template.css HTTP/1.1" 200 65213 "-" "Mozilla/5.0 (compatible; AhrefsBot/7.0; +http://ahrefs.com/robot/)"
51.89.38.129 - - [14/Sep/2026:17:14:59 +0300] "GET /templates/resto_6/css/template.responsive.css HTTP/1.1" 200 11640 "-" "Mozilla/5.0 (compatible; AhrefsBot/7.0; +http://ahrefs.com/robot/)"
51.89.72.9 - - [14/Sep/2026:17:14:59 +0300] "GET /templates/resto_6/modules.js HTTP/1.1" 200 - "-" "Mozilla/5.0 (compatible; AhrefsBot/7.0; +http://ahrefs.com/robot/)"
51.89.71.156 - - [14/Sep/2026:17:15:00 +0300] "GET /media/system/js/caption.js?0c2ada6fb5fac50fc7ad43b82b14eaac HTTP/1.1" 200 491 "-" "Mozilla/5.0 (compatible; AhrefsBot/7.0; +http://ahrefs.com/robot/)"
51.89.59.43 - - [14/Sep/2026:17:15:01 +0300] "GET /templates/resto_6/script.responsive.js HTTP/1.1" 200 21136 "-" "Mozilla/5.0 (compatible; AhrefsBot/7.0; +http://ahrefs.com/robot/)"
51.89.72.3 - - [14/Sep/2026:17:15:01 +0300] "GET /templates/resto_6/script.js HTTP/1.1" 200 56744 "-" "Mozilla/5.0 (compatible; AhrefsBot/7.0; +http://ahrefs.com/robot/)"
51.89.69.96 - - [14/Sep/2026:17:15:02 +0300] "GET /templates/system/css/system.css HTTP/1.1" 200 881 "-" "Mozilla/5.0 (compatible; AhrefsBot/7.0; +http://ahrefs.com/robot/)"
51.89.83.54 - - [14/Sep/2026:17:15:03 +0300] "GET /media/system/js/mootools-more.js?0c2ada6fb5fac50fc7ad43b82b14eaac HTTP/1.1" 200 236825 "-" "Mozilla/5.0 (compatible; AhrefsBot/7.0; +http://ahrefs.com/robot/)"
51.89.71.82 - - [14/Sep/2026:17:15:04 +0300] "GET /media/jui/js/jquery.min.js?0c2ada6fb5fac50fc7ad43b82b14eaac HTTP/1.1" 200 97646 "-" "Mozilla/5.0 (compatible; AhrefsBot/7.0; +http://ahrefs.com/robot/)"
51.89.72.4 - - [14/Sep/2026:17:15:05 +0300] "GET /media/jui/js/jquery-noconflict.js?0c2ada6fb5fac50fc7ad43b82b14eaac HTTP/1.1" 200 21 "-" "Mozilla/5.0 (compatible; AhrefsBot/7.0; +http://ahrefs.com/robot/)"
51.89.74.197 - - [14/Sep/2026:17:15:06 +0300] "GET /media/system/js/core.js?0c2ada6fb5fac50fc7ad43b82b14eaac HTTP/1.1" 200 8735 "-" "Mozilla/5.0 (compatible; AhrefsBot/7.0; +http://ahrefs.com/robot/)"
51.89.69.104 - - [14/Sep/2026:17:15:06 +0300] "GET /templates/system/css/general.css HTTP/1.1" 200 2717 "-" "Mozilla/5.0 (compatible; AhrefsBot/7.0; +http://ahrefs.com/robot/)"
85.208.96.198 - - [14/Sep/2026:17:15:40 +0300] "GET /?sale%2Fsearch%2Fdetail%2F%3FITMCODE=519731327473 HTTP/1.1" 200 11138 "-" "Mozilla/5.0 (compatible; SemrushBot/7~bl; +http://www.semrush.com/bot.html)"
66.249.68.105 - - [14/Sep/2026:17:15:41 +0300] "GET /?sale/search/detail/?ITMCODE=52002908178 HTTP/1.1" 200 196909 "-" "Mozilla/5.0 (Linux; Android 6.0.1; Nexus 5X Build/MMB29P) AppleWebKit/537.36 (KHTML, like Gecko) Chrome/152.0.7977.82 Mobile Safari/537.36 (compatible; Googlebot/2.1; +http://www.google.com/bot.html)"
66.249.68.105 - - [14/Sep/2026:17:15:59 +0300] "GET /?sale/search/detail/?ITMCODE=51981711202 HTTP/1.1" 200 196477 "-" "Mozilla/5.0 (Linux; Android 6.0.1; Nexus 5X Build/MMB29P) AppleWebKit/537.36 (KHTML, like Gecko) Chrome/152.0.7977.82 Mobile Safari/537.36 (compatible; Googlebot/2.1; +http://www.google.com/bot.html)"
66.249.68.105 - - [14/Sep/2026:17:16:35 +0300] "GET /?sale/search/detail/?ITMCODE=52002615154 HTTP/1.1" 200 201112 "-" "Mozilla/5.0 (Linux; Android 6.0.1; Nexus 5X Build/MMB29P) AppleWebKit/537.36 (KHTML, like Gecko) Chrome/152.0.7977.82 Mobile Safari/537.36 (compatible; Googlebot/2.1; +http://www.google.com/bot.html)"
66.249.68.104 - - [14/Sep/2026:17:16:57 +0300] "GET /?sale/search/detail/?ITMCODE=51981510577 HTTP/1.1" 200 198061 "-" "Mozilla/5.0 (Linux; Android 6.0.1; Nexus 5X Build/MMB29P) AppleWebKit/537.36 (KHTML, like Gecko) Chrome/152.0.7977.82 Mobile Safari/537.36 (compatible; Googlebot/2.1; +http://www.google.com/bot.html)"
185.191.171.9 - - [14/Sep/2026:17:16:58 +0300] "GET /?sale%2Fsearch%2Fdetail%2F%3FITMCODE=519876525932 HTTP/1.1" 200 11138 "-" "Mozilla/5.0 (compatible; SemrushBot/7~bl; +http://www.semrush.com/bot.html)"
85.208.96.204 - - [14/Sep/2026:17:17:13 +0300] "GET /?sale%2Fsearch%2Fdetail%2F%3FITMCODE=5200101776951 HTTP/1.1" 200 11138 "-" "Mozilla/5.0 (compatible; SemrushBot/7~bl; +http://www.semrush.com/bot.html)"
66.249.68.105 - - [14/Sep/2026:17:18:12 +0300] "GET /?sale/search/detail/?ITMCODE=5196754949 HTTP/1.1" 200 201138 "-" "Mozilla/5.0 (Linux; Android 6.0.1; Nexus 5X Build/MMB29P) AppleWebKit/537.36 (KHTML, like Gecko) Chrome/152.0.7977.82 Mobile Safari/537.36 (compatible; Googlebot/2.1; +http://www.google.com/bot.html)"
66.249.68.104 - - [14/Sep/2026:17:18:52 +0300] "GET /?sale/search/detail/?ITMCODE=51981870805 HTTP/1.1" 200 200823 "-" "Mozilla/5.0 AppleWebKit/537.36 (KHTML, like Gecko; compatible; Googlebot/2.1; +http://www.google.com/bot.html) Chrome/152.0.7977.64 Safari/537.36"
85.208.96.197 - - [14/Sep/2026:17:19:00 +0300] "GET /?sale%2Fsearch%2Fdetail%2F%3FITMCODE=519825652138 HTTP/1.1" 200 11138 "-" "Mozilla/5.0 (compatible; SemrushBot/7~bl; +http://www.semrush.com/bot.html)"
66.249.68.96 - - [14/Sep/2026:17:19:15 +0300] "GET /?sale/search/detail/?ITMCODE=519545613 HTTP/1.1" 200 208449 "-" "Mozilla/5.0 AppleWebKit/537.36 (KHTML, like Gecko; compatible; Googlebot/2.1; +http://www.google.com/bot.html) Chrome/152.0.7977.64 Safari/537.36"
85.208.96.198 - - [14/Sep/2026:17:20:00 +0300] "GET /?sale%2Fsearch%2Fdetail%2F%3FITMCODE=519929215847 HTTP/1.1" 200 11138 "-" "Mozilla/5.0 (compatible; SemrushBot/7~bl; +http://www.semrush.com/bot.html)"
185.191.171.10 - - [14/Sep/2026:17:20:06 +0300] "GET /?sale%2Fsearch%2Fdetail%2F%3FITMCODE=519810903069 HTTP/1.1" 200 11138 "-" "Mozilla/5.0 (compatible; SemrushBot/7~bl; +http://www.semrush.com/bot.html)"
43.164.133.138 - - [14/Sep/2026:17:20:54 +0300] "GET / HTTP/1.1" 200 11120 "-" "Mozilla/5.0 (iPhone; CPU iPhone OS 13_2_3 like Mac OS X) AppleWebKit/605.1.15 (KHTML, like Gecko) Version/13.0.3 Mobile/15E148 Safari/604.1"
85.208.96.207 - - [14/Sep/2026:17:21:04 +0300] "GET /?sale%2Fsearch%2Fdetail%2F%3FITMCODE=519810863965 HTTP/1.1" 200 11138 "-" "Mozilla/5.0 (compatible; SemrushBot/7~bl; +http://www.semrush.com/bot.html)"
85.208.96.212 - - [14/Sep/2026:17:21:10 +0300] "GET /?sale%2Fsearch%2Fdetail%2F%3FITMCODE=51977334314 HTTP/1.1" 200 11138 "-" "Mozilla/5.0 (compatible; SemrushBot/7~bl; +http://www.semrush.com/bot.html)"
66.249.68.96 - - [14/Sep/2026:17:21:10 +0300] "GET /?sale/search/detail/?ITMCODE=5195199682 HTTP/1.1" 200 194899 "-" "Mozilla/5.0 (Linux; Android 6.0.1; Nexus 5X Build/MMB29P) AppleWebKit/537.36 (KHTML, like Gecko) Chrome/152.0.7977.82 Mobile Safari/537.36 (compatible; Googlebot/2.1; +http://www.google.com/bot.html)"
66.249.68.104 - - [14/Sep/2026:17:22:04 +0300] "GET /?sale/search/detail/?ITMCODE=51981734390 HTTP/1.1" 200 199082 "-" "Mozilla/5.0 (Linux; Android 6.0.1; Nexus 5X Build/MMB29P) AppleWebKit/537.36 (KHTML, like Gecko) Chrome/152.0.7977.82 Mobile Safari/537.36 (compatible; Googlebot/2.1; +http://www.google.com/bot.html)"
66.249.68.105 - - [14/Sep/2026:17:22:29 +0300] "GET /?sale/search/detail/?ITMCODE=51981913216 HTTP/1.1" 200 218620 "-" "Mozilla/5.0 (Linux; Android 6.0.1; Nexus 5X Build/MMB29P) AppleWebKit/537.36 (KHTML, like Gecko) Chrome/152.0.7977.82 Mobile Safari/537.36 (compatible; Googlebot/2.1; +http://www.google.com/bot.html)"
66.249.68.104 - - [14/Sep/2026:17:22:50 +0300] "GET /?sale/search/detail/?ITMCODE=51992456170 HTTP/1.1" 200 205342 "-" "Mozilla/5.0 (Linux; Android 6.0.1; Nexus 5X Build/MMB29P) AppleWebKit/537.36 (KHTML, like Gecko) Chrome/152.0.7977.82 Mobile Safari/537.36 (compatible; Googlebot/2.1; +http://www.google.com/bot.html)"
66.249.68.104 - - [14/Sep/2026:17:23:20 +0300] "GET /?sale/search/detail/?ITMCODE=51992252403 HTTP/1.1" 200 197873 "-" "Mozilla/5.0 (Linux; Android 6.0.1; Nexus 5X Build/MMB29P) AppleWebKit/537.36 (KHTML, like Gecko) Chrome/152.0.7977.82 Mobile Safari/537.36 (compatible; Googlebot/2.1; +http://www.google.com/bot.html)"
66.249.68.104 - - [14/Sep/2026:17:24:03 +0300] "GET /?sale/search/detail/?ITMCODE=51992264467 HTTP/1.1" 200 194141 "-" "Mozilla/5.0 (Linux; Android 6.0.1; Nexus 5X Build/MMB29P) AppleWebKit/537.36 (KHTML, like Gecko) Chrome/152.0.7977.82 Mobile Safari/537.36 (compatible; Googlebot/2.1; +http://www.google.com/bot.html)"
66.249.68.104 - - [14/Sep/2026:17:24:47 +0300] "GET /?sale/search/detail/?ITMCODE=51971152104 HTTP/1.1" 200 229827 "-" "Mozilla/5.0 (Linux; Android 6.0.1; Nexus 5X Build/MMB29P) AppleWebKit/537.36 (KHTML, like Gecko) Chrome/152.0.7977.82 Mobile Safari/537.36 (compatible; Googlebot/2.1; +http://www.google.com/bot.html)"
66.249.68.104 - - [14/Sep/2026:17:24:54 +0300] "GET /?sale/search/detail/?ITMCODE=51992024786 HTTP/1.1" 200 200880 "-" "Mozilla/5.0 (Linux; Android 6.0.1; Nexus 5X Build/MMB29P) AppleWebKit/537.36 (KHTML, like Gecko) Chrome/152.0.7977.82 Mobile Safari/537.36 (compatible; Googlebot/2.1; +http://www.google.com/bot.html)"
185.191.171.9 - - [14/Sep/2026:17:24:56 +0300] "GET /?sale%2Fsearch%2Fdetail%2F%3FITMCODE=519938021110 HTTP/1.1" 200 11138 "-" "Mozilla/5.0 (compatible; SemrushBot/7~bl; +http://www.semrush.com/bot.html)"
66.249.68.96 - - [14/Sep/2026:17:25:25 +0300] "GET /?sale/search/detail/?ITMCODE=51992239703 HTTP/1.1" 200 204359 "-" "Mozilla/5.0 (Linux; Android 6.0.1; Nexus 5X Build/MMB29P) AppleWebKit/537.36 (KHTML, like Gecko) Chrome/152.0.7977.82 Mobile Safari/537.36 (compatible; Googlebot/2.1; +http://www.google.com/bot.html)"
185.191.171.4 - - [14/Sep/2026:17:25:32 +0300] "GET /?sale%2Fsearch%2Fdetail%2F%3FITMCODE=5198100719051 HTTP/1.1" 200 11138 "-" "Mozilla/5.0 (compatible; SemrushBot/7~bl; +http://www.semrush.com/bot.html)"
40.77.167.1 - - [14/Sep/2026:17:25:48 +0300] "GET /shop/pg/214845 HTTP/1.1" 200 202115 "-" "Mozilla/5.0 AppleWebKit/537.36 (KHTML, like Gecko; compatible; bingbot/2.0; +http://www.bing.com/bingbot.htm) Chrome/116.0.1938.76 Safari/537.36"
85.208.96.205 - - [14/Sep/2026:17:25:49 +0300] "GET /?sale%2Fsearch%2Fdetail%2F%3FITMCODE=519920347188 HTTP/1.1" 200 11138 "-" "Mozilla/5.0 (compatible; SemrushBot/7~bl; +http://www.semrush.com/bot.html)"
185.191.171.14 - - [14/Sep/2026:17:25:54 +0300] "GET /?sale%2Fsearch%2Fdetail%2F%3FITMCODE=51984573457 HTTP/1.1" 200 11138 "-" "Mozilla/5.0 (compatible; SemrushBot/7~bl; +http://www.semrush.com/bot.html)"
66.249.68.105 - - [14/Sep/2026:17:26:06 +0300] "GET /?sale/search/detail/?ITMCODE=5195211749 HTTP/1.1" 200 196358 "-" "Mozilla/5.0 (Linux; Android 6.0.1; Nexus 5X Build/MMB29P) AppleWebKit/537.36 (KHTML, like Gecko) Chrome/152.0.7977.82 Mobile Safari/537.36 (compatible; Googlebot/2.1; +http://www.google.com/bot.html)"
66.249.68.96 - - [14/Sep/2026:17:27:06 +0300] "GET /?sale/search/detail/?ITMCODE=51992293602 HTTP/1.1" 200 195196 "-" "Mozilla/5.0 (Linux; Android 6.0.1; Nexus 5X Build/MMB29P) AppleWebKit/537.36 (KHTML, like Gecko) Chrome/152.0.7977.82 Mobile Safari/537.36 (compatible; Googlebot/2.1; +http://www.google.com/bot.html)"
66.249.68.105 - - [14/Sep/2026:17:27:09 +0300] "GET /?sale/search/detail/?ITMCODE=51971407180 HTTP/1.1" 200 217567 "-" "Mozilla/5.0 (Linux; Android 6.0.1; Nexus 5X Build/MMB29P) AppleWebKit/537.36 (KHTML, like Gecko) Chrome/152.0.7977.82 Mobile Safari/537.36 (compatible; Googlebot/2.1; +http://www.google.com/bot.html)"
66.249.68.105 - - [14/Sep/2026:17:28:04 +0300] "GET /?sale/search/detail/?ITMCODE=51992123370 HTTP/1.1" 200 200789 "-" "Mozilla/5.0 (Linux; Android 6.0.1; Nexus 5X Build/MMB29P) AppleWebKit/537.36 (KHTML, like Gecko) Chrome/152.0.7977.82 Mobile Safari/537.36 (compatible; Googlebot/2.1; +http://www.google.com/bot.html)"
66.249.68.105 - - [14/Sep/2026:17:28:24 +0300] "GET /?sale/search/detail/?ITMCODE=52002653563 HTTP/1.1" 200 206133 "-" "Mozilla/5.0 (Linux; Android 6.0.1; Nexus 5X Build/MMB29P) AppleWebKit/537.36 (KHTML, like Gecko) Chrome/152.0.7977.82 Mobile Safari/537.36 (compatible; Googlebot/2.1; +http://www.google.com/bot.html)"
66.249.68.104 - - [14/Sep/2026:17:28:44 +0300] "GET /?sale/search/detail/?ITMCODE=5195400300 HTTP/1.1" 200 228002 "-" "Mozilla/5.0 (Linux; Android 6.0.1; Nexus 5X Build/MMB29P) AppleWebKit/537.36 (KHTML, like Gecko) Chrome/152.0.7977.82 Mobile Safari/537.36 (compatible; Googlebot/2.1; +http://www.google.com/bot.html)"
66.249.68.104 - - [14/Sep/2026:17:29:29 +0300] "GET /?sale/search/detail/?ITMCODE=51992025700 HTTP/1.1" 200 213539 "-" "Mozilla/5.0 (Linux; Android 6.0.1; Nexus 5X Build/MMB29P) AppleWebKit/537.36 (KHTML, like Gecko) Chrome/152.0.7977.82 Mobile Safari/537.36 (compatible; Googlebot/2.1; +http://www.google.com/bot.html)"
185.191.171.17 - - [14/Sep/2026:17:29:34 +0300] "GET /?sale%2Fsearch%2Fdetail%2F%3FITMCODE=52008776702 HTTP/1.1" 200 11138 "-" "Mozilla/5.0 (compatible; SemrushBot/7~bl; +http://www.semrush.com/bot.html)"
66.249.68.104 - - [14/Sep/2026:17:30:13 +0300] "GET /?sale/search/detail/?ITMCODE=51971262175 HTTP/1.1" 200 201114 "-" "Mozilla/5.0 (Linux; Android 6.0.1; Nexus 5X Build/MMB29P) AppleWebKit/537.36 (KHTML, like Gecko) Chrome/152.0.7977.82 Mobile Safari/537.36 (compatible; Googlebot/2.1; +http://www.google.com/bot.html)"
40.77.167.1 - - [14/Sep/2026:17:30:18 +0300] "GET /shop/pg/713445 HTTP/1.1" 200 195988 "-" "Mozilla/5.0 AppleWebKit/537.36 (KHTML, like Gecko; compatible; bingbot/2.0; +http://www.bing.com/bingbot.htm) Chrome/116.0.1938.76 Safari/537.36"
84.55.46.74 - - [14/Sep/2026:17:30:28 +0300] "GET / HTTP/1.1" 200 11118 "-" "Mozilla/5.0 (Windows NT 10.0; Win64; x64) AppleWebKit/537.36"
84.55.46.74 - - [14/Sep/2026:17:30:28 +0300] "GET /index.php/kontaktai HTTP/1.1" 200 7926 "-" "Mozilla/5.0 (Windows NT 10.0; Win64; x64) AppleWebKit/537.36"
66.249.68.104 - - [14/Sep/2026:17:30:29 +0300] "GET /?sale/search/detail/?ITMCODE=5195454347 HTTP/1.1" 200 215556 "-" "Mozilla/5.0 (Linux; Android 6.0.1; Nexus 5X Build/MMB29P) AppleWebKit/537.36 (KHTML, like Gecko) Chrome/152.0.7977.82 Mobile Safari/537.36 (compatible; Googlebot/2.1; +http://www.google.com/bot.html)"
185.191.171.14 - - [14/Sep/2026:17:30:34 +0300] "GET /?sale%2Fsearch%2Fdetail%2F%3FITMCODE=51959255000 HTTP/1.1" 200 11138 "-" "Mozilla/5.0 (compatible; SemrushBot/7~bl; +http://www.semrush.com/bot.html)"
66.249.68.104 - - [14/Sep/2026:17:30:46 +0300] "GET /?sale/search/detail/?ITMCODE=51971043697 HTTP/1.1" 200 195433 "-" "Mozilla/5.0 (Linux; Android 6.0.1; Nexus 5X Build/MMB29P) AppleWebKit/537.36 (KHTML, like Gecko) Chrome/152.0.7977.82 Mobile Safari/537.36 (compatible; Googlebot/2.1; +http://www.google.com/bot.html)"
