66.249.68.96 - - [14/Sep/2026:19:23:46 +0300] "GET /?sale/search/detail/?ITMCODE=51992300227 HTTP/1.1" 200 214188 "-" "Mozilla/5.0 (Linux; Android 6.0.1; Nexus 5X Build/MMB29P) AppleWebKit/537.36 (KHTML, like Gecko) Chrome/152.0.7977.82 Mobile Safari/537.36 (compatible; Googlebot/2.1; +http://www.google.com/bot.html)"
66.249.68.96 - - [14/Sep/2026:19:24:03 +0300] "GET /?sale/search/detail/?ITMCODE=5196841239 HTTP/1.1" 200 199401 "-" "Mozilla/5.0 (Linux; Android 6.0.1; Nexus 5X Build/MMB29P) AppleWebKit/537.36 (KHTML, like Gecko) Chrome/152.0.7977.82 Mobile Safari/537.36 (compatible; Googlebot/2.1; +http://www.google.com/bot.html)"
207.46.13.6 - - [14/Sep/2026:19:24:11 +0300] "GET /shop/pg/710672 HTTP/1.1" 200 211466 "-" "Mozilla/5.0 AppleWebKit/537.36 (KHTML, like Gecko; compatible; bingbot/2.0; +http://www.bing.com/bingbot.htm) Chrome/116.0.1938.76 Safari/537.36"
66.249.68.104 - - [14/Sep/2026:19:24:20 +0300] "GET /?sale/search/detail/?ITMCODE=5196846250 HTTP/1.1" 200 199190 "-" "Mozilla/5.0 (Linux; Android 6.0.1; Nexus 5X Build/MMB29P) AppleWebKit/537.36 (KHTML, like Gecko) Chrome/152.0.7977.82 Mobile Safari/537.36 (compatible; Googlebot/2.1; +http://www.google.com/bot.html)"
85.208.96.198 - - [14/Sep/2026:19:24:22 +0300] "GET /?sale%2Fsearch%2Fdetail%2F%3FITMCODE=519672779680 HTTP/1.1" 200 11138 "-" "Mozilla/5.0 (compatible; SemrushBot/7~bl; +http://www.semrush.com/bot.html)"
66.249.68.104 - - [14/Sep/2026:19:24:57 +0300] "GET /?sale/search/detail/?ITMCODE=51981589122 HTTP/1.1" 200 194769 "-" "Mozilla/5.0 (Linux; Android 6.0.1; Nexus 5X Build/MMB29P) AppleWebKit/537.36 (KHTML, like Gecko) Chrome/152.0.7977.82 Mobile Safari/537.36 (compatible; Googlebot/2.1; +http://www.google.com/bot.html)"
85.208.96.198 - - [14/Sep/2026:19:25:22 +0300] "GET /?sale%2Fsearch%2Fdetail%2F%3FITMCODE=519725008238 HTTP/1.1" 200 11138 "-" "Mozilla/5.0 (compatible; SemrushBot/7~bl; +http://www.semrush.com/bot.html)"
85.208.96.195 - - [14/Sep/2026:19:26:21 +0300] "GET /?sale%2Fsearch%2Fdetail%2F%3FITMCODE=5196913946 HTTP/1.1" 200 11138 "-" "Mozilla/5.0 (compatible; SemrushBot/7~bl; +http://www.semrush.com/bot.html)"
66.249.68.105 - - [14/Sep/2026:19:26:44 +0300] "GET /?sale/search/detail/?ITMCODE=5195486397 HTTP/1.1" 200 197573 "-" "Mozilla/5.0 (Linux; Android 6.0.1; Nexus 5X Build/MMB29P) AppleWebKit/537.36 (KHTML, like Gecko) Chrome/152.0.7977.82 Mobile Safari/537.36 (compatible; Googlebot/2.1; +http://www.google.com/bot.html)"
66.249.68.105 - - [14/Sep/2026:19:27:13 +0300] "GET /?sale/search/detail/?ITMCODE=51971468128 HTTP/1.1" 200 194508 "-" "Mozilla/5.0 (Linux; Android 6.0.1; Nexus 5X Build/MMB29P) AppleWebKit/537.36 (KHTML, like Gecko) Chrome/152.0.7977.82 Mobile Safari/537.36 (compatible; Googlebot/2.1; +http://www.google.com/bot.html)"
66.249.68.104 - - [14/Sep/2026:19:28:09 +0300] "GET /?sale/search/detail/?ITMCODE=51971156476 HTTP/1.1" 200 195930 "-" "Mozilla/5.0 (Linux; Android 6.0.1; Nexus 5X Build/MMB29P) AppleWebKit/537.36 (KHTML, like Gecko) Chrome/152.0.7977.82 Mobile Safari/537.36 (compatible; Googlebot/2.1; +http://www.google.com/bot.html)"
185.191.171.2 - - [14/Sep/2026:19:28:35 +0300] "GET /?sale%2Fsearch%2Fdetail%2F%3FITMCODE=5196105975340 HTTP/1.1" 200 11138 "-" "Mozilla/5.0 (compatible; SemrushBot/7~bl; +http://www.semrush.com/bot.html)"
85.208.96.198 - - [14/Sep/2026:19:29:40 +0300] "GET /?sale%2Fsearch%2Fdetail%2F%3FITMCODE=519810831458 HTTP/1.1" 200 11138 "-" "Mozilla/5.0 (compatible; SemrushBot/7~bl; +http://www.semrush.com/bot.html)"
66.249.68.104 - - [14/Sep/2026:19:29:41 +0300] "GET /?sale/search/detail/?ITMCODE=51971128863 HTTP/1.1" 200 198684 "-" "Mozilla/5.0 (Linux; Android 6.0.1; Nexus 5X Build/MMB29P) AppleWebKit/537.36 (KHTML, like Gecko) Chrome/152.0.7977.82 Mobile Safari/537.36 (compatible; Googlebot/2.1; +http://www.google.com/bot.html)"
66.249.68.104 - - [14/Sep/2026:19:29:53 +0300] "GET /?sale/search/detail/?ITMCODE=5196526313 HTTP/1.1" 200 195310 "-" "Mozilla/5.0 (Linux; Android 6.0.1; Nexus 5X Build/MMB29P) AppleWebKit/537.36 (KHTML, like Gecko) Chrome/152.0.7977.82 Mobile Safari/537.36 (compatible; Googlebot/2.1; +http://www.google.com/bot.html)"
66.249.68.96 - - [14/Sep/2026:19:30:14 +0300] "GET /?sale/search/detail/?ITMCODE=51971022300 HTTP/1.1" 200 210340 "-" "Mozilla/5.0 (Linux; Android 6.0.1; Nexus 5X Build/MMB29P) AppleWebKit/537.36 (KHTML, like Gecko) Chrome/152.0.7977.82 Mobile Safari/537.36 (compatible; Googlebot/2.1; +http://www.google.com/bot.html)"
66.249.68.104 - - [14/Sep/2026:19:30:19 +0300] "GET /?sale/search/detail/?ITMCODE=51981628268 HTTP/1.1" 200 194178 "-" "Mozilla/5.0 (Linux; Android 6.0.1; Nexus 5X Build/MMB29P) AppleWebKit/537.36 (KHTML, like Gecko) Chrome/152.0.7977.82 Mobile Safari/537.36 (compatible; Googlebot/2.1; +http://www.google.com/bot.html)"
66.249.68.104 - - [14/Sep/2026:19:30:20 +0300] "GET /?sale/search/detail/?ITMCODE=51992394413 HTTP/1.1" 200 199959 "-" "Mozilla/5.0 (Linux; Android 6.0.1; Nexus 5X Build/MMB29P) AppleWebKit/537.36 (KHTML, like Gecko) Chrome/152.0.7977.82 Mobile Safari/537.36 (compatible; Googlebot/2.1; +http://www.google.com/bot.html)"
85.208.96.199 - - [14/Sep/2026:19:30:42 +0300] "GET /?sale%2Fsearch%2Fdetail%2F%3FITMCODE=51963978025 HTTP/1.1" 200 11138 "-" "Mozilla/5.0 (compatible; SemrushBot/7~bl; +http://www.semrush.com/bot.html)"
66.249.68.104 - - [14/Sep/2026:19:31:17 +0300] "GET /?sale/search/detail/?ITMCODE=51992050432 HTTP/1.1" 200 204013 "-" "Mozilla/5.0 (Linux; Android 6.0.1; Nexus 5X Build/MMB29P) AppleWebKit/537.36 (KHTML, like Gecko) Chrome/152.0.7977.82 Mobile Safari/537.36 (compatible; Googlebot/2.1; +http://www.google.com/bot.html)"
185.191.171.19 - - [14/Sep/2026:19:32:59 +0300] "GET /?sale%2Fsearch%2Fdetail%2F%3FITMCODE=51959023967 HTTP/1.1" 200 11138 "-" "Mozilla/5.0 (compatible; SemrushBot/7~bl; +http://www.semrush.com/bot.html)"
85.208.96.203 - - [14/Sep/2026:19:33:01 +0300] "GET /?sale%2Fsearch%2Fdetail%2F%3FITMCODE=519515301564 HTTP/1.1" 200 11138 "-" "Mozilla/5.0 (compatible; SemrushBot/7~bl; +http://www.semrush.com/bot.html)"
185.191.171.16 - - [14/Sep/2026:19:33:37 +0300] "GET /?sale%2Fsearch%2Fdetail%2F%3FITMCODE=519810964968 HTTP/1.1" 200 11138 "-" "Mozilla/5.0 (compatible; SemrushBot/7~bl; +http://www.semrush.com/bot.html)"
185.191.171.6 - - [14/Sep/2026:19:33:59 +0300] "GET /?sale%2Fsearch%2Fdetail%2F%3FITMCODE=519870620747 HTTP/1.1" 200 11138 "-" "Mozilla/5.0 (compatible; SemrushBot/7~bl; +http://www.semrush.com/bot.html)"
85.208.96.200 - - [14/Sep/2026:19:34:01 +0300] "GET /?sale%2Fsearch%2Fdetail%2F%3FITMCODE=51971488971 HTTP/1.1" 200 11138 "-" "Mozilla/5.0 (compatible; SemrushBot/7~bl; +http://www.semrush.com/bot.html)"
185.191.171.16 - - [14/Sep/2026:19:34:03 +0300] "GET /?sale%2Fsearch%2Fdetail%2F%3FITMCODE=519521184843 HTTP/1.1" 200 11138 "-" "Mozilla/5.0 (compatible; SemrushBot/7~bl; +http://www.semrush.com/bot.html)"
66.249.68.104 - - [14/Sep/2026:19:34:13 +0300] "GET /?sale/search/detail/?ITMCODE=51992330243 HTTP/1.1" 200 199997 "-" "Mozilla/5.0 (Linux; Android 6.0.1; Nexus 5X Build/MMB29P) AppleWebKit/537.36 (KHTML, like Gecko) Chrome/152.0.7977.82 Mobile Safari/537.36 (compatible; Googlebot/2.1; +http://www.google.com/bot.html)"
66.249.68.104 - - [14/Sep/2026:19:35:10 +0300] "GET /?sale/search/detail/?ITMCODE=52002787921 HTTP/1.1" 200 202782 "-" "Mozilla/5.0 (Linux; Android 6.0.1; Nexus 5X Build/MMB29P) AppleWebKit/537.36 (KHTML, like Gecko) Chrome/152.0.7977.82 Mobile Safari/537.36 (compatible; Googlebot/2.1; +http://www.google.com/bot.html)"
66.249.68.105 - - [14/Sep/2026:19:35:27 +0300] "GET /?sale/search/detail/?ITMCODE=51981851033 HTTP/1.1" 200 224646 "-" "Mozilla/5.0 (Linux; Android 6.0.1; Nexus 5X Build/MMB29P) AppleWebKit/537.36 (KHTML, like Gecko) Chrome/152.0.7977.82 Mobile Safari/537.36 (compatible; Googlebot/2.1; +http://www.google.com/bot.html)"
41.58.199.108 - - [14/Sep/2026:19:35:28 +0300] "GET http://chenglong.lt/images/logo_dark_small.png HTTP/1.1" 200 164696 "http://chenglong.lt/index.php" "Mozilla/5.0 (Windows NT 6.2) AppleWebKit/537.36 (KHTML, like Gecko) Chrome/71.0.3578.98 Safari/537.36 OPR/56.0.3051.52"
216.73.217.109 - - [14/Sep/2026:19:35:46 +0300] "GET /robots.txt HTTP/1.1" 200 836 "-" "Mozilla/5.0 AppleWebKit/537.36 (KHTML, like Gecko; compatible; ClaudeBot/1.0; +claudebot@anthropic.com)"
216.73.217.109 - - [14/Sep/2026:19:35:48 +0300] "GET /sitemap.xml HTTP/1.1" 200 1307 "-" "Mozilla/5.0 AppleWebKit/537.36 (KHTML, like Gecko; compatible; ClaudeBot/1.0; +claudebot@anthropic.com)"
85.208.96.208 - - [14/Sep/2026:19:36:24 +0300] "GET /?sale%2Fsearch%2Fdetail%2F%3FITMCODE=520071569057 HTTP/1.1" 200 11138 "-" "Mozilla/5.0 (compatible; SemrushBot/7~bl; +http://www.semrush.com/bot.html)"
185.191.171.11 - - [14/Sep/2026:19:37:19 +0300] "GET /?sale%2Fsearch%2Fdetail%2F%3FITMCODE=51956266850 HTTP/1.1" 200 11138 "-" "Mozilla/5.0 (compatible; SemrushBot/7~bl; +http://www.semrush.com/bot.html)"
185.191.171.10 - - [14/Sep/2026:19:37:59 +0300] "GET /?sale%2Fsearch%2Fdetail%2F%3FITMCODE=51995397532 HTTP/1.1" 200 11138 "-" "Mozilla/5.0 (compatible; SemrushBot/7~bl; +http://www.semrush.com/bot.html)"
185.191.171.11 - - [14/Sep/2026:19:38:51 +0300] "GET /?sale%2Fsearch%2Fdetail%2F%3FITMCODE=519825938918 HTTP/1.1" 200 11138 "-" "Mozilla/5.0 (compatible; SemrushBot/7~bl; +http://www.semrush.com/bot.html)"
40.77.167.241 - - [14/Sep/2026:19:39:33 +0300] "GET /shop/c/c51952/ HTTP/1.1" 200 265757 "-" "Mozilla/5.0 AppleWebKit/537.36 (KHTML, like Gecko; compatible; bingbot/2.0; +http://www.bing.com/bingbot.htm) Chrome/116.0.1938.76 Safari/537.36"
66.249.68.104 - - [14/Sep/2026:19:39:39 +0300] "GET /?sale/search/detail/?ITMCODE=51992231111 HTTP/1.1" 200 205141 "-" "Mozilla/5.0 (Linux; Android 6.0.1; Nexus 5X Build/MMB29P) AppleWebKit/537.36 (KHTML, like Gecko) Chrome/152.0.7977.82 Mobile Safari/537.36 (compatible; Googlebot/2.1; +http://www.google.com/bot.html)"
185.191.171.6 - - [14/Sep/2026:19:40:59 +0300] "GET /?sale%2Fsearch%2Fdetail%2F%3FITMCODE=519725417593 HTTP/1.1" 200 11138 "-" "Mozilla/5.0 (compatible; SemrushBot/7~bl; +http://www.semrush.com/bot.html)"
85.208.96.207 - - [14/Sep/2026:19:42:05 +0300] "GET /?sale%2Fsearch%2Fdetail%2F%3FITMCODE=519675685233 HTTP/1.1" 200 11138 "-" "Mozilla/5.0 (compatible; SemrushBot/7~bl; +http://www.semrush.com/bot.html)"
85.208.96.207 - - [14/Sep/2026:19:42:26 +0300] "GET /?sale%2Fsearch%2Fdetail%2F%3FITMCODE=519527487462 HTTP/1.1" 200 11138 "-" "Mozilla/5.0 (compatible; SemrushBot/7~bl; +http://www.semrush.com/bot.html)"
85.208.96.198 - - [14/Sep/2026:19:42:52 +0300] "GET /?sale%2Fsearch%2Fdetail%2F%3FITMCODE=519831657285 HTTP/1.1" 200 11138 "-" "Mozilla/5.0 (compatible; SemrushBot/7~bl; +http://www.semrush.com/bot.html)"
66.249.68.104 - - [14/Sep/2026:19:43:48 +0300] "GET /?sale/search/detail/?ITMCODE=5196636569 HTTP/1.1" 200 196778 "-" "Mozilla/5.0 (Linux; Android 6.0.1; Nexus 5X Build/MMB29P) AppleWebKit/537.36 (KHTML, like Gecko) Chrome/152.0.7977.82 Mobile Safari/537.36 (compatible; Googlebot/2.1; +http://www.google.com/bot.html)"
66.249.68.105 - - [14/Sep/2026:19:44:32 +0300] "GET /?sale/search/detail/?ITMCODE=51971265474 HTTP/1.1" 200 206142 "-" "Mozilla/5.0 (Linux; Android 6.0.1; Nexus 5X Build/MMB29P) AppleWebKit/537.36 (KHTML, like Gecko) Chrome/152.0.7977.82 Mobile Safari/537.36 (compatible; Googlebot/2.1; +http://www.google.com/bot.html)"
18.216.114.83 - - [14/Sep/2026:19:45:49 +0300] "GET / HTTP/1.1" 200 11118 "-" "Go-http-client/1.1"
18.216.114.83 - - [14/Sep/2026:19:45:49 +0300] "GET /wp-includes/css/buttons.css HTTP/1.1" 404 1320 "-" "Go-http-client/1.1"
18.216.114.83 - - [14/Sep/2026:19:45:49 +0300] "GET /media/system/js/core.js HTTP/1.1" 200 8735 "-" "Go-http-client/1.1"
185.191.171.3 - - [14/Sep/2026:19:46:37 +0300] "GET /?sale%2Fsearch%2Fdetail%2F%3FITMCODE=5198103580298 HTTP/1.1" 200 11138 "-" "Mozilla/5.0 (compatible; SemrushBot/7~bl; +http://www.semrush.com/bot.html)"
66.249.68.104 - - [14/Sep/2026:19:46:41 +0300] "GET /?sale/search/detail/?ITMCODE=5196628737 HTTP/1.1" 200 202017 "-" "Mozilla/5.0 (Linux; Android 6.0.1; Nexus 5X Build/MMB29P) AppleWebKit/537.36 (KHTML, like Gecko) Chrome/152.0.7977.82 Mobile Safari/537.36 (compatible; Googlebot/2.1; +http://www.google.com/bot.html)"
185.191.171.13 - - [14/Sep/2026:19:46:43 +0300] "GET /?sale%2Fsearch%2Fdetail%2F%3FITMCODE=51977256873 HTTP/1.1" 200 11138 "-" "Mozilla/5.0 (compatible; SemrushBot/7~bl; +http://www.semrush.com/bot.html)"
185.191.171.11 - - [14/Sep/2026:19:47:45 +0300] "GET /?sale%2Fsearch%2Fdetail%2F%3FITMCODE=51956239321 HTTP/1.1" 200 11138 "-" "Mozilla/5.0 (compatible; SemrushBot/7~bl; +http://www.semrush.com/bot.html)"
85.208.96.205 - - [14/Sep/2026:19:48:37 +0300] "GET /?sale%2Fsearch%2Fdetail%2F%3FITMCODE=51987972364 HTTP/1.1" 200 11138 "-" "Mozilla/5.0 (compatible; SemrushBot/7~bl; +http://www.semrush.com/bot.html)"
185.191.171.1 - - [14/Sep/2026:19:49:03 +0300] "GET /?sale%2Fsearch%2Fdetail%2F%3FITMCODE=519917084563 HTTP/1.1" 200 11138 "-" "Mozilla/5.0 (compatible; SemrushBot/7~bl; +http://www.semrush.com/bot.html)"
185.191.171.7 - - [14/Sep/2026:19:50:42 +0300] "GET /?sale%2Fsearch%2Fdetail%2F%3FITMCODE=52005508928 HTTP/1.1" 200 11138 "-" "Mozilla/5.0 (compatible; SemrushBot/7~bl; +http://www.semrush.com/bot.html)"
185.191.171.10 - - [14/Sep/2026:19:51:07 +0300] "GET /?sale%2Fsearch%2Fdetail%2F%3FITMCODE=520020875758 HTTP/1.1" 200 11138 "-" "Mozilla/5.0 (compatible; SemrushBot/7~bl; +http://www.semrush.com/bot.html)"
85.208.96.199 - - [14/Sep/2026:19:51:58 +0300] "GET /?sale%2Fsearch%2Fdetail%2F%3FITMCODE=520014738130 HTTP/1.1" 200 11138 "-" "Mozilla/5.0 (compatible; SemrushBot/7~bl; +http://www.semrush.com/bot.html)"
66.249.68.105 - - [14/Sep/2026:19:52:18 +0300] "GET /?sale/search/detail/?ITMCODE=5195419052 HTTP/1.1" 200 215422 "-" "Mozilla/5.0 (Linux; Android 6.0.1; Nexus 5X Build/MMB29P) AppleWebKit/537.36 (KHTML, like Gecko) Chrome/152.0.7977.82 Mobile Safari/537.36 (compatible; Googlebot/2.1; +http://www.google.com/bot.html)"
185.191.171.16 - - [14/Sep/2026:19:52:42 +0300] "GET /?sale%2Fsearch%2Fdetail%2F%3FITMCODE=51959173728 HTTP/1.1" 200 11138 "-" "Mozilla/5.0 (compatible; SemrushBot/7~bl; +http://www.semrush.com/bot.html)"
66.249.68.105 - - [14/Sep/2026:19:53:56 +0300] "GET /?sale/search/detail/?ITMCODE=51992162399 HTTP/1.1" 200 197292 "-" "Mozilla/5.0 (Linux; Android 6.0.1; Nexus 5X Build/MMB29P) AppleWebKit/537.36 (KHTML, like Gecko) Chrome/152.0.7977.82 Mobile Safari/537.36 (compatible; Googlebot/2.1; +http://www.google.com/bot.html)"
66.249.68.104 - - [14/Sep/2026:19:54:10 +0300] "GET /?sale/search/detail/?ITMCODE=51971108530 HTTP/1.1" 200 198026 "-" "Mozilla/5.0 (Linux; Android 6.0.1; Nexus 5X Build/MMB29P) AppleWebKit/537.36 (KHTML, like Gecko) Chrome/152.0.7977.82 Mobile Safari/537.36 (compatible; Googlebot/2.1; +http://www.google.com/bot.html)"
66.249.68.104 - - [14/Sep/2026:19:54:13 +0300] "GET /?sale/search/detail/?ITMCODE=52002589332 HTTP/1.1" 200 196867 "-" "Mozilla/5.0 (Linux; Android 6.0.1; Nexus 5X Build/MMB29P) AppleWebKit/537.36 (KHTML, like Gecko) Chrome/152.0.7977.82 Mobile Safari/537.36 (compatible; Googlebot/2.1; +http://www.google.com/bot.html)"
185.191.171.11 - - [14/Sep/2026:19:54:46 +0300] "GET /?sale%2Fsearch%2Fdetail%2F%3FITMCODE=51953079739 HTTP/1.1" 200 11138 "-" "Mozilla/5.0 (compatible; SemrushBot/7~bl; +http://www.semrush.com/bot.html)"
185.191.171.11 - - [14/Sep/2026:19:55:03 +0300] "GET /?sale%2Fsearch%2Fdetail%2F%3FITMCODE=51992378219 HTTP/1.1" 200 11138 "-" "Mozilla/5.0 (compatible; SemrushBot/7~bl; +http://www.semrush.com/bot.html)"
66.249.68.104 - - [14/Sep/2026:19:55:23 +0300] "GET /?sale/search/detail/?ITMCODE=51981569943 HTTP/1.1" 200 194866 "-" "Mozilla/5.0 (Linux; Android 6.0.1; Nexus 5X Build/MMB29P) AppleWebKit/537.36 (KHTML, like Gecko) Chrome/152.0.7977.82 Mobile Safari/537.36 (compatible; Googlebot/2.1; +http://www.google.com/bot.html)"
85.208.96.197 - - [14/Sep/2026:19:56:21 +0300] "GET /?sale%2Fsearch%2Fdetail%2F%3FITMCODE=5199101078645 HTTP/1.1" 200 11138 "-" "Mozilla/5.0 (compatible; SemrushBot/7~bl; +http://www.semrush.com/bot.html)"
66.249.68.105 - - [14/Sep/2026:19:56:28 +0300] "GET /?sale/search/detail/?ITMCODE=51971441500 HTTP/1.1" 200 200986 "-" "Mozilla/5.0 (Linux; Android 6.0.1; Nexus 5X Build/MMB29P) AppleWebKit/537.36 (KHTML, like Gecko) Chrome/152.0.7977.82 Mobile Safari/537.36 (compatible; Googlebot/2.1; +http://www.google.com/bot.html)"
66.249.68.104 - - [14/Sep/2026:19:56:58 +0300] "GET /?sale/search/detail/?ITMCODE=52002677537 HTTP/1.1" 200 197119 "-" "Mozilla/5.0 (Linux; Android 6.0.1; Nexus 5X Build/MMB29P) AppleWebKit/537.36 (KHTML, like Gecko) Chrome/152.0.7977.82 Mobile Safari/537.36 (compatible; Googlebot/2.1; +http://www.google.com/bot.html)"
66.249.68.104 - - [14/Sep/2026:19:57:02 +0300] "GET /?sale/search/detail/?ITMCODE=51981931086 HTTP/1.1" 200 211324 "-" "Mozilla/5.0 (Linux; Android 6.0.1; Nexus 5X Build/MMB29P) AppleWebKit/537.36 (KHTML, like Gecko) Chrome/152.0.7977.82 Mobile Safari/537.36 (compatible; Googlebot/2.1; +http://www.google.com/bot.html)"
85.208.96.210 - - [14/Sep/2026:19:57:03 +0300] "GET /?sale%2Fsearch%2Fdetail%2F%3FITMCODE=519810904174 HTTP/1.1" 200 11138 "-" "Mozilla/5.0 (compatible; SemrushBot/7~bl; +http://www.semrush.com/bot.html)"
85.208.96.209 - - [14/Sep/2026:19:57:25 +0300] "GET /?sale%2Fsearch%2Fdetail%2F%3FITMCODE=519515394080 HTTP/1.1" 200 11138 "-" "Mozilla/5.0 (compatible; SemrushBot/7~bl; +http://www.semrush.com/bot.html)"
40.77.167.14 - - [14/Sep/2026:19:57:50 +0300] "GET /shop/pg/890924 HTTP/1.1" 200 195542 "-" "Mozilla/5.0 AppleWebKit/537.36 (KHTML, like Gecko; compatible; bingbot/2.0; +http://www.bing.com/bingbot.htm) Chrome/116.0.1938.76 Safari/537.36"
66.249.68.105 - - [14/Sep/2026:19:58:09 +0300] "GET /?sale/search/detail/?ITMCODE=51992317492 HTTP/1.1" 200 197919 "-" "Mozilla/5.0 AppleWebKit/537.36 (KHTML, like Gecko; compatible; Googlebot/2.1; +http://www.google.com/bot.html) Chrome/152.0.7977.64 Safari/537.36"
40.77.167.14 - - [14/Sep/2026:19:58:21 +0300] "GET /shop/pg/5196737029 HTTP/1.1" 200 194783 "-" "Mozilla/5.0 AppleWebKit/537.36 (KHTML, like Gecko; compatible; bingbot/2.0; +http://www.bing.com/bingbot.htm) Chrome/116.0.1938.76 Safari/537.36"
185.191.171.13 - - [14/Sep/2026:19:58:27 +0300] "GET /?sale%2Fsearch%2Fdetail%2F%3FITMCODE=51984753888 HTTP/1.1" 200 11138 "-" "Mozilla/5.0 (compatible; SemrushBot/7~bl; +http://www.semrush.com/bot.html)"
185.191.171.19 - - [14/Sep/2026:19:58:38 +0300] "GET /?sale%2Fsearch%2Fdetail%2F%3FITMCODE=51987610429 HTTP/1.1" 200 11138 "-" "Mozilla/5.0 (compatible; SemrushBot/7~bl; +http://www.semrush.com/bot.html)"
66.249.68.105 - - [14/Sep/2026:19:58:59 +0300] "GET /?sale/search/detail/?ITMCODE=51971418304 HTTP/1.1" 200 200082 "-" "Mozilla/5.0 (Linux; Android 6.0.1; Nexus 5X Build/MMB29P) AppleWebKit/537.36 (KHTML, like Gecko) Chrome/152.0.7977.82 Mobile Safari/537.36 (compatible; Googlebot/2.1; +http://www.google.com/bot.html)"
185.191.171.14 - - [14/Sep/2026:19:59:18 +0300] "GET /?sale%2Fsearch%2Fdetail%2F%3FITMCODE=52005567470 HTTP/1.1" 200 11138 "-" "Mozilla/5.0 (compatible; SemrushBot/7~bl; +http://www.semrush.com/bot.html)"
66.249.68.104 - - [14/Sep/2026:19:59:43 +0300] "GET /?sale/search/detail/?ITMCODE=51981976508 HTTP/1.1" 200 200268 "-" "Mozilla/5.0 (Linux; Android 6.0.1; Nexus 5X Build/MMB29P) AppleWebKit/537.36 (KHTML, like Gecko) Chrome/152.0.7977.82 Mobile Safari/537.36 (compatible; Googlebot/2.1; +http://www.google.com/bot.html)"
66.249.68.105 - - [14/Sep/2026:20:00:37 +0300] "GET /?sale/search/detail/?ITMCODE=51992322449 HTTP/1.1" 200 205272 "-" "Mozilla/5.0 (Linux; Android 6.0.1; Nexus 5X Build/MMB29P) AppleWebKit/537.36 (KHTML, like Gecko) Chrome/152.0.7977.82 Mobile Safari/537.36 (compatible; Googlebot/2.1; +http://www.google.com/bot.html)"
185.191.171.18 - - [14/Sep/2026:20:01:17 +0300] "GET /?sale%2Fsearch%2Fdetail%2F%3FITMCODE=519825664537 HTTP/1.1" 200 11138 "-" "Mozilla/5.0 (compatible; SemrushBot/7~bl; +http://www.semrush.com/bot.html)"
52.167.144.233 - - [14/Sep/2026:20:01:52 +0300] "GET / HTTP/1.1" 200 195976 "-" "Mozilla/5.0 AppleWebKit/537.36 (KHTML, like Gecko; compatible; bingbot/2.0; +http://www.bing.com/bingbot.htm) Chrome/116.0.1938.76 Safari/537.36"
185.191.171.14 - - [14/Sep/2026:20:02:38 +0300] "GET /?sale%2Fsearch%2Fdetail%2F%3FITMCODE=5198103664873 HTTP/1.1" 200 11138 "-" "Mozilla/5.0 (compatible; SemrushBot/7~bl; +http://www.semrush.com/bot.html)"
66.249.68.104 - - [14/Sep/2026:20:03:02 +0300] "GET /?sale/search/detail/?ITMCODE=52002689055 HTTP/1.1" 200 196074 "-" "Mozilla/5.0 (Linux; Android 6.0.1; Nexus 5X Build/MMB29P) AppleWebKit/537.36 (KHTML, like Gecko) Chrome/152.0.7977.82 Mobile Safari/537.36 (compatible; Googlebot/2.1; +http://www.google.com/bot.html)"
85.208.96.200 - - [14/Sep/2026:20:03:14 +0300] "GET /?sale%2Fsearch%2Fdetail%2F%3FITMCODE=519633543707 HTTP/1.1" 200 11138 "-" "Mozilla/5.0 (compatible; SemrushBot/7~bl; +http://www.semrush.com/bot.html)"
185.191.171.16 - - [14/Sep/2026:20:03:22 +0300] "GET /?sale%2Fsearch%2Fdetail%2F%3FITMCODE=51984527427 HTTP/1.1" 200 11138 "-" "Mozilla/5.0 (compatible; SemrushBot/7~bl; +http://www.semrush.com/bot.html)"
66.249.68.104 - - [14/Sep/2026:20:04:37 +0300] "GET /?sale/search/detail/?ITMCODE=5195389656 HTTP/1.1" 200 223048 "-" "Mozilla/5.0 (Linux; Android 6.0.1; Nexus 5X Build/MMB29P) AppleWebKit/537.36 (KHTML, like Gecko) Chrome/152.0.7977.82 Mobile Safari/537.36 (compatible; Googlebot/2.1; +http://www.google.com/bot.html)"
66.249.68.104 - - [14/Sep/2026:20:04:47 +0300] "GET /?sale/search/detail/?ITMCODE=52002850491 HTTP/1.1" 200 216001 "-" "Mozilla/5.0 (Linux; Android 6.0.1; Nexus 5X Build/MMB29P) AppleWebKit/537.36 (KHTML, like Gecko) Chrome/152.0.7977.82 Mobile Safari/537.36 (compatible; Googlebot/2.1; +http://www.google.com/bot.html)"
66.249.68.104 - - [14/Sep/2026:20:05:08 +0300] "GET /?sale/search/detail/?ITMCODE=51992132549 HTTP/1.1" 200 196533 "-" "Mozilla/5.0 (Linux; Android 6.0.1; Nexus 5X Build/MMB29P) AppleWebKit/537.36 (KHTML, like Gecko) Chrome/152.0.7977.82 Mobile Safari/537.36 (compatible; Googlebot/2.1; +http://www.google.com/bot.html)"
85.208.96.212 - - [14/Sep/2026:20:05:39 +0300] "GET /?sale%2Fsearch%2Fdetail%2F%3FITMCODE=51998020945 HTTP/1.1" 200 11138 "-" "Mozilla/5.0 (compatible; SemrushBot/7~bl; +http://www.semrush.com/bot.html)"
185.191.171.8 - - [14/Sep/2026:20:05:43 +0300] "GET /?sale%2Fsearch%2Fdetail%2F%3FITMCODE=519612552532 HTTP/1.1" 200 11138 "-" "Mozilla/5.0 (compatible; SemrushBot/7~bl; +http://www.semrush.com/bot.html)"
85.208.96.212 - - [14/Sep/2026:20:06:06 +0300] "GET /?sale%2Fsearch%2Fdetail%2F%3FITMCODE=519831718332 HTTP/1.1" 200 11138 "-" "Mozilla/5.0 (compatible; SemrushBot/7~bl; +http://www.semrush.com/bot.html)"
85.208.96.212 - - [14/Sep/2026:20:06:20 +0300] "GET /?sale%2Fsearch%2Fdetail%2F%3FITMCODE=519825639820 HTTP/1.1" 200 11138 "-" "Mozilla/5.0 (compatible; SemrushBot/7~bl; +http://www.semrush.com/bot.html)"
185.191.171.7 - - [14/Sep/2026:20:06:25 +0300] "GET /?sale%2Fsearch%2Fdetail%2F%3FITMCODE=519938075795 HTTP/1.1" 200 11138 "-" "Mozilla/5.0 (compatible; SemrushBot/7~bl; +http://www.semrush.com/bot.html)"
66.249.68.96 - - [14/Sep/2026:20:06:25 +0300] "GET /?sale/search/detail/?ITMCODE=5196528647 HTTP/1.1" 200 203217 "-" "Mozilla/5.0 (Linux; Android 6.0.1; Nexus 5X Build/MMB29P) AppleWebKit/537.36 (KHTML, like Gecko) Chrome/152.0.7977.82 Mobile Safari/537.36 (compatible; Googlebot/2.1; +http://www.google.com/bot.html)"
66.249.68.97 - - [14/Sep/2026:20:07:46 +0300] "GET /index.php/meniu?sale/search/detail/?ITMCODE=51971053487 HTTP/1.1" 200 203160 "-" "Mozilla/5.0 (Linux; Android 6.0.1; Nexus 5X Build/MMB29P) AppleWebKit/537.36 (KHTML, like Gecko) Chrome/152.0.7977.82 Mobile Safari/537.36 (compatible; Googlebot/2.1; +http://www.google.com/bot.html)"
40.77.167.1 - - [14/Sep/2026:20:08:21 +0300] "GET /shop/pg/5196522007 HTTP/1.1" 200 196784 "-" "Mozilla/5.0 AppleWebKit/537.36 (KHTML, like Gecko; compatible; bingbot/2.0; +http://www.bing.com/bingbot.htm) Chrome/116.0.1938.76 Safari/537.36"
66.249.68.96 - - [14/Sep/2026:20:09:22 +0300] "GET /?sale/search/detail/?ITMCODE=51971091848 HTTP/1.1" 200 195219 "-" "Mozilla/5.0 (Linux; Android 6.0.1; Nexus 5X Build/MMB29P) AppleWebKit/537.36 (KHTML, like Gecko) Chrome/152.0.7977.82 Mobile Safari/537.36 (compatible; Googlebot/2.1; +http://www.google.com/bot.html)"
158.94.211.164 - - [14/Sep/2026:20:09:26 +0300] "POST /wp-admin/admin-ajax.php HTTP/1.1" 200 - "-" "Mozilla/5.0 (Windows NT 10.0; Win64; x64) AppleWebKit/537.36"
158.94.211.164 - - [14/Sep/2026:20:09:27 +0300] "POST /wp-admin/admin-ajax.php HTTP/1.1" 200 - "-" "Mozilla/5.0 (Windows NT 10.0; Win64; x64) AppleWebKit/537.36"
85.208.96.204 - - [14/Sep/2026:20:09:34 +0300] "GET /?sale%2Fsearch%2Fdetail%2F%3FITMCODE=519725490803 HTTP/1.1" 200 11138 "-" "Mozilla/5.0 (compatible; SemrushBot/7~bl; +http://www.semrush.com/bot.html)"
66.249.68.97 - - [14/Sep/2026:20:09:52 +0300] "GET /shop/pg/2545279 HTTP/1.1" 200 197824 "-" "Mozilla/5.0 (Linux; Android 6.0.1; Nexus 5X Build/MMB29P) AppleWebKit/537.36 (KHTML, like Gecko) Chrome/152.0.7977.82 Mobile Safari/537.36 (compatible; Googlebot/2.1; +http://www.google.com/bot.html)"
185.191.171.12 - - [14/Sep/2026:20:10:26 +0300] "GET /?sale%2Fsearch%2Fdetail%2F%3FITMCODE=52005747272 HTTP/1.1" 200 11138 "-" "Mozilla/5.0 (compatible; SemrushBot/7~bl; +http://www.semrush.com/bot.html)"
66.249.68.96 - - [14/Sep/2026:20:10:27 +0300] "GET /?sale/search/detail/?ITMCODE=5196995321 HTTP/1.1" 200 206055 "-" "Mozilla/5.0 (Linux; Android 6.0.1; Nexus 5X Build/MMB29P) AppleWebKit/537.36 (KHTML, like Gecko) Chrome/152.0.7977.82 Mobile Safari/537.36 (compatible; Googlebot/2.1; +http://www.google.com/bot.html)"
157.55.39.205 - - [14/Sep/2026:20:10:28 +0300] "GET /shop/pg/2805382 HTTP/1.1" 200 202064 "-" "Mozilla/5.0 AppleWebKit/537.36 (KHTML, like Gecko; compatible; bingbot/2.0; +http://www.bing.com/bingbot.htm) Chrome/116.0.1938.76 Safari/537.36"
66.249.68.96 - - [14/Sep/2026:20:10:35 +0300] "GET /?sale/search/detail/?ITMCODE=52002601572 HTTP/1.1" 200 209096 "-" "Mozilla/5.0 (Linux; Android 6.0.1; Nexus 5X Build/MMB29P) AppleWebKit/537.36 (KHTML, like Gecko) Chrome/152.0.7977.82 Mobile Safari/537.36 (compatible; Googlebot/2.1; +http://www.google.com/bot.html)"
157.55.39.205 - - [14/Sep/2026:20:10:39 +0300] "GET /shop/pg/5196985703 HTTP/1.1" 200 201778 "-" "Mozilla/5.0 AppleWebKit/537.36 (KHTML, like Gecko; compatible; bingbot/2.0; +http://www.bing.com/bingbot.htm) Chrome/116.0.1938.76 Safari/537.36"
185.191.171.1 - - [14/Sep/2026:20:10:50 +0300] "GET /robots.txt HTTP/1.1" 200 836 "-" "Mozilla/5.0 (compatible; SemrushBot/7~bl; +http://www.semrush.com/bot.html)"
85.208.96.207 - - [14/Sep/2026:20:10:50 +0300] "GET /?sale%2Fsearch%2Fdetail%2F%3FITMCODE=519911360890 HTTP/1.1" 200 11138 "-" "Mozilla/5.0 (compatible; SemrushBot/7~bl; +http://www.semrush.com/bot.html)"
185.191.171.14 - - [14/Sep/2026:20:10:59 +0300] "GET /?sale%2Fsearch%2Fdetail%2F%3FITMCODE=519527292988 HTTP/1.1" 200 11138 "-" "Mozilla/5.0 (compatible; SemrushBot/7~bl; +http://www.semrush.com/bot.html)"
85.208.96.207 - - [14/Sep/2026:20:11:04 +0300] "GET /?sale%2Fsearch%2Fdetail%2F%3FITMCODE=519572470537 HTTP/1.1" 200 11138 "-" "Mozilla/5.0 (compatible; SemrushBot/7~bl; +http://www.semrush.com/bot.html)"
157.55.39.205 - - [14/Sep/2026:20:11:09 +0300] "GET /shop/pg/1601 HTTP/1.1" 200 195239 "-" "Mozilla/5.0 AppleWebKit/537.36 (KHTML, like Gecko; compatible; bingbot/2.0; +http://www.bing.com/bingbot.htm) Chrome/116.0.1938.76 Safari/537.36"
66.249.68.99 - - [14/Sep/2026:20:11:12 +0300] "GET /?sale/search/detail/?ITMCODE=51981769494 HTTP/1.1" 200 197255 "-" "Mozilla/5.0 (Linux; Android 6.0.1; Nexus 5X Build/MMB29P) AppleWebKit/537.36 (KHTML, like Gecko) Chrome/152.0.7977.82 Mobile Safari/537.36 (compatible; Googlebot/2.1; +http://www.google.com/bot.html)"
66.249.68.97 - - [14/Sep/2026:20:12:17 +0300] "GET /?sale/search/detail/?ITMCODE=51971026378 HTTP/1.1" 200 203320 "-" "Mozilla/5.0 (Linux; Android 6.0.1; Nexus 5X Build/MMB29P) AppleWebKit/537.36 (KHTML, like Gecko) Chrome/152.0.7977.82 Mobile Safari/537.36 (compatible; Googlebot/2.1; +http://www.google.com/bot.html)"
66.249.68.97 - - [14/Sep/2026:20:12:27 +0300] "GET /?sale/search/detail/?ITMCODE=52002968252 HTTP/1.1" 200 195245 "-" "Mozilla/5.0 (Linux; Android 6.0.1; Nexus 5X Build/MMB29P) AppleWebKit/537.36 (KHTML, like Gecko) Chrome/152.0.7977.82 Mobile Safari/537.36 (compatible; Googlebot/2.1; +http://www.google.com/bot.html)"
66.249.68.96 - - [14/Sep/2026:20:16:38 +0300] "GET /?sale/search/detail/?ITMCODE=51981914539 HTTP/1.1" 200 199600 "-" "Mozilla/5.0 (Linux; Android 6.0.1; Nexus 5X Build/MMB29P) AppleWebKit/537.36 (KHTML, like Gecko) Chrome/152.0.7977.82 Mobile Safari/537.36 (compatible; Googlebot/2.1; +http://www.google.com/bot.html)"
185.191.171.1 - - [14/Sep/2026:20:17:07 +0300] "GET /?sale%2Fsearch%2Fdetail%2F%3FITMCODE=51971071939 HTTP/1.1" 200 11138 "-" "Mozilla/5.0 (compatible; SemrushBot/7~bl; +http://www.semrush.com/bot.html)"
66.249.68.96 - - [14/Sep/2026:20:17:14 +0300] "GET /?sale/search/detail/?ITMCODE=51981764675 HTTP/1.1" 200 208250 "-" "Mozilla/5.0 (Linux; Android 6.0.1; Nexus 5X Build/MMB29P) AppleWebKit/537.36 (KHTML, like Gecko) Chrome/152.0.7977.82 Mobile Safari/537.36 (compatible; Googlebot/2.1; +http://www.google.com/bot.html)"
66.249.68.96 - - [14/Sep/2026:20:17:26 +0300] "GET /?sale/search/detail/?ITMCODE=51981565249 HTTP/1.1" 200 202201 "-" "Mozilla/5.0 (Linux; Android 6.0.1; Nexus 5X Build/MMB29P) AppleWebKit/537.36 (KHTML, like Gecko) Chrome/152.0.7977.82 Mobile Safari/537.36 (compatible; Googlebot/2.1; +http://www.google.com/bot.html)"
185.191.171.5 - - [14/Sep/2026:20:17:42 +0300] "GET /?sale%2Fsearch%2Fdetail%2F%3FITMCODE=51992355397 HTTP/1.1" 200 11138 "-" "Mozilla/5.0 (compatible; SemrushBot/7~bl; +http://www.semrush.com/bot.html)"
66.249.68.96 - - [14/Sep/2026:20:17:46 +0300] "GET /?sale/search/detail/?ITMCODE=5196592572 HTTP/1.1" 200 199969 "-" "Mozilla/5.0 (Linux; Android 6.0.1; Nexus 5X Build/MMB29P) AppleWebKit/537.36 (KHTML, like Gecko) Chrome/152.0.7977.82 Mobile Safari/537.36 (compatible; Googlebot/2.1; +http://www.google.com/bot.html)"
85.208.96.209 - - [14/Sep/2026:20:18:05 +0300] "GET /?sale%2Fsearch%2Fdetail%2F%3FITMCODE=519911136082 HTTP/1.1" 200 11138 "-" "Mozilla/5.0 (compatible; SemrushBot/7~bl; +http://www.semrush.com/bot.html)"
66.249.68.96 - - [14/Sep/2026:20:19:28 +0300] "GET /?sale/search/detail/?ITMCODE=5196603068 HTTP/1.1" 200 203560 "-" "Mozilla/5.0 (Linux; Android 6.0.1; Nexus 5X Build/MMB29P) AppleWebKit/537.36 (KHTML, like Gecko) Chrome/152.0.7977.82 Mobile Safari/537.36 (compatible; Googlebot/2.1; +http://www.google.com/bot.html)"
66.249.68.96 - - [14/Sep/2026:20:19:46 +0300] "GET /?sale/search/detail/?ITMCODE=51981728895 HTTP/1.1" 200 197395 "-" "Mozilla/5.0 (Linux; Android 6.0.1; Nexus 5X Build/MMB29P) AppleWebKit/537.36 (KHTML, like Gecko) Chrome/152.0.7977.82 Mobile Safari/537.36 (compatible; Googlebot/2.1; +http://www.google.com/bot.html)"
85.208.96.205 - - [14/Sep/2026:20:20:29 +0300] "GET /?sale%2Fsearch%2Fdetail%2F%3FITMCODE=520032576749 HTTP/1.1" 200 11138 "-" "Mozilla/5.0 (compatible; SemrushBot/7~bl; +http://www.semrush.com/bot.html)"
66.249.68.99 - - [14/Sep/2026:20:20:49 +0300] "GET /?sale/search/detail/?ITMCODE=51971011129 HTTP/1.1" 200 219874 "-" "Mozilla/5.0 (Linux; Android 6.0.1; Nexus 5X Build/MMB29P) AppleWebKit/537.36 (KHTML, like Gecko) Chrome/152.0.7977.82 Mobile Safari/537.36 (compatible; Googlebot/2.1; +http://www.google.com/bot.html)"
185.191.171.14 - - [14/Sep/2026:20:21:21 +0300] "GET /?sale%2Fsearch%2Fdetail%2F%3FITMCODE=519870550823 HTTP/1.1" 200 11138 "-" "Mozilla/5.0 (compatible; SemrushBot/7~bl; +http://www.semrush.com/bot.html)"
85.208.96.195 - - [14/Sep/2026:20:21:25 +0300] "GET /?sale%2Fsearch%2Fdetail%2F%3FITMCODE=5196102672373 HTTP/1.1" 200 11138 "-" "Mozilla/5.0 (compatible; SemrushBot/7~bl; +http://www.semrush.com/bot.html)"
66.249.68.96 - - [14/Sep/2026:20:21:34 +0300] "GET /?sale/search/detail/?ITMCODE=52002616253 HTTP/1.1" 200 224377 "-" "Mozilla/5.0 (Linux; Android 6.0.1; Nexus 5X Build/MMB29P) AppleWebKit/537.36 (KHTML, like Gecko) Chrome/152.0.7977.82 Mobile Safari/537.36 (compatible; Googlebot/2.1; +http://www.google.com/bot.html)"
66.249.68.99 - - [14/Sep/2026:20:21:53 +0300] "GET /?sale/search/detail/?ITMCODE=5195215344 HTTP/1.1" 200 197235 "-" "Mozilla/5.0 (Linux; Android 6.0.1; Nexus 5X Build/MMB29P) AppleWebKit/537.36 (KHTML, like Gecko) Chrome/152.0.7977.82 Mobile Safari/537.36 (compatible; Googlebot/2.1; +http://www.google.com/bot.html)"
185.191.171.2 - - [14/Sep/2026:20:21:56 +0300] "GET /?sale%2Fsearch%2Fdetail%2F%3FITMCODE=519813568890 HTTP/1.1" 200 11138 "-" "Mozilla/5.0 (compatible; SemrushBot/7~bl; +http://www.semrush.com/bot.html)"
66.249.68.97 - - [14/Sep/2026:20:22:06 +0300] "GET /?sale/search/detail/?ITMCODE=51971468728 HTTP/1.1" 200 197761 "-" "Mozilla/5.0 (Linux; Android 6.0.1; Nexus 5X Build/MMB29P) AppleWebKit/537.36 (KHTML, like Gecko) Chrome/152.0.7977.82 Mobile Safari/537.36 (compatible; Googlebot/2.1; +http://www.google.com/bot.html)"
66.249.68.97 - - [14/Sep/2026:20:22:09 +0300] "GET /?sale/search/detail/?ITMCODE=51992308594 HTTP/1.1" 200 195858 "-" "Mozilla/5.0 (Linux; Android 6.0.1; Nexus 5X Build/MMB29P) AppleWebKit/537.36 (KHTML, like Gecko) Chrome/152.0.7977.82 Mobile Safari/537.36 (compatible; Googlebot/2.1; +http://www.google.com/bot.html)"
66.249.68.96 - - [14/Sep/2026:20:22:41 +0300] "GET /?sale/search/detail/?ITMCODE=51992169578 HTTP/1.1" 200 194731 "-" "Mozilla/5.0 (Linux; Android 6.0.1; Nexus 5X Build/MMB29P) AppleWebKit/537.36 (KHTML, like Gecko) Chrome/152.0.7977.82 Mobile Safari/537.36 (compatible; Googlebot/2.1; +http://www.google.com/bot.html)"
157.55.39.6 - - [14/Sep/2026:20:23:01 +0300] "GET /shop/pg/1024444 HTTP/1.1" 200 206156 "-" "Mozilla/5.0 AppleWebKit/537.36 (KHTML, like Gecko; compatible; bingbot/2.0; +http://www.bing.com/bingbot.htm) Chrome/116.0.1938.76 Safari/537.36"
66.249.68.96 - - [14/Sep/2026:20:23:24 +0300] "GET /?sale/search/detail/?ITMCODE=5196727139 HTTP/1.1" 200 204710 "-" "Mozilla/5.0 (Linux; Android 6.0.1; Nexus 5X Build/MMB29P) AppleWebKit/537.36 (KHTML, like Gecko) Chrome/152.0.7977.82 Mobile Safari/537.36 (compatible; Googlebot/2.1; +http://www.google.com/bot.html)"
66.249.68.96 - - [14/Sep/2026:20:23:25 +0300] "GET /?sale/search/detail/?ITMCODE=51958393 HTTP/1.1" 200 214077 "-" "Mozilla/5.0 (Linux; Android 6.0.1; Nexus 5X Build/MMB29P) AppleWebKit/537.36 (KHTML, like Gecko) Chrome/152.0.7977.82 Mobile Safari/537.36 (compatible; Googlebot/2.1; +http://www.google.com/bot.html)"
85.208.96.208 - - [14/Sep/2026:20:23:39 +0300] "GET /?sale%2Fsearch%2Fdetail%2F%3FITMCODE=5196105648848 HTTP/1.1" 200 11138 "-" "Mozilla/5.0 (compatible; SemrushBot/7~bl; +http://www.semrush.com/bot.html)"
66.249.68.96 - - [14/Sep/2026:20:24:25 +0300] "GET /?sale/search/detail/?ITMCODE=51981652765 HTTP/1.1" 200 195905 "-" "Mozilla/5.0 (Linux; Android 6.0.1; Nexus 5X Build/MMB29P) AppleWebKit/537.36 (KHTML, like Gecko) Chrome/152.0.7977.82 Mobile Safari/537.36 (compatible; Googlebot/2.1; +http://www.google.com/bot.html)"
185.191.171.13 - - [14/Sep/2026:20:24:26 +0300] "GET /?sale%2Fsearch%2Fdetail%2F%3FITMCODE=519819538461 HTTP/1.1" 200 11138 "-" "Mozilla/5.0 (compatible; SemrushBot/7~bl; +http://www.semrush.com/bot.html)"
185.191.171.13 - - [14/Sep/2026:20:24:47 +0300] "GET /?sale%2Fsearch%2Fdetail%2F%3FITMCODE=51969971616 HTTP/1.1" 200 11138 "-" "Mozilla/5.0 (compatible; SemrushBot/7~bl; +http://www.semrush.com/bot.html)"
185.191.171.11 - - [14/Sep/2026:20:25:28 +0300] "GET /?sale%2Fsearch%2Fdetail%2F%3FITMCODE=519971183983 HTTP/1.1" 200 11138 "-" "Mozilla/5.0 (compatible; SemrushBot/7~bl; +http://www.semrush.com/bot.html)"
66.249.68.96 - - [14/Sep/2026:20:25:31 +0300] "GET /shop/pg/2021183 HTTP/1.1" 200 216314 "-" "Mozilla/5.0 (Linux; Android 6.0.1; Nexus 5X Build/MMB29P) AppleWebKit/537.36 (KHTML, like Gecko) Chrome/152.0.7977.82 Mobile Safari/537.36 (compatible; Googlebot/2.1; +http://www.google.com/bot.html)"
85.208.96.193 - - [14/Sep/2026:20:25:37 +0300] "GET /?sale%2Fsearch%2Fdetail%2F%3FITMCODE=51956456958 HTTP/1.1" 200 11138 "-" "Mozilla/5.0 (compatible; SemrushBot/7~bl; +http://www.semrush.com/bot.html)"
157.55.39.6 - - [14/Sep/2026:20:26:21 +0300] "GET /shop/pg/875903 HTTP/1.1" 200 197415 "-" "Mozilla/5.0 AppleWebKit/537.36 (KHTML, like Gecko; compatible; bingbot/2.0; +http://www.bing.com/bingbot.htm) Chrome/116.0.1938.76 Safari/537.36"
66.249.68.96 - - [14/Sep/2026:20:26:57 +0300] "GET /?sale/search/detail/?ITMCODE=51992288868 HTTP/1.1" 200 196734 "-" "Mozilla/5.0 (Linux; Android 6.0.1; Nexus 5X Build/MMB29P) AppleWebKit/537.36 (KHTML, like Gecko) Chrome/152.0.7977.82 Mobile Safari/537.36 (compatible; Googlebot/2.1; +http://www.google.com/bot.html)"
66.249.68.97 - - [14/Sep/2026:20:28:03 +0300] "GET /?sale/search/detail/?ITMCODE=51981868491 HTTP/1.1" 200 194418 "-" "Mozilla/5.0 (compatible; Googlebot/2.1; +http://www.google.com/bot.html)"
185.191.171.12 - - [14/Sep/2026:20:28:04 +0300] "GET /?sale%2Fsearch%2Fdetail%2F%3FITMCODE=519773393342 HTTP/1.1" 200 11138 "-" "Mozilla/5.0 (compatible; SemrushBot/7~bl; +http://www.semrush.com/bot.html)"
185.191.171.4 - - [14/Sep/2026:20:28:11 +0300] "GET /?sale%2Fsearch%2Fdetail%2F%3FITMCODE=5197103315706 HTTP/1.1" 200 11138 "-" "Mozilla/5.0 (compatible; SemrushBot/7~bl; +http://www.semrush.com/bot.html)"
66.249.68.96 - - [14/Sep/2026:20:28:29 +0300] "GET /?sale/search/detail/?ITMCODE=5196704211 HTTP/1.1" 200 193897 "-" "Mozilla/5.0 (Linux; Android 6.0.1; Nexus 5X Build/MMB29P) AppleWebKit/537.36 (KHTML, like Gecko) Chrome/152.0.7977.82 Mobile Safari/537.36 (compatible; Googlebot/2.1; +http://www.google.com/bot.html)"
85.208.96.207 - - [14/Sep/2026:20:28:50 +0300] "GET /?sale%2Fsearch%2Fdetail%2F%3FITMCODE=519518413449 HTTP/1.1" 200 11138 "-" "Mozilla/5.0 (compatible; SemrushBot/7~bl; +http://www.semrush.com/bot.html)"
66.249.68.97 - - [14/Sep/2026:20:29:14 +0300] "GET /?sale/search/detail/?ITMCODE=51992283886 HTTP/1.1" 200 209643 "-" "Mozilla/5.0 (Linux; Android 6.0.1; Nexus 5X Build/MMB29P) AppleWebKit/537.36 (KHTML, like Gecko) Chrome/152.0.7977.82 Mobile Safari/537.36 (compatible; Googlebot/2.1; +http://www.google.com/bot.html)"
66.249.68.96 - - [14/Sep/2026:20:29:31 +0300] "GET /?sale/search/detail/?ITMCODE=52002805193 HTTP/1.1" 200 198439 "-" "Mozilla/5.0 (Linux; Android 6.0.1; Nexus 5X Build/MMB29P) AppleWebKit/537.36 (KHTML, like Gecko) Chrome/152.0.7977.82 Mobile Safari/537.36 (compatible; Googlebot/2.1; +http://www.google.com/bot.html)"
185.191.171.13 - - [14/Sep/2026:20:29:40 +0300] "GET /?sale%2Fsearch%2Fdetail%2F%3FITMCODE=51969655916 HTTP/1.1" 200 11138 "-" "Mozilla/5.0 (compatible; SemrushBot/7~bl; +http://www.semrush.com/bot.html)"
66.249.68.96 - - [14/Sep/2026:20:30:22 +0300] "GET /?sale/search/detail/?ITMCODE=51981743988 HTTP/1.1" 200 193947 "-" "Mozilla/5.0 (Linux; Android 6.0.1; Nexus 5X Build/MMB29P) AppleWebKit/537.36 (KHTML, like Gecko) Chrome/152.0.7977.82 Mobile Safari/537.36 (compatible; Googlebot/2.1; +http://www.google.com/bot.html)"
85.208.96.203 - - [14/Sep/2026:20:31:22 +0300] "GET /?sale%2Fsearch%2Fdetail%2F%3FITMCODE=519776493742 HTTP/1.1" 200 11138 "-" "Mozilla/5.0 (compatible; SemrushBot/7~bl; +http://www.semrush.com/bot.html)"
207.46.13.141 - - [14/Sep/2026:20:31:26 +0300] "GET /shop/pg/2319 HTTP/1.1" 200 208299 "-" "Mozilla/5.0 AppleWebKit/537.36 (KHTML, like Gecko; compatible; bingbot/2.0; +http://www.bing.com/bingbot.htm) Chrome/116.0.1938.76 Safari/537.36"
66.249.68.97 - - [14/Sep/2026:20:31:40 +0300] "GET /?sale/search/detail/?ITMCODE=51992178626 HTTP/1.1" 200 196027 "-" "Mozilla/5.0 (Linux; Android 6.0.1; Nexus 5X Build/MMB29P) AppleWebKit/537.36 (KHTML, like Gecko) Chrome/152.0.7977.82 Mobile Safari/537.36 (compatible; Googlebot/2.1; +http://www.google.com/bot.html)"
66.249.68.96 - - [14/Sep/2026:20:32:14 +0300] "GET /?sale/search/detail/?ITMCODE=51981946327 HTTP/1.1" 200 212680 "-" "Mozilla/5.0 (Linux; Android 6.0.1; Nexus 5X Build/MMB29P) AppleWebKit/537.36 (KHTML, like Gecko) Chrome/152.0.7977.82 Mobile Safari/537.36 (compatible; Googlebot/2.1; +http://www.google.com/bot.html)"
66.249.68.96 - - [14/Sep/2026:20:32:27 +0300] "GET /?sale/search/detail/?ITMCODE=51971490593 HTTP/1.1" 200 198312 "-" "Mozilla/5.0 (Linux; Android 6.0.1; Nexus 5X Build/MMB29P) AppleWebKit/537.36 (KHTML, like Gecko) Chrome/152.0.7977.82 Mobile Safari/537.36 (compatible; Googlebot/2.1; +http://www.google.com/bot.html)"
66.249.68.96 - - [14/Sep/2026:20:33:05 +0300] "GET /?sale/search/detail/?ITMCODE=5195391013 HTTP/1.1" 200 197226 "-" "Mozilla/5.0 (Linux; Android 6.0.1; Nexus 5X Build/MMB29P) AppleWebKit/537.36 (KHTML, like Gecko) Chrome/152.0.7977.82 Mobile Safari/537.36 (compatible; Googlebot/2.1; +http://www.google.com/bot.html)"
66.249.68.96 - - [14/Sep/2026:20:33:12 +0300] "GET /?sale/search/detail/?ITMCODE=51981712423 HTTP/1.1" 200 198569 "-" "Mozilla/5.0 (Linux; Android 6.0.1; Nexus 5X Build/MMB29P) AppleWebKit/537.36 (KHTML, like Gecko) Chrome/152.0.7977.82 Mobile Safari/537.36 (compatible; Googlebot/2.1; +http://www.google.com/bot.html)"
85.208.96.199 - - [14/Sep/2026:20:33:53 +0300] "GET /?sale%2Fsearch%2Fdetail%2F%3FITMCODE=5197106475751 HTTP/1.1" 200 11138 "-" "Mozilla/5.0 (compatible; SemrushBot/7~bl; +http://www.semrush.com/bot.html)"
52.167.144.193 - - [14/Sep/2026:20:34:16 +0300] "GET /shop/pg/5196715325 HTTP/1.1" 200 205793 "-" "Mozilla/5.0 AppleWebKit/537.36 (KHTML, like Gecko; compatible; bingbot/2.0; +http://www.bing.com/bingbot.htm) Chrome/116.0.1938.76 Safari/537.36"
185.191.171.4 - - [14/Sep/2026:20:35:32 +0300] "GET /?sale%2Fsearch%2Fdetail%2F%3FITMCODE=51998087093 HTTP/1.1" 200 11138 "-" "Mozilla/5.0 (compatible; SemrushBot/7~bl; +http://www.semrush.com/bot.html)"
185.191.171.3 - - [14/Sep/2026:20:35:54 +0300] "GET /?sale%2Fsearch%2Fdetail%2F%3FITMCODE=519512498068 HTTP/1.1" 200 11138 "-" "Mozilla/5.0 (compatible; SemrushBot/7~bl; +http://www.semrush.com/bot.html)"
185.191.171.5 - - [14/Sep/2026:20:36:11 +0300] "GET /?sale%2Fsearch%2Fdetail%2F%3FITMCODE=5199104182185 HTTP/1.1" 200 11138 "-" "Mozilla/5.0 (compatible; SemrushBot/7~bl; +http://www.semrush.com/bot.html)"
85.208.96.196 - - [14/Sep/2026:20:37:48 +0300] "GET /?sale%2Fsearch%2Fdetail%2F%3FITMCODE=519917053489 HTTP/1.1" 200 11138 "-" "Mozilla/5.0 (compatible; SemrushBot/7~bl; +http://www.semrush.com/bot.html)"
85.208.96.196 - - [14/Sep/2026:20:38:08 +0300] "GET /?sale%2Fsearch%2Fdetail%2F%3FITMCODE=519974380162 HTTP/1.1" 200 11138 "-" "Mozilla/5.0 (compatible; SemrushBot/7~bl; +http://www.semrush.com/bot.html)"
66.249.68.96 - - [14/Sep/2026:20:38:29 +0300] "GET /?sale/search/detail/?ITMCODE=5196696411 HTTP/1.1" 200 201208 "-" "Mozilla/5.0 (Linux; Android 6.0.1; Nexus 5X Build/MMB29P) AppleWebKit/537.36 (KHTML, like Gecko) Chrome/152.0.7977.82 Mobile Safari/537.36 (compatible; Googlebot/2.1; +http://www.google.com/bot.html)"
66.249.68.96 - - [14/Sep/2026:20:38:37 +0300] "GET /?sale/search/detail/?ITMCODE=51992414002 HTTP/1.1" 200 200998 "-" "Mozilla/5.0 (Linux; Android 6.0.1; Nexus 5X Build/MMB29P) AppleWebKit/537.36 (KHTML, like Gecko) Chrome/152.0.7977.82 Mobile Safari/537.36 (compatible; Googlebot/2.1; +http://www.google.com/bot.html)"
66.249.68.97 - - [14/Sep/2026:20:38:41 +0300] "GET /?sale/search/detail/?ITMCODE=5195212151 HTTP/1.1" 200 203864 "-" "Mozilla/5.0 (Linux; Android 6.0.1; Nexus 5X Build/MMB29P) AppleWebKit/537.36 (KHTML, like Gecko) Chrome/152.0.7977.82 Mobile Safari/537.36 (compatible; Googlebot/2.1; +http://www.google.com/bot.html)"
66.249.68.97 - - [14/Sep/2026:20:39:02 +0300] "GET /?sale/search/detail/?ITMCODE=51992173881 HTTP/1.1" 200 210264 "-" "Mozilla/5.0 (Linux; Android 6.0.1; Nexus 5X Build/MMB29P) AppleWebKit/537.36 (KHTML, like Gecko) Chrome/152.0.7977.82 Mobile Safari/537.36 (compatible; Googlebot/2.1; +http://www.google.com/bot.html)"
66.249.68.96 - - [14/Sep/2026:20:39:20 +0300] "GET /?sale/search/detail/?ITMCODE=52002990563 HTTP/1.1" 200 219570 "-" "Mozilla/5.0 (Linux; Android 6.0.1; Nexus 5X Build/MMB29P) AppleWebKit/537.36 (KHTML, like Gecko) Chrome/152.0.7977.82 Mobile Safari/537.36 (compatible; Googlebot/2.1; +http://www.google.com/bot.html)"
106.214.9.190 - - [14/Sep/2026:20:39:23 +0300] "GET /?sale%2Fsearch%2Fdetail%2F%3FITMCODE=51992241682 HTTP/1.1" 200 11138 "http://www.chenglong.lt" "Mozilla/5.0 (Windows NT 10.0; Win64; x64) AppleWebKit/537.36 (KHTML, like Gecko) Chrome/145.0.0.0 Safari/537.36"
185.191.171.17 - - [14/Sep/2026:20:39:33 +0300] "GET /?sale%2Fsearch%2Fdetail%2F%3FITMCODE=51995120250 HTTP/1.1" 200 11138 "-" "Mozilla/5.0 (compatible; SemrushBot/7~bl; +http://www.semrush.com/bot.html)"
66.249.68.97 - - [14/Sep/2026:20:39:39 +0300] "GET /?sale/search/detail/?ITMCODE=52002896812 HTTP/1.1" 200 204272 "-" "Mozilla/5.0 (Linux; Android 6.0.1; Nexus 5X Build/MMB29P) AppleWebKit/537.36 (KHTML, like Gecko) Chrome/152.0.7977.82 Mobile Safari/537.36 (compatible; Googlebot/2.1; +http://www.google.com/bot.html)"
66.249.68.96 - - [14/Sep/2026:20:39:51 +0300] "GET /index.php?GameID=2026-07-18/2642.html HTTP/1.1" 200 203324 "-" "Mozilla/5.0 (Linux; Android 6.0.1; Nexus 5X Build/MMB29P) AppleWebKit/537.36 (KHTML, like Gecko) Chrome/152.0.7977.82 Mobile Safari/537.36 (compatible; Googlebot/2.1; +http://www.google.com/bot.html)"
66.249.68.99 - - [14/Sep/2026:20:40:55 +0300] "GET /?sale/search/detail/?ITMCODE=52002687000 HTTP/1.1" 200 194225 "-" "Mozilla/5.0 (Linux; Android 6.0.1; Nexus 5X Build/MMB29P) AppleWebKit/537.36 (KHTML, like Gecko) Chrome/152.0.7977.82 Mobile Safari/537.36 (compatible; Googlebot/2.1; +http://www.google.com/bot.html)"
85.208.96.194 - - [14/Sep/2026:20:41:03 +0300] "GET /?sale%2Fsearch%2Fdetail%2F%3FITMCODE=5197100023745 HTTP/1.1" 200 11138 "-" "Mozilla/5.0 (compatible; SemrushBot/7~bl; +http://www.semrush.com/bot.html)"
66.249.68.96 - - [14/Sep/2026:20:41:44 +0300] "GET /?sale/search/detail/?ITMCODE=51971398489 HTTP/1.1" 200 195657 "-" "Mozilla/5.0 (Linux; Android 6.0.1; Nexus 5X Build/MMB29P) AppleWebKit/537.36 (KHTML, like Gecko) Chrome/152.0.7977.82 Mobile Safari/537.36 (compatible; Googlebot/2.1; +http://www.google.com/bot.html)"
185.191.171.8 - - [14/Sep/2026:20:41:55 +0300] "GET /?sale%2Fsearch%2Fdetail%2F%3FITMCODE=51974480952 HTTP/1.1" 200 11138 "-" "Mozilla/5.0 (compatible; SemrushBot/7~bl; +http://www.semrush.com/bot.html)"
66.249.68.96 - - [14/Sep/2026:20:42:55 +0300] "GET /?sale/search/detail/?ITMCODE=51971314963 HTTP/1.1" 200 234088 "-" "Mozilla/5.0 (Linux; Android 6.0.1; Nexus 5X Build/MMB29P) AppleWebKit/537.36 (KHTML, like Gecko) Chrome/152.0.7977.82 Mobile Safari/537.36 (compatible; Googlebot/2.1; +http://www.google.com/bot.html)"
66.249.68.96 - - [14/Sep/2026:20:43:44 +0300] "GET /?sale/search/detail/?ITMCODE=51981543796 HTTP/1.1" 200 194915 "-" "Mozilla/5.0 (Linux; Android 6.0.1; Nexus 5X Build/MMB29P) AppleWebKit/537.36 (KHTML, like Gecko) Chrome/152.0.7977.82 Mobile Safari/537.36 (compatible; Googlebot/2.1; +http://www.google.com/bot.html)"
185.191.171.7 - - [14/Sep/2026:20:46:04 +0300] "GET /?sale%2Fsearch%2Fdetail%2F%3FITMCODE=5198100637275 HTTP/1.1" 200 11138 "-" "Mozilla/5.0 (compatible; SemrushBot/7~bl; +http://www.semrush.com/bot.html)"
85.208.96.210 - - [14/Sep/2026:20:46:59 +0300] "GET /?sale%2Fsearch%2Fdetail%2F%3FITMCODE=51984704282 HTTP/1.1" 200 11138 "-" "Mozilla/5.0 (compatible; SemrushBot/7~bl; +http://www.semrush.com/bot.html)"
185.191.171.12 - - [14/Sep/2026:20:47:01 +0300] "GET /?sale%2Fsearch%2Fdetail%2F%3FITMCODE=51953021984 HTTP/1.1" 200 11138 "-" "Mozilla/5.0 (compatible; SemrushBot/7~bl; +http://www.semrush.com/bot.html)"
85.208.96.210 - - [14/Sep/2026:20:47:15 +0300] "GET /?sale%2Fsearch%2Fdetail%2F%3FITMCODE=519920274594 HTTP/1.1" 200 11138 "-" "Mozilla/5.0 (compatible; SemrushBot/7~bl; +http://www.semrush.com/bot.html)"
85.208.96.197 - - [14/Sep/2026:20:47:54 +0300] "GET /?sale%2Fsearch%2Fdetail%2F%3FITMCODE=51995481714 HTTP/1.1" 200 11138 "-" "Mozilla/5.0 (compatible; SemrushBot/7~bl; +http://www.semrush.com/bot.html)"
40.77.167.63 - - [14/Sep/2026:20:49:25 +0300] "GET /shop/pg/827502 HTTP/1.1" 200 198204 "-" "Mozilla/5.0 AppleWebKit/537.36 (KHTML, like Gecko; compatible; bingbot/2.0; +http://www.bing.com/bingbot.htm) Chrome/116.0.1938.76 Safari/537.36"
185.191.171.15 - - [14/Sep/2026:20:49:50 +0300] "GET /?sale%2Fsearch%2Fdetail%2F%3FITMCODE=51963547665 HTTP/1.1" 200 11138 "-" "Mozilla/5.0 (compatible; SemrushBot/7~bl; +http://www.semrush.com/bot.html)"
185.191.171.19 - - [14/Sep/2026:20:50:18 +0300] "GET /?sale%2Fsearch%2Fdetail%2F%3FITMCODE=51977145499 HTTP/1.1" 200 11138 "-" "Mozilla/5.0 (compatible; SemrushBot/7~bl; +http://www.semrush.com/bot.html)"
185.191.171.10 - - [14/Sep/2026:20:51:13 +0300] "GET /?sale%2Fsearch%2Fdetail%2F%3FITMCODE=51966637439 HTTP/1.1" 200 11138 "-" "Mozilla/5.0 (compatible; SemrushBot/7~bl; +http://www.semrush.com/bot.html)"
85.208.96.210 - - [14/Sep/2026:20:51:32 +0300] "GET /?sale%2Fsearch%2Fdetail%2F%3FITMCODE=519831701875 HTTP/1.1" 200 11138 "-" "Mozilla/5.0 (compatible; SemrushBot/7~bl; +http://www.semrush.com/bot.html)"
185.191.171.18 - - [14/Sep/2026:20:53:12 +0300] "GET /?sale%2Fsearch%2Fdetail%2F%3FITMCODE=519527205095 HTTP/1.1" 200 11138 "-" "Mozilla/5.0 (compatible; SemrushBot/7~bl; +http://www.semrush.com/bot.html)"
66.249.68.100 - - [14/Sep/2026:20:53:51 +0300] "GET /?sale/search/detail/?ITMCODE=51981878125 HTTP/1.1" 200 195583 "-" "Mozilla/5.0 (Linux; Android 6.0.1; Nexus 5X Build/MMB29P) AppleWebKit/537.36 (KHTML, like Gecko) Chrome/152.0.7977.82 Mobile Safari/537.36 (compatible; Googlebot/2.1; +http://www.google.com/bot.html)"
185.191.171.12 - - [14/Sep/2026:20:54:00 +0300] "GET /?sale%2Fsearch%2Fdetail%2F%3FITMCODE=520026568258 HTTP/1.1" 200 11138 "-" "Mozilla/5.0 (compatible; SemrushBot/7~bl; +http://www.semrush.com/bot.html)"
