185.191.171.14 - - [14/Sep/2026:20:54:45 +0300] "GET /?sale%2Fsearch%2Fdetail%2F%3FITMCODE=519734069107 HTTP/1.1" 200 11138 "-" "Mozilla/5.0 (compatible; SemrushBot/7~bl; +http://www.semrush.com/bot.html)"
85.208.96.210 - - [14/Sep/2026:20:55:01 +0300] "GET /?sale%2Fsearch%2Fdetail%2F%3FITMCODE=5198100510826 HTTP/1.1" 200 11138 "-" "Mozilla/5.0 (compatible; SemrushBot/7~bl; +http://www.semrush.com/bot.html)"
185.191.171.7 - - [14/Sep/2026:20:57:36 +0300] "GET /?sale%2Fsearch%2Fdetail%2F%3FITMCODE=519935292707 HTTP/1.1" 200 11138 "-" "Mozilla/5.0 (compatible; SemrushBot/7~bl; +http://www.semrush.com/bot.html)"
85.208.96.197 - - [14/Sep/2026:20:58:19 +0300] "GET /?sale%2Fsearch%2Fdetail%2F%3FITMCODE=519816846579 HTTP/1.1" 200 11138 "-" "Mozilla/5.0 (compatible; SemrushBot/7~bl; +http://www.semrush.com/bot.html)"
66.249.68.99 - - [14/Sep/2026:20:59:49 +0300] "GET /?sale/search/detail/?ITMCODE=51992289204 HTTP/1.1" 200 197443 "-" "Mozilla/5.0 (Linux; Android 6.0.1; Nexus 5X Build/MMB29P) AppleWebKit/537.36 (KHTML, like Gecko) Chrome/152.0.7977.82 Mobile Safari/537.36 (compatible; Googlebot/2.1; +http://www.google.com/bot.html)"
85.208.96.198 - - [14/Sep/2026:21:00:16 +0300] "GET /?sale%2Fsearch%2Fdetail%2F%3FITMCODE=5197100202150 HTTP/1.1" 200 11138 "-" "Mozilla/5.0 (compatible; SemrushBot/7~bl; +http://www.semrush.com/bot.html)"
185.191.171.5 - - [14/Sep/2026:21:02:11 +0300] "GET /?sale%2Fsearch%2Fdetail%2F%3FITMCODE=51998426473 HTTP/1.1" 200 11138 "-" "Mozilla/5.0 (compatible; SemrushBot/7~bl; +http://www.semrush.com/bot.html)"
85.208.96.210 - - [14/Sep/2026:21:02:39 +0300] "GET /?sale%2Fsearch%2Fdetail%2F%3FITMCODE=520014579205 HTTP/1.1" 200 11138 "-" "Mozilla/5.0 (compatible; SemrushBot/7~bl; +http://www.semrush.com/bot.html)"
185.191.171.10 - - [14/Sep/2026:21:03:45 +0300] "GET /?sale%2Fsearch%2Fdetail%2F%3FITMCODE=51977279470 HTTP/1.1" 200 11138 "-" "Mozilla/5.0 (compatible; SemrushBot/7~bl; +http://www.semrush.com/bot.html)"
66.249.68.96 - - [14/Sep/2026:21:04:02 +0300] "GET /?sale/search/detail/?ITMCODE=5195183960 HTTP/1.1" 200 198655 "-" "Mozilla/5.0 (Linux; Android 6.0.1; Nexus 5X Build/MMB29P) AppleWebKit/537.36 (KHTML, like Gecko) Chrome/152.0.7977.82 Mobile Safari/537.36 (compatible; Googlebot/2.1; +http://www.google.com/bot.html)"
185.191.171.5 - - [14/Sep/2026:21:04:10 +0300] "GET /?sale%2Fsearch%2Fdetail%2F%3FITMCODE=519926499492 HTTP/1.1" 200 11138 "-" "Mozilla/5.0 (compatible; SemrushBot/7~bl; +http://www.semrush.com/bot.html)"
185.191.171.1 - - [14/Sep/2026:21:04:58 +0300] "GET /?sale%2Fsearch%2Fdetail%2F%3FITMCODE=519870629852 HTTP/1.1" 200 11138 "-" "Mozilla/5.0 (compatible; SemrushBot/7~bl; +http://www.semrush.com/bot.html)"
185.191.171.13 - - [14/Sep/2026:21:05:50 +0300] "GET /?sale%2Fsearch%2Fdetail%2F%3FITMCODE=519612521382 HTTP/1.1" 200 11138 "-" "Mozilla/5.0 (compatible; SemrushBot/7~bl; +http://www.semrush.com/bot.html)"
66.249.68.96 - - [14/Sep/2026:21:06:58 +0300] "GET /?sale/search/detail/?ITMCODE=5196830876 HTTP/1.1" 200 229735 "-" "Mozilla/5.0 AppleWebKit/537.36 (KHTML, like Gecko; compatible; Googlebot/2.1; +http://www.google.com/bot.html) Chrome/152.0.7977.64 Safari/537.36"
66.249.68.99 - - [14/Sep/2026:21:07:03 +0300] "GET /?sale/search/detail/?ITMCODE=51992232759 HTTP/1.1" 200 196090 "-" "Mozilla/5.0 (Linux; Android 6.0.1; Nexus 5X Build/MMB29P) AppleWebKit/537.36 (KHTML, like Gecko) Chrome/152.0.7977.82 Mobile Safari/537.36 (compatible; Googlebot/2.1; +http://www.google.com/bot.html)"
85.208.96.198 - - [14/Sep/2026:21:07:21 +0300] "GET /?sale%2Fsearch%2Fdetail%2F%3FITMCODE=5196748264 HTTP/1.1" 200 11138 "-" "Mozilla/5.0 (compatible; SemrushBot/7~bl; +http://www.semrush.com/bot.html)"
66.249.68.96 - - [14/Sep/2026:21:07:24 +0300] "GET /?sale/search/detail/?ITMCODE=51971066727 HTTP/1.1" 200 195511 "-" "Mozilla/5.0 (Linux; Android 6.0.1; Nexus 5X Build/MMB29P) AppleWebKit/537.36 (KHTML, like Gecko) Chrome/152.0.7977.82 Mobile Safari/537.36 (compatible; Googlebot/2.1; +http://www.google.com/bot.html)"
66.249.68.97 - - [14/Sep/2026:21:07:36 +0300] "GET /?sale/search/detail/?ITMCODE=51981764880 HTTP/1.1" 200 197192 "-" "Mozilla/5.0 (Linux; Android 6.0.1; Nexus 5X Build/MMB29P) AppleWebKit/537.36 (KHTML, like Gecko) Chrome/152.0.7977.82 Mobile Safari/537.36 (compatible; Googlebot/2.1; +http://www.google.com/bot.html)"
85.208.96.208 - - [14/Sep/2026:21:08:19 +0300] "GET /?sale%2Fsearch%2Fdetail%2F%3FITMCODE=519518051268 HTTP/1.1" 200 11138 "-" "Mozilla/5.0 (compatible; SemrushBot/7~bl; +http://www.semrush.com/bot.html)"
66.249.68.100 - - [14/Sep/2026:21:08:47 +0300] "GET /?sale/search/detail/?ITMCODE=52002806064 HTTP/1.1" 200 200216 "-" "Mozilla/5.0 (Linux; Android 6.0.1; Nexus 5X Build/MMB29P) AppleWebKit/537.36 (KHTML, like Gecko) Chrome/152.0.7977.82 Mobile Safari/537.36 (compatible; Googlebot/2.1; +http://www.google.com/bot.html)"
66.249.68.99 - - [14/Sep/2026:21:08:52 +0300] "GET /?sale/search/detail/?ITMCODE=51971163339 HTTP/1.1" 200 202289 "-" "Mozilla/5.0 (Linux; Android 6.0.1; Nexus 5X Build/MMB29P) AppleWebKit/537.36 (KHTML, like Gecko) Chrome/152.0.7977.82 Mobile Safari/537.36 (compatible; Googlebot/2.1; +http://www.google.com/bot.html)"
85.208.96.212 - - [14/Sep/2026:21:09:25 +0300] "GET /?sale%2Fsearch%2Fdetail%2F%3FITMCODE=5197106420436 HTTP/1.1" 200 11138 "-" "Mozilla/5.0 (compatible; SemrushBot/7~bl; +http://www.semrush.com/bot.html)"
185.191.171.15 - - [14/Sep/2026:21:09:32 +0300] "GET /?sale%2Fsearch%2Fdetail%2F%3FITMCODE=51977116734 HTTP/1.1" 200 11138 "-" "Mozilla/5.0 (compatible; SemrushBot/7~bl; +http://www.semrush.com/bot.html)"
66.249.68.99 - - [14/Sep/2026:21:09:38 +0300] "GET /?sale/search/detail/?ITMCODE=5195178137 HTTP/1.1" 200 216386 "-" "Mozilla/5.0 (Linux; Android 6.0.1; Nexus 5X Build/MMB29P) AppleWebKit/537.36 (KHTML, like Gecko) Chrome/152.0.7977.82 Mobile Safari/537.36 (compatible; Googlebot/2.1; +http://www.google.com/bot.html)"
66.249.68.96 - - [14/Sep/2026:21:09:47 +0300] "GET /?sale/search/detail/?ITMCODE=5196867658 HTTP/1.1" 200 197747 "-" "Mozilla/5.0 (Linux; Android 6.0.1; Nexus 5X Build/MMB29P) AppleWebKit/537.36 (KHTML, like Gecko) Chrome/152.0.7977.82 Mobile Safari/537.36 (compatible; Googlebot/2.1; +http://www.google.com/bot.html)"
66.249.68.97 - - [14/Sep/2026:21:09:53 +0300] "GET /?sale/search/detail/?ITMCODE=51981771932 HTTP/1.1" 200 200975 "-" "Mozilla/5.0 (Linux; Android 6.0.1; Nexus 5X Build/MMB29P) AppleWebKit/537.36 (KHTML, like Gecko) Chrome/152.0.7977.82 Mobile Safari/537.36 (compatible; Googlebot/2.1; +http://www.google.com/bot.html)"
66.249.68.96 - - [14/Sep/2026:21:10:05 +0300] "GET /?sale/search/detail/?ITMCODE=51971148048 HTTP/1.1" 200 222591 "-" "Mozilla/5.0 (Linux; Android 6.0.1; Nexus 5X Build/MMB29P) AppleWebKit/537.36 (KHTML, like Gecko) Chrome/152.0.7977.82 Mobile Safari/537.36 (compatible; Googlebot/2.1; +http://www.google.com/bot.html)"
52.167.144.221 - - [14/Sep/2026:21:11:10 +0300] "GET /shop/pg/5196975692 HTTP/1.1" 200 226982 "-" "Mozilla/5.0 AppleWebKit/537.36 (KHTML, like Gecko; compatible; bingbot/2.0; +http://www.bing.com/bingbot.htm) Chrome/116.0.1938.76 Safari/537.36"
66.249.68.96 - - [14/Sep/2026:21:11:28 +0300] "GET /?sale/search/detail/?ITMCODE=51971436228 HTTP/1.1" 200 197099 "-" "Mozilla/5.0 (Linux; Android 6.0.1; Nexus 5X Build/MMB29P) AppleWebKit/537.36 (KHTML, like Gecko) Chrome/152.0.7977.82 Mobile Safari/537.36 (compatible; Googlebot/2.1; +http://www.google.com/bot.html)"
66.249.68.96 - - [14/Sep/2026:21:11:41 +0300] "GET /?sale/search/detail/?ITMCODE=5195199119 HTTP/1.1" 200 198714 "-" "Mozilla/5.0 (Linux; Android 6.0.1; Nexus 5X Build/MMB29P) AppleWebKit/537.36 (KHTML, like Gecko) Chrome/152.0.7977.82 Mobile Safari/537.36 (compatible; Googlebot/2.1; +http://www.google.com/bot.html)"
85.208.96.211 - - [14/Sep/2026:21:12:02 +0300] "GET /robots.txt HTTP/1.1" 200 836 "-" "Mozilla/5.0 (compatible; SemrushBot/7~bl; +http://www.semrush.com/bot.html)"
185.191.171.4 - - [14/Sep/2026:21:12:02 +0300] "GET /?sale%2Fsearch%2Fdetail%2F%3FITMCODE=519728392695 HTTP/1.1" 200 11138 "-" "Mozilla/5.0 (compatible; SemrushBot/7~bl; +http://www.semrush.com/bot.html)"
66.249.68.97 - - [14/Sep/2026:21:12:33 +0300] "GET /?sale/search/detail/?ITMCODE=51981622853 HTTP/1.1" 200 196425 "-" "Mozilla/5.0 (Linux; Android 6.0.1; Nexus 5X Build/MMB29P) AppleWebKit/537.36 (KHTML, like Gecko) Chrome/152.0.7977.82 Mobile Safari/537.36 (compatible; Googlebot/2.1; +http://www.google.com/bot.html)"
185.191.171.5 - - [14/Sep/2026:21:12:55 +0300] "GET /?sale%2Fsearch%2Fdetail%2F%3FITMCODE=520032952075 HTTP/1.1" 200 11138 "-" "Mozilla/5.0 (compatible; SemrushBot/7~bl; +http://www.semrush.com/bot.html)"
185.191.171.18 - - [14/Sep/2026:21:12:57 +0300] "GET /?sale%2Fsearch%2Fdetail%2F%3FITMCODE=51981931196 HTTP/1.1" 200 11138 "-" "Mozilla/5.0 (compatible; SemrushBot/7~bl; +http://www.semrush.com/bot.html)"
185.191.171.2 - - [14/Sep/2026:21:13:53 +0300] "GET /?sale%2Fsearch%2Fdetail%2F%3FITMCODE=51956440860 HTTP/1.1" 200 11138 "-" "Mozilla/5.0 (compatible; SemrushBot/7~bl; +http://www.semrush.com/bot.html)"
185.191.171.15 - - [14/Sep/2026:21:14:08 +0300] "GET /?sale%2Fsearch%2Fdetail%2F%3FITMCODE=519713331082 HTTP/1.1" 200 11138 "-" "Mozilla/5.0 (compatible; SemrushBot/7~bl; +http://www.semrush.com/bot.html)"
85.208.96.204 - - [14/Sep/2026:21:15:38 +0300] "GET /?sale%2Fsearch%2Fdetail%2F%3FITMCODE=519816972484 HTTP/1.1" 200 11138 "-" "Mozilla/5.0 (compatible; SemrushBot/7~bl; +http://www.semrush.com/bot.html)"
185.191.171.17 - - [14/Sep/2026:21:17:07 +0300] "GET /?sale%2Fsearch%2Fdetail%2F%3FITMCODE=519911429250 HTTP/1.1" 200 11138 "-" "Mozilla/5.0 (compatible; SemrushBot/7~bl; +http://www.semrush.com/bot.html)"
85.208.96.208 - - [14/Sep/2026:21:18:17 +0300] "GET /?sale%2Fsearch%2Fdetail%2F%3FITMCODE=51987612792 HTTP/1.1" 200 11138 "-" "Mozilla/5.0 (compatible; SemrushBot/7~bl; +http://www.semrush.com/bot.html)"
85.208.96.206 - - [14/Sep/2026:21:18:25 +0300] "GET /?sale%2Fsearch%2Fdetail%2F%3FITMCODE=52008842672 HTTP/1.1" 200 11138 "-" "Mozilla/5.0 (compatible; SemrushBot/7~bl; +http://www.semrush.com/bot.html)"
185.191.171.7 - - [14/Sep/2026:21:18:46 +0300] "GET /?sale%2Fsearch%2Fdetail%2F%3FITMCODE=519630824432 HTTP/1.1" 200 11138 "-" "Mozilla/5.0 (compatible; SemrushBot/7~bl; +http://www.semrush.com/bot.html)"
85.208.96.206 - - [14/Sep/2026:21:18:53 +0300] "GET /?sale%2Fsearch%2Fdetail%2F%3FITMCODE=51974220271 HTTP/1.1" 200 11138 "-" "Mozilla/5.0 (compatible; SemrushBot/7~bl; +http://www.semrush.com/bot.html)"
185.191.171.19 - - [14/Sep/2026:21:19:26 +0300] "GET /?sale%2Fsearch%2Fdetail%2F%3FITMCODE=519929388595 HTTP/1.1" 200 11138 "-" "Mozilla/5.0 (compatible; SemrushBot/7~bl; +http://www.semrush.com/bot.html)"
85.208.96.209 - - [14/Sep/2026:21:19:56 +0300] "GET /?sale%2Fsearch%2Fdetail%2F%3FITMCODE=51966536093 HTTP/1.1" 200 11138 "-" "Mozilla/5.0 (compatible; SemrushBot/7~bl; +http://www.semrush.com/bot.html)"
66.249.68.96 - - [14/Sep/2026:21:19:59 +0300] "GET /?sale/search/detail/?ITMCODE=519566913 HTTP/1.1" 200 207024 "-" "Mozilla/5.0 (Linux; Android 6.0.1; Nexus 5X Build/MMB29P) AppleWebKit/537.36 (KHTML, like Gecko) Chrome/152.0.7977.82 Mobile Safari/537.36 (compatible; Googlebot/2.1; +http://www.google.com/bot.html)"
66.249.68.96 - - [14/Sep/2026:21:20:01 +0300] "GET /?sale/search/detail/?ITMCODE=51992125467 HTTP/1.1" 200 223523 "-" "Mozilla/5.0 (Linux; Android 6.0.1; Nexus 5X Build/MMB29P) AppleWebKit/537.36 (KHTML, like Gecko) Chrome/152.0.7977.82 Mobile Safari/537.36 (compatible; Googlebot/2.1; +http://www.google.com/bot.html)"
66.249.68.96 - - [14/Sep/2026:21:20:50 +0300] "GET /?sale/search/detail/?ITMCODE=5195270313 HTTP/1.1" 200 195776 "-" "Mozilla/5.0 (Linux; Android 6.0.1; Nexus 5X Build/MMB29P) AppleWebKit/537.36 (KHTML, like Gecko) Chrome/152.0.7977.82 Mobile Safari/537.36 (compatible; Googlebot/2.1; +http://www.google.com/bot.html)"
40.77.167.32 - - [14/Sep/2026:21:21:18 +0300] "GET /shop/pg/5196878892 HTTP/1.1" 200 197422 "-" "Mozilla/5.0 AppleWebKit/537.36 (KHTML, like Gecko; compatible; bingbot/2.0; +http://www.bing.com/bingbot.htm) Chrome/116.0.1938.76 Safari/537.36"
66.249.68.96 - - [14/Sep/2026:21:21:42 +0300] "GET /?sale/search/detail/?ITMCODE=51971194530 HTTP/1.1" 200 193968 "-" "Mozilla/5.0 (Linux; Android 6.0.1; Nexus 5X Build/MMB29P) AppleWebKit/537.36 (KHTML, like Gecko) Chrome/152.0.7977.82 Mobile Safari/537.36 (compatible; Googlebot/2.1; +http://www.google.com/bot.html)"
66.249.68.96 - - [14/Sep/2026:21:22:18 +0300] "GET /?sale/search/detail/?ITMCODE=52002790089 HTTP/1.1" 200 198893 "-" "Mozilla/5.0 (Linux; Android 6.0.1; Nexus 5X Build/MMB29P) AppleWebKit/537.36 (KHTML, like Gecko) Chrome/152.0.7977.82 Mobile Safari/537.36 (compatible; Googlebot/2.1; +http://www.google.com/bot.html)"
85.208.96.199 - - [14/Sep/2026:21:23:06 +0300] "GET /?sale%2Fsearch%2Fdetail%2F%3FITMCODE=519831549954 HTTP/1.1" 200 11138 "-" "Mozilla/5.0 (compatible; SemrushBot/7~bl; +http://www.semrush.com/bot.html)"
85.208.96.201 - - [14/Sep/2026:21:23:19 +0300] "GET /?sale%2Fsearch%2Fdetail%2F%3FITMCODE=52008887853 HTTP/1.1" 200 11138 "-" "Mozilla/5.0 (compatible; SemrushBot/7~bl; +http://www.semrush.com/bot.html)"
66.249.68.96 - - [14/Sep/2026:21:23:27 +0300] "GET /?sale/search/detail/?ITMCODE=51992023655 HTTP/1.1" 200 209759 "-" "Mozilla/5.0 (Linux; Android 6.0.1; Nexus 5X Build/MMB29P) AppleWebKit/537.36 (KHTML, like Gecko) Chrome/152.0.7977.82 Mobile Safari/537.36 (compatible; Googlebot/2.1; +http://www.google.com/bot.html)"
85.208.96.210 - - [14/Sep/2026:21:24:43 +0300] "GET /?sale%2Fsearch%2Fdetail%2F%3FITMCODE=520011998098 HTTP/1.1" 200 11138 "-" "Mozilla/5.0 (compatible; SemrushBot/7~bl; +http://www.semrush.com/bot.html)"
85.208.96.209 - - [14/Sep/2026:21:24:45 +0300] "GET /?sale%2Fsearch%2Fdetail%2F%3FITMCODE=519521095408 HTTP/1.1" 200 11138 "-" "Mozilla/5.0 (compatible; SemrushBot/7~bl; +http://www.semrush.com/bot.html)"
207.46.13.51 - - [14/Sep/2026:21:26:03 +0300] "GET /sale/search/detail/?ITMCODE=5196775763 HTTP/1.1" 200 211105 "-" "Mozilla/5.0 AppleWebKit/537.36 (KHTML, like Gecko; compatible; bingbot/2.0; +http://www.bing.com/bingbot.htm) Chrome/116.0.1938.76 Safari/537.36"
85.208.96.197 - - [14/Sep/2026:21:26:06 +0300] "GET /?sale%2Fsearch%2Fdetail%2F%3FITMCODE=51984968630 HTTP/1.1" 200 11138 "-" "Mozilla/5.0 (compatible; SemrushBot/7~bl; +http://www.semrush.com/bot.html)"
85.208.96.197 - - [14/Sep/2026:21:26:28 +0300] "GET /?sale%2Fsearch%2Fdetail%2F%3FITMCODE=51995483104 HTTP/1.1" 200 11138 "-" "Mozilla/5.0 (compatible; SemrushBot/7~bl; +http://www.semrush.com/bot.html)"
185.191.171.15 - - [14/Sep/2026:21:27:12 +0300] "GET /?sale%2Fsearch%2Fdetail%2F%3FITMCODE=51966751470 HTTP/1.1" 200 11138 "-" "Mozilla/5.0 (compatible; SemrushBot/7~bl; +http://www.semrush.com/bot.html)"
66.249.68.96 - - [14/Sep/2026:21:27:42 +0300] "GET /?sale/search/detail/?ITMCODE=51992277788 HTTP/1.1" 200 206290 "-" "Mozilla/5.0 (Linux; Android 6.0.1; Nexus 5X Build/MMB29P) AppleWebKit/537.36 (KHTML, like Gecko) Chrome/152.0.7977.82 Mobile Safari/537.36 (compatible; Googlebot/2.1; +http://www.google.com/bot.html)"
66.249.68.97 - - [14/Sep/2026:21:28:11 +0300] "GET /?sale/search/detail/?ITMCODE=51981606762 HTTP/1.1" 200 196130 "-" "Mozilla/5.0 (Linux; Android 6.0.1; Nexus 5X Build/MMB29P) AppleWebKit/537.36 (KHTML, like Gecko) Chrome/152.0.7977.82 Mobile Safari/537.36 (compatible; Googlebot/2.1; +http://www.google.com/bot.html)"
207.46.13.51 - - [14/Sep/2026:21:28:23 +0300] "GET /shop/c/c51957/ HTTP/1.1" 200 266139 "-" "Mozilla/5.0 AppleWebKit/537.36 (KHTML, like Gecko; compatible; bingbot/2.0; +http://www.bing.com/bingbot.htm) Chrome/116.0.1938.76 Safari/537.36"
66.249.68.96 - - [14/Sep/2026:21:28:43 +0300] "GET /?sale/search/detail/?ITMCODE=51981926407 HTTP/1.1" 200 200877 "-" "Mozilla/5.0 (Linux; Android 6.0.1; Nexus 5X Build/MMB29P) AppleWebKit/537.36 (KHTML, like Gecko) Chrome/152.0.7977.82 Mobile Safari/537.36 (compatible; Googlebot/2.1; +http://www.google.com/bot.html)"
85.208.96.193 - - [14/Sep/2026:21:29:04 +0300] "GET /?sale%2Fsearch%2Fdetail%2F%3FITMCODE=5198100662748 HTTP/1.1" 200 11138 "-" "Mozilla/5.0 (compatible; SemrushBot/7~bl; +http://www.semrush.com/bot.html)"
85.208.96.205 - - [14/Sep/2026:21:29:19 +0300] "GET /?sale%2Fsearch%2Fdetail%2F%3FITMCODE=519870804063 HTTP/1.1" 200 11138 "-" "Mozilla/5.0 (compatible; SemrushBot/7~bl; +http://www.semrush.com/bot.html)"
85.208.96.208 - - [14/Sep/2026:21:29:39 +0300] "GET /?sale%2Fsearch%2Fdetail%2F%3FITMCODE=51992393739 HTTP/1.1" 200 11138 "-" "Mozilla/5.0 (compatible; SemrushBot/7~bl; +http://www.semrush.com/bot.html)"
66.249.68.96 - - [14/Sep/2026:21:29:46 +0300] "GET /?sale/search/detail/?ITMCODE=52002551392 HTTP/1.1" 200 212956 "-" "Mozilla/5.0 (Linux; Android 6.0.1; Nexus 5X Build/MMB29P) AppleWebKit/537.36 (KHTML, like Gecko) Chrome/152.0.7977.82 Mobile Safari/537.36 (compatible; Googlebot/2.1; +http://www.google.com/bot.html)"
185.191.171.14 - - [14/Sep/2026:21:30:05 +0300] "GET /?sale%2Fsearch%2Fdetail%2F%3FITMCODE=519929453058 HTTP/1.1" 200 11138 "-" "Mozilla/5.0 (compatible; SemrushBot/7~bl; +http://www.semrush.com/bot.html)"
66.249.68.96 - - [14/Sep/2026:21:30:25 +0300] "GET /?sale/search/detail/?ITMCODE=51981876216 HTTP/1.1" 200 195123 "-" "Mozilla/5.0 (Linux; Android 6.0.1; Nexus 5X Build/MMB29P) AppleWebKit/537.36 (KHTML, like Gecko) Chrome/152.0.7977.82 Mobile Safari/537.36 (compatible; Googlebot/2.1; +http://www.google.com/bot.html)"
85.208.96.195 - - [14/Sep/2026:21:30:28 +0300] "GET /?sale%2Fsearch%2Fdetail%2F%3FITMCODE=519911285703 HTTP/1.1" 200 11138 "-" "Mozilla/5.0 (compatible; SemrushBot/7~bl; +http://www.semrush.com/bot.html)"
66.249.68.96 - - [14/Sep/2026:21:30:43 +0300] "GET /?sale/search/detail/?ITMCODE=51981839399 HTTP/1.1" 200 197423 "-" "Mozilla/5.0 (Linux; Android 6.0.1; Nexus 5X Build/MMB29P) AppleWebKit/537.36 (KHTML, like Gecko) Chrome/152.0.7977.82 Mobile Safari/537.36 (compatible; Googlebot/2.1; +http://www.google.com/bot.html)"
52.167.144.163 - - [14/Sep/2026:21:32:19 +0300] "GET /shop/c/c51954/ HTTP/1.1" 200 265861 "-" "Mozilla/5.0 AppleWebKit/537.36 (KHTML, like Gecko; compatible; bingbot/2.0; +http://www.bing.com/bingbot.htm) Chrome/116.0.1938.76 Safari/537.36"
85.208.96.207 - - [14/Sep/2026:21:33:25 +0300] "GET /?sale%2Fsearch%2Fdetail%2F%3FITMCODE=51995202919 HTTP/1.1" 200 11138 "-" "Mozilla/5.0 (compatible; SemrushBot/7~bl; +http://www.semrush.com/bot.html)"
185.191.171.5 - - [14/Sep/2026:21:33:40 +0300] "GET /?sale%2Fsearch%2Fdetail%2F%3FITMCODE=519920123734 HTTP/1.1" 200 11138 "-" "Mozilla/5.0 (compatible; SemrushBot/7~bl; +http://www.semrush.com/bot.html)"
85.208.96.203 - - [14/Sep/2026:21:33:50 +0300] "GET /?sale%2Fsearch%2Fdetail%2F%3FITMCODE=51966836354 HTTP/1.1" 200 11138 "-" "Mozilla/5.0 (compatible; SemrushBot/7~bl; +http://www.semrush.com/bot.html)"
185.191.171.12 - - [14/Sep/2026:21:33:55 +0300] "GET /?sale%2Fsearch%2Fdetail%2F%3FITMCODE=519813903992 HTTP/1.1" 200 11138 "-" "Mozilla/5.0 (compatible; SemrushBot/7~bl; +http://www.semrush.com/bot.html)"
85.208.96.201 - - [14/Sep/2026:21:34:15 +0300] "GET /?sale%2Fsearch%2Fdetail%2F%3FITMCODE=519521284261 HTTP/1.1" 200 11138 "-" "Mozilla/5.0 (compatible; SemrushBot/7~bl; +http://www.semrush.com/bot.html)"
52.167.144.163 - - [14/Sep/2026:21:34:39 +0300] "GET /shop/pg/820826 HTTP/1.1" 200 196435 "-" "Mozilla/5.0 AppleWebKit/537.36 (KHTML, like Gecko; compatible; bingbot/2.0; +http://www.bing.com/bingbot.htm) Chrome/116.0.1938.76 Safari/537.36"
52.167.144.163 - - [14/Sep/2026:21:34:40 +0300] "GET /shop/pg/790784 HTTP/1.1" 200 209192 "-" "Mozilla/5.0 AppleWebKit/537.36 (KHTML, like Gecko; compatible; bingbot/2.0; +http://www.bing.com/bingbot.htm) Chrome/116.0.1938.76 Safari/537.36"
66.249.68.97 - - [14/Sep/2026:21:35:20 +0300] "GET /sale/search/detail/?ITMCODE=519516498 HTTP/1.1" 200 212833 "-" "Mozilla/5.0 (Linux; Android 6.0.1; Nexus 5X Build/MMB29P) AppleWebKit/537.36 (KHTML, like Gecko) Chrome/152.0.7977.82 Mobile Safari/537.36 (compatible; Googlebot/2.1; +http://www.google.com/bot.html)"
66.249.68.96 - - [14/Sep/2026:21:35:57 +0300] "GET /?sale/search/detail/?ITMCODE=51992030616 HTTP/1.1" 200 212981 "-" "Mozilla/5.0 (Linux; Android 6.0.1; Nexus 5X Build/MMB29P) AppleWebKit/537.36 (KHTML, like Gecko) Chrome/152.0.7977.82 Mobile Safari/537.36 (compatible; Googlebot/2.1; +http://www.google.com/bot.html)"
66.249.68.96 - - [14/Sep/2026:21:36:20 +0300] "GET /?sale/search/detail/?ITMCODE=51981697466 HTTP/1.1" 200 198396 "-" "Mozilla/5.0 (Linux; Android 6.0.1; Nexus 5X Build/MMB29P) AppleWebKit/537.36 (KHTML, like Gecko) Chrome/152.0.7977.82 Mobile Safari/537.36 (compatible; Googlebot/2.1; +http://www.google.com/bot.html)"
185.191.171.6 - - [14/Sep/2026:21:36:59 +0300] "GET /?sale%2Fsearch%2Fdetail%2F%3FITMCODE=51974202624 HTTP/1.1" 200 11138 "-" "Mozilla/5.0 (compatible; SemrushBot/7~bl; +http://www.semrush.com/bot.html)"
66.249.68.96 - - [14/Sep/2026:21:37:15 +0300] "GET /?sale/search/detail/?ITMCODE=51971000980 HTTP/1.1" 200 204889 "-" "Mozilla/5.0 (Linux; Android 6.0.1; Nexus 5X Build/MMB29P) AppleWebKit/537.36 (KHTML, like Gecko) Chrome/152.0.7977.82 Mobile Safari/537.36 (compatible; Googlebot/2.1; +http://www.google.com/bot.html)"
185.191.171.3 - - [14/Sep/2026:21:38:22 +0300] "GET /?sale%2Fsearch%2Fdetail%2F%3FITMCODE=51987874218 HTTP/1.1" 200 11138 "-" "Mozilla/5.0 (compatible; SemrushBot/7~bl; +http://www.semrush.com/bot.html)"
66.249.68.96 - - [14/Sep/2026:21:38:55 +0300] "GET /sale/search/detail/?ITMCODE=52002514435 HTTP/1.1" 200 193942 "-" "Mozilla/5.0 (Linux; Android 6.0.1; Nexus 5X Build/MMB29P) AppleWebKit/537.36 (KHTML, like Gecko) Chrome/152.0.7977.82 Mobile Safari/537.36 (compatible; Googlebot/2.1; +http://www.google.com/bot.html)"
185.191.171.13 - - [14/Sep/2026:21:39:06 +0300] "GET /?sale%2Fsearch%2Fdetail%2F%3FITMCODE=520074987517 HTTP/1.1" 200 11138 "-" "Mozilla/5.0 (compatible; SemrushBot/7~bl; +http://www.semrush.com/bot.html)"
106.54.62.156 - - [14/Sep/2026:21:39:22 +0300] "GET / HTTP/1.1" 200 11120 "-" "Mozilla/5.0 (iPhone; CPU iPhone OS 13_2_3 like Mac OS X) AppleWebKit/605.1.15 (KHTML, like Gecko) Version/13.0.3 Mobile/15E148 Safari/604.1"
66.249.68.96 - - [14/Sep/2026:21:39:37 +0300] "GET /index.php?sale/search/detail/?ITMCODE=51981546486 HTTP/1.1" 200 207418 "-" "Mozilla/5.0 (Linux; Android 6.0.1; Nexus 5X Build/MMB29P) AppleWebKit/537.36 (KHTML, like Gecko) Chrome/152.0.7977.82 Mobile Safari/537.36 (compatible; Googlebot/2.1; +http://www.google.com/bot.html)"
66.249.68.96 - - [14/Sep/2026:21:39:42 +0300] "GET /?sale/search/detail/?ITMCODE=52002638567 HTTP/1.1" 200 210302 "-" "Mozilla/5.0 (Linux; Android 6.0.1; Nexus 5X Build/MMB29P) AppleWebKit/537.36 (KHTML, like Gecko) Chrome/152.0.7977.82 Mobile Safari/537.36 (compatible; Googlebot/2.1; +http://www.google.com/bot.html)"
185.191.171.17 - - [14/Sep/2026:21:39:51 +0300] "GET /?sale%2Fsearch%2Fdetail%2F%3FITMCODE=51963804425 HTTP/1.1" 200 11138 "-" "Mozilla/5.0 (compatible; SemrushBot/7~bl; +http://www.semrush.com/bot.html)"
85.208.96.203 - - [14/Sep/2026:21:40:57 +0300] "GET /?sale%2Fsearch%2Fdetail%2F%3FITMCODE=51959119922 HTTP/1.1" 200 11138 "-" "Mozilla/5.0 (compatible; SemrushBot/7~bl; +http://www.semrush.com/bot.html)"
66.249.68.96 - - [14/Sep/2026:21:40:58 +0300] "GET /?sale/search/detail/?ITMCODE=51992052954 HTTP/1.1" 200 195765 "-" "Mozilla/5.0 (Linux; Android 6.0.1; Nexus 5X Build/MMB29P) AppleWebKit/537.36 (KHTML, like Gecko) Chrome/152.0.7977.82 Mobile Safari/537.36 (compatible; Googlebot/2.1; +http://www.google.com/bot.html)"
66.249.68.96 - - [14/Sep/2026:21:41:33 +0300] "GET /?sale/search/detail/?ITMCODE=5196925122 HTTP/1.1" 200 213536 "-" "Mozilla/5.0 (Linux; Android 6.0.1; Nexus 5X Build/MMB29P) AppleWebKit/537.36 (KHTML, like Gecko) Chrome/152.0.7977.82 Mobile Safari/537.36 (compatible; Googlebot/2.1; +http://www.google.com/bot.html)"
85.208.96.202 - - [14/Sep/2026:21:42:34 +0300] "GET /?sale%2Fsearch%2Fdetail%2F%3FITMCODE=52005934399 HTTP/1.1" 200 11138 "-" "Mozilla/5.0 (compatible; SemrushBot/7~bl; +http://www.semrush.com/bot.html)"
66.249.68.97 - - [14/Sep/2026:21:42:47 +0300] "GET /sale/search/detail/?ITMCODE=51971239059 HTTP/1.1" 200 209314 "-" "Mozilla/5.0 (Linux; Android 6.0.1; Nexus 5X Build/MMB29P) AppleWebKit/537.36 (KHTML, like Gecko) Chrome/152.0.7977.82 Mobile Safari/537.36 (compatible; Googlebot/2.1; +http://www.google.com/bot.html)"
66.249.68.97 - - [14/Sep/2026:21:42:50 +0300] "GET /sale/search/detail/?ITMCODE=52002605635 HTTP/1.1" 200 204307 "-" "Mozilla/5.0 (Linux; Android 6.0.1; Nexus 5X Build/MMB29P) AppleWebKit/537.36 (KHTML, like Gecko) Chrome/152.0.7977.82 Mobile Safari/537.36 (compatible; Googlebot/2.1; +http://www.google.com/bot.html)"
185.191.171.17 - - [14/Sep/2026:21:43:16 +0300] "GET /?sale%2Fsearch%2Fdetail%2F%3FITMCODE=519917433436 HTTP/1.1" 200 11138 "-" "Mozilla/5.0 (compatible; SemrushBot/7~bl; +http://www.semrush.com/bot.html)"
85.208.96.210 - - [14/Sep/2026:21:43:30 +0300] "GET /?sale%2Fsearch%2Fdetail%2F%3FITMCODE=520026825312 HTTP/1.1" 200 11138 "-" "Mozilla/5.0 (compatible; SemrushBot/7~bl; +http://www.semrush.com/bot.html)"
66.249.68.96 - - [14/Sep/2026:21:43:48 +0300] "GET /?sale/search/detail/?ITMCODE=51992071409 HTTP/1.1" 200 196862 "-" "Mozilla/5.0 (Linux; Android 6.0.1; Nexus 5X Build/MMB29P) AppleWebKit/537.36 (KHTML, like Gecko) Chrome/152.0.7977.82 Mobile Safari/537.36 (compatible; Googlebot/2.1; +http://www.google.com/bot.html)"
216.73.217.109 - - [14/Sep/2026:21:43:50 +0300] "GET /robots.txt HTTP/1.1" 200 836 "-" "Mozilla/5.0 AppleWebKit/537.36 (KHTML, like Gecko; compatible; ClaudeBot/1.0; +claudebot@anthropic.com)"
216.73.217.109 - - [14/Sep/2026:21:43:59 +0300] "GET /sitemap.xml HTTP/1.1" 200 1307 "-" "Mozilla/5.0 AppleWebKit/537.36 (KHTML, like Gecko; compatible; ClaudeBot/1.0; +claudebot@anthropic.com)"
40.77.167.15 - - [14/Sep/2026:21:44:29 +0300] "GET /shop/pg/5196549925 HTTP/1.1" 200 196148 "-" "Mozilla/5.0 AppleWebKit/537.36 (KHTML, like Gecko; compatible; bingbot/2.0; +http://www.bing.com/bingbot.htm) Chrome/116.0.1938.76 Safari/537.36"
85.208.96.195 - - [14/Sep/2026:21:45:05 +0300] "GET /?sale%2Fsearch%2Fdetail%2F%3FITMCODE=5196105922095 HTTP/1.1" 200 11138 "-" "Mozilla/5.0 (compatible; SemrushBot/7~bl; +http://www.semrush.com/bot.html)"
43.133.220.37 - - [14/Sep/2026:21:45:05 +0300] "GET / HTTP/1.1" 200 11120 "-" "Mozilla/5.0 (iPhone; CPU iPhone OS 13_2_3 like Mac OS X) AppleWebKit/605.1.15 (KHTML, like Gecko) Version/13.0.3 Mobile/15E148 Safari/604.1"
85.208.96.193 - - [14/Sep/2026:21:45:58 +0300] "GET /?sale%2Fsearch%2Fdetail%2F%3FITMCODE=51998314595 HTTP/1.1" 200 11138 "-" "Mozilla/5.0 (compatible; SemrushBot/7~bl; +http://www.semrush.com/bot.html)"
85.208.96.200 - - [14/Sep/2026:21:46:09 +0300] "GET /?sale%2Fsearch%2Fdetail%2F%3FITMCODE=51998461203 HTTP/1.1" 200 11138 "-" "Mozilla/5.0 (compatible; SemrushBot/7~bl; +http://www.semrush.com/bot.html)"
85.208.96.210 - - [14/Sep/2026:21:46:26 +0300] "GET /?sale%2Fsearch%2Fdetail%2F%3FITMCODE=51998271970 HTTP/1.1" 200 11138 "-" "Mozilla/5.0 (compatible; SemrushBot/7~bl; +http://www.semrush.com/bot.html)"
40.77.167.3 - - [14/Sep/2026:21:47:10 +0300] "GET /shop/pg/829171 HTTP/1.1" 200 212252 "-" "Mozilla/5.0 AppleWebKit/537.36 (KHTML, like Gecko; compatible; bingbot/2.0; +http://www.bing.com/bingbot.htm) Chrome/116.0.1938.76 Safari/537.36"
52.167.144.171 - - [14/Sep/2026:21:49:21 +0300] "GET /shop/pg/84561 HTTP/1.1" 200 196093 "-" "Mozilla/5.0 AppleWebKit/537.36 (KHTML, like Gecko; compatible; bingbot/2.0; +http://www.bing.com/bingbot.htm) Chrome/116.0.1938.76 Safari/537.36"
85.208.96.202 - - [14/Sep/2026:21:51:03 +0300] "GET /?sale%2Fsearch%2Fdetail%2F%3FITMCODE=5197103291373 HTTP/1.1" 200 11138 "-" "Mozilla/5.0 (compatible; SemrushBot/7~bl; +http://www.semrush.com/bot.html)"
85.208.96.212 - - [14/Sep/2026:21:51:12 +0300] "GET /?sale%2Fsearch%2Fdetail%2F%3FITMCODE=52008884962 HTTP/1.1" 200 11138 "-" "Mozilla/5.0 (compatible; SemrushBot/7~bl; +http://www.semrush.com/bot.html)"
207.46.13.64 - - [14/Sep/2026:21:51:33 +0300] "GET /sale/search/detail/?ITMCODE=52002903702 HTTP/1.1" 200 193897 "-" "Mozilla/5.0 AppleWebKit/537.36 (KHTML, like Gecko; compatible; bingbot/2.0; +http://www.bing.com/bingbot.htm) Chrome/116.0.1938.76 Safari/537.36"
66.249.68.97 - - [14/Sep/2026:21:51:45 +0300] "GET /?sale/search/detail/?ITMCODE=51992263010 HTTP/1.1" 200 198582 "-" "Mozilla/5.0 (Linux; Android 6.0.1; Nexus 5X Build/MMB29P) AppleWebKit/537.36 (KHTML, like Gecko) Chrome/152.0.7977.82 Mobile Safari/537.36 (compatible; Googlebot/2.1; +http://www.google.com/bot.html)"
66.249.68.96 - - [14/Sep/2026:21:52:27 +0300] "GET /?sale/search/detail/?ITMCODE=51992302782 HTTP/1.1" 200 199105 "-" "Mozilla/5.0 (Linux; Android 6.0.1; Nexus 5X Build/MMB29P) AppleWebKit/537.36 (KHTML, like Gecko) Chrome/152.0.7977.82 Mobile Safari/537.36 (compatible; Googlebot/2.1; +http://www.google.com/bot.html)"
185.191.171.15 - - [14/Sep/2026:21:52:56 +0300] "GET /?sale%2Fsearch%2Fdetail%2F%3FITMCODE=51998187395 HTTP/1.1" 200 11138 "-" "Mozilla/5.0 (compatible; SemrushBot/7~bl; +http://www.semrush.com/bot.html)"
66.249.68.96 - - [14/Sep/2026:21:54:47 +0300] "GET /?sale/search/detail/?ITMCODE=51992437180 HTTP/1.1" 200 205222 "-" "Mozilla/5.0 (Linux; Android 6.0.1; Nexus 5X Build/MMB29P) AppleWebKit/537.36 (KHTML, like Gecko) Chrome/152.0.7977.82 Mobile Safari/537.36 (compatible; Googlebot/2.1; +http://www.google.com/bot.html)"
185.191.171.19 - - [14/Sep/2026:21:54:52 +0300] "GET /?sale%2Fsearch%2Fdetail%2F%3FITMCODE=519917324843 HTTP/1.1" 200 11138 "-" "Mozilla/5.0 (compatible; SemrushBot/7~bl; +http://www.semrush.com/bot.html)"
66.249.68.96 - - [14/Sep/2026:21:55:00 +0300] "GET /?sale/search/detail/?ITMCODE=51981695176 HTTP/1.1" 200 196000 "-" "Mozilla/5.0 (Linux; Android 6.0.1; Nexus 5X Build/MMB29P) AppleWebKit/537.36 (KHTML, like Gecko) Chrome/152.0.7977.82 Mobile Safari/537.36 (compatible; Googlebot/2.1; +http://www.google.com/bot.html)"
43.164.0.96 - - [14/Sep/2026:21:55:08 +0300] "GET / HTTP/1.1" 200 11120 "-" "Mozilla/5.0 (iPhone; CPU iPhone OS 13_2_3 like Mac OS X) AppleWebKit/605.1.15 (KHTML, like Gecko) Version/13.0.3 Mobile/15E148 Safari/604.1"
85.208.96.207 - - [14/Sep/2026:21:55:15 +0300] "GET /?sale%2Fsearch%2Fdetail%2F%3FITMCODE=519911356694 HTTP/1.1" 200 11138 "-" "Mozilla/5.0 (compatible; SemrushBot/7~bl; +http://www.semrush.com/bot.html)"
185.191.171.1 - - [14/Sep/2026:21:55:42 +0300] "GET /?sale%2Fsearch%2Fdetail%2F%3FITMCODE=519813993758 HTTP/1.1" 200 11138 "-" "Mozilla/5.0 (compatible; SemrushBot/7~bl; +http://www.semrush.com/bot.html)"
85.208.96.212 - - [14/Sep/2026:21:56:35 +0300] "GET /?sale%2Fsearch%2Fdetail%2F%3FITMCODE=51995495994 HTTP/1.1" 200 11138 "-" "Mozilla/5.0 (compatible; SemrushBot/7~bl; +http://www.semrush.com/bot.html)"
85.208.96.206 - - [14/Sep/2026:21:56:58 +0300] "GET /?sale%2Fsearch%2Fdetail%2F%3FITMCODE=52008635393 HTTP/1.1" 200 11138 "-" "Mozilla/5.0 (compatible; SemrushBot/7~bl; +http://www.semrush.com/bot.html)"
85.208.96.204 - - [14/Sep/2026:21:57:07 +0300] "GET /?sale%2Fsearch%2Fdetail%2F%3FITMCODE=51956341446 HTTP/1.1" 200 11138 "-" "Mozilla/5.0 (compatible; SemrushBot/7~bl; +http://www.semrush.com/bot.html)"
185.191.171.7 - - [14/Sep/2026:21:58:33 +0300] "GET /?sale%2Fsearch%2Fdetail%2F%3FITMCODE=51992408684 HTTP/1.1" 200 11138 "-" "Mozilla/5.0 (compatible; SemrushBot/7~bl; +http://www.semrush.com/bot.html)"
185.191.171.1 - - [14/Sep/2026:21:58:59 +0300] "GET /?sale%2Fsearch%2Fdetail%2F%3FITMCODE=520011812628 HTTP/1.1" 200 11138 "-" "Mozilla/5.0 (compatible; SemrushBot/7~bl; +http://www.semrush.com/bot.html)"
207.46.13.51 - - [14/Sep/2026:21:59:11 +0300] "GET /shop/pg/992733 HTTP/1.1" 200 194915 "-" "Mozilla/5.0 AppleWebKit/537.36 (KHTML, like Gecko; compatible; bingbot/2.0; +http://www.bing.com/bingbot.htm) Chrome/116.0.1938.76 Safari/537.36"
85.208.96.204 - - [14/Sep/2026:21:59:41 +0300] "GET /?sale%2Fsearch%2Fdetail%2F%3FITMCODE=519699942895 HTTP/1.1" 200 11138 "-" "Mozilla/5.0 (compatible; SemrushBot/7~bl; +http://www.semrush.com/bot.html)"
66.249.68.96 - - [14/Sep/2026:22:00:11 +0300] "GET /?sale/search/detail/?ITMCODE=51981955524 HTTP/1.1" 200 196447 "-" "Mozilla/5.0 (Linux; Android 6.0.1; Nexus 5X Build/MMB29P) AppleWebKit/537.36 (KHTML, like Gecko) Chrome/152.0.7977.82 Mobile Safari/537.36 (compatible; Googlebot/2.1; +http://www.google.com/bot.html)"
66.249.68.97 - - [14/Sep/2026:22:00:36 +0300] "GET /?sale/search/detail/?ITMCODE=51981955524 HTTP/1.1" 200 196447 "-" "Mozilla/5.0 (Linux; Android 6.0.1; Nexus 5X Build/MMB29P) AppleWebKit/537.36 (KHTML, like Gecko) Chrome/152.0.7977.82 Mobile Safari/537.36 (compatible; Googlebot/2.1; +http://www.google.com/bot.html)"
85.208.96.210 - - [14/Sep/2026:22:00:37 +0300] "GET /?sale%2Fsearch%2Fdetail%2F%3FITMCODE=519716246540 HTTP/1.1" 200 11138 "-" "Mozilla/5.0 (compatible; SemrushBot/7~bl; +http://www.semrush.com/bot.html)"
66.249.68.96 - - [14/Sep/2026:22:00:37 +0300] "GET /?sale/search/detail/?ITMCODE=5195273004 HTTP/1.1" 200 200472 "-" "Mozilla/5.0 (Linux; Android 6.0.1; Nexus 5X Build/MMB29P) AppleWebKit/537.36 (KHTML, like Gecko) Chrome/152.0.7977.82 Mobile Safari/537.36 (compatible; Googlebot/2.1; +http://www.google.com/bot.html)"
85.208.96.198 - - [14/Sep/2026:22:01:07 +0300] "GET /?sale%2Fsearch%2Fdetail%2F%3FITMCODE=5197103091748 HTTP/1.1" 200 11138 "-" "Mozilla/5.0 (compatible; SemrushBot/7~bl; +http://www.semrush.com/bot.html)"
66.249.68.96 - - [14/Sep/2026:22:01:38 +0300] "GET /?sale/search/detail/?ITMCODE=5195295156 HTTP/1.1" 200 197313 "-" "Mozilla/5.0 (Linux; Android 6.0.1; Nexus 5X Build/MMB29P) AppleWebKit/537.36 (KHTML, like Gecko) Chrome/152.0.7977.82 Mobile Safari/537.36 (compatible; Googlebot/2.1; +http://www.google.com/bot.html)"
66.249.68.96 - - [14/Sep/2026:22:01:50 +0300] "GET /?sale/search/detail/?ITMCODE=519560912 HTTP/1.1" 200 214217 "-" "Mozilla/5.0 (Linux; Android 6.0.1; Nexus 5X Build/MMB29P) AppleWebKit/537.36 (KHTML, like Gecko) Chrome/152.0.7977.82 Mobile Safari/537.36 (compatible; Googlebot/2.1; +http://www.google.com/bot.html)"
66.249.68.96 - - [14/Sep/2026:22:01:58 +0300] "GET /?sale/search/detail/?ITMCODE=51971454192 HTTP/1.1" 200 201605 "-" "Mozilla/5.0 (Linux; Android 6.0.1; Nexus 5X Build/MMB29P) AppleWebKit/537.36 (KHTML, like Gecko) Chrome/152.0.7977.82 Mobile Safari/537.36 (compatible; Googlebot/2.1; +http://www.google.com/bot.html)"
66.249.68.96 - - [14/Sep/2026:22:02:30 +0300] "GET /?sale/search/detail/?ITMCODE=51971325439 HTTP/1.1" 200 201729 "-" "Mozilla/5.0 (Linux; Android 6.0.1; Nexus 5X Build/MMB29P) AppleWebKit/537.36 (KHTML, like Gecko) Chrome/152.0.7977.82 Mobile Safari/537.36 (compatible; Googlebot/2.1; +http://www.google.com/bot.html)"
66.249.68.96 - - [14/Sep/2026:22:02:44 +0300] "GET /?sale/search/detail/?ITMCODE=52002505349 HTTP/1.1" 200 202369 "-" "Mozilla/5.0 (Linux; Android 6.0.1; Nexus 5X Build/MMB29P) AppleWebKit/537.36 (KHTML, like Gecko) Chrome/152.0.7977.82 Mobile Safari/537.36 (compatible; Googlebot/2.1; +http://www.google.com/bot.html)"
185.191.171.1 - - [14/Sep/2026:22:02:51 +0300] "GET /?sale%2Fsearch%2Fdetail%2F%3FITMCODE=519810772553 HTTP/1.1" 200 11138 "-" "Mozilla/5.0 (compatible; SemrushBot/7~bl; +http://www.semrush.com/bot.html)"
85.208.96.203 - - [14/Sep/2026:22:02:53 +0300] "GET /?sale%2Fsearch%2Fdetail%2F%3FITMCODE=51984918972 HTTP/1.1" 200 11138 "-" "Mozilla/5.0 (compatible; SemrushBot/7~bl; +http://www.semrush.com/bot.html)"
66.249.68.97 - - [14/Sep/2026:22:02:56 +0300] "GET /?sale/search/detail/?ITMCODE=52002655796 HTTP/1.1" 200 206920 "-" "Mozilla/5.0 (Linux; Android 6.0.1; Nexus 5X Build/MMB29P) AppleWebKit/537.36 (KHTML, like Gecko) Chrome/152.0.7977.82 Mobile Safari/537.36 (compatible; Googlebot/2.1; +http://www.google.com/bot.html)"
66.249.68.96 - - [14/Sep/2026:22:02:57 +0300] "GET /?sale/search/detail/?ITMCODE=52002579181 HTTP/1.1" 200 194789 "-" "Mozilla/5.0 (Linux; Android 6.0.1; Nexus 5X Build/MMB29P) AppleWebKit/537.36 (KHTML, like Gecko) Chrome/152.0.7977.82 Mobile Safari/537.36 (compatible; Googlebot/2.1; +http://www.google.com/bot.html)"
66.249.68.97 - - [14/Sep/2026:22:03:11 +0300] "GET /contents/event/kansyasai HTTP/1.1" 200 192901 "-" "Mozilla/5.0 (Linux; Android 6.0.1; Nexus 5X Build/MMB29P) AppleWebKit/537.36 (KHTML, like Gecko) Chrome/152.0.7977.82 Mobile Safari/537.36 (compatible; Googlebot/2.1; +http://www.google.com/bot.html)"
66.249.68.96 - - [14/Sep/2026:22:03:22 +0300] "GET /?sale/search/detail/?ITMCODE=5195273968 HTTP/1.1" 200 199232 "-" "Mozilla/5.0 (Linux; Android 6.0.1; Nexus 5X Build/MMB29P) AppleWebKit/537.36 (KHTML, like Gecko) Chrome/152.0.7977.82 Mobile Safari/537.36 (compatible; Googlebot/2.1; +http://www.google.com/bot.html)"
66.249.68.97 - - [14/Sep/2026:22:03:42 +0300] "GET /?sale/search/detail/?ITMCODE=51992268308 HTTP/1.1" 200 195071 "-" "Mozilla/5.0 (Linux; Android 6.0.1; Nexus 5X Build/MMB29P) AppleWebKit/537.36 (KHTML, like Gecko) Chrome/152.0.7977.82 Mobile Safari/537.36 (compatible; Googlebot/2.1; +http://www.google.com/bot.html)"
66.249.68.96 - - [14/Sep/2026:22:03:42 +0300] "GET /?sale/search/detail/?ITMCODE=5195414541 HTTP/1.1" 200 218587 "-" "Mozilla/5.0 (Linux; Android 6.0.1; Nexus 5X Build/MMB29P) AppleWebKit/537.36 (KHTML, like Gecko) Chrome/152.0.7977.82 Mobile Safari/537.36 (compatible; Googlebot/2.1; +http://www.google.com/bot.html)"
43.134.236.36 - - [14/Sep/2026:22:03:51 +0300] "GET / HTTP/1.1" 200 11120 "-" "Mozilla/5.0 (iPhone; CPU iPhone OS 13_2_3 like Mac OS X) AppleWebKit/605.1.15 (KHTML, like Gecko) Version/13.0.3 Mobile/15E148 Safari/604.1"
66.249.68.96 - - [14/Sep/2026:22:03:54 +0300] "GET /?sale/search/detail/?ITMCODE=51992396126 HTTP/1.1" 200 205451 "-" "Mozilla/5.0 (Linux; Android 6.0.1; Nexus 5X Build/MMB29P) AppleWebKit/537.36 (KHTML, like Gecko) Chrome/152.0.7977.82 Mobile Safari/537.36 (compatible; Googlebot/2.1; +http://www.google.com/bot.html)"
66.249.68.96 - - [14/Sep/2026:22:04:18 +0300] "GET /?sale/search/detail/?ITMCODE=52002835037 HTTP/1.1" 200 200590 "-" "Mozilla/5.0 (Linux; Android 6.0.1; Nexus 5X Build/MMB29P) AppleWebKit/537.36 (KHTML, like Gecko) Chrome/152.0.7977.82 Mobile Safari/537.36 (compatible; Googlebot/2.1; +http://www.google.com/bot.html)"
66.249.68.96 - - [14/Sep/2026:22:04:19 +0300] "GET /?sale/search/detail/?ITMCODE=52002656347 HTTP/1.1" 200 195435 "-" "Mozilla/5.0 (Linux; Android 6.0.1; Nexus 5X Build/MMB29P) AppleWebKit/537.36 (KHTML, like Gecko) Chrome/152.0.7977.82 Mobile Safari/537.36 (compatible; Googlebot/2.1; +http://www.google.com/bot.html)"
85.208.96.206 - - [14/Sep/2026:22:04:37 +0300] "GET /?sale%2Fsearch%2Fdetail%2F%3FITMCODE=519810720282 HTTP/1.1" 200 11138 "-" "Mozilla/5.0 (compatible; SemrushBot/7~bl; +http://www.semrush.com/bot.html)"
66.249.68.96 - - [14/Sep/2026:22:04:45 +0300] "GET /?sale/search/detail/?ITMCODE=51971370554 HTTP/1.1" 200 213812 "-" "Mozilla/5.0 (Linux; Android 6.0.1; Nexus 5X Build/MMB29P) AppleWebKit/537.36 (KHTML, like Gecko) Chrome/152.0.7977.82 Mobile Safari/537.36 (compatible; Googlebot/2.1; +http://www.google.com/bot.html)"
66.249.68.97 - - [14/Sep/2026:22:06:42 +0300] "GET /?sale/search/detail/?ITMCODE=51971406326 HTTP/1.1" 200 209924 "-" "Mozilla/5.0 (Linux; Android 6.0.1; Nexus 5X Build/MMB29P) AppleWebKit/537.36 (KHTML, like Gecko) Chrome/152.0.7977.82 Mobile Safari/537.36 (compatible; Googlebot/2.1; +http://www.google.com/bot.html)"
85.208.96.206 - - [14/Sep/2026:22:06:47 +0300] "GET /?sale%2Fsearch%2Fdetail%2F%3FITMCODE=51971006314 HTTP/1.1" 200 11138 "-" "Mozilla/5.0 (compatible; SemrushBot/7~bl; +http://www.semrush.com/bot.html)"
66.249.68.96 - - [14/Sep/2026:22:07:47 +0300] "GET /?sale/search/detail/?ITMCODE=52002994929 HTTP/1.1" 200 201225 "-" "Mozilla/5.0 (Linux; Android 6.0.1; Nexus 5X Build/MMB29P) AppleWebKit/537.36 (KHTML, like Gecko) Chrome/152.0.7977.82 Mobile Safari/537.36 (compatible; Googlebot/2.1; +http://www.google.com/bot.html)"
66.249.68.97 - - [14/Sep/2026:22:07:55 +0300] "GET /?sale/search/detail/?ITMCODE=51992496337 HTTP/1.1" 200 202411 "-" "Mozilla/5.0 (Linux; Android 6.0.1; Nexus 5X Build/MMB29P) AppleWebKit/537.36 (KHTML, like Gecko) Chrome/152.0.7977.82 Mobile Safari/537.36 (compatible; Googlebot/2.1; +http://www.google.com/bot.html)"
185.191.171.12 - - [14/Sep/2026:22:08:39 +0300] "GET /?sale%2Fsearch%2Fdetail%2F%3FITMCODE=519819968444 HTTP/1.1" 200 11138 "-" "Mozilla/5.0 (compatible; SemrushBot/7~bl; +http://www.semrush.com/bot.html)"
66.249.68.96 - - [14/Sep/2026:22:09:17 +0300] "GET /?sale/search/detail/?ITMCODE=52002727860 HTTP/1.1" 200 206512 "-" "Mozilla/5.0 (Linux; Android 6.0.1; Nexus 5X Build/MMB29P) AppleWebKit/537.36 (KHTML, like Gecko) Chrome/152.0.7977.82 Mobile Safari/537.36 (compatible; Googlebot/2.1; +http://www.google.com/bot.html)"
40.77.167.1 - - [14/Sep/2026:22:09:23 +0300] "GET /toyu/top/CSfTop HTTP/1.1" 200 199306 "-" "Mozilla/5.0 AppleWebKit/537.36 (KHTML, like Gecko; compatible; bingbot/2.0; +http://www.bing.com/bingbot.htm) Chrome/116.0.1938.76 Safari/537.36"
185.191.171.16 - - [14/Sep/2026:22:10:39 +0300] "GET /?sale%2Fsearch%2Fdetail%2F%3FITMCODE=519911168529 HTTP/1.1" 200 11138 "-" "Mozilla/5.0 (compatible; SemrushBot/7~bl; +http://www.semrush.com/bot.html)"
66.249.68.96 - - [14/Sep/2026:22:10:49 +0300] "GET /?sale/search/detail/?ITMCODE=5195228421 HTTP/1.1" 200 198151 "-" "Mozilla/5.0 (Linux; Android 6.0.1; Nexus 5X Build/MMB29P) AppleWebKit/537.36 (KHTML, like Gecko) Chrome/152.0.7977.82 Mobile Safari/537.36 (compatible; Googlebot/2.1; +http://www.google.com/bot.html)"
66.249.68.96 - - [14/Sep/2026:22:10:53 +0300] "GET /?sale/search/detail/?ITMCODE=52002585102 HTTP/1.1" 200 196235 "-" "Mozilla/5.0 (Linux; Android 6.0.1; Nexus 5X Build/MMB29P) AppleWebKit/537.36 (KHTML, like Gecko) Chrome/152.0.7977.82 Mobile Safari/537.36 (compatible; Googlebot/2.1; +http://www.google.com/bot.html)"
185.191.171.2 - - [14/Sep/2026:22:10:54 +0300] "GET /?sale%2Fsearch%2Fdetail%2F%3FITMCODE=5198103639406 HTTP/1.1" 200 11138 "-" "Mozilla/5.0 (compatible; SemrushBot/7~bl; +http://www.semrush.com/bot.html)"
66.249.68.96 - - [14/Sep/2026:22:11:02 +0300] "GET /?sale/search/detail/?ITMCODE=51992197982 HTTP/1.1" 200 198479 "-" "Mozilla/5.0 (Linux; Android 6.0.1; Nexus 5X Build/MMB29P) AppleWebKit/537.36 (KHTML, like Gecko) Chrome/152.0.7977.82 Mobile Safari/537.36 (compatible; Googlebot/2.1; +http://www.google.com/bot.html)"
66.249.68.97 - - [14/Sep/2026:22:11:07 +0300] "GET /?sale/search/detail/?ITMCODE=51992279194 HTTP/1.1" 200 210622 "-" "Mozilla/5.0 (Linux; Android 6.0.1; Nexus 5X Build/MMB29P) AppleWebKit/537.36 (KHTML, like Gecko) Chrome/152.0.7977.82 Mobile Safari/537.36 (compatible; Googlebot/2.1; +http://www.google.com/bot.html)"
157.55.39.204 - - [14/Sep/2026:22:12:43 +0300] "GET /shop/c/c519510/ HTTP/1.1" 200 266201 "-" "Mozilla/5.0 AppleWebKit/537.36 (KHTML, like Gecko; compatible; bingbot/2.0; +http://www.bing.com/bingbot.htm) Chrome/116.0.1938.76 Safari/537.36"
185.191.171.19 - - [14/Sep/2026:22:12:54 +0300] "GET /robots.txt HTTP/1.1" 200 836 "-" "Mozilla/5.0 (compatible; SemrushBot/7~bl; +http://www.semrush.com/bot.html)"
185.191.171.11 - - [14/Sep/2026:22:12:55 +0300] "GET /?sale%2Fsearch%2Fdetail%2F%3FITMCODE=52005769793 HTTP/1.1" 200 11138 "-" "Mozilla/5.0 (compatible; SemrushBot/7~bl; +http://www.semrush.com/bot.html)"
43.157.62.101 - - [14/Sep/2026:22:13:56 +0300] "GET / HTTP/1.1" 200 11120 "-" "Mozilla/5.0 (iPhone; CPU iPhone OS 13_2_3 like Mac OS X) AppleWebKit/605.1.15 (KHTML, like Gecko) Version/13.0.3 Mobile/15E148 Safari/604.1"
85.208.96.198 - - [14/Sep/2026:22:15:12 +0300] "GET /?sale%2Fsearch%2Fdetail%2F%3FITMCODE=519699929248 HTTP/1.1" 200 11138 "-" "Mozilla/5.0 (compatible; SemrushBot/7~bl; +http://www.semrush.com/bot.html)"
66.249.68.96 - - [14/Sep/2026:22:16:38 +0300] "GET /?sale/search/detail/?ITMCODE=51992132643 HTTP/1.1" 200 196872 "-" "Mozilla/5.0 (Linux; Android 6.0.1; Nexus 5X Build/MMB29P) AppleWebKit/537.36 (KHTML, like Gecko) Chrome/152.0.7977.82 Mobile Safari/537.36 (compatible; Googlebot/2.1; +http://www.google.com/bot.html)"
66.249.68.96 - - [14/Sep/2026:22:16:53 +0300] "GET /?sale/search/detail/?ITMCODE=51981795009 HTTP/1.1" 200 198958 "-" "Mozilla/5.0 (Linux; Android 6.0.1; Nexus 5X Build/MMB29P) AppleWebKit/537.36 (KHTML, like Gecko) Chrome/152.0.7977.82 Mobile Safari/537.36 (compatible; Googlebot/2.1; +http://www.google.com/bot.html)"
185.191.171.6 - - [14/Sep/2026:22:16:58 +0300] "GET /?sale%2Fsearch%2Fdetail%2F%3FITMCODE=519518492164 HTTP/1.1" 200 11138 "-" "Mozilla/5.0 (compatible; SemrushBot/7~bl; +http://www.semrush.com/bot.html)"
85.208.96.197 - - [14/Sep/2026:22:17:28 +0300] "GET /?sale%2Fsearch%2Fdetail%2F%3FITMCODE=520035599769 HTTP/1.1" 200 11138 "-" "Mozilla/5.0 (compatible; SemrushBot/7~bl; +http://www.semrush.com/bot.html)"
66.249.68.96 - - [14/Sep/2026:22:17:38 +0300] "GET /?sale/search/detail/?ITMCODE=52002953458 HTTP/1.1" 200 202679 "-" "Mozilla/5.0 (Linux; Android 6.0.1; Nexus 5X Build/MMB29P) AppleWebKit/537.36 (KHTML, like Gecko) Chrome/152.0.7977.82 Mobile Safari/537.36 (compatible; Googlebot/2.1; +http://www.google.com/bot.html)"
66.249.68.96 - - [14/Sep/2026:22:17:51 +0300] "GET /?sale/search/detail/?ITMCODE=5195218422 HTTP/1.1" 200 203766 "-" "Mozilla/5.0 (Linux; Android 6.0.1; Nexus 5X Build/MMB29P) AppleWebKit/537.36 (KHTML, like Gecko) Chrome/152.0.7977.82 Mobile Safari/537.36 (compatible; Googlebot/2.1; +http://www.google.com/bot.html)"
66.249.68.96 - - [14/Sep/2026:22:18:03 +0300] "GET /?sale/search/detail/?ITMCODE=52002796045 HTTP/1.1" 200 215084 "-" "Mozilla/5.0 (Linux; Android 6.0.1; Nexus 5X Build/MMB29P) AppleWebKit/537.36 (KHTML, like Gecko) Chrome/152.0.7977.82 Mobile Safari/537.36 (compatible; Googlebot/2.1; +http://www.google.com/bot.html)"
66.249.68.96 - - [14/Sep/2026:22:18:53 +0300] "GET /?sale/search/detail/?ITMCODE=5195235681 HTTP/1.1" 200 197422 "-" "Mozilla/5.0 (Linux; Android 6.0.1; Nexus 5X Build/MMB29P) AppleWebKit/537.36 (KHTML, like Gecko) Chrome/152.0.7977.82 Mobile Safari/537.36 (compatible; Googlebot/2.1; +http://www.google.com/bot.html)"
85.208.96.194 - - [14/Sep/2026:22:19:37 +0300] "GET /?sale%2Fsearch%2Fdetail%2F%3FITMCODE=52005551797 HTTP/1.1" 200 11138 "-" "Mozilla/5.0 (compatible; SemrushBot/7~bl; +http://www.semrush.com/bot.html)"
66.249.68.96 - - [14/Sep/2026:22:19:59 +0300] "GET /?sale/search/detail/?ITMCODE=52002724650 HTTP/1.1" 200 195458 "-" "Mozilla/5.0 (Linux; Android 6.0.1; Nexus 5X Build/MMB29P) AppleWebKit/537.36 (KHTML, like Gecko) Chrome/152.0.7977.82 Mobile Safari/537.36 (compatible; Googlebot/2.1; +http://www.google.com/bot.html)"
157.55.39.193 - - [14/Sep/2026:22:20:35 +0300] "GET /shop/pg/51956224 HTTP/1.1" 200 200917 "-" "Mozilla/5.0 AppleWebKit/537.36 (KHTML, like Gecko; compatible; bingbot/2.0; +http://www.bing.com/bingbot.htm) Chrome/116.0.1938.76 Safari/537.36"
66.249.68.96 - - [14/Sep/2026:22:20:51 +0300] "GET /?sale/search/detail/?ITMCODE=5195454633 HTTP/1.1" 200 210235 "-" "Mozilla/5.0 (Linux; Android 6.0.1; Nexus 5X Build/MMB29P) AppleWebKit/537.36 (KHTML, like Gecko) Chrome/152.0.7977.82 Mobile Safari/537.36 (compatible; Googlebot/2.1; +http://www.google.com/bot.html)"
85.208.96.205 - - [14/Sep/2026:22:20:59 +0300] "GET /?sale%2Fsearch%2Fdetail%2F%3FITMCODE=519770448253 HTTP/1.1" 200 11138 "-" "Mozilla/5.0 (compatible; SemrushBot/7~bl; +http://www.semrush.com/bot.html)"
185.191.171.11 - - [14/Sep/2026:22:21:05 +0300] "GET /?sale%2Fsearch%2Fdetail%2F%3FITMCODE=51963955139 HTTP/1.1" 200 11138 "-" "Mozilla/5.0 (compatible; SemrushBot/7~bl; +http://www.semrush.com/bot.html)"
43.153.123.4 - - [14/Sep/2026:22:21:37 +0300] "GET / HTTP/1.1" 200 11120 "-" "Mozilla/5.0 (iPhone; CPU iPhone OS 13_2_3 like Mac OS X) AppleWebKit/605.1.15 (KHTML, like Gecko) Version/13.0.3 Mobile/15E148 Safari/604.1"
43.161.251.162 - - [14/Sep/2026:22:23:14 +0300] "GET / HTTP/1.1" 200 11120 "-" "Mozilla/5.0 (iPhone; CPU iPhone OS 13_2_3 like Mac OS X) AppleWebKit/605.1.15 (KHTML, like Gecko) Version/13.0.3 Mobile/15E148 Safari/604.1"
85.208.96.193 - - [14/Sep/2026:22:23:27 +0300] "GET /?sale%2Fsearch%2Fdetail%2F%3FITMCODE=5200104855925 HTTP/1.1" 200 11138 "-" "Mozilla/5.0 (compatible; SemrushBot/7~bl; +http://www.semrush.com/bot.html)"
85.208.96.193 - - [14/Sep/2026:22:23:36 +0300] "GET /?sale%2Fsearch%2Fdetail%2F%3FITMCODE=52008823637 HTTP/1.1" 200 11138 "-" "Mozilla/5.0 (compatible; SemrushBot/7~bl; +http://www.semrush.com/bot.html)"
66.249.68.96 - - [14/Sep/2026:22:23:51 +0300] "GET /?sale/search/detail/?ITMCODE=5196666308 HTTP/1.1" 200 195271 "-" "Mozilla/5.0 (Linux; Android 6.0.1; Nexus 5X Build/MMB29P) AppleWebKit/537.36 (KHTML, like Gecko) Chrome/152.0.7977.82 Mobile Safari/537.36 (compatible; Googlebot/2.1; +http://www.google.com/bot.html)"
66.249.68.96 - - [14/Sep/2026:22:24:01 +0300] "GET /?sale/search/detail/?ITMCODE=51992240131 HTTP/1.1" 200 194063 "-" "Mozilla/5.0 (Linux; Android 6.0.1; Nexus 5X Build/MMB29P) AppleWebKit/537.36 (KHTML, like Gecko) Chrome/152.0.7977.82 Mobile Safari/537.36 (compatible; Googlebot/2.1; +http://www.google.com/bot.html)"
66.249.68.97 - - [14/Sep/2026:22:24:12 +0300] "GET /?sale/search/detail/?ITMCODE=51992115433 HTTP/1.1" 200 195426 "-" "Mozilla/5.0 (Linux; Android 6.0.1; Nexus 5X Build/MMB29P) AppleWebKit/537.36 (KHTML, like Gecko) Chrome/152.0.7977.82 Mobile Safari/537.36 (compatible; Googlebot/2.1; +http://www.google.com/bot.html)"
66.249.68.97 - - [14/Sep/2026:22:24:13 +0300] "GET /?sale/search/detail/?ITMCODE=51981941128 HTTP/1.1" 200 200711 "-" "Mozilla/5.0 (Linux; Android 6.0.1; Nexus 5X Build/MMB29P) AppleWebKit/537.36 (KHTML, like Gecko) Chrome/152.0.7977.82 Mobile Safari/537.36 (compatible; Googlebot/2.1; +http://www.google.com/bot.html)"
66.249.68.96 - - [14/Sep/2026:22:24:26 +0300] "GET /?sale/search/detail/?ITMCODE=52002766825 HTTP/1.1" 200 197181 "-" "Mozilla/5.0 (Linux; Android 6.0.1; Nexus 5X Build/MMB29P) AppleWebKit/537.36 (KHTML, like Gecko) Chrome/152.0.7977.82 Mobile Safari/537.36 (compatible; Googlebot/2.1; +http://www.google.com/bot.html)"
