Your IP : 216.73.217.101


Current Path : /proc/thread-self/root/proc/thread-self/root/home/antonen/access-logs/
Upload File :
Current File : //proc/thread-self/root/proc/thread-self/root/home/antonen/access-logs/chenglong.testams.vhost.lt

66.249.68.104 - - [14/Sep/2026:15:18:07 +0300] "GET /?sale/search/detail/?ITMCODE=51992361464 HTTP/1.1" 200 199264 "-" "Mozilla/5.0 (Linux; Android 6.0.1; Nexus 5X Build/MMB29P) AppleWebKit/537.36 (KHTML, like Gecko) Chrome/152.0.7977.82 Mobile Safari/537.36 (compatible; Googlebot/2.1; +http://www.google.com/bot.html)"
66.249.68.104 - - [14/Sep/2026:15:18:22 +0300] "GET /?sale/search/detail/?ITMCODE=51992221878 HTTP/1.1" 200 205529 "-" "Mozilla/5.0 (Linux; Android 6.0.1; Nexus 5X Build/MMB29P) AppleWebKit/537.36 (KHTML, like Gecko) Chrome/152.0.7977.82 Mobile Safari/537.36 (compatible; Googlebot/2.1; +http://www.google.com/bot.html)"
66.249.68.96 - - [14/Sep/2026:15:19:03 +0300] "GET /?sale/search/detail/?ITMCODE=51971271646 HTTP/1.1" 200 206091 "-" "Mozilla/5.0 (Linux; Android 6.0.1; Nexus 5X Build/MMB29P) AppleWebKit/537.36 (KHTML, like Gecko) Chrome/152.0.7977.82 Mobile Safari/537.36 (compatible; Googlebot/2.1; +http://www.google.com/bot.html)"
66.249.68.104 - - [14/Sep/2026:15:19:05 +0300] "GET /?sale/search/detail/?ITMCODE=5195289325 HTTP/1.1" 200 216520 "-" "Mozilla/5.0 (Linux; Android 6.0.1; Nexus 5X Build/MMB29P) AppleWebKit/537.36 (KHTML, like Gecko) Chrome/152.0.7977.82 Mobile Safari/537.36 (compatible; Googlebot/2.1; +http://www.google.com/bot.html)"
66.249.68.104 - - [14/Sep/2026:15:19:17 +0300] "GET /?sale/search/detail/?ITMCODE=51971167866 HTTP/1.1" 200 200627 "-" "Mozilla/5.0 (Linux; Android 6.0.1; Nexus 5X Build/MMB29P) AppleWebKit/537.36 (KHTML, like Gecko) Chrome/152.0.7977.82 Mobile Safari/537.36 (compatible; Googlebot/2.1; +http://www.google.com/bot.html)"
66.249.68.104 - - [14/Sep/2026:15:19:18 +0300] "GET /?sale/search/detail/?ITMCODE=5196646941 HTTP/1.1" 200 193332 "-" "Mozilla/5.0 (Linux; Android 6.0.1; Nexus 5X Build/MMB29P) AppleWebKit/537.36 (KHTML, like Gecko) Chrome/152.0.7977.82 Mobile Safari/537.36 (compatible; Googlebot/2.1; +http://www.google.com/bot.html)"
43.166.132.142 - - [14/Sep/2026:15:19:29 +0300] "GET / HTTP/1.1" 200 11140 "-" "Mozilla/5.0 (iPhone; CPU iPhone OS 13_2_3 like Mac OS X) AppleWebKit/605.1.15 (KHTML, like Gecko) Version/13.0.3 Mobile/15E148 Safari/604.1"
66.249.68.104 - - [14/Sep/2026:15:19:48 +0300] "GET /?sale/search/detail/?ITMCODE=51992197280 HTTP/1.1" 200 193895 "-" "Mozilla/5.0 (Linux; Android 6.0.1; Nexus 5X Build/MMB29P) AppleWebKit/537.36 (KHTML, like Gecko) Chrome/152.0.7977.82 Mobile Safari/537.36 (compatible; Googlebot/2.1; +http://www.google.com/bot.html)"
185.191.171.12 - - [14/Sep/2026:15:20:06 +0300] "GET /?sale%2Fsearch%2Fdetail%2F%3FITMCODE=519911340195 HTTP/1.1" 200 11138 "-" "Mozilla/5.0 (compatible; SemrushBot/7~bl; +http://www.semrush.com/bot.html)"
66.249.68.105 - - [14/Sep/2026:15:20:13 +0300] "GET /robots.txt HTTP/1.1" 200 836 "-" "Mozilla/5.0 (compatible; Googlebot/2.1; +http://www.google.com/bot.html)"
66.249.68.104 - - [14/Sep/2026:15:20:13 +0300] "GET /?sale/search/detail/?ITMCODE=5196552617 HTTP/1.1" 200 195086 "-" "Mozilla/5.0 (Linux; Android 6.0.1; Nexus 5X Build/MMB29P) AppleWebKit/537.36 (KHTML, like Gecko) Chrome/152.0.7977.82 Mobile Safari/537.36 (compatible; Googlebot/2.1; +http://www.google.com/bot.html)"
66.249.68.104 - - [14/Sep/2026:15:20:17 +0300] "GET /?sale/search/detail/?ITMCODE=51992134702 HTTP/1.1" 200 213997 "-" "Mozilla/5.0 (Linux; Android 6.0.1; Nexus 5X Build/MMB29P) AppleWebKit/537.36 (KHTML, like Gecko) Chrome/152.0.7977.82 Mobile Safari/537.36 (compatible; Googlebot/2.1; +http://www.google.com/bot.html)"
185.191.171.2 - - [14/Sep/2026:15:21:09 +0300] "GET /?sale%2Fsearch%2Fdetail%2F%3FITMCODE=52008859348 HTTP/1.1" 200 11138 "-" "Mozilla/5.0 (compatible; SemrushBot/7~bl; +http://www.semrush.com/bot.html)"
85.208.96.202 - - [14/Sep/2026:15:21:19 +0300] "GET /?sale%2Fsearch%2Fdetail%2F%3FITMCODE=519770363597 HTTP/1.1" 200 11138 "-" "Mozilla/5.0 (compatible; SemrushBot/7~bl; +http://www.semrush.com/bot.html)"
66.249.68.96 - - [14/Sep/2026:15:21:21 +0300] "GET /robots.txt HTTP/1.1" 200 836 "-" "Mozilla/5.0 (compatible; Googlebot/2.1; +http://www.google.com/bot.html)"
66.249.68.105 - - [14/Sep/2026:15:21:21 +0300] "GET /?sale/search/detail/?ITMCODE=5196682274 HTTP/1.1" 200 212574 "-" "Mozilla/5.0 (Linux; Android 6.0.1; Nexus 5X Build/MMB29P) AppleWebKit/537.36 (KHTML, like Gecko) Chrome/152.0.7977.82 Mobile Safari/537.36 (compatible; Googlebot/2.1; +http://www.google.com/bot.html)"
157.55.39.201 - - [14/Sep/2026:15:21:55 +0300] "GET /shop/pg/51956108 HTTP/1.1" 200 219130 "-" "Mozilla/5.0 AppleWebKit/537.36 (KHTML, like Gecko; compatible; bingbot/2.0; +http://www.bing.com/bingbot.htm) Chrome/116.0.1938.76 Safari/537.36"
66.249.68.104 - - [14/Sep/2026:15:21:58 +0300] "GET /?sale/search/detail/?ITMCODE=519537923 HTTP/1.1" 200 197433 "-" "Mozilla/5.0 (compatible; Googlebot/2.1; +http://www.google.com/bot.html)"
66.249.68.105 - - [14/Sep/2026:15:23:05 +0300] "GET /robots.txt HTTP/1.1" 200 836 "-" "Mozilla/5.0 (compatible; Googlebot/2.1; +http://www.google.com/bot.html)"
66.249.68.96 - - [14/Sep/2026:15:23:06 +0300] "GET /?sale/search/detail/?ITMCODE=5195455119 HTTP/1.1" 200 200338 "-" "Mozilla/5.0 (Linux; Android 6.0.1; Nexus 5X Build/MMB29P) AppleWebKit/537.36 (KHTML, like Gecko) Chrome/152.0.7977.82 Mobile Safari/537.36 (compatible; Googlebot/2.1; +http://www.google.com/bot.html)"
85.208.96.198 - - [14/Sep/2026:15:23:20 +0300] "GET /?sale%2Fsearch%2Fdetail%2F%3FITMCODE=519831561560 HTTP/1.1" 200 11138 "-" "Mozilla/5.0 (compatible; SemrushBot/7~bl; +http://www.semrush.com/bot.html)"
66.249.68.104 - - [14/Sep/2026:15:24:22 +0300] "GET /robots.txt HTTP/1.1" 200 836 "-" "Mozilla/5.0 (compatible; Googlebot/2.1; +http://www.google.com/bot.html)"
66.249.68.96 - - [14/Sep/2026:15:24:23 +0300] "GET /?sale/search/detail/?ITMCODE=51981789374 HTTP/1.1" 200 221012 "-" "Mozilla/5.0 (Linux; Android 6.0.1; Nexus 5X Build/MMB29P) AppleWebKit/537.36 (KHTML, like Gecko) Chrome/152.0.7977.82 Mobile Safari/537.36 (compatible; Googlebot/2.1; +http://www.google.com/bot.html)"
66.249.68.104 - - [14/Sep/2026:15:24:36 +0300] "GET /?sale/search/detail/?ITMCODE=52002953966 HTTP/1.1" 200 210984 "-" "Mozilla/5.0 (Linux; Android 6.0.1; Nexus 5X Build/MMB29P) AppleWebKit/537.36 (KHTML, like Gecko) Chrome/152.0.7977.82 Mobile Safari/537.36 (compatible; Googlebot/2.1; +http://www.google.com/bot.html)"
185.191.171.1 - - [14/Sep/2026:15:25:01 +0300] "GET /?sale%2Fsearch%2Fdetail%2F%3FITMCODE=520020884436 HTTP/1.1" 200 11138 "-" "Mozilla/5.0 (compatible; SemrushBot/7~bl; +http://www.semrush.com/bot.html)"
66.249.68.104 - - [14/Sep/2026:15:26:16 +0300] "GET /robots.txt HTTP/1.1" 200 836 "-" "Mozilla/5.0 (compatible; Googlebot/2.1; +http://www.google.com/bot.html)"
66.249.68.104 - - [14/Sep/2026:15:26:16 +0300] "GET /?sale/search/detail/?ITMCODE=51981548881 HTTP/1.1" 200 197719 "-" "Mozilla/5.0 (Linux; Android 6.0.1; Nexus 5X Build/MMB29P) AppleWebKit/537.36 (KHTML, like Gecko) Chrome/152.0.7977.82 Mobile Safari/537.36 (compatible; Googlebot/2.1; +http://www.google.com/bot.html)"
185.191.171.11 - - [14/Sep/2026:15:26:59 +0300] "GET /?sale%2Fsearch%2Fdetail%2F%3FITMCODE=5199101450141 HTTP/1.1" 200 11138 "-" "Mozilla/5.0 (compatible; SemrushBot/7~bl; +http://www.semrush.com/bot.html)"
66.249.68.104 - - [14/Sep/2026:15:27:02 +0300] "GET /?sale/search/detail/?ITMCODE=51971023572 HTTP/1.1" 200 206703 "-" "Mozilla/5.0 (Linux; Android 6.0.1; Nexus 5X Build/MMB29P) AppleWebKit/537.36 (KHTML, like Gecko) Chrome/152.0.7977.82 Mobile Safari/537.36 (compatible; Googlebot/2.1; +http://www.google.com/bot.html)"
85.208.96.205 - - [14/Sep/2026:15:27:14 +0300] "GET /?sale%2Fsearch%2Fdetail%2F%3FITMCODE=51981716278 HTTP/1.1" 200 11138 "-" "Mozilla/5.0 (compatible; SemrushBot/7~bl; +http://www.semrush.com/bot.html)"
185.191.171.16 - - [14/Sep/2026:15:28:08 +0300] "GET /?sale%2Fsearch%2Fdetail%2F%3FITMCODE=519810644263 HTTP/1.1" 200 11138 "-" "Mozilla/5.0 (compatible; SemrushBot/7~bl; +http://www.semrush.com/bot.html)"
66.249.68.104 - - [14/Sep/2026:15:28:18 +0300] "GET /robots.txt HTTP/1.1" 200 836 "-" "Mozilla/5.0 (compatible; Googlebot/2.1; +http://www.google.com/bot.html)"
66.249.68.104 - - [14/Sep/2026:15:28:19 +0300] "GET /?sale/search/detail/?ITMCODE=5195368159 HTTP/1.1" 200 204737 "-" "Mozilla/5.0 (Linux; Android 6.0.1; Nexus 5X Build/MMB29P) AppleWebKit/537.36 (KHTML, like Gecko) Chrome/152.0.7977.82 Mobile Safari/537.36 (compatible; Googlebot/2.1; +http://www.google.com/bot.html)"
157.55.39.201 - - [14/Sep/2026:15:28:36 +0300] "GET /shop/pg/5196825482 HTTP/1.1" 200 200274 "-" "Mozilla/5.0 AppleWebKit/537.36 (KHTML, like Gecko; compatible; bingbot/2.0; +http://www.bing.com/bingbot.htm) Chrome/116.0.1938.76 Safari/537.36"
185.191.171.6 - - [14/Sep/2026:15:29:26 +0300] "GET /?sale%2Fsearch%2Fdetail%2F%3FITMCODE=519527131912 HTTP/1.1" 200 11138 "-" "Mozilla/5.0 (compatible; SemrushBot/7~bl; +http://www.semrush.com/bot.html)"
170.106.147.63 - - [14/Sep/2026:15:29:40 +0300] "GET / HTTP/1.1" 200 11140 "-" "Mozilla/5.0 (iPhone; CPU iPhone OS 13_2_3 like Mac OS X) AppleWebKit/605.1.15 (KHTML, like Gecko) Version/13.0.3 Mobile/15E148 Safari/604.1"
66.249.68.96 - - [14/Sep/2026:15:31:11 +0300] "GET /?sale/search/detail/?ITMCODE=51981942685 HTTP/1.1" 200 195410 "-" "Mozilla/5.0 (Linux; Android 6.0.1; Nexus 5X Build/MMB29P) AppleWebKit/537.36 (KHTML, like Gecko) Chrome/152.0.7977.82 Mobile Safari/537.36 (compatible; Googlebot/2.1; +http://www.google.com/bot.html)"
66.249.68.104 - - [14/Sep/2026:15:31:12 +0300] "GET /?sale/search/detail/?ITMCODE=51981692760 HTTP/1.1" 200 203479 "-" "Mozilla/5.0 (Linux; Android 6.0.1; Nexus 5X Build/MMB29P) AppleWebKit/537.36 (KHTML, like Gecko) Chrome/152.0.7977.82 Mobile Safari/537.36 (compatible; Googlebot/2.1; +http://www.google.com/bot.html)"
185.191.171.10 - - [14/Sep/2026:15:31:34 +0300] "GET /?sale%2Fsearch%2Fdetail%2F%3FITMCODE=519719425173 HTTP/1.1" 200 11138 "-" "Mozilla/5.0 (compatible; SemrushBot/7~bl; +http://www.semrush.com/bot.html)"
85.208.96.208 - - [14/Sep/2026:15:32:36 +0300] "GET /?sale%2Fsearch%2Fdetail%2F%3FITMCODE=519825732033 HTTP/1.1" 200 11138 "-" "Mozilla/5.0 (compatible; SemrushBot/7~bl; +http://www.semrush.com/bot.html)"
66.249.68.104 - - [14/Sep/2026:15:32:50 +0300] "GET /?sale/search/detail/?ITMCODE=51971093531 HTTP/1.1" 200 198323 "-" "Mozilla/5.0 (Linux; Android 6.0.1; Nexus 5X Build/MMB29P) AppleWebKit/537.36 (KHTML, like Gecko) Chrome/152.0.7977.82 Mobile Safari/537.36 (compatible; Googlebot/2.1; +http://www.google.com/bot.html)"
66.249.68.104 - - [14/Sep/2026:15:33:12 +0300] "GET /?sale/search/detail/?ITMCODE=51992296119 HTTP/1.1" 200 204418 "-" "Mozilla/5.0 (Linux; Android 6.0.1; Nexus 5X Build/MMB29P) AppleWebKit/537.36 (KHTML, like Gecko) Chrome/152.0.7977.82 Mobile Safari/537.36 (compatible; Googlebot/2.1; +http://www.google.com/bot.html)"
66.249.68.104 - - [14/Sep/2026:15:33:45 +0300] "GET /?sale/search/detail/?ITMCODE=51981939381 HTTP/1.1" 200 203681 "-" "Mozilla/5.0 (Linux; Android 6.0.1; Nexus 5X Build/MMB29P) AppleWebKit/537.36 (KHTML, like Gecko) Chrome/152.0.7977.82 Mobile Safari/537.36 (compatible; Googlebot/2.1; +http://www.google.com/bot.html)"
66.249.68.104 - - [14/Sep/2026:15:33:59 +0300] "GET /?sale/search/detail/?ITMCODE=51981757973 HTTP/1.1" 200 216972 "-" "Mozilla/5.0 (Linux; Android 6.0.1; Nexus 5X Build/MMB29P) AppleWebKit/537.36 (KHTML, like Gecko) Chrome/152.0.7977.82 Mobile Safari/537.36 (compatible; Googlebot/2.1; +http://www.google.com/bot.html)"
66.249.68.104 - - [14/Sep/2026:15:34:38 +0300] "GET /?sale/search/detail/?ITMCODE=51992089677 HTTP/1.1" 200 198975 "-" "Mozilla/5.0 (Linux; Android 6.0.1; Nexus 5X Build/MMB29P) AppleWebKit/537.36 (KHTML, like Gecko) Chrome/152.0.7977.82 Mobile Safari/537.36 (compatible; Googlebot/2.1; +http://www.google.com/bot.html)"
85.208.96.204 - - [14/Sep/2026:15:35:49 +0300] "GET /?sale%2Fsearch%2Fdetail%2F%3FITMCODE=519810890875 HTTP/1.1" 200 11138 "-" "Mozilla/5.0 (compatible; SemrushBot/7~bl; +http://www.semrush.com/bot.html)"
85.208.96.195 - - [14/Sep/2026:15:37:57 +0300] "GET /?sale%2Fsearch%2Fdetail%2F%3FITMCODE=519935444780 HTTP/1.1" 200 11138 "-" "Mozilla/5.0 (compatible; SemrushBot/7~bl; +http://www.semrush.com/bot.html)"
101.33.66.34 - - [14/Sep/2026:15:39:53 +0300] "GET / HTTP/1.1" 200 11140 "-" "Mozilla/5.0 (iPhone; CPU iPhone OS 13_2_3 like Mac OS X) AppleWebKit/605.1.15 (KHTML, like Gecko) Version/13.0.3 Mobile/15E148 Safari/604.1"
92.222.104.208 - - [14/Sep/2026:15:40:33 +0300] "GET / HTTP/1.1" 200 11138 "-" "Mozilla/5.0 (compatible; AhrefsBot/7.0; +http://ahrefs.com/robot/)"
85.208.96.209 - - [14/Sep/2026:15:41:23 +0300] "GET /?sale%2Fsearch%2Fdetail%2F%3FITMCODE=519572198777 HTTP/1.1" 200 11138 "-" "Mozilla/5.0 (compatible; SemrushBot/7~bl; +http://www.semrush.com/bot.html)"
85.208.96.203 - - [14/Sep/2026:15:41:38 +0300] "GET /?sale%2Fsearch%2Fdetail%2F%3FITMCODE=519572477055 HTTP/1.1" 200 11138 "-" "Mozilla/5.0 (compatible; SemrushBot/7~bl; +http://www.semrush.com/bot.html)"
85.208.96.199 - - [14/Sep/2026:15:42:25 +0300] "GET /?sale%2Fsearch%2Fdetail%2F%3FITMCODE=51953439238 HTTP/1.1" 200 11138 "-" "Mozilla/5.0 (compatible; SemrushBot/7~bl; +http://www.semrush.com/bot.html)"
62.60.130.117 - - [14/Sep/2026:15:42:38 +0300] "GET /.vscode/sftp.json HTTP/1.1" 404 1320 "-" "Mozilla/5.0 (Windows NT 10.0; Win64; x64) AppleWebKit/537.36 (KHTML, like Gecko) Chrome/114.0.0.0 Safari/537.36"
62.60.130.117 - - [14/Sep/2026:15:42:39 +0300] "GET /sftp-config.json HTTP/1.1" 404 1320 "-" "Mozilla/5.0 (Windows NT 10.0; Win64; x64) AppleWebKit/537.36 (KHTML, like Gecko) Chrome/114.0.0.0 Safari/537.36"
157.55.39.197 - - [14/Sep/2026:15:44:18 +0300] "GET /shop/pg/854206 HTTP/1.1" 200 198163 "-" "Mozilla/5.0 AppleWebKit/537.36 (KHTML, like Gecko; compatible; bingbot/2.0; +http://www.bing.com/bingbot.htm) Chrome/116.0.1938.76 Safari/537.36"
185.191.171.6 - - [14/Sep/2026:15:45:14 +0300] "GET /?sale%2Fsearch%2Fdetail%2F%3FITMCODE=5195105021811 HTTP/1.1" 200 11138 "-" "Mozilla/5.0 (compatible; SemrushBot/7~bl; +http://www.semrush.com/bot.html)"
185.191.171.7 - - [14/Sep/2026:15:45:36 +0300] "GET /?sale%2Fsearch%2Fdetail%2F%3FITMCODE=51998383263 HTTP/1.1" 200 11138 "-" "Mozilla/5.0 (compatible; SemrushBot/7~bl; +http://www.semrush.com/bot.html)"
66.249.68.104 - - [14/Sep/2026:15:46:10 +0300] "GET /?sale/search/detail/?ITMCODE=51992122637 HTTP/1.1" 200 193890 "-" "Mozilla/5.0 (Linux; Android 6.0.1; Nexus 5X Build/MMB29P) AppleWebKit/537.36 (KHTML, like Gecko) Chrome/152.0.7977.82 Mobile Safari/537.36 (compatible; Googlebot/2.1; +http://www.google.com/bot.html)"
85.208.96.195 - - [14/Sep/2026:15:46:39 +0300] "GET /?sale%2Fsearch%2Fdetail%2F%3FITMCODE=5197100290656 HTTP/1.1" 200 11138 "-" "Mozilla/5.0 (compatible; SemrushBot/7~bl; +http://www.semrush.com/bot.html)"
66.249.68.104 - - [14/Sep/2026:15:46:41 +0300] "GET /?shop/c/c51981000655/ HTTP/1.1" 200 262758 "-" "Mozilla/5.0 (Linux; Android 6.0.1; Nexus 5X Build/MMB29P) AppleWebKit/537.36 (KHTML, like Gecko) Chrome/152.0.7977.82 Mobile Safari/537.36 (compatible; Googlebot/2.1; +http://www.google.com/bot.html)"
66.249.68.105 - - [14/Sep/2026:15:47:11 +0300] "GET /?sale/search/detail/?ITMCODE=52002820485 HTTP/1.1" 200 207331 "-" "Mozilla/5.0 (Linux; Android 6.0.1; Nexus 5X Build/MMB29P) AppleWebKit/537.36 (KHTML, like Gecko) Chrome/152.0.7977.82 Mobile Safari/537.36 (compatible; Googlebot/2.1; +http://www.google.com/bot.html)"
85.208.96.198 - - [14/Sep/2026:15:47:17 +0300] "GET /?sale%2Fsearch%2Fdetail%2F%3FITMCODE=519618595961 HTTP/1.1" 200 11138 "-" "Mozilla/5.0 (compatible; SemrushBot/7~bl; +http://www.semrush.com/bot.html)"
66.249.68.105 - - [14/Sep/2026:15:47:22 +0300] "GET /?sale/search/detail/?ITMCODE=52002814937 HTTP/1.1" 200 199067 "-" "Mozilla/5.0 (Linux; Android 6.0.1; Nexus 5X Build/MMB29P) AppleWebKit/537.36 (KHTML, like Gecko) Chrome/152.0.7977.82 Mobile Safari/537.36 (compatible; Googlebot/2.1; +http://www.google.com/bot.html)"
52.167.144.159 - - [14/Sep/2026:15:48:10 +0300] "GET /sale/search/detail/?ITMCODE=52002932820 HTTP/1.1" 200 194450 "-" "Mozilla/5.0 AppleWebKit/537.36 (KHTML, like Gecko; compatible; bingbot/2.0; +http://www.bing.com/bingbot.htm) Chrome/116.0.1938.76 Safari/537.36"
85.208.96.212 - - [14/Sep/2026:15:49:18 +0300] "GET /?sale%2Fsearch%2Fdetail%2F%3FITMCODE=5197100475735 HTTP/1.1" 200 11138 "-" "Mozilla/5.0 (compatible; SemrushBot/7~bl; +http://www.semrush.com/bot.html)"
66.249.68.104 - - [14/Sep/2026:15:50:05 +0300] "GET /?sale/search/detail/?ITMCODE=52002723779 HTTP/1.1" 200 197119 "-" "Mozilla/5.0 (Linux; Android 6.0.1; Nexus 5X Build/MMB29P) AppleWebKit/537.36 (KHTML, like Gecko) Chrome/152.0.7977.82 Mobile Safari/537.36 (compatible; Googlebot/2.1; +http://www.google.com/bot.html)"
216.73.217.175 - - [14/Sep/2026:15:50:14 +0300] "GET /robots.txt HTTP/1.1" 200 836 "-" "Mozilla/5.0 AppleWebKit/537.36 (KHTML, like Gecko; compatible; ClaudeBot/1.0; +claudebot@anthropic.com)"
216.73.217.175 - - [14/Sep/2026:15:50:14 +0300] "GET /sitemap.xml HTTP/1.1" 200 1307 "-" "Mozilla/5.0 AppleWebKit/537.36 (KHTML, like Gecko; compatible; ClaudeBot/1.0; +claudebot@anthropic.com)"
85.208.96.203 - - [14/Sep/2026:15:50:50 +0300] "GET /?sale%2Fsearch%2Fdetail%2F%3FITMCODE=520017766764 HTTP/1.1" 200 11138 "-" "Mozilla/5.0 (compatible; SemrushBot/7~bl; +http://www.semrush.com/bot.html)"
85.208.96.208 - - [14/Sep/2026:15:51:18 +0300] "GET /?sale%2Fsearch%2Fdetail%2F%3FITMCODE=52008950643 HTTP/1.1" 200 11138 "-" "Mozilla/5.0 (compatible; SemrushBot/7~bl; +http://www.semrush.com/bot.html)"
66.249.68.104 - - [14/Sep/2026:15:53:06 +0300] "GET /?sale/search/detail/?ITMCODE=5196516343 HTTP/1.1" 200 194939 "-" "Mozilla/5.0 (Linux; Android 6.0.1; Nexus 5X Build/MMB29P) AppleWebKit/537.36 (KHTML, like Gecko) Chrome/152.0.7977.82 Mobile Safari/537.36 (compatible; Googlebot/2.1; +http://www.google.com/bot.html)"
85.208.96.201 - - [14/Sep/2026:15:53:18 +0300] "GET /?sale%2Fsearch%2Fdetail%2F%3FITMCODE=51995210912 HTTP/1.1" 200 11138 "-" "Mozilla/5.0 (compatible; SemrushBot/7~bl; +http://www.semrush.com/bot.html)"
82.102.18.124 - - [14/Sep/2026:15:54:16 +0300] "GET / HTTP/1.1" 200 11118 "-" "Mozilla/5.0 (Windows NT 10.0; Win64; x64) AppleWebKit/537.36 (KHTML, like Gecko) Chrome/78.0.3904.108 Safari/537.36"
82.102.18.124 - - [14/Sep/2026:15:54:16 +0300] "GET / HTTP/1.1" 200 11118 "-" "Mozilla/5.0 (Windows NT 10.0; Win64; x64) AppleWebKit/537.36 (KHTML, like Gecko) Chrome/78.0.3904.108 Safari/537.36"
82.102.18.124 - - [14/Sep/2026:15:54:16 +0300] "GET /wp-includes/wlwmanifest.xml HTTP/1.1" 200 185010 "-" "Mozilla/5.0 (Windows NT 10.0; Win64; x64) AppleWebKit/537.36 (KHTML, like Gecko) Chrome/78.0.3904.108 Safari/537.36"
82.102.18.124 - - [14/Sep/2026:15:54:16 +0300] "GET /xmlrpc.php?rsd HTTP/1.1" 301 269 "-" "Mozilla/5.0 (Windows NT 10.0; Win64; x64) AppleWebKit/537.36 (KHTML, like Gecko) Chrome/78.0.3904.108 Safari/537.36"
82.102.18.124 - - [14/Sep/2026:15:54:17 +0300] "GET / HTTP/1.1" 200 11118 "-" "Mozilla/5.0 (Windows NT 10.0; Win64; x64) AppleWebKit/537.36 (KHTML, like Gecko) Chrome/78.0.3904.108 Safari/537.36"
82.102.18.124 - - [14/Sep/2026:15:54:17 +0300] "GET /blog/wp-includes/wlwmanifest.xml HTTP/1.1" 200 183935 "-" "Mozilla/5.0 (Windows NT 10.0; Win64; x64) AppleWebKit/537.36 (KHTML, like Gecko) Chrome/78.0.3904.108 Safari/537.36"
82.102.18.124 - - [14/Sep/2026:15:54:17 +0300] "GET /web/wp-includes/wlwmanifest.xml HTTP/1.1" 200 185010 "-" "Mozilla/5.0 (Windows NT 10.0; Win64; x64) AppleWebKit/537.36 (KHTML, like Gecko) Chrome/78.0.3904.108 Safari/537.36"
82.102.18.124 - - [14/Sep/2026:15:54:18 +0300] "GET /wordpress/wp-includes/wlwmanifest.xml HTTP/1.1" 200 183935 "-" "Mozilla/5.0 (Windows NT 10.0; Win64; x64) AppleWebKit/537.36 (KHTML, like Gecko) Chrome/78.0.3904.108 Safari/537.36"
82.102.18.124 - - [14/Sep/2026:15:54:18 +0300] "GET /website/wp-includes/wlwmanifest.xml HTTP/1.1" 200 183935 "-" "Mozilla/5.0 (Windows NT 10.0; Win64; x64) AppleWebKit/537.36 (KHTML, like Gecko) Chrome/78.0.3904.108 Safari/537.36"
82.102.18.124 - - [14/Sep/2026:15:54:18 +0300] "GET /wp/wp-includes/wlwmanifest.xml HTTP/1.1" 200 185010 "-" "Mozilla/5.0 (Windows NT 10.0; Win64; x64) AppleWebKit/537.36 (KHTML, like Gecko) Chrome/78.0.3904.108 Safari/537.36"
82.102.18.124 - - [14/Sep/2026:15:54:19 +0300] "GET /news/wp-includes/wlwmanifest.xml HTTP/1.1" 200 185010 "-" "Mozilla/5.0 (Windows NT 10.0; Win64; x64) AppleWebKit/537.36 (KHTML, like Gecko) Chrome/78.0.3904.108 Safari/537.36"
82.102.18.124 - - [14/Sep/2026:15:54:19 +0300] "GET /2018/wp-includes/wlwmanifest.xml HTTP/1.1" 200 183662 "-" "Mozilla/5.0 (Windows NT 10.0; Win64; x64) AppleWebKit/537.36 (KHTML, like Gecko) Chrome/78.0.3904.108 Safari/537.36"
82.102.18.124 - - [14/Sep/2026:15:54:20 +0300] "GET /2019/wp-includes/wlwmanifest.xml HTTP/1.1" 200 183935 "-" "Mozilla/5.0 (Windows NT 10.0; Win64; x64) AppleWebKit/537.36 (KHTML, like Gecko) Chrome/78.0.3904.108 Safari/537.36"
82.102.18.124 - - [14/Sep/2026:15:54:20 +0300] "GET /shop/wp-includes/wlwmanifest.xml HTTP/1.1" 200 185010 "-" "Mozilla/5.0 (Windows NT 10.0; Win64; x64) AppleWebKit/537.36 (KHTML, like Gecko) Chrome/78.0.3904.108 Safari/537.36"
82.102.18.124 - - [14/Sep/2026:15:54:20 +0300] "GET /wp1/wp-includes/wlwmanifest.xml HTTP/1.1" 200 184909 "-" "Mozilla/5.0 (Windows NT 10.0; Win64; x64) AppleWebKit/537.36 (KHTML, like Gecko) Chrome/78.0.3904.108 Safari/537.36"
82.102.18.124 - - [14/Sep/2026:15:54:21 +0300] "GET /test/wp-includes/wlwmanifest.xml HTTP/1.1" 200 184107 "-" "Mozilla/5.0 (Windows NT 10.0; Win64; x64) AppleWebKit/537.36 (KHTML, like Gecko) Chrome/78.0.3904.108 Safari/537.36"
82.102.18.124 - - [14/Sep/2026:15:54:21 +0300] "GET /media/wp-includes/wlwmanifest.xml HTTP/1.1" 200 183549 "-" "Mozilla/5.0 (Windows NT 10.0; Win64; x64) AppleWebKit/537.36 (KHTML, like Gecko) Chrome/78.0.3904.108 Safari/537.36"
82.102.18.124 - - [14/Sep/2026:15:54:22 +0300] "GET /wp2/wp-includes/wlwmanifest.xml HTTP/1.1" 200 183935 "-" "Mozilla/5.0 (Windows NT 10.0; Win64; x64) AppleWebKit/537.36 (KHTML, like Gecko) Chrome/78.0.3904.108 Safari/537.36"
82.102.18.124 - - [14/Sep/2026:15:54:22 +0300] "GET /site/wp-includes/wlwmanifest.xml HTTP/1.1" 200 184227 "-" "Mozilla/5.0 (Windows NT 10.0; Win64; x64) AppleWebKit/537.36 (KHTML, like Gecko) Chrome/78.0.3904.108 Safari/537.36"
82.102.18.124 - - [14/Sep/2026:15:54:22 +0300] "GET /cms/wp-includes/wlwmanifest.xml HTTP/1.1" 200 183935 "-" "Mozilla/5.0 (Windows NT 10.0; Win64; x64) AppleWebKit/537.36 (KHTML, like Gecko) Chrome/78.0.3904.108 Safari/537.36"
82.102.18.124 - - [14/Sep/2026:15:54:23 +0300] "GET /sito/wp-includes/wlwmanifest.xml HTTP/1.1" 200 185010 "-" "Mozilla/5.0 (Windows NT 10.0; Win64; x64) AppleWebKit/537.36 (KHTML, like Gecko) Chrome/78.0.3904.108 Safari/537.36"
199.45.155.52 - - [14/Sep/2026:15:54:30 +0300] "GET / HTTP/1.1" 200 11138 "-" "Mozilla/5.0 (compatible; CensysInspect/1.1; +https://about.censys.io/)"
199.45.155.52 - - [14/Sep/2026:15:54:42 +0300] "GET /templates/resto_6/favicon.ico HTTP/1.1" 200 23558 "-" "Mozilla/5.0 (compatible; CensysInspect/1.1; +https://about.censys.io/)"
66.249.68.104 - - [14/Sep/2026:15:54:47 +0300] "GET /?sale/search/detail/?ITMCODE=5196850979 HTTP/1.1" 200 194014 "-" "Mozilla/5.0 (Linux; Android 6.0.1; Nexus 5X Build/MMB29P) AppleWebKit/537.36 (KHTML, like Gecko) Chrome/152.0.7977.82 Mobile Safari/537.36 (compatible; Googlebot/2.1; +http://www.google.com/bot.html)"
199.45.155.52 - - [14/Sep/2026:15:54:51 +0300] "GET /favicon.ico HTTP/1.1" 404 1317 "-" "Mozilla/5.0 (compatible; CensysInspect/1.1; +https://about.censys.io/)"
66.249.68.105 - - [14/Sep/2026:15:56:01 +0300] "GET /?sale/search/detail/?ITMCODE=5196744790 HTTP/1.1" 200 198194 "-" "Mozilla/5.0 (Linux; Android 6.0.1; Nexus 5X Build/MMB29P) AppleWebKit/537.36 (KHTML, like Gecko) Chrome/152.0.7977.82 Mobile Safari/537.36 (compatible; Googlebot/2.1; +http://www.google.com/bot.html)"
66.249.68.104 - - [14/Sep/2026:15:56:43 +0300] "GET /?sale/search/detail/?ITMCODE=51971318608 HTTP/1.1" 200 201298 "-" "Mozilla/5.0 (Linux; Android 6.0.1; Nexus 5X Build/MMB29P) AppleWebKit/537.36 (KHTML, like Gecko) Chrome/152.0.7977.82 Mobile Safari/537.36 (compatible; Googlebot/2.1; +http://www.google.com/bot.html)"
66.249.68.104 - - [14/Sep/2026:15:56:58 +0300] "GET /?sale/search/detail/?ITMCODE=51971314874 HTTP/1.1" 200 197332 "-" "Mozilla/5.0 (Linux; Android 6.0.1; Nexus 5X Build/MMB29P) AppleWebKit/537.36 (KHTML, like Gecko) Chrome/152.0.7977.82 Mobile Safari/537.36 (compatible; Googlebot/2.1; +http://www.google.com/bot.html)"
185.191.171.17 - - [14/Sep/2026:15:57:01 +0300] "GET /?sale%2Fsearch%2Fdetail%2F%3FITMCODE=5196833253 HTTP/1.1" 200 11138 "-" "Mozilla/5.0 (compatible; SemrushBot/7~bl; +http://www.semrush.com/bot.html)"
84.15.186.146 - - [14/Sep/2026:15:57:17 +0300] "GET / HTTP/1.1" 200 11120 "-" "Mozilla/5.0 (iPhone; CPU iPhone OS 26_6_2 like Mac OS X) AppleWebKit/605.1.15 (KHTML, like Gecko) CriOS/153.0.8010.24 Mobile/15E148 Safari/604.1"
84.15.186.146 - - [14/Sep/2026:15:57:17 +0300] "GET /plugins/content/simplepopup/simplepopup/spustyle.css HTTP/1.1" 200 529 "http://chenglong.lt/" "Mozilla/5.0 (iPhone; CPU iPhone OS 26_6_2 like Mac OS X) AppleWebKit/605.1.15 (KHTML, like Gecko) CriOS/153.0.8010.24 Mobile/15E148 Safari/604.1"
84.15.186.146 - - [14/Sep/2026:15:57:17 +0300] "GET /plugins/content/dearflip/dflip/css/dflip.css HTTP/1.1" 200 36921 "http://chenglong.lt/" "Mozilla/5.0 (iPhone; CPU iPhone OS 26_6_2 like Mac OS X) AppleWebKit/605.1.15 (KHTML, like Gecko) CriOS/153.0.8010.24 Mobile/15E148 Safari/604.1"
84.15.186.146 - - [14/Sep/2026:15:57:17 +0300] "GET /plugins/content/simplepopup/simplepopup/fancybox/jquery.fancybox-1.3.4.css HTTP/1.1" 200 8963 "http://chenglong.lt/" "Mozilla/5.0 (iPhone; CPU iPhone OS 26_6_2 like Mac OS X) AppleWebKit/605.1.15 (KHTML, like Gecko) CriOS/153.0.8010.24 Mobile/15E148 Safari/604.1"
84.15.186.146 - - [14/Sep/2026:15:57:17 +0300] "GET /plugins/system/miniteksystemmessages/assets/css/style.css?v=1.0.6 HTTP/1.1" 200 3576 "http://chenglong.lt/" "Mozilla/5.0 (iPhone; CPU iPhone OS 26_6_2 like Mac OS X) AppleWebKit/605.1.15 (KHTML, like Gecko) CriOS/153.0.8010.24 Mobile/15E148 Safari/604.1"
84.15.186.146 - - [14/Sep/2026:15:57:17 +0300] "GET /plugins/content/dearflip/dflip/css/themify-icons.css HTTP/1.1" 200 16417 "http://chenglong.lt/" "Mozilla/5.0 (iPhone; CPU iPhone OS 26_6_2 like Mac OS X) AppleWebKit/605.1.15 (KHTML, like Gecko) CriOS/153.0.8010.24 Mobile/15E148 Safari/604.1"
84.15.186.146 - - [14/Sep/2026:15:57:17 +0300] "GET /plugins/system/miniteksystemmessages/assets/css/jquery.jgrowl.css HTTP/1.1" 200 2112 "http://chenglong.lt/" "Mozilla/5.0 (iPhone; CPU iPhone OS 26_6_2 like Mac OS X) AppleWebKit/605.1.15 (KHTML, like Gecko) CriOS/153.0.8010.24 Mobile/15E148 Safari/604.1"
84.15.186.146 - - [14/Sep/2026:15:57:17 +0300] "GET /media/jui/js/jquery.min.js?0c2ada6fb5fac50fc7ad43b82b14eaac HTTP/1.1" 200 97646 "http://chenglong.lt/" "Mozilla/5.0 (iPhone; CPU iPhone OS 26_6_2 like Mac OS X) AppleWebKit/605.1.15 (KHTML, like Gecko) CriOS/153.0.8010.24 Mobile/15E148 Safari/604.1"
84.15.186.146 - - [14/Sep/2026:15:57:17 +0300] "GET /media/jui/js/jquery-noconflict.js?0c2ada6fb5fac50fc7ad43b82b14eaac HTTP/1.1" 200 21 "http://chenglong.lt/" "Mozilla/5.0 (iPhone; CPU iPhone OS 26_6_2 like Mac OS X) AppleWebKit/605.1.15 (KHTML, like Gecko) CriOS/153.0.8010.24 Mobile/15E148 Safari/604.1"
84.15.186.146 - - [14/Sep/2026:15:57:17 +0300] "GET /media/jui/js/jquery-migrate.min.js?0c2ada6fb5fac50fc7ad43b82b14eaac HTTP/1.1" 200 10056 "http://chenglong.lt/" "Mozilla/5.0 (iPhone; CPU iPhone OS 26_6_2 like Mac OS X) AppleWebKit/605.1.15 (KHTML, like Gecko) CriOS/153.0.8010.24 Mobile/15E148 Safari/604.1"
84.15.186.146 - - [14/Sep/2026:15:57:17 +0300] "GET /plugins/content/simplepopup/simplepopup/fancybox/jquery.mousewheel-3.0.4.pack.js HTTP/1.1" 200 1292 "http://chenglong.lt/" "Mozilla/5.0 (iPhone; CPU iPhone OS 26_6_2 like Mac OS X) AppleWebKit/605.1.15 (KHTML, like Gecko) CriOS/153.0.8010.24 Mobile/15E148 Safari/604.1"
84.15.186.146 - - [14/Sep/2026:15:57:17 +0300] "GET /plugins/content/simplepopup/simplepopup/fancybox/jquery.fancybox-1.3.4.patch.js HTTP/1.1" 200 18097 "http://chenglong.lt/" "Mozilla/5.0 (iPhone; CPU iPhone OS 26_6_2 like Mac OS X) AppleWebKit/605.1.15 (KHTML, like Gecko) CriOS/153.0.8010.24 Mobile/15E148 Safari/604.1"
84.15.186.146 - - [14/Sep/2026:15:57:17 +0300] "GET /media/system/js/core.js?0c2ada6fb5fac50fc7ad43b82b14eaac HTTP/1.1" 200 8735 "http://chenglong.lt/" "Mozilla/5.0 (iPhone; CPU iPhone OS 26_6_2 like Mac OS X) AppleWebKit/605.1.15 (KHTML, like Gecko) CriOS/153.0.8010.24 Mobile/15E148 Safari/604.1"
84.15.186.146 - - [14/Sep/2026:15:57:17 +0300] "GET /media/system/js/caption.js?0c2ada6fb5fac50fc7ad43b82b14eaac HTTP/1.1" 200 491 "http://chenglong.lt/" "Mozilla/5.0 (iPhone; CPU iPhone OS 26_6_2 like Mac OS X) AppleWebKit/605.1.15 (KHTML, like Gecko) CriOS/153.0.8010.24 Mobile/15E148 Safari/604.1"
84.15.186.146 - - [14/Sep/2026:15:57:17 +0300] "GET /plugins/content/dearflip/dflip/js/dflip.min.js HTTP/1.1" 200 126454 "http://chenglong.lt/" "Mozilla/5.0 (iPhone; CPU iPhone OS 26_6_2 like Mac OS X) AppleWebKit/605.1.15 (KHTML, like Gecko) CriOS/153.0.8010.24 Mobile/15E148 Safari/604.1"
84.15.186.146 - - [14/Sep/2026:15:57:17 +0300] "GET /media/system/js/mootools-core.js?0c2ada6fb5fac50fc7ad43b82b14eaac HTTP/1.1" 200 83893 "http://chenglong.lt/" "Mozilla/5.0 (iPhone; CPU iPhone OS 26_6_2 like Mac OS X) AppleWebKit/605.1.15 (KHTML, like Gecko) CriOS/153.0.8010.24 Mobile/15E148 Safari/604.1"
84.15.186.146 - - [14/Sep/2026:15:57:17 +0300] "GET /plugins/system/miniteksystemmessages/assets/js/jquery.jgrowl.js HTTP/1.1" 200 16629 "http://chenglong.lt/" "Mozilla/5.0 (iPhone; CPU iPhone OS 26_6_2 like Mac OS X) AppleWebKit/605.1.15 (KHTML, like Gecko) CriOS/153.0.8010.24 Mobile/15E148 Safari/604.1"
84.15.186.146 - - [14/Sep/2026:15:57:17 +0300] "GET /plugins/system/miniteksystemmessages/assets/js/script.js?v=1.0.6 HTTP/1.1" 200 7131 "http://chenglong.lt/" "Mozilla/5.0 (iPhone; CPU iPhone OS 26_6_2 like Mac OS X) AppleWebKit/605.1.15 (KHTML, like Gecko) CriOS/153.0.8010.24 Mobile/15E148 Safari/604.1"
84.15.186.146 - - [14/Sep/2026:15:57:17 +0300] "GET /templates/system/css/system.css HTTP/1.1" 200 881 "http://chenglong.lt/" "Mozilla/5.0 (iPhone; CPU iPhone OS 26_6_2 like Mac OS X) AppleWebKit/605.1.15 (KHTML, like Gecko) CriOS/153.0.8010.24 Mobile/15E148 Safari/604.1"
84.15.186.146 - - [14/Sep/2026:15:57:17 +0300] "GET /templates/system/css/general.css HTTP/1.1" 200 2717 "http://chenglong.lt/" "Mozilla/5.0 (iPhone; CPU iPhone OS 26_6_2 like Mac OS X) AppleWebKit/605.1.15 (KHTML, like Gecko) CriOS/153.0.8010.24 Mobile/15E148 Safari/604.1"
84.15.186.146 - - [14/Sep/2026:15:57:17 +0300] "GET /templates/resto_6/css/template.css HTTP/1.1" 200 65213 "http://chenglong.lt/" "Mozilla/5.0 (iPhone; CPU iPhone OS 26_6_2 like Mac OS X) AppleWebKit/605.1.15 (KHTML, like Gecko) CriOS/153.0.8010.24 Mobile/15E148 Safari/604.1"
84.15.186.146 - - [14/Sep/2026:15:57:17 +0300] "GET /templates/resto_6/css/template.responsive.css HTTP/1.1" 200 11640 "http://chenglong.lt/" "Mozilla/5.0 (iPhone; CPU iPhone OS 26_6_2 like Mac OS X) AppleWebKit/605.1.15 (KHTML, like Gecko) CriOS/153.0.8010.24 Mobile/15E148 Safari/604.1"
84.15.186.146 - - [14/Sep/2026:15:57:17 +0300] "GET /templates/resto_6/jquery.js HTTP/1.1" 200 92629 "http://chenglong.lt/" "Mozilla/5.0 (iPhone; CPU iPhone OS 26_6_2 like Mac OS X) AppleWebKit/605.1.15 (KHTML, like Gecko) CriOS/153.0.8010.24 Mobile/15E148 Safari/604.1"
84.15.186.146 - - [14/Sep/2026:15:57:17 +0300] "GET /templates/resto_6/script.js HTTP/1.1" 200 56744 "http://chenglong.lt/" "Mozilla/5.0 (iPhone; CPU iPhone OS 26_6_2 like Mac OS X) AppleWebKit/605.1.15 (KHTML, like Gecko) CriOS/153.0.8010.24 Mobile/15E148 Safari/604.1"
84.15.186.146 - - [14/Sep/2026:15:57:17 +0300] "GET /media/system/js/mootools-more.js?0c2ada6fb5fac50fc7ad43b82b14eaac HTTP/1.1" 200 236825 "http://chenglong.lt/" "Mozilla/5.0 (iPhone; CPU iPhone OS 26_6_2 like Mac OS X) AppleWebKit/605.1.15 (KHTML, like Gecko) CriOS/153.0.8010.24 Mobile/15E148 Safari/604.1"
84.15.186.146 - - [14/Sep/2026:15:57:17 +0300] "GET /templates/resto_6/script.responsive.js HTTP/1.1" 200 21136 "http://chenglong.lt/" "Mozilla/5.0 (iPhone; CPU iPhone OS 26_6_2 like Mac OS X) AppleWebKit/605.1.15 (KHTML, like Gecko) CriOS/153.0.8010.24 Mobile/15E148 Safari/604.1"
84.15.186.146 - - [14/Sep/2026:15:57:18 +0300] "GET /templates/resto_6/modules.js HTTP/1.1" 200 - "http://chenglong.lt/" "Mozilla/5.0 (iPhone; CPU iPhone OS 26_6_2 like Mac OS X) AppleWebKit/605.1.15 (KHTML, like Gecko) CriOS/153.0.8010.24 Mobile/15E148 Safari/604.1"
84.15.186.146 - - [14/Sep/2026:15:57:18 +0300] "GET /images/logo.png HTTP/1.1" 200 30174 "http://chenglong.lt/" "Mozilla/5.0 (iPhone; CPU iPhone OS 26_6_2 like Mac OS X) AppleWebKit/605.1.15 (KHTML, like Gecko) CriOS/153.0.8010.24 Mobile/15E148 Safari/604.1"
84.15.186.146 - - [14/Sep/2026:15:57:18 +0300] "GET /images/logo_dark_small.png HTTP/1.1" 200 164696 "http://chenglong.lt/" "Mozilla/5.0 (iPhone; CPU iPhone OS 26_6_2 like Mac OS X) AppleWebKit/605.1.15 (KHTML, like Gecko) CriOS/153.0.8010.24 Mobile/15E148 Safari/604.1"
84.15.186.146 - - [14/Sep/2026:15:57:18 +0300] "GET /media/system/css/system.css HTTP/1.1" 200 1433 "http://chenglong.lt/" "Mozilla/5.0 (iPhone; CPU iPhone OS 26_6_2 like Mac OS X) AppleWebKit/605.1.15 (KHTML, like Gecko) CriOS/153.0.8010.24 Mobile/15E148 Safari/604.1"
84.15.186.146 - - [14/Sep/2026:15:57:18 +0300] "GET /images/powered.png HTTP/1.1" 200 5403 "http://chenglong.lt/" "Mozilla/5.0 (iPhone; CPU iPhone OS 26_6_2 like Mac OS X) AppleWebKit/605.1.15 (KHTML, like Gecko) CriOS/153.0.8010.24 Mobile/15E148 Safari/604.1"
84.15.186.146 - - [14/Sep/2026:15:57:18 +0300] "GET /plugins/content/simplepopup/simplepopup/fancybox/fancybox-y.png HTTP/1.1" 200 176 "http://chenglong.lt/" "Mozilla/5.0 (iPhone; CPU iPhone OS 26_6_2 like Mac OS X) AppleWebKit/605.1.15 (KHTML, like Gecko) CriOS/153.0.8010.24 Mobile/15E148 Safari/604.1"
84.15.186.146 - - [14/Sep/2026:15:57:18 +0300] "GET /plugins/content/simplepopup/simplepopup/fancybox/fancybox-x.png HTTP/1.1" 200 203 "http://chenglong.lt/" "Mozilla/5.0 (iPhone; CPU iPhone OS 26_6_2 like Mac OS X) AppleWebKit/605.1.15 (KHTML, like Gecko) CriOS/153.0.8010.24 Mobile/15E148 Safari/604.1"
84.15.186.146 - - [14/Sep/2026:15:57:18 +0300] "GET /templates/resto_6/images/header.png HTTP/1.1" 200 752 "http://chenglong.lt/" "Mozilla/5.0 (iPhone; CPU iPhone OS 26_6_2 like Mac OS X) AppleWebKit/605.1.15 (KHTML, like Gecko) CriOS/153.0.8010.24 Mobile/15E148 Safari/604.1"
84.15.186.146 - - [14/Sep/2026:15:57:18 +0300] "GET /plugins/content/simplepopup/simplepopup/fancybox/fancybox.png HTTP/1.1" 200 15287 "http://chenglong.lt/" "Mozilla/5.0 (iPhone; CPU iPhone OS 26_6_2 like Mac OS X) AppleWebKit/605.1.15 (KHTML, like Gecko) CriOS/153.0.8010.24 Mobile/15E148 Safari/604.1"
84.15.186.146 - - [14/Sep/2026:15:57:18 +0300] "GET /templates/resto_6/favicon.ico HTTP/1.1" 200 23558 "-" "Mozilla/5.0 (iPhone; CPU iPhone OS 26_6_2 like Mac OS X) AppleWebKit/605.1.15 (KHTML, like Gecko) CriOS/153.0.8010.24 Mobile/15E148 Safari/604.1"
84.15.186.146 - - [14/Sep/2026:15:57:18 +0300] "GET /templates/resto_6/images/page.jpeg HTTP/1.1" 200 816967 "http://chenglong.lt/" "Mozilla/5.0 (iPhone; CPU iPhone OS 26_6_2 like Mac OS X) AppleWebKit/605.1.15 (KHTML, like Gecko) CriOS/153.0.8010.24 Mobile/15E148 Safari/604.1"
84.15.186.146 - - [14/Sep/2026:15:57:22 +0300] "GET /index.php/dienos-pietus HTTP/1.1" 200 12414 "http://chenglong.lt/" "Mozilla/5.0 (iPhone; CPU iPhone OS 26_6_2 like Mac OS X) AppleWebKit/605.1.15 (KHTML, like Gecko) CriOS/153.0.8010.24 Mobile/15E148 Safari/604.1"
84.15.186.146 - - [14/Sep/2026:15:57:23 +0300] "GET /templates/resto_6/modules.js HTTP/1.1" 200 - "http://chenglong.lt/index.php/dienos-pietus" "Mozilla/5.0 (iPhone; CPU iPhone OS 26_6_2 like Mac OS X) AppleWebKit/605.1.15 (KHTML, like Gecko) CriOS/153.0.8010.24 Mobile/15E148 Safari/604.1"
84.15.186.146 - - [14/Sep/2026:15:57:23 +0300] "GET /images/dienos_new3/DP_1.jpg HTTP/1.1" 200 1087539 "http://chenglong.lt/index.php/dienos-pietus" "Mozilla/5.0 (iPhone; CPU iPhone OS 26_6_2 like Mac OS X) AppleWebKit/605.1.15 (KHTML, like Gecko) CriOS/153.0.8010.24 Mobile/15E148 Safari/604.1"
84.15.186.146 - - [14/Sep/2026:15:57:24 +0300] "GET /plugins/content/dearflip/dflip/images/loading.gif HTTP/1.1" 200 2767 "http://chenglong.lt/index.php/dienos-pietus" "Mozilla/5.0 (iPhone; CPU iPhone OS 26_6_2 like Mac OS X) AppleWebKit/605.1.15 (KHTML, like Gecko) CriOS/153.0.8010.24 Mobile/15E148 Safari/604.1"
84.15.186.146 - - [14/Sep/2026:15:57:24 +0300] "GET /plugins/content/dearflip/dflip/fonts/themify.woff HTTP/1.1" 200 56108 "http://chenglong.lt/" "Mozilla/5.0 (iPhone; CPU iPhone OS 26_6_2 like Mac OS X) AppleWebKit/605.1.15 (KHTML, like Gecko) CriOS/153.0.8010.24 Mobile/15E148 Safari/604.1"
84.15.186.146 - - [14/Sep/2026:15:57:24 +0300] "GET /plugins/content/dearflip/dflip/sound/turn2.mp3?ver=1.7.15 HTTP/1.1" 206 2 "http://chenglong.lt/index.php/dienos-pietus" "Mozilla/5.0 (iPhone; CPU iPhone OS 26_6_2 like Mac OS X) AppleWebKit/605.1.15 (KHTML, like Gecko) CriOS/153.0.8010.24 Mobile/15E148 Safari/604.1"
84.15.186.146 - - [14/Sep/2026:15:57:24 +0300] "GET /plugins/content/dearflip/dflip/sound/turn2.mp3?ver=1.7.15 HTTP/1.1" 206 30039 "http://chenglong.lt/index.php/dienos-pietus" "Mozilla/5.0 (iPhone; CPU iPhone OS 26_6_2 like Mac OS X) AppleWebKit/605.1.15 (KHTML, like Gecko) CriOS/153.0.8010.24 Mobile/15E148 Safari/604.1"
84.15.186.146 - - [14/Sep/2026:15:57:24 +0300] "GET / HTTP/1.1" 200 11120 "http://chenglong.lt/index.php/dienos-pietus" "Mozilla/5.0 (iPhone; CPU iPhone OS 26_6_2 like Mac OS X) AppleWebKit/605.1.15 (KHTML, like Gecko) CriOS/153.0.8010.24 Mobile/15E148 Safari/604.1"
84.15.186.146 - - [14/Sep/2026:15:57:24 +0300] "GET /images/dienos_new3/DP_2.jpg HTTP/1.1" 200 1377930 "http://chenglong.lt/index.php/dienos-pietus" "Mozilla/5.0 (iPhone; CPU iPhone OS 26_6_2 like Mac OS X) AppleWebKit/605.1.15 (KHTML, like Gecko) CriOS/153.0.8010.24 Mobile/15E148 Safari/604.1"
84.15.186.146 - - [14/Sep/2026:15:57:27 +0300] "GET /images/dienos_new3/DP_3.jpg HTTP/1.1" 200 1509198 "http://chenglong.lt/index.php/dienos-pietus" "Mozilla/5.0 (iPhone; CPU iPhone OS 26_6_2 like Mac OS X) AppleWebKit/605.1.15 (KHTML, like Gecko) CriOS/153.0.8010.24 Mobile/15E148 Safari/604.1"
66.249.68.104 - - [14/Sep/2026:15:57:34 +0300] "GET /?sale/search/detail/?ITMCODE=5196977616 HTTP/1.1" 200 196868 "-" "Mozilla/5.0 (Linux; Android 6.0.1; Nexus 5X Build/MMB29P) AppleWebKit/537.36 (KHTML, like Gecko) Chrome/152.0.7977.82 Mobile Safari/537.36 (compatible; Googlebot/2.1; +http://www.google.com/bot.html)"
52.167.144.219 - - [14/Sep/2026:15:58:21 +0300] "GET /shop/pg/1056155 HTTP/1.1" 200 196412 "-" "Mozilla/5.0 AppleWebKit/537.36 (KHTML, like Gecko; compatible; bingbot/2.0; +http://www.bing.com/bingbot.htm) Chrome/116.0.1938.76 Safari/537.36"
185.191.171.14 - - [14/Sep/2026:16:00:26 +0300] "GET /?sale%2Fsearch%2Fdetail%2F%3FITMCODE=519737455282 HTTP/1.1" 200 11138 "-" "Mozilla/5.0 (compatible; SemrushBot/7~bl; +http://www.semrush.com/bot.html)"
207.46.13.107 - - [14/Sep/2026:16:01:13 +0300] "GET /shop/pg/5196855533 HTTP/1.1" 200 199129 "-" "Mozilla/5.0 AppleWebKit/537.36 (KHTML, like Gecko; compatible; bingbot/2.0; +http://www.bing.com/bingbot.htm) Chrome/116.0.1938.76 Safari/537.36"
141.98.11.50 - - [14/Sep/2026:16:01:19 +0300] "GET /.vscode/sftp.json HTTP/1.1" 404 1320 "-" "Mozilla/5.0 (Windows NT 10.0; Win64; x64) AppleWebKit/537.36 (KHTML, like Gecko) Chrome/114.0.0.0 Safari/537.36"
141.98.11.50 - - [14/Sep/2026:16:01:19 +0300] "GET /sftp-config.json HTTP/1.1" 404 1320 "-" "Mozilla/5.0 (Windows NT 10.0; Win64; x64) AppleWebKit/537.36 (KHTML, like Gecko) Chrome/114.0.0.0 Safari/537.36"
141.98.11.50 - - [14/Sep/2026:16:01:33 +0300] "GET /.vscode/sftp.json HTTP/1.1" 404 1320 "-" "Mozilla/5.0 (Windows NT 10.0; Win64; x64) AppleWebKit/537.36 (KHTML, like Gecko) Chrome/114.0.0.0 Safari/537.36"
141.98.11.50 - - [14/Sep/2026:16:01:34 +0300] "GET /sftp-config.json HTTP/1.1" 404 1320 "-" "Mozilla/5.0 (Windows NT 10.0; Win64; x64) AppleWebKit/537.36 (KHTML, like Gecko) Chrome/114.0.0.0 Safari/537.36"
66.249.68.96 - - [14/Sep/2026:16:01:37 +0300] "GET /?sale/search/detail/?ITMCODE=51992294964 HTTP/1.1" 200 208468 "-" "Mozilla/5.0 (Linux; Android 6.0.1; Nexus 5X Build/MMB29P) AppleWebKit/537.36 (KHTML, like Gecko) Chrome/152.0.7977.82 Mobile Safari/537.36 (compatible; Googlebot/2.1; +http://www.google.com/bot.html)"
185.191.171.16 - - [14/Sep/2026:16:01:40 +0300] "GET /?sale%2Fsearch%2Fdetail%2F%3FITMCODE=519731470122 HTTP/1.1" 200 11138 "-" "Mozilla/5.0 (compatible; SemrushBot/7~bl; +http://www.semrush.com/bot.html)"
185.191.171.15 - - [14/Sep/2026:16:01:55 +0300] "GET /?sale%2Fsearch%2Fdetail%2F%3FITMCODE=51984779522 HTTP/1.1" 200 11138 "-" "Mozilla/5.0 (compatible; SemrushBot/7~bl; +http://www.semrush.com/bot.html)"
185.191.171.4 - - [14/Sep/2026:16:02:15 +0300] "GET /?sale%2Fsearch%2Fdetail%2F%3FITMCODE=52002737293 HTTP/1.1" 200 11138 "-" "Mozilla/5.0 (compatible; SemrushBot/7~bl; +http://www.semrush.com/bot.html)"
185.191.171.5 - - [14/Sep/2026:16:03:02 +0300] "GET /?sale%2Fsearch%2Fdetail%2F%3FITMCODE=520011866908 HTTP/1.1" 200 11138 "-" "Mozilla/5.0 (compatible; SemrushBot/7~bl; +http://www.semrush.com/bot.html)"
52.167.144.219 - - [14/Sep/2026:16:03:13 +0300] "GET /shop/pg/764080 HTTP/1.1" 200 212860 "-" "Mozilla/5.0 AppleWebKit/537.36 (KHTML, like Gecko; compatible; bingbot/2.0; +http://www.bing.com/bingbot.htm) Chrome/116.0.1938.76 Safari/537.36"
185.191.171.19 - - [14/Sep/2026:16:04:09 +0300] "GET /?sale%2Fsearch%2Fdetail%2F%3FITMCODE=51995056043 HTTP/1.1" 200 11138 "-" "Mozilla/5.0 (compatible; SemrushBot/7~bl; +http://www.semrush.com/bot.html)"
85.208.96.210 - - [14/Sep/2026:16:04:48 +0300] "GET /?sale%2Fsearch%2Fdetail%2F%3FITMCODE=51998021203 HTTP/1.1" 200 11138 "-" "Mozilla/5.0 (compatible; SemrushBot/7~bl; +http://www.semrush.com/bot.html)"
185.191.171.15 - - [14/Sep/2026:16:05:40 +0300] "GET /?sale%2Fsearch%2Fdetail%2F%3FITMCODE=519923087244 HTTP/1.1" 200 11138 "-" "Mozilla/5.0 (compatible; SemrushBot/7~bl; +http://www.semrush.com/bot.html)"
52.167.144.231 - - [14/Sep/2026:16:05:41 +0300] "GET /shop/c/c51961000535/ HTTP/1.1" 200 264300 "-" "Mozilla/5.0 AppleWebKit/537.36 (KHTML, like Gecko; compatible; bingbot/2.0; +http://www.bing.com/bingbot.htm) Chrome/116.0.1938.76 Safari/537.36"
85.208.96.211 - - [14/Sep/2026:16:06:10 +0300] "GET /?sale%2Fsearch%2Fdetail%2F%3FITMCODE=519518424586 HTTP/1.1" 200 11138 "-" "Mozilla/5.0 (compatible; SemrushBot/7~bl; +http://www.semrush.com/bot.html)"
85.208.96.207 - - [14/Sep/2026:16:06:20 +0300] "GET /?sale%2Fsearch%2Fdetail%2F%3FITMCODE=519831877482 HTTP/1.1" 200 11138 "-" "Mozilla/5.0 (compatible; SemrushBot/7~bl; +http://www.semrush.com/bot.html)"
185.191.171.8 - - [14/Sep/2026:16:06:41 +0300] "GET /?sale%2Fsearch%2Fdetail%2F%3FITMCODE=520071726662 HTTP/1.1" 200 11138 "-" "Mozilla/5.0 (compatible; SemrushBot/7~bl; +http://www.semrush.com/bot.html)"
66.249.68.104 - - [14/Sep/2026:16:08:40 +0300] "GET /?sale/search/detail/?ITMCODE=51981869073 HTTP/1.1" 200 198619 "-" "Mozilla/5.0 (Linux; Android 6.0.1; Nexus 5X Build/MMB29P) AppleWebKit/537.36 (KHTML, like Gecko) Chrome/152.0.7977.82 Mobile Safari/537.36 (compatible; Googlebot/2.1; +http://www.google.com/bot.html)"
185.191.171.17 - - [14/Sep/2026:16:09:09 +0300] "GET /robots.txt HTTP/1.1" 200 836 "-" "Mozilla/5.0 (compatible; SemrushBot/7~bl; +http://www.semrush.com/bot.html)"
85.208.96.198 - - [14/Sep/2026:16:09:09 +0300] "GET /?sale%2Fsearch%2Fdetail%2F%3FITMCODE=51992426304 HTTP/1.1" 200 11138 "-" "Mozilla/5.0 (compatible; SemrushBot/7~bl; +http://www.semrush.com/bot.html)"
85.208.96.197 - - [14/Sep/2026:16:10:12 +0300] "GET /?sale%2Fsearch%2Fdetail%2F%3FITMCODE=519624978845 HTTP/1.1" 200 11138 "-" "Mozilla/5.0 (compatible; SemrushBot/7~bl; +http://www.semrush.com/bot.html)"
66.249.68.105 - - [14/Sep/2026:16:10:14 +0300] "GET /?sale/search/detail/?ITMCODE=52002632253 HTTP/1.1" 200 197813 "-" "Mozilla/5.0 (Linux; Android 6.0.1; Nexus 5X Build/MMB29P) AppleWebKit/537.36 (KHTML, like Gecko) Chrome/152.0.7977.82 Mobile Safari/537.36 (compatible; Googlebot/2.1; +http://www.google.com/bot.html)"
66.249.68.104 - - [14/Sep/2026:16:10:22 +0300] "GET /?sale/search/detail/?ITMCODE=5196733233 HTTP/1.1" 200 205476 "-" "Mozilla/5.0 (Linux; Android 6.0.1; Nexus 5X Build/MMB29P) AppleWebKit/537.36 (KHTML, like Gecko) Chrome/152.0.7977.82 Mobile Safari/537.36 (compatible; Googlebot/2.1; +http://www.google.com/bot.html)"
185.191.171.4 - - [14/Sep/2026:16:10:32 +0300] "GET /?sale%2Fsearch%2Fdetail%2F%3FITMCODE=51959139053 HTTP/1.1" 200 11138 "-" "Mozilla/5.0 (compatible; SemrushBot/7~bl; +http://www.semrush.com/bot.html)"
185.191.171.3 - - [14/Sep/2026:16:10:34 +0300] "GET /?sale%2Fsearch%2Fdetail%2F%3FITMCODE=519699954515 HTTP/1.1" 200 11138 "-" "Mozilla/5.0 (compatible; SemrushBot/7~bl; +http://www.semrush.com/bot.html)"
207.46.13.83 - - [14/Sep/2026:16:11:26 +0300] "GET /shop/pg/962691 HTTP/1.1" 200 209225 "-" "Mozilla/5.0 AppleWebKit/537.36 (KHTML, like Gecko; compatible; bingbot/2.0; +http://www.bing.com/bingbot.htm) Chrome/116.0.1938.76 Safari/537.36"
66.249.68.104 - - [14/Sep/2026:16:11:44 +0300] "GET /?sale/search/detail/?ITMCODE=51971095257 HTTP/1.1" 200 201078 "-" "Mozilla/5.0 (Linux; Android 6.0.1; Nexus 5X Build/MMB29P) AppleWebKit/537.36 (KHTML, like Gecko) Chrome/152.0.7977.82 Mobile Safari/537.36 (compatible; Googlebot/2.1; +http://www.google.com/bot.html)"
193.70.34.35 - - [14/Sep/2026:16:11:55 +0300] "GET /robots.txt HTTP/1.1" 200 836 "-" "Mozilla/5.0 (compatible; MJ12bot/v1.4.8; http://mj12bot.com/)"
193.70.34.35 - - [14/Sep/2026:16:11:56 +0300] "GET /index.php/kontaktai?sale/search/detail/%3FITMCODE=51971458172 HTTP/1.1" 200 7926 "-" "Mozilla/5.0 (compatible; MJ12bot/v1.4.8; http://mj12bot.com/)"
85.208.96.204 - - [14/Sep/2026:16:12:26 +0300] "GET /?sale%2Fsearch%2Fdetail%2F%3FITMCODE=52005519616 HTTP/1.1" 200 11138 "-" "Mozilla/5.0 (compatible; SemrushBot/7~bl; +http://www.semrush.com/bot.html)"
66.249.68.104 - - [14/Sep/2026:16:12:57 +0300] "GET /?sale/search/detail/?ITMCODE=51992403284 HTTP/1.1" 200 193246 "-" "Mozilla/5.0 (Linux; Android 6.0.1; Nexus 5X Build/MMB29P) AppleWebKit/537.36 (KHTML, like Gecko) Chrome/152.0.7977.82 Mobile Safari/537.36 (compatible; Googlebot/2.1; +http://www.google.com/bot.html)"
185.191.171.9 - - [14/Sep/2026:16:13:20 +0300] "GET /?sale%2Fsearch%2Fdetail%2F%3FITMCODE=51995133753 HTTP/1.1" 200 11138 "-" "Mozilla/5.0 (compatible; SemrushBot/7~bl; +http://www.semrush.com/bot.html)"
66.249.68.104 - - [14/Sep/2026:16:14:05 +0300] "GET /?sale/search/detail/?ITMCODE=5196731545 HTTP/1.1" 200 200252 "-" "Mozilla/5.0 (Linux; Android 6.0.1; Nexus 5X Build/MMB29P) AppleWebKit/537.36 (KHTML, like Gecko) Chrome/152.0.7977.82 Mobile Safari/537.36 (compatible; Googlebot/2.1; +http://www.google.com/bot.html)"
185.191.171.16 - - [14/Sep/2026:16:14:34 +0300] "GET /?sale%2Fsearch%2Fdetail%2F%3FITMCODE=51969629369 HTTP/1.1" 200 11138 "-" "Mozilla/5.0 (compatible; SemrushBot/7~bl; +http://www.semrush.com/bot.html)"
85.208.96.201 - - [14/Sep/2026:16:14:37 +0300] "GET /?sale%2Fsearch%2Fdetail%2F%3FITMCODE=52005718484 HTTP/1.1" 200 11138 "-" "Mozilla/5.0 (compatible; SemrushBot/7~bl; +http://www.semrush.com/bot.html)"
85.208.96.193 - - [14/Sep/2026:16:15:13 +0300] "GET /?sale%2Fsearch%2Fdetail%2F%3FITMCODE=520011795499 HTTP/1.1" 200 11138 "-" "Mozilla/5.0 (compatible; SemrushBot/7~bl; +http://www.semrush.com/bot.html)"
85.208.96.200 - - [14/Sep/2026:16:16:09 +0300] "GET /?sale%2Fsearch%2Fdetail%2F%3FITMCODE=519971362018 HTTP/1.1" 200 11138 "-" "Mozilla/5.0 (compatible; SemrushBot/7~bl; +http://www.semrush.com/bot.html)"
66.249.68.104 - - [14/Sep/2026:16:16:49 +0300] "GET /?sale/search/detail/?ITMCODE=52002733088 HTTP/1.1" 200 207526 "-" "Mozilla/5.0 (Linux; Android 6.0.1; Nexus 5X Build/MMB29P) AppleWebKit/537.36 (KHTML, like Gecko) Chrome/152.0.7977.82 Mobile Safari/537.36 (compatible; Googlebot/2.1; +http://www.google.com/bot.html)"
85.208.96.200 - - [14/Sep/2026:16:16:54 +0300] "GET /?sale%2Fsearch%2Fdetail%2F%3FITMCODE=51969953279 HTTP/1.1" 200 11138 "-" "Mozilla/5.0 (compatible; SemrushBot/7~bl; +http://www.semrush.com/bot.html)"
66.249.68.105 - - [14/Sep/2026:16:16:55 +0300] "GET /?sale/search/detail/?ITMCODE=51992378812 HTTP/1.1" 200 201588 "-" "Mozilla/5.0 (Linux; Android 6.0.1; Nexus 5X Build/MMB29P) AppleWebKit/537.36 (KHTML, like Gecko) Chrome/152.0.7977.82 Mobile Safari/537.36 (compatible; Googlebot/2.1; +http://www.google.com/bot.html)"
66.249.68.104 - - [14/Sep/2026:16:17:49 +0300] "GET /sale/search/detail/?ITMCODE=51954798 HTTP/1.1" 200 197987 "-" "Mozilla/5.0 (Linux; Android 6.0.1; Nexus 5X Build/MMB29P) AppleWebKit/537.36 (KHTML, like Gecko) Chrome/152.0.7977.82 Mobile Safari/537.36 (compatible; Googlebot/2.1; +http://www.google.com/bot.html)"
66.249.68.104 - - [14/Sep/2026:16:18:26 +0300] "GET /?sale/search/detail/?ITMCODE=52002587289 HTTP/1.1" 200 196913 "-" "Mozilla/5.0 (Linux; Android 6.0.1; Nexus 5X Build/MMB29P) AppleWebKit/537.36 (KHTML, like Gecko) Chrome/152.0.7977.82 Mobile Safari/537.36 (compatible; Googlebot/2.1; +http://www.google.com/bot.html)"
185.191.171.3 - - [14/Sep/2026:16:18:41 +0300] "GET /?sale%2Fsearch%2Fdetail%2F%3FITMCODE=52005804813 HTTP/1.1" 200 11138 "-" "Mozilla/5.0 (compatible; SemrushBot/7~bl; +http://www.semrush.com/bot.html)"
66.249.68.105 - - [14/Sep/2026:16:18:54 +0300] "GET /?sale/search/detail/?ITMCODE=5196812148 HTTP/1.1" 200 193901 "-" "Mozilla/5.0 (Linux; Android 6.0.1; Nexus 5X Build/MMB29P) AppleWebKit/537.36 (KHTML, like Gecko) Chrome/152.0.7977.82 Mobile Safari/537.36 (compatible; Googlebot/2.1; +http://www.google.com/bot.html)"
