66.249.68.97 - - [14/Sep/2026:23:32:06 +0300] "GET /?sale/search/detail/?ITMCODE=5196617439 HTTP/1.1" 200 194468 "-" "Mozilla/5.0 (Linux; Android 6.0.1; Nexus 5X Build/MMB29P) AppleWebKit/537.36 (KHTML, like Gecko) Chrome/152.0.7977.82 Mobile Safari/537.36 (compatible; Googlebot/2.1; +http://www.google.com/bot.html)"
85.208.96.203 - - [14/Sep/2026:23:33:10 +0300] "GET /?sale%2Fsearch%2Fdetail%2F%3FITMCODE=519716267109 HTTP/1.1" 200 11138 "-" "Mozilla/5.0 (compatible; SemrushBot/7~bl; +http://www.semrush.com/bot.html)"
43.131.253.14 - - [14/Sep/2026:23:33:13 +0300] "GET / HTTP/1.1" 200 11120 "-" "Mozilla/5.0 (iPhone; CPU iPhone OS 13_2_3 like Mac OS X) AppleWebKit/605.1.15 (KHTML, like Gecko) Version/13.0.3 Mobile/15E148 Safari/604.1"
85.208.96.202 - - [14/Sep/2026:23:33:18 +0300] "GET /?sale%2Fsearch%2Fdetail%2F%3FITMCODE=519837570639 HTTP/1.1" 200 11138 "-" "Mozilla/5.0 (compatible; SemrushBot/7~bl; +http://www.semrush.com/bot.html)"
85.208.96.202 - - [14/Sep/2026:23:34:22 +0300] "GET /?sale%2Fsearch%2Fdetail%2F%3FITMCODE=519819588749 HTTP/1.1" 200 11138 "-" "Mozilla/5.0 (compatible; SemrushBot/7~bl; +http://www.semrush.com/bot.html)"
85.208.96.207 - - [14/Sep/2026:23:34:24 +0300] "GET /?sale%2Fsearch%2Fdetail%2F%3FITMCODE=5200104740395 HTTP/1.1" 200 11138 "-" "Mozilla/5.0 (compatible; SemrushBot/7~bl; +http://www.semrush.com/bot.html)"
66.249.68.96 - - [14/Sep/2026:23:34:41 +0300] "GET /?sale/search/detail/?ITMCODE=5196939232 HTTP/1.1" 200 196526 "-" "Mozilla/5.0 (Linux; Android 6.0.1; Nexus 5X Build/MMB29P) AppleWebKit/537.36 (KHTML, like Gecko) Chrome/152.0.7977.82 Mobile Safari/537.36 (compatible; Googlebot/2.1; +http://www.google.com/bot.html)"
185.191.171.19 - - [14/Sep/2026:23:35:32 +0300] "GET /?sale%2Fsearch%2Fdetail%2F%3FITMCODE=519810862938 HTTP/1.1" 200 11138 "-" "Mozilla/5.0 (compatible; SemrushBot/7~bl; +http://www.semrush.com/bot.html)"
85.208.96.210 - - [14/Sep/2026:23:35:34 +0300] "GET /?sale%2Fsearch%2Fdetail%2F%3FITMCODE=519810574825 HTTP/1.1" 200 11138 "-" "Mozilla/5.0 (compatible; SemrushBot/7~bl; +http://www.semrush.com/bot.html)"
66.249.68.97 - - [14/Sep/2026:23:36:15 +0300] "GET /?sale/search/detail/?ITMCODE=51971232708 HTTP/1.1" 200 199051 "-" "Mozilla/5.0 (Linux; Android 6.0.1; Nexus 5X Build/MMB29P) AppleWebKit/537.36 (KHTML, like Gecko) Chrome/152.0.7977.82 Mobile Safari/537.36 (compatible; Googlebot/2.1; +http://www.google.com/bot.html)"
85.208.96.196 - - [14/Sep/2026:23:37:13 +0300] "GET /?sale%2Fsearch%2Fdetail%2F%3FITMCODE=519612672954 HTTP/1.1" 200 11138 "-" "Mozilla/5.0 (compatible; SemrushBot/7~bl; +http://www.semrush.com/bot.html)"
114.119.142.124 - - [14/Sep/2026:23:39:04 +0300] "GET /robots.txt HTTP/1.1" 200 836 "http://www.chenglong.lt/robots.txt" "Mozilla/5.0 (compatible;PetalBot;+https://webmaster.petalsearch.com/site/petalbot)"
185.191.171.7 - - [14/Sep/2026:23:39:15 +0300] "GET /?sale%2Fsearch%2Fdetail%2F%3FITMCODE=520017815593 HTTP/1.1" 200 11138 "-" "Mozilla/5.0 (compatible; SemrushBot/7~bl; +http://www.semrush.com/bot.html)"
185.191.171.8 - - [14/Sep/2026:23:39:27 +0300] "GET /?sale%2Fsearch%2Fdetail%2F%3FITMCODE=519512154447 HTTP/1.1" 200 11138 "-" "Mozilla/5.0 (compatible; SemrushBot/7~bl; +http://www.semrush.com/bot.html)"
216.73.217.109 - - [14/Sep/2026:23:39:35 +0300] "GET /robots.txt HTTP/1.1" 200 836 "-" "Mozilla/5.0 AppleWebKit/537.36 (KHTML, like Gecko; compatible; ClaudeBot/1.0; +claudebot@anthropic.com)"
216.73.217.109 - - [14/Sep/2026:23:39:36 +0300] "GET /sitemap.xml HTTP/1.1" 200 1307 "-" "Mozilla/5.0 AppleWebKit/537.36 (KHTML, like Gecko; compatible; ClaudeBot/1.0; +claudebot@anthropic.com)"
185.191.171.11 - - [14/Sep/2026:23:39:53 +0300] "GET /?sale%2Fsearch%2Fdetail%2F%3FITMCODE=5195102266476 HTTP/1.1" 200 11138 "-" "Mozilla/5.0 (compatible; SemrushBot/7~bl; +http://www.semrush.com/bot.html)"
185.191.171.12 - - [14/Sep/2026:23:41:21 +0300] "GET /?sale%2Fsearch%2Fdetail%2F%3FITMCODE=519572380230 HTTP/1.1" 200 11138 "-" "Mozilla/5.0 (compatible; SemrushBot/7~bl; +http://www.semrush.com/bot.html)"
66.249.68.97 - - [14/Sep/2026:23:42:02 +0300] "GET /index.php/meniu?sale/search/detail/?ITMCODE=5196775858 HTTP/1.1" 200 201557 "-" "Mozilla/5.0 (Linux; Android 6.0.1; Nexus 5X Build/MMB29P) AppleWebKit/537.36 (KHTML, like Gecko) Chrome/152.0.7977.82 Mobile Safari/537.36 (compatible; Googlebot/2.1; +http://www.google.com/bot.html)"
85.208.96.203 - - [14/Sep/2026:23:43:14 +0300] "GET /?sale%2Fsearch%2Fdetail%2F%3FITMCODE=519515083938 HTTP/1.1" 200 11138 "-" "Mozilla/5.0 (compatible; SemrushBot/7~bl; +http://www.semrush.com/bot.html)"
185.191.171.6 - - [14/Sep/2026:23:43:34 +0300] "GET /?sale%2Fsearch%2Fdetail%2F%3FITMCODE=52008761705 HTTP/1.1" 200 11138 "-" "Mozilla/5.0 (compatible; SemrushBot/7~bl; +http://www.semrush.com/bot.html)"
185.191.171.9 - - [14/Sep/2026:23:44:08 +0300] "GET /?sale%2Fsearch%2Fdetail%2F%3FITMCODE=5200104943423 HTTP/1.1" 200 11138 "-" "Mozilla/5.0 (compatible; SemrushBot/7~bl; +http://www.semrush.com/bot.html)"
165.227.216.176 - - [14/Sep/2026:23:44:12 +0300] "HEAD /blog/ HTTP/1.1" 404 - "-" "Mozilla/5.0 (Windows NT 10.0; Win64; x64) AppleWebKit/537.36 (KHTML, like Gecko) Chrome/125.0.6422.112 Safari/537.36 Brave/1.63.120"
165.227.216.176 - - [14/Sep/2026:23:44:13 +0300] "HEAD /backup/ HTTP/1.1" 404 - "-" "Mozilla/5.0 (Windows NT 11.0; Win64; x64) AppleWebKit/537.36 (KHTML, like Gecko) Edg/128.0.2790.25 Chrome/128.0.6540.22 Safari/537.36"
165.227.216.176 - - [14/Sep/2026:23:44:13 +0300] "HEAD /old/ HTTP/1.1" 404 - "-" "Mozilla/5.0 (Linux; Android 13; Nokia G42 5G) AppleWebKit/537.36 (KHTML, like Gecko) Chrome/126.0.6478.41 Mobile Safari/537.36"
165.227.216.176 - - [14/Sep/2026:23:44:13 +0300] "HEAD /wp/ HTTP/1.1" 404 - "-" "Mozilla/5.0 (iPhone; CPU iPhone OS 16_7 like Mac OS X) AppleWebKit/605.1.15 (KHTML, like Gecko) Version/16.7 Mobile/15E148 Safari/604.1"
165.227.216.176 - - [14/Sep/2026:23:44:13 +0300] "HEAD /new/ HTTP/1.1" 404 - "-" "Mozilla/5.0 (Windows NT 10.0; WOW64) AppleWebKit/537.36 (KHTML, like Gecko) Chrome/118.0.5993.90 Safari/537.36"
165.227.216.176 - - [14/Sep/2026:23:44:14 +0300] "HEAD / HTTP/1.1" 200 - "-" "Mozilla/5.0 (X11; Fedora; Linux x86_64; rv:125.0) Gecko/20100101 Firefox/125.0"
165.227.216.176 - - [14/Sep/2026:23:44:14 +0300] "HEAD /wordpress/ HTTP/1.1" 404 - "-" "Mozilla/5.0 (Windows NT 10.0; Win64; x64) AppleWebKit/537.36 (KHTML, like Gecko) Chrome/127.0.6534.42 Safari/537.36"
185.191.171.12 - - [14/Sep/2026:23:45:31 +0300] "GET /?sale%2Fsearch%2Fdetail%2F%3FITMCODE=52008830609 HTTP/1.1" 200 11138 "-" "Mozilla/5.0 (compatible; SemrushBot/7~bl; +http://www.semrush.com/bot.html)"
185.191.171.1 - - [14/Sep/2026:23:48:08 +0300] "GET /?sale%2Fsearch%2Fdetail%2F%3FITMCODE=5200104654598 HTTP/1.1" 200 11138 "-" "Mozilla/5.0 (compatible; SemrushBot/7~bl; +http://www.semrush.com/bot.html)"
185.191.171.16 - - [14/Sep/2026:23:48:50 +0300] "GET /?sale%2Fsearch%2Fdetail%2F%3FITMCODE=5197106093271 HTTP/1.1" 200 11138 "-" "Mozilla/5.0 (compatible; SemrushBot/7~bl; +http://www.semrush.com/bot.html)"
185.191.171.11 - - [14/Sep/2026:23:49:31 +0300] "GET /?sale%2Fsearch%2Fdetail%2F%3FITMCODE=5196663234 HTTP/1.1" 200 11138 "-" "Mozilla/5.0 (compatible; SemrushBot/7~bl; +http://www.semrush.com/bot.html)"
136.109.206.71 - - [14/Sep/2026:23:50:46 +0300] "HEAD / HTTP/1.1" 200 - "-" "Mozilla/5.0 (Macintosh; Intel Mac OS X 14_5) AppleWebKit/605.1.15 (KHTML, like Gecko) Version/17.5 Safari/605.1.15"
136.109.206.71 - - [14/Sep/2026:23:50:46 +0300] "HEAD /wordpress/ HTTP/1.1" 404 - "-" "Mozilla/5.0 (Linux; Android 12; Redmi Note 11) AppleWebKit/537.36 (KHTML, like Gecko) Chrome/123.0.6312.112 Mobile Safari/537.36"
136.109.206.71 - - [14/Sep/2026:23:50:46 +0300] "HEAD /backup/ HTTP/1.1" 404 - "-" "Mozilla/5.0 (Windows NT 10.0; Win64; x64) AppleWebKit/537.36 (KHTML, like Gecko) Chrome/126.0.6478.70 Safari/537.36 Vivaldi/6.7.3200.25"
136.109.206.71 - - [14/Sep/2026:23:50:47 +0300] "HEAD /wp/ HTTP/1.1" 404 - "-" "Mozilla/5.0 (Windows NT 10.0; Win64; x64) AppleWebKit/537.36 (KHTML, like Gecko) Chrome/126.0.6478.70 Safari/537.36 Vivaldi/6.7.3200.25"
136.109.206.71 - - [14/Sep/2026:23:50:47 +0300] "HEAD /blog/ HTTP/1.1" 404 - "-" "Mozilla/5.0 (Windows NT 10.0; Win64; x64) AppleWebKit/537.36 (KHTML, like Gecko) Chrome/126.0.6478.70 Safari/537.36 Vivaldi/6.7.3200.25"
136.109.206.71 - - [14/Sep/2026:23:50:47 +0300] "HEAD /new/ HTTP/1.1" 404 - "-" "Mozilla/5.0 (X11; Fedora; Linux x86_64; rv:125.0) Gecko/20100101 Firefox/125.0"
136.109.206.71 - - [14/Sep/2026:23:50:48 +0300] "HEAD /old/ HTTP/1.1" 404 - "-" "Mozilla/5.0 (X11; Linux x86_64) AppleWebKit/537.36 (KHTML, like Gecko) Chrome/125.0.6422.76 Safari/537.36"
185.191.171.12 - - [14/Sep/2026:23:51:21 +0300] "GET /?sale%2Fsearch%2Fdetail%2F%3FITMCODE=519837602289 HTTP/1.1" 200 11138 "-" "Mozilla/5.0 (compatible; SemrushBot/7~bl; +http://www.semrush.com/bot.html)"
85.208.96.194 - - [14/Sep/2026:23:52:42 +0300] "GET /?sale%2Fsearch%2Fdetail%2F%3FITMCODE=519518419013 HTTP/1.1" 200 11138 "-" "Mozilla/5.0 (compatible; SemrushBot/7~bl; +http://www.semrush.com/bot.html)"
157.55.39.59 - - [14/Sep/2026:23:54:41 +0300] "GET /shop/pg/722022 HTTP/1.1" 200 196812 "-" "Mozilla/5.0 AppleWebKit/537.36 (KHTML, like Gecko; compatible; bingbot/2.0; +http://www.bing.com/bingbot.htm) Chrome/116.0.1938.76 Safari/537.36"
185.191.171.8 - - [14/Sep/2026:23:54:50 +0300] "GET /?sale%2Fsearch%2Fdetail%2F%3FITMCODE=520014589737 HTTP/1.1" 200 11138 "-" "Mozilla/5.0 (compatible; SemrushBot/7~bl; +http://www.semrush.com/bot.html)"
185.191.171.14 - - [14/Sep/2026:23:54:52 +0300] "GET /?sale%2Fsearch%2Fdetail%2F%3FITMCODE=519518261311 HTTP/1.1" 200 11138 "-" "Mozilla/5.0 (compatible; SemrushBot/7~bl; +http://www.semrush.com/bot.html)"
85.208.96.206 - - [14/Sep/2026:23:55:54 +0300] "GET /?sale%2Fsearch%2Fdetail%2F%3FITMCODE=519870758992 HTTP/1.1" 200 11138 "-" "Mozilla/5.0 (compatible; SemrushBot/7~bl; +http://www.semrush.com/bot.html)"
85.208.96.200 - - [14/Sep/2026:23:57:17 +0300] "GET /?sale%2Fsearch%2Fdetail%2F%3FITMCODE=52005814778 HTTP/1.1" 200 11138 "-" "Mozilla/5.0 (compatible; SemrushBot/7~bl; +http://www.semrush.com/bot.html)"
185.191.171.9 - - [14/Sep/2026:23:57:50 +0300] "GET /?sale%2Fsearch%2Fdetail%2F%3FITMCODE=51969801817 HTTP/1.1" 200 11138 "-" "Mozilla/5.0 (compatible; SemrushBot/7~bl; +http://www.semrush.com/bot.html)"
40.77.167.121 - - [14/Sep/2026:23:58:04 +0300] "GET /shop/pg/981050 HTTP/1.1" 200 194635 "-" "Mozilla/5.0 AppleWebKit/537.36 (KHTML, like Gecko; compatible; bingbot/2.0; +http://www.bing.com/bingbot.htm) Chrome/116.0.1938.76 Safari/537.36"
85.208.96.201 - - [14/Sep/2026:23:58:49 +0300] "GET /?sale%2Fsearch%2Fdetail%2F%3FITMCODE=51966738083 HTTP/1.1" 200 11138 "-" "Mozilla/5.0 (compatible; SemrushBot/7~bl; +http://www.semrush.com/bot.html)"
185.191.171.15 - - [14/Sep/2026:23:59:11 +0300] "GET /?sale%2Fsearch%2Fdetail%2F%3FITMCODE=51998410772 HTTP/1.1" 200 11138 "-" "Mozilla/5.0 (compatible; SemrushBot/7~bl; +http://www.semrush.com/bot.html)"
185.191.171.1 - - [14/Sep/2026:23:59:34 +0300] "GET /?sale%2Fsearch%2Fdetail%2F%3FITMCODE=519618982214 HTTP/1.1" 200 11138 "-" "Mozilla/5.0 (compatible; SemrushBot/7~bl; +http://www.semrush.com/bot.html)"
185.191.171.6 - - [14/Sep/2026:23:59:56 +0300] "GET /?sale%2Fsearch%2Fdetail%2F%3FITMCODE=520014560079 HTTP/1.1" 200 11138 "-" "Mozilla/5.0 (compatible; SemrushBot/7~bl; +http://www.semrush.com/bot.html)"
185.191.171.18 - - [15/Sep/2026:00:00:26 +0300] "GET /?sale%2Fsearch%2Fdetail%2F%3FITMCODE=52002827894 HTTP/1.1" 200 11138 "-" "Mozilla/5.0 (compatible; SemrushBot/7~bl; +http://www.semrush.com/bot.html)"
185.191.171.19 - - [15/Sep/2026:00:01:24 +0300] "GET /?sale%2Fsearch%2Fdetail%2F%3FITMCODE=51995434088 HTTP/1.1" 200 11138 "-" "Mozilla/5.0 (compatible; SemrushBot/7~bl; +http://www.semrush.com/bot.html)"
85.208.96.212 - - [15/Sep/2026:00:01:28 +0300] "GET /?sale%2Fsearch%2Fdetail%2F%3FITMCODE=51974442482 HTTP/1.1" 200 11138 "-" "Mozilla/5.0 (compatible; SemrushBot/7~bl; +http://www.semrush.com/bot.html)"
85.208.96.195 - - [15/Sep/2026:00:02:55 +0300] "GET /?sale%2Fsearch%2Fdetail%2F%3FITMCODE=519731078820 HTTP/1.1" 200 11138 "-" "Mozilla/5.0 (compatible; SemrushBot/7~bl; +http://www.semrush.com/bot.html)"
185.191.171.19 - - [15/Sep/2026:00:03:27 +0300] "GET /?sale%2Fsearch%2Fdetail%2F%3FITMCODE=51974163179 HTTP/1.1" 200 11138 "-" "Mozilla/5.0 (compatible; SemrushBot/7~bl; +http://www.semrush.com/bot.html)"
66.249.68.97 - - [15/Sep/2026:00:03:47 +0300] "GET /?sale/search/detail/?ITMCODE=5196805525 HTTP/1.1" 200 197825 "-" "Mozilla/5.0 (Linux; Android 6.0.1; Nexus 5X Build/MMB29P) AppleWebKit/537.36 (KHTML, like Gecko) Chrome/152.0.7977.82 Mobile Safari/537.36 (compatible; Googlebot/2.1; +http://www.google.com/bot.html)"
85.208.96.195 - - [15/Sep/2026:00:04:25 +0300] "GET /?sale%2Fsearch%2Fdetail%2F%3FITMCODE=519926190552 HTTP/1.1" 200 11138 "-" "Mozilla/5.0 (compatible; SemrushBot/7~bl; +http://www.semrush.com/bot.html)"
185.191.171.14 - - [15/Sep/2026:00:04:48 +0300] "GET /?sale%2Fsearch%2Fdetail%2F%3FITMCODE=519512370598 HTTP/1.1" 200 11138 "-" "Mozilla/5.0 (compatible; SemrushBot/7~bl; +http://www.semrush.com/bot.html)"
85.208.96.211 - - [15/Sep/2026:00:05:26 +0300] "GET /?sale%2Fsearch%2Fdetail%2F%3FITMCODE=519825672848 HTTP/1.1" 200 11138 "-" "Mozilla/5.0 (compatible; SemrushBot/7~bl; +http://www.semrush.com/bot.html)"
66.249.68.96 - - [15/Sep/2026:00:05:47 +0300] "GET /index.php/meniu?sale/search/detail/?ITMCODE=5195400807 HTTP/1.1" 200 224470 "-" "Mozilla/5.0 (Linux; Android 6.0.1; Nexus 5X Build/MMB29P) AppleWebKit/537.36 (KHTML, like Gecko) Chrome/152.0.7977.82 Mobile Safari/537.36 (compatible; Googlebot/2.1; +http://www.google.com/bot.html)"
66.249.68.96 - - [15/Sep/2026:00:06:37 +0300] "GET /?sale/search/detail/?ITMCODE=5196892373 HTTP/1.1" 200 215673 "-" "Mozilla/5.0 (Linux; Android 6.0.1; Nexus 5X Build/MMB29P) AppleWebKit/537.36 (KHTML, like Gecko) Chrome/152.0.7977.82 Mobile Safari/537.36 (compatible; Googlebot/2.1; +http://www.google.com/bot.html)"
185.191.171.6 - - [15/Sep/2026:00:07:11 +0300] "GET /?sale%2Fsearch%2Fdetail%2F%3FITMCODE=5197100445155 HTTP/1.1" 200 11138 "-" "Mozilla/5.0 (compatible; SemrushBot/7~bl; +http://www.semrush.com/bot.html)"
185.191.171.2 - - [15/Sep/2026:00:07:54 +0300] "GET /?sale%2Fsearch%2Fdetail%2F%3FITMCODE=51984623639 HTTP/1.1" 200 11138 "-" "Mozilla/5.0 (compatible; SemrushBot/7~bl; +http://www.semrush.com/bot.html)"
185.191.171.9 - - [15/Sep/2026:00:08:30 +0300] "GET /?sale%2Fsearch%2Fdetail%2F%3FITMCODE=519831640457 HTTP/1.1" 200 11138 "-" "Mozilla/5.0 (compatible; SemrushBot/7~bl; +http://www.semrush.com/bot.html)"
66.249.68.98 - - [15/Sep/2026:00:08:44 +0300] "GET /?sale/search/detail/?ITMCODE=51981705797 HTTP/1.1" 200 194189 "-" "Mozilla/5.0 (Linux; Android 6.0.1; Nexus 5X Build/MMB29P) AppleWebKit/537.36 (KHTML, like Gecko) Chrome/152.0.7977.82 Mobile Safari/537.36 (compatible; Googlebot/2.1; +http://www.google.com/bot.html)"
185.191.171.1 - - [15/Sep/2026:00:09:55 +0300] "GET /?sale%2Fsearch%2Fdetail%2F%3FITMCODE=520035954629 HTTP/1.1" 200 11138 "-" "Mozilla/5.0 (compatible; SemrushBot/7~bl; +http://www.semrush.com/bot.html)"
66.249.68.96 - - [15/Sep/2026:00:10:04 +0300] "GET /?sale/search/detail/?ITMCODE=51981921829 HTTP/1.1" 200 195578 "-" "Mozilla/5.0 (Linux; Android 6.0.1; Nexus 5X Build/MMB29P) AppleWebKit/537.36 (KHTML, like Gecko) Chrome/152.0.7977.82 Mobile Safari/537.36 (compatible; Googlebot/2.1; +http://www.google.com/bot.html)"
85.208.96.211 - - [15/Sep/2026:00:11:00 +0300] "GET /?sale%2Fsearch%2Fdetail%2F%3FITMCODE=519974070508 HTTP/1.1" 200 11138 "-" "Mozilla/5.0 (compatible; SemrushBot/7~bl; +http://www.semrush.com/bot.html)"
185.191.171.2 - - [15/Sep/2026:00:11:57 +0300] "GET /?sale%2Fsearch%2Fdetail%2F%3FITMCODE=52002831397 HTTP/1.1" 200 11138 "-" "Mozilla/5.0 (compatible; SemrushBot/7~bl; +http://www.semrush.com/bot.html)"
85.208.96.202 - - [15/Sep/2026:00:12:40 +0300] "GET /?sale%2Fsearch%2Fdetail%2F%3FITMCODE=519932473410 HTTP/1.1" 200 11138 "-" "Mozilla/5.0 (compatible; SemrushBot/7~bl; +http://www.semrush.com/bot.html)"
85.208.96.207 - - [15/Sep/2026:00:12:42 +0300] "GET /?sale%2Fsearch%2Fdetail%2F%3FITMCODE=519911250143 HTTP/1.1" 200 11138 "-" "Mozilla/5.0 (compatible; SemrushBot/7~bl; +http://www.semrush.com/bot.html)"
170.106.192.208 - - [15/Sep/2026:00:13:33 +0300] "GET / HTTP/1.1" 200 11140 "-" "Mozilla/5.0 (iPhone; CPU iPhone OS 13_2_3 like Mac OS X) AppleWebKit/605.1.15 (KHTML, like Gecko) Version/13.0.3 Mobile/15E148 Safari/604.1"
85.208.96.195 - - [15/Sep/2026:00:13:50 +0300] "GET /?sale%2Fsearch%2Fdetail%2F%3FITMCODE=519831606610 HTTP/1.1" 200 11138 "-" "Mozilla/5.0 (compatible; SemrushBot/7~bl; +http://www.semrush.com/bot.html)"
157.55.39.193 - - [15/Sep/2026:00:14:38 +0300] "GET /shop/pg/5196964017 HTTP/1.1" 200 206952 "-" "Mozilla/5.0 AppleWebKit/537.36 (KHTML, like Gecko; compatible; bingbot/2.0; +http://www.bing.com/bingbot.htm) Chrome/116.0.1938.76 Safari/537.36"
66.249.68.97 - - [15/Sep/2026:00:14:45 +0300] "GET /?sale/search/detail/?ITMCODE=51981738282 HTTP/1.1" 200 222504 "-" "Mozilla/5.0 (Linux; Android 6.0.1; Nexus 5X Build/MMB29P) AppleWebKit/537.36 (KHTML, like Gecko) Chrome/152.0.7977.82 Mobile Safari/537.36 (compatible; Googlebot/2.1; +http://www.google.com/bot.html)"
66.249.68.97 - - [15/Sep/2026:00:15:00 +0300] "GET /?sale/search/detail/?ITMCODE=5196501387 HTTP/1.1" 200 219479 "-" "Mozilla/5.0 (Linux; Android 6.0.1; Nexus 5X Build/MMB29P) AppleWebKit/537.36 (KHTML, like Gecko) Chrome/152.0.7977.82 Mobile Safari/537.36 (compatible; Googlebot/2.1; +http://www.google.com/bot.html)"
66.249.68.96 - - [15/Sep/2026:00:15:21 +0300] "GET /?sale/search/detail/?ITMCODE=52002706145 HTTP/1.1" 200 194859 "-" "Mozilla/5.0 (Linux; Android 6.0.1; Nexus 5X Build/MMB29P) AppleWebKit/537.36 (KHTML, like Gecko) Chrome/152.0.7977.82 Mobile Safari/537.36 (compatible; Googlebot/2.1; +http://www.google.com/bot.html)"
66.249.68.97 - - [15/Sep/2026:00:15:31 +0300] "GET /?sale/search/detail/?ITMCODE=51981780979 HTTP/1.1" 200 195056 "-" "Mozilla/5.0 (Linux; Android 6.0.1; Nexus 5X Build/MMB29P) AppleWebKit/537.36 (KHTML, like Gecko) Chrome/152.0.7977.82 Mobile Safari/537.36 (compatible; Googlebot/2.1; +http://www.google.com/bot.html)"
85.208.96.204 - - [15/Sep/2026:00:15:46 +0300] "GET /robots.txt HTTP/1.1" 200 836 "-" "Mozilla/5.0 (compatible; SemrushBot/7~bl; +http://www.semrush.com/bot.html)"
185.191.171.8 - - [15/Sep/2026:00:15:47 +0300] "GET /?sale%2Fsearch%2Fdetail%2F%3FITMCODE=51966791847 HTTP/1.1" 200 11138 "-" "Mozilla/5.0 (compatible; SemrushBot/7~bl; +http://www.semrush.com/bot.html)"
66.249.68.96 - - [15/Sep/2026:00:15:52 +0300] "GET /?sale/search/detail/?ITMCODE=51992196264 HTTP/1.1" 200 198609 "-" "Mozilla/5.0 (Linux; Android 6.0.1; Nexus 5X Build/MMB29P) AppleWebKit/537.36 (KHTML, like Gecko) Chrome/152.0.7977.82 Mobile Safari/537.36 (compatible; Googlebot/2.1; +http://www.google.com/bot.html)"
66.249.68.97 - - [15/Sep/2026:00:16:22 +0300] "GET /?sale/search/detail/?ITMCODE=52002676095 HTTP/1.1" 200 222094 "-" "Mozilla/5.0 (Linux; Android 6.0.1; Nexus 5X Build/MMB29P) AppleWebKit/537.36 (KHTML, like Gecko) Chrome/152.0.7977.82 Mobile Safari/537.36 (compatible; Googlebot/2.1; +http://www.google.com/bot.html)"
85.208.96.206 - - [15/Sep/2026:00:16:24 +0300] "GET /?sale%2Fsearch%2Fdetail%2F%3FITMCODE=519533494335 HTTP/1.1" 200 11138 "-" "Mozilla/5.0 (compatible; SemrushBot/7~bl; +http://www.semrush.com/bot.html)"
66.249.68.97 - - [15/Sep/2026:00:16:41 +0300] "GET /?sale/search/detail/?ITMCODE=519536083 HTTP/1.1" 200 197173 "-" "Mozilla/5.0 (Linux; Android 6.0.1; Nexus 5X Build/MMB29P) AppleWebKit/537.36 (KHTML, like Gecko) Chrome/152.0.7977.82 Mobile Safari/537.36 (compatible; Googlebot/2.1; +http://www.google.com/bot.html)"
185.191.171.2 - - [15/Sep/2026:00:16:55 +0300] "GET /?sale%2Fsearch%2Fdetail%2F%3FITMCODE=519713230697 HTTP/1.1" 200 11138 "-" "Mozilla/5.0 (compatible; SemrushBot/7~bl; +http://www.semrush.com/bot.html)"
66.249.68.97 - - [15/Sep/2026:00:17:05 +0300] "GET /?sale/search/detail/?ITMCODE=51971276956 HTTP/1.1" 200 199830 "-" "Mozilla/5.0 (Linux; Android 6.0.1; Nexus 5X Build/MMB29P) AppleWebKit/537.36 (KHTML, like Gecko) Chrome/152.0.7977.82 Mobile Safari/537.36 (compatible; Googlebot/2.1; +http://www.google.com/bot.html)"
185.191.171.4 - - [15/Sep/2026:00:17:22 +0300] "GET /?sale%2Fsearch%2Fdetail%2F%3FITMCODE=51977047998 HTTP/1.1" 200 11138 "-" "Mozilla/5.0 (compatible; SemrushBot/7~bl; +http://www.semrush.com/bot.html)"
43.159.152.184 - - [15/Sep/2026:00:17:53 +0300] "GET / HTTP/1.1" 200 11140 "-" "Mozilla/5.0 (iPhone; CPU iPhone OS 13_2_3 like Mac OS X) AppleWebKit/605.1.15 (KHTML, like Gecko) Version/13.0.3 Mobile/15E148 Safari/604.1"
185.191.171.6 - - [15/Sep/2026:00:19:19 +0300] "GET /?sale%2Fsearch%2Fdetail%2F%3FITMCODE=51995002598 HTTP/1.1" 200 11138 "-" "Mozilla/5.0 (compatible; SemrushBot/7~bl; +http://www.semrush.com/bot.html)"
85.208.96.193 - - [15/Sep/2026:00:20:36 +0300] "GET /?sale%2Fsearch%2Fdetail%2F%3FITMCODE=51987550892 HTTP/1.1" 200 11138 "-" "Mozilla/5.0 (compatible; SemrushBot/7~bl; +http://www.semrush.com/bot.html)"
155.2.215.16 - - [15/Sep/2026:00:20:37 +0300] "GET /wp-login.php HTTP/1.1" 404 1320 "-" "Mozilla/5.0"
85.208.96.202 - - [15/Sep/2026:00:21:28 +0300] "GET /?sale%2Fsearch%2Fdetail%2F%3FITMCODE=51966928669 HTTP/1.1" 200 11138 "-" "Mozilla/5.0 (compatible; SemrushBot/7~bl; +http://www.semrush.com/bot.html)"
185.191.171.6 - - [15/Sep/2026:00:21:31 +0300] "GET /?sale%2Fsearch%2Fdetail%2F%3FITMCODE=519737186949 HTTP/1.1" 200 11138 "-" "Mozilla/5.0 (compatible; SemrushBot/7~bl; +http://www.semrush.com/bot.html)"
185.191.171.1 - - [15/Sep/2026:00:22:20 +0300] "GET /?sale%2Fsearch%2Fdetail%2F%3FITMCODE=519512484299 HTTP/1.1" 200 11138 "-" "Mozilla/5.0 (compatible; SemrushBot/7~bl; +http://www.semrush.com/bot.html)"
185.191.171.19 - - [15/Sep/2026:00:22:56 +0300] "GET /?sale%2Fsearch%2Fdetail%2F%3FITMCODE=519530211142 HTTP/1.1" 200 11138 "-" "Mozilla/5.0 (compatible; SemrushBot/7~bl; +http://www.semrush.com/bot.html)"
85.208.96.209 - - [15/Sep/2026:00:22:58 +0300] "GET /?sale%2Fsearch%2Fdetail%2F%3FITMCODE=519810582375 HTTP/1.1" 200 11138 "-" "Mozilla/5.0 (compatible; SemrushBot/7~bl; +http://www.semrush.com/bot.html)"
185.191.171.13 - - [15/Sep/2026:00:23:59 +0300] "GET /?sale%2Fsearch%2Fdetail%2F%3FITMCODE=52008573972 HTTP/1.1" 200 11138 "-" "Mozilla/5.0 (compatible; SemrushBot/7~bl; +http://www.semrush.com/bot.html)"
85.208.96.193 - - [15/Sep/2026:00:25:37 +0300] "GET /?sale%2Fsearch%2Fdetail%2F%3FITMCODE=519920306768 HTTP/1.1" 200 11138 "-" "Mozilla/5.0 (compatible; SemrushBot/7~bl; +http://www.semrush.com/bot.html)"
85.208.96.207 - - [15/Sep/2026:00:26:21 +0300] "GET /?sale%2Fsearch%2Fdetail%2F%3FITMCODE=51984649252 HTTP/1.1" 200 11138 "-" "Mozilla/5.0 (compatible; SemrushBot/7~bl; +http://www.semrush.com/bot.html)"
185.191.171.5 - - [15/Sep/2026:00:26:56 +0300] "GET /?sale%2Fsearch%2Fdetail%2F%3FITMCODE=520014647264 HTTP/1.1" 200 11138 "-" "Mozilla/5.0 (compatible; SemrushBot/7~bl; +http://www.semrush.com/bot.html)"
185.191.171.15 - - [15/Sep/2026:00:27:15 +0300] "GET /?sale%2Fsearch%2Fdetail%2F%3FITMCODE=52008725630 HTTP/1.1" 200 11138 "-" "Mozilla/5.0 (compatible; SemrushBot/7~bl; +http://www.semrush.com/bot.html)"
43.164.3.23 - - [15/Sep/2026:00:28:47 +0300] "GET / HTTP/1.1" 200 11140 "-" "Mozilla/5.0 (iPhone; CPU iPhone OS 13_2_3 like Mac OS X) AppleWebKit/605.1.15 (KHTML, like Gecko) Version/13.0.3 Mobile/15E148 Safari/604.1"
157.55.39.14 - - [15/Sep/2026:00:29:28 +0300] "GET /shop/pg/16267 HTTP/1.1" 200 194710 "-" "Mozilla/5.0 AppleWebKit/537.36 (KHTML, like Gecko; compatible; bingbot/2.0; +http://www.bing.com/bingbot.htm) Chrome/116.0.1938.76 Safari/537.36"
85.208.96.196 - - [15/Sep/2026:00:31:03 +0300] "GET /?sale%2Fsearch%2Fdetail%2F%3FITMCODE=5199101349098 HTTP/1.1" 200 11138 "-" "Mozilla/5.0 (compatible; SemrushBot/7~bl; +http://www.semrush.com/bot.html)"
85.208.96.193 - - [15/Sep/2026:00:31:21 +0300] "GET /?sale%2Fsearch%2Fdetail%2F%3FITMCODE=51977172900 HTTP/1.1" 200 11138 "-" "Mozilla/5.0 (compatible; SemrushBot/7~bl; +http://www.semrush.com/bot.html)"
85.208.96.193 - - [15/Sep/2026:00:31:49 +0300] "GET /?sale%2Fsearch%2Fdetail%2F%3FITMCODE=519710402322 HTTP/1.1" 200 11138 "-" "Mozilla/5.0 (compatible; SemrushBot/7~bl; +http://www.semrush.com/bot.html)"
66.249.68.96 - - [15/Sep/2026:00:32:59 +0300] "GET /?sale/search/detail/?ITMCODE=5195253408 HTTP/1.1" 200 200140 "-" "Mozilla/5.0 (Linux; Android 6.0.1; Nexus 5X Build/MMB29P) AppleWebKit/537.36 (KHTML, like Gecko) Chrome/152.0.7977.82 Mobile Safari/537.36 (compatible; Googlebot/2.1; +http://www.google.com/bot.html)"
66.249.68.97 - - [15/Sep/2026:00:33:17 +0300] "GET /?sale/search/detail/?ITMCODE=51992256292 HTTP/1.1" 200 211623 "-" "Mozilla/5.0 (Linux; Android 6.0.1; Nexus 5X Build/MMB29P) AppleWebKit/537.36 (KHTML, like Gecko) Chrome/152.0.7977.82 Mobile Safari/537.36 (compatible; Googlebot/2.1; +http://www.google.com/bot.html)"
85.208.96.197 - - [15/Sep/2026:00:33:22 +0300] "GET /?sale%2Fsearch%2Fdetail%2F%3FITMCODE=51966621679 HTTP/1.1" 200 11138 "-" "Mozilla/5.0 (compatible; SemrushBot/7~bl; +http://www.semrush.com/bot.html)"
52.167.144.25 - - [15/Sep/2026:00:33:41 +0300] "GET /shop/pg/1614 HTTP/1.1" 200 196958 "-" "Mozilla/5.0 AppleWebKit/537.36 (KHTML, like Gecko; compatible; bingbot/2.0; +http://www.bing.com/bingbot.htm) Chrome/116.0.1938.76 Safari/537.36"
185.191.171.9 - - [15/Sep/2026:00:34:40 +0300] "GET /?sale%2Fsearch%2Fdetail%2F%3FITMCODE=52002877755 HTTP/1.1" 200 11138 "-" "Mozilla/5.0 (compatible; SemrushBot/7~bl; +http://www.semrush.com/bot.html)"
157.55.39.201 - - [15/Sep/2026:00:34:45 +0300] "GET /shop/pg/1012761 HTTP/1.1" 200 193724 "-" "Mozilla/5.0 AppleWebKit/537.36 (KHTML, like Gecko; compatible; bingbot/2.0; +http://www.bing.com/bingbot.htm) Chrome/116.0.1938.76 Safari/537.36"
85.208.96.208 - - [15/Sep/2026:00:35:04 +0300] "GET /?sale%2Fsearch%2Fdetail%2F%3FITMCODE=51959237657 HTTP/1.1" 200 11138 "-" "Mozilla/5.0 (compatible; SemrushBot/7~bl; +http://www.semrush.com/bot.html)"
185.191.171.5 - - [15/Sep/2026:00:35:51 +0300] "GET /?sale%2Fsearch%2Fdetail%2F%3FITMCODE=519938476169 HTTP/1.1" 200 11138 "-" "Mozilla/5.0 (compatible; SemrushBot/7~bl; +http://www.semrush.com/bot.html)"
66.249.68.97 - - [15/Sep/2026:00:37:50 +0300] "GET /index.php/meniu?sale/search/detail/?ITMCODE=51971456902 HTTP/1.1" 200 208636 "-" "Mozilla/5.0 (Linux; Android 6.0.1; Nexus 5X Build/MMB29P) AppleWebKit/537.36 (KHTML, like Gecko) Chrome/152.0.7977.82 Mobile Safari/537.36 (compatible; Googlebot/2.1; +http://www.google.com/bot.html)"
185.191.171.5 - - [15/Sep/2026:00:38:12 +0300] "GET /?sale%2Fsearch%2Fdetail%2F%3FITMCODE=520014727472 HTTP/1.1" 200 11138 "-" "Mozilla/5.0 (compatible; SemrushBot/7~bl; +http://www.semrush.com/bot.html)"
85.208.96.197 - - [15/Sep/2026:00:38:59 +0300] "GET /?sale%2Fsearch%2Fdetail%2F%3FITMCODE=51969976458 HTTP/1.1" 200 11138 "-" "Mozilla/5.0 (compatible; SemrushBot/7~bl; +http://www.semrush.com/bot.html)"
66.249.68.96 - - [15/Sep/2026:00:39:12 +0300] "GET /?sale/search/detail/?ITMCODE=5195185824 HTTP/1.1" 200 203836 "-" "Mozilla/5.0 (Linux; Android 6.0.1; Nexus 5X Build/MMB29P) AppleWebKit/537.36 (KHTML, like Gecko) Chrome/152.0.7977.82 Mobile Safari/537.36 (compatible; Googlebot/2.1; +http://www.google.com/bot.html)"
85.208.96.198 - - [15/Sep/2026:00:39:19 +0300] "GET /?sale%2Fsearch%2Fdetail%2F%3FITMCODE=51969898128 HTTP/1.1" 200 11138 "-" "Mozilla/5.0 (compatible; SemrushBot/7~bl; +http://www.semrush.com/bot.html)"
185.191.171.4 - - [15/Sep/2026:00:39:41 +0300] "GET /?sale%2Fsearch%2Fdetail%2F%3FITMCODE=51987817945 HTTP/1.1" 200 11138 "-" "Mozilla/5.0 (compatible; SemrushBot/7~bl; +http://www.semrush.com/bot.html)"
43.133.220.37 - - [15/Sep/2026:00:39:46 +0300] "GET / HTTP/1.1" 200 11140 "-" "Mozilla/5.0 (iPhone; CPU iPhone OS 13_2_3 like Mac OS X) AppleWebKit/605.1.15 (KHTML, like Gecko) Version/13.0.3 Mobile/15E148 Safari/604.1"
185.191.171.11 - - [15/Sep/2026:00:40:20 +0300] "GET /?sale%2Fsearch%2Fdetail%2F%3FITMCODE=519734041469 HTTP/1.1" 200 11138 "-" "Mozilla/5.0 (compatible; SemrushBot/7~bl; +http://www.semrush.com/bot.html)"
66.249.68.97 - - [15/Sep/2026:00:40:38 +0300] "GET /?sale/search/detail/?ITMCODE=52002891434 HTTP/1.1" 200 205925 "-" "Mozilla/5.0 (Linux; Android 6.0.1; Nexus 5X Build/MMB29P) AppleWebKit/537.36 (KHTML, like Gecko) Chrome/152.0.7977.82 Mobile Safari/537.36 (compatible; Googlebot/2.1; +http://www.google.com/bot.html)"
85.208.96.208 - - [15/Sep/2026:00:41:46 +0300] "GET /?sale%2Fsearch%2Fdetail%2F%3FITMCODE=51971327071 HTTP/1.1" 200 11138 "-" "Mozilla/5.0 (compatible; SemrushBot/7~bl; +http://www.semrush.com/bot.html)"
66.249.68.98 - - [15/Sep/2026:00:42:06 +0300] "GET /?sale/search/detail/?ITMCODE=51981881405 HTTP/1.1" 200 204050 "-" "Mozilla/5.0 (Linux; Android 6.0.1; Nexus 5X Build/MMB29P) AppleWebKit/537.36 (KHTML, like Gecko) Chrome/152.0.7977.82 Mobile Safari/537.36 (compatible; Googlebot/2.1; +http://www.google.com/bot.html)"
85.208.96.195 - - [15/Sep/2026:00:42:23 +0300] "GET /?sale%2Fsearch%2Fdetail%2F%3FITMCODE=52008623798 HTTP/1.1" 200 11138 "-" "Mozilla/5.0 (compatible; SemrushBot/7~bl; +http://www.semrush.com/bot.html)"
66.249.68.97 - - [15/Sep/2026:00:42:49 +0300] "GET /index.php?ID=8075.html HTTP/1.1" 200 208129 "-" "Mozilla/5.0 (Linux; Android 6.0.1; Nexus 5X Build/MMB29P) AppleWebKit/537.36 (KHTML, like Gecko) Chrome/152.0.7977.82 Mobile Safari/537.36 (compatible; Googlebot/2.1; +http://www.google.com/bot.html)"
185.191.171.1 - - [15/Sep/2026:00:43:00 +0300] "GET /?sale%2Fsearch%2Fdetail%2F%3FITMCODE=51956310768 HTTP/1.1" 200 11138 "-" "Mozilla/5.0 (compatible; SemrushBot/7~bl; +http://www.semrush.com/bot.html)"
66.249.68.96 - - [15/Sep/2026:00:43:22 +0300] "GET /?sale/search/detail/?ITMCODE=51971365308 HTTP/1.1" 200 204672 "-" "Mozilla/5.0 (Linux; Android 6.0.1; Nexus 5X Build/MMB29P) AppleWebKit/537.36 (KHTML, like Gecko) Chrome/152.0.7977.82 Mobile Safari/537.36 (compatible; Googlebot/2.1; +http://www.google.com/bot.html)"
66.249.68.97 - - [15/Sep/2026:00:43:23 +0300] "GET /?sale/search/detail/?ITMCODE=519512378 HTTP/1.1" 200 193285 "-" "Mozilla/5.0 (Linux; Android 6.0.1; Nexus 5X Build/MMB29P) AppleWebKit/537.36 (KHTML, like Gecko) Chrome/152.0.7977.82 Mobile Safari/537.36 (compatible; Googlebot/2.1; +http://www.google.com/bot.html)"
85.208.96.196 - - [15/Sep/2026:00:43:28 +0300] "GET /?sale%2Fsearch%2Fdetail%2F%3FITMCODE=5199101043351 HTTP/1.1" 200 11138 "-" "Mozilla/5.0 (compatible; SemrushBot/7~bl; +http://www.semrush.com/bot.html)"
185.191.171.16 - - [15/Sep/2026:00:43:38 +0300] "GET /?sale%2Fsearch%2Fdetail%2F%3FITMCODE=51963707594 HTTP/1.1" 200 11138 "-" "Mozilla/5.0 (compatible; SemrushBot/7~bl; +http://www.semrush.com/bot.html)"
66.249.68.96 - - [15/Sep/2026:00:43:43 +0300] "GET /?sale/search/detail/?ITMCODE=51992324416 HTTP/1.1" 200 193604 "-" "Mozilla/5.0 (Linux; Android 6.0.1; Nexus 5X Build/MMB29P) AppleWebKit/537.36 (KHTML, like Gecko) Chrome/152.0.7977.82 Mobile Safari/537.36 (compatible; Googlebot/2.1; +http://www.google.com/bot.html)"
85.208.96.205 - - [15/Sep/2026:00:43:46 +0300] "GET /?sale%2Fsearch%2Fdetail%2F%3FITMCODE=51992402225 HTTP/1.1" 200 11138 "-" "Mozilla/5.0 (compatible; SemrushBot/7~bl; +http://www.semrush.com/bot.html)"
66.249.68.96 - - [15/Sep/2026:00:43:56 +0300] "GET /?sale/search/detail/?ITMCODE=51981804599 HTTP/1.1" 200 202314 "-" "Mozilla/5.0 (Linux; Android 6.0.1; Nexus 5X Build/MMB29P) AppleWebKit/537.36 (KHTML, like Gecko) Chrome/152.0.7977.82 Mobile Safari/537.36 (compatible; Googlebot/2.1; +http://www.google.com/bot.html)"
66.249.68.96 - - [15/Sep/2026:00:44:11 +0300] "GET /?sale/search/detail/?ITMCODE=52002925762 HTTP/1.1" 200 199850 "-" "Mozilla/5.0 (Linux; Android 6.0.1; Nexus 5X Build/MMB29P) AppleWebKit/537.36 (KHTML, like Gecko) Chrome/152.0.7977.82 Mobile Safari/537.36 (compatible; Googlebot/2.1; +http://www.google.com/bot.html)"
66.249.68.96 - - [15/Sep/2026:00:44:17 +0300] "GET /?sale/search/detail/?ITMCODE=52002576055 HTTP/1.1" 200 196628 "-" "Mozilla/5.0 (Linux; Android 6.0.1; Nexus 5X Build/MMB29P) AppleWebKit/537.36 (KHTML, like Gecko) Chrome/152.0.7977.82 Mobile Safari/537.36 (compatible; Googlebot/2.1; +http://www.google.com/bot.html)"
66.249.68.96 - - [15/Sep/2026:00:44:26 +0300] "GET /?sale/search/detail/?ITMCODE=51971417846 HTTP/1.1" 200 193583 "-" "Mozilla/5.0 (Linux; Android 6.0.1; Nexus 5X Build/MMB29P) AppleWebKit/537.36 (KHTML, like Gecko) Chrome/152.0.7977.82 Mobile Safari/537.36 (compatible; Googlebot/2.1; +http://www.google.com/bot.html)"
185.191.171.8 - - [15/Sep/2026:00:44:43 +0300] "GET /?sale%2Fsearch%2Fdetail%2F%3FITMCODE=51959112588 HTTP/1.1" 200 11138 "-" "Mozilla/5.0 (compatible; SemrushBot/7~bl; +http://www.semrush.com/bot.html)"
85.208.96.207 - - [15/Sep/2026:00:45:00 +0300] "GET /?sale%2Fsearch%2Fdetail%2F%3FITMCODE=51995011145 HTTP/1.1" 200 11138 "-" "Mozilla/5.0 (compatible; SemrushBot/7~bl; +http://www.semrush.com/bot.html)"
207.46.13.102 - - [15/Sep/2026:00:45:07 +0300] "GET /sale/search/detail/?ITMCODE=52002873318 HTTP/1.1" 200 204862 "-" "Mozilla/5.0 AppleWebKit/537.36 (KHTML, like Gecko; compatible; bingbot/2.0; +http://www.bing.com/bingbot.htm) Chrome/116.0.1938.76 Safari/537.36"
40.77.167.14 - - [15/Sep/2026:00:45:13 +0300] "GET /sale/search/detail/?ITMCODE=52002935352 HTTP/1.1" 200 203323 "-" "Mozilla/5.0 AppleWebKit/537.36 (KHTML, like Gecko; compatible; bingbot/2.0; +http://www.bing.com/bingbot.htm) Chrome/116.0.1938.76 Safari/537.36"
66.249.68.96 - - [15/Sep/2026:00:45:17 +0300] "GET /?sale/search/detail/?ITMCODE=52002661402 HTTP/1.1" 200 200416 "-" "Mozilla/5.0 (Linux; Android 6.0.1; Nexus 5X Build/MMB29P) AppleWebKit/537.36 (KHTML, like Gecko) Chrome/152.0.7977.82 Mobile Safari/537.36 (compatible; Googlebot/2.1; +http://www.google.com/bot.html)"
185.191.171.5 - - [15/Sep/2026:00:45:43 +0300] "GET /?sale%2Fsearch%2Fdetail%2F%3FITMCODE=519876742602 HTTP/1.1" 200 11138 "-" "Mozilla/5.0 (compatible; SemrushBot/7~bl; +http://www.semrush.com/bot.html)"
66.249.68.97 - - [15/Sep/2026:00:45:59 +0300] "GET /?sale/search/detail/?ITMCODE=51971058370 HTTP/1.1" 200 198841 "-" "Mozilla/5.0 (Linux; Android 6.0.1; Nexus 5X Build/MMB29P) AppleWebKit/537.36 (KHTML, like Gecko) Chrome/152.0.7977.82 Mobile Safari/537.36 (compatible; Googlebot/2.1; +http://www.google.com/bot.html)"
66.249.68.96 - - [15/Sep/2026:00:46:13 +0300] "GET /?sale/search/detail/?ITMCODE=51971020457 HTTP/1.1" 200 199719 "-" "Mozilla/5.0 (Linux; Android 6.0.1; Nexus 5X Build/MMB29P) AppleWebKit/537.36 (KHTML, like Gecko) Chrome/152.0.7977.82 Mobile Safari/537.36 (compatible; Googlebot/2.1; +http://www.google.com/bot.html)"
66.249.68.96 - - [15/Sep/2026:00:46:14 +0300] "GET /?sale/search/detail/?ITMCODE=5196591401 HTTP/1.1" 200 196460 "-" "Mozilla/5.0 (Linux; Android 6.0.1; Nexus 5X Build/MMB29P) AppleWebKit/537.36 (KHTML, like Gecko) Chrome/152.0.7977.82 Mobile Safari/537.36 (compatible; Googlebot/2.1; +http://www.google.com/bot.html)"
66.249.68.96 - - [15/Sep/2026:00:46:38 +0300] "GET /?sale/search/detail/?ITMCODE=5196934615 HTTP/1.1" 200 204601 "-" "Mozilla/5.0 (Linux; Android 6.0.1; Nexus 5X Build/MMB29P) AppleWebKit/537.36 (KHTML, like Gecko) Chrome/152.0.7977.82 Mobile Safari/537.36 (compatible; Googlebot/2.1; +http://www.google.com/bot.html)"
66.249.68.97 - - [15/Sep/2026:00:46:56 +0300] "GET /?sale/search/detail/?ITMCODE=5196956471 HTTP/1.1" 200 198410 "-" "Mozilla/5.0 (Linux; Android 6.0.1; Nexus 5X Build/MMB29P) AppleWebKit/537.36 (KHTML, like Gecko) Chrome/152.0.7977.82 Mobile Safari/537.36 (compatible; Googlebot/2.1; +http://www.google.com/bot.html)"
66.249.68.96 - - [15/Sep/2026:00:47:14 +0300] "GET /?sale/search/detail/?ITMCODE=51971341599 HTTP/1.1" 200 207993 "-" "Mozilla/5.0 (Linux; Android 6.0.1; Nexus 5X Build/MMB29P) AppleWebKit/537.36 (KHTML, like Gecko) Chrome/152.0.7977.82 Mobile Safari/537.36 (compatible; Googlebot/2.1; +http://www.google.com/bot.html)"
185.191.171.16 - - [15/Sep/2026:00:47:43 +0300] "GET /?sale%2Fsearch%2Fdetail%2F%3FITMCODE=51969594099 HTTP/1.1" 200 11138 "-" "Mozilla/5.0 (compatible; SemrushBot/7~bl; +http://www.semrush.com/bot.html)"
185.191.171.14 - - [15/Sep/2026:00:47:49 +0300] "GET /?sale%2Fsearch%2Fdetail%2F%3FITMCODE=51995000123 HTTP/1.1" 200 11138 "-" "Mozilla/5.0 (compatible; SemrushBot/7~bl; +http://www.semrush.com/bot.html)"
66.249.68.97 - - [15/Sep/2026:00:47:49 +0300] "GET /?sale/search/detail/?ITMCODE=51971173507 HTTP/1.1" 200 196643 "-" "Mozilla/5.0 (Linux; Android 6.0.1; Nexus 5X Build/MMB29P) AppleWebKit/537.36 (KHTML, like Gecko) Chrome/152.0.7977.82 Mobile Safari/537.36 (compatible; Googlebot/2.1; +http://www.google.com/bot.html)"
85.208.96.212 - - [15/Sep/2026:00:47:53 +0300] "GET /?sale%2Fsearch%2Fdetail%2F%3FITMCODE=52005928453 HTTP/1.1" 200 11138 "-" "Mozilla/5.0 (compatible; SemrushBot/7~bl; +http://www.semrush.com/bot.html)"
185.191.171.6 - - [15/Sep/2026:00:48:14 +0300] "GET /?sale%2Fsearch%2Fdetail%2F%3FITMCODE=519713280290 HTTP/1.1" 200 11138 "-" "Mozilla/5.0 (compatible; SemrushBot/7~bl; +http://www.semrush.com/bot.html)"
40.77.167.14 - - [15/Sep/2026:00:48:22 +0300] "GET /sale/search/detail/?ITMCODE=52002845466 HTTP/1.1" 200 197214 "-" "Mozilla/5.0 AppleWebKit/537.36 (KHTML, like Gecko; compatible; bingbot/2.0; +http://www.bing.com/bingbot.htm) Chrome/116.0.1938.76 Safari/537.36"
43.156.41.180 - - [15/Sep/2026:00:48:30 +0300] "GET / HTTP/1.1" 200 11140 "-" "Mozilla/5.0 (iPhone; CPU iPhone OS 13_2_3 like Mac OS X) AppleWebKit/605.1.15 (KHTML, like Gecko) Version/13.0.3 Mobile/15E148 Safari/604.1"
66.249.68.97 - - [15/Sep/2026:00:49:07 +0300] "GET /?sale/search/detail/?ITMCODE=5195455271 HTTP/1.1" 200 200811 "-" "Mozilla/5.0 (Linux; Android 6.0.1; Nexus 5X Build/MMB29P) AppleWebKit/537.36 (KHTML, like Gecko) Chrome/152.0.7977.82 Mobile Safari/537.36 (compatible; Googlebot/2.1; +http://www.google.com/bot.html)"
185.191.171.15 - - [15/Sep/2026:00:49:16 +0300] "GET /?sale%2Fsearch%2Fdetail%2F%3FITMCODE=5196102882471 HTTP/1.1" 200 11138 "-" "Mozilla/5.0 (compatible; SemrushBot/7~bl; +http://www.semrush.com/bot.html)"
85.208.96.205 - - [15/Sep/2026:00:49:18 +0300] "GET /?sale%2Fsearch%2Fdetail%2F%3FITMCODE=519971228328 HTTP/1.1" 200 11138 "-" "Mozilla/5.0 (compatible; SemrushBot/7~bl; +http://www.semrush.com/bot.html)"
185.191.171.12 - - [15/Sep/2026:00:49:51 +0300] "GET /?sale%2Fsearch%2Fdetail%2F%3FITMCODE=51963665494 HTTP/1.1" 200 11138 "-" "Mozilla/5.0 (compatible; SemrushBot/7~bl; +http://www.semrush.com/bot.html)"
185.191.171.12 - - [15/Sep/2026:00:50:02 +0300] "GET /?sale%2Fsearch%2Fdetail%2F%3FITMCODE=51963522680 HTTP/1.1" 200 11138 "-" "Mozilla/5.0 (compatible; SemrushBot/7~bl; +http://www.semrush.com/bot.html)"
66.249.68.96 - - [15/Sep/2026:00:50:17 +0300] "GET /?sale/search/detail/?ITMCODE=52002996210 HTTP/1.1" 200 202336 "-" "Mozilla/5.0 (Linux; Android 6.0.1; Nexus 5X Build/MMB29P) AppleWebKit/537.36 (KHTML, like Gecko) Chrome/152.0.7977.82 Mobile Safari/537.36 (compatible; Googlebot/2.1; +http://www.google.com/bot.html)"
66.249.68.96 - - [15/Sep/2026:00:51:20 +0300] "GET /?sale/search/detail/?ITMCODE=5196903897 HTTP/1.1" 200 199512 "-" "Mozilla/5.0 (Linux; Android 6.0.1; Nexus 5X Build/MMB29P) AppleWebKit/537.36 (KHTML, like Gecko) Chrome/152.0.7977.82 Mobile Safari/537.36 (compatible; Googlebot/2.1; +http://www.google.com/bot.html)"
85.208.96.194 - - [15/Sep/2026:00:51:34 +0300] "GET /?sale%2Fsearch%2Fdetail%2F%3FITMCODE=51984961509 HTTP/1.1" 200 11138 "-" "Mozilla/5.0 (compatible; SemrushBot/7~bl; +http://www.semrush.com/bot.html)"
4.224.45.129 - - [15/Sep/2026:00:51:36 +0300] "GET /wp-content/plugins/hellopress/wp_filemanager.php HTTP/1.1" 404 1320 "-" "-"
4.224.45.129 - - [15/Sep/2026:00:51:36 +0300] "GET /this_is_a_new_hello_world.php HTTP/1.1" 404 1317 "-" "-"
4.224.45.129 - - [15/Sep/2026:00:51:36 +0300] "GET /bless.php HTTP/1.1" 404 1317 "-" "-"
4.224.45.129 - - [15/Sep/2026:00:51:37 +0300] "GET /sts.php HTTP/1.1" 404 1317 "-" "-"
4.224.45.129 - - [15/Sep/2026:00:51:37 +0300] "GET /z70.php HTTP/1.1" 404 1317 "-" "-"
4.224.45.129 - - [15/Sep/2026:00:51:37 +0300] "GET /f35.php HTTP/1.1" 404 1317 "-" "-"
4.224.45.129 - - [15/Sep/2026:00:51:38 +0300] "GET //adminfuns.php HTTP/1.1" 404 1317 "-" "-"
4.224.45.129 - - [15/Sep/2026:00:51:38 +0300] "GET /3PJcpMFsD8B.php HTTP/1.1" 403 11133 "-" "-"
4.224.45.129 - - [15/Sep/2026:00:51:38 +0300] "GET //av.php HTTP/1.1" 404 1317 "-" "-"
4.224.45.129 - - [15/Sep/2026:00:51:38 +0300] "GET /av.php HTTP/1.1" 404 1317 "-" "-"
4.224.45.129 - - [15/Sep/2026:00:51:39 +0300] "GET /dex.php HTTP/1.1" 404 1317 "-" "-"
4.224.45.129 - - [15/Sep/2026:00:51:39 +0300] "GET /chosen.php HTTP/1.1" 404 1317 "-" "-"
4.224.45.129 - - [15/Sep/2026:00:51:39 +0300] "GET /1.php?p= HTTP/1.1" 403 7893 "-" "-"
4.224.45.129 - - [15/Sep/2026:00:51:40 +0300] "GET /radio.php HTTP/1.1" 404 1317 "-" "-"
4.224.45.129 - - [15/Sep/2026:00:51:40 +0300] "GET /blacks.php HTTP/1.1" 404 1317 "-" "-"
4.224.45.129 - - [15/Sep/2026:00:51:40 +0300] "GET /run.php HTTP/1.1" 404 1317 "-" "-"
185.191.171.12 - - [15/Sep/2026:00:51:40 +0300] "GET /?sale%2Fsearch%2Fdetail%2F%3FITMCODE=51977005529 HTTP/1.1" 200 11138 "-" "Mozilla/5.0 (compatible; SemrushBot/7~bl; +http://www.semrush.com/bot.html)"
4.224.45.129 - - [15/Sep/2026:00:51:40 +0300] "GET /alfa.php HTTP/1.1" 404 1317 "-" "-"
4.224.45.129 - - [15/Sep/2026:00:51:41 +0300] "GET /w.php HTTP/1.1" 404 1317 "-" "-"
4.224.45.129 - - [15/Sep/2026:00:51:41 +0300] "GET /wp_blog_footer.php HTTP/1.1" 404 1317 "-" "-"
4.224.45.129 - - [15/Sep/2026:00:51:41 +0300] "GET /sss.php?p= HTTP/1.1" 404 1317 "-" "-"
4.224.45.129 - - [15/Sep/2026:00:51:42 +0300] "GET /b8.php HTTP/1.1" 404 1317 "-" "-"
4.224.45.129 - - [15/Sep/2026:00:51:42 +0300] "GET /xex.php HTTP/1.1" 404 1317 "-" "-"
4.224.45.129 - - [15/Sep/2026:00:51:42 +0300] "GET //CAE-2.5.php HTTP/1.1" 404 1320 "-" "-"
4.224.45.129 - - [15/Sep/2026:00:51:42 +0300] "GET /ass.php HTTP/1.1" 404 1317 "-" "-"
4.224.45.129 - - [15/Sep/2026:00:51:43 +0300] "GET /jybkxer.php HTTP/1.1" 404 1317 "-" "-"
4.224.45.129 - - [15/Sep/2026:00:51:43 +0300] "GET /wsd.php HTTP/1.1" 404 1317 "-" "-"
4.224.45.129 - - [15/Sep/2026:00:51:43 +0300] "GET /media.php HTTP/1.1" 404 1317 "-" "-"
4.224.45.129 - - [15/Sep/2026:00:51:44 +0300] "GET /images.php HTTP/1.1" 404 1317 "-" "-"
4.224.45.129 - - [15/Sep/2026:00:51:44 +0300] "GET /ops.php HTTP/1.1" 404 1317 "-" "-"
4.224.45.129 - - [15/Sep/2026:00:51:44 +0300] "GET /BDKR28WP.php HTTP/1.1" 404 1317 "-" "-"
4.224.45.129 - - [15/Sep/2026:00:51:44 +0300] "GET /mac.php HTTP/1.1" 404 1317 "-" "-"
4.224.45.129 - - [15/Sep/2026:00:51:45 +0300] "GET /wmore1.php HTTP/1.1" 404 1317 "-" "-"
4.224.45.129 - - [15/Sep/2026:00:51:45 +0300] "GET /ab.php HTTP/1.1" 404 1317 "-" "-"
4.224.45.129 - - [15/Sep/2026:00:51:45 +0300] "GET /z60.php?p= HTTP/1.1" 404 1317 "-" "-"
4.224.45.129 - - [15/Sep/2026:00:51:46 +0300] "GET //database2.php HTTP/1.1" 404 1317 "-" "-"
4.224.45.129 - - [15/Sep/2026:00:51:46 +0300] "GET /aa.php HTTP/1.1" 404 1317 "-" "-"
4.224.45.129 - - [15/Sep/2026:00:51:46 +0300] "GET /pJPoKA.php HTTP/1.1" 404 1317 "-" "-"
4.224.45.129 - - [15/Sep/2026:00:51:46 +0300] "GET /24.php HTTP/1.1" 404 1317 "-" "-"
4.224.45.129 - - [15/Sep/2026:00:51:47 +0300] "GET /fryvbbn.php HTTP/1.1" 404 1317 "-" "-"
4.224.45.129 - - [15/Sep/2026:00:51:47 +0300] "GET /ff2.php HTTP/1.1" 404 1317 "-" "-"
4.224.45.129 - - [15/Sep/2026:00:51:47 +0300] "GET /xxw.php HTTP/1.1" 404 1317 "-" "-"
4.224.45.129 - - [15/Sep/2026:00:51:48 +0300] "GET /gi2.php HTTP/1.1" 404 1317 "-" "-"
4.224.45.129 - - [15/Sep/2026:00:51:48 +0300] "GET /min.php HTTP/1.1" 404 1317 "-" "-"
4.224.45.129 - - [15/Sep/2026:00:51:48 +0300] "GET /n30n.php HTTP/1.1" 404 1317 "-" "-"
4.224.45.129 - - [15/Sep/2026:00:51:48 +0300] "GET /wawan.php HTTP/1.1" 404 1317 "-" "-"
4.224.45.129 - - [15/Sep/2026:00:51:49 +0300] "GET /gigi.php HTTP/1.1" 404 1317 "-" "-"
4.224.45.129 - - [15/Sep/2026:00:51:49 +0300] "GET /bnmtp.php HTTP/1.1" 404 1317 "-" "-"
4.224.45.129 - - [15/Sep/2026:00:51:49 +0300] "GET /ebkid.php HTTP/1.1" 404 1317 "-" "-"
4.224.45.129 - - [15/Sep/2026:00:51:50 +0300] "GET /myglu.php HTTP/1.1" 404 1317 "-" "-"
4.224.45.129 - - [15/Sep/2026:00:51:50 +0300] "GET /xp.php HTTP/1.1" 404 1317 "-" "-"
4.224.45.129 - - [15/Sep/2026:00:51:50 +0300] "GET /leeocvou.php HTTP/1.1" 404 1317 "-" "-"
4.224.45.129 - - [15/Sep/2026:00:51:51 +0300] "GET /ugmlxqxz.php HTTP/1.1" 404 1317 "-" "-"
4.224.45.129 - - [15/Sep/2026:00:51:51 +0300] "GET /mpwkxnos.php HTTP/1.1" 404 1317 "-" "-"
4.224.45.129 - - [15/Sep/2026:00:51:51 +0300] "GET /133.php HTTP/1.1" 404 1317 "-" "-"
4.224.45.129 - - [15/Sep/2026:00:51:51 +0300] "GET /x33.php HTTP/1.1" 404 1317 "-" "-"
4.224.45.129 - - [15/Sep/2026:00:51:52 +0300] "GET /xetmolxr.php HTTP/1.1" 404 1317 "-" "-"
4.224.45.129 - - [15/Sep/2026:00:51:52 +0300] "GET /mk.php HTTP/1.1" 404 1317 "-" "-"
4.224.45.129 - - [15/Sep/2026:00:51:52 +0300] "GET /zpcutwcq.php HTTP/1.1" 404 1317 "-" "-"
4.224.45.129 - - [15/Sep/2026:00:51:53 +0300] "GET /efjgujst.php HTTP/1.1" 404 1317 "-" "-"
4.224.45.129 - - [15/Sep/2026:00:51:53 +0300] "GET /155.php HTTP/1.1" 404 1317 "-" "-"
4.224.45.129 - - [15/Sep/2026:00:51:53 +0300] "GET /faii.php HTTP/1.1" 404 1317 "-" "-"
4.224.45.129 - - [15/Sep/2026:00:51:53 +0300] "GET /indo.php HTTP/1.1" 404 1317 "-" "-"
4.224.45.129 - - [15/Sep/2026:00:51:54 +0300] "GET /ano.php HTTP/1.1" 404 1317 "-" "-"
4.224.45.129 - - [15/Sep/2026:00:51:54 +0300] "GET /xenon1337.php HTTP/1.1" 404 1317 "-" "-"
4.224.45.129 - - [15/Sep/2026:00:51:54 +0300] "GET /upgrtfg.php HTTP/1.1" 404 1317 "-" "-"
4.224.45.129 - - [15/Sep/2026:00:51:55 +0300] "GET /wp%20x3.php HTTP/1.1" 404 1317 "-" "-"
4.224.45.129 - - [15/Sep/2026:00:51:55 +0300] "GET /kok.php HTTP/1.1" 404 1317 "-" "-"
4.224.45.129 - - [15/Sep/2026:00:51:55 +0300] "GET /cae.php HTTP/1.1" 404 1317 "-" "-"
4.224.45.129 - - [15/Sep/2026:00:51:55 +0300] "GET /txets.php HTTP/1.1" 404 1317 "-" "-"
4.224.45.129 - - [15/Sep/2026:00:51:56 +0300] "GET /A5.php HTTP/1.1" 404 1317 "-" "-"
4.224.45.129 - - [15/Sep/2026:00:51:56 +0300] "GET /saorvwys.php HTTP/1.1" 404 1317 "-" "-"
4.224.45.129 - - [15/Sep/2026:00:51:56 +0300] "GET /mu2.php HTTP/1.1" 404 1317 "-" "-"
4.224.45.129 - - [15/Sep/2026:00:51:57 +0300] "GET /ms.php HTTP/1.1" 404 1317 "-" "-"
4.224.45.129 - - [15/Sep/2026:00:51:57 +0300] "GET /wp-update.php HTTP/1.1" 404 1320 "-" "-"
85.208.96.212 - - [15/Sep/2026:00:52:27 +0300] "GET /?sale%2Fsearch%2Fdetail%2F%3FITMCODE=519624970107 HTTP/1.1" 200 11138 "-" "Mozilla/5.0 (compatible; SemrushBot/7~bl; +http://www.semrush.com/bot.html)"
185.191.171.8 - - [15/Sep/2026:00:52:58 +0300] "GET /?sale%2Fsearch%2Fdetail%2F%3FITMCODE=51959186043 HTTP/1.1" 200 11138 "-" "Mozilla/5.0 (compatible; SemrushBot/7~bl; +http://www.semrush.com/bot.html)"
185.191.171.13 - - [15/Sep/2026:00:53:18 +0300] "GET /?sale%2Fsearch%2Fdetail%2F%3FITMCODE=519920014653 HTTP/1.1" 200 11138 "-" "Mozilla/5.0 (compatible; SemrushBot/7~bl; +http://www.semrush.com/bot.html)"