66.249.68.105 - - [13/Sep/2026:16:36:17 +0300] "GET /?sale/search/detail/?ITMCODE=52002612065 HTTP/1.1" 200 198111 "-" "Mozilla/5.0 (Linux; Android 6.0.1; Nexus 5X Build/MMB29P) AppleWebKit/537.36 (KHTML, like Gecko) Chrome/152.0.7977.82 Mobile Safari/537.36 (compatible; Googlebot/2.1; +http://www.google.com/bot.html)"
66.249.68.105 - - [13/Sep/2026:16:36:19 +0300] "GET /?sale/search/detail/?ITMCODE=51981967899 HTTP/1.1" 200 198047 "-" "Mozilla/5.0 (Linux; Android 6.0.1; Nexus 5X Build/MMB29P) AppleWebKit/537.36 (KHTML, like Gecko) Chrome/152.0.7977.82 Mobile Safari/537.36 (compatible; Googlebot/2.1; +http://www.google.com/bot.html)"
85.208.96.203 - - [13/Sep/2026:16:36:34 +0300] "GET /?sale%2Fsearch%2Fdetail%2F%3FITMCODE=51963588109 HTTP/1.1" 200 11138 "-" "Mozilla/5.0 (compatible; SemrushBot/7~bl; +http://www.semrush.com/bot.html)"
66.249.68.105 - - [13/Sep/2026:16:36:44 +0300] "GET /?sale/search/detail/?ITMCODE=52002768868 HTTP/1.1" 200 207263 "-" "Mozilla/5.0 (Linux; Android 6.0.1; Nexus 5X Build/MMB29P) AppleWebKit/537.36 (KHTML, like Gecko) Chrome/152.0.7977.82 Mobile Safari/537.36 (compatible; Googlebot/2.1; +http://www.google.com/bot.html)"
66.249.68.104 - - [13/Sep/2026:16:37:22 +0300] "GET /?sale/search/detail/?ITMCODE=51981975909 HTTP/1.1" 200 205221 "-" "Mozilla/5.0 (Linux; Android 6.0.1; Nexus 5X Build/MMB29P) AppleWebKit/537.36 (KHTML, like Gecko) Chrome/152.0.7977.82 Mobile Safari/537.36 (compatible; Googlebot/2.1; +http://www.google.com/bot.html)"
185.191.171.8 - - [13/Sep/2026:16:37:42 +0300] "GET /?sale%2Fsearch%2Fdetail%2F%3FITMCODE=519914007230 HTTP/1.1" 200 11138 "-" "Mozilla/5.0 (compatible; SemrushBot/7~bl; +http://www.semrush.com/bot.html)"
66.249.68.104 - - [13/Sep/2026:16:38:13 +0300] "GET /?sale/search/detail/?ITMCODE=5196927771 HTTP/1.1" 200 206824 "-" "Mozilla/5.0 (Linux; Android 6.0.1; Nexus 5X Build/MMB29P) AppleWebKit/537.36 (KHTML, like Gecko) Chrome/152.0.7977.82 Mobile Safari/537.36 (compatible; Googlebot/2.1; +http://www.google.com/bot.html)"
185.191.171.8 - - [13/Sep/2026:16:38:18 +0300] "GET /?sale%2Fsearch%2Fdetail%2F%3FITMCODE=519515235904 HTTP/1.1" 200 11138 "-" "Mozilla/5.0 (compatible; SemrushBot/7~bl; +http://www.semrush.com/bot.html)"
66.249.68.104 - - [13/Sep/2026:16:38:27 +0300] "GET /?sale/search/detail/?ITMCODE=5195395743 HTTP/1.1" 200 204540 "-" "Mozilla/5.0 (Linux; Android 6.0.1; Nexus 5X Build/MMB29P) AppleWebKit/537.36 (KHTML, like Gecko) Chrome/152.0.7977.82 Mobile Safari/537.36 (compatible; Googlebot/2.1; +http://www.google.com/bot.html)"
185.191.171.12 - - [13/Sep/2026:16:38:40 +0300] "GET /?sale%2Fsearch%2Fdetail%2F%3FITMCODE=519636571630 HTTP/1.1" 200 11138 "-" "Mozilla/5.0 (compatible; SemrushBot/7~bl; +http://www.semrush.com/bot.html)"
66.249.68.104 - - [13/Sep/2026:16:38:39 +0300] "GET /shop/pg/1howto/ HTTP/1.1" 200 195858 "-" "Mozilla/5.0 (Linux; Android 6.0.1; Nexus 5X Build/MMB29P) AppleWebKit/537.36 (KHTML, like Gecko) Chrome/152.0.7977.82 Mobile Safari/537.36 (compatible; Googlebot/2.1; +http://www.google.com/bot.html)"
85.208.96.194 - - [13/Sep/2026:16:39:39 +0300] "GET /?sale%2Fsearch%2Fdetail%2F%3FITMCODE=51998206466 HTTP/1.1" 200 11138 "-" "Mozilla/5.0 (compatible; SemrushBot/7~bl; +http://www.semrush.com/bot.html)"
185.191.171.13 - - [13/Sep/2026:16:39:53 +0300] "GET /?sale%2Fsearch%2Fdetail%2F%3FITMCODE=51987636153 HTTP/1.1" 200 11138 "-" "Mozilla/5.0 (compatible; SemrushBot/7~bl; +http://www.semrush.com/bot.html)"
185.191.171.19 - - [13/Sep/2026:16:40:14 +0300] "GET /?sale%2Fsearch%2Fdetail%2F%3FITMCODE=519819610436 HTTP/1.1" 200 11138 "-" "Mozilla/5.0 (compatible; SemrushBot/7~bl; +http://www.semrush.com/bot.html)"
85.208.96.205 - - [13/Sep/2026:16:40:27 +0300] "GET /?sale%2Fsearch%2Fdetail%2F%3FITMCODE=519621864984 HTTP/1.1" 200 11138 "-" "Mozilla/5.0 (compatible; SemrushBot/7~bl; +http://www.semrush.com/bot.html)"
66.249.68.104 - - [13/Sep/2026:16:40:54 +0300] "GET /?sale/search/detail/?ITMCODE=52002739857 HTTP/1.1" 200 212368 "-" "Mozilla/5.0 (Linux; Android 6.0.1; Nexus 5X Build/MMB29P) AppleWebKit/537.36 (KHTML, like Gecko) Chrome/152.0.7977.82 Mobile Safari/537.36 (compatible; Googlebot/2.1; +http://www.google.com/bot.html)"
66.249.68.105 - - [13/Sep/2026:16:41:34 +0300] "GET /?sale/search/detail/?ITMCODE=51981600448 HTTP/1.1" 200 198418 "-" "Mozilla/5.0 (Linux; Android 6.0.1; Nexus 5X Build/MMB29P) AppleWebKit/537.36 (KHTML, like Gecko) Chrome/152.0.7977.82 Mobile Safari/537.36 (compatible; Googlebot/2.1; +http://www.google.com/bot.html)"
66.249.68.104 - - [13/Sep/2026:16:41:38 +0300] "GET /?sale/search/detail/?ITMCODE=5196635368 HTTP/1.1" 200 200946 "-" "Mozilla/5.0 (Linux; Android 6.0.1; Nexus 5X Build/MMB29P) AppleWebKit/537.36 (KHTML, like Gecko) Chrome/152.0.7977.82 Mobile Safari/537.36 (compatible; Googlebot/2.1; +http://www.google.com/bot.html)"
66.249.68.104 - - [13/Sep/2026:16:41:38 +0300] "GET /?sale/search/detail/?ITMCODE=5196639885 HTTP/1.1" 200 202197 "-" "Mozilla/5.0 (Linux; Android 6.0.1; Nexus 5X Build/MMB29P) AppleWebKit/537.36 (KHTML, like Gecko) Chrome/152.0.7977.82 Mobile Safari/537.36 (compatible; Googlebot/2.1; +http://www.google.com/bot.html)"
43.157.38.228 - - [13/Sep/2026:16:41:47 +0300] "GET / HTTP/1.1" 200 11140 "-" "Mozilla/5.0 (iPhone; CPU iPhone OS 13_2_3 like Mac OS X) AppleWebKit/605.1.15 (KHTML, like Gecko) Version/13.0.3 Mobile/15E148 Safari/604.1"
85.208.96.212 - - [13/Sep/2026:16:42:09 +0300] "GET /?sale%2Fsearch%2Fdetail%2F%3FITMCODE=5197100131931 HTTP/1.1" 200 11138 "-" "Mozilla/5.0 (compatible; SemrushBot/7~bl; +http://www.semrush.com/bot.html)"
85.208.96.202 - - [13/Sep/2026:16:42:20 +0300] "GET /?sale%2Fsearch%2Fdetail%2F%3FITMCODE=519728425337 HTTP/1.1" 200 11138 "-" "Mozilla/5.0 (compatible; SemrushBot/7~bl; +http://www.semrush.com/bot.html)"
185.191.171.4 - - [13/Sep/2026:16:42:34 +0300] "GET /?sale%2Fsearch%2Fdetail%2F%3FITMCODE=519876819287 HTTP/1.1" 200 11138 "-" "Mozilla/5.0 (compatible; SemrushBot/7~bl; +http://www.semrush.com/bot.html)"
85.208.96.205 - - [13/Sep/2026:16:42:38 +0300] "GET /?sale%2Fsearch%2Fdetail%2F%3FITMCODE=519731207958 HTTP/1.1" 200 11138 "-" "Mozilla/5.0 (compatible; SemrushBot/7~bl; +http://www.semrush.com/bot.html)"
85.208.96.211 - - [13/Sep/2026:16:43:06 +0300] "GET /?sale%2Fsearch%2Fdetail%2F%3FITMCODE=52008735491 HTTP/1.1" 200 11138 "-" "Mozilla/5.0 (compatible; SemrushBot/7~bl; +http://www.semrush.com/bot.html)"
216.73.217.175 - - [13/Sep/2026:16:43:36 +0300] "GET /robots.txt HTTP/1.1" 200 836 "-" "Mozilla/5.0 AppleWebKit/537.36 (KHTML, like Gecko; compatible; ClaudeBot/1.0; +claudebot@anthropic.com)"
216.73.217.175 - - [13/Sep/2026:16:43:36 +0300] "GET /sitemap.xml HTTP/1.1" 200 1307 "-" "Mozilla/5.0 AppleWebKit/537.36 (KHTML, like Gecko; compatible; ClaudeBot/1.0; +claudebot@anthropic.com)"
66.249.68.96 - - [13/Sep/2026:16:44:01 +0300] "GET /?sale/search/detail/?ITMCODE=51971395752 HTTP/1.1" 200 197012 "-" "Mozilla/5.0 (Linux; Android 6.0.1; Nexus 5X Build/MMB29P) AppleWebKit/537.36 (KHTML, like Gecko) Chrome/152.0.7977.82 Mobile Safari/537.36 (compatible; Googlebot/2.1; +http://www.google.com/bot.html)"
85.208.96.211 - - [13/Sep/2026:16:44:20 +0300] "GET /?sale%2Fsearch%2Fdetail%2F%3FITMCODE=519770326868 HTTP/1.1" 200 11138 "-" "Mozilla/5.0 (compatible; SemrushBot/7~bl; +http://www.semrush.com/bot.html)"
185.191.171.11 - - [13/Sep/2026:16:44:36 +0300] "GET /?sale%2Fsearch%2Fdetail%2F%3FITMCODE=519971093788 HTTP/1.1" 200 11138 "-" "Mozilla/5.0 (compatible; SemrushBot/7~bl; +http://www.semrush.com/bot.html)"
85.208.96.203 - - [13/Sep/2026:16:45:49 +0300] "GET /?sale%2Fsearch%2Fdetail%2F%3FITMCODE=519512465879 HTTP/1.1" 200 11138 "-" "Mozilla/5.0 (compatible; SemrushBot/7~bl; +http://www.semrush.com/bot.html)"
185.191.171.14 - - [13/Sep/2026:16:45:51 +0300] "GET /?sale%2Fsearch%2Fdetail%2F%3FITMCODE=520074638088 HTTP/1.1" 200 11138 "-" "Mozilla/5.0 (compatible; SemrushBot/7~bl; +http://www.semrush.com/bot.html)"
85.208.96.197 - - [13/Sep/2026:16:45:54 +0300] "GET /?sale%2Fsearch%2Fdetail%2F%3FITMCODE=519734027704 HTTP/1.1" 200 11138 "-" "Mozilla/5.0 (compatible; SemrushBot/7~bl; +http://www.semrush.com/bot.html)"
66.249.68.105 - - [13/Sep/2026:16:46:08 +0300] "GET /?sale/search/detail/?ITMCODE=51981951688 HTTP/1.1" 200 202457 "-" "Mozilla/5.0 (Linux; Android 6.0.1; Nexus 5X Build/MMB29P) AppleWebKit/537.36 (KHTML, like Gecko) Chrome/152.0.7977.82 Mobile Safari/537.36 (compatible; Googlebot/2.1; +http://www.google.com/bot.html)"
185.191.171.7 - - [13/Sep/2026:16:46:52 +0300] "GET /?sale%2Fsearch%2Fdetail%2F%3FITMCODE=51995360696 HTTP/1.1" 200 11138 "-" "Mozilla/5.0 (compatible; SemrushBot/7~bl; +http://www.semrush.com/bot.html)"
66.249.68.104 - - [13/Sep/2026:16:46:56 +0300] "GET /?sale/search/detail/?ITMCODE=51992193923 HTTP/1.1" 200 198092 "-" "Mozilla/5.0 (Linux; Android 6.0.1; Nexus 5X Build/MMB29P) AppleWebKit/537.36 (KHTML, like Gecko) Chrome/152.0.7977.82 Mobile Safari/537.36 (compatible; Googlebot/2.1; +http://www.google.com/bot.html)"
66.249.68.96 - - [13/Sep/2026:16:47:06 +0300] "GET /?sale/search/detail/?ITMCODE=5195462072 HTTP/1.1" 200 218811 "-" "Mozilla/5.0 (Linux; Android 6.0.1; Nexus 5X Build/MMB29P) AppleWebKit/537.36 (KHTML, like Gecko) Chrome/152.0.7977.82 Mobile Safari/537.36 (compatible; Googlebot/2.1; +http://www.google.com/bot.html)"
66.249.68.96 - - [13/Sep/2026:16:47:08 +0300] "GET /?sale/search/detail/?ITMCODE=51971405212 HTTP/1.1" 200 224704 "-" "Mozilla/5.0 (Linux; Android 6.0.1; Nexus 5X Build/MMB29P) AppleWebKit/537.36 (KHTML, like Gecko) Chrome/152.0.7977.82 Mobile Safari/537.36 (compatible; Googlebot/2.1; +http://www.google.com/bot.html)"
185.191.171.18 - - [13/Sep/2026:16:47:46 +0300] "GET /?sale%2Fsearch%2Fdetail%2F%3FITMCODE=52005652059 HTTP/1.1" 200 11138 "-" "Mozilla/5.0 (compatible; SemrushBot/7~bl; +http://www.semrush.com/bot.html)"
66.249.68.105 - - [13/Sep/2026:16:47:48 +0300] "GET /?sale/search/detail/?ITMCODE=51971472405 HTTP/1.1" 200 217083 "-" "Mozilla/5.0 (Linux; Android 6.0.1; Nexus 5X Build/MMB29P) AppleWebKit/537.36 (KHTML, like Gecko) Chrome/152.0.7977.82 Mobile Safari/537.36 (compatible; Googlebot/2.1; +http://www.google.com/bot.html)"
66.249.68.104 - - [13/Sep/2026:16:48:06 +0300] "GET /?sale/search/detail/?ITMCODE=52002891277 HTTP/1.1" 200 209716 "-" "Mozilla/5.0 (Linux; Android 6.0.1; Nexus 5X Build/MMB29P) AppleWebKit/537.36 (KHTML, like Gecko) Chrome/152.0.7977.82 Mobile Safari/537.36 (compatible; Googlebot/2.1; +http://www.google.com/bot.html)"
66.249.68.104 - - [13/Sep/2026:16:48:08 +0300] "GET /?sale/search/detail/?ITMCODE=519562014 HTTP/1.1" 200 193985 "-" "Mozilla/5.0 (Linux; Android 6.0.1; Nexus 5X Build/MMB29P) AppleWebKit/537.36 (KHTML, like Gecko) Chrome/152.0.7977.82 Mobile Safari/537.36 (compatible; Googlebot/2.1; +http://www.google.com/bot.html)"
185.191.171.14 - - [13/Sep/2026:16:48:10 +0300] "GET /?sale%2Fsearch%2Fdetail%2F%3FITMCODE=5199101305126 HTTP/1.1" 200 11138 "-" "Mozilla/5.0 (compatible; SemrushBot/7~bl; +http://www.semrush.com/bot.html)"
66.249.68.104 - - [13/Sep/2026:16:48:13 +0300] "GET /?sale/search/detail/?ITMCODE=51971108349 HTTP/1.1" 200 199930 "-" "Mozilla/5.0 (Linux; Android 6.0.1; Nexus 5X Build/MMB29P) AppleWebKit/537.36 (KHTML, like Gecko) Chrome/152.0.7977.82 Mobile Safari/537.36 (compatible; Googlebot/2.1; +http://www.google.com/bot.html)"
66.249.68.104 - - [13/Sep/2026:16:48:18 +0300] "GET /?sale/search/detail/?ITMCODE=52002912641 HTTP/1.1" 200 199323 "-" "Mozilla/5.0 (Linux; Android 6.0.1; Nexus 5X Build/MMB29P) AppleWebKit/537.36 (KHTML, like Gecko) Chrome/152.0.7977.82 Mobile Safari/537.36 (compatible; Googlebot/2.1; +http://www.google.com/bot.html)"
185.191.171.19 - - [13/Sep/2026:16:48:19 +0300] "GET /?sale%2Fsearch%2Fdetail%2F%3FITMCODE=519734076039 HTTP/1.1" 200 11138 "-" "Mozilla/5.0 (compatible; SemrushBot/7~bl; +http://www.semrush.com/bot.html)"
66.249.68.105 - - [13/Sep/2026:16:48:27 +0300] "GET /?sale/search/detail/?ITMCODE=51992392280 HTTP/1.1" 200 198934 "-" "Mozilla/5.0 (Linux; Android 6.0.1; Nexus 5X Build/MMB29P) AppleWebKit/537.36 (KHTML, like Gecko) Chrome/152.0.7977.82 Mobile Safari/537.36 (compatible; Googlebot/2.1; +http://www.google.com/bot.html)"
66.249.68.104 - - [13/Sep/2026:16:48:28 +0300] "GET /?sale/search/detail/?ITMCODE=52002757870 HTTP/1.1" 200 198454 "-" "Mozilla/5.0 (Linux; Android 6.0.1; Nexus 5X Build/MMB29P) AppleWebKit/537.36 (KHTML, like Gecko) Chrome/152.0.7977.82 Mobile Safari/537.36 (compatible; Googlebot/2.1; +http://www.google.com/bot.html)"
66.249.68.104 - - [13/Sep/2026:16:48:41 +0300] "GET /?sale/search/detail/?ITMCODE=51981520915 HTTP/1.1" 200 198545 "-" "Mozilla/5.0 (compatible; Googlebot/2.1; +http://www.google.com/bot.html)"
66.249.68.105 - - [13/Sep/2026:16:48:56 +0300] "GET /?sale/search/detail/?ITMCODE=51992238136 HTTP/1.1" 200 210097 "-" "Mozilla/5.0 (Linux; Android 6.0.1; Nexus 5X Build/MMB29P) AppleWebKit/537.36 (KHTML, like Gecko) Chrome/152.0.7977.82 Mobile Safari/537.36 (compatible; Googlebot/2.1; +http://www.google.com/bot.html)"
185.191.171.5 - - [13/Sep/2026:16:48:59 +0300] "GET /?sale%2Fsearch%2Fdetail%2F%3FITMCODE=519518156961 HTTP/1.1" 200 11138 "-" "Mozilla/5.0 (compatible; SemrushBot/7~bl; +http://www.semrush.com/bot.html)"
126.89.102.70 - - [13/Sep/2026:16:48:59 +0300] "GET /?sale/search/detail/?ITMCODE=51971034860 HTTP/1.1" 200 203957 "https://search.yahoo.co.jp/" "Mozilla/5.0 (iPhone; CPU iPhone OS 26_6_2 like Mac OS X) AppleWebKit/605.1.15 (KHTML, like Gecko) Mobile/15E148 Version/26.6.2 YJApp-IOS jp.co.yahoo.ipn.appli/4.171.0"
66.249.68.104 - - [13/Sep/2026:16:49:11 +0300] "GET /?sale/search/detail/?ITMCODE=5196852137 HTTP/1.1" 200 197888 "-" "Mozilla/5.0 (Linux; Android 6.0.1; Nexus 5X Build/MMB29P) AppleWebKit/537.36 (KHTML, like Gecko) Chrome/152.0.7977.82 Mobile Safari/537.36 (compatible; Googlebot/2.1; +http://www.google.com/bot.html)"
66.249.68.104 - - [13/Sep/2026:16:49:31 +0300] "GET /?sale/search/detail/?ITMCODE=52002598529 HTTP/1.1" 200 199356 "-" "Mozilla/5.0 (compatible; Googlebot/2.1; +http://www.google.com/bot.html)"
185.191.171.19 - - [13/Sep/2026:16:49:43 +0300] "GET /?sale%2Fsearch%2Fdetail%2F%3FITMCODE=519773431872 HTTP/1.1" 200 11138 "-" "Mozilla/5.0 (compatible; SemrushBot/7~bl; +http://www.semrush.com/bot.html)"
85.208.96.203 - - [13/Sep/2026:16:50:10 +0300] "GET /?sale%2Fsearch%2Fdetail%2F%3FITMCODE=520035945582 HTTP/1.1" 200 11138 "-" "Mozilla/5.0 (compatible; SemrushBot/7~bl; +http://www.semrush.com/bot.html)"
185.191.171.4 - - [13/Sep/2026:16:50:20 +0300] "GET /?sale%2Fsearch%2Fdetail%2F%3FITMCODE=519725457413 HTTP/1.1" 200 11138 "-" "Mozilla/5.0 (compatible; SemrushBot/7~bl; +http://www.semrush.com/bot.html)"
66.249.68.104 - - [13/Sep/2026:16:50:26 +0300] "GET /?sale/search/detail/?ITMCODE=5196637757 HTTP/1.1" 200 200138 "-" "Mozilla/5.0 (Linux; Android 6.0.1; Nexus 5X Build/MMB29P) AppleWebKit/537.36 (KHTML, like Gecko) Chrome/152.0.7977.82 Mobile Safari/537.36 (compatible; Googlebot/2.1; +http://www.google.com/bot.html)"
85.208.96.210 - - [13/Sep/2026:16:50:48 +0300] "GET /?sale%2Fsearch%2Fdetail%2F%3FITMCODE=51998179365 HTTP/1.1" 200 11138 "-" "Mozilla/5.0 (compatible; SemrushBot/7~bl; +http://www.semrush.com/bot.html)"
85.208.96.205 - - [13/Sep/2026:16:50:55 +0300] "GET /?sale%2Fsearch%2Fdetail%2F%3FITMCODE=51956298277 HTTP/1.1" 200 11138 "-" "Mozilla/5.0 (compatible; SemrushBot/7~bl; +http://www.semrush.com/bot.html)"
66.249.68.96 - - [13/Sep/2026:16:51:00 +0300] "GET /?sale/search/detail/?ITMCODE=5195152664 HTTP/1.1" 200 215009 "-" "Mozilla/5.0 (Linux; Android 6.0.1; Nexus 5X Build/MMB29P) AppleWebKit/537.36 (KHTML, like Gecko) Chrome/152.0.7977.82 Mobile Safari/537.36 (compatible; Googlebot/2.1; +http://www.google.com/bot.html)"
66.249.68.104 - - [13/Sep/2026:16:51:11 +0300] "GET /?sale/search/detail/?ITMCODE=51971218554 HTTP/1.1" 200 211381 "-" "Mozilla/5.0 (Linux; Android 6.0.1; Nexus 5X Build/MMB29P) AppleWebKit/537.36 (KHTML, like Gecko) Chrome/152.0.7977.82 Mobile Safari/537.36 (compatible; Googlebot/2.1; +http://www.google.com/bot.html)"
66.249.68.104 - - [13/Sep/2026:16:51:20 +0300] "GET /?sale/search/detail/?ITMCODE=5195310686 HTTP/1.1" 200 197932 "-" "Mozilla/5.0 (Linux; Android 6.0.1; Nexus 5X Build/MMB29P) AppleWebKit/537.36 (KHTML, like Gecko) Chrome/152.0.7977.82 Mobile Safari/537.36 (compatible; Googlebot/2.1; +http://www.google.com/bot.html)"
66.249.68.104 - - [13/Sep/2026:16:51:28 +0300] "GET /?sale/search/detail/?ITMCODE=52002637629 HTTP/1.1" 200 211472 "-" "Mozilla/5.0 (Linux; Android 6.0.1; Nexus 5X Build/MMB29P) AppleWebKit/537.36 (KHTML, like Gecko) Chrome/152.0.7977.82 Mobile Safari/537.36 (compatible; Googlebot/2.1; +http://www.google.com/bot.html)"
185.191.171.11 - - [13/Sep/2026:16:52:21 +0300] "GET /?sale%2Fsearch%2Fdetail%2F%3FITMCODE=519716256820 HTTP/1.1" 200 11138 "-" "Mozilla/5.0 (compatible; SemrushBot/7~bl; +http://www.semrush.com/bot.html)"
85.208.96.198 - - [13/Sep/2026:16:52:28 +0300] "GET /?sale%2Fsearch%2Fdetail%2F%3FITMCODE=51959252207 HTTP/1.1" 200 11138 "-" "Mozilla/5.0 (compatible; SemrushBot/7~bl; +http://www.semrush.com/bot.html)"
185.191.171.10 - - [13/Sep/2026:16:52:43 +0300] "GET /?sale%2Fsearch%2Fdetail%2F%3FITMCODE=520074701480 HTTP/1.1" 200 11138 "-" "Mozilla/5.0 (compatible; SemrushBot/7~bl; +http://www.semrush.com/bot.html)"
85.208.96.200 - - [13/Sep/2026:16:53:02 +0300] "GET /?sale%2Fsearch%2Fdetail%2F%3FITMCODE=519675536028 HTTP/1.1" 200 11138 "-" "Mozilla/5.0 (compatible; SemrushBot/7~bl; +http://www.semrush.com/bot.html)"
185.191.171.17 - - [13/Sep/2026:16:53:11 +0300] "GET /?sale%2Fsearch%2Fdetail%2F%3FITMCODE=520026988813 HTTP/1.1" 200 11138 "-" "Mozilla/5.0 (compatible; SemrushBot/7~bl; +http://www.semrush.com/bot.html)"
66.249.68.104 - - [13/Sep/2026:16:53:48 +0300] "GET /?sale/search/detail/?ITMCODE=5196502523 HTTP/1.1" 200 207951 "-" "Mozilla/5.0 (Linux; Android 6.0.1; Nexus 5X Build/MMB29P) AppleWebKit/537.36 (KHTML, like Gecko) Chrome/152.0.7977.82 Mobile Safari/537.36 (compatible; Googlebot/2.1; +http://www.google.com/bot.html)"
185.191.171.16 - - [13/Sep/2026:16:53:57 +0300] "GET /?sale%2Fsearch%2Fdetail%2F%3FITMCODE=519710488963 HTTP/1.1" 200 11138 "-" "Mozilla/5.0 (compatible; SemrushBot/7~bl; +http://www.semrush.com/bot.html)"
66.249.68.105 - - [13/Sep/2026:16:54:01 +0300] "GET /?sale/search/detail/?ITMCODE=51971000323 HTTP/1.1" 200 205730 "-" "Mozilla/5.0 (Linux; Android 6.0.1; Nexus 5X Build/MMB29P) AppleWebKit/537.36 (KHTML, like Gecko) Chrome/152.0.7977.82 Mobile Safari/537.36 (compatible; Googlebot/2.1; +http://www.google.com/bot.html)"
85.208.96.200 - - [13/Sep/2026:16:54:14 +0300] "GET /?sale%2Fsearch%2Fdetail%2F%3FITMCODE=519725207513 HTTP/1.1" 200 11138 "-" "Mozilla/5.0 (compatible; SemrushBot/7~bl; +http://www.semrush.com/bot.html)"
66.249.68.104 - - [13/Sep/2026:16:54:13 +0300] "GET /?sale/search/detail/?ITMCODE=51981988597 HTTP/1.1" 200 198382 "-" "Mozilla/5.0 (Linux; Android 6.0.1; Nexus 5X Build/MMB29P) AppleWebKit/537.36 (KHTML, like Gecko) Chrome/152.0.7977.82 Mobile Safari/537.36 (compatible; Googlebot/2.1; +http://www.google.com/bot.html)"
185.191.171.5 - - [13/Sep/2026:16:54:49 +0300] "GET /?sale%2Fsearch%2Fdetail%2F%3FITMCODE=5195105160376 HTTP/1.1" 200 11138 "-" "Mozilla/5.0 (compatible; SemrushBot/7~bl; +http://www.semrush.com/bot.html)"
47.128.41.37 - - [13/Sep/2026:16:54:52 +0300] "GET /robots.txt HTTP/1.1" 200 836 "-" "Mozilla/5.0 (iPhone; CPU iPhone OS 7_1_2 like Mac OS X) AppleWebKit/537.36 (KHTML, like Gecko) Version/7.0 Mobile Safari/537.36 (compatible; Bytespider; https://bytedance.sg.larkoffice.com/docx/K5bxdypulop3IIxrJb0lOjLVgFe)"
66.249.68.104 - - [13/Sep/2026:16:54:56 +0300] "GET /?sale/search/detail/?ITMCODE=51981849394 HTTP/1.1" 200 197708 "-" "Mozilla/5.0 (Linux; Android 6.0.1; Nexus 5X Build/MMB29P) AppleWebKit/537.36 (KHTML, like Gecko) Chrome/152.0.7977.82 Mobile Safari/537.36 (compatible; Googlebot/2.1; +http://www.google.com/bot.html)"
206.42.109.58 - - [13/Sep/2026:16:55:35 +0300] "GET /index.php/dienos-pietus HTTP/1.1" 200 12462 "-" "SofyaBot/1.0 (+https://sofya.co/bot)"
206.42.109.58 - - [13/Sep/2026:16:55:41 +0300] "GET /index.php/meniu HTTP/1.1" 200 13134 "-" "SofyaBot/1.0 (+https://sofya.co/bot)"
66.249.68.96 - - [13/Sep/2026:16:56:08 +0300] "GET /?sale/search/detail/?ITMCODE=51971296990 HTTP/1.1" 200 211035 "-" "Mozilla/5.0 (Linux; Android 6.0.1; Nexus 5X Build/MMB29P) AppleWebKit/537.36 (KHTML, like Gecko) Chrome/152.0.7977.82 Mobile Safari/537.36 (compatible; Googlebot/2.1; +http://www.google.com/bot.html)"
52.167.144.16 - - [13/Sep/2026:16:56:09 +0300] "GET /shop/c/c51955/ HTTP/1.1" 200 268347 "-" "Mozilla/5.0 AppleWebKit/537.36 (KHTML, like Gecko; compatible; bingbot/2.0; +http://www.bing.com/bingbot.htm) Chrome/116.0.1938.76 Safari/537.36"
66.249.68.104 - - [13/Sep/2026:16:56:17 +0300] "GET /?sale/search/detail/?ITMCODE=52002883783 HTTP/1.1" 200 200628 "-" "Mozilla/5.0 (Linux; Android 6.0.1; Nexus 5X Build/MMB29P) AppleWebKit/537.36 (KHTML, like Gecko) Chrome/152.0.7977.82 Mobile Safari/537.36 (compatible; Googlebot/2.1; +http://www.google.com/bot.html)"
185.191.171.18 - - [13/Sep/2026:16:56:21 +0300] "GET /?sale%2Fsearch%2Fdetail%2F%3FITMCODE=5195105051355 HTTP/1.1" 200 11138 "-" "Mozilla/5.0 (compatible; SemrushBot/7~bl; +http://www.semrush.com/bot.html)"
185.191.171.3 - - [13/Sep/2026:16:56:26 +0300] "GET /?sale%2Fsearch%2Fdetail%2F%3FITMCODE=52008941834 HTTP/1.1" 200 11138 "-" "Mozilla/5.0 (compatible; SemrushBot/7~bl; +http://www.semrush.com/bot.html)"
66.249.68.104 - - [13/Sep/2026:16:56:26 +0300] "GET /?sale/search/detail/?ITMCODE=5196567432 HTTP/1.1" 200 196346 "-" "Mozilla/5.0 (Linux; Android 6.0.1; Nexus 5X Build/MMB29P) AppleWebKit/537.36 (KHTML, like Gecko) Chrome/152.0.7977.82 Mobile Safari/537.36 (compatible; Googlebot/2.1; +http://www.google.com/bot.html)"
85.208.96.206 - - [13/Sep/2026:16:56:40 +0300] "GET /?sale%2Fsearch%2Fdetail%2F%3FITMCODE=520032941532 HTTP/1.1" 200 11138 "-" "Mozilla/5.0 (compatible; SemrushBot/7~bl; +http://www.semrush.com/bot.html)"
85.208.96.194 - - [13/Sep/2026:16:56:42 +0300] "GET /?sale%2Fsearch%2Fdetail%2F%3FITMCODE=519828914828 HTTP/1.1" 200 11138 "-" "Mozilla/5.0 (compatible; SemrushBot/7~bl; +http://www.semrush.com/bot.html)"
85.208.96.205 - - [13/Sep/2026:16:56:44 +0300] "GET /robots.txt HTTP/1.1" 200 836 "-" "Mozilla/5.0 (compatible; SemrushBot/7~bl; +http://www.semrush.com/bot.html)"
85.208.96.212 - - [13/Sep/2026:16:56:44 +0300] "GET /?sale%2Fsearch%2Fdetail%2F%3FITMCODE=519870531405 HTTP/1.1" 200 11138 "-" "Mozilla/5.0 (compatible; SemrushBot/7~bl; +http://www.semrush.com/bot.html)"
85.208.96.195 - - [13/Sep/2026:16:56:45 +0300] "GET /?sale%2Fsearch%2Fdetail%2F%3FITMCODE=52005612499 HTTP/1.1" 200 11138 "-" "Mozilla/5.0 (compatible; SemrushBot/7~bl; +http://www.semrush.com/bot.html)"
185.191.171.3 - - [13/Sep/2026:16:56:48 +0300] "GET /?sale%2Fsearch%2Fdetail%2F%3FITMCODE=5198100692876 HTTP/1.1" 200 11138 "-" "Mozilla/5.0 (compatible; SemrushBot/7~bl; +http://www.semrush.com/bot.html)"
66.249.68.104 - - [13/Sep/2026:16:57:20 +0300] "GET /?sale/search/detail/?ITMCODE=51971139051 HTTP/1.1" 200 200113 "-" "Mozilla/5.0 (Linux; Android 6.0.1; Nexus 5X Build/MMB29P) AppleWebKit/537.36 (KHTML, like Gecko) Chrome/152.0.7977.82 Mobile Safari/537.36 (compatible; Googlebot/2.1; +http://www.google.com/bot.html)"
40.77.167.14 - - [13/Sep/2026:16:57:44 +0300] "GET /shop/pg/3284 HTTP/1.1" 200 197481 "-" "Mozilla/5.0 AppleWebKit/537.36 (KHTML, like Gecko; compatible; bingbot/2.0; +http://www.bing.com/bingbot.htm) Chrome/116.0.1938.76 Safari/537.36"
40.77.167.14 - - [13/Sep/2026:16:57:44 +0300] "GET /shop/c/c519522/ HTTP/1.1" 200 267378 "-" "Mozilla/5.0 AppleWebKit/537.36 (KHTML, like Gecko; compatible; bingbot/2.0; +http://www.bing.com/bingbot.htm) Chrome/116.0.1938.76 Safari/537.36"
185.191.171.10 - - [13/Sep/2026:16:57:58 +0300] "GET /?sale%2Fsearch%2Fdetail%2F%3FITMCODE=51998045683 HTTP/1.1" 200 11138 "-" "Mozilla/5.0 (compatible; SemrushBot/7~bl; +http://www.semrush.com/bot.html)"
66.249.68.104 - - [13/Sep/2026:16:58:00 +0300] "GET /?sale/search/detail/?ITMCODE=52002666233 HTTP/1.1" 200 196396 "-" "Mozilla/5.0 (compatible; Googlebot/2.1; +http://www.google.com/bot.html)"
185.191.171.4 - - [13/Sep/2026:16:58:02 +0300] "GET /?sale%2Fsearch%2Fdetail%2F%3FITMCODE=519770410133 HTTP/1.1" 200 11138 "-" "Mozilla/5.0 (compatible; SemrushBot/7~bl; +http://www.semrush.com/bot.html)"
66.249.68.104 - - [13/Sep/2026:16:58:40 +0300] "GET /?sale/search/detail/?ITMCODE=51971159580 HTTP/1.1" 200 204097 "-" "Mozilla/5.0 (Linux; Android 6.0.1; Nexus 5X Build/MMB29P) AppleWebKit/537.36 (KHTML, like Gecko) Chrome/152.0.7977.82 Mobile Safari/537.36 (compatible; Googlebot/2.1; +http://www.google.com/bot.html)"
66.249.68.104 - - [13/Sep/2026:16:58:51 +0300] "GET /?sale/search/detail/?ITMCODE=51971325090 HTTP/1.1" 200 205841 "-" "Mozilla/5.0 (Linux; Android 6.0.1; Nexus 5X Build/MMB29P) AppleWebKit/537.36 (KHTML, like Gecko) Chrome/152.0.7977.82 Mobile Safari/537.36 (compatible; Googlebot/2.1; +http://www.google.com/bot.html)"
40.77.167.3 - - [13/Sep/2026:16:59:58 +0300] "GET /shop/pg/4291 HTTP/1.1" 200 193646 "-" "Mozilla/5.0 AppleWebKit/537.36 (KHTML, like Gecko; compatible; bingbot/2.0; +http://www.bing.com/bingbot.htm) Chrome/116.0.1938.76 Safari/537.36"
40.77.167.3 - - [13/Sep/2026:16:59:58 +0300] "GET /shop/pg/51956920 HTTP/1.1" 200 202223 "-" "Mozilla/5.0 AppleWebKit/537.36 (KHTML, like Gecko; compatible; bingbot/2.0; +http://www.bing.com/bingbot.htm) Chrome/116.0.1938.76 Safari/537.36"
66.249.68.104 - - [13/Sep/2026:17:00:23 +0300] "GET /?sale/search/detail/?ITMCODE=5196581323 HTTP/1.1" 200 205852 "-" "Mozilla/5.0 (Linux; Android 6.0.1; Nexus 5X Build/MMB29P) AppleWebKit/537.36 (KHTML, like Gecko) Chrome/152.0.7977.82 Mobile Safari/537.36 (compatible; Googlebot/2.1; +http://www.google.com/bot.html)"
185.191.171.17 - - [13/Sep/2026:17:00:27 +0300] "GET /?sale%2Fsearch%2Fdetail%2F%3FITMCODE=51953475743 HTTP/1.1" 200 11138 "-" "Mozilla/5.0 (compatible; SemrushBot/7~bl; +http://www.semrush.com/bot.html)"
185.191.171.12 - - [13/Sep/2026:17:00:41 +0300] "GET /?sale%2Fsearch%2Fdetail%2F%3FITMCODE=519572393023 HTTP/1.1" 200 11138 "-" "Mozilla/5.0 (compatible; SemrushBot/7~bl; +http://www.semrush.com/bot.html)"
85.208.96.208 - - [13/Sep/2026:17:00:55 +0300] "GET /?sale%2Fsearch%2Fdetail%2F%3FITMCODE=52008850972 HTTP/1.1" 200 11138 "-" "Mozilla/5.0 (compatible; SemrushBot/7~bl; +http://www.semrush.com/bot.html)"
185.191.171.14 - - [13/Sep/2026:17:01:02 +0300] "GET /?sale%2Fsearch%2Fdetail%2F%3FITMCODE=52002523044 HTTP/1.1" 200 11138 "-" "Mozilla/5.0 (compatible; SemrushBot/7~bl; +http://www.semrush.com/bot.html)"
85.208.96.208 - - [13/Sep/2026:17:01:06 +0300] "GET /?sale%2Fsearch%2Fdetail%2F%3FITMCODE=519816970259 HTTP/1.1" 200 11138 "-" "Mozilla/5.0 (compatible; SemrushBot/7~bl; +http://www.semrush.com/bot.html)"
66.249.68.96 - - [13/Sep/2026:17:01:17 +0300] "GET /?sale/search/detail/?ITMCODE=52002784640 HTTP/1.1" 200 202596 "-" "Mozilla/5.0 (Linux; Android 6.0.1; Nexus 5X Build/MMB29P) AppleWebKit/537.36 (KHTML, like Gecko) Chrome/152.0.7977.82 Mobile Safari/537.36 (compatible; Googlebot/2.1; +http://www.google.com/bot.html)"
66.249.68.104 - - [13/Sep/2026:17:01:35 +0300] "GET /?sale/search/detail/?ITMCODE=5196891392 HTTP/1.1" 200 206834 "-" "Mozilla/5.0 (Linux; Android 6.0.1; Nexus 5X Build/MMB29P) AppleWebKit/537.36 (KHTML, like Gecko) Chrome/152.0.7977.82 Mobile Safari/537.36 (compatible; Googlebot/2.1; +http://www.google.com/bot.html)"
85.208.96.211 - - [13/Sep/2026:17:02:04 +0300] "GET /?sale%2Fsearch%2Fdetail%2F%3FITMCODE=51977105291 HTTP/1.1" 200 11138 "-" "Mozilla/5.0 (compatible; SemrushBot/7~bl; +http://www.semrush.com/bot.html)"
85.208.96.199 - - [13/Sep/2026:17:02:12 +0300] "GET /?sale%2Fsearch%2Fdetail%2F%3FITMCODE=51959223797 HTTP/1.1" 200 11138 "-" "Mozilla/5.0 (compatible; SemrushBot/7~bl; +http://www.semrush.com/bot.html)"
66.249.68.104 - - [13/Sep/2026:17:02:14 +0300] "GET /?sale/search/detail/?ITMCODE=5195231948 HTTP/1.1" 200 203745 "-" "Mozilla/5.0 (Linux; Android 6.0.1; Nexus 5X Build/MMB29P) AppleWebKit/537.36 (KHTML, like Gecko) Chrome/152.0.7977.82 Mobile Safari/537.36 (compatible; Googlebot/2.1; +http://www.google.com/bot.html)"
66.249.68.104 - - [13/Sep/2026:17:02:37 +0300] "GET /?sale/search/detail/?ITMCODE=52002848296 HTTP/1.1" 200 196253 "-" "Mozilla/5.0 (Linux; Android 6.0.1; Nexus 5X Build/MMB29P) AppleWebKit/537.36 (KHTML, like Gecko) Chrome/152.0.7977.82 Mobile Safari/537.36 (compatible; Googlebot/2.1; +http://www.google.com/bot.html)"
66.249.68.104 - - [13/Sep/2026:17:02:41 +0300] "GET /?sale/search/detail/?ITMCODE=5195279491 HTTP/1.1" 200 215896 "-" "Mozilla/5.0 (Linux; Android 6.0.1; Nexus 5X Build/MMB29P) AppleWebKit/537.36 (KHTML, like Gecko) Chrome/152.0.7977.82 Mobile Safari/537.36 (compatible; Googlebot/2.1; +http://www.google.com/bot.html)"
85.208.96.195 - - [13/Sep/2026:17:02:48 +0300] "GET /?sale%2Fsearch%2Fdetail%2F%3FITMCODE=51956496321 HTTP/1.1" 200 11138 "-" "Mozilla/5.0 (compatible; SemrushBot/7~bl; +http://www.semrush.com/bot.html)"
66.249.68.96 - - [13/Sep/2026:17:03:08 +0300] "GET /?sale/search/detail/?ITMCODE=52002845010 HTTP/1.1" 200 202883 "-" "Mozilla/5.0 (Linux; Android 6.0.1; Nexus 5X Build/MMB29P) AppleWebKit/537.36 (KHTML, like Gecko) Chrome/152.0.7977.82 Mobile Safari/537.36 (compatible; Googlebot/2.1; +http://www.google.com/bot.html)"
185.191.171.4 - - [13/Sep/2026:17:03:22 +0300] "GET /?sale%2Fsearch%2Fdetail%2F%3FITMCODE=51992407434 HTTP/1.1" 200 11138 "-" "Mozilla/5.0 (compatible; SemrushBot/7~bl; +http://www.semrush.com/bot.html)"
66.249.68.104 - - [13/Sep/2026:17:03:32 +0300] "GET /?sale/search/detail/?ITMCODE=5196699290 HTTP/1.1" 200 199960 "-" "Mozilla/5.0 (Linux; Android 6.0.1; Nexus 5X Build/MMB29P) AppleWebKit/537.36 (KHTML, like Gecko) Chrome/152.0.7977.82 Mobile Safari/537.36 (compatible; Googlebot/2.1; +http://www.google.com/bot.html)"
185.191.171.8 - - [13/Sep/2026:17:03:43 +0300] "GET /?sale%2Fsearch%2Fdetail%2F%3FITMCODE=519621740353 HTTP/1.1" 200 11138 "-" "Mozilla/5.0 (compatible; SemrushBot/7~bl; +http://www.semrush.com/bot.html)"
85.208.96.194 - - [13/Sep/2026:17:04:48 +0300] "GET /?sale%2Fsearch%2Fdetail%2F%3FITMCODE=5196947504 HTTP/1.1" 200 11138 "-" "Mozilla/5.0 (compatible; SemrushBot/7~bl; +http://www.semrush.com/bot.html)"
185.191.171.6 - - [13/Sep/2026:17:04:55 +0300] "GET /?sale%2Fsearch%2Fdetail%2F%3FITMCODE=519831848707 HTTP/1.1" 200 11138 "-" "Mozilla/5.0 (compatible; SemrushBot/7~bl; +http://www.semrush.com/bot.html)"
185.191.171.12 - - [13/Sep/2026:17:05:01 +0300] "GET /?sale%2Fsearch%2Fdetail%2F%3FITMCODE=52005962704 HTTP/1.1" 200 11138 "-" "Mozilla/5.0 (compatible; SemrushBot/7~bl; +http://www.semrush.com/bot.html)"
66.249.68.105 - - [13/Sep/2026:17:05:01 +0300] "GET /?sale/search/detail/?ITMCODE=52002970617 HTTP/1.1" 200 197974 "-" "Mozilla/5.0 (Linux; Android 6.0.1; Nexus 5X Build/MMB29P) AppleWebKit/537.36 (KHTML, like Gecko) Chrome/152.0.7977.82 Mobile Safari/537.36 (compatible; Googlebot/2.1; +http://www.google.com/bot.html)"
66.249.68.104 - - [13/Sep/2026:17:05:04 +0300] "GET /?sale/search/detail/?ITMCODE=5196817405 HTTP/1.1" 200 213200 "-" "Mozilla/5.0 (Linux; Android 6.0.1; Nexus 5X Build/MMB29P) AppleWebKit/537.36 (KHTML, like Gecko) Chrome/152.0.7977.82 Mobile Safari/537.36 (compatible; Googlebot/2.1; +http://www.google.com/bot.html)"
85.208.96.205 - - [13/Sep/2026:17:05:15 +0300] "GET /?sale%2Fsearch%2Fdetail%2F%3FITMCODE=5200104531956 HTTP/1.1" 200 11138 "-" "Mozilla/5.0 (compatible; SemrushBot/7~bl; +http://www.semrush.com/bot.html)"
8.217.145.188 - - [13/Sep/2026:17:05:33 +0300] "GET / HTTP/1.1" 200 11118 "-" "Mozilla/5.0 (Windows NT 10.0; Win64; x64) AppleWebKit/537.36 (KHTML, like Gecko) Chrome/120.0.0.0 Safari/537.36"
185.191.171.10 - - [13/Sep/2026:17:05:59 +0300] "GET /?sale%2Fsearch%2Fdetail%2F%3FITMCODE=520017731936 HTTP/1.1" 200 11138 "-" "Mozilla/5.0 (compatible; SemrushBot/7~bl; +http://www.semrush.com/bot.html)"
185.191.171.12 - - [13/Sep/2026:17:06:08 +0300] "GET /?sale%2Fsearch%2Fdetail%2F%3FITMCODE=519816913586 HTTP/1.1" 200 11138 "-" "Mozilla/5.0 (compatible; SemrushBot/7~bl; +http://www.semrush.com/bot.html)"
66.249.68.104 - - [13/Sep/2026:17:06:13 +0300] "GET /?sale/search/detail/?ITMCODE=51971444886 HTTP/1.1" 200 198110 "-" "Mozilla/5.0 (Linux; Android 6.0.1; Nexus 5X Build/MMB29P) AppleWebKit/537.36 (KHTML, like Gecko) Chrome/152.0.7977.82 Mobile Safari/537.36 (compatible; Googlebot/2.1; +http://www.google.com/bot.html)"
85.208.96.206 - - [13/Sep/2026:17:06:16 +0300] "GET /?sale%2Fsearch%2Fdetail%2F%3FITMCODE=519770322967 HTTP/1.1" 200 11138 "-" "Mozilla/5.0 (compatible; SemrushBot/7~bl; +http://www.semrush.com/bot.html)"
185.191.171.6 - - [13/Sep/2026:17:06:28 +0300] "GET /?sale%2Fsearch%2Fdetail%2F%3FITMCODE=519722168319 HTTP/1.1" 200 11138 "-" "Mozilla/5.0 (compatible; SemrushBot/7~bl; +http://www.semrush.com/bot.html)"
185.191.171.6 - - [13/Sep/2026:17:06:31 +0300] "GET /?sale%2Fsearch%2Fdetail%2F%3FITMCODE=519834591215 HTTP/1.1" 200 11138 "-" "Mozilla/5.0 (compatible; SemrushBot/7~bl; +http://www.semrush.com/bot.html)"
66.249.68.104 - - [13/Sep/2026:17:07:23 +0300] "GET /?sale/search/detail/?ITMCODE=5196586939 HTTP/1.1" 200 194203 "-" "Mozilla/5.0 (Linux; Android 6.0.1; Nexus 5X Build/MMB29P) AppleWebKit/537.36 (KHTML, like Gecko) Chrome/152.0.7977.82 Mobile Safari/537.36 (compatible; Googlebot/2.1; +http://www.google.com/bot.html)"
66.249.68.104 - - [13/Sep/2026:17:08:06 +0300] "GET /?sale/search/detail/?ITMCODE=51971130414 HTTP/1.1" 200 197502 "-" "Mozilla/5.0 (Linux; Android 6.0.1; Nexus 5X Build/MMB29P) AppleWebKit/537.36 (KHTML, like Gecko) Chrome/152.0.7977.82 Mobile Safari/537.36 (compatible; Googlebot/2.1; +http://www.google.com/bot.html)"
66.249.68.104 - - [13/Sep/2026:17:08:25 +0300] "GET /?sale/search/detail/?ITMCODE=51971023242 HTTP/1.1" 200 200413 "-" "Mozilla/5.0 (Linux; Android 6.0.1; Nexus 5X Build/MMB29P) AppleWebKit/537.36 (KHTML, like Gecko) Chrome/152.0.7977.82 Mobile Safari/537.36 (compatible; Googlebot/2.1; +http://www.google.com/bot.html)"
85.208.96.194 - - [13/Sep/2026:17:10:09 +0300] "GET /?sale%2Fsearch%2Fdetail%2F%3FITMCODE=519512031704 HTTP/1.1" 200 11138 "-" "Mozilla/5.0 (compatible; SemrushBot/7~bl; +http://www.semrush.com/bot.html)"
85.208.96.212 - - [13/Sep/2026:17:10:15 +0300] "GET /?sale%2Fsearch%2Fdetail%2F%3FITMCODE=51959268597 HTTP/1.1" 200 11138 "-" "Mozilla/5.0 (compatible; SemrushBot/7~bl; +http://www.semrush.com/bot.html)"
66.249.68.96 - - [13/Sep/2026:17:10:17 +0300] "GET /?sale/search/detail/?ITMCODE=51971451582 HTTP/1.1" 200 217517 "-" "Mozilla/5.0 (Linux; Android 6.0.1; Nexus 5X Build/MMB29P) AppleWebKit/537.36 (KHTML, like Gecko) Chrome/152.0.7977.82 Mobile Safari/537.36 (compatible; Googlebot/2.1; +http://www.google.com/bot.html)"
85.208.96.194 - - [13/Sep/2026:17:10:21 +0300] "GET /?sale%2Fsearch%2Fdetail%2F%3FITMCODE=51971410273 HTTP/1.1" 200 11138 "-" "Mozilla/5.0 (compatible; SemrushBot/7~bl; +http://www.semrush.com/bot.html)"
66.249.68.104 - - [13/Sep/2026:17:10:22 +0300] "GET /?sale/search/detail/?ITMCODE=5196871813 HTTP/1.1" 200 204379 "-" "Mozilla/5.0 (Linux; Android 6.0.1; Nexus 5X Build/MMB29P) AppleWebKit/537.36 (KHTML, like Gecko) Chrome/152.0.7977.82 Mobile Safari/537.36 (compatible; Googlebot/2.1; +http://www.google.com/bot.html)"
85.208.96.209 - - [13/Sep/2026:17:10:44 +0300] "GET /?sale%2Fsearch%2Fdetail%2F%3FITMCODE=51963954984 HTTP/1.1" 200 11138 "-" "Mozilla/5.0 (compatible; SemrushBot/7~bl; +http://www.semrush.com/bot.html)"
85.208.96.193 - - [13/Sep/2026:17:10:50 +0300] "GET /?sale%2Fsearch%2Fdetail%2F%3FITMCODE=519873699843 HTTP/1.1" 200 11138 "-" "Mozilla/5.0 (compatible; SemrushBot/7~bl; +http://www.semrush.com/bot.html)"
185.191.171.15 - - [13/Sep/2026:17:11:00 +0300] "GET /?sale%2Fsearch%2Fdetail%2F%3FITMCODE=51981523079 HTTP/1.1" 200 11138 "-" "Mozilla/5.0 (compatible; SemrushBot/7~bl; +http://www.semrush.com/bot.html)"
66.249.68.104 - - [13/Sep/2026:17:11:12 +0300] "GET /?sale/search/detail/?ITMCODE=52002586253 HTTP/1.1" 200 196737 "-" "Mozilla/5.0 (Linux; Android 6.0.1; Nexus 5X Build/MMB29P) AppleWebKit/537.36 (KHTML, like Gecko) Chrome/152.0.7977.82 Mobile Safari/537.36 (compatible; Googlebot/2.1; +http://www.google.com/bot.html)"
66.249.68.104 - - [13/Sep/2026:17:11:37 +0300] "GET /?sale/search/detail/?ITMCODE=51971379668 HTTP/1.1" 200 194739 "-" "Mozilla/5.0 (Linux; Android 6.0.1; Nexus 5X Build/MMB29P) AppleWebKit/537.36 (KHTML, like Gecko) Chrome/152.0.7977.82 Mobile Safari/537.36 (compatible; Googlebot/2.1; +http://www.google.com/bot.html)"
198.244.168.128 - - [13/Sep/2026:17:12:23 +0300] "GET /robots.txt HTTP/1.1" 200 836 "-" "Mozilla/5.0 (compatible; AhrefsBot/7.0; +http://ahrefs.com/robot/)"
51.89.39.48 - - [13/Sep/2026:17:12:23 +0300] "GET /index.php HTTP/1.1" 200 11127 "-" "Mozilla/5.0 (compatible; AhrefsBot/7.0; +http://ahrefs.com/robot/)"
85.208.96.201 - - [13/Sep/2026:17:12:35 +0300] "GET /?sale%2Fsearch%2Fdetail%2F%3FITMCODE=519536128232 HTTP/1.1" 200 11138 "-" "Mozilla/5.0 (compatible; SemrushBot/7~bl; +http://www.semrush.com/bot.html)"
66.249.68.104 - - [13/Sep/2026:17:12:44 +0300] "GET /?sale/search/detail/?ITMCODE=5196824622 HTTP/1.1" 200 199476 "-" "Mozilla/5.0 (Linux; Android 6.0.1; Nexus 5X Build/MMB29P) AppleWebKit/537.36 (KHTML, like Gecko) Chrome/152.0.7977.82 Mobile Safari/537.36 (compatible; Googlebot/2.1; +http://www.google.com/bot.html)"
66.249.68.104 - - [13/Sep/2026:17:12:45 +0300] "GET /?sale/search/detail/?ITMCODE=51981629312 HTTP/1.1" 200 194186 "-" "Mozilla/5.0 (Linux; Android 6.0.1; Nexus 5X Build/MMB29P) AppleWebKit/537.36 (KHTML, like Gecko) Chrome/152.0.7977.82 Mobile Safari/537.36 (compatible; Googlebot/2.1; +http://www.google.com/bot.html)"
66.249.68.104 - - [13/Sep/2026:17:12:46 +0300] "GET /?sale/search/detail/?ITMCODE=52002702595 HTTP/1.1" 200 196244 "-" "Mozilla/5.0 (Linux; Android 6.0.1; Nexus 5X Build/MMB29P) AppleWebKit/537.36 (KHTML, like Gecko) Chrome/152.0.7977.82 Mobile Safari/537.36 (compatible; Googlebot/2.1; +http://www.google.com/bot.html)"
66.249.68.104 - - [13/Sep/2026:17:12:46 +0300] "GET /?sale/search/detail/?ITMCODE=5196586939 HTTP/1.1" 200 194203 "-" "Mozilla/5.0 (Linux; Android 6.0.1; Nexus 5X Build/MMB29P) AppleWebKit/537.36 (KHTML, like Gecko) Chrome/152.0.7977.82 Mobile Safari/537.36 (compatible; Googlebot/2.1; +http://www.google.com/bot.html)"
185.191.171.17 - - [13/Sep/2026:17:12:48 +0300] "GET /?sale%2Fsearch%2Fdetail%2F%3FITMCODE=519722278033 HTTP/1.1" 200 11138 "-" "Mozilla/5.0 (compatible; SemrushBot/7~bl; +http://www.semrush.com/bot.html)"
185.191.171.13 - - [13/Sep/2026:17:13:32 +0300] "GET /?sale%2Fsearch%2Fdetail%2F%3FITMCODE=519911205333 HTTP/1.1" 200 11138 "-" "Mozilla/5.0 (compatible; SemrushBot/7~bl; +http://www.semrush.com/bot.html)"
66.249.68.104 - - [13/Sep/2026:17:13:32 +0300] "GET /?sale/search/detail/?ITMCODE=52002767107 HTTP/1.1" 200 202232 "-" "Mozilla/5.0 (Linux; Android 6.0.1; Nexus 5X Build/MMB29P) AppleWebKit/537.36 (KHTML, like Gecko) Chrome/152.0.7977.82 Mobile Safari/537.36 (compatible; Googlebot/2.1; +http://www.google.com/bot.html)"
66.249.68.104 - - [13/Sep/2026:17:13:49 +0300] "GET /?sale/search/detail/?ITMCODE=51981568491 HTTP/1.1" 200 196051 "-" "Mozilla/5.0 (Linux; Android 6.0.1; Nexus 5X Build/MMB29P) AppleWebKit/537.36 (KHTML, like Gecko) Chrome/152.0.7977.82 Mobile Safari/537.36 (compatible; Googlebot/2.1; +http://www.google.com/bot.html)"
185.191.171.6 - - [13/Sep/2026:17:13:51 +0300] "GET /?sale%2Fsearch%2Fdetail%2F%3FITMCODE=5199104218391 HTTP/1.1" 200 11138 "-" "Mozilla/5.0 (compatible; SemrushBot/7~bl; +http://www.semrush.com/bot.html)"
66.249.68.104 - - [13/Sep/2026:17:13:52 +0300] "GET /?sale/search/detail/?ITMCODE=51992265171 HTTP/1.1" 200 205264 "-" "Mozilla/5.0 (Linux; Android 6.0.1; Nexus 5X Build/MMB29P) AppleWebKit/537.36 (KHTML, like Gecko) Chrome/152.0.7977.82 Mobile Safari/537.36 (compatible; Googlebot/2.1; +http://www.google.com/bot.html)"
185.191.171.14 - - [13/Sep/2026:17:14:01 +0300] "GET /?sale%2Fsearch%2Fdetail%2F%3FITMCODE=519932404330 HTTP/1.1" 200 11138 "-" "Mozilla/5.0 (compatible; SemrushBot/7~bl; +http://www.semrush.com/bot.html)"
40.77.167.48 - - [13/Sep/2026:17:14:20 +0300] "GET /shop/pg/850868 HTTP/1.1" 200 200915 "-" "Mozilla/5.0 AppleWebKit/537.36 (KHTML, like Gecko; compatible; bingbot/2.0; +http://www.bing.com/bingbot.htm) Chrome/116.0.1938.76 Safari/537.36"
66.249.68.105 - - [13/Sep/2026:17:14:20 +0300] "GET /?sale/search/detail/?ITMCODE=51981869645 HTTP/1.1" 200 199106 "-" "Mozilla/5.0 (Linux; Android 6.0.1; Nexus 5X Build/MMB29P) AppleWebKit/537.36 (KHTML, like Gecko) Chrome/152.0.7977.82 Mobile Safari/537.36 (compatible; Googlebot/2.1; +http://www.google.com/bot.html)"
66.249.68.105 - - [13/Sep/2026:17:14:21 +0300] "GET /?sale/search/detail/?ITMCODE=519514570 HTTP/1.1" 200 207659 "-" "Mozilla/5.0 (Linux; Android 6.0.1; Nexus 5X Build/MMB29P) AppleWebKit/537.36 (KHTML, like Gecko) Chrome/152.0.7977.82 Mobile Safari/537.36 (compatible; Googlebot/2.1; +http://www.google.com/bot.html)"
85.208.96.199 - - [13/Sep/2026:17:14:37 +0300] "GET /?sale%2Fsearch%2Fdetail%2F%3FITMCODE=52008932298 HTTP/1.1" 200 11138 "-" "Mozilla/5.0 (compatible; SemrushBot/7~bl; +http://www.semrush.com/bot.html)"
185.191.171.11 - - [13/Sep/2026:17:14:47 +0300] "GET /?sale%2Fsearch%2Fdetail%2F%3FITMCODE=52005890966 HTTP/1.1" 200 11138 "-" "Mozilla/5.0 (compatible; SemrushBot/7~bl; +http://www.semrush.com/bot.html)"
66.249.68.104 - - [13/Sep/2026:17:14:52 +0300] "GET /?sale/search/detail/?ITMCODE=51971172885 HTTP/1.1" 200 197164 "-" "Mozilla/5.0 (Linux; Android 6.0.1; Nexus 5X Build/MMB29P) AppleWebKit/537.36 (KHTML, like Gecko) Chrome/152.0.7977.82 Mobile Safari/537.36 (compatible; Googlebot/2.1; +http://www.google.com/bot.html)"
185.191.171.12 - - [13/Sep/2026:17:15:02 +0300] "GET /?sale%2Fsearch%2Fdetail%2F%3FITMCODE=51953094839 HTTP/1.1" 200 11138 "-" "Mozilla/5.0 (compatible; SemrushBot/7~bl; +http://www.semrush.com/bot.html)"
66.249.68.96 - - [13/Sep/2026:17:15:02 +0300] "GET /?sale/search/detail/?ITMCODE=52002827422 HTTP/1.1" 200 198002 "-" "Mozilla/5.0 (Linux; Android 6.0.1; Nexus 5X Build/MMB29P) AppleWebKit/537.36 (KHTML, like Gecko) Chrome/152.0.7977.82 Mobile Safari/537.36 (compatible; Googlebot/2.1; +http://www.google.com/bot.html)"
85.208.96.209 - - [13/Sep/2026:17:15:12 +0300] "GET /?sale%2Fsearch%2Fdetail%2F%3FITMCODE=520074922172 HTTP/1.1" 200 11138 "-" "Mozilla/5.0 (compatible; SemrushBot/7~bl; +http://www.semrush.com/bot.html)"
66.249.68.104 - - [13/Sep/2026:17:15:19 +0300] "GET /?sale/search/detail/?ITMCODE=5195104224 HTTP/1.1" 200 196264 "-" "Mozilla/5.0 (Linux; Android 6.0.1; Nexus 5X Build/MMB29P) AppleWebKit/537.36 (KHTML, like Gecko) Chrome/152.0.7977.82 Mobile Safari/537.36 (compatible; Googlebot/2.1; +http://www.google.com/bot.html)"
185.191.171.3 - - [13/Sep/2026:17:16:03 +0300] "GET /?sale%2Fsearch%2Fdetail%2F%3FITMCODE=51977230125 HTTP/1.1" 200 11138 "-" "Mozilla/5.0 (compatible; SemrushBot/7~bl; +http://www.semrush.com/bot.html)"
40.77.167.48 - - [13/Sep/2026:17:16:09 +0300] "GET /shop/pg/5196854732 HTTP/1.1" 200 197569 "-" "Mozilla/5.0 AppleWebKit/537.36 (KHTML, like Gecko; compatible; bingbot/2.0; +http://www.bing.com/bingbot.htm) Chrome/116.0.1938.76 Safari/537.36"
40.77.167.48 - - [13/Sep/2026:17:16:10 +0300] "GET /shop/c/c51961000659/ HTTP/1.1" 200 267302 "-" "Mozilla/5.0 AppleWebKit/537.36 (KHTML, like Gecko; compatible; bingbot/2.0; +http://www.bing.com/bingbot.htm) Chrome/116.0.1938.76 Safari/537.36"
40.77.167.48 - - [13/Sep/2026:17:16:15 +0300] "GET /shop/pg/851989 HTTP/1.1" 200 195988 "-" "Mozilla/5.0 AppleWebKit/537.36 (KHTML, like Gecko; compatible; bingbot/2.0; +http://www.bing.com/bingbot.htm) Chrome/116.0.1938.76 Safari/537.36"
66.249.68.104 - - [13/Sep/2026:17:16:17 +0300] "GET /?sale/search/detail/?ITMCODE=51981510719 HTTP/1.1" 200 197287 "-" "Mozilla/5.0 (Linux; Android 6.0.1; Nexus 5X Build/MMB29P) AppleWebKit/537.36 (KHTML, like Gecko) Chrome/152.0.7977.82 Mobile Safari/537.36 (compatible; Googlebot/2.1; +http://www.google.com/bot.html)"
66.249.68.105 - - [13/Sep/2026:17:17:06 +0300] "GET /?sale/search/detail/?ITMCODE=51971218337 HTTP/1.1" 200 195873 "-" "Mozilla/5.0 (Linux; Android 6.0.1; Nexus 5X Build/MMB29P) AppleWebKit/537.36 (KHTML, like Gecko) Chrome/152.0.7977.82 Mobile Safari/537.36 (compatible; Googlebot/2.1; +http://www.google.com/bot.html)"
185.191.171.10 - - [13/Sep/2026:17:17:09 +0300] "GET /?sale%2Fsearch%2Fdetail%2F%3FITMCODE=52008959449 HTTP/1.1" 200 11138 "-" "Mozilla/5.0 (compatible; SemrushBot/7~bl; +http://www.semrush.com/bot.html)"
185.191.171.11 - - [13/Sep/2026:17:17:46 +0300] "GET /?sale%2Fsearch%2Fdetail%2F%3FITMCODE=5197100111505 HTTP/1.1" 200 11138 "-" "Mozilla/5.0 (compatible; SemrushBot/7~bl; +http://www.semrush.com/bot.html)"
85.208.96.199 - - [13/Sep/2026:17:17:51 +0300] "GET /?sale%2Fsearch%2Fdetail%2F%3FITMCODE=5196105742745 HTTP/1.1" 200 11138 "-" "Mozilla/5.0 (compatible; SemrushBot/7~bl; +http://www.semrush.com/bot.html)"
66.249.68.105 - - [13/Sep/2026:17:17:57 +0300] "GET /?sale/search/detail/?ITMCODE=51981527216 HTTP/1.1" 200 223737 "-" "Mozilla/5.0 (Linux; Android 6.0.1; Nexus 5X Build/MMB29P) AppleWebKit/537.36 (KHTML, like Gecko) Chrome/152.0.7977.82 Mobile Safari/537.36 (compatible; Googlebot/2.1; +http://www.google.com/bot.html)"
185.191.171.11 - - [13/Sep/2026:17:18:09 +0300] "GET /?sale%2Fsearch%2Fdetail%2F%3FITMCODE=51984741982 HTTP/1.1" 200 11138 "-" "Mozilla/5.0 (compatible; SemrushBot/7~bl; +http://www.semrush.com/bot.html)"
85.208.96.202 - - [13/Sep/2026:17:18:12 +0300] "GET /?sale%2Fsearch%2Fdetail%2F%3FITMCODE=5198100836220 HTTP/1.1" 200 11138 "-" "Mozilla/5.0 (compatible; SemrushBot/7~bl; +http://www.semrush.com/bot.html)"
85.208.96.198 - - [13/Sep/2026:17:18:19 +0300] "GET /?sale%2Fsearch%2Fdetail%2F%3FITMCODE=51995494720 HTTP/1.1" 200 11138 "-" "Mozilla/5.0 (compatible; SemrushBot/7~bl; +http://www.semrush.com/bot.html)"
85.208.96.208 - - [13/Sep/2026:17:18:28 +0300] "GET /?sale%2Fsearch%2Fdetail%2F%3FITMCODE=519971366763 HTTP/1.1" 200 11138 "-" "Mozilla/5.0 (compatible; SemrushBot/7~bl; +http://www.semrush.com/bot.html)"
66.249.68.104 - - [13/Sep/2026:17:18:41 +0300] "GET /?sale/search/detail/?ITMCODE=519537770 HTTP/1.1" 200 193878 "-" "Mozilla/5.0 (Linux; Android 6.0.1; Nexus 5X Build/MMB29P) AppleWebKit/537.36 (KHTML, like Gecko) Chrome/152.0.7977.82 Mobile Safari/537.36 (compatible; Googlebot/2.1; +http://www.google.com/bot.html)"
40.77.167.48 - - [13/Sep/2026:17:18:50 +0300] "GET /shop/pg/1614 HTTP/1.1" 200 196958 "-" "Mozilla/5.0 AppleWebKit/537.36 (KHTML, like Gecko; compatible; bingbot/2.0; +http://www.bing.com/bingbot.htm) Chrome/116.0.1938.76 Safari/537.36"
66.249.68.104 - - [13/Sep/2026:17:18:53 +0300] "GET /?sale/search/detail/?ITMCODE=519568784 HTTP/1.1" 200 199249 "-" "Mozilla/5.0 (Linux; Android 6.0.1; Nexus 5X Build/MMB29P) AppleWebKit/537.36 (KHTML, like Gecko) Chrome/152.0.7977.82 Mobile Safari/537.36 (compatible; Googlebot/2.1; +http://www.google.com/bot.html)"
85.208.96.197 - - [13/Sep/2026:17:19:03 +0300] "GET /?sale%2Fsearch%2Fdetail%2F%3FITMCODE=51966921679 HTTP/1.1" 200 11138 "-" "Mozilla/5.0 (compatible; SemrushBot/7~bl; +http://www.semrush.com/bot.html)"
66.249.68.104 - - [13/Sep/2026:17:19:22 +0300] "GET /?sale/search/detail/?ITMCODE=51992487864 HTTP/1.1" 200 215985 "-" "Mozilla/5.0 (Linux; Android 6.0.1; Nexus 5X Build/MMB29P) AppleWebKit/537.36 (KHTML, like Gecko) Chrome/152.0.7977.82 Mobile Safari/537.36 (compatible; Googlebot/2.1; +http://www.google.com/bot.html)"
66.249.68.104 - - [13/Sep/2026:17:19:27 +0300] "GET /?sale/search/detail/?ITMCODE=519582884 HTTP/1.1" 200 196195 "-" "Mozilla/5.0 (Linux; Android 6.0.1; Nexus 5X Build/MMB29P) AppleWebKit/537.36 (KHTML, like Gecko) Chrome/152.0.7977.82 Mobile Safari/537.36 (compatible; Googlebot/2.1; +http://www.google.com/bot.html)"
85.208.96.209 - - [13/Sep/2026:17:19:45 +0300] "GET /?sale%2Fsearch%2Fdetail%2F%3FITMCODE=519920100211 HTTP/1.1" 200 11138 "-" "Mozilla/5.0 (compatible; SemrushBot/7~bl; +http://www.semrush.com/bot.html)"
66.249.68.104 - - [13/Sep/2026:17:20:23 +0300] "GET /?sale/search/detail/?ITMCODE=52002733690 HTTP/1.1" 200 203061 "-" "Mozilla/5.0 (Linux; Android 6.0.1; Nexus 5X Build/MMB29P) AppleWebKit/537.36 (KHTML, like Gecko) Chrome/152.0.7977.82 Mobile Safari/537.36 (compatible; Googlebot/2.1; +http://www.google.com/bot.html)"
66.249.68.104 - - [13/Sep/2026:17:20:33 +0300] "GET /?sale/search/detail/?ITMCODE=5196831772 HTTP/1.1" 200 210251 "-" "Mozilla/5.0 (Linux; Android 6.0.1; Nexus 5X Build/MMB29P) AppleWebKit/537.36 (KHTML, like Gecko) Chrome/152.0.7977.82 Mobile Safari/537.36 (compatible; Googlebot/2.1; +http://www.google.com/bot.html)"
66.249.68.104 - - [13/Sep/2026:17:20:38 +0300] "GET /?sale/search/detail/?ITMCODE=5195495834 HTTP/1.1" 200 220759 "-" "Mozilla/5.0 (Linux; Android 6.0.1; Nexus 5X Build/MMB29P) AppleWebKit/537.36 (KHTML, like Gecko) Chrome/152.0.7977.82 Mobile Safari/537.36 (compatible; Googlebot/2.1; +http://www.google.com/bot.html)"
66.249.68.104 - - [13/Sep/2026:17:20:52 +0300] "GET /?sale/search/detail/?ITMCODE=5195310335 HTTP/1.1" 200 209072 "-" "Mozilla/5.0 (Linux; Android 6.0.1; Nexus 5X Build/MMB29P) AppleWebKit/537.36 (KHTML, like Gecko) Chrome/152.0.7977.82 Mobile Safari/537.36 (compatible; Googlebot/2.1; +http://www.google.com/bot.html)"
85.208.96.205 - - [13/Sep/2026:17:21:15 +0300] "GET /?sale%2Fsearch%2Fdetail%2F%3FITMCODE=519713463715 HTTP/1.1" 200 11138 "-" "Mozilla/5.0 (compatible; SemrushBot/7~bl; +http://www.semrush.com/bot.html)"
185.191.171.7 - - [13/Sep/2026:17:22:11 +0300] "GET /?sale%2Fsearch%2Fdetail%2F%3FITMCODE=519627973783 HTTP/1.1" 200 11138 "-" "Mozilla/5.0 (compatible; SemrushBot/7~bl; +http://www.semrush.com/bot.html)"
85.208.96.206 - - [13/Sep/2026:17:22:28 +0300] "GET /?sale%2Fsearch%2Fdetail%2F%3FITMCODE=519512197313 HTTP/1.1" 200 11138 "-" "Mozilla/5.0 (compatible; SemrushBot/7~bl; +http://www.semrush.com/bot.html)"
