62.60.130.249 - - [13/Sep/2026:21:41:28 +0300] "GET /wp-content/IXR/ HTTP/1.1" 404 1320 "-" "Mozilla/5.0 (Windows NT 10.0; Win64; x64) AppleWebKit/537.36 (KHTML, like Gecko) Chrome/120.0.0.0 Safari/537.36"
62.60.130.249 - - [13/Sep/2026:21:41:28 +0300] "GET /wp-content/uploads/ HTTP/1.1" 404 1320 "-" "Mozilla/5.0 (Windows NT 10.0; Win64; x64) AppleWebKit/537.36 (KHTML, like Gecko) Chrome/120.0.0.0 Safari/537.36"
62.60.130.249 - - [13/Sep/2026:21:41:28 +0300] "GET /wp-content/upgrade/ HTTP/1.1" 404 1320 "-" "Mozilla/5.0 (Windows NT 10.0; Win64; x64) AppleWebKit/537.36 (KHTML, like Gecko) Chrome/120.0.0.0 Safari/537.36"
62.60.130.249 - - [13/Sep/2026:21:41:28 +0300] "GET /wp-content/plugins/ HTTP/1.1" 404 1320 "-" "Mozilla/5.0 (Windows NT 10.0; Win64; x64) AppleWebKit/537.36 (KHTML, like Gecko) Chrome/120.0.0.0 Safari/537.36"
62.60.130.249 - - [13/Sep/2026:21:41:29 +0300] "GET /wp-content/themes/ HTTP/1.1" 404 1320 "-" "Mozilla/5.0 (Windows NT 10.0; Win64; x64) AppleWebKit/537.36 (KHTML, like Gecko) Chrome/120.0.0.0 Safari/537.36"
62.60.130.249 - - [13/Sep/2026:21:41:29 +0300] "GET /.well-known/ HTTP/1.1" 404 1320 "-" "Mozilla/5.0 (Windows NT 10.0; Win64; x64) AppleWebKit/537.36 (KHTML, like Gecko) Chrome/120.0.0.0 Safari/537.36"
85.208.96.200 - - [13/Sep/2026:21:41:29 +0300] "GET /?sale%2Fsearch%2Fdetail%2F%3FITMCODE=5196772244 HTTP/1.1" 200 11138 "-" "Mozilla/5.0 (compatible; SemrushBot/7~bl; +http://www.semrush.com/bot.html)"
62.60.130.249 - - [13/Sep/2026:21:41:30 +0300] "GET /uploads/ HTTP/1.1" 404 1317 "-" "Mozilla/5.0 (Windows NT 10.0; Win64; x64) AppleWebKit/537.36 (KHTML, like Gecko) Chrome/120.0.0.0 Safari/537.36"
62.60.130.249 - - [13/Sep/2026:21:41:30 +0300] "GET /files/ HTTP/1.1" 404 1317 "-" "Mozilla/5.0 (Windows NT 10.0; Win64; x64) AppleWebKit/537.36 (KHTML, like Gecko) Chrome/120.0.0.0 Safari/537.36"
40.77.167.24 - - [13/Sep/2026:21:41:30 +0300] "GET /shop/pg/5196817135 HTTP/1.1" 200 194878 "-" "Mozilla/5.0 AppleWebKit/537.36 (KHTML, like Gecko; compatible; bingbot/2.0; +http://www.bing.com/bingbot.htm) Chrome/116.0.1938.76 Safari/537.36"
62.60.130.249 - - [13/Sep/2026:21:41:31 +0300] "GET /file/ HTTP/1.1" 404 1317 "-" "Mozilla/5.0 (Windows NT 10.0; Win64; x64) AppleWebKit/537.36 (KHTML, like Gecko) Chrome/120.0.0.0 Safari/537.36"
62.60.130.249 - - [13/Sep/2026:21:41:31 +0300] "GET /images/ HTTP/1.1" 200 31 "-" "Mozilla/5.0 (Windows NT 10.0; Win64; x64) AppleWebKit/537.36 (KHTML, like Gecko) Chrome/120.0.0.0 Safari/537.36"
62.60.130.249 - - [13/Sep/2026:21:41:31 +0300] "GET /admin/ HTTP/1.1" 404 1317 "-" "Mozilla/5.0 (Windows NT 10.0; Win64; x64) AppleWebKit/537.36 (KHTML, like Gecko) Chrome/120.0.0.0 Safari/537.36"
62.60.130.249 - - [13/Sep/2026:21:41:32 +0300] "GET /cgi-bin/ HTTP/1.1" 404 1320 "-" "Mozilla/5.0 (Windows NT 10.0; Win64; x64) AppleWebKit/537.36 (KHTML, like Gecko) Chrome/120.0.0.0 Safari/537.36"
62.60.130.249 - - [13/Sep/2026:21:41:32 +0300] "GET /.tmb/ HTTP/1.1" 404 1317 "-" "Mozilla/5.0 (Windows NT 10.0; Win64; x64) AppleWebKit/537.36 (KHTML, like Gecko) Chrome/120.0.0.0 Safari/537.36"
85.208.96.196 - - [13/Sep/2026:21:41:54 +0300] "GET /?sale%2Fsearch%2Fdetail%2F%3FITMCODE=5200101851873 HTTP/1.1" 200 11138 "-" "Mozilla/5.0 (compatible; SemrushBot/7~bl; +http://www.semrush.com/bot.html)"
66.249.68.104 - - [13/Sep/2026:21:41:53 +0300] "GET /?sale/search/detail/?ITMCODE=51981572886 HTTP/1.1" 200 198526 "-" "Mozilla/5.0 (Linux; Android 6.0.1; Nexus 5X Build/MMB29P) AppleWebKit/537.36 (KHTML, like Gecko) Chrome/152.0.7977.82 Mobile Safari/537.36 (compatible; Googlebot/2.1; +http://www.google.com/bot.html)"
185.191.171.7 - - [13/Sep/2026:21:42:02 +0300] "GET /?sale%2Fsearch%2Fdetail%2F%3FITMCODE=52005830018 HTTP/1.1" 200 11138 "-" "Mozilla/5.0 (compatible; SemrushBot/7~bl; +http://www.semrush.com/bot.html)"
85.208.96.200 - - [13/Sep/2026:21:42:06 +0300] "GET /?sale%2Fsearch%2Fdetail%2F%3FITMCODE=51956347073 HTTP/1.1" 200 11138 "-" "Mozilla/5.0 (compatible; SemrushBot/7~bl; +http://www.semrush.com/bot.html)"
66.249.68.105 - - [13/Sep/2026:21:42:13 +0300] "GET /?sale/search/detail/?ITMCODE=51981963758 HTTP/1.1" 200 204332 "-" "Mozilla/5.0 (Linux; Android 6.0.1; Nexus 5X Build/MMB29P) AppleWebKit/537.36 (KHTML, like Gecko) Chrome/152.0.7977.82 Mobile Safari/537.36 (compatible; Googlebot/2.1; +http://www.google.com/bot.html)"
85.208.96.212 - - [13/Sep/2026:21:43:01 +0300] "GET /?sale%2Fsearch%2Fdetail%2F%3FITMCODE=51959489153 HTTP/1.1" 200 11138 "-" "Mozilla/5.0 (compatible; SemrushBot/7~bl; +http://www.semrush.com/bot.html)"
66.249.68.105 - - [13/Sep/2026:21:43:02 +0300] "GET /?sale/search/detail/?ITMCODE=51992327451 HTTP/1.1" 200 197459 "-" "Mozilla/5.0 (Linux; Android 6.0.1; Nexus 5X Build/MMB29P) AppleWebKit/537.36 (KHTML, like Gecko) Chrome/152.0.7977.82 Mobile Safari/537.36 (compatible; Googlebot/2.1; +http://www.google.com/bot.html)"
85.208.96.199 - - [13/Sep/2026:21:43:21 +0300] "GET /?sale%2Fsearch%2Fdetail%2F%3FITMCODE=51987860685 HTTP/1.1" 200 11138 "-" "Mozilla/5.0 (compatible; SemrushBot/7~bl; +http://www.semrush.com/bot.html)"
85.208.96.197 - - [13/Sep/2026:21:43:44 +0300] "GET /?sale%2Fsearch%2Fdetail%2F%3FITMCODE=519938431107 HTTP/1.1" 200 11138 "-" "Mozilla/5.0 (compatible; SemrushBot/7~bl; +http://www.semrush.com/bot.html)"
66.249.68.105 - - [13/Sep/2026:21:43:48 +0300] "GET /?sale/search/detail/?ITMCODE=51981533483 HTTP/1.1" 200 197056 "-" "Mozilla/5.0 (Linux; Android 6.0.1; Nexus 5X Build/MMB29P) AppleWebKit/537.36 (KHTML, like Gecko) Chrome/152.0.7977.82 Mobile Safari/537.36 (compatible; Googlebot/2.1; +http://www.google.com/bot.html)"
157.55.39.49 - - [13/Sep/2026:21:43:52 +0300] "GET /shop/pg/860882 HTTP/1.1" 200 213765 "-" "Mozilla/5.0 AppleWebKit/537.36 (KHTML, like Gecko; compatible; bingbot/2.0; +http://www.bing.com/bingbot.htm) Chrome/116.0.1938.76 Safari/537.36"
185.191.171.18 - - [13/Sep/2026:21:44:22 +0300] "GET /?sale%2Fsearch%2Fdetail%2F%3FITMCODE=5197100063735 HTTP/1.1" 200 11138 "-" "Mozilla/5.0 (compatible; SemrushBot/7~bl; +http://www.semrush.com/bot.html)"
66.249.68.105 - - [13/Sep/2026:21:44:46 +0300] "GET /?sale/search/detail/?ITMCODE=51992056756 HTTP/1.1" 200 200607 "-" "Mozilla/5.0 (Linux; Android 6.0.1; Nexus 5X Build/MMB29P) AppleWebKit/537.36 (KHTML, like Gecko) Chrome/152.0.7977.82 Mobile Safari/537.36 (compatible; Googlebot/2.1; +http://www.google.com/bot.html)"
43.131.23.154 - - [13/Sep/2026:21:45:10 +0300] "GET / HTTP/1.1" 200 11140 "-" "Mozilla/5.0 (iPhone; CPU iPhone OS 13_2_3 like Mac OS X) AppleWebKit/605.1.15 (KHTML, like Gecko) Version/13.0.3 Mobile/15E148 Safari/604.1"
185.191.171.7 - - [13/Sep/2026:21:45:17 +0300] "GET /?sale%2Fsearch%2Fdetail%2F%3FITMCODE=51959173822 HTTP/1.1" 200 11138 "-" "Mozilla/5.0 (compatible; SemrushBot/7~bl; +http://www.semrush.com/bot.html)"
66.249.68.98 - - [13/Sep/2026:21:45:21 +0300] "GET /robots.txt HTTP/1.1" 200 836 "-" "Mozilla/5.0 (compatible; Googlebot/2.1; +http://www.google.com/bot.html)"
66.249.68.100 - - [13/Sep/2026:21:45:23 +0300] "GET / HTTP/1.1" 200 195976 "-" "Mozilla/5.0 (Linux; Android 6.0.1; Nexus 5X Build/MMB29P) AppleWebKit/537.36 (KHTML, like Gecko) Chrome/152.0.7977.82 Mobile Safari/537.36 (compatible; Googlebot/2.1; +http://www.google.com/bot.html)"
85.208.96.203 - - [13/Sep/2026:21:45:51 +0300] "GET /?sale%2Fsearch%2Fdetail%2F%3FITMCODE=5200104588371 HTTP/1.1" 200 11138 "-" "Mozilla/5.0 (compatible; SemrushBot/7~bl; +http://www.semrush.com/bot.html)"
66.249.68.105 - - [13/Sep/2026:21:45:58 +0300] "GET /?sale/search/detail/?ITMCODE=51971423637 HTTP/1.1" 200 228458 "-" "Mozilla/5.0 (Linux; Android 6.0.1; Nexus 5X Build/MMB29P) AppleWebKit/537.36 (KHTML, like Gecko) Chrome/152.0.7977.82 Mobile Safari/537.36 (compatible; Googlebot/2.1; +http://www.google.com/bot.html)"
66.249.68.105 - - [13/Sep/2026:21:46:04 +0300] "GET /?sale/search/detail/?ITMCODE=5195404084 HTTP/1.1" 200 193722 "-" "Mozilla/5.0 (Linux; Android 6.0.1; Nexus 5X Build/MMB29P) AppleWebKit/537.36 (KHTML, like Gecko) Chrome/152.0.7977.82 Mobile Safari/537.36 (compatible; Googlebot/2.1; +http://www.google.com/bot.html)"
85.208.96.208 - - [13/Sep/2026:21:46:08 +0300] "GET /?sale%2Fsearch%2Fdetail%2F%3FITMCODE=520074620057 HTTP/1.1" 200 11138 "-" "Mozilla/5.0 (compatible; SemrushBot/7~bl; +http://www.semrush.com/bot.html)"
207.46.13.9 - - [13/Sep/2026:21:46:32 +0300] "GET /sale/search/detail/?ITMCODE=52002879648 HTTP/1.1" 200 204952 "-" "Mozilla/5.0 AppleWebKit/537.36 (KHTML, like Gecko; compatible; bingbot/2.0; +http://www.bing.com/bingbot.htm) Chrome/116.0.1938.76 Safari/537.36"
66.249.68.104 - - [13/Sep/2026:21:47:05 +0300] "GET /?sale/search/detail/?ITMCODE=51971173786 HTTP/1.1" 200 199779 "-" "Mozilla/5.0 (Linux; Android 6.0.1; Nexus 5X Build/MMB29P) AppleWebKit/537.36 (KHTML, like Gecko) Chrome/152.0.7977.82 Mobile Safari/537.36 (compatible; Googlebot/2.1; +http://www.google.com/bot.html)"
85.208.96.195 - - [13/Sep/2026:21:47:22 +0300] "GET /?sale%2Fsearch%2Fdetail%2F%3FITMCODE=51959463022 HTTP/1.1" 200 11138 "-" "Mozilla/5.0 (compatible; SemrushBot/7~bl; +http://www.semrush.com/bot.html)"
185.191.171.17 - - [13/Sep/2026:21:47:42 +0300] "GET /?sale%2Fsearch%2Fdetail%2F%3FITMCODE=519515416503 HTTP/1.1" 200 11138 "-" "Mozilla/5.0 (compatible; SemrushBot/7~bl; +http://www.semrush.com/bot.html)"
66.249.68.104 - - [13/Sep/2026:21:47:42 +0300] "GET /?sale/search/detail/?ITMCODE=5196918351 HTTP/1.1" 200 210001 "-" "Mozilla/5.0 (Linux; Android 6.0.1; Nexus 5X Build/MMB29P) AppleWebKit/537.36 (KHTML, like Gecko) Chrome/152.0.7977.82 Mobile Safari/537.36 (compatible; Googlebot/2.1; +http://www.google.com/bot.html)"
185.191.171.7 - - [13/Sep/2026:21:47:46 +0300] "GET /?sale%2Fsearch%2Fdetail%2F%3FITMCODE=52005845893 HTTP/1.1" 200 11138 "-" "Mozilla/5.0 (compatible; SemrushBot/7~bl; +http://www.semrush.com/bot.html)"
85.208.96.206 - - [13/Sep/2026:21:48:11 +0300] "GET /?sale%2Fsearch%2Fdetail%2F%3FITMCODE=51959472708 HTTP/1.1" 200 11138 "-" "Mozilla/5.0 (compatible; SemrushBot/7~bl; +http://www.semrush.com/bot.html)"
66.249.68.96 - - [13/Sep/2026:21:48:13 +0300] "GET /?sale/search/detail/?ITMCODE=5195358030 HTTP/1.1" 200 220650 "-" "Mozilla/5.0 (Linux; Android 6.0.1; Nexus 5X Build/MMB29P) AppleWebKit/537.36 (KHTML, like Gecko) Chrome/152.0.7977.82 Mobile Safari/537.36 (compatible; Googlebot/2.1; +http://www.google.com/bot.html)"
66.249.68.104 - - [13/Sep/2026:21:48:27 +0300] "GET /index.php?GameID=3941.html HTTP/1.1" 200 212203 "-" "Mozilla/5.0 (Linux; Android 6.0.1; Nexus 5X Build/MMB29P) AppleWebKit/537.36 (KHTML, like Gecko) Chrome/152.0.7977.82 Mobile Safari/537.36 (compatible; Googlebot/2.1; +http://www.google.com/bot.html)"
66.249.68.104 - - [13/Sep/2026:21:48:43 +0300] "GET /?sale/search/detail/?ITMCODE=51971185384 HTTP/1.1" 200 194962 "-" "Mozilla/5.0 (Linux; Android 6.0.1; Nexus 5X Build/MMB29P) AppleWebKit/537.36 (KHTML, like Gecko) Chrome/152.0.7977.82 Mobile Safari/537.36 (compatible; Googlebot/2.1; +http://www.google.com/bot.html)"
185.191.171.12 - - [13/Sep/2026:21:48:55 +0300] "GET /?sale%2Fsearch%2Fdetail%2F%3FITMCODE=51969816808 HTTP/1.1" 200 11138 "-" "Mozilla/5.0 (compatible; SemrushBot/7~bl; +http://www.semrush.com/bot.html)"
185.191.171.12 - - [13/Sep/2026:21:49:19 +0300] "GET /?sale%2Fsearch%2Fdetail%2F%3FITMCODE=5197100499048 HTTP/1.1" 200 11138 "-" "Mozilla/5.0 (compatible; SemrushBot/7~bl; +http://www.semrush.com/bot.html)"
157.55.39.49 - - [13/Sep/2026:21:50:52 +0300] "GET /?shop/c/c51979/ HTTP/1.1" 200 269108 "-" "Mozilla/5.0 AppleWebKit/537.36 (KHTML, like Gecko; compatible; bingbot/2.0; +http://www.bing.com/bingbot.htm) Chrome/116.0.1938.76 Safari/537.36"
157.55.39.49 - - [13/Sep/2026:21:51:13 +0300] "GET /shop/pg/780770 HTTP/1.1" 200 206480 "-" "Mozilla/5.0 AppleWebKit/537.36 (KHTML, like Gecko; compatible; bingbot/2.0; +http://www.bing.com/bingbot.htm) Chrome/116.0.1938.76 Safari/537.36"
185.191.171.14 - - [13/Sep/2026:21:51:22 +0300] "GET /?sale%2Fsearch%2Fdetail%2F%3FITMCODE=519515124370 HTTP/1.1" 200 11138 "-" "Mozilla/5.0 (compatible; SemrushBot/7~bl; +http://www.semrush.com/bot.html)"
66.249.68.104 - - [13/Sep/2026:21:51:24 +0300] "GET /?sale/search/detail/?ITMCODE=51992163053 HTTP/1.1" 200 196315 "-" "Mozilla/5.0 (Linux; Android 6.0.1; Nexus 5X Build/MMB29P) AppleWebKit/537.36 (KHTML, like Gecko) Chrome/152.0.7977.82 Mobile Safari/537.36 (compatible; Googlebot/2.1; +http://www.google.com/bot.html)"
185.191.171.19 - - [13/Sep/2026:21:51:33 +0300] "GET /?sale%2Fsearch%2Fdetail%2F%3FITMCODE=51977412196 HTTP/1.1" 200 11138 "-" "Mozilla/5.0 (compatible; SemrushBot/7~bl; +http://www.semrush.com/bot.html)"
66.249.68.104 - - [13/Sep/2026:21:51:36 +0300] "GET /?sale/search/detail/?ITMCODE=51992466550 HTTP/1.1" 200 193659 "-" "Mozilla/5.0 (Linux; Android 6.0.1; Nexus 5X Build/MMB29P) AppleWebKit/537.36 (KHTML, like Gecko) Chrome/152.0.7977.82 Mobile Safari/537.36 (compatible; Googlebot/2.1; +http://www.google.com/bot.html)"
185.191.171.1 - - [13/Sep/2026:21:51:45 +0300] "GET /?sale%2Fsearch%2Fdetail%2F%3FITMCODE=520011580083 HTTP/1.1" 200 11138 "-" "Mozilla/5.0 (compatible; SemrushBot/7~bl; +http://www.semrush.com/bot.html)"
85.208.96.211 - - [13/Sep/2026:21:52:31 +0300] "GET /?sale%2Fsearch%2Fdetail%2F%3FITMCODE=51971480534 HTTP/1.1" 200 11138 "-" "Mozilla/5.0 (compatible; SemrushBot/7~bl; +http://www.semrush.com/bot.html)"
66.249.68.104 - - [13/Sep/2026:21:52:44 +0300] "GET /?sale/search/detail/?ITMCODE=51971492453 HTTP/1.1" 200 196201 "-" "Mozilla/5.0 (Linux; Android 6.0.1; Nexus 5X Build/MMB29P) AppleWebKit/537.36 (KHTML, like Gecko) Chrome/152.0.7977.82 Mobile Safari/537.36 (compatible; Googlebot/2.1; +http://www.google.com/bot.html)"
66.249.68.105 - - [13/Sep/2026:21:52:55 +0300] "GET /?sale/search/detail/?ITMCODE=5195223728 HTTP/1.1" 200 202021 "-" "Mozilla/5.0 (Linux; Android 6.0.1; Nexus 5X Build/MMB29P) AppleWebKit/537.36 (KHTML, like Gecko) Chrome/152.0.7977.82 Mobile Safari/537.36 (compatible; Googlebot/2.1; +http://www.google.com/bot.html)"
185.191.171.11 - - [13/Sep/2026:21:53:07 +0300] "GET /robots.txt HTTP/1.1" 200 836 "-" "Mozilla/5.0 (compatible; SemrushBot/7~bl; +http://www.semrush.com/bot.html)"
185.191.171.12 - - [13/Sep/2026:21:53:08 +0300] "GET /?sale%2Fsearch%2Fdetail%2F%3FITMCODE=519530301070 HTTP/1.1" 200 11138 "-" "Mozilla/5.0 (compatible; SemrushBot/7~bl; +http://www.semrush.com/bot.html)"
185.191.171.16 - - [13/Sep/2026:21:53:25 +0300] "GET /?sale%2Fsearch%2Fdetail%2F%3FITMCODE=51966789104 HTTP/1.1" 200 11138 "-" "Mozilla/5.0 (compatible; SemrushBot/7~bl; +http://www.semrush.com/bot.html)"
66.249.68.104 - - [13/Sep/2026:21:53:36 +0300] "GET /?sale/search/detail/?ITMCODE=52002762800 HTTP/1.1" 200 217517 "-" "Mozilla/5.0 (Linux; Android 6.0.1; Nexus 5X Build/MMB29P) AppleWebKit/537.36 (KHTML, like Gecko) Chrome/152.0.7977.82 Mobile Safari/537.36 (compatible; Googlebot/2.1; +http://www.google.com/bot.html)"
43.135.211.148 - - [13/Sep/2026:21:53:41 +0300] "GET / HTTP/1.1" 200 11140 "-" "Mozilla/5.0 (iPhone; CPU iPhone OS 13_2_3 like Mac OS X) AppleWebKit/605.1.15 (KHTML, like Gecko) Version/13.0.3 Mobile/15E148 Safari/604.1"
185.191.171.2 - - [13/Sep/2026:21:53:42 +0300] "GET /?sale%2Fsearch%2Fdetail%2F%3FITMCODE=519731305662 HTTP/1.1" 200 11138 "-" "Mozilla/5.0 (compatible; SemrushBot/7~bl; +http://www.semrush.com/bot.html)"
185.191.171.11 - - [13/Sep/2026:21:53:59 +0300] "GET /?sale%2Fsearch%2Fdetail%2F%3FITMCODE=51969550520 HTTP/1.1" 200 11138 "-" "Mozilla/5.0 (compatible; SemrushBot/7~bl; +http://www.semrush.com/bot.html)"
185.191.171.14 - - [13/Sep/2026:21:54:05 +0300] "GET /?sale%2Fsearch%2Fdetail%2F%3FITMCODE=519810771532 HTTP/1.1" 200 11138 "-" "Mozilla/5.0 (compatible; SemrushBot/7~bl; +http://www.semrush.com/bot.html)"
66.249.68.104 - - [13/Sep/2026:21:54:27 +0300] "GET /?sale/search/detail/?ITMCODE=5196872878 HTTP/1.1" 200 232943 "-" "Mozilla/5.0 (Linux; Android 6.0.1; Nexus 5X Build/MMB29P) AppleWebKit/537.36 (KHTML, like Gecko) Chrome/152.0.7977.82 Mobile Safari/537.36 (compatible; Googlebot/2.1; +http://www.google.com/bot.html)"
66.249.68.104 - - [13/Sep/2026:21:54:55 +0300] "GET /?sale/search/detail/?ITMCODE=5196616598 HTTP/1.1" 200 201390 "-" "Mozilla/5.0 (Linux; Android 6.0.1; Nexus 5X Build/MMB29P) AppleWebKit/537.36 (KHTML, like Gecko) Chrome/152.0.7977.82 Mobile Safari/537.36 (compatible; Googlebot/2.1; +http://www.google.com/bot.html)"
66.249.68.104 - - [13/Sep/2026:21:55:02 +0300] "GET /?sale/search/detail/?ITMCODE=51971238539 HTTP/1.1" 200 199129 "-" "Mozilla/5.0 (Linux; Android 6.0.1; Nexus 5X Build/MMB29P) AppleWebKit/537.36 (KHTML, like Gecko) Chrome/152.0.7977.82 Mobile Safari/537.36 (compatible; Googlebot/2.1; +http://www.google.com/bot.html)"
66.249.68.96 - - [13/Sep/2026:21:55:02 +0300] "GET /?sale/search/detail/?ITMCODE=5196836146 HTTP/1.1" 200 205976 "-" "Mozilla/5.0 (Linux; Android 6.0.1; Nexus 5X Build/MMB29P) AppleWebKit/537.36 (KHTML, like Gecko) Chrome/152.0.7977.82 Mobile Safari/537.36 (compatible; Googlebot/2.1; +http://www.google.com/bot.html)"
185.191.171.14 - - [13/Sep/2026:21:55:21 +0300] "GET /?sale%2Fsearch%2Fdetail%2F%3FITMCODE=51977093884 HTTP/1.1" 200 11138 "-" "Mozilla/5.0 (compatible; SemrushBot/7~bl; +http://www.semrush.com/bot.html)"
66.249.68.104 - - [13/Sep/2026:21:55:35 +0300] "GET /?sale/search/detail/?ITMCODE=52002545279 HTTP/1.1" 200 196487 "-" "Mozilla/5.0 (Linux; Android 6.0.1; Nexus 5X Build/MMB29P) AppleWebKit/537.36 (KHTML, like Gecko) Chrome/152.0.7977.82 Mobile Safari/537.36 (compatible; Googlebot/2.1; +http://www.google.com/bot.html)"
185.191.171.12 - - [13/Sep/2026:21:55:40 +0300] "GET /?sale%2Fsearch%2Fdetail%2F%3FITMCODE=519710269442 HTTP/1.1" 200 11138 "-" "Mozilla/5.0 (compatible; SemrushBot/7~bl; +http://www.semrush.com/bot.html)"
66.249.68.104 - - [13/Sep/2026:21:55:52 +0300] "GET /?sale/search/detail/?ITMCODE=51981523924 HTTP/1.1" 200 214805 "-" "Mozilla/5.0 (Linux; Android 6.0.1; Nexus 5X Build/MMB29P) AppleWebKit/537.36 (KHTML, like Gecko) Chrome/152.0.7977.82 Mobile Safari/537.36 (compatible; Googlebot/2.1; +http://www.google.com/bot.html)"
85.208.96.209 - - [13/Sep/2026:21:56:20 +0300] "GET /?sale%2Fsearch%2Fdetail%2F%3FITMCODE=51971362243 HTTP/1.1" 200 11138 "-" "Mozilla/5.0 (compatible; SemrushBot/7~bl; +http://www.semrush.com/bot.html)"
185.191.171.9 - - [13/Sep/2026:21:56:41 +0300] "GET /?sale%2Fsearch%2Fdetail%2F%3FITMCODE=519816739429 HTTP/1.1" 200 11138 "-" "Mozilla/5.0 (compatible; SemrushBot/7~bl; +http://www.semrush.com/bot.html)"
66.249.68.105 - - [13/Sep/2026:21:57:00 +0300] "GET /?sale/search/detail/?ITMCODE=51981591657 HTTP/1.1" 200 202018 "-" "Mozilla/5.0 (Linux; Android 6.0.1; Nexus 5X Build/MMB29P) AppleWebKit/537.36 (KHTML, like Gecko) Chrome/152.0.7977.82 Mobile Safari/537.36 (compatible; Googlebot/2.1; +http://www.google.com/bot.html)"
185.191.171.6 - - [13/Sep/2026:21:57:18 +0300] "GET /?sale%2Fsearch%2Fdetail%2F%3FITMCODE=519773493988 HTTP/1.1" 200 11138 "-" "Mozilla/5.0 (compatible; SemrushBot/7~bl; +http://www.semrush.com/bot.html)"
66.249.68.104 - - [13/Sep/2026:21:57:19 +0300] "GET /?sale/search/detail/?ITMCODE=51981940267 HTTP/1.1" 200 198615 "-" "Mozilla/5.0 (Linux; Android 6.0.1; Nexus 5X Build/MMB29P) AppleWebKit/537.36 (KHTML, like Gecko) Chrome/152.0.7977.82 Mobile Safari/537.36 (compatible; Googlebot/2.1; +http://www.google.com/bot.html)"
66.249.68.104 - - [13/Sep/2026:21:57:24 +0300] "GET /?sale/search/detail/?ITMCODE=5196965387 HTTP/1.1" 200 213837 "-" "Mozilla/5.0 (Linux; Android 6.0.1; Nexus 5X Build/MMB29P) AppleWebKit/537.36 (KHTML, like Gecko) Chrome/152.0.7977.82 Mobile Safari/537.36 (compatible; Googlebot/2.1; +http://www.google.com/bot.html)"
85.208.96.211 - - [13/Sep/2026:21:57:44 +0300] "GET /?sale%2Fsearch%2Fdetail%2F%3FITMCODE=519725354782 HTTP/1.1" 200 11138 "-" "Mozilla/5.0 (compatible; SemrushBot/7~bl; +http://www.semrush.com/bot.html)"
185.191.171.6 - - [13/Sep/2026:21:57:55 +0300] "GET /?sale%2Fsearch%2Fdetail%2F%3FITMCODE=520011686654 HTTP/1.1" 200 11138 "-" "Mozilla/5.0 (compatible; SemrushBot/7~bl; +http://www.semrush.com/bot.html)"
40.77.167.230 - - [13/Sep/2026:21:58:11 +0300] "GET /shop/pg/5196890585 HTTP/1.1" 200 199053 "-" "Mozilla/5.0 AppleWebKit/537.36 (KHTML, like Gecko; compatible; bingbot/2.0; +http://www.bing.com/bingbot.htm) Chrome/116.0.1938.76 Safari/537.36"
66.249.68.104 - - [13/Sep/2026:21:58:16 +0300] "GET /?sale/search/detail/?ITMCODE=5195127645 HTTP/1.1" 200 197651 "-" "Mozilla/5.0 (Linux; Android 6.0.1; Nexus 5X Build/MMB29P) AppleWebKit/537.36 (KHTML, like Gecko) Chrome/152.0.7977.82 Mobile Safari/537.36 (compatible; Googlebot/2.1; +http://www.google.com/bot.html)"
66.249.68.105 - - [13/Sep/2026:21:58:22 +0300] "GET /?sale/search/detail/?ITMCODE=51971205893 HTTP/1.1" 200 201474 "-" "Mozilla/5.0 (Linux; Android 6.0.1; Nexus 5X Build/MMB29P) AppleWebKit/537.36 (KHTML, like Gecko) Chrome/152.0.7977.82 Mobile Safari/537.36 (compatible; Googlebot/2.1; +http://www.google.com/bot.html)"
85.208.96.198 - - [13/Sep/2026:21:58:31 +0300] "GET /?sale%2Fsearch%2Fdetail%2F%3FITMCODE=519816875836 HTTP/1.1" 200 11138 "-" "Mozilla/5.0 (compatible; SemrushBot/7~bl; +http://www.semrush.com/bot.html)"
85.208.96.201 - - [13/Sep/2026:21:58:40 +0300] "GET /?sale%2Fsearch%2Fdetail%2F%3FITMCODE=51956037771 HTTP/1.1" 200 11138 "-" "Mozilla/5.0 (compatible; SemrushBot/7~bl; +http://www.semrush.com/bot.html)"
85.208.96.211 - - [13/Sep/2026:21:58:47 +0300] "GET /?sale%2Fsearch%2Fdetail%2F%3FITMCODE=5197103044675 HTTP/1.1" 200 11138 "-" "Mozilla/5.0 (compatible; SemrushBot/7~bl; +http://www.semrush.com/bot.html)"
66.249.68.104 - - [13/Sep/2026:21:58:52 +0300] "GET /?sale/search/detail/?ITMCODE=51971075804 HTTP/1.1" 200 198937 "-" "Mozilla/5.0 (Linux; Android 6.0.1; Nexus 5X Build/MMB29P) AppleWebKit/537.36 (KHTML, like Gecko) Chrome/152.0.7977.82 Mobile Safari/537.36 (compatible; Googlebot/2.1; +http://www.google.com/bot.html)"
66.249.68.104 - - [13/Sep/2026:21:59:17 +0300] "GET /?sale/search/detail/?ITMCODE=51971454922 HTTP/1.1" 200 200426 "-" "Mozilla/5.0 (Linux; Android 6.0.1; Nexus 5X Build/MMB29P) AppleWebKit/537.36 (KHTML, like Gecko) Chrome/152.0.7977.82 Mobile Safari/537.36 (compatible; Googlebot/2.1; +http://www.google.com/bot.html)"
170.205.31.190 - - [13/Sep/2026:21:59:21 +0300] "GET /filefuns.php HTTP/1.1" 404 1317 "-" "Mozlila/5.0 (Linux; Android 7.0; SM-G892A Bulid/NRD90M; wv) AppleWebKit/537.36 (KHTML, like Gecko) Version/4.0 Chrome/60.0.3112.107 Moblie Safari/537.36"
85.208.96.206 - - [13/Sep/2026:21:59:45 +0300] "GET /?sale%2Fsearch%2Fdetail%2F%3FITMCODE=519810562805 HTTP/1.1" 200 11138 "-" "Mozilla/5.0 (compatible; SemrushBot/7~bl; +http://www.semrush.com/bot.html)"
66.249.68.105 - - [13/Sep/2026:22:00:01 +0300] "GET /?sale/search/detail/?ITMCODE=5195248044 HTTP/1.1" 200 218161 "-" "Mozilla/5.0 (compatible; Googlebot/2.1; +http://www.google.com/bot.html)"
66.249.68.104 - - [13/Sep/2026:22:00:11 +0300] "GET /?sale/search/detail/?ITMCODE=52002946456 HTTP/1.1" 200 229334 "-" "Mozilla/5.0 (Linux; Android 6.0.1; Nexus 5X Build/MMB29P) AppleWebKit/537.36 (KHTML, like Gecko) Chrome/152.0.7977.82 Mobile Safari/537.36 (compatible; Googlebot/2.1; +http://www.google.com/bot.html)"
66.249.68.104 - - [13/Sep/2026:22:00:15 +0300] "GET /?sale/search/detail/?ITMCODE=5196717518 HTTP/1.1" 200 201308 "-" "Mozilla/5.0 (Linux; Android 6.0.1; Nexus 5X Build/MMB29P) AppleWebKit/537.36 (KHTML, like Gecko) Chrome/152.0.7977.82 Mobile Safari/537.36 (compatible; Googlebot/2.1; +http://www.google.com/bot.html)"
66.249.68.104 - - [13/Sep/2026:22:00:17 +0300] "GET /?sale/search/detail/?ITMCODE=51992453031 HTTP/1.1" 200 202436 "-" "Mozilla/5.0 (Linux; Android 6.0.1; Nexus 5X Build/MMB29P) AppleWebKit/537.36 (KHTML, like Gecko) Chrome/152.0.7977.82 Mobile Safari/537.36 (compatible; Googlebot/2.1; +http://www.google.com/bot.html)"
66.249.68.105 - - [13/Sep/2026:22:00:27 +0300] "GET /?sale/search/detail/?ITMCODE=5195316674 HTTP/1.1" 200 199561 "-" "Mozilla/5.0 (Linux; Android 6.0.1; Nexus 5X Build/MMB29P) AppleWebKit/537.36 (KHTML, like Gecko) Chrome/152.0.7977.82 Mobile Safari/537.36 (compatible; Googlebot/2.1; +http://www.google.com/bot.html)"
85.208.96.194 - - [13/Sep/2026:22:00:54 +0300] "GET /?sale%2Fsearch%2Fdetail%2F%3FITMCODE=519773248980 HTTP/1.1" 200 11138 "-" "Mozilla/5.0 (compatible; SemrushBot/7~bl; +http://www.semrush.com/bot.html)"
66.249.68.104 - - [13/Sep/2026:22:00:57 +0300] "GET /?sale/search/detail/?ITMCODE=51981979201 HTTP/1.1" 200 203253 "-" "Mozilla/5.0 (Linux; Android 6.0.1; Nexus 5X Build/MMB29P) AppleWebKit/537.36 (KHTML, like Gecko) Chrome/152.0.7977.82 Mobile Safari/537.36 (compatible; Googlebot/2.1; +http://www.google.com/bot.html)"
66.249.68.104 - - [13/Sep/2026:22:01:06 +0300] "GET /?sale/search/detail/?ITMCODE=51981987078 HTTP/1.1" 200 195724 "-" "Mozilla/5.0 (Linux; Android 6.0.1; Nexus 5X Build/MMB29P) AppleWebKit/537.36 (KHTML, like Gecko) Chrome/152.0.7977.82 Mobile Safari/537.36 (compatible; Googlebot/2.1; +http://www.google.com/bot.html)"
66.249.68.104 - - [13/Sep/2026:22:01:14 +0300] "GET /?sale/search/detail/?ITMCODE=5196903020 HTTP/1.1" 200 211720 "-" "Mozilla/5.0 (Linux; Android 6.0.1; Nexus 5X Build/MMB29P) AppleWebKit/537.36 (KHTML, like Gecko) Chrome/152.0.7977.82 Mobile Safari/537.36 (compatible; Googlebot/2.1; +http://www.google.com/bot.html)"
66.249.68.104 - - [13/Sep/2026:22:01:20 +0300] "GET /?sale/search/detail/?ITMCODE=5196885707 HTTP/1.1" 200 198602 "-" "Mozilla/5.0 (Linux; Android 6.0.1; Nexus 5X Build/MMB29P) AppleWebKit/537.36 (KHTML, like Gecko) Chrome/152.0.7977.82 Mobile Safari/537.36 (compatible; Googlebot/2.1; +http://www.google.com/bot.html)"
185.191.171.2 - - [13/Sep/2026:22:01:23 +0300] "GET /?sale%2Fsearch%2Fdetail%2F%3FITMCODE=519911053680 HTTP/1.1" 200 11138 "-" "Mozilla/5.0 (compatible; SemrushBot/7~bl; +http://www.semrush.com/bot.html)"
66.249.68.105 - - [13/Sep/2026:22:01:24 +0300] "GET /?sale/search/detail/?ITMCODE=51971440453 HTTP/1.1" 200 207160 "-" "Mozilla/5.0 (Linux; Android 6.0.1; Nexus 5X Build/MMB29P) AppleWebKit/537.36 (KHTML, like Gecko) Chrome/152.0.7977.82 Mobile Safari/537.36 (compatible; Googlebot/2.1; +http://www.google.com/bot.html)"
66.249.68.104 - - [13/Sep/2026:22:01:30 +0300] "GET /?sale/search/detail/?ITMCODE=5195328428 HTTP/1.1" 200 195288 "-" "Mozilla/5.0 (Linux; Android 6.0.1; Nexus 5X Build/MMB29P) AppleWebKit/537.36 (KHTML, like Gecko) Chrome/152.0.7977.82 Mobile Safari/537.36 (compatible; Googlebot/2.1; +http://www.google.com/bot.html)"
66.249.68.105 - - [13/Sep/2026:22:01:39 +0300] "GET /?sale/search/detail/?ITMCODE=51981918314 HTTP/1.1" 200 196949 "-" "Mozilla/5.0 (Linux; Android 6.0.1; Nexus 5X Build/MMB29P) AppleWebKit/537.36 (KHTML, like Gecko) Chrome/152.0.7977.82 Mobile Safari/537.36 (compatible; Googlebot/2.1; +http://www.google.com/bot.html)"
66.249.68.104 - - [13/Sep/2026:22:01:56 +0300] "GET /?sale/search/detail/?ITMCODE=5196915844 HTTP/1.1" 200 208139 "-" "Mozilla/5.0 (Linux; Android 6.0.1; Nexus 5X Build/MMB29P) AppleWebKit/537.36 (KHTML, like Gecko) Chrome/152.0.7977.82 Mobile Safari/537.36 (compatible; Googlebot/2.1; +http://www.google.com/bot.html)"
66.249.68.96 - - [13/Sep/2026:22:01:57 +0300] "GET /?sale/search/detail/?ITMCODE=51981931225 HTTP/1.1" 200 212837 "-" "Mozilla/5.0 (Linux; Android 6.0.1; Nexus 5X Build/MMB29P) AppleWebKit/537.36 (KHTML, like Gecko) Chrome/152.0.7977.82 Mobile Safari/537.36 (compatible; Googlebot/2.1; +http://www.google.com/bot.html)"
66.249.68.104 - - [13/Sep/2026:22:02:02 +0300] "GET /?sale/search/detail/?ITMCODE=5196850099 HTTP/1.1" 200 195637 "-" "Mozilla/5.0 (Linux; Android 6.0.1; Nexus 5X Build/MMB29P) AppleWebKit/537.36 (KHTML, like Gecko) Chrome/152.0.7977.82 Mobile Safari/537.36 (compatible; Googlebot/2.1; +http://www.google.com/bot.html)"
66.249.68.105 - - [13/Sep/2026:22:02:05 +0300] "GET /?sale/search/detail/?ITMCODE=51971346779 HTTP/1.1" 200 207181 "-" "Mozilla/5.0 (Linux; Android 6.0.1; Nexus 5X Build/MMB29P) AppleWebKit/537.36 (KHTML, like Gecko) Chrome/152.0.7977.82 Mobile Safari/537.36 (compatible; Googlebot/2.1; +http://www.google.com/bot.html)"
185.191.171.16 - - [13/Sep/2026:22:02:07 +0300] "GET /?sale%2Fsearch%2Fdetail%2F%3FITMCODE=519870585137 HTTP/1.1" 200 11138 "-" "Mozilla/5.0 (compatible; SemrushBot/7~bl; +http://www.semrush.com/bot.html)"
66.249.68.105 - - [13/Sep/2026:22:02:08 +0300] "GET /?sale/search/detail/?ITMCODE=51971368343 HTTP/1.1" 200 206627 "-" "Mozilla/5.0 (Linux; Android 6.0.1; Nexus 5X Build/MMB29P) AppleWebKit/537.36 (KHTML, like Gecko) Chrome/152.0.7977.82 Mobile Safari/537.36 (compatible; Googlebot/2.1; +http://www.google.com/bot.html)"
66.249.68.104 - - [13/Sep/2026:22:02:12 +0300] "GET /?sale/search/detail/?ITMCODE=51981901857 HTTP/1.1" 200 198763 "-" "Mozilla/5.0 (Linux; Android 6.0.1; Nexus 5X Build/MMB29P) AppleWebKit/537.36 (KHTML, like Gecko) Chrome/152.0.7977.82 Mobile Safari/537.36 (compatible; Googlebot/2.1; +http://www.google.com/bot.html)"
66.249.68.104 - - [13/Sep/2026:22:02:16 +0300] "GET /?sale/search/detail/?ITMCODE=5195282180 HTTP/1.1" 200 222227 "-" "Mozilla/5.0 (Linux; Android 6.0.1; Nexus 5X Build/MMB29P) AppleWebKit/537.36 (KHTML, like Gecko) Chrome/152.0.7977.82 Mobile Safari/537.36 (compatible; Googlebot/2.1; +http://www.google.com/bot.html)"
40.77.167.63 - - [13/Sep/2026:22:02:17 +0300] "GET /shop/pg/5196765398 HTTP/1.1" 200 204863 "-" "Mozilla/5.0 AppleWebKit/537.36 (KHTML, like Gecko; compatible; bingbot/2.0; +http://www.bing.com/bingbot.htm) Chrome/116.0.1938.76 Safari/537.36"
185.191.171.3 - - [13/Sep/2026:22:02:19 +0300] "GET /?sale%2Fsearch%2Fdetail%2F%3FITMCODE=519512374994 HTTP/1.1" 200 11138 "-" "Mozilla/5.0 (compatible; SemrushBot/7~bl; +http://www.semrush.com/bot.html)"
66.249.68.104 - - [13/Sep/2026:22:02:19 +0300] "GET /?sale/search/detail/?ITMCODE=51971164077 HTTP/1.1" 200 197694 "-" "Mozilla/5.0 (Linux; Android 6.0.1; Nexus 5X Build/MMB29P) AppleWebKit/537.36 (KHTML, like Gecko) Chrome/152.0.7977.82 Mobile Safari/537.36 (compatible; Googlebot/2.1; +http://www.google.com/bot.html)"
66.249.68.104 - - [13/Sep/2026:22:02:22 +0300] "GET /?sale/search/detail/?ITMCODE=51981742671 HTTP/1.1" 200 203434 "-" "Mozilla/5.0 (Linux; Android 6.0.1; Nexus 5X Build/MMB29P) AppleWebKit/537.36 (KHTML, like Gecko) Chrome/152.0.7977.82 Mobile Safari/537.36 (compatible; Googlebot/2.1; +http://www.google.com/bot.html)"
66.249.68.104 - - [13/Sep/2026:22:02:37 +0300] "GET /?sale/search/detail/?ITMCODE=52002787803 HTTP/1.1" 200 215402 "-" "Mozilla/5.0 (Linux; Android 6.0.1; Nexus 5X Build/MMB29P) AppleWebKit/537.36 (KHTML, like Gecko) Chrome/152.0.7977.82 Mobile Safari/537.36 (compatible; Googlebot/2.1; +http://www.google.com/bot.html)"
85.208.96.206 - - [13/Sep/2026:22:02:39 +0300] "GET /?sale%2Fsearch%2Fdetail%2F%3FITMCODE=519737476175 HTTP/1.1" 200 11138 "-" "Mozilla/5.0 (compatible; SemrushBot/7~bl; +http://www.semrush.com/bot.html)"
66.249.68.104 - - [13/Sep/2026:22:02:41 +0300] "GET /?sale/search/detail/?ITMCODE=52002857222 HTTP/1.1" 200 194349 "-" "Mozilla/5.0 (Linux; Android 6.0.1; Nexus 5X Build/MMB29P) AppleWebKit/537.36 (KHTML, like Gecko) Chrome/152.0.7977.82 Mobile Safari/537.36 (compatible; Googlebot/2.1; +http://www.google.com/bot.html)"
185.191.171.6 - - [13/Sep/2026:22:03:06 +0300] "GET /?sale%2Fsearch%2Fdetail%2F%3FITMCODE=51963594071 HTTP/1.1" 200 11138 "-" "Mozilla/5.0 (compatible; SemrushBot/7~bl; +http://www.semrush.com/bot.html)"
207.46.13.17 - - [13/Sep/2026:22:03:14 +0300] "GET /shop/pg/1034458 HTTP/1.1" 200 197088 "-" "Mozilla/5.0 AppleWebKit/537.36 (KHTML, like Gecko; compatible; bingbot/2.0; +http://www.bing.com/bingbot.htm) Chrome/116.0.1938.76 Safari/537.36"
66.249.68.104 - - [13/Sep/2026:22:03:21 +0300] "GET /?sale/search/detail/?ITMCODE=5195135155 HTTP/1.1" 200 201071 "-" "Mozilla/5.0 (Linux; Android 6.0.1; Nexus 5X Build/MMB29P) AppleWebKit/537.36 (KHTML, like Gecko) Chrome/152.0.7977.82 Mobile Safari/537.36 (compatible; Googlebot/2.1; +http://www.google.com/bot.html)"
40.77.167.156 - - [13/Sep/2026:22:04:03 +0300] "GET /shop/pg/1019437 HTTP/1.1" 200 198471 "-" "Mozilla/5.0 AppleWebKit/537.36 (KHTML, like Gecko; compatible; bingbot/2.0; +http://www.bing.com/bingbot.htm) Chrome/116.0.1938.76 Safari/537.36"
66.249.68.105 - - [13/Sep/2026:22:04:59 +0300] "GET /?sale/search/detail/?ITMCODE=51971015163 HTTP/1.1" 200 200960 "-" "Mozilla/5.0 (Linux; Android 6.0.1; Nexus 5X Build/MMB29P) AppleWebKit/537.36 (KHTML, like Gecko) Chrome/152.0.7977.82 Mobile Safari/537.36 (compatible; Googlebot/2.1; +http://www.google.com/bot.html)"
185.191.171.7 - - [13/Sep/2026:22:06:13 +0300] "GET /?sale%2Fsearch%2Fdetail%2F%3FITMCODE=519710212227 HTTP/1.1" 200 11138 "-" "Mozilla/5.0 (compatible; SemrushBot/7~bl; +http://www.semrush.com/bot.html)"
85.208.96.200 - - [13/Sep/2026:22:06:33 +0300] "GET /?sale%2Fsearch%2Fdetail%2F%3FITMCODE=519521148961 HTTP/1.1" 200 11138 "-" "Mozilla/5.0 (compatible; SemrushBot/7~bl; +http://www.semrush.com/bot.html)"
52.167.144.25 - - [13/Sep/2026:22:06:36 +0300] "GET /shop/pg/1011092 HTTP/1.1" 200 195653 "-" "Mozilla/5.0 AppleWebKit/537.36 (KHTML, like Gecko; compatible; bingbot/2.0; +http://www.bing.com/bingbot.htm) Chrome/116.0.1938.76 Safari/537.36"
185.191.171.2 - - [13/Sep/2026:22:07:45 +0300] "GET /?sale%2Fsearch%2Fdetail%2F%3FITMCODE=5198100620473 HTTP/1.1" 200 11138 "-" "Mozilla/5.0 (compatible; SemrushBot/7~bl; +http://www.semrush.com/bot.html)"
185.191.171.13 - - [13/Sep/2026:22:07:49 +0300] "GET /?sale%2Fsearch%2Fdetail%2F%3FITMCODE=519923446086 HTTP/1.1" 200 11138 "-" "Mozilla/5.0 (compatible; SemrushBot/7~bl; +http://www.semrush.com/bot.html)"
66.249.68.104 - - [13/Sep/2026:22:08:05 +0300] "GET /?sale/search/detail/?ITMCODE=52002911146 HTTP/1.1" 200 196963 "-" "Mozilla/5.0 (Linux; Android 6.0.1; Nexus 5X Build/MMB29P) AppleWebKit/537.36 (KHTML, like Gecko) Chrome/152.0.7977.82 Mobile Safari/537.36 (compatible; Googlebot/2.1; +http://www.google.com/bot.html)"
66.249.68.104 - - [13/Sep/2026:22:08:28 +0300] "GET /?sale/search/detail/?ITMCODE=51981593306 HTTP/1.1" 200 195816 "-" "Mozilla/5.0 (Linux; Android 6.0.1; Nexus 5X Build/MMB29P) AppleWebKit/537.36 (KHTML, like Gecko) Chrome/152.0.7977.82 Mobile Safari/537.36 (compatible; Googlebot/2.1; +http://www.google.com/bot.html)"
66.249.68.105 - - [13/Sep/2026:22:08:28 +0300] "GET /?sale/search/detail/?ITMCODE=51981593306 HTTP/1.1" 200 195816 "-" "Mozilla/5.0 (compatible; Googlebot/2.1; +http://www.google.com/bot.html)"
66.249.68.104 - - [13/Sep/2026:22:08:32 +0300] "GET /?sale/search/detail/?ITMCODE=51981857863 HTTP/1.1" 200 206150 "-" "Mozilla/5.0 (Linux; Android 6.0.1; Nexus 5X Build/MMB29P) AppleWebKit/537.36 (KHTML, like Gecko) Chrome/152.0.7977.82 Mobile Safari/537.36 (compatible; Googlebot/2.1; +http://www.google.com/bot.html)"
85.208.96.200 - - [13/Sep/2026:22:08:42 +0300] "GET /?sale%2Fsearch%2Fdetail%2F%3FITMCODE=519917331588 HTTP/1.1" 200 11138 "-" "Mozilla/5.0 (compatible; SemrushBot/7~bl; +http://www.semrush.com/bot.html)"
185.191.171.11 - - [13/Sep/2026:22:08:44 +0300] "GET /?sale%2Fsearch%2Fdetail%2F%3FITMCODE=519825976842 HTTP/1.1" 200 11138 "-" "Mozilla/5.0 (compatible; SemrushBot/7~bl; +http://www.semrush.com/bot.html)"
185.191.171.16 - - [13/Sep/2026:22:09:12 +0300] "GET /?sale%2Fsearch%2Fdetail%2F%3FITMCODE=519633637832 HTTP/1.1" 200 11138 "-" "Mozilla/5.0 (compatible; SemrushBot/7~bl; +http://www.semrush.com/bot.html)"
85.208.96.196 - - [13/Sep/2026:22:09:44 +0300] "GET /?sale%2Fsearch%2Fdetail%2F%3FITMCODE=519512388138 HTTP/1.1" 200 11138 "-" "Mozilla/5.0 (compatible; SemrushBot/7~bl; +http://www.semrush.com/bot.html)"
66.249.68.104 - - [13/Sep/2026:22:11:22 +0300] "GET /?sale/search/detail/?ITMCODE=51992317403 HTTP/1.1" 200 196314 "-" "Mozilla/5.0 (Linux; Android 6.0.1; Nexus 5X Build/MMB29P) AppleWebKit/537.36 (KHTML, like Gecko) Chrome/152.0.7977.82 Mobile Safari/537.36 (compatible; Googlebot/2.1; +http://www.google.com/bot.html)"
52.167.144.211 - - [13/Sep/2026:22:11:24 +0300] "GET /shop/pg/814150 HTTP/1.1" 200 198623 "-" "Mozilla/5.0 AppleWebKit/537.36 (KHTML, like Gecko; compatible; bingbot/2.0; +http://www.bing.com/bingbot.htm) Chrome/116.0.1938.76 Safari/537.36"
66.249.68.104 - - [13/Sep/2026:22:11:33 +0300] "GET /?sale/search/detail/?ITMCODE=51981915159 HTTP/1.1" 200 202018 "-" "Mozilla/5.0 (Linux; Android 6.0.1; Nexus 5X Build/MMB29P) AppleWebKit/537.36 (KHTML, like Gecko) Chrome/152.0.7977.82 Mobile Safari/537.36 (compatible; Googlebot/2.1; +http://www.google.com/bot.html)"
66.249.68.105 - - [13/Sep/2026:22:11:41 +0300] "GET /?sale/search/detail/?ITMCODE=5196774272 HTTP/1.1" 200 223391 "-" "Mozilla/5.0 (Linux; Android 6.0.1; Nexus 5X Build/MMB29P) AppleWebKit/537.36 (KHTML, like Gecko) Chrome/152.0.7977.82 Mobile Safari/537.36 (compatible; Googlebot/2.1; +http://www.google.com/bot.html)"
185.191.171.15 - - [13/Sep/2026:22:12:04 +0300] "GET /?sale%2Fsearch%2Fdetail%2F%3FITMCODE=519813561319 HTTP/1.1" 200 11138 "-" "Mozilla/5.0 (compatible; SemrushBot/7~bl; +http://www.semrush.com/bot.html)"
185.191.171.14 - - [13/Sep/2026:22:12:26 +0300] "GET /?sale%2Fsearch%2Fdetail%2F%3FITMCODE=519917011686 HTTP/1.1" 200 11138 "-" "Mozilla/5.0 (compatible; SemrushBot/7~bl; +http://www.semrush.com/bot.html)"
52.167.144.25 - - [13/Sep/2026:22:12:28 +0300] "GET /shop/pg/797460 HTTP/1.1" 200 202163 "-" "Mozilla/5.0 AppleWebKit/537.36 (KHTML, like Gecko; compatible; bingbot/2.0; +http://www.bing.com/bingbot.htm) Chrome/116.0.1938.76 Safari/537.36"
85.208.96.195 - - [13/Sep/2026:22:12:58 +0300] "GET /?sale%2Fsearch%2Fdetail%2F%3FITMCODE=520071548655 HTTP/1.1" 200 11138 "-" "Mozilla/5.0 (compatible; SemrushBot/7~bl; +http://www.semrush.com/bot.html)"
66.249.68.104 - - [13/Sep/2026:22:13:07 +0300] "GET /?sale/search/detail/?ITMCODE=51981830536 HTTP/1.1" 200 202321 "-" "Mozilla/5.0 (Linux; Android 6.0.1; Nexus 5X Build/MMB29P) AppleWebKit/537.36 (KHTML, like Gecko) Chrome/152.0.7977.82 Mobile Safari/537.36 (compatible; Googlebot/2.1; +http://www.google.com/bot.html)"
66.249.68.104 - - [13/Sep/2026:22:13:48 +0300] "GET /?sale/search/detail/?ITMCODE=5196703782 HTTP/1.1" 200 196541 "-" "Mozilla/5.0 (Linux; Android 6.0.1; Nexus 5X Build/MMB29P) AppleWebKit/537.36 (KHTML, like Gecko) Chrome/152.0.7977.82 Mobile Safari/537.36 (compatible; Googlebot/2.1; +http://www.google.com/bot.html)"
85.208.96.201 - - [13/Sep/2026:22:14:06 +0300] "GET /?sale%2Fsearch%2Fdetail%2F%3FITMCODE=52008825488 HTTP/1.1" 200 11138 "-" "Mozilla/5.0 (compatible; SemrushBot/7~bl; +http://www.semrush.com/bot.html)"
74.125.150.105 - - [13/Sep/2026:22:14:16 +0300] "GET /?sale/search/detail/?ITMCODE=51971021821 HTTP/1.1" 200 11138 "-" "Mozilla/5.0 (X11; Linux x86_64) AppleWebKit/537.36 (KHTML, like Gecko) Chrome/152.0.7977.64 Safari/537.36"
85.208.96.202 - - [13/Sep/2026:22:14:28 +0300] "GET /?sale%2Fsearch%2Fdetail%2F%3FITMCODE=51995393003 HTTP/1.1" 200 11138 "-" "Mozilla/5.0 (compatible; SemrushBot/7~bl; +http://www.semrush.com/bot.html)"
66.249.68.104 - - [13/Sep/2026:22:14:29 +0300] "GET /?sale/search/detail/?ITMCODE=51981807167 HTTP/1.1" 200 200548 "-" "Mozilla/5.0 (Linux; Android 6.0.1; Nexus 5X Build/MMB29P) AppleWebKit/537.36 (KHTML, like Gecko) Chrome/152.0.7977.82 Mobile Safari/537.36 (compatible; Googlebot/2.1; +http://www.google.com/bot.html)"
85.208.96.195 - - [13/Sep/2026:22:16:02 +0300] "GET /?sale%2Fsearch%2Fdetail%2F%3FITMCODE=520017527311 HTTP/1.1" 200 11138 "-" "Mozilla/5.0 (compatible; SemrushBot/7~bl; +http://www.semrush.com/bot.html)"
85.208.96.209 - - [13/Sep/2026:22:16:06 +0300] "GET /?sale%2Fsearch%2Fdetail%2F%3FITMCODE=51981531696 HTTP/1.1" 200 11138 "-" "Mozilla/5.0 (compatible; SemrushBot/7~bl; +http://www.semrush.com/bot.html)"
185.191.171.9 - - [13/Sep/2026:22:16:13 +0300] "GET /?sale%2Fsearch%2Fdetail%2F%3FITMCODE=51966529215 HTTP/1.1" 200 11138 "-" "Mozilla/5.0 (compatible; SemrushBot/7~bl; +http://www.semrush.com/bot.html)"
185.191.171.3 - - [13/Sep/2026:22:16:40 +0300] "GET /?sale%2Fsearch%2Fdetail%2F%3FITMCODE=519710432118 HTTP/1.1" 200 11138 "-" "Mozilla/5.0 (compatible; SemrushBot/7~bl; +http://www.semrush.com/bot.html)"
85.208.96.206 - - [13/Sep/2026:22:16:42 +0300] "GET /?sale%2Fsearch%2Fdetail%2F%3FITMCODE=519870608733 HTTP/1.1" 200 11138 "-" "Mozilla/5.0 (compatible; SemrushBot/7~bl; +http://www.semrush.com/bot.html)"
185.191.171.11 - - [13/Sep/2026:22:17:14 +0300] "GET /?sale%2Fsearch%2Fdetail%2F%3FITMCODE=5195102084415 HTTP/1.1" 200 11138 "-" "Mozilla/5.0 (compatible; SemrushBot/7~bl; +http://www.semrush.com/bot.html)"
85.208.96.210 - - [13/Sep/2026:22:17:41 +0300] "GET /?sale%2Fsearch%2Fdetail%2F%3FITMCODE=519770496513 HTTP/1.1" 200 11138 "-" "Mozilla/5.0 (compatible; SemrushBot/7~bl; +http://www.semrush.com/bot.html)"
185.191.171.15 - - [13/Sep/2026:22:17:45 +0300] "GET /?sale%2Fsearch%2Fdetail%2F%3FITMCODE=52008967578 HTTP/1.1" 200 11138 "-" "Mozilla/5.0 (compatible; SemrushBot/7~bl; +http://www.semrush.com/bot.html)"
185.191.171.5 - - [13/Sep/2026:22:17:51 +0300] "GET /?sale%2Fsearch%2Fdetail%2F%3FITMCODE=519917431295 HTTP/1.1" 200 11138 "-" "Mozilla/5.0 (compatible; SemrushBot/7~bl; +http://www.semrush.com/bot.html)"
66.249.68.104 - - [13/Sep/2026:22:18:05 +0300] "GET /?sale/search/detail/?ITMCODE=52002543662 HTTP/1.1" 200 211699 "-" "Mozilla/5.0 (Linux; Android 6.0.1; Nexus 5X Build/MMB29P) AppleWebKit/537.36 (KHTML, like Gecko) Chrome/152.0.7977.82 Mobile Safari/537.36 (compatible; Googlebot/2.1; +http://www.google.com/bot.html)"
66.249.68.104 - - [13/Sep/2026:22:18:32 +0300] "GET /?sale/search/detail/?ITMCODE=5196983805 HTTP/1.1" 200 202284 "-" "Mozilla/5.0 (compatible; Googlebot/2.1; +http://www.google.com/bot.html)"
52.167.144.211 - - [13/Sep/2026:22:18:34 +0300] "GET /shop/pg/5196768735 HTTP/1.1" 200 228634 "-" "Mozilla/5.0 AppleWebKit/537.36 (KHTML, like Gecko; compatible; bingbot/2.0; +http://www.bing.com/bingbot.htm) Chrome/116.0.1938.76 Safari/537.36"
85.208.96.202 - - [13/Sep/2026:22:18:35 +0300] "GET /?sale%2Fsearch%2Fdetail%2F%3FITMCODE=51959098558 HTTP/1.1" 200 11138 "-" "Mozilla/5.0 (compatible; SemrushBot/7~bl; +http://www.semrush.com/bot.html)"
85.208.96.206 - - [13/Sep/2026:22:18:37 +0300] "GET /?sale%2Fsearch%2Fdetail%2F%3FITMCODE=519725327802 HTTP/1.1" 200 11138 "-" "Mozilla/5.0 (compatible; SemrushBot/7~bl; +http://www.semrush.com/bot.html)"
207.46.13.102 - - [13/Sep/2026:22:18:38 +0300] "GET /shop/pg/519520870 HTTP/1.1" 200 200539 "-" "Mozilla/5.0 AppleWebKit/537.36 (KHTML, like Gecko; compatible; bingbot/2.0; +http://www.bing.com/bingbot.htm) Chrome/116.0.1938.76 Safari/537.36"
66.249.68.105 - - [13/Sep/2026:22:18:44 +0300] "GET /?sale/search/detail/?ITMCODE=5196862150 HTTP/1.1" 200 197657 "-" "Mozilla/5.0 (Linux; Android 6.0.1; Nexus 5X Build/MMB29P) AppleWebKit/537.36 (KHTML, like Gecko) Chrome/152.0.7977.82 Mobile Safari/537.36 (compatible; Googlebot/2.1; +http://www.google.com/bot.html)"
66.249.68.104 - - [13/Sep/2026:22:18:50 +0300] "GET /?sale/search/detail/?ITMCODE=51951655 HTTP/1.1" 200 211755 "-" "Mozilla/5.0 (Linux; Android 6.0.1; Nexus 5X Build/MMB29P) AppleWebKit/537.36 (KHTML, like Gecko) Chrome/152.0.7977.82 Mobile Safari/537.36 (compatible; Googlebot/2.1; +http://www.google.com/bot.html)"
66.249.68.96 - - [13/Sep/2026:22:19:10 +0300] "GET /?sale/search/detail/?ITMCODE=5196853011 HTTP/1.1" 200 197074 "-" "Mozilla/5.0 (Linux; Android 6.0.1; Nexus 5X Build/MMB29P) AppleWebKit/537.36 (KHTML, like Gecko) Chrome/152.0.7977.82 Mobile Safari/537.36 (compatible; Googlebot/2.1; +http://www.google.com/bot.html)"
66.249.68.104 - - [13/Sep/2026:22:19:36 +0300] "GET /?sale/search/detail/?ITMCODE=52002678340 HTTP/1.1" 200 207231 "-" "Mozilla/5.0 (Linux; Android 6.0.1; Nexus 5X Build/MMB29P) AppleWebKit/537.36 (KHTML, like Gecko) Chrome/152.0.7977.82 Mobile Safari/537.36 (compatible; Googlebot/2.1; +http://www.google.com/bot.html)"
185.191.171.15 - - [13/Sep/2026:22:20:05 +0300] "GET /?sale%2Fsearch%2Fdetail%2F%3FITMCODE=52002762771 HTTP/1.1" 200 11138 "-" "Mozilla/5.0 (compatible; SemrushBot/7~bl; +http://www.semrush.com/bot.html)"
207.46.13.102 - - [13/Sep/2026:22:20:15 +0300] "GET /shop/pg/275334 HTTP/1.1" 200 199719 "-" "Mozilla/5.0 AppleWebKit/537.36 (KHTML, like Gecko; compatible; bingbot/2.0; +http://www.bing.com/bingbot.htm) Chrome/116.0.1938.76 Safari/537.36"
185.191.171.3 - - [13/Sep/2026:22:20:40 +0300] "GET /?sale%2Fsearch%2Fdetail%2F%3FITMCODE=5200101565831 HTTP/1.1" 200 11138 "-" "Mozilla/5.0 (compatible; SemrushBot/7~bl; +http://www.semrush.com/bot.html)"
85.208.96.209 - - [13/Sep/2026:22:21:30 +0300] "GET /?sale%2Fsearch%2Fdetail%2F%3FITMCODE=51974440219 HTTP/1.1" 200 11138 "-" "Mozilla/5.0 (compatible; SemrushBot/7~bl; +http://www.semrush.com/bot.html)"
85.208.96.195 - - [13/Sep/2026:22:21:37 +0300] "GET /?sale%2Fsearch%2Fdetail%2F%3FITMCODE=519612640949 HTTP/1.1" 200 11138 "-" "Mozilla/5.0 (compatible; SemrushBot/7~bl; +http://www.semrush.com/bot.html)"
185.191.171.2 - - [13/Sep/2026:22:21:58 +0300] "GET /?sale%2Fsearch%2Fdetail%2F%3FITMCODE=519630503520 HTTP/1.1" 200 11138 "-" "Mozilla/5.0 (compatible; SemrushBot/7~bl; +http://www.semrush.com/bot.html)"
185.191.171.2 - - [13/Sep/2026:22:22:08 +0300] "GET /?sale%2Fsearch%2Fdetail%2F%3FITMCODE=51977298704 HTTP/1.1" 200 11138 "-" "Mozilla/5.0 (compatible; SemrushBot/7~bl; +http://www.semrush.com/bot.html)"
66.249.68.104 - - [13/Sep/2026:22:22:24 +0300] "GET /?sale/search/detail/?ITMCODE=51981896860 HTTP/1.1" 200 199064 "-" "Mozilla/5.0 (Linux; Android 6.0.1; Nexus 5X Build/MMB29P) AppleWebKit/537.36 (KHTML, like Gecko) Chrome/152.0.7977.82 Mobile Safari/537.36 (compatible; Googlebot/2.1; +http://www.google.com/bot.html)"
185.191.171.19 - - [13/Sep/2026:22:22:49 +0300] "GET /?sale%2Fsearch%2Fdetail%2F%3FITMCODE=519615714579 HTTP/1.1" 200 11138 "-" "Mozilla/5.0 (compatible; SemrushBot/7~bl; +http://www.semrush.com/bot.html)"
85.208.96.197 - - [13/Sep/2026:22:22:58 +0300] "GET /?sale%2Fsearch%2Fdetail%2F%3FITMCODE=51995098347 HTTP/1.1" 200 11138 "-" "Mozilla/5.0 (compatible; SemrushBot/7~bl; +http://www.semrush.com/bot.html)"
164.92.204.35 - - [13/Sep/2026:22:25:00 +0300] "HEAD /wp/ HTTP/1.1" 404 - "-" "Mozilla/5.0 (Windows NT 10.0; Win64; x64) AppleWebKit/537.36 (KHTML, like Gecko) Chrome/125.0.6422.112 Safari/537.36 Brave/1.63.120"
164.92.204.35 - - [13/Sep/2026:22:25:00 +0300] "HEAD /blog/ HTTP/1.1" 404 - "-" "Mozilla/5.0 (Windows NT 10.0; Win64; x64; rv:127.0) Gecko/20100101 Firefox/127.0"
164.92.204.35 - - [13/Sep/2026:22:25:01 +0300] "HEAD /backup/ HTTP/1.1" 404 - "-" "Mozilla/5.0 (iPhone; CPU iPhone OS 16_7 like Mac OS X) AppleWebKit/605.1.15 (KHTML, like Gecko) Version/16.7 Mobile/15E148 Safari/604.1"
164.92.204.35 - - [13/Sep/2026:22:25:01 +0300] "HEAD /new/ HTTP/1.1" 404 - "-" "Mozilla/5.0 (Macintosh; Intel Mac OS X 15_0) AppleWebKit/537.36 (KHTML, like Gecko) Chrome/125.0.6422.141 Safari/537.36"
164.92.204.35 - - [13/Sep/2026:22:25:01 +0300] "HEAD / HTTP/1.1" 200 - "-" "Mozilla/5.0 (X11; Fedora; Linux x86_64; rv:125.0) Gecko/20100101 Firefox/125.0"
164.92.204.35 - - [13/Sep/2026:22:25:01 +0300] "HEAD /wordpress/ HTTP/1.1" 404 - "-" "Mozilla/5.0 (Windows NT 10.0; Win64; x64) AppleWebKit/537.36 (KHTML, like Gecko) Chrome/127.0.6534.42 Safari/537.36"
164.92.204.35 - - [13/Sep/2026:22:25:01 +0300] "HEAD /old/ HTTP/1.1" 404 - "-" "Mozilla/5.0 (X11; Linux x86_64) AppleWebKit/537.36 (KHTML, like Gecko) Chrome/125.0.6422.76 Safari/537.36"
185.191.171.10 - - [13/Sep/2026:22:25:48 +0300] "GET /?sale%2Fsearch%2Fdetail%2F%3FITMCODE=51998391887 HTTP/1.1" 200 11138 "-" "Mozilla/5.0 (compatible; SemrushBot/7~bl; +http://www.semrush.com/bot.html)"
85.208.96.209 - - [13/Sep/2026:22:25:54 +0300] "GET /?sale%2Fsearch%2Fdetail%2F%3FITMCODE=519974292977 HTTP/1.1" 200 11138 "-" "Mozilla/5.0 (compatible; SemrushBot/7~bl; +http://www.semrush.com/bot.html)"
66.249.68.104 - - [13/Sep/2026:22:26:07 +0300] "GET /?sale/search/detail/?ITMCODE=51981782025 HTTP/1.1" 200 193773 "-" "Mozilla/5.0 (Linux; Android 6.0.1; Nexus 5X Build/MMB29P) AppleWebKit/537.36 (KHTML, like Gecko) Chrome/152.0.7977.82 Mobile Safari/537.36 (compatible; Googlebot/2.1; +http://www.google.com/bot.html)"
85.208.96.193 - - [13/Sep/2026:22:26:20 +0300] "GET /?sale%2Fsearch%2Fdetail%2F%3FITMCODE=520074683323 HTTP/1.1" 200 11138 "-" "Mozilla/5.0 (compatible; SemrushBot/7~bl; +http://www.semrush.com/bot.html)"
40.77.167.123 - - [13/Sep/2026:22:26:39 +0300] "GET /shop/pg/1021106 HTTP/1.1" 200 200378 "-" "Mozilla/5.0 AppleWebKit/537.36 (KHTML, like Gecko; compatible; bingbot/2.0; +http://www.bing.com/bingbot.htm) Chrome/116.0.1938.76 Safari/537.36"
185.191.171.4 - - [13/Sep/2026:22:27:05 +0300] "GET /?sale%2Fsearch%2Fdetail%2F%3FITMCODE=519636845232 HTTP/1.1" 200 11138 "-" "Mozilla/5.0 (compatible; SemrushBot/7~bl; +http://www.semrush.com/bot.html)"
185.191.171.16 - - [13/Sep/2026:22:27:54 +0300] "GET /?sale%2Fsearch%2Fdetail%2F%3FITMCODE=5199104318700 HTTP/1.1" 200 11138 "-" "Mozilla/5.0 (compatible; SemrushBot/7~bl; +http://www.semrush.com/bot.html)"
185.191.171.6 - - [13/Sep/2026:22:29:18 +0300] "GET /?sale%2Fsearch%2Fdetail%2F%3FITMCODE=519917009704 HTTP/1.1" 200 11138 "-" "Mozilla/5.0 (compatible; SemrushBot/7~bl; +http://www.semrush.com/bot.html)"
66.249.68.104 - - [13/Sep/2026:22:29:34 +0300] "GET /?sale/search/detail/?ITMCODE=51971135012 HTTP/1.1" 200 197312 "-" "Mozilla/5.0 (Linux; Android 6.0.1; Nexus 5X Build/MMB29P) AppleWebKit/537.36 (KHTML, like Gecko) Chrome/152.0.7977.82 Mobile Safari/537.36 (compatible; Googlebot/2.1; +http://www.google.com/bot.html)"
185.191.171.11 - - [13/Sep/2026:22:29:44 +0300] "GET /?sale%2Fsearch%2Fdetail%2F%3FITMCODE=5199101277936 HTTP/1.1" 200 11138 "-" "Mozilla/5.0 (compatible; SemrushBot/7~bl; +http://www.semrush.com/bot.html)"
85.208.96.212 - - [13/Sep/2026:22:30:06 +0300] "GET /?sale%2Fsearch%2Fdetail%2F%3FITMCODE=519828932247 HTTP/1.1" 200 11138 "-" "Mozilla/5.0 (compatible; SemrushBot/7~bl; +http://www.semrush.com/bot.html)"
85.208.96.207 - - [13/Sep/2026:22:30:09 +0300] "GET /?sale%2Fsearch%2Fdetail%2F%3FITMCODE=51992018899 HTTP/1.1" 200 11138 "-" "Mozilla/5.0 (compatible; SemrushBot/7~bl; +http://www.semrush.com/bot.html)"
