85.208.96.209 - - [13/Sep/2026:17:22:39 +0300] "GET /?sale%2Fsearch%2Fdetail%2F%3FITMCODE=51966681484 HTTP/1.1" 200 11138 "-" "Mozilla/5.0 (compatible; SemrushBot/7~bl; +http://www.semrush.com/bot.html)"
85.208.96.194 - - [13/Sep/2026:17:22:41 +0300] "GET /?sale%2Fsearch%2Fdetail%2F%3FITMCODE=51992377199 HTTP/1.1" 200 11138 "-" "Mozilla/5.0 (compatible; SemrushBot/7~bl; +http://www.semrush.com/bot.html)"
185.191.171.14 - - [13/Sep/2026:17:23:28 +0300] "GET /?sale%2Fsearch%2Fdetail%2F%3FITMCODE=519624946820 HTTP/1.1" 200 11138 "-" "Mozilla/5.0 (compatible; SemrushBot/7~bl; +http://www.semrush.com/bot.html)"
66.249.68.104 - - [13/Sep/2026:17:23:30 +0300] "GET /?sale/search/detail/?ITMCODE=51981777993 HTTP/1.1" 200 207018 "-" "Mozilla/5.0 (Linux; Android 6.0.1; Nexus 5X Build/MMB29P) AppleWebKit/537.36 (KHTML, like Gecko) Chrome/152.0.7977.82 Mobile Safari/537.36 (compatible; Googlebot/2.1; +http://www.google.com/bot.html)"
66.249.68.105 - - [13/Sep/2026:17:23:33 +0300] "GET /?sale/search/detail/?ITMCODE=51971476103 HTTP/1.1" 200 198848 "-" "Mozilla/5.0 (Linux; Android 6.0.1; Nexus 5X Build/MMB29P) AppleWebKit/537.36 (KHTML, like Gecko) Chrome/152.0.7977.82 Mobile Safari/537.36 (compatible; Googlebot/2.1; +http://www.google.com/bot.html)"
66.249.68.96 - - [13/Sep/2026:17:24:12 +0300] "GET /?sale/search/detail/?ITMCODE=51981544875 HTTP/1.1" 200 214667 "-" "Mozilla/5.0 (Linux; Android 6.0.1; Nexus 5X Build/MMB29P) AppleWebKit/537.36 (KHTML, like Gecko) Chrome/152.0.7977.82 Mobile Safari/537.36 (compatible; Googlebot/2.1; +http://www.google.com/bot.html)"
185.191.171.17 - - [13/Sep/2026:17:24:14 +0300] "GET /?sale%2Fsearch%2Fdetail%2F%3FITMCODE=51966564809 HTTP/1.1" 200 11138 "-" "Mozilla/5.0 (compatible; SemrushBot/7~bl; +http://www.semrush.com/bot.html)"
185.191.171.1 - - [13/Sep/2026:17:25:26 +0300] "GET /?sale%2Fsearch%2Fdetail%2F%3FITMCODE=5198100897086 HTTP/1.1" 200 11138 "-" "Mozilla/5.0 (compatible; SemrushBot/7~bl; +http://www.semrush.com/bot.html)"
85.208.96.206 - - [13/Sep/2026:17:26:20 +0300] "GET /?sale%2Fsearch%2Fdetail%2F%3FITMCODE=5198106609425 HTTP/1.1" 200 11138 "-" "Mozilla/5.0 (compatible; SemrushBot/7~bl; +http://www.semrush.com/bot.html)"
185.191.171.16 - - [13/Sep/2026:17:26:37 +0300] "GET /?sale%2Fsearch%2Fdetail%2F%3FITMCODE=519699859981 HTTP/1.1" 200 11138 "-" "Mozilla/5.0 (compatible; SemrushBot/7~bl; +http://www.semrush.com/bot.html)"
185.191.171.13 - - [13/Sep/2026:17:26:41 +0300] "GET /?sale%2Fsearch%2Fdetail%2F%3FITMCODE=519725365048 HTTP/1.1" 200 11138 "-" "Mozilla/5.0 (compatible; SemrushBot/7~bl; +http://www.semrush.com/bot.html)"
185.191.171.14 - - [13/Sep/2026:17:26:54 +0300] "GET /?sale%2Fsearch%2Fdetail%2F%3FITMCODE=519716032739 HTTP/1.1" 200 11138 "-" "Mozilla/5.0 (compatible; SemrushBot/7~bl; +http://www.semrush.com/bot.html)"
66.249.68.104 - - [13/Sep/2026:17:27:10 +0300] "GET /?sale/search/detail/?ITMCODE=5196549635 HTTP/1.1" 200 201282 "-" "Mozilla/5.0 (Linux; Android 6.0.1; Nexus 5X Build/MMB29P) AppleWebKit/537.36 (KHTML, like Gecko) Chrome/152.0.7977.82 Mobile Safari/537.36 (compatible; Googlebot/2.1; +http://www.google.com/bot.html)"
185.191.171.12 - - [13/Sep/2026:17:27:35 +0300] "GET /?sale%2Fsearch%2Fdetail%2F%3FITMCODE=5197106158056 HTTP/1.1" 200 11138 "-" "Mozilla/5.0 (compatible; SemrushBot/7~bl; +http://www.semrush.com/bot.html)"
66.249.68.104 - - [13/Sep/2026:17:28:14 +0300] "GET /?sale/search/detail/?ITMCODE=51971083270 HTTP/1.1" 200 198260 "-" "Mozilla/5.0 (Linux; Android 6.0.1; Nexus 5X Build/MMB29P) AppleWebKit/537.36 (KHTML, like Gecko) Chrome/152.0.7977.82 Mobile Safari/537.36 (compatible; Googlebot/2.1; +http://www.google.com/bot.html)"
66.249.68.105 - - [13/Sep/2026:17:28:19 +0300] "GET /?sale/search/detail/?ITMCODE=51992355287 HTTP/1.1" 200 201987 "-" "Mozilla/5.0 (Linux; Android 6.0.1; Nexus 5X Build/MMB29P) AppleWebKit/537.36 (KHTML, like Gecko) Chrome/152.0.7977.82 Mobile Safari/537.36 (compatible; Googlebot/2.1; +http://www.google.com/bot.html)"
66.249.68.104 - - [13/Sep/2026:17:28:36 +0300] "GET /?sale/search/detail/?ITMCODE=5195372328 HTTP/1.1" 200 203445 "-" "Mozilla/5.0 (Linux; Android 6.0.1; Nexus 5X Build/MMB29P) AppleWebKit/537.36 (KHTML, like Gecko) Chrome/152.0.7977.82 Mobile Safari/537.36 (compatible; Googlebot/2.1; +http://www.google.com/bot.html)"
185.191.171.2 - - [13/Sep/2026:17:28:41 +0300] "GET /?sale%2Fsearch%2Fdetail%2F%3FITMCODE=52008699397 HTTP/1.1" 200 11138 "-" "Mozilla/5.0 (compatible; SemrushBot/7~bl; +http://www.semrush.com/bot.html)"
185.191.171.5 - - [13/Sep/2026:17:28:43 +0300] "GET /?sale%2Fsearch%2Fdetail%2F%3FITMCODE=519612770319 HTTP/1.1" 200 11138 "-" "Mozilla/5.0 (compatible; SemrushBot/7~bl; +http://www.semrush.com/bot.html)"
66.249.68.104 - - [13/Sep/2026:17:29:04 +0300] "GET /?sale/search/detail/?ITMCODE=5196670505 HTTP/1.1" 200 208357 "-" "Mozilla/5.0 (Linux; Android 6.0.1; Nexus 5X Build/MMB29P) AppleWebKit/537.36 (KHTML, like Gecko) Chrome/152.0.7977.82 Mobile Safari/537.36 (compatible; Googlebot/2.1; +http://www.google.com/bot.html)"
85.208.96.194 - - [13/Sep/2026:17:29:06 +0300] "GET /?sale%2Fsearch%2Fdetail%2F%3FITMCODE=519870722043 HTTP/1.1" 200 11138 "-" "Mozilla/5.0 (compatible; SemrushBot/7~bl; +http://www.semrush.com/bot.html)"
66.249.68.104 - - [13/Sep/2026:17:29:48 +0300] "GET /?sale/search/detail/?ITMCODE=51971020393 HTTP/1.1" 200 194281 "-" "Mozilla/5.0 (Linux; Android 6.0.1; Nexus 5X Build/MMB29P) AppleWebKit/537.36 (KHTML, like Gecko) Chrome/152.0.7977.82 Mobile Safari/537.36 (compatible; Googlebot/2.1; +http://www.google.com/bot.html)"
66.249.68.104 - - [13/Sep/2026:17:29:50 +0300] "GET /?sale/search/detail/?ITMCODE=5196957404 HTTP/1.1" 200 197541 "-" "Mozilla/5.0 (Linux; Android 6.0.1; Nexus 5X Build/MMB29P) AppleWebKit/537.36 (KHTML, like Gecko) Chrome/152.0.7977.82 Mobile Safari/537.36 (compatible; Googlebot/2.1; +http://www.google.com/bot.html)"
185.191.171.11 - - [13/Sep/2026:17:30:01 +0300] "GET /?sale%2Fsearch%2Fdetail%2F%3FITMCODE=5196105596998 HTTP/1.1" 200 11138 "-" "Mozilla/5.0 (compatible; SemrushBot/7~bl; +http://www.semrush.com/bot.html)"
66.249.68.104 - - [13/Sep/2026:17:30:32 +0300] "GET /?sale/search/detail/?ITMCODE=51981895965 HTTP/1.1" 200 220581 "-" "Mozilla/5.0 (Linux; Android 6.0.1; Nexus 5X Build/MMB29P) AppleWebKit/537.36 (KHTML, like Gecko) Chrome/152.0.7977.82 Mobile Safari/537.36 (compatible; Googlebot/2.1; +http://www.google.com/bot.html)"
185.191.171.14 - - [13/Sep/2026:17:30:35 +0300] "GET /?sale%2Fsearch%2Fdetail%2F%3FITMCODE=519816931748 HTTP/1.1" 200 11138 "-" "Mozilla/5.0 (compatible; SemrushBot/7~bl; +http://www.semrush.com/bot.html)"
85.208.96.201 - - [13/Sep/2026:17:30:48 +0300] "GET /?sale%2Fsearch%2Fdetail%2F%3FITMCODE=51966611183 HTTP/1.1" 200 11138 "-" "Mozilla/5.0 (compatible; SemrushBot/7~bl; +http://www.semrush.com/bot.html)"
185.191.171.16 - - [13/Sep/2026:17:31:01 +0300] "GET /?sale%2Fsearch%2Fdetail%2F%3FITMCODE=51992458525 HTTP/1.1" 200 11138 "-" "Mozilla/5.0 (compatible; SemrushBot/7~bl; +http://www.semrush.com/bot.html)"
52.167.144.234 - - [13/Sep/2026:17:32:32 +0300] "GET /shop/pg/5196703492 HTTP/1.1" 200 206269 "-" "Mozilla/5.0 AppleWebKit/537.36 (KHTML, like Gecko; compatible; bingbot/2.0; +http://www.bing.com/bingbot.htm) Chrome/116.0.1938.76 Safari/537.36"
66.249.68.104 - - [13/Sep/2026:17:32:59 +0300] "GET /?sale/search/detail/?ITMCODE=51981922458 HTTP/1.1" 200 204098 "-" "Mozilla/5.0 (Linux; Android 6.0.1; Nexus 5X Build/MMB29P) AppleWebKit/537.36 (KHTML, like Gecko) Chrome/152.0.7977.82 Mobile Safari/537.36 (compatible; Googlebot/2.1; +http://www.google.com/bot.html)"
185.191.171.2 - - [13/Sep/2026:17:33:02 +0300] "GET /?sale%2Fsearch%2Fdetail%2F%3FITMCODE=519932309064 HTTP/1.1" 200 11138 "-" "Mozilla/5.0 (compatible; SemrushBot/7~bl; +http://www.semrush.com/bot.html)"
185.191.171.2 - - [13/Sep/2026:17:33:07 +0300] "GET /?sale%2Fsearch%2Fdetail%2F%3FITMCODE=52008654792 HTTP/1.1" 200 11138 "-" "Mozilla/5.0 (compatible; SemrushBot/7~bl; +http://www.semrush.com/bot.html)"
66.249.68.104 - - [13/Sep/2026:17:33:11 +0300] "GET /?sale/search/detail/?ITMCODE=5195275840 HTTP/1.1" 200 206551 "-" "Mozilla/5.0 (Linux; Android 6.0.1; Nexus 5X Build/MMB29P) AppleWebKit/537.36 (KHTML, like Gecko) Chrome/152.0.7977.82 Mobile Safari/537.36 (compatible; Googlebot/2.1; +http://www.google.com/bot.html)"
185.191.171.11 - - [13/Sep/2026:17:33:23 +0300] "GET /?sale%2Fsearch%2Fdetail%2F%3FITMCODE=519831708874 HTTP/1.1" 200 11138 "-" "Mozilla/5.0 (compatible; SemrushBot/7~bl; +http://www.semrush.com/bot.html)"
185.191.171.2 - - [13/Sep/2026:17:33:25 +0300] "GET /?sale%2Fsearch%2Fdetail%2F%3FITMCODE=51959090593 HTTP/1.1" 200 11138 "-" "Mozilla/5.0 (compatible; SemrushBot/7~bl; +http://www.semrush.com/bot.html)"
185.191.171.10 - - [13/Sep/2026:17:33:39 +0300] "GET /?sale%2Fsearch%2Fdetail%2F%3FITMCODE=519710206555 HTTP/1.1" 200 11138 "-" "Mozilla/5.0 (compatible; SemrushBot/7~bl; +http://www.semrush.com/bot.html)"
85.208.96.196 - - [13/Sep/2026:17:34:11 +0300] "GET /?sale%2Fsearch%2Fdetail%2F%3FITMCODE=51969877583 HTTP/1.1" 200 11138 "-" "Mozilla/5.0 (compatible; SemrushBot/7~bl; +http://www.semrush.com/bot.html)"
185.191.171.8 - - [13/Sep/2026:17:34:38 +0300] "GET /?sale%2Fsearch%2Fdetail%2F%3FITMCODE=51984704359 HTTP/1.1" 200 11138 "-" "Mozilla/5.0 (compatible; SemrushBot/7~bl; +http://www.semrush.com/bot.html)"
52.167.144.234 - - [13/Sep/2026:17:35:01 +0300] "GET /shop/pg/5196706030 HTTP/1.1" 200 212224 "-" "Mozilla/5.0 AppleWebKit/537.36 (KHTML, like Gecko; compatible; bingbot/2.0; +http://www.bing.com/bingbot.htm) Chrome/116.0.1938.76 Safari/537.36"
52.167.144.234 - - [13/Sep/2026:17:35:01 +0300] "GET /shop/c/c51961000804/ HTTP/1.1" 200 268129 "-" "Mozilla/5.0 AppleWebKit/537.36 (KHTML, like Gecko; compatible; bingbot/2.0; +http://www.bing.com/bingbot.htm) Chrome/116.0.1938.76 Safari/537.36"
85.208.96.209 - - [13/Sep/2026:17:35:24 +0300] "GET /?sale%2Fsearch%2Fdetail%2F%3FITMCODE=5195105080980 HTTP/1.1" 200 11138 "-" "Mozilla/5.0 (compatible; SemrushBot/7~bl; +http://www.semrush.com/bot.html)"
185.191.171.9 - - [13/Sep/2026:17:36:05 +0300] "GET /?sale%2Fsearch%2Fdetail%2F%3FITMCODE=519719205509 HTTP/1.1" 200 11138 "-" "Mozilla/5.0 (compatible; SemrushBot/7~bl; +http://www.semrush.com/bot.html)"
85.208.96.209 - - [13/Sep/2026:17:36:46 +0300] "GET /?sale%2Fsearch%2Fdetail%2F%3FITMCODE=51969586672 HTTP/1.1" 200 11138 "-" "Mozilla/5.0 (compatible; SemrushBot/7~bl; +http://www.semrush.com/bot.html)"
185.191.171.6 - - [13/Sep/2026:17:37:04 +0300] "GET /?sale%2Fsearch%2Fdetail%2F%3FITMCODE=51998091738 HTTP/1.1" 200 11138 "-" "Mozilla/5.0 (compatible; SemrushBot/7~bl; +http://www.semrush.com/bot.html)"
185.191.171.14 - - [13/Sep/2026:17:37:54 +0300] "GET /?sale%2Fsearch%2Fdetail%2F%3FITMCODE=519518224379 HTTP/1.1" 200 11138 "-" "Mozilla/5.0 (compatible; SemrushBot/7~bl; +http://www.semrush.com/bot.html)"
52.167.144.234 - - [13/Sep/2026:17:38:01 +0300] "GET /shop/pg/5196928956 HTTP/1.1" 200 194927 "-" "Mozilla/5.0 AppleWebKit/537.36 (KHTML, like Gecko; compatible; bingbot/2.0; +http://www.bing.com/bingbot.htm) Chrome/116.0.1938.76 Safari/537.36"
52.167.144.213 - - [13/Sep/2026:17:38:11 +0300] "GET /shop/pg/703084 HTTP/1.1" 200 197354 "-" "Mozilla/5.0 AppleWebKit/537.36 (KHTML, like Gecko; compatible; bingbot/2.0; +http://www.bing.com/bingbot.htm) Chrome/116.0.1938.76 Safari/537.36"
85.208.96.208 - - [13/Sep/2026:17:38:55 +0300] "GET /?sale%2Fsearch%2Fdetail%2F%3FITMCODE=519971210482 HTTP/1.1" 200 11138 "-" "Mozilla/5.0 (compatible; SemrushBot/7~bl; +http://www.semrush.com/bot.html)"
185.191.171.11 - - [13/Sep/2026:17:39:37 +0300] "GET /?sale%2Fsearch%2Fdetail%2F%3FITMCODE=519926242637 HTTP/1.1" 200 11138 "-" "Mozilla/5.0 (compatible; SemrushBot/7~bl; +http://www.semrush.com/bot.html)"
85.208.96.206 - - [13/Sep/2026:17:39:40 +0300] "GET /?sale%2Fsearch%2Fdetail%2F%3FITMCODE=51984765775 HTTP/1.1" 200 11138 "-" "Mozilla/5.0 (compatible; SemrushBot/7~bl; +http://www.semrush.com/bot.html)"
66.249.68.96 - - [13/Sep/2026:17:40:03 +0300] "GET /?sale/search/detail/?ITMCODE=5196811239 HTTP/1.1" 200 199596 "-" "Mozilla/5.0 (Linux; Android 6.0.1; Nexus 5X Build/MMB29P) AppleWebKit/537.36 (KHTML, like Gecko) Chrome/152.0.7977.82 Mobile Safari/537.36 (compatible; Googlebot/2.1; +http://www.google.com/bot.html)"
85.208.96.208 - - [13/Sep/2026:17:40:04 +0300] "GET /?sale%2Fsearch%2Fdetail%2F%3FITMCODE=51969536853 HTTP/1.1" 200 11138 "-" "Mozilla/5.0 (compatible; SemrushBot/7~bl; +http://www.semrush.com/bot.html)"
185.191.171.18 - - [13/Sep/2026:17:40:36 +0300] "GET /?sale%2Fsearch%2Fdetail%2F%3FITMCODE=519725094933 HTTP/1.1" 200 11138 "-" "Mozilla/5.0 (compatible; SemrushBot/7~bl; +http://www.semrush.com/bot.html)"
66.249.68.104 - - [13/Sep/2026:17:40:41 +0300] "GET /?sale/search/detail/?ITMCODE=51981939782 HTTP/1.1" 200 194624 "-" "Mozilla/5.0 (Linux; Android 6.0.1; Nexus 5X Build/MMB29P) AppleWebKit/537.36 (KHTML, like Gecko) Chrome/152.0.7977.82 Mobile Safari/537.36 (compatible; Googlebot/2.1; +http://www.google.com/bot.html)"
66.249.68.104 - - [13/Sep/2026:17:40:48 +0300] "GET /?sale/search/detail/?ITMCODE=51992232557 HTTP/1.1" 200 208071 "-" "Mozilla/5.0 (compatible; Googlebot/2.1; +http://www.google.com/bot.html)"
40.77.167.59 - - [13/Sep/2026:17:41:03 +0300] "GET /shop/pg/5196931522 HTTP/1.1" 200 206248 "-" "Mozilla/5.0 AppleWebKit/537.36 (KHTML, like Gecko; compatible; bingbot/2.0; +http://www.bing.com/bingbot.htm) Chrome/116.0.1938.76 Safari/537.36"
52.167.144.219 - - [13/Sep/2026:17:41:07 +0300] "GET /shop/c/c51961000245/ HTTP/1.1" 200 264576 "-" "Mozilla/5.0 AppleWebKit/537.36 (KHTML, like Gecko; compatible; bingbot/2.0; +http://www.bing.com/bingbot.htm) Chrome/116.0.1938.76 Safari/537.36"
185.191.171.15 - - [13/Sep/2026:17:41:33 +0300] "GET /?sale%2Fsearch%2Fdetail%2F%3FITMCODE=519813523430 HTTP/1.1" 200 11138 "-" "Mozilla/5.0 (compatible; SemrushBot/7~bl; +http://www.semrush.com/bot.html)"
66.249.68.104 - - [13/Sep/2026:17:41:36 +0300] "GET /?sale/search/detail/?ITMCODE=51971311441 HTTP/1.1" 200 204458 "-" "Mozilla/5.0 (Linux; Android 6.0.1; Nexus 5X Build/MMB29P) AppleWebKit/537.36 (KHTML, like Gecko) Chrome/152.0.7977.82 Mobile Safari/537.36 (compatible; Googlebot/2.1; +http://www.google.com/bot.html)"
40.77.167.154 - - [13/Sep/2026:17:41:48 +0300] "GET /sale/search/detail/?ITMCODE=52002864456 HTTP/1.1" 200 203750 "-" "Mozilla/5.0 AppleWebKit/537.36 (KHTML, like Gecko; compatible; bingbot/2.0; +http://www.bing.com/bingbot.htm) Chrome/116.0.1938.76 Safari/537.36"
66.249.68.104 - - [13/Sep/2026:17:41:53 +0300] "GET /?sale/search/detail/?ITMCODE=51981941721 HTTP/1.1" 200 194611 "-" "Mozilla/5.0 (Linux; Android 6.0.1; Nexus 5X Build/MMB29P) AppleWebKit/537.36 (KHTML, like Gecko) Chrome/152.0.7977.82 Mobile Safari/537.36 (compatible; Googlebot/2.1; +http://www.google.com/bot.html)"
185.191.171.2 - - [13/Sep/2026:17:42:19 +0300] "GET /?sale%2Fsearch%2Fdetail%2F%3FITMCODE=519870917678 HTTP/1.1" 200 11138 "-" "Mozilla/5.0 (compatible; SemrushBot/7~bl; +http://www.semrush.com/bot.html)"
66.249.68.104 - - [13/Sep/2026:17:42:46 +0300] "GET /?sale/search/detail/?ITMCODE=51981705118 HTTP/1.1" 200 194216 "-" "Mozilla/5.0 (Linux; Android 6.0.1; Nexus 5X Build/MMB29P) AppleWebKit/537.36 (KHTML, like Gecko) Chrome/152.0.7977.82 Mobile Safari/537.36 (compatible; Googlebot/2.1; +http://www.google.com/bot.html)"
185.191.171.13 - - [13/Sep/2026:17:42:59 +0300] "GET /?sale%2Fsearch%2Fdetail%2F%3FITMCODE=52005544534 HTTP/1.1" 200 11138 "-" "Mozilla/5.0 (compatible; SemrushBot/7~bl; +http://www.semrush.com/bot.html)"
85.208.96.194 - - [13/Sep/2026:17:43:03 +0300] "GET /?sale%2Fsearch%2Fdetail%2F%3FITMCODE=51992480170 HTTP/1.1" 200 11138 "-" "Mozilla/5.0 (compatible; SemrushBot/7~bl; +http://www.semrush.com/bot.html)"
66.249.68.96 - - [13/Sep/2026:17:43:19 +0300] "GET /?sale/search/detail/?ITMCODE=51992367021 HTTP/1.1" 200 201962 "-" "Mozilla/5.0 (Linux; Android 6.0.1; Nexus 5X Build/MMB29P) AppleWebKit/537.36 (KHTML, like Gecko) Chrome/152.0.7977.82 Mobile Safari/537.36 (compatible; Googlebot/2.1; +http://www.google.com/bot.html)"
66.249.68.104 - - [13/Sep/2026:17:43:23 +0300] "GET /?sale/search/detail/?ITMCODE=51992242541 HTTP/1.1" 200 210960 "-" "Mozilla/5.0 (Linux; Android 6.0.1; Nexus 5X Build/MMB29P) AppleWebKit/537.36 (KHTML, like Gecko) Chrome/152.0.7977.82 Mobile Safari/537.36 (compatible; Googlebot/2.1; +http://www.google.com/bot.html)"
66.249.68.104 - - [13/Sep/2026:17:44:19 +0300] "GET /?sale/search/detail/?ITMCODE=51992051077 HTTP/1.1" 200 197624 "-" "Mozilla/5.0 (Linux; Android 6.0.1; Nexus 5X Build/MMB29P) AppleWebKit/537.36 (KHTML, like Gecko) Chrome/152.0.7977.82 Mobile Safari/537.36 (compatible; Googlebot/2.1; +http://www.google.com/bot.html)"
37.0.175.1 - - [13/Sep/2026:17:44:31 +0300] "GET / HTTP/1.1" 200 11120 "-" "Mozilla/5.0 (iPhone; CPU iPhone OS 26_6_1 like Mac OS X) AppleWebKit/605.1.15 (KHTML, like Gecko) CriOS/153.0.8010.24 Mobile/15E148 Safari/604.1"
37.0.175.1 - - [13/Sep/2026:17:44:31 +0300] "GET /plugins/content/simplepopup/simplepopup/spustyle.css HTTP/1.1" 200 529 "http://chenglong.lt/" "Mozilla/5.0 (iPhone; CPU iPhone OS 26_6_1 like Mac OS X) AppleWebKit/605.1.15 (KHTML, like Gecko) CriOS/153.0.8010.24 Mobile/15E148 Safari/604.1"
37.0.175.1 - - [13/Sep/2026:17:44:31 +0300] "GET /plugins/content/simplepopup/simplepopup/fancybox/jquery.fancybox-1.3.4.css HTTP/1.1" 200 8963 "http://chenglong.lt/" "Mozilla/5.0 (iPhone; CPU iPhone OS 26_6_1 like Mac OS X) AppleWebKit/605.1.15 (KHTML, like Gecko) CriOS/153.0.8010.24 Mobile/15E148 Safari/604.1"
37.0.175.1 - - [13/Sep/2026:17:44:31 +0300] "GET /plugins/content/dearflip/dflip/css/dflip.css HTTP/1.1" 200 36921 "http://chenglong.lt/" "Mozilla/5.0 (iPhone; CPU iPhone OS 26_6_1 like Mac OS X) AppleWebKit/605.1.15 (KHTML, like Gecko) CriOS/153.0.8010.24 Mobile/15E148 Safari/604.1"
37.0.175.1 - - [13/Sep/2026:17:44:31 +0300] "GET /plugins/system/miniteksystemmessages/assets/css/jquery.jgrowl.css HTTP/1.1" 200 2112 "http://chenglong.lt/" "Mozilla/5.0 (iPhone; CPU iPhone OS 26_6_1 like Mac OS X) AppleWebKit/605.1.15 (KHTML, like Gecko) CriOS/153.0.8010.24 Mobile/15E148 Safari/604.1"
37.0.175.1 - - [13/Sep/2026:17:44:31 +0300] "GET /plugins/system/miniteksystemmessages/assets/css/style.css?v=1.0.6 HTTP/1.1" 200 3576 "http://chenglong.lt/" "Mozilla/5.0 (iPhone; CPU iPhone OS 26_6_1 like Mac OS X) AppleWebKit/605.1.15 (KHTML, like Gecko) CriOS/153.0.8010.24 Mobile/15E148 Safari/604.1"
37.0.175.1 - - [13/Sep/2026:17:44:31 +0300] "GET /plugins/content/dearflip/dflip/css/themify-icons.css HTTP/1.1" 200 16417 "http://chenglong.lt/" "Mozilla/5.0 (iPhone; CPU iPhone OS 26_6_1 like Mac OS X) AppleWebKit/605.1.15 (KHTML, like Gecko) CriOS/153.0.8010.24 Mobile/15E148 Safari/604.1"
37.0.175.1 - - [13/Sep/2026:17:44:31 +0300] "GET /media/jui/js/jquery-noconflict.js?0c2ada6fb5fac50fc7ad43b82b14eaac HTTP/1.1" 200 21 "http://chenglong.lt/" "Mozilla/5.0 (iPhone; CPU iPhone OS 26_6_1 like Mac OS X) AppleWebKit/605.1.15 (KHTML, like Gecko) CriOS/153.0.8010.24 Mobile/15E148 Safari/604.1"
37.0.175.1 - - [13/Sep/2026:17:44:31 +0300] "GET /media/jui/js/jquery.min.js?0c2ada6fb5fac50fc7ad43b82b14eaac HTTP/1.1" 200 97646 "http://chenglong.lt/" "Mozilla/5.0 (iPhone; CPU iPhone OS 26_6_1 like Mac OS X) AppleWebKit/605.1.15 (KHTML, like Gecko) CriOS/153.0.8010.24 Mobile/15E148 Safari/604.1"
37.0.175.1 - - [13/Sep/2026:17:44:31 +0300] "GET /media/jui/js/jquery-migrate.min.js?0c2ada6fb5fac50fc7ad43b82b14eaac HTTP/1.1" 200 10056 "http://chenglong.lt/" "Mozilla/5.0 (iPhone; CPU iPhone OS 26_6_1 like Mac OS X) AppleWebKit/605.1.15 (KHTML, like Gecko) CriOS/153.0.8010.24 Mobile/15E148 Safari/604.1"
37.0.175.1 - - [13/Sep/2026:17:44:31 +0300] "GET /plugins/content/simplepopup/simplepopup/fancybox/jquery.mousewheel-3.0.4.pack.js HTTP/1.1" 200 1292 "http://chenglong.lt/" "Mozilla/5.0 (iPhone; CPU iPhone OS 26_6_1 like Mac OS X) AppleWebKit/605.1.15 (KHTML, like Gecko) CriOS/153.0.8010.24 Mobile/15E148 Safari/604.1"
37.0.175.1 - - [13/Sep/2026:17:44:31 +0300] "GET /plugins/content/simplepopup/simplepopup/fancybox/jquery.fancybox-1.3.4.patch.js HTTP/1.1" 200 18097 "http://chenglong.lt/" "Mozilla/5.0 (iPhone; CPU iPhone OS 26_6_1 like Mac OS X) AppleWebKit/605.1.15 (KHTML, like Gecko) CriOS/153.0.8010.24 Mobile/15E148 Safari/604.1"
37.0.175.1 - - [13/Sep/2026:17:44:31 +0300] "GET /media/system/js/core.js?0c2ada6fb5fac50fc7ad43b82b14eaac HTTP/1.1" 200 8735 "http://chenglong.lt/" "Mozilla/5.0 (iPhone; CPU iPhone OS 26_6_1 like Mac OS X) AppleWebKit/605.1.15 (KHTML, like Gecko) CriOS/153.0.8010.24 Mobile/15E148 Safari/604.1"
37.0.175.1 - - [13/Sep/2026:17:44:31 +0300] "GET /media/system/js/mootools-core.js?0c2ada6fb5fac50fc7ad43b82b14eaac HTTP/1.1" 200 83893 "http://chenglong.lt/" "Mozilla/5.0 (iPhone; CPU iPhone OS 26_6_1 like Mac OS X) AppleWebKit/605.1.15 (KHTML, like Gecko) CriOS/153.0.8010.24 Mobile/15E148 Safari/604.1"
37.0.175.1 - - [13/Sep/2026:17:44:31 +0300] "GET /media/system/js/caption.js?0c2ada6fb5fac50fc7ad43b82b14eaac HTTP/1.1" 200 491 "http://chenglong.lt/" "Mozilla/5.0 (iPhone; CPU iPhone OS 26_6_1 like Mac OS X) AppleWebKit/605.1.15 (KHTML, like Gecko) CriOS/153.0.8010.24 Mobile/15E148 Safari/604.1"
37.0.175.1 - - [13/Sep/2026:17:44:31 +0300] "GET /plugins/system/miniteksystemmessages/assets/js/jquery.jgrowl.js HTTP/1.1" 200 16629 "http://chenglong.lt/" "Mozilla/5.0 (iPhone; CPU iPhone OS 26_6_1 like Mac OS X) AppleWebKit/605.1.15 (KHTML, like Gecko) CriOS/153.0.8010.24 Mobile/15E148 Safari/604.1"
37.0.175.1 - - [13/Sep/2026:17:44:31 +0300] "GET /plugins/content/dearflip/dflip/js/dflip.min.js HTTP/1.1" 200 126454 "http://chenglong.lt/" "Mozilla/5.0 (iPhone; CPU iPhone OS 26_6_1 like Mac OS X) AppleWebKit/605.1.15 (KHTML, like Gecko) CriOS/153.0.8010.24 Mobile/15E148 Safari/604.1"
37.0.175.1 - - [13/Sep/2026:17:44:31 +0300] "GET /plugins/system/miniteksystemmessages/assets/js/script.js?v=1.0.6 HTTP/1.1" 200 7131 "http://chenglong.lt/" "Mozilla/5.0 (iPhone; CPU iPhone OS 26_6_1 like Mac OS X) AppleWebKit/605.1.15 (KHTML, like Gecko) CriOS/153.0.8010.24 Mobile/15E148 Safari/604.1"
37.0.175.1 - - [13/Sep/2026:17:44:31 +0300] "GET /templates/system/css/general.css HTTP/1.1" 200 2717 "http://chenglong.lt/" "Mozilla/5.0 (iPhone; CPU iPhone OS 26_6_1 like Mac OS X) AppleWebKit/605.1.15 (KHTML, like Gecko) CriOS/153.0.8010.24 Mobile/15E148 Safari/604.1"
37.0.175.1 - - [13/Sep/2026:17:44:31 +0300] "GET /templates/system/css/system.css HTTP/1.1" 200 881 "http://chenglong.lt/" "Mozilla/5.0 (iPhone; CPU iPhone OS 26_6_1 like Mac OS X) AppleWebKit/605.1.15 (KHTML, like Gecko) CriOS/153.0.8010.24 Mobile/15E148 Safari/604.1"
37.0.175.1 - - [13/Sep/2026:17:44:31 +0300] "GET /media/system/js/mootools-more.js?0c2ada6fb5fac50fc7ad43b82b14eaac HTTP/1.1" 200 236825 "http://chenglong.lt/" "Mozilla/5.0 (iPhone; CPU iPhone OS 26_6_1 like Mac OS X) AppleWebKit/605.1.15 (KHTML, like Gecko) CriOS/153.0.8010.24 Mobile/15E148 Safari/604.1"
37.0.175.1 - - [13/Sep/2026:17:44:31 +0300] "GET /templates/resto_6/css/template.responsive.css HTTP/1.1" 200 11640 "http://chenglong.lt/" "Mozilla/5.0 (iPhone; CPU iPhone OS 26_6_1 like Mac OS X) AppleWebKit/605.1.15 (KHTML, like Gecko) CriOS/153.0.8010.24 Mobile/15E148 Safari/604.1"
37.0.175.1 - - [13/Sep/2026:17:44:31 +0300] "GET /templates/resto_6/css/template.css HTTP/1.1" 200 65213 "http://chenglong.lt/" "Mozilla/5.0 (iPhone; CPU iPhone OS 26_6_1 like Mac OS X) AppleWebKit/605.1.15 (KHTML, like Gecko) CriOS/153.0.8010.24 Mobile/15E148 Safari/604.1"
37.0.175.1 - - [13/Sep/2026:17:44:31 +0300] "GET /templates/resto_6/jquery.js HTTP/1.1" 200 92629 "http://chenglong.lt/" "Mozilla/5.0 (iPhone; CPU iPhone OS 26_6_1 like Mac OS X) AppleWebKit/605.1.15 (KHTML, like Gecko) CriOS/153.0.8010.24 Mobile/15E148 Safari/604.1"
37.0.175.1 - - [13/Sep/2026:17:44:31 +0300] "GET /templates/resto_6/script.js HTTP/1.1" 200 56744 "http://chenglong.lt/" "Mozilla/5.0 (iPhone; CPU iPhone OS 26_6_1 like Mac OS X) AppleWebKit/605.1.15 (KHTML, like Gecko) CriOS/153.0.8010.24 Mobile/15E148 Safari/604.1"
37.0.175.1 - - [13/Sep/2026:17:44:32 +0300] "GET /templates/resto_6/modules.js HTTP/1.1" 200 - "http://chenglong.lt/" "Mozilla/5.0 (iPhone; CPU iPhone OS 26_6_1 like Mac OS X) AppleWebKit/605.1.15 (KHTML, like Gecko) CriOS/153.0.8010.24 Mobile/15E148 Safari/604.1"
37.0.175.1 - - [13/Sep/2026:17:44:32 +0300] "GET /templates/resto_6/script.responsive.js HTTP/1.1" 200 21136 "http://chenglong.lt/" "Mozilla/5.0 (iPhone; CPU iPhone OS 26_6_1 like Mac OS X) AppleWebKit/605.1.15 (KHTML, like Gecko) CriOS/153.0.8010.24 Mobile/15E148 Safari/604.1"
37.0.175.1 - - [13/Sep/2026:17:44:32 +0300] "GET /images/logo.png HTTP/1.1" 200 30174 "http://chenglong.lt/" "Mozilla/5.0 (iPhone; CPU iPhone OS 26_6_1 like Mac OS X) AppleWebKit/605.1.15 (KHTML, like Gecko) CriOS/153.0.8010.24 Mobile/15E148 Safari/604.1"
37.0.175.1 - - [13/Sep/2026:17:44:32 +0300] "GET /media/system/css/system.css HTTP/1.1" 200 1433 "http://chenglong.lt/" "Mozilla/5.0 (iPhone; CPU iPhone OS 26_6_1 like Mac OS X) AppleWebKit/605.1.15 (KHTML, like Gecko) CriOS/153.0.8010.24 Mobile/15E148 Safari/604.1"
37.0.175.1 - - [13/Sep/2026:17:44:32 +0300] "GET /images/logo_dark_small.png HTTP/1.1" 200 164696 "http://chenglong.lt/" "Mozilla/5.0 (iPhone; CPU iPhone OS 26_6_1 like Mac OS X) AppleWebKit/605.1.15 (KHTML, like Gecko) CriOS/153.0.8010.24 Mobile/15E148 Safari/604.1"
37.0.175.1 - - [13/Sep/2026:17:44:32 +0300] "GET /images/powered.png HTTP/1.1" 200 5403 "http://chenglong.lt/" "Mozilla/5.0 (iPhone; CPU iPhone OS 26_6_1 like Mac OS X) AppleWebKit/605.1.15 (KHTML, like Gecko) CriOS/153.0.8010.24 Mobile/15E148 Safari/604.1"
37.0.175.1 - - [13/Sep/2026:17:44:32 +0300] "GET /plugins/content/simplepopup/simplepopup/fancybox/fancybox-x.png HTTP/1.1" 200 203 "http://chenglong.lt/" "Mozilla/5.0 (iPhone; CPU iPhone OS 26_6_1 like Mac OS X) AppleWebKit/605.1.15 (KHTML, like Gecko) CriOS/153.0.8010.24 Mobile/15E148 Safari/604.1"
37.0.175.1 - - [13/Sep/2026:17:44:32 +0300] "GET /plugins/content/simplepopup/simplepopup/fancybox/fancybox-y.png HTTP/1.1" 200 176 "http://chenglong.lt/" "Mozilla/5.0 (iPhone; CPU iPhone OS 26_6_1 like Mac OS X) AppleWebKit/605.1.15 (KHTML, like Gecko) CriOS/153.0.8010.24 Mobile/15E148 Safari/604.1"
37.0.175.1 - - [13/Sep/2026:17:44:32 +0300] "GET /templates/resto_6/images/header.png HTTP/1.1" 200 752 "http://chenglong.lt/" "Mozilla/5.0 (iPhone; CPU iPhone OS 26_6_1 like Mac OS X) AppleWebKit/605.1.15 (KHTML, like Gecko) CriOS/153.0.8010.24 Mobile/15E148 Safari/604.1"
37.0.175.1 - - [13/Sep/2026:17:44:32 +0300] "GET /plugins/content/simplepopup/simplepopup/fancybox/fancybox.png HTTP/1.1" 200 15287 "http://chenglong.lt/" "Mozilla/5.0 (iPhone; CPU iPhone OS 26_6_1 like Mac OS X) AppleWebKit/605.1.15 (KHTML, like Gecko) CriOS/153.0.8010.24 Mobile/15E148 Safari/604.1"
37.0.175.1 - - [13/Sep/2026:17:44:32 +0300] "GET /templates/resto_6/favicon.ico HTTP/1.1" 200 23558 "-" "Mozilla/5.0 (iPhone; CPU iPhone OS 26_6_1 like Mac OS X) AppleWebKit/605.1.15 (KHTML, like Gecko) CriOS/153.0.8010.24 Mobile/15E148 Safari/604.1"
37.0.175.1 - - [13/Sep/2026:17:44:32 +0300] "GET /templates/resto_6/images/page.jpeg HTTP/1.1" 200 816967 "http://chenglong.lt/" "Mozilla/5.0 (iPhone; CPU iPhone OS 26_6_1 like Mac OS X) AppleWebKit/605.1.15 (KHTML, like Gecko) CriOS/153.0.8010.24 Mobile/15E148 Safari/604.1"
37.0.175.1 - - [13/Sep/2026:17:44:38 +0300] "GET /index.php/meniu HTTP/1.1" 200 13026 "http://chenglong.lt/" "Mozilla/5.0 (iPhone; CPU iPhone OS 26_6_1 like Mac OS X) AppleWebKit/605.1.15 (KHTML, like Gecko) CriOS/153.0.8010.24 Mobile/15E148 Safari/604.1"
37.0.175.1 - - [13/Sep/2026:17:44:38 +0300] "GET /templates/resto_6/modules.js HTTP/1.1" 200 - "http://chenglong.lt/index.php/meniu" "Mozilla/5.0 (iPhone; CPU iPhone OS 26_6_1 like Mac OS X) AppleWebKit/605.1.15 (KHTML, like Gecko) CriOS/153.0.8010.24 Mobile/15E148 Safari/604.1"
37.0.175.1 - - [13/Sep/2026:17:44:38 +0300] "GET /images/meniu/001.jpg HTTP/1.1" 200 1423077 "http://chenglong.lt/index.php/meniu" "Mozilla/5.0 (iPhone; CPU iPhone OS 26_6_1 like Mac OS X) AppleWebKit/605.1.15 (KHTML, like Gecko) CriOS/153.0.8010.24 Mobile/15E148 Safari/604.1"
37.0.175.1 - - [13/Sep/2026:17:44:39 +0300] "GET /plugins/content/dearflip/dflip/images/loading.gif HTTP/1.1" 200 2767 "http://chenglong.lt/index.php/meniu" "Mozilla/5.0 (iPhone; CPU iPhone OS 26_6_1 like Mac OS X) AppleWebKit/605.1.15 (KHTML, like Gecko) CriOS/153.0.8010.24 Mobile/15E148 Safari/604.1"
37.0.175.1 - - [13/Sep/2026:17:44:39 +0300] "GET /plugins/content/dearflip/dflip/fonts/themify.woff HTTP/1.1" 200 56108 "http://chenglong.lt/" "Mozilla/5.0 (iPhone; CPU iPhone OS 26_6_1 like Mac OS X) AppleWebKit/605.1.15 (KHTML, like Gecko) CriOS/153.0.8010.24 Mobile/15E148 Safari/604.1"
37.0.175.1 - - [13/Sep/2026:17:44:39 +0300] "GET /plugins/content/dearflip/dflip/sound/turn2.mp3?ver=1.7.15 HTTP/1.1" 206 2 "http://chenglong.lt/index.php/meniu" "Mozilla/5.0 (iPhone; CPU iPhone OS 26_6_1 like Mac OS X) AppleWebKit/605.1.15 (KHTML, like Gecko) CriOS/153.0.8010.24 Mobile/15E148 Safari/604.1"
37.0.175.1 - - [13/Sep/2026:17:44:39 +0300] "GET /plugins/content/dearflip/dflip/sound/turn2.mp3?ver=1.7.15 HTTP/1.1" 206 30039 "http://chenglong.lt/index.php/meniu" "Mozilla/5.0 (iPhone; CPU iPhone OS 26_6_1 like Mac OS X) AppleWebKit/605.1.15 (KHTML, like Gecko) CriOS/153.0.8010.24 Mobile/15E148 Safari/604.1"
37.0.175.1 - - [13/Sep/2026:17:44:39 +0300] "GET / HTTP/1.1" 200 11120 "http://chenglong.lt/index.php/meniu" "Mozilla/5.0 (iPhone; CPU iPhone OS 26_6_1 like Mac OS X) AppleWebKit/605.1.15 (KHTML, like Gecko) CriOS/153.0.8010.24 Mobile/15E148 Safari/604.1"
37.0.175.1 - - [13/Sep/2026:17:44:39 +0300] "GET /images/meniu/002.jpg HTTP/1.1" 200 871973 "http://chenglong.lt/index.php/meniu" "Mozilla/5.0 (iPhone; CPU iPhone OS 26_6_1 like Mac OS X) AppleWebKit/605.1.15 (KHTML, like Gecko) CriOS/153.0.8010.24 Mobile/15E148 Safari/604.1"
37.0.175.1 - - [13/Sep/2026:17:44:41 +0300] "GET /images/meniu/003.jpg HTTP/1.1" 200 1038970 "http://chenglong.lt/index.php/meniu" "Mozilla/5.0 (iPhone; CPU iPhone OS 26_6_1 like Mac OS X) AppleWebKit/605.1.15 (KHTML, like Gecko) CriOS/153.0.8010.24 Mobile/15E148 Safari/604.1"
37.0.175.1 - - [13/Sep/2026:17:44:42 +0300] "GET /images/meniu/004.jpg HTTP/1.1" 200 718567 "http://chenglong.lt/index.php/meniu" "Mozilla/5.0 (iPhone; CPU iPhone OS 26_6_1 like Mac OS X) AppleWebKit/605.1.15 (KHTML, like Gecko) CriOS/153.0.8010.24 Mobile/15E148 Safari/604.1"
37.0.175.1 - - [13/Sep/2026:17:44:48 +0300] "GET /images/meniu/005.jpg HTTP/1.1" 200 629250 "http://chenglong.lt/index.php/meniu" "Mozilla/5.0 (iPhone; CPU iPhone OS 26_6_1 like Mac OS X) AppleWebKit/605.1.15 (KHTML, like Gecko) CriOS/153.0.8010.24 Mobile/15E148 Safari/604.1"
37.0.175.1 - - [13/Sep/2026:17:44:58 +0300] "GET /images/meniu/006.jpg HTTP/1.1" 200 1014253 "http://chenglong.lt/index.php/meniu" "Mozilla/5.0 (iPhone; CPU iPhone OS 26_6_1 like Mac OS X) AppleWebKit/605.1.15 (KHTML, like Gecko) CriOS/153.0.8010.24 Mobile/15E148 Safari/604.1"
37.0.175.1 - - [13/Sep/2026:17:45:00 +0300] "GET /images/meniu/007.jpg HTTP/1.1" 200 1054545 "http://chenglong.lt/index.php/meniu" "Mozilla/5.0 (iPhone; CPU iPhone OS 26_6_1 like Mac OS X) AppleWebKit/605.1.15 (KHTML, like Gecko) CriOS/153.0.8010.24 Mobile/15E148 Safari/604.1"
37.0.175.1 - - [13/Sep/2026:17:45:03 +0300] "GET /images/meniu/008.jpg HTTP/1.1" 200 970848 "http://chenglong.lt/index.php/meniu" "Mozilla/5.0 (iPhone; CPU iPhone OS 26_6_1 like Mac OS X) AppleWebKit/605.1.15 (KHTML, like Gecko) CriOS/153.0.8010.24 Mobile/15E148 Safari/604.1"
37.0.175.1 - - [13/Sep/2026:17:45:21 +0300] "GET /images/meniu/009.jpg HTTP/1.1" 200 828935 "http://chenglong.lt/index.php/meniu" "Mozilla/5.0 (iPhone; CPU iPhone OS 26_6_1 like Mac OS X) AppleWebKit/605.1.15 (KHTML, like Gecko) CriOS/153.0.8010.24 Mobile/15E148 Safari/604.1"
37.0.175.1 - - [13/Sep/2026:17:45:29 +0300] "GET /images/meniu/010.jpg HTTP/1.1" 200 944913 "http://chenglong.lt/index.php/meniu" "Mozilla/5.0 (iPhone; CPU iPhone OS 26_6_1 like Mac OS X) AppleWebKit/605.1.15 (KHTML, like Gecko) CriOS/153.0.8010.24 Mobile/15E148 Safari/604.1"
37.0.175.1 - - [13/Sep/2026:17:45:30 +0300] "GET /images/meniu/011.jpg HTTP/1.1" 200 1136858 "http://chenglong.lt/index.php/meniu" "Mozilla/5.0 (iPhone; CPU iPhone OS 26_6_1 like Mac OS X) AppleWebKit/605.1.15 (KHTML, like Gecko) CriOS/153.0.8010.24 Mobile/15E148 Safari/604.1"
37.0.175.1 - - [13/Sep/2026:17:45:31 +0300] "GET /images/meniu/012.jpg HTTP/1.1" 200 1197716 "http://chenglong.lt/index.php/meniu" "Mozilla/5.0 (iPhone; CPU iPhone OS 26_6_1 like Mac OS X) AppleWebKit/605.1.15 (KHTML, like Gecko) CriOS/153.0.8010.24 Mobile/15E148 Safari/604.1"
37.0.175.1 - - [13/Sep/2026:17:45:42 +0300] "GET /images/meniu/013.jpg HTTP/1.1" 200 747677 "http://chenglong.lt/index.php/meniu" "Mozilla/5.0 (iPhone; CPU iPhone OS 26_6_1 like Mac OS X) AppleWebKit/605.1.15 (KHTML, like Gecko) CriOS/153.0.8010.24 Mobile/15E148 Safari/604.1"
37.0.175.1 - - [13/Sep/2026:17:45:43 +0300] "GET /images/meniu/014.jpg HTTP/1.1" 200 1038530 "http://chenglong.lt/index.php/meniu" "Mozilla/5.0 (iPhone; CPU iPhone OS 26_6_1 like Mac OS X) AppleWebKit/605.1.15 (KHTML, like Gecko) CriOS/153.0.8010.24 Mobile/15E148 Safari/604.1"
66.249.68.104 - - [13/Sep/2026:17:45:44 +0300] "GET /?sale/search/detail/?ITMCODE=51971411452 HTTP/1.1" 200 201823 "-" "Mozilla/5.0 (Linux; Android 6.0.1; Nexus 5X Build/MMB29P) AppleWebKit/537.36 (KHTML, like Gecko) Chrome/152.0.7977.82 Mobile Safari/537.36 (compatible; Googlebot/2.1; +http://www.google.com/bot.html)"
37.0.175.1 - - [13/Sep/2026:17:45:46 +0300] "GET /images/meniu/015.jpg HTTP/1.1" 200 826745 "http://chenglong.lt/index.php/meniu" "Mozilla/5.0 (iPhone; CPU iPhone OS 26_6_1 like Mac OS X) AppleWebKit/605.1.15 (KHTML, like Gecko) CriOS/153.0.8010.24 Mobile/15E148 Safari/604.1"
37.0.175.1 - - [13/Sep/2026:17:45:49 +0300] "GET /images/meniu/016.jpg HTTP/1.1" 200 976263 "http://chenglong.lt/index.php/meniu" "Mozilla/5.0 (iPhone; CPU iPhone OS 26_6_1 like Mac OS X) AppleWebKit/605.1.15 (KHTML, like Gecko) CriOS/153.0.8010.24 Mobile/15E148 Safari/604.1"
37.0.175.1 - - [13/Sep/2026:17:45:50 +0300] "GET /images/meniu/017.jpg HTTP/1.1" 200 831198 "http://chenglong.lt/index.php/meniu" "Mozilla/5.0 (iPhone; CPU iPhone OS 26_6_1 like Mac OS X) AppleWebKit/605.1.15 (KHTML, like Gecko) CriOS/153.0.8010.24 Mobile/15E148 Safari/604.1"
37.0.175.1 - - [13/Sep/2026:17:45:51 +0300] "GET /images/meniu/018.jpg HTTP/1.1" 200 654349 "http://chenglong.lt/index.php/meniu" "Mozilla/5.0 (iPhone; CPU iPhone OS 26_6_1 like Mac OS X) AppleWebKit/605.1.15 (KHTML, like Gecko) CriOS/153.0.8010.24 Mobile/15E148 Safari/604.1"
185.191.171.14 - - [13/Sep/2026:17:45:55 +0300] "GET /?sale%2Fsearch%2Fdetail%2F%3FITMCODE=5196105524786 HTTP/1.1" 200 11138 "-" "Mozilla/5.0 (compatible; SemrushBot/7~bl; +http://www.semrush.com/bot.html)"
37.0.175.1 - - [13/Sep/2026:17:45:56 +0300] "GET /images/meniu/019.jpg HTTP/1.1" 200 1465689 "http://chenglong.lt/index.php/meniu" "Mozilla/5.0 (iPhone; CPU iPhone OS 26_6_1 like Mac OS X) AppleWebKit/605.1.15 (KHTML, like Gecko) CriOS/153.0.8010.24 Mobile/15E148 Safari/604.1"
185.191.171.14 - - [13/Sep/2026:17:46:03 +0300] "GET /?sale%2Fsearch%2Fdetail%2F%3FITMCODE=5196664973 HTTP/1.1" 200 11138 "-" "Mozilla/5.0 (compatible; SemrushBot/7~bl; +http://www.semrush.com/bot.html)"
37.0.175.1 - - [13/Sep/2026:17:46:09 +0300] "GET /index.php/dienos-pietus HTTP/1.1" 200 12414 "http://chenglong.lt/index.php/meniu" "Mozilla/5.0 (iPhone; CPU iPhone OS 26_6_1 like Mac OS X) AppleWebKit/605.1.15 (KHTML, like Gecko) CriOS/153.0.8010.24 Mobile/15E148 Safari/604.1"
37.0.175.1 - - [13/Sep/2026:17:46:09 +0300] "GET /templates/resto_6/modules.js HTTP/1.1" 200 - "http://chenglong.lt/index.php/dienos-pietus" "Mozilla/5.0 (iPhone; CPU iPhone OS 26_6_1 like Mac OS X) AppleWebKit/605.1.15 (KHTML, like Gecko) CriOS/153.0.8010.24 Mobile/15E148 Safari/604.1"
37.0.175.1 - - [13/Sep/2026:17:46:09 +0300] "GET /images/dienos_new3/DP_1.jpg HTTP/1.1" 200 1087539 "http://chenglong.lt/index.php/dienos-pietus" "Mozilla/5.0 (iPhone; CPU iPhone OS 26_6_1 like Mac OS X) AppleWebKit/605.1.15 (KHTML, like Gecko) CriOS/153.0.8010.24 Mobile/15E148 Safari/604.1"
37.0.175.1 - - [13/Sep/2026:17:46:11 +0300] "GET /plugins/content/dearflip/dflip/sound/turn2.mp3?ver=1.7.15 HTTP/1.1" 206 2 "http://chenglong.lt/index.php/dienos-pietus" "Mozilla/5.0 (iPhone; CPU iPhone OS 26_6_1 like Mac OS X) AppleWebKit/605.1.15 (KHTML, like Gecko) CriOS/153.0.8010.24 Mobile/15E148 Safari/604.1"
37.0.175.1 - - [13/Sep/2026:17:46:11 +0300] "GET /plugins/content/dearflip/dflip/sound/turn2.mp3?ver=1.7.15 HTTP/1.1" 206 30039 "http://chenglong.lt/index.php/dienos-pietus" "Mozilla/5.0 (iPhone; CPU iPhone OS 26_6_1 like Mac OS X) AppleWebKit/605.1.15 (KHTML, like Gecko) CriOS/153.0.8010.24 Mobile/15E148 Safari/604.1"
37.0.175.1 - - [13/Sep/2026:17:46:11 +0300] "GET /images/dienos_new3/DP_2.jpg HTTP/1.1" 200 1377930 "http://chenglong.lt/index.php/dienos-pietus" "Mozilla/5.0 (iPhone; CPU iPhone OS 26_6_1 like Mac OS X) AppleWebKit/605.1.15 (KHTML, like Gecko) CriOS/153.0.8010.24 Mobile/15E148 Safari/604.1"
37.0.175.1 - - [13/Sep/2026:17:46:11 +0300] "GET / HTTP/1.1" 200 11120 "http://chenglong.lt/index.php/dienos-pietus" "Mozilla/5.0 (iPhone; CPU iPhone OS 26_6_1 like Mac OS X) AppleWebKit/605.1.15 (KHTML, like Gecko) CriOS/153.0.8010.24 Mobile/15E148 Safari/604.1"
37.0.175.1 - - [13/Sep/2026:17:46:14 +0300] "GET /images/dienos_new3/DP_3.jpg HTTP/1.1" 200 1509198 "http://chenglong.lt/index.php/dienos-pietus" "Mozilla/5.0 (iPhone; CPU iPhone OS 26_6_1 like Mac OS X) AppleWebKit/605.1.15 (KHTML, like Gecko) CriOS/153.0.8010.24 Mobile/15E148 Safari/604.1"
37.0.175.1 - - [13/Sep/2026:17:46:15 +0300] "GET /images/dienos_new3/DP_4.jpg HTTP/1.1" 200 1329723 "http://chenglong.lt/index.php/dienos-pietus" "Mozilla/5.0 (iPhone; CPU iPhone OS 26_6_1 like Mac OS X) AppleWebKit/605.1.15 (KHTML, like Gecko) CriOS/153.0.8010.24 Mobile/15E148 Safari/604.1"
185.191.171.4 - - [13/Sep/2026:17:46:37 +0300] "GET /?sale%2Fsearch%2Fdetail%2F%3FITMCODE=519822980439 HTTP/1.1" 200 11138 "-" "Mozilla/5.0 (compatible; SemrushBot/7~bl; +http://www.semrush.com/bot.html)"
185.191.171.2 - - [13/Sep/2026:17:46:55 +0300] "GET /?sale%2Fsearch%2Fdetail%2F%3FITMCODE=519870654528 HTTP/1.1" 200 11138 "-" "Mozilla/5.0 (compatible; SemrushBot/7~bl; +http://www.semrush.com/bot.html)"
66.249.68.104 - - [13/Sep/2026:17:47:19 +0300] "GET /?sale/search/detail/?ITMCODE=5195352510 HTTP/1.1" 200 201026 "-" "Mozilla/5.0 (Linux; Android 6.0.1; Nexus 5X Build/MMB29P) AppleWebKit/537.36 (KHTML, like Gecko) Chrome/152.0.7977.82 Mobile Safari/537.36 (compatible; Googlebot/2.1; +http://www.google.com/bot.html)"
185.191.171.1 - - [13/Sep/2026:17:47:35 +0300] "GET /?sale%2Fsearch%2Fdetail%2F%3FITMCODE=51974122669 HTTP/1.1" 200 11138 "-" "Mozilla/5.0 (compatible; SemrushBot/7~bl; +http://www.semrush.com/bot.html)"
185.191.171.1 - - [13/Sep/2026:17:47:58 +0300] "GET /?sale%2Fsearch%2Fdetail%2F%3FITMCODE=519776082643 HTTP/1.1" 200 11138 "-" "Mozilla/5.0 (compatible; SemrushBot/7~bl; +http://www.semrush.com/bot.html)"
185.191.171.15 - - [13/Sep/2026:17:48:19 +0300] "GET /?sale%2Fsearch%2Fdetail%2F%3FITMCODE=5197100260425 HTTP/1.1" 200 11138 "-" "Mozilla/5.0 (compatible; SemrushBot/7~bl; +http://www.semrush.com/bot.html)"
114.119.129.171 - - [13/Sep/2026:17:48:21 +0300] "GET /images/phocagallery/Restoranas/thumbs/phoca_thumb_m_mmexport1478249601794.jpg HTTP/1.1" 200 4683 "http://chenglong.lt/images/phocagallery/Restoranas/thumbs/phoca_thumb_m_mmexport1478249601794.jpg" "Mozilla/5.0 (Linux; Android 7.0;) AppleWebKit/537.36 (HTML, like Gecko) Mobile Safari/537.36 (compatible; PetalBot;+https://webmaster.petalsearch.com/site/petalbot)"
66.249.68.105 - - [13/Sep/2026:17:48:37 +0300] "GET /?sale/search/detail/?ITMCODE=5195399430 HTTP/1.1" 200 206793 "-" "Mozilla/5.0 (Linux; Android 6.0.1; Nexus 5X Build/MMB29P) AppleWebKit/537.36 (KHTML, like Gecko) Chrome/152.0.7977.82 Mobile Safari/537.36 (compatible; Googlebot/2.1; +http://www.google.com/bot.html)"
66.249.68.104 - - [13/Sep/2026:17:48:52 +0300] "GET /?sale/search/detail/?ITMCODE=51971166871 HTTP/1.1" 200 199773 "-" "Mozilla/5.0 (Linux; Android 6.0.1; Nexus 5X Build/MMB29P) AppleWebKit/537.36 (KHTML, like Gecko) Chrome/152.0.7977.82 Mobile Safari/537.36 (compatible; Googlebot/2.1; +http://www.google.com/bot.html)"
37.0.175.1 - - [13/Sep/2026:17:49:24 +0300] "GET /index.php/meniu HTTP/1.1" 200 13026 "http://chenglong.lt/index.php/dienos-pietus" "Mozilla/5.0 (iPhone; CPU iPhone OS 26_6_1 like Mac OS X) AppleWebKit/605.1.15 (KHTML, like Gecko) CriOS/153.0.8010.24 Mobile/15E148 Safari/604.1"
37.0.175.1 - - [13/Sep/2026:17:49:24 +0300] "GET /templates/resto_6/modules.js HTTP/1.1" 200 - "http://chenglong.lt/index.php/meniu" "Mozilla/5.0 (iPhone; CPU iPhone OS 26_6_1 like Mac OS X) AppleWebKit/605.1.15 (KHTML, like Gecko) CriOS/153.0.8010.24 Mobile/15E148 Safari/604.1"
37.0.175.1 - - [13/Sep/2026:17:49:25 +0300] "GET /plugins/content/dearflip/dflip/sound/turn2.mp3?ver=1.7.15 HTTP/1.1" 206 2 "http://chenglong.lt/index.php/meniu" "Mozilla/5.0 (iPhone; CPU iPhone OS 26_6_1 like Mac OS X) AppleWebKit/605.1.15 (KHTML, like Gecko) CriOS/153.0.8010.24 Mobile/15E148 Safari/604.1"
37.0.175.1 - - [13/Sep/2026:17:49:25 +0300] "GET /plugins/content/dearflip/dflip/sound/turn2.mp3?ver=1.7.15 HTTP/1.1" 206 30039 "http://chenglong.lt/index.php/meniu" "Mozilla/5.0 (iPhone; CPU iPhone OS 26_6_1 like Mac OS X) AppleWebKit/605.1.15 (KHTML, like Gecko) CriOS/153.0.8010.24 Mobile/15E148 Safari/604.1"
37.0.175.1 - - [13/Sep/2026:17:49:25 +0300] "GET / HTTP/1.1" 200 11120 "http://chenglong.lt/index.php/meniu" "Mozilla/5.0 (iPhone; CPU iPhone OS 26_6_1 like Mac OS X) AppleWebKit/605.1.15 (KHTML, like Gecko) CriOS/153.0.8010.24 Mobile/15E148 Safari/604.1"
66.249.68.104 - - [13/Sep/2026:17:49:37 +0300] "GET /?sale/search/detail/?ITMCODE=5196816281 HTTP/1.1" 200 203021 "-" "Mozilla/5.0 (Linux; Android 6.0.1; Nexus 5X Build/MMB29P) AppleWebKit/537.36 (KHTML, like Gecko) Chrome/152.0.7977.82 Mobile Safari/537.36 (compatible; Googlebot/2.1; +http://www.google.com/bot.html)"
85.208.96.197 - - [13/Sep/2026:17:49:39 +0300] "GET /?sale%2Fsearch%2Fdetail%2F%3FITMCODE=519929064037 HTTP/1.1" 200 11138 "-" "Mozilla/5.0 (compatible; SemrushBot/7~bl; +http://www.semrush.com/bot.html)"
66.249.68.104 - - [13/Sep/2026:17:49:43 +0300] "GET /?sale/search/detail/?ITMCODE=51992128369 HTTP/1.1" 200 199508 "-" "Mozilla/5.0 (Linux; Android 6.0.1; Nexus 5X Build/MMB29P) AppleWebKit/537.36 (KHTML, like Gecko) Chrome/152.0.7977.82 Mobile Safari/537.36 (compatible; Googlebot/2.1; +http://www.google.com/bot.html)"
66.249.68.105 - - [13/Sep/2026:17:49:49 +0300] "GET /?sale/search/detail/?ITMCODE=52002664467 HTTP/1.1" 200 197677 "-" "Mozilla/5.0 (Linux; Android 6.0.1; Nexus 5X Build/MMB29P) AppleWebKit/537.36 (KHTML, like Gecko) Chrome/152.0.7977.82 Mobile Safari/537.36 (compatible; Googlebot/2.1; +http://www.google.com/bot.html)"
66.249.68.105 - - [13/Sep/2026:17:49:53 +0300] "GET /?sale/search/detail/?ITMCODE=5196823281 HTTP/1.1" 200 195047 "-" "Mozilla/5.0 (Linux; Android 6.0.1; Nexus 5X Build/MMB29P) AppleWebKit/537.36 (KHTML, like Gecko) Chrome/152.0.7977.82 Mobile Safari/537.36 (compatible; Googlebot/2.1; +http://www.google.com/bot.html)"
85.208.96.197 - - [13/Sep/2026:17:51:01 +0300] "GET /?sale%2Fsearch%2Fdetail%2F%3FITMCODE=519813660444 HTTP/1.1" 200 11138 "-" "Mozilla/5.0 (compatible; SemrushBot/7~bl; +http://www.semrush.com/bot.html)"
185.191.171.7 - - [13/Sep/2026:17:51:26 +0300] "GET /?sale%2Fsearch%2Fdetail%2F%3FITMCODE=519710063841 HTTP/1.1" 200 11138 "-" "Mozilla/5.0 (compatible; SemrushBot/7~bl; +http://www.semrush.com/bot.html)"
185.191.171.18 - - [13/Sep/2026:17:51:47 +0300] "GET /?sale%2Fsearch%2Fdetail%2F%3FITMCODE=519728384557 HTTP/1.1" 200 11138 "-" "Mozilla/5.0 (compatible; SemrushBot/7~bl; +http://www.semrush.com/bot.html)"
185.191.171.19 - - [13/Sep/2026:17:52:00 +0300] "GET /?sale%2Fsearch%2Fdetail%2F%3FITMCODE=519831713585 HTTP/1.1" 200 11138 "-" "Mozilla/5.0 (compatible; SemrushBot/7~bl; +http://www.semrush.com/bot.html)"
185.191.171.15 - - [13/Sep/2026:17:52:24 +0300] "GET /robots.txt HTTP/1.1" 200 836 "-" "Mozilla/5.0 (compatible; SemrushBot/7~bl; +http://www.semrush.com/bot.html)"
185.191.171.7 - - [13/Sep/2026:17:52:25 +0300] "GET /?sale%2Fsearch%2Fdetail%2F%3FITMCODE=519773424148 HTTP/1.1" 200 11138 "-" "Mozilla/5.0 (compatible; SemrushBot/7~bl; +http://www.semrush.com/bot.html)"
66.249.68.105 - - [13/Sep/2026:17:52:28 +0300] "GET /?sale/search/detail/?ITMCODE=51971151509 HTTP/1.1" 200 201303 "-" "Mozilla/5.0 (Linux; Android 6.0.1; Nexus 5X Build/MMB29P) AppleWebKit/537.36 (KHTML, like Gecko) Chrome/152.0.7977.82 Mobile Safari/537.36 (compatible; Googlebot/2.1; +http://www.google.com/bot.html)"
185.191.171.18 - - [13/Sep/2026:17:52:40 +0300] "GET /?sale%2Fsearch%2Fdetail%2F%3FITMCODE=519813675829 HTTP/1.1" 200 11138 "-" "Mozilla/5.0 (compatible; SemrushBot/7~bl; +http://www.semrush.com/bot.html)"
185.191.171.11 - - [13/Sep/2026:17:52:44 +0300] "GET /?sale%2Fsearch%2Fdetail%2F%3FITMCODE=51995265577 HTTP/1.1" 200 11138 "-" "Mozilla/5.0 (compatible; SemrushBot/7~bl; +http://www.semrush.com/bot.html)"
66.249.68.105 - - [13/Sep/2026:17:52:45 +0300] "GET /?sale/search/detail/?ITMCODE=5195435617 HTTP/1.1" 200 209727 "-" "Mozilla/5.0 (Linux; Android 6.0.1; Nexus 5X Build/MMB29P) AppleWebKit/537.36 (KHTML, like Gecko) Chrome/152.0.7977.82 Mobile Safari/537.36 (compatible; Googlebot/2.1; +http://www.google.com/bot.html)"
66.249.68.104 - - [13/Sep/2026:17:54:26 +0300] "GET /?sale/search/detail/?ITMCODE=51992281097 HTTP/1.1" 200 196409 "-" "Mozilla/5.0 (Linux; Android 6.0.1; Nexus 5X Build/MMB29P) AppleWebKit/537.36 (KHTML, like Gecko) Chrome/152.0.7977.82 Mobile Safari/537.36 (compatible; Googlebot/2.1; +http://www.google.com/bot.html)"
85.208.96.210 - - [13/Sep/2026:17:54:54 +0300] "GET /?sale%2Fsearch%2Fdetail%2F%3FITMCODE=51992087721 HTTP/1.1" 200 11138 "-" "Mozilla/5.0 (compatible; SemrushBot/7~bl; +http://www.semrush.com/bot.html)"
85.208.96.210 - - [13/Sep/2026:17:55:06 +0300] "GET /?sale%2Fsearch%2Fdetail%2F%3FITMCODE=51959431937 HTTP/1.1" 200 11138 "-" "Mozilla/5.0 (compatible; SemrushBot/7~bl; +http://www.semrush.com/bot.html)"
52.167.144.204 - - [13/Sep/2026:17:55:08 +0300] "GET /shop/pg/5196760397 HTTP/1.1" 200 209630 "-" "Mozilla/5.0 AppleWebKit/537.36 (KHTML, like Gecko; compatible; bingbot/2.0; +http://www.bing.com/bingbot.htm) Chrome/116.0.1938.76 Safari/537.36"
66.249.68.104 - - [13/Sep/2026:17:55:19 +0300] "GET /?sale/search/detail/?ITMCODE=52002787722 HTTP/1.1" 200 194931 "-" "Mozilla/5.0 (Linux; Android 6.0.1; Nexus 5X Build/MMB29P) AppleWebKit/537.36 (KHTML, like Gecko) Chrome/152.0.7977.82 Mobile Safari/537.36 (compatible; Googlebot/2.1; +http://www.google.com/bot.html)"
85.208.96.211 - - [13/Sep/2026:17:55:44 +0300] "GET /?sale%2Fsearch%2Fdetail%2F%3FITMCODE=51974233144 HTTP/1.1" 200 11138 "-" "Mozilla/5.0 (compatible; SemrushBot/7~bl; +http://www.semrush.com/bot.html)"
185.191.171.16 - - [13/Sep/2026:17:56:29 +0300] "GET /?sale%2Fsearch%2Fdetail%2F%3FITMCODE=51953338221 HTTP/1.1" 200 11138 "-" "Mozilla/5.0 (compatible; SemrushBot/7~bl; +http://www.semrush.com/bot.html)"
66.249.68.104 - - [13/Sep/2026:17:57:08 +0300] "GET /?sale/search/detail/?ITMCODE=5195248044 HTTP/1.1" 200 218161 "-" "Mozilla/5.0 (compatible; Googlebot/2.1; +http://www.google.com/bot.html)"
185.191.171.7 - - [13/Sep/2026:17:57:25 +0300] "GET /?sale%2Fsearch%2Fdetail%2F%3FITMCODE=51959232458 HTTP/1.1" 200 11138 "-" "Mozilla/5.0 (compatible; SemrushBot/7~bl; +http://www.semrush.com/bot.html)"
66.249.68.104 - - [13/Sep/2026:17:57:27 +0300] "GET /?sale/search/detail/?ITMCODE=5195219904 HTTP/1.1" 200 202837 "-" "Mozilla/5.0 (Linux; Android 6.0.1; Nexus 5X Build/MMB29P) AppleWebKit/537.36 (KHTML, like Gecko) Chrome/152.0.7977.82 Mobile Safari/537.36 (compatible; Googlebot/2.1; +http://www.google.com/bot.html)"
66.249.68.104 - - [13/Sep/2026:17:57:49 +0300] "GET /?sale/search/detail/?ITMCODE=51971337806 HTTP/1.1" 200 210721 "-" "Mozilla/5.0 (Linux; Android 6.0.1; Nexus 5X Build/MMB29P) AppleWebKit/537.36 (KHTML, like Gecko) Chrome/152.0.7977.82 Mobile Safari/537.36 (compatible; Googlebot/2.1; +http://www.google.com/bot.html)"
40.77.167.126 - - [13/Sep/2026:17:58:23 +0300] "GET /shop/pg/759996 HTTP/1.1" 200 208372 "-" "Mozilla/5.0 AppleWebKit/537.36 (KHTML, like Gecko; compatible; bingbot/2.0; +http://www.bing.com/bingbot.htm) Chrome/116.0.1938.76 Safari/537.36"
40.77.167.126 - - [13/Sep/2026:17:58:24 +0300] "GET /shop/c/c51961000162/ HTTP/1.1" 200 269788 "-" "Mozilla/5.0 AppleWebKit/537.36 (KHTML, like Gecko; compatible; bingbot/2.0; +http://www.bing.com/bingbot.htm) Chrome/116.0.1938.76 Safari/537.36"
52.167.144.204 - - [13/Sep/2026:17:58:27 +0300] "GET /shop/pg/5196762949 HTTP/1.1" 200 197869 "-" "Mozilla/5.0 AppleWebKit/537.36 (KHTML, like Gecko; compatible; bingbot/2.0; +http://www.bing.com/bingbot.htm) Chrome/116.0.1938.76 Safari/537.36"
40.77.167.126 - - [13/Sep/2026:17:58:44 +0300] "GET /shop/pg/5196920627 HTTP/1.1" 200 200867 "-" "Mozilla/5.0 AppleWebKit/537.36 (KHTML, like Gecko; compatible; bingbot/2.0; +http://www.bing.com/bingbot.htm) Chrome/116.0.1938.76 Safari/537.36"
85.208.96.199 - - [13/Sep/2026:17:58:57 +0300] "GET /?sale%2Fsearch%2Fdetail%2F%3FITMCODE=51959483747 HTTP/1.1" 200 11138 "-" "Mozilla/5.0 (compatible; SemrushBot/7~bl; +http://www.semrush.com/bot.html)"
85.208.96.204 - - [13/Sep/2026:17:59:11 +0300] "GET /?sale%2Fsearch%2Fdetail%2F%3FITMCODE=520011683274 HTTP/1.1" 200 11138 "-" "Mozilla/5.0 (compatible; SemrushBot/7~bl; +http://www.semrush.com/bot.html)"
66.249.68.104 - - [13/Sep/2026:17:59:41 +0300] "GET /?sale/search/detail/?ITMCODE=51992081114 HTTP/1.1" 200 196000 "-" "Mozilla/5.0 (Linux; Android 6.0.1; Nexus 5X Build/MMB29P) AppleWebKit/537.36 (KHTML, like Gecko) Chrome/152.0.7977.82 Mobile Safari/537.36 (compatible; Googlebot/2.1; +http://www.google.com/bot.html)"
