66.249.68.96 - - [13/Sep/2026:20:19:21 +0300] "GET /?sale/search/detail/?ITMCODE=52002930051 HTTP/1.1" 200 196135 "-" "Mozilla/5.0 (Linux; Android 6.0.1; Nexus 5X Build/MMB29P) AppleWebKit/537.36 (KHTML, like Gecko) Chrome/152.0.7977.82 Mobile Safari/537.36 (compatible; Googlebot/2.1; +http://www.google.com/bot.html)"
66.249.68.105 - - [13/Sep/2026:20:19:23 +0300] "GET /?sale/search/detail/?ITMCODE=51971331942 HTTP/1.1" 200 201546 "-" "Mozilla/5.0 (Linux; Android 6.0.1; Nexus 5X Build/MMB29P) AppleWebKit/537.36 (KHTML, like Gecko) Chrome/152.0.7977.82 Mobile Safari/537.36 (compatible; Googlebot/2.1; +http://www.google.com/bot.html)"
66.249.68.96 - - [13/Sep/2026:20:19:25 +0300] "GET /?sale/search/detail/?ITMCODE=51971267755 HTTP/1.1" 200 212424 "-" "Mozilla/5.0 (Linux; Android 6.0.1; Nexus 5X Build/MMB29P) AppleWebKit/537.36 (KHTML, like Gecko) Chrome/152.0.7977.82 Mobile Safari/537.36 (compatible; Googlebot/2.1; +http://www.google.com/bot.html)"
66.249.68.104 - - [13/Sep/2026:20:19:26 +0300] "GET /?sale/search/detail/?ITMCODE=5196680623 HTTP/1.1" 200 231175 "-" "Mozilla/5.0 (Linux; Android 6.0.1; Nexus 5X Build/MMB29P) AppleWebKit/537.36 (KHTML, like Gecko) Chrome/152.0.7977.82 Mobile Safari/537.36 (compatible; Googlebot/2.1; +http://www.google.com/bot.html)"
66.249.68.104 - - [13/Sep/2026:20:19:28 +0300] "GET /?sale/search/detail/?ITMCODE=519516462 HTTP/1.1" 200 205928 "-" "Mozilla/5.0 (Linux; Android 6.0.1; Nexus 5X Build/MMB29P) AppleWebKit/537.36 (KHTML, like Gecko) Chrome/152.0.7977.82 Mobile Safari/537.36 (compatible; Googlebot/2.1; +http://www.google.com/bot.html)"
85.208.96.205 - - [13/Sep/2026:20:19:34 +0300] "GET /?sale%2Fsearch%2Fdetail%2F%3FITMCODE=519776197208 HTTP/1.1" 200 11138 "-" "Mozilla/5.0 (compatible; SemrushBot/7~bl; +http://www.semrush.com/bot.html)"
66.249.68.96 - - [13/Sep/2026:20:19:34 +0300] "GET /?sale/search/detail/?ITMCODE=52002691147 HTTP/1.1" 200 194622 "-" "Mozilla/5.0 (Linux; Android 6.0.1; Nexus 5X Build/MMB29P) AppleWebKit/537.36 (KHTML, like Gecko) Chrome/152.0.7977.82 Mobile Safari/537.36 (compatible; Googlebot/2.1; +http://www.google.com/bot.html)"
66.249.68.96 - - [13/Sep/2026:20:19:35 +0300] "GET /?sale/search/detail/?ITMCODE=51981945103 HTTP/1.1" 200 199628 "-" "Mozilla/5.0 (Linux; Android 6.0.1; Nexus 5X Build/MMB29P) AppleWebKit/537.36 (KHTML, like Gecko) Chrome/152.0.7977.82 Mobile Safari/537.36 (compatible; Googlebot/2.1; +http://www.google.com/bot.html)"
66.249.68.98 - - [13/Sep/2026:20:19:46 +0300] "GET /?sale/search/detail/?ITMCODE=52002680860 HTTP/1.1" 200 195281 "-" "Mozilla/5.0 (Linux; Android 6.0.1; Nexus 5X Build/MMB29P) AppleWebKit/537.36 (KHTML, like Gecko) Chrome/152.0.7977.82 Mobile Safari/537.36 (compatible; Googlebot/2.1; +http://www.google.com/bot.html)"
66.249.68.104 - - [13/Sep/2026:20:19:50 +0300] "GET /?sale/search/detail/?ITMCODE=51971336135 HTTP/1.1" 200 199783 "-" "Mozilla/5.0 (Linux; Android 6.0.1; Nexus 5X Build/MMB29P) AppleWebKit/537.36 (KHTML, like Gecko) Chrome/152.0.7977.82 Mobile Safari/537.36 (compatible; Googlebot/2.1; +http://www.google.com/bot.html)"
66.249.68.97 - - [13/Sep/2026:20:19:52 +0300] "GET /?sale/search/detail/?ITMCODE=51971004387 HTTP/1.1" 200 203748 "-" "Mozilla/5.0 (Linux; Android 6.0.1; Nexus 5X Build/MMB29P) AppleWebKit/537.36 (KHTML, like Gecko) Chrome/152.0.7977.82 Mobile Safari/537.36 (compatible; Googlebot/2.1; +http://www.google.com/bot.html)"
185.191.171.18 - - [13/Sep/2026:20:19:53 +0300] "GET /?sale%2Fsearch%2Fdetail%2F%3FITMCODE=51966891635 HTTP/1.1" 200 11138 "-" "Mozilla/5.0 (compatible; SemrushBot/7~bl; +http://www.semrush.com/bot.html)"
66.249.68.100 - - [13/Sep/2026:20:19:55 +0300] "GET /?sale/search/detail/?ITMCODE=5196819310 HTTP/1.1" 200 194584 "-" "Mozilla/5.0 (Linux; Android 6.0.1; Nexus 5X Build/MMB29P) AppleWebKit/537.36 (KHTML, like Gecko) Chrome/152.0.7977.82 Mobile Safari/537.36 (compatible; Googlebot/2.1; +http://www.google.com/bot.html)"
66.249.68.104 - - [13/Sep/2026:20:19:56 +0300] "GET /?sale/search/detail/?ITMCODE=52002856274 HTTP/1.1" 200 194130 "-" "Mozilla/5.0 (Linux; Android 6.0.1; Nexus 5X Build/MMB29P) AppleWebKit/537.36 (KHTML, like Gecko) Chrome/152.0.7977.82 Mobile Safari/537.36 (compatible; Googlebot/2.1; +http://www.google.com/bot.html)"
66.249.68.96 - - [13/Sep/2026:20:20:07 +0300] "GET /?sale/search/detail/?ITMCODE=51981827114 HTTP/1.1" 200 197273 "-" "Mozilla/5.0 (Linux; Android 6.0.1; Nexus 5X Build/MMB29P) AppleWebKit/537.36 (KHTML, like Gecko) Chrome/152.0.7977.82 Mobile Safari/537.36 (compatible; Googlebot/2.1; +http://www.google.com/bot.html)"
66.249.68.105 - - [13/Sep/2026:20:20:08 +0300] "GET /?sale/search/detail/?ITMCODE=5195369389 HTTP/1.1" 200 199298 "-" "Mozilla/5.0 (Linux; Android 6.0.1; Nexus 5X Build/MMB29P) AppleWebKit/537.36 (KHTML, like Gecko) Chrome/152.0.7977.82 Mobile Safari/537.36 (compatible; Googlebot/2.1; +http://www.google.com/bot.html)"
66.249.68.97 - - [13/Sep/2026:20:20:09 +0300] "GET /?sale/search/detail/?ITMCODE=519580834 HTTP/1.1" 200 200418 "-" "Mozilla/5.0 (Linux; Android 6.0.1; Nexus 5X Build/MMB29P) AppleWebKit/537.36 (KHTML, like Gecko) Chrome/152.0.7977.82 Mobile Safari/537.36 (compatible; Googlebot/2.1; +http://www.google.com/bot.html)"
66.249.68.105 - - [13/Sep/2026:20:20:10 +0300] "GET /?sale/search/detail/?ITMCODE=5196966082 HTTP/1.1" 200 210034 "-" "Mozilla/5.0 (Linux; Android 6.0.1; Nexus 5X Build/MMB29P) AppleWebKit/537.36 (KHTML, like Gecko) Chrome/152.0.7977.82 Mobile Safari/537.36 (compatible; Googlebot/2.1; +http://www.google.com/bot.html)"
66.249.68.96 - - [13/Sep/2026:20:20:15 +0300] "GET /?sale/search/detail/?ITMCODE=51981709811 HTTP/1.1" 200 203038 "-" "Mozilla/5.0 (Linux; Android 6.0.1; Nexus 5X Build/MMB29P) AppleWebKit/537.36 (KHTML, like Gecko) Chrome/152.0.7977.82 Mobile Safari/537.36 (compatible; Googlebot/2.1; +http://www.google.com/bot.html)"
185.191.171.16 - - [13/Sep/2026:20:20:16 +0300] "GET /?sale%2Fsearch%2Fdetail%2F%3FITMCODE=51956292722 HTTP/1.1" 200 11138 "-" "Mozilla/5.0 (compatible; SemrushBot/7~bl; +http://www.semrush.com/bot.html)"
66.249.68.104 - - [13/Sep/2026:20:20:19 +0300] "GET /?sale/search/detail/?ITMCODE=51992264041 HTTP/1.1" 200 213299 "-" "Mozilla/5.0 (Linux; Android 6.0.1; Nexus 5X Build/MMB29P) AppleWebKit/537.36 (KHTML, like Gecko) Chrome/152.0.7977.82 Mobile Safari/537.36 (compatible; Googlebot/2.1; +http://www.google.com/bot.html)"
66.249.68.96 - - [13/Sep/2026:20:20:19 +0300] "GET /?sale/search/detail/?ITMCODE=52002759593 HTTP/1.1" 200 203664 "-" "Mozilla/5.0 (Linux; Android 6.0.1; Nexus 5X Build/MMB29P) AppleWebKit/537.36 (KHTML, like Gecko) Chrome/152.0.7977.82 Mobile Safari/537.36 (compatible; Googlebot/2.1; +http://www.google.com/bot.html)"
185.191.171.1 - - [13/Sep/2026:20:20:21 +0300] "GET /?sale%2Fsearch%2Fdetail%2F%3FITMCODE=520074719673 HTTP/1.1" 200 11138 "-" "Mozilla/5.0 (compatible; SemrushBot/7~bl; +http://www.semrush.com/bot.html)"
66.249.68.105 - - [13/Sep/2026:20:20:24 +0300] "GET /?sale/search/detail/?ITMCODE=51981775230 HTTP/1.1" 200 215293 "-" "Mozilla/5.0 (Linux; Android 6.0.1; Nexus 5X Build/MMB29P) AppleWebKit/537.36 (KHTML, like Gecko) Chrome/152.0.7977.82 Mobile Safari/537.36 (compatible; Googlebot/2.1; +http://www.google.com/bot.html)"
66.249.68.105 - - [13/Sep/2026:20:20:28 +0300] "GET /?sale/search/detail/?ITMCODE=51971107221 HTTP/1.1" 200 215283 "-" "Mozilla/5.0 (compatible; Googlebot/2.1; +http://www.google.com/bot.html)"
66.249.68.96 - - [13/Sep/2026:20:20:28 +0300] "GET /?sale/search/detail/?ITMCODE=51971028747 HTTP/1.1" 200 223636 "-" "Mozilla/5.0 (Linux; Android 6.0.1; Nexus 5X Build/MMB29P) AppleWebKit/537.36 (KHTML, like Gecko) Chrome/152.0.7977.82 Mobile Safari/537.36 (compatible; Googlebot/2.1; +http://www.google.com/bot.html)"
66.249.68.97 - - [13/Sep/2026:20:20:36 +0300] "GET /?sale/search/detail/?ITMCODE=52002552238 HTTP/1.1" 200 209565 "-" "Mozilla/5.0 (Linux; Android 6.0.1; Nexus 5X Build/MMB29P) AppleWebKit/537.36 (KHTML, like Gecko) Chrome/152.0.7977.82 Mobile Safari/537.36 (compatible; Googlebot/2.1; +http://www.google.com/bot.html)"
66.249.68.96 - - [13/Sep/2026:20:20:36 +0300] "GET /?sale/search/detail/?ITMCODE=51971206385 HTTP/1.1" 200 194250 "-" "Mozilla/5.0 (Linux; Android 6.0.1; Nexus 5X Build/MMB29P) AppleWebKit/537.36 (KHTML, like Gecko) Chrome/152.0.7977.82 Mobile Safari/537.36 (compatible; Googlebot/2.1; +http://www.google.com/bot.html)"
66.249.68.99 - - [13/Sep/2026:20:20:39 +0300] "GET /?sale/search/detail/?ITMCODE=51981846618 HTTP/1.1" 200 205102 "-" "Mozilla/5.0 (Linux; Android 6.0.1; Nexus 5X Build/MMB29P) AppleWebKit/537.36 (KHTML, like Gecko) Chrome/152.0.7977.82 Mobile Safari/537.36 (compatible; Googlebot/2.1; +http://www.google.com/bot.html)"
185.191.171.11 - - [13/Sep/2026:20:20:40 +0300] "GET /?sale%2Fsearch%2Fdetail%2F%3FITMCODE=519636835339 HTTP/1.1" 200 11138 "-" "Mozilla/5.0 (compatible; SemrushBot/7~bl; +http://www.semrush.com/bot.html)"
185.191.171.6 - - [13/Sep/2026:20:20:45 +0300] "GET /?sale%2Fsearch%2Fdetail%2F%3FITMCODE=5196102966940 HTTP/1.1" 200 11138 "-" "Mozilla/5.0 (compatible; SemrushBot/7~bl; +http://www.semrush.com/bot.html)"
66.249.68.104 - - [13/Sep/2026:20:20:48 +0300] "GET /?sale/search/detail/?ITMCODE=51971423398 HTTP/1.1" 200 195083 "-" "Mozilla/5.0 (Linux; Android 6.0.1; Nexus 5X Build/MMB29P) AppleWebKit/537.36 (KHTML, like Gecko) Chrome/152.0.7977.82 Mobile Safari/537.36 (compatible; Googlebot/2.1; +http://www.google.com/bot.html)"
66.249.68.101 - - [13/Sep/2026:20:20:49 +0300] "GET /?sale/search/detail/?ITMCODE=51971395148 HTTP/1.1" 200 216177 "-" "Mozilla/5.0 (Linux; Android 6.0.1; Nexus 5X Build/MMB29P) AppleWebKit/537.36 (KHTML, like Gecko) Chrome/152.0.7977.82 Mobile Safari/537.36 (compatible; Googlebot/2.1; +http://www.google.com/bot.html)"
66.249.68.105 - - [13/Sep/2026:20:20:53 +0300] "GET /?sale/search/detail/?ITMCODE=52002610810 HTTP/1.1" 200 198757 "-" "Mozilla/5.0 (Linux; Android 6.0.1; Nexus 5X Build/MMB29P) AppleWebKit/537.36 (KHTML, like Gecko) Chrome/152.0.7977.82 Mobile Safari/537.36 (compatible; Googlebot/2.1; +http://www.google.com/bot.html)"
66.249.68.97 - - [13/Sep/2026:20:20:54 +0300] "GET /?sale/search/detail/?ITMCODE=51971480549 HTTP/1.1" 200 215505 "-" "Mozilla/5.0 (Linux; Android 6.0.1; Nexus 5X Build/MMB29P) AppleWebKit/537.36 (KHTML, like Gecko) Chrome/152.0.7977.82 Mobile Safari/537.36 (compatible; Googlebot/2.1; +http://www.google.com/bot.html)"
66.249.68.102 - - [13/Sep/2026:20:20:54 +0300] "GET /?sale/search/detail/?ITMCODE=51992155793 HTTP/1.1" 200 204235 "-" "Mozilla/5.0 (Linux; Android 6.0.1; Nexus 5X Build/MMB29P) AppleWebKit/537.36 (KHTML, like Gecko) Chrome/152.0.7977.82 Mobile Safari/537.36 (compatible; Googlebot/2.1; +http://www.google.com/bot.html)"
66.249.68.97 - - [13/Sep/2026:20:20:55 +0300] "GET /?sale/search/detail/?ITMCODE=5195165269 HTTP/1.1" 200 194139 "-" "Mozilla/5.0 (Linux; Android 6.0.1; Nexus 5X Build/MMB29P) AppleWebKit/537.36 (KHTML, like Gecko) Chrome/152.0.7977.82 Mobile Safari/537.36 (compatible; Googlebot/2.1; +http://www.google.com/bot.html)"
66.249.68.97 - - [13/Sep/2026:20:20:57 +0300] "GET /?sale/search/detail/?ITMCODE=51992460163 HTTP/1.1" 200 207790 "-" "Mozilla/5.0 (Linux; Android 6.0.1; Nexus 5X Build/MMB29P) AppleWebKit/537.36 (KHTML, like Gecko) Chrome/152.0.7977.82 Mobile Safari/537.36 (compatible; Googlebot/2.1; +http://www.google.com/bot.html)"
185.191.171.2 - - [13/Sep/2026:20:20:58 +0300] "GET /?sale%2Fsearch%2Fdetail%2F%3FITMCODE=52005655103 HTTP/1.1" 200 11138 "-" "Mozilla/5.0 (compatible; SemrushBot/7~bl; +http://www.semrush.com/bot.html)"
66.249.68.98 - - [13/Sep/2026:20:20:58 +0300] "GET /?sale/search/detail/?ITMCODE=51992338118 HTTP/1.1" 200 196533 "-" "Mozilla/5.0 (Linux; Android 6.0.1; Nexus 5X Build/MMB29P) AppleWebKit/537.36 (KHTML, like Gecko) Chrome/152.0.7977.82 Mobile Safari/537.36 (compatible; Googlebot/2.1; +http://www.google.com/bot.html)"
66.249.68.105 - - [13/Sep/2026:20:21:07 +0300] "GET /?sale/search/detail/?ITMCODE=51992264466 HTTP/1.1" 200 197349 "-" "Mozilla/5.0 (Linux; Android 6.0.1; Nexus 5X Build/MMB29P) AppleWebKit/537.36 (KHTML, like Gecko) Chrome/152.0.7977.82 Mobile Safari/537.36 (compatible; Googlebot/2.1; +http://www.google.com/bot.html)"
66.249.68.104 - - [13/Sep/2026:20:21:10 +0300] "GET /?sale/search/detail/?ITMCODE=51981647164 HTTP/1.1" 200 194869 "-" "Mozilla/5.0 (Linux; Android 6.0.1; Nexus 5X Build/MMB29P) AppleWebKit/537.36 (KHTML, like Gecko) Chrome/152.0.7977.82 Mobile Safari/537.36 (compatible; Googlebot/2.1; +http://www.google.com/bot.html)"
185.191.171.9 - - [13/Sep/2026:20:21:23 +0300] "GET /?sale%2Fsearch%2Fdetail%2F%3FITMCODE=519926164847 HTTP/1.1" 200 11138 "-" "Mozilla/5.0 (compatible; SemrushBot/7~bl; +http://www.semrush.com/bot.html)"
66.249.68.105 - - [13/Sep/2026:20:21:59 +0300] "GET /?sale/search/detail/?ITMCODE=51971199872 HTTP/1.1" 200 197670 "-" "Mozilla/5.0 (Linux; Android 6.0.1; Nexus 5X Build/MMB29P) AppleWebKit/537.36 (KHTML, like Gecko) Chrome/152.0.7977.82 Mobile Safari/537.36 (compatible; Googlebot/2.1; +http://www.google.com/bot.html)"
43.135.133.194 - - [13/Sep/2026:20:22:12 +0300] "GET / HTTP/1.1" 200 11120 "-" "Mozilla/5.0 (iPhone; CPU iPhone OS 13_2_3 like Mac OS X) AppleWebKit/605.1.15 (KHTML, like Gecko) Version/13.0.3 Mobile/15E148 Safari/604.1"
85.208.96.193 - - [13/Sep/2026:20:22:22 +0300] "GET /?sale%2Fsearch%2Fdetail%2F%3FITMCODE=519822811423 HTTP/1.1" 200 11138 "-" "Mozilla/5.0 (compatible; SemrushBot/7~bl; +http://www.semrush.com/bot.html)"
66.249.68.105 - - [13/Sep/2026:20:22:22 +0300] "GET /?sale/search/detail/?ITMCODE=51971379668 HTTP/1.1" 200 194739 "-" "Mozilla/5.0 (Linux; Android 6.0.1; Nexus 5X Build/MMB29P) AppleWebKit/537.36 (KHTML, like Gecko) Chrome/152.0.7977.82 Mobile Safari/537.36 (compatible; Googlebot/2.1; +http://www.google.com/bot.html)"
185.191.171.13 - - [13/Sep/2026:20:22:24 +0300] "GET /?sale%2Fsearch%2Fdetail%2F%3FITMCODE=519713064692 HTTP/1.1" 200 11138 "-" "Mozilla/5.0 (compatible; SemrushBot/7~bl; +http://www.semrush.com/bot.html)"
66.249.68.105 - - [13/Sep/2026:20:22:25 +0300] "GET /?sale/search/detail/?ITMCODE=51971470025 HTTP/1.1" 200 201358 "-" "Mozilla/5.0 (Linux; Android 6.0.1; Nexus 5X Build/MMB29P) AppleWebKit/537.36 (KHTML, like Gecko) Chrome/152.0.7977.82 Mobile Safari/537.36 (compatible; Googlebot/2.1; +http://www.google.com/bot.html)"
66.249.68.104 - - [13/Sep/2026:20:22:29 +0300] "GET /?sale/search/detail/?ITMCODE=51971301338 HTTP/1.1" 200 213015 "-" "Mozilla/5.0 (Linux; Android 6.0.1; Nexus 5X Build/MMB29P) AppleWebKit/537.36 (KHTML, like Gecko) Chrome/152.0.7977.82 Mobile Safari/537.36 (compatible; Googlebot/2.1; +http://www.google.com/bot.html)"
66.249.68.104 - - [13/Sep/2026:20:22:33 +0300] "GET /?sale/search/detail/?ITMCODE=5195193301 HTTP/1.1" 200 208514 "-" "Mozilla/5.0 (Linux; Android 6.0.1; Nexus 5X Build/MMB29P) AppleWebKit/537.36 (KHTML, like Gecko) Chrome/152.0.7977.82 Mobile Safari/537.36 (compatible; Googlebot/2.1; +http://www.google.com/bot.html)"
66.249.68.101 - - [13/Sep/2026:20:22:47 +0300] "GET /?sale/search/detail/?ITMCODE=5196611630 HTTP/1.1" 200 200577 "-" "Mozilla/5.0 (Linux; Android 6.0.1; Nexus 5X Build/MMB29P) AppleWebKit/537.36 (KHTML, like Gecko) Chrome/152.0.7977.82 Mobile Safari/537.36 (compatible; Googlebot/2.1; +http://www.google.com/bot.html)"
66.249.68.100 - - [13/Sep/2026:20:22:48 +0300] "GET /?sale/search/detail/?ITMCODE=51992226585 HTTP/1.1" 200 197280 "-" "Mozilla/5.0 (Linux; Android 6.0.1; Nexus 5X Build/MMB29P) AppleWebKit/537.36 (KHTML, like Gecko) Chrome/152.0.7977.82 Mobile Safari/537.36 (compatible; Googlebot/2.1; +http://www.google.com/bot.html)"
66.249.68.101 - - [13/Sep/2026:20:22:49 +0300] "GET /?sale/search/detail/?ITMCODE=52002745281 HTTP/1.1" 200 218888 "-" "Mozilla/5.0 (Linux; Android 6.0.1; Nexus 5X Build/MMB29P) AppleWebKit/537.36 (KHTML, like Gecko) Chrome/152.0.7977.82 Mobile Safari/537.36 (compatible; Googlebot/2.1; +http://www.google.com/bot.html)"
66.249.68.99 - - [13/Sep/2026:20:22:49 +0300] "GET /?sale/search/detail/?ITMCODE=52002839345 HTTP/1.1" 200 200821 "-" "Mozilla/5.0 (Linux; Android 6.0.1; Nexus 5X Build/MMB29P) AppleWebKit/537.36 (KHTML, like Gecko) Chrome/152.0.7977.82 Mobile Safari/537.36 (compatible; Googlebot/2.1; +http://www.google.com/bot.html)"
66.249.68.98 - - [13/Sep/2026:20:22:50 +0300] "GET /?sale/search/detail/?ITMCODE=5196501499 HTTP/1.1" 200 200969 "-" "Mozilla/5.0 (Linux; Android 6.0.1; Nexus 5X Build/MMB29P) AppleWebKit/537.36 (KHTML, like Gecko) Chrome/152.0.7977.82 Mobile Safari/537.36 (compatible; Googlebot/2.1; +http://www.google.com/bot.html)"
66.249.68.97 - - [13/Sep/2026:20:22:51 +0300] "GET /?sale/search/detail/?ITMCODE=5195139442 HTTP/1.1" 200 201269 "-" "Mozilla/5.0 (Linux; Android 6.0.1; Nexus 5X Build/MMB29P) AppleWebKit/537.36 (KHTML, like Gecko) Chrome/152.0.7977.82 Mobile Safari/537.36 (compatible; Googlebot/2.1; +http://www.google.com/bot.html)"
66.249.68.101 - - [13/Sep/2026:20:22:52 +0300] "GET /?sale/search/detail/?ITMCODE=5196782731 HTTP/1.1" 200 207045 "-" "Mozilla/5.0 (Linux; Android 6.0.1; Nexus 5X Build/MMB29P) AppleWebKit/537.36 (KHTML, like Gecko) Chrome/152.0.7977.82 Mobile Safari/537.36 (compatible; Googlebot/2.1; +http://www.google.com/bot.html)"
66.249.68.103 - - [13/Sep/2026:20:23:03 +0300] "GET /?sale/search/detail/?ITMCODE=52002991313 HTTP/1.1" 200 194974 "-" "Mozilla/5.0 (Linux; Android 6.0.1; Nexus 5X Build/MMB29P) AppleWebKit/537.36 (KHTML, like Gecko) Chrome/152.0.7977.82 Mobile Safari/537.36 (compatible; Googlebot/2.1; +http://www.google.com/bot.html)"
66.249.68.104 - - [13/Sep/2026:20:23:04 +0300] "GET /?sale/search/detail/?ITMCODE=5195108122 HTTP/1.1" 200 197283 "-" "Mozilla/5.0 (Linux; Android 6.0.1; Nexus 5X Build/MMB29P) AppleWebKit/537.36 (KHTML, like Gecko) Chrome/152.0.7977.82 Mobile Safari/537.36 (compatible; Googlebot/2.1; +http://www.google.com/bot.html)"
66.249.68.101 - - [13/Sep/2026:20:23:05 +0300] "GET /?sale/search/detail/?ITMCODE=51981511672 HTTP/1.1" 200 194455 "-" "Mozilla/5.0 (Linux; Android 6.0.1; Nexus 5X Build/MMB29P) AppleWebKit/537.36 (KHTML, like Gecko) Chrome/152.0.7977.82 Mobile Safari/537.36 (compatible; Googlebot/2.1; +http://www.google.com/bot.html)"
66.249.68.100 - - [13/Sep/2026:20:23:05 +0300] "GET /?sale/search/detail/?ITMCODE=52002541860 HTTP/1.1" 200 196957 "-" "Mozilla/5.0 (Linux; Android 6.0.1; Nexus 5X Build/MMB29P) AppleWebKit/537.36 (KHTML, like Gecko) Chrome/152.0.7977.82 Mobile Safari/537.36 (compatible; Googlebot/2.1; +http://www.google.com/bot.html)"
66.249.68.96 - - [13/Sep/2026:20:23:05 +0300] "GET /?sale/search/detail/?ITMCODE=5196662444 HTTP/1.1" 200 194555 "-" "Mozilla/5.0 (Linux; Android 6.0.1; Nexus 5X Build/MMB29P) AppleWebKit/537.36 (KHTML, like Gecko) Chrome/152.0.7977.82 Mobile Safari/537.36 (compatible; Googlebot/2.1; +http://www.google.com/bot.html)"
66.249.68.98 - - [13/Sep/2026:20:23:06 +0300] "GET /?sale/search/detail/?ITMCODE=5196893604 HTTP/1.1" 200 202879 "-" "Mozilla/5.0 (Linux; Android 6.0.1; Nexus 5X Build/MMB29P) AppleWebKit/537.36 (KHTML, like Gecko) Chrome/152.0.7977.82 Mobile Safari/537.36 (compatible; Googlebot/2.1; +http://www.google.com/bot.html)"
66.249.68.102 - - [13/Sep/2026:20:23:08 +0300] "GET /?sale/search/detail/?ITMCODE=5195377490 HTTP/1.1" 200 196841 "-" "Mozilla/5.0 (Linux; Android 6.0.1; Nexus 5X Build/MMB29P) AppleWebKit/537.36 (KHTML, like Gecko) Chrome/152.0.7977.82 Mobile Safari/537.36 (compatible; Googlebot/2.1; +http://www.google.com/bot.html)"
66.249.68.100 - - [13/Sep/2026:20:23:10 +0300] "GET /?sale/search/detail/?ITMCODE=5196765228 HTTP/1.1" 200 195851 "-" "Mozilla/5.0 (Linux; Android 6.0.1; Nexus 5X Build/MMB29P) AppleWebKit/537.36 (KHTML, like Gecko) Chrome/152.0.7977.82 Mobile Safari/537.36 (compatible; Googlebot/2.1; +http://www.google.com/bot.html)"
85.208.96.198 - - [13/Sep/2026:20:23:42 +0300] "GET /?sale%2Fsearch%2Fdetail%2F%3FITMCODE=51998134491 HTTP/1.1" 200 11138 "-" "Mozilla/5.0 (compatible; SemrushBot/7~bl; +http://www.semrush.com/bot.html)"
85.208.96.198 - - [13/Sep/2026:20:23:58 +0300] "GET /?sale%2Fsearch%2Fdetail%2F%3FITMCODE=5196105826821 HTTP/1.1" 200 11138 "-" "Mozilla/5.0 (compatible; SemrushBot/7~bl; +http://www.semrush.com/bot.html)"
85.208.96.198 - - [13/Sep/2026:20:24:04 +0300] "GET /?sale%2Fsearch%2Fdetail%2F%3FITMCODE=5200104826921 HTTP/1.1" 200 11138 "-" "Mozilla/5.0 (compatible; SemrushBot/7~bl; +http://www.semrush.com/bot.html)"
85.208.96.196 - - [13/Sep/2026:20:24:13 +0300] "GET /?sale%2Fsearch%2Fdetail%2F%3FITMCODE=52008643303 HTTP/1.1" 200 11138 "-" "Mozilla/5.0 (compatible; SemrushBot/7~bl; +http://www.semrush.com/bot.html)"
185.191.171.9 - - [13/Sep/2026:20:25:56 +0300] "GET /?sale%2Fsearch%2Fdetail%2F%3FITMCODE=51984926039 HTTP/1.1" 200 11138 "-" "Mozilla/5.0 (compatible; SemrushBot/7~bl; +http://www.semrush.com/bot.html)"
85.208.96.196 - - [13/Sep/2026:20:26:10 +0300] "GET /?sale%2Fsearch%2Fdetail%2F%3FITMCODE=519810837784 HTTP/1.1" 200 11138 "-" "Mozilla/5.0 (compatible; SemrushBot/7~bl; +http://www.semrush.com/bot.html)"
66.249.68.96 - - [13/Sep/2026:20:26:56 +0300] "GET /?sale/search/detail/?ITMCODE=52002738872 HTTP/1.1" 200 202482 "-" "Mozilla/5.0 (Linux; Android 6.0.1; Nexus 5X Build/MMB29P) AppleWebKit/537.36 (KHTML, like Gecko) Chrome/152.0.7977.82 Mobile Safari/537.36 (compatible; Googlebot/2.1; +http://www.google.com/bot.html)"
40.77.167.73 - - [13/Sep/2026:20:26:58 +0300] "GET /shop/pg/5196750377 HTTP/1.1" 200 198952 "-" "Mozilla/5.0 AppleWebKit/537.36 (KHTML, like Gecko; compatible; bingbot/2.0; +http://www.bing.com/bingbot.htm) Chrome/116.0.1938.76 Safari/537.36"
85.208.96.202 - - [13/Sep/2026:20:27:51 +0300] "GET /?sale%2Fsearch%2Fdetail%2F%3FITMCODE=519710100497 HTTP/1.1" 200 11138 "-" "Mozilla/5.0 (compatible; SemrushBot/7~bl; +http://www.semrush.com/bot.html)"
185.191.171.5 - - [13/Sep/2026:20:28:00 +0300] "GET /?sale%2Fsearch%2Fdetail%2F%3FITMCODE=51987820195 HTTP/1.1" 200 11138 "-" "Mozilla/5.0 (compatible; SemrushBot/7~bl; +http://www.semrush.com/bot.html)"
66.249.68.104 - - [13/Sep/2026:20:28:31 +0300] "GET /?sale/search/detail/?ITMCODE=51981619259 HTTP/1.1" 200 202664 "-" "Mozilla/5.0 (Linux; Android 6.0.1; Nexus 5X Build/MMB29P) AppleWebKit/537.36 (KHTML, like Gecko) Chrome/152.0.7977.82 Mobile Safari/537.36 (compatible; Googlebot/2.1; +http://www.google.com/bot.html)"
66.249.68.104 - - [13/Sep/2026:20:28:35 +0300] "GET /?sale/search/detail/?ITMCODE=52002722036 HTTP/1.1" 200 199010 "-" "Mozilla/5.0 (Linux; Android 6.0.1; Nexus 5X Build/MMB29P) AppleWebKit/537.36 (KHTML, like Gecko) Chrome/152.0.7977.82 Mobile Safari/537.36 (compatible; Googlebot/2.1; +http://www.google.com/bot.html)"
66.249.68.104 - - [13/Sep/2026:20:28:53 +0300] "GET /?sale/search/detail/?ITMCODE=5196869674 HTTP/1.1" 200 196848 "-" "Mozilla/5.0 (Linux; Android 6.0.1; Nexus 5X Build/MMB29P) AppleWebKit/537.36 (KHTML, like Gecko) Chrome/152.0.7977.82 Mobile Safari/537.36 (compatible; Googlebot/2.1; +http://www.google.com/bot.html)"
66.249.68.96 - - [13/Sep/2026:20:29:05 +0300] "GET /?sale/search/detail/?ITMCODE=51971093682 HTTP/1.1" 200 193659 "-" "Mozilla/5.0 (Linux; Android 6.0.1; Nexus 5X Build/MMB29P) AppleWebKit/537.36 (KHTML, like Gecko) Chrome/152.0.7977.82 Mobile Safari/537.36 (compatible; Googlebot/2.1; +http://www.google.com/bot.html)"
66.249.68.104 - - [13/Sep/2026:20:29:26 +0300] "GET /?sale/search/detail/?ITMCODE=5195108685 HTTP/1.1" 200 232928 "-" "Mozilla/5.0 (Linux; Android 6.0.1; Nexus 5X Build/MMB29P) AppleWebKit/537.36 (KHTML, like Gecko) Chrome/152.0.7977.82 Mobile Safari/537.36 (compatible; Googlebot/2.1; +http://www.google.com/bot.html)"
66.249.68.104 - - [13/Sep/2026:20:29:37 +0300] "GET /?sale/search/detail/?ITMCODE=52002943543 HTTP/1.1" 200 195848 "-" "Mozilla/5.0 (Linux; Android 6.0.1; Nexus 5X Build/MMB29P) AppleWebKit/537.36 (KHTML, like Gecko) Chrome/152.0.7977.82 Mobile Safari/537.36 (compatible; Googlebot/2.1; +http://www.google.com/bot.html)"
66.249.68.104 - - [13/Sep/2026:20:29:52 +0300] "GET /?sale/search/detail/?ITMCODE=51981819893 HTTP/1.1" 200 201227 "-" "Mozilla/5.0 (Linux; Android 6.0.1; Nexus 5X Build/MMB29P) AppleWebKit/537.36 (KHTML, like Gecko) Chrome/152.0.7977.82 Mobile Safari/537.36 (compatible; Googlebot/2.1; +http://www.google.com/bot.html)"
66.249.68.104 - - [13/Sep/2026:20:29:59 +0300] "GET /?sale/search/detail/?ITMCODE=51971320840 HTTP/1.1" 200 207219 "-" "Mozilla/5.0 (Linux; Android 6.0.1; Nexus 5X Build/MMB29P) AppleWebKit/537.36 (KHTML, like Gecko) Chrome/152.0.7977.82 Mobile Safari/537.36 (compatible; Googlebot/2.1; +http://www.google.com/bot.html)"
66.249.68.104 - - [13/Sep/2026:20:30:07 +0300] "GET /?sale/search/detail/?ITMCODE=51971345337 HTTP/1.1" 200 206088 "-" "Mozilla/5.0 (Linux; Android 6.0.1; Nexus 5X Build/MMB29P) AppleWebKit/537.36 (KHTML, like Gecko) Chrome/152.0.7977.82 Mobile Safari/537.36 (compatible; Googlebot/2.1; +http://www.google.com/bot.html)"
66.249.68.105 - - [13/Sep/2026:20:30:13 +0300] "GET /?sale/search/detail/?ITMCODE=51981568145 HTTP/1.1" 200 197543 "-" "Mozilla/5.0 (Linux; Android 6.0.1; Nexus 5X Build/MMB29P) AppleWebKit/537.36 (KHTML, like Gecko) Chrome/152.0.7977.82 Mobile Safari/537.36 (compatible; Googlebot/2.1; +http://www.google.com/bot.html)"
66.249.68.104 - - [13/Sep/2026:20:30:19 +0300] "GET /?sale/search/detail/?ITMCODE=52002765583 HTTP/1.1" 200 219462 "-" "Mozilla/5.0 (Linux; Android 6.0.1; Nexus 5X Build/MMB29P) AppleWebKit/537.36 (KHTML, like Gecko) Chrome/152.0.7977.82 Mobile Safari/537.36 (compatible; Googlebot/2.1; +http://www.google.com/bot.html)"
66.249.68.104 - - [13/Sep/2026:20:30:25 +0300] "GET /?sale/search/detail/?ITMCODE=5196941730 HTTP/1.1" 200 219142 "-" "Mozilla/5.0 (Linux; Android 6.0.1; Nexus 5X Build/MMB29P) AppleWebKit/537.36 (KHTML, like Gecko) Chrome/152.0.7977.82 Mobile Safari/537.36 (compatible; Googlebot/2.1; +http://www.google.com/bot.html)"
66.249.68.104 - - [13/Sep/2026:20:30:29 +0300] "GET /?sale/search/detail/?ITMCODE=5196945719 HTTP/1.1" 200 211835 "-" "Mozilla/5.0 (Linux; Android 6.0.1; Nexus 5X Build/MMB29P) AppleWebKit/537.36 (KHTML, like Gecko) Chrome/152.0.7977.82 Mobile Safari/537.36 (compatible; Googlebot/2.1; +http://www.google.com/bot.html)"
66.249.68.104 - - [13/Sep/2026:20:30:30 +0300] "GET /?sale/search/detail/?ITMCODE=51981518315 HTTP/1.1" 200 196082 "-" "Mozilla/5.0 (Linux; Android 6.0.1; Nexus 5X Build/MMB29P) AppleWebKit/537.36 (KHTML, like Gecko) Chrome/152.0.7977.82 Mobile Safari/537.36 (compatible; Googlebot/2.1; +http://www.google.com/bot.html)"
66.249.68.104 - - [13/Sep/2026:20:30:31 +0300] "GET /?sale/search/detail/?ITMCODE=51971230077 HTTP/1.1" 200 198426 "-" "Mozilla/5.0 (Linux; Android 6.0.1; Nexus 5X Build/MMB29P) AppleWebKit/537.36 (KHTML, like Gecko) Chrome/152.0.7977.82 Mobile Safari/537.36 (compatible; Googlebot/2.1; +http://www.google.com/bot.html)"
66.249.68.105 - - [13/Sep/2026:20:30:33 +0300] "GET /?sale/search/detail/?ITMCODE=51992067513 HTTP/1.1" 200 213403 "-" "Mozilla/5.0 (Linux; Android 6.0.1; Nexus 5X Build/MMB29P) AppleWebKit/537.36 (KHTML, like Gecko) Chrome/152.0.7977.82 Mobile Safari/537.36 (compatible; Googlebot/2.1; +http://www.google.com/bot.html)"
66.249.68.104 - - [13/Sep/2026:20:30:36 +0300] "GET /?sale/search/detail/?ITMCODE=5195209103 HTTP/1.1" 200 203377 "-" "Mozilla/5.0 (Linux; Android 6.0.1; Nexus 5X Build/MMB29P) AppleWebKit/537.36 (KHTML, like Gecko) Chrome/152.0.7977.82 Mobile Safari/537.36 (compatible; Googlebot/2.1; +http://www.google.com/bot.html)"
66.249.68.105 - - [13/Sep/2026:20:30:46 +0300] "GET /?sale/search/detail/?ITMCODE=5196794662 HTTP/1.1" 200 218481 "-" "Mozilla/5.0 (Linux; Android 6.0.1; Nexus 5X Build/MMB29P) AppleWebKit/537.36 (KHTML, like Gecko) Chrome/152.0.7977.82 Mobile Safari/537.36 (compatible; Googlebot/2.1; +http://www.google.com/bot.html)"
66.249.68.105 - - [13/Sep/2026:20:30:57 +0300] "GET /?sale/search/detail/?ITMCODE=519591146 HTTP/1.1" 200 197353 "-" "Mozilla/5.0 (Linux; Android 6.0.1; Nexus 5X Build/MMB29P) AppleWebKit/537.36 (KHTML, like Gecko) Chrome/152.0.7977.82 Mobile Safari/537.36 (compatible; Googlebot/2.1; +http://www.google.com/bot.html)"
66.249.68.104 - - [13/Sep/2026:20:30:58 +0300] "GET /?sale/search/detail/?ITMCODE=51981557894 HTTP/1.1" 200 200221 "-" "Mozilla/5.0 (Linux; Android 6.0.1; Nexus 5X Build/MMB29P) AppleWebKit/537.36 (KHTML, like Gecko) Chrome/152.0.7977.82 Mobile Safari/537.36 (compatible; Googlebot/2.1; +http://www.google.com/bot.html)"
85.208.96.200 - - [13/Sep/2026:20:31:01 +0300] "GET /?sale%2Fsearch%2Fdetail%2F%3FITMCODE=51987655866 HTTP/1.1" 200 11138 "-" "Mozilla/5.0 (compatible; SemrushBot/7~bl; +http://www.semrush.com/bot.html)"
66.249.68.105 - - [13/Sep/2026:20:31:08 +0300] "GET /?sale/search/detail/?ITMCODE=51981945358 HTTP/1.1" 200 195985 "-" "Mozilla/5.0 (Linux; Android 6.0.1; Nexus 5X Build/MMB29P) AppleWebKit/537.36 (KHTML, like Gecko) Chrome/152.0.7977.82 Mobile Safari/537.36 (compatible; Googlebot/2.1; +http://www.google.com/bot.html)"
66.249.68.105 - - [13/Sep/2026:20:31:10 +0300] "GET /?sale/search/detail/?ITMCODE=52002603725 HTTP/1.1" 200 200780 "-" "Mozilla/5.0 (Linux; Android 6.0.1; Nexus 5X Build/MMB29P) AppleWebKit/537.36 (KHTML, like Gecko) Chrome/152.0.7977.82 Mobile Safari/537.36 (compatible; Googlebot/2.1; +http://www.google.com/bot.html)"
85.208.96.207 - - [13/Sep/2026:20:32:01 +0300] "GET /?sale%2Fsearch%2Fdetail%2F%3FITMCODE=51974261321 HTTP/1.1" 200 11138 "-" "Mozilla/5.0 (compatible; SemrushBot/7~bl; +http://www.semrush.com/bot.html)"
85.208.96.200 - - [13/Sep/2026:20:32:25 +0300] "GET /?sale%2Fsearch%2Fdetail%2F%3FITMCODE=5198100518723 HTTP/1.1" 200 11138 "-" "Mozilla/5.0 (compatible; SemrushBot/7~bl; +http://www.semrush.com/bot.html)"
85.208.96.199 - - [13/Sep/2026:20:32:30 +0300] "GET /?sale%2Fsearch%2Fdetail%2F%3FITMCODE=51966780199 HTTP/1.1" 200 11138 "-" "Mozilla/5.0 (compatible; SemrushBot/7~bl; +http://www.semrush.com/bot.html)"
85.208.96.204 - - [13/Sep/2026:20:32:40 +0300] "GET /?sale%2Fsearch%2Fdetail%2F%3FITMCODE=520014824334 HTTP/1.1" 200 11138 "-" "Mozilla/5.0 (compatible; SemrushBot/7~bl; +http://www.semrush.com/bot.html)"
66.249.68.104 - - [13/Sep/2026:20:33:04 +0300] "GET /?sale/search/detail/?ITMCODE=5196549712 HTTP/1.1" 200 199936 "-" "Mozilla/5.0 (Linux; Android 6.0.1; Nexus 5X Build/MMB29P) AppleWebKit/537.36 (KHTML, like Gecko) Chrome/152.0.7977.82 Mobile Safari/537.36 (compatible; Googlebot/2.1; +http://www.google.com/bot.html)"
66.249.68.105 - - [13/Sep/2026:20:33:10 +0300] "GET /?sale/search/detail/?ITMCODE=5196562716 HTTP/1.1" 200 204149 "-" "Mozilla/5.0 (Linux; Android 6.0.1; Nexus 5X Build/MMB29P) AppleWebKit/537.36 (KHTML, like Gecko) Chrome/152.0.7977.82 Mobile Safari/537.36 (compatible; Googlebot/2.1; +http://www.google.com/bot.html)"
66.249.68.104 - - [13/Sep/2026:20:33:31 +0300] "GET /?sale/search/detail/?ITMCODE=51992388620 HTTP/1.1" 200 200292 "-" "Mozilla/5.0 (Linux; Android 6.0.1; Nexus 5X Build/MMB29P) AppleWebKit/537.36 (KHTML, like Gecko) Chrome/152.0.7977.82 Mobile Safari/537.36 (compatible; Googlebot/2.1; +http://www.google.com/bot.html)"
185.191.171.10 - - [13/Sep/2026:20:33:32 +0300] "GET /?sale%2Fsearch%2Fdetail%2F%3FITMCODE=5200101921690 HTTP/1.1" 200 11138 "-" "Mozilla/5.0 (compatible; SemrushBot/7~bl; +http://www.semrush.com/bot.html)"
66.249.68.104 - - [13/Sep/2026:20:33:49 +0300] "GET /?sale/search/detail/?ITMCODE=51981720366 HTTP/1.1" 200 196460 "-" "Mozilla/5.0 (Linux; Android 6.0.1; Nexus 5X Build/MMB29P) AppleWebKit/537.36 (KHTML, like Gecko) Chrome/152.0.7977.82 Mobile Safari/537.36 (compatible; Googlebot/2.1; +http://www.google.com/bot.html)"
66.249.68.104 - - [13/Sep/2026:20:33:59 +0300] "GET /?sale/search/detail/?ITMCODE=51992256427 HTTP/1.1" 200 228245 "-" "Mozilla/5.0 (Linux; Android 6.0.1; Nexus 5X Build/MMB29P) AppleWebKit/537.36 (KHTML, like Gecko) Chrome/152.0.7977.82 Mobile Safari/537.36 (compatible; Googlebot/2.1; +http://www.google.com/bot.html)"
85.208.96.206 - - [13/Sep/2026:20:34:37 +0300] "GET /?sale%2Fsearch%2Fdetail%2F%3FITMCODE=52002613695 HTTP/1.1" 200 11138 "-" "Mozilla/5.0 (compatible; SemrushBot/7~bl; +http://www.semrush.com/bot.html)"
185.191.171.9 - - [13/Sep/2026:20:34:51 +0300] "GET /?sale%2Fsearch%2Fdetail%2F%3FITMCODE=519722030258 HTTP/1.1" 200 11138 "-" "Mozilla/5.0 (compatible; SemrushBot/7~bl; +http://www.semrush.com/bot.html)"
85.208.96.212 - - [13/Sep/2026:20:34:52 +0300] "GET /?sale%2Fsearch%2Fdetail%2F%3FITMCODE=51974385821 HTTP/1.1" 200 11138 "-" "Mozilla/5.0 (compatible; SemrushBot/7~bl; +http://www.semrush.com/bot.html)"
185.191.171.12 - - [13/Sep/2026:20:36:03 +0300] "GET /?sale%2Fsearch%2Fdetail%2F%3FITMCODE=51959050587 HTTP/1.1" 200 11138 "-" "Mozilla/5.0 (compatible; SemrushBot/7~bl; +http://www.semrush.com/bot.html)"
18.191.71.3 - - [13/Sep/2026:20:36:06 +0300] "GET / HTTP/1.1" 200 11118 "-" "Go-http-client/1.1"
18.191.71.3 - - [13/Sep/2026:20:36:06 +0300] "GET /wp-includes/css/buttons.css HTTP/1.1" 404 1320 "-" "Go-http-client/1.1"
18.191.71.3 - - [13/Sep/2026:20:36:07 +0300] "GET /media/system/js/core.js HTTP/1.1" 200 8735 "-" "Go-http-client/1.1"
185.191.171.12 - - [13/Sep/2026:20:36:13 +0300] "GET /?sale%2Fsearch%2Fdetail%2F%3FITMCODE=519533285105 HTTP/1.1" 200 11138 "-" "Mozilla/5.0 (compatible; SemrushBot/7~bl; +http://www.semrush.com/bot.html)"
85.208.96.198 - - [13/Sep/2026:20:36:18 +0300] "GET /?sale%2Fsearch%2Fdetail%2F%3FITMCODE=5196102505071 HTTP/1.1" 200 11138 "-" "Mozilla/5.0 (compatible; SemrushBot/7~bl; +http://www.semrush.com/bot.html)"
185.191.171.3 - - [13/Sep/2026:20:36:52 +0300] "GET /?sale%2Fsearch%2Fdetail%2F%3FITMCODE=519825948345 HTTP/1.1" 200 11138 "-" "Mozilla/5.0 (compatible; SemrushBot/7~bl; +http://www.semrush.com/bot.html)"
207.46.13.7 - - [13/Sep/2026:20:37:26 +0300] "GET /shop/pg/5196755387 HTTP/1.1" 200 197668 "-" "Mozilla/5.0 AppleWebKit/537.36 (KHTML, like Gecko; compatible; bingbot/2.0; +http://www.bing.com/bingbot.htm) Chrome/116.0.1938.76 Safari/537.36"
85.208.96.194 - - [13/Sep/2026:20:37:42 +0300] "GET /?sale%2Fsearch%2Fdetail%2F%3FITMCODE=519512412863 HTTP/1.1" 200 11138 "-" "Mozilla/5.0 (compatible; SemrushBot/7~bl; +http://www.semrush.com/bot.html)"
85.208.96.203 - - [13/Sep/2026:20:37:56 +0300] "GET /?sale%2Fsearch%2Fdetail%2F%3FITMCODE=5198106520165 HTTP/1.1" 200 11138 "-" "Mozilla/5.0 (compatible; SemrushBot/7~bl; +http://www.semrush.com/bot.html)"
185.191.171.16 - - [13/Sep/2026:20:38:06 +0300] "GET /?sale%2Fsearch%2Fdetail%2F%3FITMCODE=520011825955 HTTP/1.1" 200 11138 "-" "Mozilla/5.0 (compatible; SemrushBot/7~bl; +http://www.semrush.com/bot.html)"
85.208.96.198 - - [13/Sep/2026:20:38:21 +0300] "GET /?sale%2Fsearch%2Fdetail%2F%3FITMCODE=5197100018566 HTTP/1.1" 200 11138 "-" "Mozilla/5.0 (compatible; SemrushBot/7~bl; +http://www.semrush.com/bot.html)"
66.249.68.105 - - [13/Sep/2026:20:38:22 +0300] "GET /?sale/search/detail/?ITMCODE=51971264809 HTTP/1.1" 200 195536 "-" "Mozilla/5.0 (Linux; Android 6.0.1; Nexus 5X Build/MMB29P) AppleWebKit/537.36 (KHTML, like Gecko) Chrome/152.0.7977.82 Mobile Safari/537.36 (compatible; Googlebot/2.1; +http://www.google.com/bot.html)"
85.208.96.209 - - [13/Sep/2026:20:38:50 +0300] "GET /?sale%2Fsearch%2Fdetail%2F%3FITMCODE=519527494538 HTTP/1.1" 200 11138 "-" "Mozilla/5.0 (compatible; SemrushBot/7~bl; +http://www.semrush.com/bot.html)"
85.208.96.207 - - [13/Sep/2026:20:38:57 +0300] "GET /?sale%2Fsearch%2Fdetail%2F%3FITMCODE=5197106376346 HTTP/1.1" 200 11138 "-" "Mozilla/5.0 (compatible; SemrushBot/7~bl; +http://www.semrush.com/bot.html)"
66.249.68.104 - - [13/Sep/2026:20:39:23 +0300] "GET /?sale/search/detail/?ITMCODE=51981600878 HTTP/1.1" 200 194611 "-" "Mozilla/5.0 (Linux; Android 6.0.1; Nexus 5X Build/MMB29P) AppleWebKit/537.36 (KHTML, like Gecko) Chrome/152.0.7977.82 Mobile Safari/537.36 (compatible; Googlebot/2.1; +http://www.google.com/bot.html)"
85.208.96.210 - - [13/Sep/2026:20:39:28 +0300] "GET /?sale%2Fsearch%2Fdetail%2F%3FITMCODE=5197100174106 HTTP/1.1" 200 11138 "-" "Mozilla/5.0 (compatible; SemrushBot/7~bl; +http://www.semrush.com/bot.html)"
185.191.171.14 - - [13/Sep/2026:20:39:44 +0300] "GET /?sale%2Fsearch%2Fdetail%2F%3FITMCODE=5197106310481 HTTP/1.1" 200 11138 "-" "Mozilla/5.0 (compatible; SemrushBot/7~bl; +http://www.semrush.com/bot.html)"
207.46.13.7 - - [13/Sep/2026:20:39:45 +0300] "GET /shop/pg/1076183 HTTP/1.1" 200 198397 "-" "Mozilla/5.0 AppleWebKit/537.36 (KHTML, like Gecko; compatible; bingbot/2.0; +http://www.bing.com/bingbot.htm) Chrome/116.0.1938.76 Safari/537.36"
66.249.68.104 - - [13/Sep/2026:20:40:29 +0300] "GET /?sale/search/detail/?ITMCODE=51981920570 HTTP/1.1" 200 199551 "-" "Mozilla/5.0 (Linux; Android 6.0.1; Nexus 5X Build/MMB29P) AppleWebKit/537.36 (KHTML, like Gecko) Chrome/152.0.7977.82 Mobile Safari/537.36 (compatible; Googlebot/2.1; +http://www.google.com/bot.html)"
66.249.68.104 - - [13/Sep/2026:20:40:30 +0300] "GET /?sale/search/detail/?ITMCODE=52002751732 HTTP/1.1" 200 219723 "-" "Mozilla/5.0 (Linux; Android 6.0.1; Nexus 5X Build/MMB29P) AppleWebKit/537.36 (KHTML, like Gecko) Chrome/152.0.7977.82 Mobile Safari/537.36 (compatible; Googlebot/2.1; +http://www.google.com/bot.html)"
185.191.171.4 - - [13/Sep/2026:20:40:38 +0300] "GET /?sale%2Fsearch%2Fdetail%2F%3FITMCODE=51963586608 HTTP/1.1" 200 11138 "-" "Mozilla/5.0 (compatible; SemrushBot/7~bl; +http://www.semrush.com/bot.html)"
185.191.171.12 - - [13/Sep/2026:20:41:02 +0300] "GET /?sale%2Fsearch%2Fdetail%2F%3FITMCODE=51995388483 HTTP/1.1" 200 11138 "-" "Mozilla/5.0 (compatible; SemrushBot/7~bl; +http://www.semrush.com/bot.html)"
185.191.171.13 - - [13/Sep/2026:20:42:20 +0300] "GET /?sale%2Fsearch%2Fdetail%2F%3FITMCODE=519527151763 HTTP/1.1" 200 11138 "-" "Mozilla/5.0 (compatible; SemrushBot/7~bl; +http://www.semrush.com/bot.html)"
185.191.171.11 - - [13/Sep/2026:20:42:28 +0300] "GET /?sale%2Fsearch%2Fdetail%2F%3FITMCODE=519911283845 HTTP/1.1" 200 11138 "-" "Mozilla/5.0 (compatible; SemrushBot/7~bl; +http://www.semrush.com/bot.html)"
185.191.171.15 - - [13/Sep/2026:20:42:30 +0300] "GET /?sale%2Fsearch%2Fdetail%2F%3FITMCODE=51981527383 HTTP/1.1" 200 11138 "-" "Mozilla/5.0 (compatible; SemrushBot/7~bl; +http://www.semrush.com/bot.html)"
85.208.96.208 - - [13/Sep/2026:20:42:49 +0300] "GET /?sale%2Fsearch%2Fdetail%2F%3FITMCODE=52008657216 HTTP/1.1" 200 11138 "-" "Mozilla/5.0 (compatible; SemrushBot/7~bl; +http://www.semrush.com/bot.html)"
66.249.68.96 - - [13/Sep/2026:20:43:06 +0300] "GET /?sale/search/detail/?ITMCODE=51992405058 HTTP/1.1" 200 199756 "-" "Mozilla/5.0 (Linux; Android 6.0.1; Nexus 5X Build/MMB29P) AppleWebKit/537.36 (KHTML, like Gecko) Chrome/152.0.7977.82 Mobile Safari/537.36 (compatible; Googlebot/2.1; +http://www.google.com/bot.html)"
185.191.171.4 - - [13/Sep/2026:20:43:10 +0300] "GET /?sale%2Fsearch%2Fdetail%2F%3FITMCODE=52005841997 HTTP/1.1" 200 11138 "-" "Mozilla/5.0 (compatible; SemrushBot/7~bl; +http://www.semrush.com/bot.html)"
85.208.96.210 - - [13/Sep/2026:20:43:23 +0300] "GET /?sale%2Fsearch%2Fdetail%2F%3FITMCODE=51959077783 HTTP/1.1" 200 11138 "-" "Mozilla/5.0 (compatible; SemrushBot/7~bl; +http://www.semrush.com/bot.html)"
164.92.204.35 - - [13/Sep/2026:20:43:55 +0300] "HEAD /wp/ HTTP/1.1" 404 - "-" "Mozilla/5.0 (iPhone; CPU iPhone OS 16_7 like Mac OS X) AppleWebKit/605.1.15 (KHTML, like Gecko) Version/16.7 Mobile/15E148 Safari/604.1"
164.92.204.35 - - [13/Sep/2026:20:43:55 +0300] "HEAD /blog/ HTTP/1.1" 404 - "-" "Mozilla/5.0 (Linux; Android 14; SM-A146P) AppleWebKit/537.36 (KHTML, like Gecko) SamsungBrowser/25.0 Chrome/123.0.6312.120 Mobile Safari/537.36"
164.92.204.35 - - [13/Sep/2026:20:43:55 +0300] "HEAD /backup/ HTTP/1.1" 404 - "-" "Mozilla/5.0 (Macintosh; Intel Mac OS X 13_5) AppleWebKit/605.1.15 (KHTML, like Gecko) Version/16.5 Safari/605.1.15"
164.92.204.35 - - [13/Sep/2026:20:43:56 +0300] "HEAD /new/ HTTP/1.1" 404 - "-" "Mozilla/5.0 (iPhone; CPU iPhone OS 17_5 like Mac OS X) AppleWebKit/605.1.15 (KHTML, like Gecko) Version/17.5 Mobile/15E148 Safari/604.1"
164.92.204.35 - - [13/Sep/2026:20:43:56 +0300] "HEAD / HTTP/1.1" 200 - "-" "Mozilla/5.0 (Linux; U; Android 10; en-US; CPH2015) AppleWebKit/537.36 (KHTML, like Gecko) UCBrowser/13.5.8.1311 Mobile Safari/537.36"
164.92.204.35 - - [13/Sep/2026:20:43:56 +0300] "HEAD /wordpress/ HTTP/1.1" 404 - "-" "Mozilla/5.0 (Linux; Android 14; OnePlus 12) AppleWebKit/537.36 (KHTML, like Gecko) Chrome/125.0.6422.102 Mobile Safari/537.36"
164.92.204.35 - - [13/Sep/2026:20:43:56 +0300] "HEAD /old/ HTTP/1.1" 404 - "-" "Mozilla/5.0 (Linux; Android 13; Infinix X688B) AppleWebKit/537.36 (KHTML, like Gecko) Chrome/124.0.6367.48 Mobile Safari/537.36"
85.208.96.211 - - [13/Sep/2026:20:44:08 +0300] "GET /?sale%2Fsearch%2Fdetail%2F%3FITMCODE=519710131883 HTTP/1.1" 200 11138 "-" "Mozilla/5.0 (compatible; SemrushBot/7~bl; +http://www.semrush.com/bot.html)"
66.249.68.104 - - [13/Sep/2026:20:44:33 +0300] "GET /sale/search/detail/?ITMCODE=52002713935 HTTP/1.1" 200 204037 "-" "Mozilla/5.0 (Linux; Android 6.0.1; Nexus 5X Build/MMB29P) AppleWebKit/537.36 (KHTML, like Gecko) Chrome/152.0.7977.82 Mobile Safari/537.36 (compatible; Googlebot/2.1; +http://www.google.com/bot.html)"
185.191.171.9 - - [13/Sep/2026:20:44:46 +0300] "GET /?sale%2Fsearch%2Fdetail%2F%3FITMCODE=519770372155 HTTP/1.1" 200 11138 "-" "Mozilla/5.0 (compatible; SemrushBot/7~bl; +http://www.semrush.com/bot.html)"
66.249.68.105 - - [13/Sep/2026:20:44:58 +0300] "GET /index.php?sale/search/detail/?ITMCODE=5195315695 HTTP/1.1" 200 206804 "-" "Mozilla/5.0 (Linux; Android 6.0.1; Nexus 5X Build/MMB29P) AppleWebKit/537.36 (KHTML, like Gecko) Chrome/152.0.7977.82 Mobile Safari/537.36 (compatible; Googlebot/2.1; +http://www.google.com/bot.html)"
52.167.144.188 - - [13/Sep/2026:20:45:33 +0300] "GET /sale/search/detail/?ITMCODE=5196984388 HTTP/1.1" 200 211291 "-" "Mozilla/5.0 AppleWebKit/537.36 (KHTML, like Gecko; compatible; bingbot/2.0; +http://www.bing.com/bingbot.htm) Chrome/116.0.1938.76 Safari/537.36"
185.191.171.15 - - [13/Sep/2026:20:46:01 +0300] "GET /?sale%2Fsearch%2Fdetail%2F%3FITMCODE=520014684930 HTTP/1.1" 200 11138 "-" "Mozilla/5.0 (compatible; SemrushBot/7~bl; +http://www.semrush.com/bot.html)"
66.249.68.105 - - [13/Sep/2026:20:46:20 +0300] "GET /?sale/search/detail/?ITMCODE=51992266690 HTTP/1.1" 200 201244 "-" "Mozilla/5.0 (Linux; Android 6.0.1; Nexus 5X Build/MMB29P) AppleWebKit/537.36 (KHTML, like Gecko) Chrome/152.0.7977.82 Mobile Safari/537.36 (compatible; Googlebot/2.1; +http://www.google.com/bot.html)"
185.191.171.4 - - [13/Sep/2026:20:46:32 +0300] "GET /?sale%2Fsearch%2Fdetail%2F%3FITMCODE=52005502071 HTTP/1.1" 200 11138 "-" "Mozilla/5.0 (compatible; SemrushBot/7~bl; +http://www.semrush.com/bot.html)"
185.191.171.4 - - [13/Sep/2026:20:46:52 +0300] "GET /?sale%2Fsearch%2Fdetail%2F%3FITMCODE=519810819388 HTTP/1.1" 200 11138 "-" "Mozilla/5.0 (compatible; SemrushBot/7~bl; +http://www.semrush.com/bot.html)"
66.249.68.104 - - [13/Sep/2026:20:46:53 +0300] "GET /?sale/search/detail/?ITMCODE=5195261874 HTTP/1.1" 200 196524 "-" "Mozilla/5.0 (Linux; Android 6.0.1; Nexus 5X Build/MMB29P) AppleWebKit/537.36 (KHTML, like Gecko) Chrome/152.0.7977.82 Mobile Safari/537.36 (compatible; Googlebot/2.1; +http://www.google.com/bot.html)"
66.249.68.104 - - [13/Sep/2026:20:47:25 +0300] "GET /?sale/search/detail/?ITMCODE=5195245777 HTTP/1.1" 200 215665 "-" "Mozilla/5.0 (Linux; Android 6.0.1; Nexus 5X Build/MMB29P) AppleWebKit/537.36 (KHTML, like Gecko) Chrome/152.0.7977.82 Mobile Safari/537.36 (compatible; Googlebot/2.1; +http://www.google.com/bot.html)"
185.191.171.1 - - [13/Sep/2026:20:48:09 +0300] "GET /?sale%2Fsearch%2Fdetail%2F%3FITMCODE=51953274213 HTTP/1.1" 200 11138 "-" "Mozilla/5.0 (compatible; SemrushBot/7~bl; +http://www.semrush.com/bot.html)"
66.249.68.104 - - [13/Sep/2026:20:48:49 +0300] "GET /index.php?sale/search/detail/?ITMCODE=51992269121 HTTP/1.1" 200 209832 "-" "Mozilla/5.0 (Linux; Android 6.0.1; Nexus 5X Build/MMB29P) AppleWebKit/537.36 (KHTML, like Gecko) Chrome/152.0.7977.82 Mobile Safari/537.36 (compatible; Googlebot/2.1; +http://www.google.com/bot.html)"
66.249.68.105 - - [13/Sep/2026:20:49:16 +0300] "GET /index.php?sale/search/detail/?ITMCODE=5196980924 HTTP/1.1" 200 212859 "-" "Mozilla/5.0 (Linux; Android 6.0.1; Nexus 5X Build/MMB29P) AppleWebKit/537.36 (KHTML, like Gecko) Chrome/152.0.7977.82 Mobile Safari/537.36 (compatible; Googlebot/2.1; +http://www.google.com/bot.html)"
185.191.171.10 - - [13/Sep/2026:20:49:23 +0300] "GET /?sale%2Fsearch%2Fdetail%2F%3FITMCODE=519515338180 HTTP/1.1" 200 11138 "-" "Mozilla/5.0 (compatible; SemrushBot/7~bl; +http://www.semrush.com/bot.html)"
85.208.96.208 - - [13/Sep/2026:20:49:36 +0300] "GET /?sale%2Fsearch%2Fdetail%2F%3FITMCODE=519615753845 HTTP/1.1" 200 11138 "-" "Mozilla/5.0 (compatible; SemrushBot/7~bl; +http://www.semrush.com/bot.html)"
185.191.171.10 - - [13/Sep/2026:20:51:00 +0300] "GET /?sale%2Fsearch%2Fdetail%2F%3FITMCODE=51959224041 HTTP/1.1" 200 11138 "-" "Mozilla/5.0 (compatible; SemrushBot/7~bl; +http://www.semrush.com/bot.html)"
52.167.144.185 - - [13/Sep/2026:20:51:49 +0300] "GET /shop/pg/5196763734 HTTP/1.1" 200 195374 "-" "Mozilla/5.0 AppleWebKit/537.36 (KHTML, like Gecko; compatible; bingbot/2.0; +http://www.bing.com/bingbot.htm) Chrome/116.0.1938.76 Safari/537.36"
185.191.171.3 - - [13/Sep/2026:20:52:54 +0300] "GET /robots.txt HTTP/1.1" 200 836 "-" "Mozilla/5.0 (compatible; SemrushBot/7~bl; +http://www.semrush.com/bot.html)"
185.191.171.15 - - [13/Sep/2026:20:52:54 +0300] "GET /?sale%2Fsearch%2Fdetail%2F%3FITMCODE=5199104101248 HTTP/1.1" 200 11138 "-" "Mozilla/5.0 (compatible; SemrushBot/7~bl; +http://www.semrush.com/bot.html)"
85.208.96.196 - - [13/Sep/2026:20:53:17 +0300] "GET /?sale%2Fsearch%2Fdetail%2F%3FITMCODE=519615675457 HTTP/1.1" 200 11138 "-" "Mozilla/5.0 (compatible; SemrushBot/7~bl; +http://www.semrush.com/bot.html)"
185.191.171.15 - - [13/Sep/2026:20:54:22 +0300] "GET /?sale%2Fsearch%2Fdetail%2F%3FITMCODE=519770491280 HTTP/1.1" 200 11138 "-" "Mozilla/5.0 (compatible; SemrushBot/7~bl; +http://www.semrush.com/bot.html)"
85.208.96.208 - - [13/Sep/2026:20:54:55 +0300] "GET /?sale%2Fsearch%2Fdetail%2F%3FITMCODE=519923260004 HTTP/1.1" 200 11138 "-" "Mozilla/5.0 (compatible; SemrushBot/7~bl; +http://www.semrush.com/bot.html)"
66.249.68.104 - - [13/Sep/2026:20:55:58 +0300] "GET /?sale/search/detail/?ITMCODE=51992252914 HTTP/1.1" 200 208323 "-" "Mozilla/5.0 (Linux; Android 6.0.1; Nexus 5X Build/MMB29P) AppleWebKit/537.36 (KHTML, like Gecko) Chrome/152.0.7977.82 Mobile Safari/537.36 (compatible; Googlebot/2.1; +http://www.google.com/bot.html)"
85.208.96.198 - - [13/Sep/2026:20:56:12 +0300] "GET /?sale%2Fsearch%2Fdetail%2F%3FITMCODE=519831759983 HTTP/1.1" 200 11138 "-" "Mozilla/5.0 (compatible; SemrushBot/7~bl; +http://www.semrush.com/bot.html)"
85.208.96.197 - - [13/Sep/2026:20:56:41 +0300] "GET /?sale%2Fsearch%2Fdetail%2F%3FITMCODE=52005607033 HTTP/1.1" 200 11138 "-" "Mozilla/5.0 (compatible; SemrushBot/7~bl; +http://www.semrush.com/bot.html)"
66.249.68.104 - - [13/Sep/2026:20:57:27 +0300] "GET /?sale/search/detail/?ITMCODE=51971208288 HTTP/1.1" 200 201473 "-" "Mozilla/5.0 (Linux; Android 6.0.1; Nexus 5X Build/MMB29P) AppleWebKit/537.36 (KHTML, like Gecko) Chrome/152.0.7977.82 Mobile Safari/537.36 (compatible; Googlebot/2.1; +http://www.google.com/bot.html)"
85.208.96.206 - - [13/Sep/2026:20:57:55 +0300] "GET /?sale%2Fsearch%2Fdetail%2F%3FITMCODE=519621942436 HTTP/1.1" 200 11138 "-" "Mozilla/5.0 (compatible; SemrushBot/7~bl; +http://www.semrush.com/bot.html)"
185.191.171.7 - - [13/Sep/2026:20:58:27 +0300] "GET /?sale%2Fsearch%2Fdetail%2F%3FITMCODE=5196105669651 HTTP/1.1" 200 11138 "-" "Mozilla/5.0 (compatible; SemrushBot/7~bl; +http://www.semrush.com/bot.html)"
43.153.35.128 - - [13/Sep/2026:20:58:42 +0300] "GET / HTTP/1.1" 200 11140 "-" "Mozilla/5.0 (iPhone; CPU iPhone OS 13_2_3 like Mac OS X) AppleWebKit/605.1.15 (KHTML, like Gecko) Version/13.0.3 Mobile/15E148 Safari/604.1"
66.249.68.104 - - [13/Sep/2026:20:58:59 +0300] "GET /?sale/search/detail/?ITMCODE=5196684159 HTTP/1.1" 200 193456 "-" "Mozilla/5.0 (Linux; Android 6.0.1; Nexus 5X Build/MMB29P) AppleWebKit/537.36 (KHTML, like Gecko) Chrome/152.0.7977.82 Mobile Safari/537.36 (compatible; Googlebot/2.1; +http://www.google.com/bot.html)"
66.249.68.104 - - [13/Sep/2026:20:59:01 +0300] "GET /?sale/search/detail/?ITMCODE=51981978702 HTTP/1.1" 200 194208 "-" "Mozilla/5.0 (Linux; Android 6.0.1; Nexus 5X Build/MMB29P) AppleWebKit/537.36 (KHTML, like Gecko) Chrome/152.0.7977.82 Mobile Safari/537.36 (compatible; Googlebot/2.1; +http://www.google.com/bot.html)"
207.46.13.130 - - [13/Sep/2026:20:59:17 +0300] "GET /shop/pg/5196888912 HTTP/1.1" 200 195467 "-" "Mozilla/5.0 AppleWebKit/537.36 (KHTML, like Gecko; compatible; bingbot/2.0; +http://www.bing.com/bingbot.htm) Chrome/116.0.1938.76 Safari/537.36"
207.46.13.130 - - [13/Sep/2026:20:59:18 +0300] "GET /?shop/c/c51958/ HTTP/1.1" 200 267718 "-" "Mozilla/5.0 AppleWebKit/537.36 (KHTML, like Gecko; compatible; bingbot/2.0; +http://www.bing.com/bingbot.htm) Chrome/116.0.1938.76 Safari/537.36"
66.249.68.104 - - [13/Sep/2026:20:59:42 +0300] "GET /?sale/search/detail/?ITMCODE=51971386975 HTTP/1.1" 200 194721 "-" "Mozilla/5.0 (Linux; Android 6.0.1; Nexus 5X Build/MMB29P) AppleWebKit/537.36 (KHTML, like Gecko) Chrome/152.0.7977.82 Mobile Safari/537.36 (compatible; Googlebot/2.1; +http://www.google.com/bot.html)"
85.208.96.193 - - [13/Sep/2026:21:00:24 +0300] "GET /?sale%2Fsearch%2Fdetail%2F%3FITMCODE=5200101636973 HTTP/1.1" 200 11138 "-" "Mozilla/5.0 (compatible; SemrushBot/7~bl; +http://www.semrush.com/bot.html)"
85.208.96.204 - - [13/Sep/2026:21:00:45 +0300] "GET /?sale%2Fsearch%2Fdetail%2F%3FITMCODE=519813933833 HTTP/1.1" 200 11138 "-" "Mozilla/5.0 (compatible; SemrushBot/7~bl; +http://www.semrush.com/bot.html)"
185.191.171.11 - - [13/Sep/2026:21:00:58 +0300] "GET /?sale%2Fsearch%2Fdetail%2F%3FITMCODE=519630709570 HTTP/1.1" 200 11138 "-" "Mozilla/5.0 (compatible; SemrushBot/7~bl; +http://www.semrush.com/bot.html)"
