185.191.171.14 - - [13/Sep/2026:22:30:49 +0300] "GET /?sale%2Fsearch%2Fdetail%2F%3FITMCODE=5195102171255 HTTP/1.1" 200 11138 "-" "Mozilla/5.0 (compatible; SemrushBot/7~bl; +http://www.semrush.com/bot.html)"
185.191.171.13 - - [13/Sep/2026:22:31:22 +0300] "GET /?sale%2Fsearch%2Fdetail%2F%3FITMCODE=519710374569 HTTP/1.1" 200 11138 "-" "Mozilla/5.0 (compatible; SemrushBot/7~bl; +http://www.semrush.com/bot.html)"
66.249.68.105 - - [13/Sep/2026:22:31:29 +0300] "GET /?sale/search/detail/?ITMCODE=5196768252 HTTP/1.1" 200 201210 "-" "Mozilla/5.0 (Linux; Android 6.0.1; Nexus 5X Build/MMB29P) AppleWebKit/537.36 (KHTML, like Gecko) Chrome/152.0.7977.82 Mobile Safari/537.36 (compatible; Googlebot/2.1; +http://www.google.com/bot.html)"
85.208.96.210 - - [13/Sep/2026:22:32:33 +0300] "GET /?sale%2Fsearch%2Fdetail%2F%3FITMCODE=520011872209 HTTP/1.1" 200 11138 "-" "Mozilla/5.0 (compatible; SemrushBot/7~bl; +http://www.semrush.com/bot.html)"
85.208.96.198 - - [13/Sep/2026:22:32:39 +0300] "GET /?sale%2Fsearch%2Fdetail%2F%3FITMCODE=519770298488 HTTP/1.1" 200 11138 "-" "Mozilla/5.0 (compatible; SemrushBot/7~bl; +http://www.semrush.com/bot.html)"
85.208.96.207 - - [13/Sep/2026:22:33:19 +0300] "GET /?sale%2Fsearch%2Fdetail%2F%3FITMCODE=51992375172 HTTP/1.1" 200 11138 "-" "Mozilla/5.0 (compatible; SemrushBot/7~bl; +http://www.semrush.com/bot.html)"
85.208.96.201 - - [13/Sep/2026:22:33:39 +0300] "GET /?sale%2Fsearch%2Fdetail%2F%3FITMCODE=51956454823 HTTP/1.1" 200 11138 "-" "Mozilla/5.0 (compatible; SemrushBot/7~bl; +http://www.semrush.com/bot.html)"
66.249.68.104 - - [13/Sep/2026:22:33:48 +0300] "GET /?sale/search/detail/?ITMCODE=52002816155 HTTP/1.1" 200 199520 "-" "Mozilla/5.0 (Linux; Android 6.0.1; Nexus 5X Build/MMB29P) AppleWebKit/537.36 (KHTML, like Gecko) Chrome/152.0.7977.82 Mobile Safari/537.36 (compatible; Googlebot/2.1; +http://www.google.com/bot.html)"
85.208.96.197 - - [13/Sep/2026:22:34:24 +0300] "GET /?sale%2Fsearch%2Fdetail%2F%3FITMCODE=52005752458 HTTP/1.1" 200 11138 "-" "Mozilla/5.0 (compatible; SemrushBot/7~bl; +http://www.semrush.com/bot.html)"
185.191.171.18 - - [13/Sep/2026:22:34:49 +0300] "GET /?sale%2Fsearch%2Fdetail%2F%3FITMCODE=519776239138 HTTP/1.1" 200 11138 "-" "Mozilla/5.0 (compatible; SemrushBot/7~bl; +http://www.semrush.com/bot.html)"
85.208.96.201 - - [13/Sep/2026:22:34:53 +0300] "GET /?sale%2Fsearch%2Fdetail%2F%3FITMCODE=51966976284 HTTP/1.1" 200 11138 "-" "Mozilla/5.0 (compatible; SemrushBot/7~bl; +http://www.semrush.com/bot.html)"
85.208.96.197 - - [13/Sep/2026:22:35:38 +0300] "GET /?sale%2Fsearch%2Fdetail%2F%3FITMCODE=52002605896 HTTP/1.1" 200 11138 "-" "Mozilla/5.0 (compatible; SemrushBot/7~bl; +http://www.semrush.com/bot.html)"
185.191.171.11 - - [13/Sep/2026:22:36:19 +0300] "GET /?sale%2Fsearch%2Fdetail%2F%3FITMCODE=519636561989 HTTP/1.1" 200 11138 "-" "Mozilla/5.0 (compatible; SemrushBot/7~bl; +http://www.semrush.com/bot.html)"
66.249.68.104 - - [13/Sep/2026:22:36:50 +0300] "GET /?sale/search/detail/?ITMCODE=51981838487 HTTP/1.1" 200 206936 "-" "Mozilla/5.0 (Linux; Android 6.0.1; Nexus 5X Build/MMB29P) AppleWebKit/537.36 (KHTML, like Gecko) Chrome/152.0.7977.82 Mobile Safari/537.36 (compatible; Googlebot/2.1; +http://www.google.com/bot.html)"
85.208.96.210 - - [13/Sep/2026:22:37:00 +0300] "GET /?sale%2Fsearch%2Fdetail%2F%3FITMCODE=51981966994 HTTP/1.1" 200 11138 "-" "Mozilla/5.0 (compatible; SemrushBot/7~bl; +http://www.semrush.com/bot.html)"
66.249.68.96 - - [13/Sep/2026:22:37:28 +0300] "GET /?sale/search/detail/?ITMCODE=5195343849 HTTP/1.1" 200 231111 "-" "Mozilla/5.0 (Linux; Android 6.0.1; Nexus 5X Build/MMB29P) AppleWebKit/537.36 (KHTML, like Gecko) Chrome/152.0.7977.82 Mobile Safari/537.36 (compatible; Googlebot/2.1; +http://www.google.com/bot.html)"
66.249.68.105 - - [13/Sep/2026:22:37:39 +0300] "GET /?sale/search/detail/?ITMCODE=51992191755 HTTP/1.1" 200 199795 "-" "Mozilla/5.0 (Linux; Android 6.0.1; Nexus 5X Build/MMB29P) AppleWebKit/537.36 (KHTML, like Gecko) Chrome/152.0.7977.82 Mobile Safari/537.36 (compatible; Googlebot/2.1; +http://www.google.com/bot.html)"
66.249.68.104 - - [13/Sep/2026:22:37:52 +0300] "GET /?sale/search/detail/?ITMCODE=5195150418 HTTP/1.1" 200 197223 "-" "Mozilla/5.0 (Linux; Android 6.0.1; Nexus 5X Build/MMB29P) AppleWebKit/537.36 (KHTML, like Gecko) Chrome/152.0.7977.82 Mobile Safari/537.36 (compatible; Googlebot/2.1; +http://www.google.com/bot.html)"
66.249.68.104 - - [13/Sep/2026:22:38:32 +0300] "GET /?sale/search/detail/?ITMCODE=5196747517 HTTP/1.1" 200 199159 "-" "Mozilla/5.0 (Linux; Android 6.0.1; Nexus 5X Build/MMB29P) AppleWebKit/537.36 (KHTML, like Gecko) Chrome/152.0.7977.82 Mobile Safari/537.36 (compatible; Googlebot/2.1; +http://www.google.com/bot.html)"
66.249.68.104 - - [13/Sep/2026:22:38:46 +0300] "GET /?sale/search/detail/?ITMCODE=52002750420 HTTP/1.1" 200 203282 "-" "Mozilla/5.0 (Linux; Android 6.0.1; Nexus 5X Build/MMB29P) AppleWebKit/537.36 (KHTML, like Gecko) Chrome/152.0.7977.82 Mobile Safari/537.36 (compatible; Googlebot/2.1; +http://www.google.com/bot.html)"
185.191.171.12 - - [13/Sep/2026:22:38:55 +0300] "GET /?sale%2Fsearch%2Fdetail%2F%3FITMCODE=5196739814 HTTP/1.1" 200 11138 "-" "Mozilla/5.0 (compatible; SemrushBot/7~bl; +http://www.semrush.com/bot.html)"
66.249.68.105 - - [13/Sep/2026:22:39:22 +0300] "GET /?sale/search/detail/?ITMCODE=5196635183 HTTP/1.1" 200 196425 "-" "Mozilla/5.0 (Linux; Android 6.0.1; Nexus 5X Build/MMB29P) AppleWebKit/537.36 (KHTML, like Gecko) Chrome/152.0.7977.82 Mobile Safari/537.36 (compatible; Googlebot/2.1; +http://www.google.com/bot.html)"
66.249.68.105 - - [13/Sep/2026:22:39:36 +0300] "GET /?sale/search/detail/?ITMCODE=5195476468 HTTP/1.1" 200 206739 "-" "Mozilla/5.0 (Linux; Android 6.0.1; Nexus 5X Build/MMB29P) AppleWebKit/537.36 (KHTML, like Gecko) Chrome/152.0.7977.82 Mobile Safari/537.36 (compatible; Googlebot/2.1; +http://www.google.com/bot.html)"
85.208.96.194 - - [13/Sep/2026:22:39:51 +0300] "GET /?sale%2Fsearch%2Fdetail%2F%3FITMCODE=5200101630995 HTTP/1.1" 200 11138 "-" "Mozilla/5.0 (compatible; SemrushBot/7~bl; +http://www.semrush.com/bot.html)"
185.191.171.13 - - [13/Sep/2026:22:39:55 +0300] "GET /?sale%2Fsearch%2Fdetail%2F%3FITMCODE=51987659595 HTTP/1.1" 200 11138 "-" "Mozilla/5.0 (compatible; SemrushBot/7~bl; +http://www.semrush.com/bot.html)"
185.191.171.16 - - [13/Sep/2026:22:40:22 +0300] "GET /?sale%2Fsearch%2Fdetail%2F%3FITMCODE=51998153817 HTTP/1.1" 200 11138 "-" "Mozilla/5.0 (compatible; SemrushBot/7~bl; +http://www.semrush.com/bot.html)"
185.191.171.15 - - [13/Sep/2026:22:43:07 +0300] "GET /?sale%2Fsearch%2Fdetail%2F%3FITMCODE=520071841805 HTTP/1.1" 200 11138 "-" "Mozilla/5.0 (compatible; SemrushBot/7~bl; +http://www.semrush.com/bot.html)"
66.249.68.96 - - [13/Sep/2026:22:43:33 +0300] "GET /?sale/search/detail/?ITMCODE=51981520915 HTTP/1.1" 200 198545 "-" "Mozilla/5.0 (compatible; Googlebot/2.1; +http://www.google.com/bot.html)"
185.191.171.12 - - [13/Sep/2026:22:44:23 +0300] "GET /?sale%2Fsearch%2Fdetail%2F%3FITMCODE=52002636821 HTTP/1.1" 200 11138 "-" "Mozilla/5.0 (compatible; SemrushBot/7~bl; +http://www.semrush.com/bot.html)"
66.249.68.104 - - [13/Sep/2026:22:45:08 +0300] "GET /?sale/search/detail/?ITMCODE=51971117295 HTTP/1.1" 200 199855 "-" "Mozilla/5.0 (Linux; Android 6.0.1; Nexus 5X Build/MMB29P) AppleWebKit/537.36 (KHTML, like Gecko) Chrome/152.0.7977.82 Mobile Safari/537.36 (compatible; Googlebot/2.1; +http://www.google.com/bot.html)"
66.249.68.105 - - [13/Sep/2026:22:46:05 +0300] "GET /?sale/search/detail/?ITMCODE=51971278714 HTTP/1.1" 200 196219 "-" "Mozilla/5.0 (compatible; Googlebot/2.1; +http://www.google.com/bot.html)"
185.191.171.7 - - [13/Sep/2026:22:46:37 +0300] "GET /?sale%2Fsearch%2Fdetail%2F%3FITMCODE=520074848032 HTTP/1.1" 200 11138 "-" "Mozilla/5.0 (compatible; SemrushBot/7~bl; +http://www.semrush.com/bot.html)"
85.208.96.208 - - [13/Sep/2026:22:47:12 +0300] "GET /?sale%2Fsearch%2Fdetail%2F%3FITMCODE=519911188589 HTTP/1.1" 200 11138 "-" "Mozilla/5.0 (compatible; SemrushBot/7~bl; +http://www.semrush.com/bot.html)"
85.208.96.197 - - [13/Sep/2026:22:47:39 +0300] "GET /?sale%2Fsearch%2Fdetail%2F%3FITMCODE=5199104447941 HTTP/1.1" 200 11138 "-" "Mozilla/5.0 (compatible; SemrushBot/7~bl; +http://www.semrush.com/bot.html)"
185.191.171.17 - - [13/Sep/2026:22:48:25 +0300] "GET /?sale%2Fsearch%2Fdetail%2F%3FITMCODE=51953100238 HTTP/1.1" 200 11138 "-" "Mozilla/5.0 (compatible; SemrushBot/7~bl; +http://www.semrush.com/bot.html)"
185.191.171.14 - - [13/Sep/2026:22:48:27 +0300] "GET /?sale%2Fsearch%2Fdetail%2F%3FITMCODE=519518486483 HTTP/1.1" 200 11138 "-" "Mozilla/5.0 (compatible; SemrushBot/7~bl; +http://www.semrush.com/bot.html)"
66.249.68.104 - - [13/Sep/2026:22:49:38 +0300] "GET /?sale/search/detail/?ITMCODE=51971401497 HTTP/1.1" 200 197774 "-" "Mozilla/5.0 (Linux; Android 6.0.1; Nexus 5X Build/MMB29P) AppleWebKit/537.36 (KHTML, like Gecko) Chrome/152.0.7977.82 Mobile Safari/537.36 (compatible; Googlebot/2.1; +http://www.google.com/bot.html)"
85.208.96.193 - - [13/Sep/2026:22:51:28 +0300] "GET /?sale%2Fsearch%2Fdetail%2F%3FITMCODE=5200101691180 HTTP/1.1" 200 11138 "-" "Mozilla/5.0 (compatible; SemrushBot/7~bl; +http://www.semrush.com/bot.html)"
66.249.68.105 - - [13/Sep/2026:22:51:38 +0300] "GET /?sale/search/detail/?ITMCODE=5195199139 HTTP/1.1" 200 202739 "-" "Mozilla/5.0 (Linux; Android 6.0.1; Nexus 5X Build/MMB29P) AppleWebKit/537.36 (KHTML, like Gecko) Chrome/152.0.7977.82 Mobile Safari/537.36 (compatible; Googlebot/2.1; +http://www.google.com/bot.html)"
66.249.68.105 - - [13/Sep/2026:22:51:39 +0300] "GET /?sale/search/detail/?ITMCODE=5196684159 HTTP/1.1" 200 193456 "-" "Mozilla/5.0 (Linux; Android 6.0.1; Nexus 5X Build/MMB29P) AppleWebKit/537.36 (KHTML, like Gecko) Chrome/152.0.7977.82 Mobile Safari/537.36 (compatible; Googlebot/2.1; +http://www.google.com/bot.html)"
66.249.68.105 - - [13/Sep/2026:22:51:40 +0300] "GET /?sale/search/detail/?ITMCODE=5196684159 HTTP/1.1" 200 193456 "-" "Mozilla/5.0 (compatible; Googlebot/2.1; +http://www.google.com/bot.html)"
66.249.68.104 - - [13/Sep/2026:22:51:44 +0300] "GET /?sale/search/detail/?ITMCODE=51992226654 HTTP/1.1" 200 221539 "-" "Mozilla/5.0 (Linux; Android 6.0.1; Nexus 5X Build/MMB29P) AppleWebKit/537.36 (KHTML, like Gecko) Chrome/152.0.7977.82 Mobile Safari/537.36 (compatible; Googlebot/2.1; +http://www.google.com/bot.html)"
52.167.144.188 - - [13/Sep/2026:22:51:47 +0300] "GET /shop/pg/5196772081 HTTP/1.1" 200 195026 "-" "Mozilla/5.0 AppleWebKit/537.36 (KHTML, like Gecko; compatible; bingbot/2.0; +http://www.bing.com/bingbot.htm) Chrome/116.0.1938.76 Safari/537.36"
52.167.144.192 - - [13/Sep/2026:22:51:51 +0300] "GET /shop/pg/5196758724 HTTP/1.1" 200 194152 "-" "Mozilla/5.0 AppleWebKit/537.36 (KHTML, like Gecko; compatible; bingbot/2.0; +http://www.bing.com/bingbot.htm) Chrome/116.0.1938.76 Safari/537.36"
85.208.96.207 - - [13/Sep/2026:22:51:58 +0300] "GET /?sale%2Fsearch%2Fdetail%2F%3FITMCODE=519810874063 HTTP/1.1" 200 11138 "-" "Mozilla/5.0 (compatible; SemrushBot/7~bl; +http://www.semrush.com/bot.html)"
185.191.171.14 - - [13/Sep/2026:22:52:35 +0300] "GET /?sale%2Fsearch%2Fdetail%2F%3FITMCODE=51984894358 HTTP/1.1" 200 11138 "-" "Mozilla/5.0 (compatible; SemrushBot/7~bl; +http://www.semrush.com/bot.html)"
185.191.171.13 - - [13/Sep/2026:22:52:55 +0300] "GET /?sale%2Fsearch%2Fdetail%2F%3FITMCODE=52005958416 HTTP/1.1" 200 11138 "-" "Mozilla/5.0 (compatible; SemrushBot/7~bl; +http://www.semrush.com/bot.html)"
85.208.96.198 - - [13/Sep/2026:22:53:13 +0300] "GET /robots.txt HTTP/1.1" 200 836 "-" "Mozilla/5.0 (compatible; SemrushBot/7~bl; +http://www.semrush.com/bot.html)"
185.191.171.17 - - [13/Sep/2026:22:53:14 +0300] "GET /?sale%2Fsearch%2Fdetail%2F%3FITMCODE=519533170495 HTTP/1.1" 200 11138 "-" "Mozilla/5.0 (compatible; SemrushBot/7~bl; +http://www.semrush.com/bot.html)"
185.191.171.17 - - [13/Sep/2026:22:53:23 +0300] "GET /?sale%2Fsearch%2Fdetail%2F%3FITMCODE=5198100697216 HTTP/1.1" 200 11138 "-" "Mozilla/5.0 (compatible; SemrushBot/7~bl; +http://www.semrush.com/bot.html)"
66.249.68.104 - - [13/Sep/2026:22:53:54 +0300] "GET /?sale/search/detail/?ITMCODE=51981804362 HTTP/1.1" 200 200794 "-" "Mozilla/5.0 (Linux; Android 6.0.1; Nexus 5X Build/MMB29P) AppleWebKit/537.36 (KHTML, like Gecko) Chrome/152.0.7977.82 Mobile Safari/537.36 (compatible; Googlebot/2.1; +http://www.google.com/bot.html)"
185.191.171.17 - - [13/Sep/2026:22:55:20 +0300] "GET /?sale%2Fsearch%2Fdetail%2F%3FITMCODE=51981660688 HTTP/1.1" 200 11138 "-" "Mozilla/5.0 (compatible; SemrushBot/7~bl; +http://www.semrush.com/bot.html)"
185.191.171.19 - - [13/Sep/2026:22:55:36 +0300] "GET /?sale%2Fsearch%2Fdetail%2F%3FITMCODE=519932143729 HTTP/1.1" 200 11138 "-" "Mozilla/5.0 (compatible; SemrushBot/7~bl; +http://www.semrush.com/bot.html)"
185.191.171.19 - - [13/Sep/2026:22:56:07 +0300] "GET /?sale%2Fsearch%2Fdetail%2F%3FITMCODE=51995056799 HTTP/1.1" 200 11138 "-" "Mozilla/5.0 (compatible; SemrushBot/7~bl; +http://www.semrush.com/bot.html)"
185.191.171.11 - - [13/Sep/2026:22:56:24 +0300] "GET /?sale%2Fsearch%2Fdetail%2F%3FITMCODE=520071705180 HTTP/1.1" 200 11138 "-" "Mozilla/5.0 (compatible; SemrushBot/7~bl; +http://www.semrush.com/bot.html)"
85.208.96.195 - - [13/Sep/2026:22:56:36 +0300] "GET /?sale%2Fsearch%2Fdetail%2F%3FITMCODE=520014708829 HTTP/1.1" 200 11138 "-" "Mozilla/5.0 (compatible; SemrushBot/7~bl; +http://www.semrush.com/bot.html)"
85.208.96.200 - - [13/Sep/2026:22:56:49 +0300] "GET /?sale%2Fsearch%2Fdetail%2F%3FITMCODE=51953345378 HTTP/1.1" 200 11138 "-" "Mozilla/5.0 (compatible; SemrushBot/7~bl; +http://www.semrush.com/bot.html)"
85.208.96.208 - - [13/Sep/2026:22:56:52 +0300] "GET /?sale%2Fsearch%2Fdetail%2F%3FITMCODE=51977258859 HTTP/1.1" 200 11138 "-" "Mozilla/5.0 (compatible; SemrushBot/7~bl; +http://www.semrush.com/bot.html)"
185.191.171.4 - - [13/Sep/2026:22:57:42 +0300] "GET /?sale%2Fsearch%2Fdetail%2F%3FITMCODE=51995466239 HTTP/1.1" 200 11138 "-" "Mozilla/5.0 (compatible; SemrushBot/7~bl; +http://www.semrush.com/bot.html)"
85.208.96.207 - - [13/Sep/2026:22:58:35 +0300] "GET /?sale%2Fsearch%2Fdetail%2F%3FITMCODE=5196651313 HTTP/1.1" 200 11138 "-" "Mozilla/5.0 (compatible; SemrushBot/7~bl; +http://www.semrush.com/bot.html)"
185.191.171.15 - - [13/Sep/2026:22:59:10 +0300] "GET /?sale%2Fsearch%2Fdetail%2F%3FITMCODE=5196105869075 HTTP/1.1" 200 11138 "-" "Mozilla/5.0 (compatible; SemrushBot/7~bl; +http://www.semrush.com/bot.html)"
185.191.171.15 - - [13/Sep/2026:23:00:07 +0300] "GET /?sale%2Fsearch%2Fdetail%2F%3FITMCODE=51974453645 HTTP/1.1" 200 11138 "-" "Mozilla/5.0 (compatible; SemrushBot/7~bl; +http://www.semrush.com/bot.html)"
185.191.171.12 - - [13/Sep/2026:23:00:40 +0300] "GET /?sale%2Fsearch%2Fdetail%2F%3FITMCODE=519636805714 HTTP/1.1" 200 11138 "-" "Mozilla/5.0 (compatible; SemrushBot/7~bl; +http://www.semrush.com/bot.html)"
85.208.96.211 - - [13/Sep/2026:23:00:51 +0300] "GET /?sale%2Fsearch%2Fdetail%2F%3FITMCODE=51959007622 HTTP/1.1" 200 11138 "-" "Mozilla/5.0 (compatible; SemrushBot/7~bl; +http://www.semrush.com/bot.html)"
185.191.171.4 - - [13/Sep/2026:23:00:53 +0300] "GET /?sale%2Fsearch%2Fdetail%2F%3FITMCODE=51981536018 HTTP/1.1" 200 11138 "-" "Mozilla/5.0 (compatible; SemrushBot/7~bl; +http://www.semrush.com/bot.html)"
185.191.171.6 - - [13/Sep/2026:23:01:51 +0300] "GET /?sale%2Fsearch%2Fdetail%2F%3FITMCODE=51995429487 HTTP/1.1" 200 11138 "-" "Mozilla/5.0 (compatible; SemrushBot/7~bl; +http://www.semrush.com/bot.html)"
185.191.171.2 - - [13/Sep/2026:23:02:27 +0300] "GET /?sale%2Fsearch%2Fdetail%2F%3FITMCODE=51987689597 HTTP/1.1" 200 11138 "-" "Mozilla/5.0 (compatible; SemrushBot/7~bl; +http://www.semrush.com/bot.html)"
185.191.171.2 - - [13/Sep/2026:23:02:50 +0300] "GET /?sale%2Fsearch%2Fdetail%2F%3FITMCODE=519618830858 HTTP/1.1" 200 11138 "-" "Mozilla/5.0 (compatible; SemrushBot/7~bl; +http://www.semrush.com/bot.html)"
85.208.96.209 - - [13/Sep/2026:23:03:17 +0300] "GET /?sale%2Fsearch%2Fdetail%2F%3FITMCODE=51966900880 HTTP/1.1" 200 11138 "-" "Mozilla/5.0 (compatible; SemrushBot/7~bl; +http://www.semrush.com/bot.html)"
85.208.96.205 - - [13/Sep/2026:23:04:02 +0300] "GET /?sale%2Fsearch%2Fdetail%2F%3FITMCODE=519810720805 HTTP/1.1" 200 11138 "-" "Mozilla/5.0 (compatible; SemrushBot/7~bl; +http://www.semrush.com/bot.html)"
66.249.68.96 - - [13/Sep/2026:23:04:07 +0300] "GET /?sale/search/detail/?ITMCODE=51971494361 HTTP/1.1" 200 199606 "-" "Mozilla/5.0 (Linux; Android 6.0.1; Nexus 5X Build/MMB29P) AppleWebKit/537.36 (KHTML, like Gecko) Chrome/152.0.7977.82 Mobile Safari/537.36 (compatible; Googlebot/2.1; +http://www.google.com/bot.html)"
66.249.68.105 - - [13/Sep/2026:23:04:20 +0300] "GET /?sale/search/detail/?ITMCODE=51992007478 HTTP/1.1" 200 193658 "-" "Mozilla/5.0 (Linux; Android 6.0.1; Nexus 5X Build/MMB29P) AppleWebKit/537.36 (KHTML, like Gecko) Chrome/152.0.7977.82 Mobile Safari/537.36 (compatible; Googlebot/2.1; +http://www.google.com/bot.html)"
85.208.96.207 - - [13/Sep/2026:23:04:56 +0300] "GET /?sale%2Fsearch%2Fdetail%2F%3FITMCODE=51995193845 HTTP/1.1" 200 11138 "-" "Mozilla/5.0 (compatible; SemrushBot/7~bl; +http://www.semrush.com/bot.html)"
85.208.96.205 - - [13/Sep/2026:23:05:22 +0300] "GET /?sale%2Fsearch%2Fdetail%2F%3FITMCODE=51956081343 HTTP/1.1" 200 11138 "-" "Mozilla/5.0 (compatible; SemrushBot/7~bl; +http://www.semrush.com/bot.html)"
66.249.68.105 - - [13/Sep/2026:23:05:52 +0300] "GET /?sale/search/detail/?ITMCODE=51992201050 HTTP/1.1" 200 207322 "-" "Mozilla/5.0 (Linux; Android 6.0.1; Nexus 5X Build/MMB29P) AppleWebKit/537.36 (KHTML, like Gecko) Chrome/152.0.7977.82 Mobile Safari/537.36 (compatible; Googlebot/2.1; +http://www.google.com/bot.html)"
85.208.96.209 - - [13/Sep/2026:23:06:00 +0300] "GET /?sale%2Fsearch%2Fdetail%2F%3FITMCODE=51966783918 HTTP/1.1" 200 11138 "-" "Mozilla/5.0 (compatible; SemrushBot/7~bl; +http://www.semrush.com/bot.html)"
66.249.68.105 - - [13/Sep/2026:23:06:02 +0300] "GET /?sale/search/detail/?ITMCODE=52002533018 HTTP/1.1" 200 204022 "-" "Mozilla/5.0 (Linux; Android 6.0.1; Nexus 5X Build/MMB29P) AppleWebKit/537.36 (KHTML, like Gecko) Chrome/152.0.7977.82 Mobile Safari/537.36 (compatible; Googlebot/2.1; +http://www.google.com/bot.html)"
85.208.96.205 - - [13/Sep/2026:23:06:08 +0300] "GET /?sale%2Fsearch%2Fdetail%2F%3FITMCODE=51956320949 HTTP/1.1" 200 11138 "-" "Mozilla/5.0 (compatible; SemrushBot/7~bl; +http://www.semrush.com/bot.html)"
66.249.68.105 - - [13/Sep/2026:23:06:13 +0300] "GET /?sale/search/detail/?ITMCODE=5196796655 HTTP/1.1" 200 197922 "-" "Mozilla/5.0 (Linux; Android 6.0.1; Nexus 5X Build/MMB29P) AppleWebKit/537.36 (KHTML, like Gecko) Chrome/152.0.7977.82 Mobile Safari/537.36 (compatible; Googlebot/2.1; +http://www.google.com/bot.html)"
185.191.171.18 - - [13/Sep/2026:23:06:31 +0300] "GET /?sale%2Fsearch%2Fdetail%2F%3FITMCODE=51963960847 HTTP/1.1" 200 11138 "-" "Mozilla/5.0 (compatible; SemrushBot/7~bl; +http://www.semrush.com/bot.html)"
85.208.96.210 - - [13/Sep/2026:23:07:00 +0300] "GET /?sale%2Fsearch%2Fdetail%2F%3FITMCODE=519630982817 HTTP/1.1" 200 11138 "-" "Mozilla/5.0 (compatible; SemrushBot/7~bl; +http://www.semrush.com/bot.html)"
185.191.171.16 - - [13/Sep/2026:23:07:02 +0300] "GET /?sale%2Fsearch%2Fdetail%2F%3FITMCODE=520071599930 HTTP/1.1" 200 11138 "-" "Mozilla/5.0 (compatible; SemrushBot/7~bl; +http://www.semrush.com/bot.html)"
66.249.68.105 - - [13/Sep/2026:23:07:37 +0300] "GET /?sale/search/detail/?ITMCODE=519529659 HTTP/1.1" 200 219078 "-" "Mozilla/5.0 (Linux; Android 6.0.1; Nexus 5X Build/MMB29P) AppleWebKit/537.36 (KHTML, like Gecko) Chrome/152.0.7977.82 Mobile Safari/537.36 (compatible; Googlebot/2.1; +http://www.google.com/bot.html)"
85.208.96.198 - - [13/Sep/2026:23:08:03 +0300] "GET /?sale%2Fsearch%2Fdetail%2F%3FITMCODE=519518208686 HTTP/1.1" 200 11138 "-" "Mozilla/5.0 (compatible; SemrushBot/7~bl; +http://www.semrush.com/bot.html)"
66.249.68.36 - - [13/Sep/2026:23:10:00 +0300] "GET /?sale/search/detail/?ITMCODE=51981779064 HTTP/1.1" 200 197427 "-" "Mozilla/5.0 (Linux; Android 6.0.1; Nexus 5X Build/MMB29P) AppleWebKit/537.36 (KHTML, like Gecko) Chrome/152.0.7977.82 Mobile Safari/537.36 (compatible; Googlebot/2.1; +http://www.google.com/bot.html)"
66.249.68.36 - - [13/Sep/2026:23:10:04 +0300] "GET /?sale/search/detail/?ITMCODE=51992472013 HTTP/1.1" 200 214115 "-" "Mozilla/5.0 (Linux; Android 6.0.1; Nexus 5X Build/MMB29P) AppleWebKit/537.36 (KHTML, like Gecko) Chrome/152.0.7977.82 Mobile Safari/537.36 (compatible; Googlebot/2.1; +http://www.google.com/bot.html)"
185.191.171.8 - - [13/Sep/2026:23:10:04 +0300] "GET /?sale%2Fsearch%2Fdetail%2F%3FITMCODE=519630730373 HTTP/1.1" 200 11138 "-" "Mozilla/5.0 (compatible; SemrushBot/7~bl; +http://www.semrush.com/bot.html)"
66.249.68.36 - - [13/Sep/2026:23:10:51 +0300] "GET /?sale/search/detail/?ITMCODE=51952062 HTTP/1.1" 200 199810 "-" "Mozilla/5.0 (Linux; Android 6.0.1; Nexus 5X Build/MMB29P) AppleWebKit/537.36 (KHTML, like Gecko) Chrome/152.0.7977.82 Mobile Safari/537.36 (compatible; Googlebot/2.1; +http://www.google.com/bot.html)"
185.191.171.19 - - [13/Sep/2026:23:11:32 +0300] "GET /?sale%2Fsearch%2Fdetail%2F%3FITMCODE=519612803373 HTTP/1.1" 200 11138 "-" "Mozilla/5.0 (compatible; SemrushBot/7~bl; +http://www.semrush.com/bot.html)"
66.249.68.104 - - [13/Sep/2026:23:11:35 +0300] "GET /?sale/search/detail/?ITMCODE=519588461 HTTP/1.1" 200 199817 "-" "Mozilla/5.0 (Linux; Android 6.0.1; Nexus 5X Build/MMB29P) AppleWebKit/537.36 (KHTML, like Gecko) Chrome/152.0.7977.82 Mobile Safari/537.36 (compatible; Googlebot/2.1; +http://www.google.com/bot.html)"
85.208.96.193 - - [13/Sep/2026:23:11:56 +0300] "GET /?sale%2Fsearch%2Fdetail%2F%3FITMCODE=519728441712 HTTP/1.1" 200 11138 "-" "Mozilla/5.0 (compatible; SemrushBot/7~bl; +http://www.semrush.com/bot.html)"
85.208.96.200 - - [13/Sep/2026:23:12:21 +0300] "GET /?sale%2Fsearch%2Fdetail%2F%3FITMCODE=519672898748 HTTP/1.1" 200 11138 "-" "Mozilla/5.0 (compatible; SemrushBot/7~bl; +http://www.semrush.com/bot.html)"
66.249.68.96 - - [13/Sep/2026:23:12:26 +0300] "GET /?sale/search/detail/?ITMCODE=5195159661 HTTP/1.1" 200 198666 "-" "Mozilla/5.0 (Linux; Android 6.0.1; Nexus 5X Build/MMB29P) AppleWebKit/537.36 (KHTML, like Gecko) Chrome/152.0.7977.82 Mobile Safari/537.36 (compatible; Googlebot/2.1; +http://www.google.com/bot.html)"
85.208.96.212 - - [13/Sep/2026:23:12:56 +0300] "GET /?sale%2Fsearch%2Fdetail%2F%3FITMCODE=51969609677 HTTP/1.1" 200 11138 "-" "Mozilla/5.0 (compatible; SemrushBot/7~bl; +http://www.semrush.com/bot.html)"
185.191.171.12 - - [13/Sep/2026:23:13:05 +0300] "GET /?sale%2Fsearch%2Fdetail%2F%3FITMCODE=51998213713 HTTP/1.1" 200 11138 "-" "Mozilla/5.0 (compatible; SemrushBot/7~bl; +http://www.semrush.com/bot.html)"
52.167.144.197 - - [13/Sep/2026:23:14:13 +0300] "GET /shop/pg/5195210255 HTTP/1.1" 200 195694 "-" "Mozilla/5.0 AppleWebKit/537.36 (KHTML, like Gecko; compatible; bingbot/2.0; +http://www.bing.com/bingbot.htm) Chrome/116.0.1938.76 Safari/537.36"
66.249.68.96 - - [13/Sep/2026:23:14:55 +0300] "GET /?sale/search/detail/?ITMCODE=51971197805 HTTP/1.1" 200 195726 "-" "Mozilla/5.0 (Linux; Android 6.0.1; Nexus 5X Build/MMB29P) AppleWebKit/537.36 (KHTML, like Gecko) Chrome/152.0.7977.82 Mobile Safari/537.36 (compatible; Googlebot/2.1; +http://www.google.com/bot.html)"
85.208.96.212 - - [13/Sep/2026:23:16:46 +0300] "GET /?sale%2Fsearch%2Fdetail%2F%3FITMCODE=520011763623 HTTP/1.1" 200 11138 "-" "Mozilla/5.0 (compatible; SemrushBot/7~bl; +http://www.semrush.com/bot.html)"
85.208.96.201 - - [13/Sep/2026:23:17:24 +0300] "GET /?sale%2Fsearch%2Fdetail%2F%3FITMCODE=520011724958 HTTP/1.1" 200 11138 "-" "Mozilla/5.0 (compatible; SemrushBot/7~bl; +http://www.semrush.com/bot.html)"
66.249.68.105 - - [13/Sep/2026:23:17:47 +0300] "GET /?sale/search/detail/?ITMCODE=51971256840 HTTP/1.1" 200 207110 "-" "Mozilla/5.0 (Linux; Android 6.0.1; Nexus 5X Build/MMB29P) AppleWebKit/537.36 (KHTML, like Gecko) Chrome/152.0.7977.82 Mobile Safari/537.36 (compatible; Googlebot/2.1; +http://www.google.com/bot.html)"
185.191.171.1 - - [13/Sep/2026:23:18:13 +0300] "GET /?sale%2Fsearch%2Fdetail%2F%3FITMCODE=519633945870 HTTP/1.1" 200 11138 "-" "Mozilla/5.0 (compatible; SemrushBot/7~bl; +http://www.semrush.com/bot.html)"
185.191.171.16 - - [13/Sep/2026:23:18:15 +0300] "GET /?sale%2Fsearch%2Fdetail%2F%3FITMCODE=51984733147 HTTP/1.1" 200 11138 "-" "Mozilla/5.0 (compatible; SemrushBot/7~bl; +http://www.semrush.com/bot.html)"
85.208.96.209 - - [13/Sep/2026:23:18:20 +0300] "GET /?sale%2Fsearch%2Fdetail%2F%3FITMCODE=51966822813 HTTP/1.1" 200 11138 "-" "Mozilla/5.0 (compatible; SemrushBot/7~bl; +http://www.semrush.com/bot.html)"
85.208.96.196 - - [13/Sep/2026:23:18:41 +0300] "GET /?sale%2Fsearch%2Fdetail%2F%3FITMCODE=51971414334 HTTP/1.1" 200 11138 "-" "Mozilla/5.0 (compatible; SemrushBot/7~bl; +http://www.semrush.com/bot.html)"
185.191.171.16 - - [13/Sep/2026:23:18:48 +0300] "GET /?sale%2Fsearch%2Fdetail%2F%3FITMCODE=520035731154 HTTP/1.1" 200 11138 "-" "Mozilla/5.0 (compatible; SemrushBot/7~bl; +http://www.semrush.com/bot.html)"
85.208.96.199 - - [13/Sep/2026:23:19:23 +0300] "GET /?sale%2Fsearch%2Fdetail%2F%3FITMCODE=52005847575 HTTP/1.1" 200 11138 "-" "Mozilla/5.0 (compatible; SemrushBot/7~bl; +http://www.semrush.com/bot.html)"
40.77.167.121 - - [13/Sep/2026:23:19:31 +0300] "GET /shop/pg/5196807124 HTTP/1.1" 200 195954 "-" "Mozilla/5.0 AppleWebKit/537.36 (KHTML, like Gecko; compatible; bingbot/2.0; +http://www.bing.com/bingbot.htm) Chrome/116.0.1938.76 Safari/537.36"
85.208.96.196 - - [13/Sep/2026:23:19:37 +0300] "GET /?sale%2Fsearch%2Fdetail%2F%3FITMCODE=52008517397 HTTP/1.1" 200 11138 "-" "Mozilla/5.0 (compatible; SemrushBot/7~bl; +http://www.semrush.com/bot.html)"
185.191.171.4 - - [13/Sep/2026:23:20:20 +0300] "GET /?sale%2Fsearch%2Fdetail%2F%3FITMCODE=519837966650 HTTP/1.1" 200 11138 "-" "Mozilla/5.0 (compatible; SemrushBot/7~bl; +http://www.semrush.com/bot.html)"
66.249.68.104 - - [13/Sep/2026:23:20:25 +0300] "GET /?sale/search/detail/?ITMCODE=52002814370 HTTP/1.1" 200 195418 "-" "Mozilla/5.0 (Linux; Android 6.0.1; Nexus 5X Build/MMB29P) AppleWebKit/537.36 (KHTML, like Gecko) Chrome/152.0.7977.82 Mobile Safari/537.36 (compatible; Googlebot/2.1; +http://www.google.com/bot.html)"
66.249.68.104 - - [13/Sep/2026:23:20:27 +0300] "GET /?sale/search/detail/?ITMCODE=51971286075 HTTP/1.1" 200 196698 "-" "Mozilla/5.0 (Linux; Android 6.0.1; Nexus 5X Build/MMB29P) AppleWebKit/537.36 (KHTML, like Gecko) Chrome/152.0.7977.82 Mobile Safari/537.36 (compatible; Googlebot/2.1; +http://www.google.com/bot.html)"
85.208.96.193 - - [13/Sep/2026:23:20:47 +0300] "GET /?sale%2Fsearch%2Fdetail%2F%3FITMCODE=519518256008 HTTP/1.1" 200 11138 "-" "Mozilla/5.0 (compatible; SemrushBot/7~bl; +http://www.semrush.com/bot.html)"
85.208.96.199 - - [13/Sep/2026:23:21:50 +0300] "GET /?sale%2Fsearch%2Fdetail%2F%3FITMCODE=519974249722 HTTP/1.1" 200 11138 "-" "Mozilla/5.0 (compatible; SemrushBot/7~bl; +http://www.semrush.com/bot.html)"
185.191.171.4 - - [13/Sep/2026:23:22:19 +0300] "GET /?sale%2Fsearch%2Fdetail%2F%3FITMCODE=519819524174 HTTP/1.1" 200 11138 "-" "Mozilla/5.0 (compatible; SemrushBot/7~bl; +http://www.semrush.com/bot.html)"
66.249.68.104 - - [13/Sep/2026:23:22:33 +0300] "GET /?sale/search/detail/?ITMCODE=51971464159 HTTP/1.1" 200 197423 "-" "Mozilla/5.0 (Linux; Android 6.0.1; Nexus 5X Build/MMB29P) AppleWebKit/537.36 (KHTML, like Gecko) Chrome/152.0.7977.82 Mobile Safari/537.36 (compatible; Googlebot/2.1; +http://www.google.com/bot.html)"
85.208.96.210 - - [13/Sep/2026:23:22:34 +0300] "GET /?sale%2Fsearch%2Fdetail%2F%3FITMCODE=5196659783 HTTP/1.1" 200 11138 "-" "Mozilla/5.0 (compatible; SemrushBot/7~bl; +http://www.semrush.com/bot.html)"
185.191.171.4 - - [13/Sep/2026:23:22:43 +0300] "GET /?sale%2Fsearch%2Fdetail%2F%3FITMCODE=51981890824 HTTP/1.1" 200 11138 "-" "Mozilla/5.0 (compatible; SemrushBot/7~bl; +http://www.semrush.com/bot.html)"
85.208.96.210 - - [13/Sep/2026:23:22:47 +0300] "GET /?sale%2Fsearch%2Fdetail%2F%3FITMCODE=519512353755 HTTP/1.1" 200 11138 "-" "Mozilla/5.0 (compatible; SemrushBot/7~bl; +http://www.semrush.com/bot.html)"
185.191.171.19 - - [13/Sep/2026:23:23:02 +0300] "GET /?sale%2Fsearch%2Fdetail%2F%3FITMCODE=519825521095 HTTP/1.1" 200 11138 "-" "Mozilla/5.0 (compatible; SemrushBot/7~bl; +http://www.semrush.com/bot.html)"
66.249.68.105 - - [13/Sep/2026:23:23:16 +0300] "GET /?sale/search/detail/?ITMCODE=5196759940 HTTP/1.1" 200 212586 "-" "Mozilla/5.0 (Linux; Android 6.0.1; Nexus 5X Build/MMB29P) AppleWebKit/537.36 (KHTML, like Gecko) Chrome/152.0.7977.82 Mobile Safari/537.36 (compatible; Googlebot/2.1; +http://www.google.com/bot.html)"
66.249.68.104 - - [13/Sep/2026:23:24:41 +0300] "GET /index.php?GameID=2026-07-18/2642.html HTTP/1.1" 200 203324 "-" "Mozilla/5.0 (Linux; Android 6.0.1; Nexus 5X Build/MMB29P) AppleWebKit/537.36 (KHTML, like Gecko) Chrome/152.0.7977.82 Mobile Safari/537.36 (compatible; Googlebot/2.1; +http://www.google.com/bot.html)"
85.208.96.208 - - [13/Sep/2026:23:24:57 +0300] "GET /?sale%2Fsearch%2Fdetail%2F%3FITMCODE=519810507957 HTTP/1.1" 200 11138 "-" "Mozilla/5.0 (compatible; SemrushBot/7~bl; +http://www.semrush.com/bot.html)"
40.77.167.121 - - [13/Sep/2026:23:25:01 +0300] "GET /shop/pg/927642 HTTP/1.1" 200 195790 "-" "Mozilla/5.0 AppleWebKit/537.36 (KHTML, like Gecko; compatible; bingbot/2.0; +http://www.bing.com/bingbot.htm) Chrome/116.0.1938.76 Safari/537.36"
185.191.171.15 - - [13/Sep/2026:23:26:29 +0300] "GET /?sale%2Fsearch%2Fdetail%2F%3FITMCODE=51995494084 HTTP/1.1" 200 11138 "-" "Mozilla/5.0 (compatible; SemrushBot/7~bl; +http://www.semrush.com/bot.html)"
185.191.171.7 - - [13/Sep/2026:23:26:43 +0300] "GET /?sale%2Fsearch%2Fdetail%2F%3FITMCODE=519870588055 HTTP/1.1" 200 11138 "-" "Mozilla/5.0 (compatible; SemrushBot/7~bl; +http://www.semrush.com/bot.html)"
85.208.96.194 - - [13/Sep/2026:23:27:16 +0300] "GET /?sale%2Fsearch%2Fdetail%2F%3FITMCODE=519831676905 HTTP/1.1" 200 11138 "-" "Mozilla/5.0 (compatible; SemrushBot/7~bl; +http://www.semrush.com/bot.html)"
185.191.171.18 - - [13/Sep/2026:23:27:35 +0300] "GET /?sale%2Fsearch%2Fdetail%2F%3FITMCODE=519911477584 HTTP/1.1" 200 11138 "-" "Mozilla/5.0 (compatible; SemrushBot/7~bl; +http://www.semrush.com/bot.html)"
85.208.96.194 - - [13/Sep/2026:23:27:55 +0300] "GET /?sale%2Fsearch%2Fdetail%2F%3FITMCODE=519512182175 HTTP/1.1" 200 11138 "-" "Mozilla/5.0 (compatible; SemrushBot/7~bl; +http://www.semrush.com/bot.html)"
157.55.39.59 - - [13/Sep/2026:23:27:55 +0300] "GET /shop/cart/cart HTTP/1.1" 200 192766 "-" "Mozilla/5.0 AppleWebKit/537.36 (KHTML, like Gecko; compatible; bingbot/2.0; +http://www.bing.com/bingbot.htm) Chrome/116.0.1938.76 Safari/537.36"
85.208.96.197 - - [13/Sep/2026:23:28:23 +0300] "GET /?sale%2Fsearch%2Fdetail%2F%3FITMCODE=51998465466 HTTP/1.1" 200 11138 "-" "Mozilla/5.0 (compatible; SemrushBot/7~bl; +http://www.semrush.com/bot.html)"
185.191.171.16 - - [13/Sep/2026:23:28:28 +0300] "GET /?sale%2Fsearch%2Fdetail%2F%3FITMCODE=519770398693 HTTP/1.1" 200 11138 "-" "Mozilla/5.0 (compatible; SemrushBot/7~bl; +http://www.semrush.com/bot.html)"
66.249.68.105 - - [13/Sep/2026:23:29:04 +0300] "GET /?sale/search/detail/?ITMCODE=51971058207 HTTP/1.1" 200 197555 "-" "Mozilla/5.0 (compatible; Googlebot/2.1; +http://www.google.com/bot.html)"
66.249.68.96 - - [13/Sep/2026:23:30:03 +0300] "GET /?sale/search/detail/?ITMCODE=5196938428 HTTP/1.1" 200 213529 "-" "Mozilla/5.0 (Linux; Android 6.0.1; Nexus 5X Build/MMB29P) AppleWebKit/537.36 (KHTML, like Gecko) Chrome/152.0.7977.82 Mobile Safari/537.36 (compatible; Googlebot/2.1; +http://www.google.com/bot.html)"
66.249.68.104 - - [13/Sep/2026:23:30:12 +0300] "GET /?sale/search/detail/?ITMCODE=51992114825 HTTP/1.1" 200 202379 "-" "Mozilla/5.0 (Linux; Android 6.0.1; Nexus 5X Build/MMB29P) AppleWebKit/537.36 (KHTML, like Gecko) Chrome/152.0.7977.82 Mobile Safari/537.36 (compatible; Googlebot/2.1; +http://www.google.com/bot.html)"
85.208.96.209 - - [13/Sep/2026:23:30:18 +0300] "GET /?sale%2Fsearch%2Fdetail%2F%3FITMCODE=5200101986105 HTTP/1.1" 200 11138 "-" "Mozilla/5.0 (compatible; SemrushBot/7~bl; +http://www.semrush.com/bot.html)"
85.208.96.207 - - [13/Sep/2026:23:30:52 +0300] "GET /?sale%2Fsearch%2Fdetail%2F%3FITMCODE=51995348208 HTTP/1.1" 200 11138 "-" "Mozilla/5.0 (compatible; SemrushBot/7~bl; +http://www.semrush.com/bot.html)"
66.249.68.104 - - [13/Sep/2026:23:30:56 +0300] "GET /?sale/search/detail/?ITMCODE=5195189966 HTTP/1.1" 200 211671 "-" "Mozilla/5.0 (Linux; Android 6.0.1; Nexus 5X Build/MMB29P) AppleWebKit/537.36 (KHTML, like Gecko) Chrome/152.0.7977.82 Mobile Safari/537.36 (compatible; Googlebot/2.1; +http://www.google.com/bot.html)"
185.191.171.7 - - [13/Sep/2026:23:31:04 +0300] "GET /?sale%2Fsearch%2Fdetail%2F%3FITMCODE=519719259561 HTTP/1.1" 200 11138 "-" "Mozilla/5.0 (compatible; SemrushBot/7~bl; +http://www.semrush.com/bot.html)"
85.208.96.194 - - [13/Sep/2026:23:31:14 +0300] "GET /?sale%2Fsearch%2Fdetail%2F%3FITMCODE=5198100916120 HTTP/1.1" 200 11138 "-" "Mozilla/5.0 (compatible; SemrushBot/7~bl; +http://www.semrush.com/bot.html)"
66.249.68.104 - - [13/Sep/2026:23:31:17 +0300] "GET /?sale/search/detail/?ITMCODE=5195267721 HTTP/1.1" 200 209465 "-" "Mozilla/5.0 (Linux; Android 6.0.1; Nexus 5X Build/MMB29P) AppleWebKit/537.36 (KHTML, like Gecko) Chrome/152.0.7977.82 Mobile Safari/537.36 (compatible; Googlebot/2.1; +http://www.google.com/bot.html)"
66.249.68.96 - - [13/Sep/2026:23:32:19 +0300] "GET /?sale/search/detail/?ITMCODE=51981977145 HTTP/1.1" 200 209043 "-" "Mozilla/5.0 (Linux; Android 6.0.1; Nexus 5X Build/MMB29P) AppleWebKit/537.36 (KHTML, like Gecko) Chrome/152.0.7977.82 Mobile Safari/537.36 (compatible; Googlebot/2.1; +http://www.google.com/bot.html)"
85.208.96.197 - - [13/Sep/2026:23:32:41 +0300] "GET /?sale%2Fsearch%2Fdetail%2F%3FITMCODE=51956262058 HTTP/1.1" 200 11138 "-" "Mozilla/5.0 (compatible; SemrushBot/7~bl; +http://www.semrush.com/bot.html)"
85.208.96.203 - - [13/Sep/2026:23:32:51 +0300] "GET /?sale%2Fsearch%2Fdetail%2F%3FITMCODE=519515282759 HTTP/1.1" 200 11138 "-" "Mozilla/5.0 (compatible; SemrushBot/7~bl; +http://www.semrush.com/bot.html)"
66.249.68.104 - - [13/Sep/2026:23:32:57 +0300] "GET /?sale/search/detail/?ITMCODE=5196802997 HTTP/1.1" 200 211402 "-" "Mozilla/5.0 (Linux; Android 6.0.1; Nexus 5X Build/MMB29P) AppleWebKit/537.36 (KHTML, like Gecko) Chrome/152.0.7977.82 Mobile Safari/537.36 (compatible; Googlebot/2.1; +http://www.google.com/bot.html)"
185.191.171.15 - - [13/Sep/2026:23:33:05 +0300] "GET /?sale%2Fsearch%2Fdetail%2F%3FITMCODE=519822727779 HTTP/1.1" 200 11138 "-" "Mozilla/5.0 (compatible; SemrushBot/7~bl; +http://www.semrush.com/bot.html)"
185.191.171.9 - - [13/Sep/2026:23:33:19 +0300] "GET /?sale%2Fsearch%2Fdetail%2F%3FITMCODE=5199101234900 HTTP/1.1" 200 11138 "-" "Mozilla/5.0 (compatible; SemrushBot/7~bl; +http://www.semrush.com/bot.html)"
66.249.68.105 - - [13/Sep/2026:23:33:41 +0300] "GET /?sale/search/detail/?ITMCODE=5196913356 HTTP/1.1" 200 209668 "-" "Mozilla/5.0 (Linux; Android 6.0.1; Nexus 5X Build/MMB29P) AppleWebKit/537.36 (KHTML, like Gecko) Chrome/152.0.7977.82 Mobile Safari/537.36 (compatible; Googlebot/2.1; +http://www.google.com/bot.html)"
66.249.68.105 - - [13/Sep/2026:23:34:06 +0300] "GET /?sale/search/detail/?ITMCODE=51971053358 HTTP/1.1" 200 197728 "-" "Mozilla/5.0 (Linux; Android 6.0.1; Nexus 5X Build/MMB29P) AppleWebKit/537.36 (KHTML, like Gecko) Chrome/152.0.7977.82 Mobile Safari/537.36 (compatible; Googlebot/2.1; +http://www.google.com/bot.html)"
185.191.171.1 - - [13/Sep/2026:23:34:12 +0300] "GET /?sale%2Fsearch%2Fdetail%2F%3FITMCODE=52005774495 HTTP/1.1" 200 11138 "-" "Mozilla/5.0 (compatible; SemrushBot/7~bl; +http://www.semrush.com/bot.html)"
85.208.96.211 - - [13/Sep/2026:23:35:10 +0300] "GET /?sale%2Fsearch%2Fdetail%2F%3FITMCODE=519923216598 HTTP/1.1" 200 11138 "-" "Mozilla/5.0 (compatible; SemrushBot/7~bl; +http://www.semrush.com/bot.html)"
85.208.96.203 - - [13/Sep/2026:23:35:24 +0300] "GET /?sale%2Fsearch%2Fdetail%2F%3FITMCODE=520026661962 HTTP/1.1" 200 11138 "-" "Mozilla/5.0 (compatible; SemrushBot/7~bl; +http://www.semrush.com/bot.html)"
185.191.171.11 - - [13/Sep/2026:23:36:10 +0300] "GET /?sale%2Fsearch%2Fdetail%2F%3FITMCODE=51969523455 HTTP/1.1" 200 11138 "-" "Mozilla/5.0 (compatible; SemrushBot/7~bl; +http://www.semrush.com/bot.html)"
85.208.96.203 - - [13/Sep/2026:23:37:10 +0300] "GET /?sale%2Fsearch%2Fdetail%2F%3FITMCODE=51987906572 HTTP/1.1" 200 11138 "-" "Mozilla/5.0 (compatible; SemrushBot/7~bl; +http://www.semrush.com/bot.html)"
85.208.96.206 - - [13/Sep/2026:23:37:15 +0300] "GET /?sale%2Fsearch%2Fdetail%2F%3FITMCODE=519615972382 HTTP/1.1" 200 11138 "-" "Mozilla/5.0 (compatible; SemrushBot/7~bl; +http://www.semrush.com/bot.html)"
185.191.171.6 - - [13/Sep/2026:23:37:18 +0300] "GET /?sale%2Fsearch%2Fdetail%2F%3FITMCODE=519870748807 HTTP/1.1" 200 11138 "-" "Mozilla/5.0 (compatible; SemrushBot/7~bl; +http://www.semrush.com/bot.html)"
85.208.96.202 - - [13/Sep/2026:23:38:45 +0300] "GET /?sale%2Fsearch%2Fdetail%2F%3FITMCODE=519813691250 HTTP/1.1" 200 11138 "-" "Mozilla/5.0 (compatible; SemrushBot/7~bl; +http://www.semrush.com/bot.html)"
185.191.171.11 - - [13/Sep/2026:23:39:05 +0300] "GET /?sale%2Fsearch%2Fdetail%2F%3FITMCODE=519624907270 HTTP/1.1" 200 11138 "-" "Mozilla/5.0 (compatible; SemrushBot/7~bl; +http://www.semrush.com/bot.html)"
85.208.96.205 - - [13/Sep/2026:23:39:34 +0300] "GET /?sale%2Fsearch%2Fdetail%2F%3FITMCODE=520074894302 HTTP/1.1" 200 11138 "-" "Mozilla/5.0 (compatible; SemrushBot/7~bl; +http://www.semrush.com/bot.html)"
66.249.68.105 - - [13/Sep/2026:23:40:02 +0300] "GET /?sale/search/detail/?ITMCODE=52002783273 HTTP/1.1" 200 207384 "-" "Mozilla/5.0 (Linux; Android 6.0.1; Nexus 5X Build/MMB29P) AppleWebKit/537.36 (KHTML, like Gecko) Chrome/152.0.7977.82 Mobile Safari/537.36 (compatible; Googlebot/2.1; +http://www.google.com/bot.html)"
66.249.68.105 - - [13/Sep/2026:23:40:14 +0300] "GET /?sale/search/detail/?ITMCODE=51971382843 HTTP/1.1" 200 196801 "-" "Mozilla/5.0 (Linux; Android 6.0.1; Nexus 5X Build/MMB29P) AppleWebKit/537.36 (KHTML, like Gecko) Chrome/152.0.7977.82 Mobile Safari/537.36 (compatible; Googlebot/2.1; +http://www.google.com/bot.html)"
185.191.171.4 - - [13/Sep/2026:23:40:18 +0300] "GET /?sale%2Fsearch%2Fdetail%2F%3FITMCODE=51969892978 HTTP/1.1" 200 11138 "-" "Mozilla/5.0 (compatible; SemrushBot/7~bl; +http://www.semrush.com/bot.html)"
40.77.167.136 - - [13/Sep/2026:23:40:22 +0300] "GET /shop/pg/5196987385 HTTP/1.1" 200 194147 "-" "Mozilla/5.0 AppleWebKit/537.36 (KHTML, like Gecko; compatible; bingbot/2.0; +http://www.bing.com/bingbot.htm) Chrome/116.0.1938.76 Safari/537.36"
185.191.171.3 - - [13/Sep/2026:23:40:32 +0300] "GET /?sale%2Fsearch%2Fdetail%2F%3FITMCODE=519770424158 HTTP/1.1" 200 11138 "-" "Mozilla/5.0 (compatible; SemrushBot/7~bl; +http://www.semrush.com/bot.html)"
185.191.171.19 - - [13/Sep/2026:23:41:03 +0300] "GET /?sale%2Fsearch%2Fdetail%2F%3FITMCODE=519831536473 HTTP/1.1" 200 11138 "-" "Mozilla/5.0 (compatible; SemrushBot/7~bl; +http://www.semrush.com/bot.html)"
85.208.96.202 - - [13/Sep/2026:23:41:09 +0300] "GET /?sale%2Fsearch%2Fdetail%2F%3FITMCODE=5197103036861 HTTP/1.1" 200 11138 "-" "Mozilla/5.0 (compatible; SemrushBot/7~bl; +http://www.semrush.com/bot.html)"
66.249.68.104 - - [13/Sep/2026:23:41:18 +0300] "GET /?sale/search/detail/?ITMCODE=5196934484 HTTP/1.1" 200 201084 "-" "Mozilla/5.0 (Linux; Android 6.0.1; Nexus 5X Build/MMB29P) AppleWebKit/537.36 (KHTML, like Gecko) Chrome/152.0.7977.82 Mobile Safari/537.36 (compatible; Googlebot/2.1; +http://www.google.com/bot.html)"
185.191.171.2 - - [13/Sep/2026:23:41:20 +0300] "GET /?sale%2Fsearch%2Fdetail%2F%3FITMCODE=519575176647 HTTP/1.1" 200 11138 "-" "Mozilla/5.0 (compatible; SemrushBot/7~bl; +http://www.semrush.com/bot.html)"
66.249.68.104 - - [13/Sep/2026:23:42:37 +0300] "GET /?sale/search/detail/?ITMCODE=52002723354 HTTP/1.1" 200 198020 "-" "Mozilla/5.0 (Linux; Android 6.0.1; Nexus 5X Build/MMB29P) AppleWebKit/537.36 (KHTML, like Gecko) Chrome/152.0.7977.82 Mobile Safari/537.36 (compatible; Googlebot/2.1; +http://www.google.com/bot.html)"
85.208.96.193 - - [13/Sep/2026:23:42:45 +0300] "GET /?sale%2Fsearch%2Fdetail%2F%3FITMCODE=51953295468 HTTP/1.1" 200 11138 "-" "Mozilla/5.0 (compatible; SemrushBot/7~bl; +http://www.semrush.com/bot.html)"
185.191.171.5 - - [13/Sep/2026:23:43:04 +0300] "GET /?sale%2Fsearch%2Fdetail%2F%3FITMCODE=51998127343 HTTP/1.1" 200 11138 "-" "Mozilla/5.0 (compatible; SemrushBot/7~bl; +http://www.semrush.com/bot.html)"
66.249.68.104 - - [13/Sep/2026:23:43:04 +0300] "GET /?sale/search/detail/?ITMCODE=51992465959 HTTP/1.1" 200 202918 "-" "Mozilla/5.0 (Linux; Android 6.0.1; Nexus 5X Build/MMB29P) AppleWebKit/537.36 (KHTML, like Gecko) Chrome/152.0.7977.82 Mobile Safari/537.36 (compatible; Googlebot/2.1; +http://www.google.com/bot.html)"
66.249.68.104 - - [13/Sep/2026:23:43:59 +0300] "GET /?sale/search/detail/?ITMCODE=51992009138 HTTP/1.1" 200 195527 "-" "Mozilla/5.0 (Linux; Android 6.0.1; Nexus 5X Build/MMB29P) AppleWebKit/537.36 (KHTML, like Gecko) Chrome/152.0.7977.82 Mobile Safari/537.36 (compatible; Googlebot/2.1; +http://www.google.com/bot.html)"
185.191.171.19 - - [13/Sep/2026:23:44:02 +0300] "GET /?sale%2Fsearch%2Fdetail%2F%3FITMCODE=51966579041 HTTP/1.1" 200 11138 "-" "Mozilla/5.0 (compatible; SemrushBot/7~bl; +http://www.semrush.com/bot.html)"
66.249.68.104 - - [13/Sep/2026:23:44:19 +0300] "GET /?sale/search/detail/?ITMCODE=51971279506 HTTP/1.1" 200 195717 "-" "Mozilla/5.0 (compatible; Googlebot/2.1; +http://www.google.com/bot.html)"
85.208.96.211 - - [13/Sep/2026:23:45:03 +0300] "GET /?sale%2Fsearch%2Fdetail%2F%3FITMCODE=519938453620 HTTP/1.1" 200 11138 "-" "Mozilla/5.0 (compatible; SemrushBot/7~bl; +http://www.semrush.com/bot.html)"
185.191.171.16 - - [13/Sep/2026:23:45:17 +0300] "GET /?sale%2Fsearch%2Fdetail%2F%3FITMCODE=520017693443 HTTP/1.1" 200 11138 "-" "Mozilla/5.0 (compatible; SemrushBot/7~bl; +http://www.semrush.com/bot.html)"
185.191.171.12 - - [13/Sep/2026:23:45:32 +0300] "GET /?sale%2Fsearch%2Fdetail%2F%3FITMCODE=5196105659245 HTTP/1.1" 200 11138 "-" "Mozilla/5.0 (compatible; SemrushBot/7~bl; +http://www.semrush.com/bot.html)"
185.191.171.2 - - [13/Sep/2026:23:46:03 +0300] "GET /?sale%2Fsearch%2Fdetail%2F%3FITMCODE=519716052930 HTTP/1.1" 200 11138 "-" "Mozilla/5.0 (compatible; SemrushBot/7~bl; +http://www.semrush.com/bot.html)"
85.208.96.211 - - [13/Sep/2026:23:46:09 +0300] "GET /?sale%2Fsearch%2Fdetail%2F%3FITMCODE=519819734859 HTTP/1.1" 200 11138 "-" "Mozilla/5.0 (compatible; SemrushBot/7~bl; +http://www.semrush.com/bot.html)"
66.249.68.105 - - [13/Sep/2026:23:46:26 +0300] "GET /?sale/search/detail/?ITMCODE=52002562798 HTTP/1.1" 200 199313 "-" "Mozilla/5.0 (Linux; Android 6.0.1; Nexus 5X Build/MMB29P) AppleWebKit/537.36 (KHTML, like Gecko) Chrome/152.0.7977.82 Mobile Safari/537.36 (compatible; Googlebot/2.1; +http://www.google.com/bot.html)"
185.191.171.16 - - [13/Sep/2026:23:46:45 +0300] "GET /?sale%2Fsearch%2Fdetail%2F%3FITMCODE=519699828123 HTTP/1.1" 200 11138 "-" "Mozilla/5.0 (compatible; SemrushBot/7~bl; +http://www.semrush.com/bot.html)"
85.208.96.202 - - [13/Sep/2026:23:47:03 +0300] "GET /?sale%2Fsearch%2Fdetail%2F%3FITMCODE=51974469033 HTTP/1.1" 200 11138 "-" "Mozilla/5.0 (compatible; SemrushBot/7~bl; +http://www.semrush.com/bot.html)"
185.191.171.3 - - [13/Sep/2026:23:47:09 +0300] "GET /?sale%2Fsearch%2Fdetail%2F%3FITMCODE=52008767053 HTTP/1.1" 200 11138 "-" "Mozilla/5.0 (compatible; SemrushBot/7~bl; +http://www.semrush.com/bot.html)"
18.97.14.86 - - [13/Sep/2026:23:47:13 +0300] "GET /robots.txt HTTP/1.1" 200 836 "-" "CCBot/2.0 (https://commoncrawl.org/faq/)"
18.97.14.86 - - [13/Sep/2026:23:47:13 +0300] "GET / HTTP/1.1" 200 11138 "-" "CCBot/2.0 (https://commoncrawl.org/faq/)"
185.191.171.11 - - [13/Sep/2026:23:47:34 +0300] "GET /?sale%2Fsearch%2Fdetail%2F%3FITMCODE=519533439480 HTTP/1.1" 200 11138 "-" "Mozilla/5.0 (compatible; SemrushBot/7~bl; +http://www.semrush.com/bot.html)"
185.191.171.14 - - [13/Sep/2026:23:49:19 +0300] "GET /?sale%2Fsearch%2Fdetail%2F%3FITMCODE=519831571859 HTTP/1.1" 200 11138 "-" "Mozilla/5.0 (compatible; SemrushBot/7~bl; +http://www.semrush.com/bot.html)"
85.208.96.198 - - [13/Sep/2026:23:49:21 +0300] "GET /?sale%2Fsearch%2Fdetail%2F%3FITMCODE=519627601758 HTTP/1.1" 200 11138 "-" "Mozilla/5.0 (compatible; SemrushBot/7~bl; +http://www.semrush.com/bot.html)"
185.191.171.5 - - [13/Sep/2026:23:51:00 +0300] "GET /?sale%2Fsearch%2Fdetail%2F%3FITMCODE=51969638747 HTTP/1.1" 200 11138 "-" "Mozilla/5.0 (compatible; SemrushBot/7~bl; +http://www.semrush.com/bot.html)"
185.191.171.19 - - [13/Sep/2026:23:51:35 +0300] "GET /?sale%2Fsearch%2Fdetail%2F%3FITMCODE=519810746607 HTTP/1.1" 200 11138 "-" "Mozilla/5.0 (compatible; SemrushBot/7~bl; +http://www.semrush.com/bot.html)"
185.191.171.4 - - [13/Sep/2026:23:52:26 +0300] "GET /?sale%2Fsearch%2Fdetail%2F%3FITMCODE=519728168233 HTTP/1.1" 200 11138 "-" "Mozilla/5.0 (compatible; SemrushBot/7~bl; +http://www.semrush.com/bot.html)"
185.191.171.4 - - [13/Sep/2026:23:52:51 +0300] "GET /?sale%2Fsearch%2Fdetail%2F%3FITMCODE=519914155142 HTTP/1.1" 200 11138 "-" "Mozilla/5.0 (compatible; SemrushBot/7~bl; +http://www.semrush.com/bot.html)"
216.73.217.175 - - [13/Sep/2026:23:52:55 +0300] "GET /robots.txt HTTP/1.1" 200 836 "-" "Mozilla/5.0 AppleWebKit/537.36 (KHTML, like Gecko; compatible; ClaudeBot/1.0; +claudebot@anthropic.com)"
216.73.217.175 - - [13/Sep/2026:23:52:55 +0300] "GET /sitemap.xml HTTP/1.1" 200 1307 "-" "Mozilla/5.0 AppleWebKit/537.36 (KHTML, like Gecko; compatible; ClaudeBot/1.0; +claudebot@anthropic.com)"
85.208.96.208 - - [13/Sep/2026:23:53:12 +0300] "GET /?sale%2Fsearch%2Fdetail%2F%3FITMCODE=51959123205 HTTP/1.1" 200 11138 "-" "Mozilla/5.0 (compatible; SemrushBot/7~bl; +http://www.semrush.com/bot.html)"
85.208.96.199 - - [13/Sep/2026:23:53:15 +0300] "GET /robots.txt HTTP/1.1" 200 836 "-" "Mozilla/5.0 (compatible; SemrushBot/7~bl; +http://www.semrush.com/bot.html)"
185.191.171.16 - - [13/Sep/2026:23:53:15 +0300] "GET /?sale%2Fsearch%2Fdetail%2F%3FITMCODE=519713082993 HTTP/1.1" 200 11138 "-" "Mozilla/5.0 (compatible; SemrushBot/7~bl; +http://www.semrush.com/bot.html)"
185.191.171.11 - - [13/Sep/2026:23:53:17 +0300] "GET /?sale%2Fsearch%2Fdetail%2F%3FITMCODE=520032920554 HTTP/1.1" 200 11138 "-" "Mozilla/5.0 (compatible; SemrushBot/7~bl; +http://www.semrush.com/bot.html)"
85.208.96.195 - - [13/Sep/2026:23:53:51 +0300] "GET /?sale%2Fsearch%2Fdetail%2F%3FITMCODE=519612634575 HTTP/1.1" 200 11138 "-" "Mozilla/5.0 (compatible; SemrushBot/7~bl; +http://www.semrush.com/bot.html)"
66.249.68.105 - - [13/Sep/2026:23:54:05 +0300] "GET /?sale/search/detail/?ITMCODE=519514693 HTTP/1.1" 200 203274 "-" "Mozilla/5.0 (Linux; Android 6.0.1; Nexus 5X Build/MMB29P) AppleWebKit/537.36 (KHTML, like Gecko) Chrome/152.0.7977.82 Mobile Safari/537.36 (compatible; Googlebot/2.1; +http://www.google.com/bot.html)"
85.208.96.212 - - [13/Sep/2026:23:54:11 +0300] "GET /?sale%2Fsearch%2Fdetail%2F%3FITMCODE=5198103854106 HTTP/1.1" 200 11138 "-" "Mozilla/5.0 (compatible; SemrushBot/7~bl; +http://www.semrush.com/bot.html)"
207.46.13.36 - - [13/Sep/2026:23:54:48 +0300] "GET /sale/search/detail/?ITMCODE=52002915096 HTTP/1.1" 200 200660 "-" "Mozilla/5.0 AppleWebKit/537.36 (KHTML, like Gecko; compatible; bingbot/2.0; +http://www.bing.com/bingbot.htm) Chrome/116.0.1938.76 Safari/537.36"
185.191.171.11 - - [13/Sep/2026:23:54:52 +0300] "GET /?sale%2Fsearch%2Fdetail%2F%3FITMCODE=520071721278 HTTP/1.1" 200 11138 "-" "Mozilla/5.0 (compatible; SemrushBot/7~bl; +http://www.semrush.com/bot.html)"
185.191.171.14 - - [13/Sep/2026:23:54:58 +0300] "GET /?sale%2Fsearch%2Fdetail%2F%3FITMCODE=51956493874 HTTP/1.1" 200 11138 "-" "Mozilla/5.0 (compatible; SemrushBot/7~bl; +http://www.semrush.com/bot.html)"
66.249.68.104 - - [13/Sep/2026:23:56:16 +0300] "GET /?sale/search/detail/?ITMCODE=51981911200 HTTP/1.1" 200 214422 "-" "Mozilla/5.0 (Linux; Android 6.0.1; Nexus 5X Build/MMB29P) AppleWebKit/537.36 (KHTML, like Gecko) Chrome/152.0.7977.82 Mobile Safari/537.36 (compatible; Googlebot/2.1; +http://www.google.com/bot.html)"
185.191.171.5 - - [13/Sep/2026:23:56:45 +0300] "GET /?sale%2Fsearch%2Fdetail%2F%3FITMCODE=519536211599 HTTP/1.1" 200 11138 "-" "Mozilla/5.0 (compatible; SemrushBot/7~bl; +http://www.semrush.com/bot.html)"
185.191.171.15 - - [13/Sep/2026:23:57:06 +0300] "GET /?sale%2Fsearch%2Fdetail%2F%3FITMCODE=519971064605 HTTP/1.1" 200 11138 "-" "Mozilla/5.0 (compatible; SemrushBot/7~bl; +http://www.semrush.com/bot.html)"
185.191.171.10 - - [13/Sep/2026:23:57:23 +0300] "GET /?sale%2Fsearch%2Fdetail%2F%3FITMCODE=519828590707 HTTP/1.1" 200 11138 "-" "Mozilla/5.0 (compatible; SemrushBot/7~bl; +http://www.semrush.com/bot.html)"
185.191.171.18 - - [13/Sep/2026:23:57:45 +0300] "GET /?sale%2Fsearch%2Fdetail%2F%3FITMCODE=520032540265 HTTP/1.1" 200 11138 "-" "Mozilla/5.0 (compatible; SemrushBot/7~bl; +http://www.semrush.com/bot.html)"
185.191.171.10 - - [13/Sep/2026:23:58:12 +0300] "GET /?sale%2Fsearch%2Fdetail%2F%3FITMCODE=519911066134 HTTP/1.1" 200 11138 "-" "Mozilla/5.0 (compatible; SemrushBot/7~bl; +http://www.semrush.com/bot.html)"
85.208.96.202 - - [13/Sep/2026:23:58:14 +0300] "GET /?sale%2Fsearch%2Fdetail%2F%3FITMCODE=519971089592 HTTP/1.1" 200 11138 "-" "Mozilla/5.0 (compatible; SemrushBot/7~bl; +http://www.semrush.com/bot.html)"
85.208.96.209 - - [13/Sep/2026:23:58:56 +0300] "GET /?sale%2Fsearch%2Fdetail%2F%3FITMCODE=51971386096 HTTP/1.1" 200 11138 "-" "Mozilla/5.0 (compatible; SemrushBot/7~bl; +http://www.semrush.com/bot.html)"
185.191.171.4 - - [13/Sep/2026:23:59:05 +0300] "GET /?sale%2Fsearch%2Fdetail%2F%3FITMCODE=51971378109 HTTP/1.1" 200 11138 "-" "Mozilla/5.0 (compatible; SemrushBot/7~bl; +http://www.semrush.com/bot.html)"
85.208.96.196 - - [13/Sep/2026:23:59:27 +0300] "GET /?sale%2Fsearch%2Fdetail%2F%3FITMCODE=519630595797 HTTP/1.1" 200 11138 "-" "Mozilla/5.0 (compatible; SemrushBot/7~bl; +http://www.semrush.com/bot.html)"
18.97.14.86 - - [14/Sep/2026:00:00:30 +0300] "GET /index.php HTTP/1.1" 200 11147 "-" "CCBot/2.0 (https://commoncrawl.org/faq/)"
