85.208.96.196 - - [13/Sep/2026:21:01:06 +0300] "GET /?sale%2Fsearch%2Fdetail%2F%3FITMCODE=5199101208295 HTTP/1.1" 200 11138 "-" "Mozilla/5.0 (compatible; SemrushBot/7~bl; +http://www.semrush.com/bot.html)"
85.208.96.212 - - [13/Sep/2026:21:01:18 +0300] "GET /?sale%2Fsearch%2Fdetail%2F%3FITMCODE=519533048582 HTTP/1.1" 200 11138 "-" "Mozilla/5.0 (compatible; SemrushBot/7~bl; +http://www.semrush.com/bot.html)"
185.191.171.2 - - [13/Sep/2026:21:01:37 +0300] "GET /?sale%2Fsearch%2Fdetail%2F%3FITMCODE=51992446815 HTTP/1.1" 200 11138 "-" "Mozilla/5.0 (compatible; SemrushBot/7~bl; +http://www.semrush.com/bot.html)"
66.249.68.104 - - [13/Sep/2026:21:01:49 +0300] "GET /?sale/search/detail/?ITMCODE=51992476303 HTTP/1.1" 200 211436 "-" "Mozilla/5.0 (Linux; Android 6.0.1; Nexus 5X Build/MMB29P) AppleWebKit/537.36 (KHTML, like Gecko) Chrome/152.0.7977.82 Mobile Safari/537.36 (compatible; Googlebot/2.1; +http://www.google.com/bot.html)"
185.191.171.7 - - [13/Sep/2026:21:02:10 +0300] "GET /?sale%2Fsearch%2Fdetail%2F%3FITMCODE=51953497754 HTTP/1.1" 200 11138 "-" "Mozilla/5.0 (compatible; SemrushBot/7~bl; +http://www.semrush.com/bot.html)"
66.249.68.104 - - [13/Sep/2026:21:02:11 +0300] "GET /?sale/search/detail/?ITMCODE=51981926248 HTTP/1.1" 200 194570 "-" "Mozilla/5.0 (Linux; Android 6.0.1; Nexus 5X Build/MMB29P) AppleWebKit/537.36 (KHTML, like Gecko) Chrome/152.0.7977.82 Mobile Safari/537.36 (compatible; Googlebot/2.1; +http://www.google.com/bot.html)"
85.208.96.195 - - [13/Sep/2026:21:02:38 +0300] "GET /?sale%2Fsearch%2Fdetail%2F%3FITMCODE=51995488408 HTTP/1.1" 200 11138 "-" "Mozilla/5.0 (compatible; SemrushBot/7~bl; +http://www.semrush.com/bot.html)"
66.249.68.104 - - [13/Sep/2026:21:02:41 +0300] "GET /?sale/search/detail/?ITMCODE=519578575 HTTP/1.1" 200 194973 "-" "Mozilla/5.0 (compatible; Googlebot/2.1; +http://www.google.com/bot.html)"
66.249.68.104 - - [13/Sep/2026:21:02:53 +0300] "GET /?sale/search/detail/?ITMCODE=52002875324 HTTP/1.1" 200 193976 "-" "Mozilla/5.0 (Linux; Android 6.0.1; Nexus 5X Build/MMB29P) AppleWebKit/537.36 (KHTML, like Gecko) Chrome/152.0.7977.82 Mobile Safari/537.36 (compatible; Googlebot/2.1; +http://www.google.com/bot.html)"
85.208.96.195 - - [13/Sep/2026:21:03:07 +0300] "GET /?sale%2Fsearch%2Fdetail%2F%3FITMCODE=519699973575 HTTP/1.1" 200 11138 "-" "Mozilla/5.0 (compatible; SemrushBot/7~bl; +http://www.semrush.com/bot.html)"
185.191.171.1 - - [13/Sep/2026:21:03:18 +0300] "GET /?sale%2Fsearch%2Fdetail%2F%3FITMCODE=51998286678 HTTP/1.1" 200 11138 "-" "Mozilla/5.0 (compatible; SemrushBot/7~bl; +http://www.semrush.com/bot.html)"
66.249.68.105 - - [13/Sep/2026:21:03:31 +0300] "GET /?sale/search/detail/?ITMCODE=51992065863 HTTP/1.1" 200 205612 "-" "Mozilla/5.0 (Linux; Android 6.0.1; Nexus 5X Build/MMB29P) AppleWebKit/537.36 (KHTML, like Gecko) Chrome/152.0.7977.82 Mobile Safari/537.36 (compatible; Googlebot/2.1; +http://www.google.com/bot.html)"
185.191.171.7 - - [13/Sep/2026:21:03:36 +0300] "GET /?sale%2Fsearch%2Fdetail%2F%3FITMCODE=51995044697 HTTP/1.1" 200 11138 "-" "Mozilla/5.0 (compatible; SemrushBot/7~bl; +http://www.semrush.com/bot.html)"
66.249.68.104 - - [13/Sep/2026:21:03:42 +0300] "GET /?sale/search/detail/?ITMCODE=52002989735 HTTP/1.1" 200 198933 "-" "Mozilla/5.0 (Linux; Android 6.0.1; Nexus 5X Build/MMB29P) AppleWebKit/537.36 (KHTML, like Gecko) Chrome/152.0.7977.82 Mobile Safari/537.36 (compatible; Googlebot/2.1; +http://www.google.com/bot.html)"
185.191.171.19 - - [13/Sep/2026:21:04:06 +0300] "GET /?sale%2Fsearch%2Fdetail%2F%3FITMCODE=519710452528 HTTP/1.1" 200 11138 "-" "Mozilla/5.0 (compatible; SemrushBot/7~bl; +http://www.semrush.com/bot.html)"
185.191.171.8 - - [13/Sep/2026:21:05:06 +0300] "GET /?sale%2Fsearch%2Fdetail%2F%3FITMCODE=52005543974 HTTP/1.1" 200 11138 "-" "Mozilla/5.0 (compatible; SemrushBot/7~bl; +http://www.semrush.com/bot.html)"
85.208.96.193 - - [13/Sep/2026:21:05:23 +0300] "GET /?sale%2Fsearch%2Fdetail%2F%3FITMCODE=520011856034 HTTP/1.1" 200 11138 "-" "Mozilla/5.0 (compatible; SemrushBot/7~bl; +http://www.semrush.com/bot.html)"
85.208.96.194 - - [13/Sep/2026:21:05:50 +0300] "GET /?sale%2Fsearch%2Fdetail%2F%3FITMCODE=519810527629 HTTP/1.1" 200 11138 "-" "Mozilla/5.0 (compatible; SemrushBot/7~bl; +http://www.semrush.com/bot.html)"
85.208.96.206 - - [13/Sep/2026:21:05:56 +0300] "GET /?sale%2Fsearch%2Fdetail%2F%3FITMCODE=51995321763 HTTP/1.1" 200 11138 "-" "Mozilla/5.0 (compatible; SemrushBot/7~bl; +http://www.semrush.com/bot.html)"
185.191.171.7 - - [13/Sep/2026:21:05:58 +0300] "GET /?sale%2Fsearch%2Fdetail%2F%3FITMCODE=519515238127 HTTP/1.1" 200 11138 "-" "Mozilla/5.0 (compatible; SemrushBot/7~bl; +http://www.semrush.com/bot.html)"
198.235.24.3 - - [13/Sep/2026:21:06:12 +0300] "GET / HTTP/1.1" 200 11208 "-" "Hello from Palo Alto Networks, find out more about our scans in https://docs-cortex.paloaltonetworks.com/r/1/Cortex-Xpanse/Scanning-activity"
43.152.72.247 - - [13/Sep/2026:21:06:22 +0300] "GET / HTTP/1.1" 200 11140 "-" "Mozilla/5.0 (iPhone; CPU iPhone OS 13_2_3 like Mac OS X) AppleWebKit/605.1.15 (KHTML, like Gecko) Version/13.0.3 Mobile/15E148 Safari/604.1"
66.249.68.104 - - [13/Sep/2026:21:06:31 +0300] "GET /?sale/search/detail/?ITMCODE=51992233251 HTTP/1.1" 200 198682 "-" "Mozilla/5.0 (Linux; Android 6.0.1; Nexus 5X Build/MMB29P) AppleWebKit/537.36 (KHTML, like Gecko) Chrome/152.0.7977.82 Mobile Safari/537.36 (compatible; Googlebot/2.1; +http://www.google.com/bot.html)"
185.191.171.2 - - [13/Sep/2026:21:06:51 +0300] "GET /?sale%2Fsearch%2Fdetail%2F%3FITMCODE=519828641020 HTTP/1.1" 200 11138 "-" "Mozilla/5.0 (compatible; SemrushBot/7~bl; +http://www.semrush.com/bot.html)"
66.249.68.104 - - [13/Sep/2026:21:07:26 +0300] "GET /?sale/search/detail/?ITMCODE=52002931745 HTTP/1.1" 200 199164 "-" "Mozilla/5.0 (Linux; Android 6.0.1; Nexus 5X Build/MMB29P) AppleWebKit/537.36 (KHTML, like Gecko) Chrome/152.0.7977.82 Mobile Safari/537.36 (compatible; Googlebot/2.1; +http://www.google.com/bot.html)"
185.191.171.14 - - [13/Sep/2026:21:07:27 +0300] "GET /?sale%2Fsearch%2Fdetail%2F%3FITMCODE=519710105998 HTTP/1.1" 200 11138 "-" "Mozilla/5.0 (compatible; SemrushBot/7~bl; +http://www.semrush.com/bot.html)"
185.191.171.2 - - [13/Sep/2026:21:07:36 +0300] "GET /?sale%2Fsearch%2Fdetail%2F%3FITMCODE=519575427898 HTTP/1.1" 200 11138 "-" "Mozilla/5.0 (compatible; SemrushBot/7~bl; +http://www.semrush.com/bot.html)"
66.249.68.105 - - [13/Sep/2026:21:07:48 +0300] "GET /?sale/search/detail/?ITMCODE=51992383179 HTTP/1.1" 200 197956 "-" "Mozilla/5.0 (Linux; Android 6.0.1; Nexus 5X Build/MMB29P) AppleWebKit/537.36 (KHTML, like Gecko) Chrome/152.0.7977.82 Mobile Safari/537.36 (compatible; Googlebot/2.1; +http://www.google.com/bot.html)"
66.249.68.96 - - [13/Sep/2026:21:08:27 +0300] "GET /?sale/search/detail/?ITMCODE=5195390693 HTTP/1.1" 200 200719 "-" "Mozilla/5.0 (Linux; Android 6.0.1; Nexus 5X Build/MMB29P) AppleWebKit/537.36 (KHTML, like Gecko) Chrome/152.0.7977.82 Mobile Safari/537.36 (compatible; Googlebot/2.1; +http://www.google.com/bot.html)"
66.249.68.96 - - [13/Sep/2026:21:10:00 +0300] "GET /?sale/search/detail/?ITMCODE=51992212375 HTTP/1.1" 200 196383 "-" "Mozilla/5.0 (Linux; Android 6.0.1; Nexus 5X Build/MMB29P) AppleWebKit/537.36 (KHTML, like Gecko) Chrome/152.0.7977.82 Mobile Safari/537.36 (compatible; Googlebot/2.1; +http://www.google.com/bot.html)"
185.191.171.7 - - [13/Sep/2026:21:10:14 +0300] "GET /?sale%2Fsearch%2Fdetail%2F%3FITMCODE=51995240158 HTTP/1.1" 200 11138 "-" "Mozilla/5.0 (compatible; SemrushBot/7~bl; +http://www.semrush.com/bot.html)"
66.249.68.104 - - [13/Sep/2026:21:10:20 +0300] "GET /?sale/search/detail/?ITMCODE=51971133772 HTTP/1.1" 200 208599 "-" "Mozilla/5.0 (Linux; Android 6.0.1; Nexus 5X Build/MMB29P) AppleWebKit/537.36 (KHTML, like Gecko) Chrome/152.0.7977.82 Mobile Safari/537.36 (compatible; Googlebot/2.1; +http://www.google.com/bot.html)"
185.191.171.7 - - [13/Sep/2026:21:10:22 +0300] "GET /?sale%2Fsearch%2Fdetail%2F%3FITMCODE=519527445195 HTTP/1.1" 200 11138 "-" "Mozilla/5.0 (compatible; SemrushBot/7~bl; +http://www.semrush.com/bot.html)"
66.249.68.96 - - [13/Sep/2026:21:11:06 +0300] "GET /?sale/search/detail/?ITMCODE=5195283347 HTTP/1.1" 200 200110 "-" "Mozilla/5.0 (Linux; Android 6.0.1; Nexus 5X Build/MMB29P) AppleWebKit/537.36 (KHTML, like Gecko) Chrome/152.0.7977.82 Mobile Safari/537.36 (compatible; Googlebot/2.1; +http://www.google.com/bot.html)"
185.191.171.17 - - [13/Sep/2026:21:11:18 +0300] "GET /?sale%2Fsearch%2Fdetail%2F%3FITMCODE=519935226055 HTTP/1.1" 200 11138 "-" "Mozilla/5.0 (compatible; SemrushBot/7~bl; +http://www.semrush.com/bot.html)"
66.249.68.104 - - [13/Sep/2026:21:11:27 +0300] "GET /?sale/search/detail/?ITMCODE=51992022036 HTTP/1.1" 200 196591 "-" "Mozilla/5.0 (Linux; Android 6.0.1; Nexus 5X Build/MMB29P) AppleWebKit/537.36 (KHTML, like Gecko) Chrome/152.0.7977.82 Mobile Safari/537.36 (compatible; Googlebot/2.1; +http://www.google.com/bot.html)"
66.249.68.104 - - [13/Sep/2026:21:11:47 +0300] "GET /?sale/search/detail/?ITMCODE=5196893812 HTTP/1.1" 200 207671 "-" "Mozilla/5.0 (compatible; Googlebot/2.1; +http://www.google.com/bot.html)"
185.191.171.11 - - [13/Sep/2026:21:11:52 +0300] "GET /?sale%2Fsearch%2Fdetail%2F%3FITMCODE=520014673595 HTTP/1.1" 200 11138 "-" "Mozilla/5.0 (compatible; SemrushBot/7~bl; +http://www.semrush.com/bot.html)"
43.156.232.154 - - [13/Sep/2026:21:12:40 +0300] "GET / HTTP/1.1" 200 11140 "-" "Mozilla/5.0 (iPhone; CPU iPhone OS 13_2_3 like Mac OS X) AppleWebKit/605.1.15 (KHTML, like Gecko) Version/13.0.3 Mobile/15E148 Safari/604.1"
66.249.68.104 - - [13/Sep/2026:21:12:57 +0300] "GET /?sale/search/detail/?ITMCODE=52002858505 HTTP/1.1" 200 193571 "-" "Mozilla/5.0 (Linux; Android 6.0.1; Nexus 5X Build/MMB29P) AppleWebKit/537.36 (KHTML, like Gecko) Chrome/152.0.7977.82 Mobile Safari/537.36 (compatible; Googlebot/2.1; +http://www.google.com/bot.html)"
66.249.68.96 - - [13/Sep/2026:21:13:03 +0300] "GET /index.php?sale/search/detail/?ITMCODE=51981513947 HTTP/1.1" 200 202637 "-" "Mozilla/5.0 (Linux; Android 6.0.1; Nexus 5X Build/MMB29P) AppleWebKit/537.36 (KHTML, like Gecko) Chrome/152.0.7977.82 Mobile Safari/537.36 (compatible; Googlebot/2.1; +http://www.google.com/bot.html)"
85.208.96.210 - - [13/Sep/2026:21:13:27 +0300] "GET /?sale%2Fsearch%2Fdetail%2F%3FITMCODE=519512280282 HTTP/1.1" 200 11138 "-" "Mozilla/5.0 (compatible; SemrushBot/7~bl; +http://www.semrush.com/bot.html)"
185.191.171.19 - - [13/Sep/2026:21:14:03 +0300] "GET /?sale%2Fsearch%2Fdetail%2F%3FITMCODE=519932008165 HTTP/1.1" 200 11138 "-" "Mozilla/5.0 (compatible; SemrushBot/7~bl; +http://www.semrush.com/bot.html)"
85.208.96.200 - - [13/Sep/2026:21:14:55 +0300] "GET /?sale%2Fsearch%2Fdetail%2F%3FITMCODE=519971052233 HTTP/1.1" 200 11138 "-" "Mozilla/5.0 (compatible; SemrushBot/7~bl; +http://www.semrush.com/bot.html)"
85.208.96.207 - - [13/Sep/2026:21:15:19 +0300] "GET /?sale%2Fsearch%2Fdetail%2F%3FITMCODE=5198100785906 HTTP/1.1" 200 11138 "-" "Mozilla/5.0 (compatible; SemrushBot/7~bl; +http://www.semrush.com/bot.html)"
66.249.68.104 - - [13/Sep/2026:21:15:25 +0300] "GET /?sale/search/detail/?ITMCODE=52002860929 HTTP/1.1" 200 210453 "-" "Mozilla/5.0 (Linux; Android 6.0.1; Nexus 5X Build/MMB29P) AppleWebKit/537.36 (KHTML, like Gecko) Chrome/152.0.7977.82 Mobile Safari/537.36 (compatible; Googlebot/2.1; +http://www.google.com/bot.html)"
40.77.167.3 - - [13/Sep/2026:21:16:17 +0300] "GET /shop/pg/5196867208 HTTP/1.1" 200 193574 "-" "Mozilla/5.0 AppleWebKit/537.36 (KHTML, like Gecko; compatible; bingbot/2.0; +http://www.bing.com/bingbot.htm) Chrome/116.0.1938.76 Safari/537.36"
66.249.68.104 - - [13/Sep/2026:21:17:33 +0300] "GET /shop/pg/489206 HTTP/1.1" 200 195147 "-" "Mozilla/5.0 (Linux; Android 6.0.1; Nexus 5X Build/MMB29P) AppleWebKit/537.36 (KHTML, like Gecko) Chrome/152.0.7977.82 Mobile Safari/537.36 (compatible; Googlebot/2.1; +http://www.google.com/bot.html)"
85.208.96.207 - - [13/Sep/2026:21:17:38 +0300] "GET /?sale%2Fsearch%2Fdetail%2F%3FITMCODE=519935070065 HTTP/1.1" 200 11138 "-" "Mozilla/5.0 (compatible; SemrushBot/7~bl; +http://www.semrush.com/bot.html)"
66.249.68.104 - - [13/Sep/2026:21:18:04 +0300] "GET /index.php?sale/search/detail/?ITMCODE=5196881970 HTTP/1.1" 200 198612 "-" "Mozilla/5.0 (Linux; Android 6.0.1; Nexus 5X Build/MMB29P) AppleWebKit/537.36 (KHTML, like Gecko) Chrome/152.0.7977.82 Mobile Safari/537.36 (compatible; Googlebot/2.1; +http://www.google.com/bot.html)"
85.208.96.196 - - [13/Sep/2026:21:19:26 +0300] "GET /?sale%2Fsearch%2Fdetail%2F%3FITMCODE=520035748825 HTTP/1.1" 200 11138 "-" "Mozilla/5.0 (compatible; SemrushBot/7~bl; +http://www.semrush.com/bot.html)"
85.208.96.205 - - [13/Sep/2026:21:19:36 +0300] "GET /?sale%2Fsearch%2Fdetail%2F%3FITMCODE=5195102294006 HTTP/1.1" 200 11138 "-" "Mozilla/5.0 (compatible; SemrushBot/7~bl; +http://www.semrush.com/bot.html)"
85.208.96.210 - - [13/Sep/2026:21:19:59 +0300] "GET /?sale%2Fsearch%2Fdetail%2F%3FITMCODE=519618696669 HTTP/1.1" 200 11138 "-" "Mozilla/5.0 (compatible; SemrushBot/7~bl; +http://www.semrush.com/bot.html)"
185.191.171.8 - - [13/Sep/2026:21:21:42 +0300] "GET /?sale%2Fsearch%2Fdetail%2F%3FITMCODE=52005944638 HTTP/1.1" 200 11138 "-" "Mozilla/5.0 (compatible; SemrushBot/7~bl; +http://www.semrush.com/bot.html)"
66.249.68.105 - - [13/Sep/2026:21:22:40 +0300] "GET /?sale/search/detail/?ITMCODE=51971428685 HTTP/1.1" 200 206894 "-" "Mozilla/5.0 (Linux; Android 6.0.1; Nexus 5X Build/MMB29P) AppleWebKit/537.36 (KHTML, like Gecko) Chrome/152.0.7977.82 Mobile Safari/537.36 (compatible; Googlebot/2.1; +http://www.google.com/bot.html)"
66.249.68.104 - - [13/Sep/2026:21:22:49 +0300] "GET /?sale/search/detail/?ITMCODE=52002808625 HTTP/1.1" 200 195563 "-" "Mozilla/5.0 (Linux; Android 6.0.1; Nexus 5X Build/MMB29P) AppleWebKit/537.36 (KHTML, like Gecko) Chrome/152.0.7977.82 Mobile Safari/537.36 (compatible; Googlebot/2.1; +http://www.google.com/bot.html)"
66.249.68.105 - - [13/Sep/2026:21:22:56 +0300] "GET /?sale/search/detail/?ITMCODE=52002618743 HTTP/1.1" 200 214803 "-" "Mozilla/5.0 (Linux; Android 6.0.1; Nexus 5X Build/MMB29P) AppleWebKit/537.36 (KHTML, like Gecko) Chrome/152.0.7977.82 Mobile Safari/537.36 (compatible; Googlebot/2.1; +http://www.google.com/bot.html)"
85.208.96.206 - - [13/Sep/2026:21:23:13 +0300] "GET /?sale%2Fsearch%2Fdetail%2F%3FITMCODE=519725166472 HTTP/1.1" 200 11138 "-" "Mozilla/5.0 (compatible; SemrushBot/7~bl; +http://www.semrush.com/bot.html)"
85.208.96.193 - - [13/Sep/2026:21:23:18 +0300] "GET /?sale%2Fsearch%2Fdetail%2F%3FITMCODE=520011896767 HTTP/1.1" 200 11138 "-" "Mozilla/5.0 (compatible; SemrushBot/7~bl; +http://www.semrush.com/bot.html)"
66.249.68.105 - - [13/Sep/2026:21:23:20 +0300] "GET /?sale/search/detail/?ITMCODE=519522039 HTTP/1.1" 200 200503 "-" "Mozilla/5.0 (Linux; Android 6.0.1; Nexus 5X Build/MMB29P) AppleWebKit/537.36 (KHTML, like Gecko) Chrome/152.0.7977.82 Mobile Safari/537.36 (compatible; Googlebot/2.1; +http://www.google.com/bot.html)"
66.249.68.104 - - [13/Sep/2026:21:24:03 +0300] "GET /?sale/search/detail/?ITMCODE=51981739009 HTTP/1.1" 200 203787 "-" "Mozilla/5.0 (Linux; Android 6.0.1; Nexus 5X Build/MMB29P) AppleWebKit/537.36 (KHTML, like Gecko) Chrome/152.0.7977.82 Mobile Safari/537.36 (compatible; Googlebot/2.1; +http://www.google.com/bot.html)"
185.191.171.1 - - [13/Sep/2026:21:24:04 +0300] "GET /?sale%2Fsearch%2Fdetail%2F%3FITMCODE=51992082373 HTTP/1.1" 200 11138 "-" "Mozilla/5.0 (compatible; SemrushBot/7~bl; +http://www.semrush.com/bot.html)"
185.191.171.12 - - [13/Sep/2026:21:24:36 +0300] "GET /?sale%2Fsearch%2Fdetail%2F%3FITMCODE=519621903638 HTTP/1.1" 200 11138 "-" "Mozilla/5.0 (compatible; SemrushBot/7~bl; +http://www.semrush.com/bot.html)"
43.130.131.18 - - [13/Sep/2026:21:24:38 +0300] "GET / HTTP/1.1" 200 11140 "-" "Mozilla/5.0 (iPhone; CPU iPhone OS 13_2_3 like Mac OS X) AppleWebKit/605.1.15 (KHTML, like Gecko) Version/13.0.3 Mobile/15E148 Safari/604.1"
66.249.68.105 - - [13/Sep/2026:21:25:16 +0300] "GET /?sale/search/detail/?ITMCODE=5195227651 HTTP/1.1" 200 198488 "-" "Mozilla/5.0 (Linux; Android 6.0.1; Nexus 5X Build/MMB29P) AppleWebKit/537.36 (KHTML, like Gecko) Chrome/152.0.7977.82 Mobile Safari/537.36 (compatible; Googlebot/2.1; +http://www.google.com/bot.html)"
66.249.68.105 - - [13/Sep/2026:21:25:17 +0300] "GET /?sale/search/detail/?ITMCODE=51992402651 HTTP/1.1" 200 199699 "-" "Mozilla/5.0 (Linux; Android 6.0.1; Nexus 5X Build/MMB29P) AppleWebKit/537.36 (KHTML, like Gecko) Chrome/152.0.7977.82 Mobile Safari/537.36 (compatible; Googlebot/2.1; +http://www.google.com/bot.html)"
85.208.96.196 - - [13/Sep/2026:21:25:19 +0300] "GET /?sale%2Fsearch%2Fdetail%2F%3FITMCODE=520026806838 HTTP/1.1" 200 11138 "-" "Mozilla/5.0 (compatible; SemrushBot/7~bl; +http://www.semrush.com/bot.html)"
85.208.96.195 - - [13/Sep/2026:21:25:48 +0300] "GET /?sale%2Fsearch%2Fdetail%2F%3FITMCODE=519515005004 HTTP/1.1" 200 11138 "-" "Mozilla/5.0 (compatible; SemrushBot/7~bl; +http://www.semrush.com/bot.html)"
66.249.68.104 - - [13/Sep/2026:21:25:50 +0300] "GET /?sale/search/detail/?ITMCODE=51971200146 HTTP/1.1" 200 200329 "-" "Mozilla/5.0 (Linux; Android 6.0.1; Nexus 5X Build/MMB29P) AppleWebKit/537.36 (KHTML, like Gecko) Chrome/152.0.7977.82 Mobile Safari/537.36 (compatible; Googlebot/2.1; +http://www.google.com/bot.html)"
85.208.96.196 - - [13/Sep/2026:21:25:58 +0300] "GET /?sale%2Fsearch%2Fdetail%2F%3FITMCODE=519722138586 HTTP/1.1" 200 11138 "-" "Mozilla/5.0 (compatible; SemrushBot/7~bl; +http://www.semrush.com/bot.html)"
52.167.144.183 - - [13/Sep/2026:21:26:09 +0300] "GET /index.php/maistas-i-namus HTTP/1.1" 200 201358 "-" "Mozilla/5.0 AppleWebKit/537.36 (KHTML, like Gecko; compatible; bingbot/2.0; +http://www.bing.com/bingbot.htm) Chrome/116.0.1938.76 Safari/537.36"
66.249.68.104 - - [13/Sep/2026:21:26:14 +0300] "GET /?sale/search/detail/?ITMCODE=51981803596 HTTP/1.1" 200 203462 "-" "Mozilla/5.0 (Linux; Android 6.0.1; Nexus 5X Build/MMB29P) AppleWebKit/537.36 (KHTML, like Gecko) Chrome/152.0.7977.82 Mobile Safari/537.36 (compatible; Googlebot/2.1; +http://www.google.com/bot.html)"
66.249.68.104 - - [13/Sep/2026:21:26:22 +0300] "GET /?sale/search/detail/?ITMCODE=51981886108 HTTP/1.1" 200 205998 "-" "Mozilla/5.0 (Linux; Android 6.0.1; Nexus 5X Build/MMB29P) AppleWebKit/537.36 (KHTML, like Gecko) Chrome/152.0.7977.82 Mobile Safari/537.36 (compatible; Googlebot/2.1; +http://www.google.com/bot.html)"
66.249.68.105 - - [13/Sep/2026:21:26:47 +0300] "GET /?sale/search/detail/?ITMCODE=5196939126 HTTP/1.1" 200 220050 "-" "Mozilla/5.0 (Linux; Android 6.0.1; Nexus 5X Build/MMB29P) AppleWebKit/537.36 (KHTML, like Gecko) Chrome/152.0.7977.82 Mobile Safari/537.36 (compatible; Googlebot/2.1; +http://www.google.com/bot.html)"
205.210.31.239 - - [13/Sep/2026:21:26:57 +0300] "GET /.well-known/security.txt HTTP/1.1" 404 1320 "-" "Hello from Palo Alto Networks, find out more about our scans in https://docs-cortex.paloaltonetworks.com/r/1/Cortex-Xpanse/Scanning-activity"
66.249.68.105 - - [13/Sep/2026:21:27:07 +0300] "GET /?sale/search/detail/?ITMCODE=51971498855 HTTP/1.1" 200 203320 "-" "Mozilla/5.0 (Linux; Android 6.0.1; Nexus 5X Build/MMB29P) AppleWebKit/537.36 (KHTML, like Gecko) Chrome/152.0.7977.82 Mobile Safari/537.36 (compatible; Googlebot/2.1; +http://www.google.com/bot.html)"
85.208.96.197 - - [13/Sep/2026:21:27:16 +0300] "GET /?sale%2Fsearch%2Fdetail%2F%3FITMCODE=52005827116 HTTP/1.1" 200 11138 "-" "Mozilla/5.0 (compatible; SemrushBot/7~bl; +http://www.semrush.com/bot.html)"
185.191.171.12 - - [13/Sep/2026:21:27:21 +0300] "GET /?sale%2Fsearch%2Fdetail%2F%3FITMCODE=519911220064 HTTP/1.1" 200 11138 "-" "Mozilla/5.0 (compatible; SemrushBot/7~bl; +http://www.semrush.com/bot.html)"
85.208.96.212 - - [13/Sep/2026:21:27:25 +0300] "GET /?sale%2Fsearch%2Fdetail%2F%3FITMCODE=519725058932 HTTP/1.1" 200 11138 "-" "Mozilla/5.0 (compatible; SemrushBot/7~bl; +http://www.semrush.com/bot.html)"
66.249.68.104 - - [13/Sep/2026:21:27:27 +0300] "GET /?sale/search/detail/?ITMCODE=5196626967 HTTP/1.1" 200 209849 "-" "Mozilla/5.0 (Linux; Android 6.0.1; Nexus 5X Build/MMB29P) AppleWebKit/537.36 (KHTML, like Gecko) Chrome/152.0.7977.82 Mobile Safari/537.36 (compatible; Googlebot/2.1; +http://www.google.com/bot.html)"
45.131.194.185 - - [13/Sep/2026:21:27:43 +0300] "GET / HTTP/2.0" 200 11118 "-" "Mozilla/5.0 (X11; Linux x86_64) AppleWebKit/537.36 (KHTML, like Gecko) Chrome/122.0.0.0 Safari/537.36"
45.131.194.185 - - [13/Sep/2026:21:27:43 +0300] "GET / HTTP/1.1" 101 - "-" "Mozilla/5.0 (X11; Linux x86_64) AppleWebKit/537.36 (KHTML, like Gecko) Chrome/122.0.0.0 Safari/537.36"
45.131.194.142 - - [13/Sep/2026:21:27:44 +0300] "GET /403.shtml HTTP/2.0" 404 1317 "-" "Mozilla/5.0 (Macintosh; Intel Mac OS X 10_15_7) AppleWebKit/537.36 (KHTML, like Gecko) Chrome/123.0.0.0 Safari/537.36"
45.131.194.142 - - [13/Sep/2026:21:27:44 +0300] "GET /wp-login.php HTTP/1.1" 101 - "-" "Mozilla/5.0 (Macintosh; Intel Mac OS X 10_15_7) AppleWebKit/537.36 (KHTML, like Gecko) Chrome/123.0.0.0 Safari/537.36"
45.131.194.165 - - [13/Sep/2026:21:27:44 +0300] "GET /wp-json/ HTTP/2.0" 404 1320 "-" "Mozilla/5.0 (Windows NT 10.0; Win64; x64) AppleWebKit/537.36 (KHTML, like Gecko) Chrome/124.0.0.0 Safari/537.36"
45.131.194.165 - - [13/Sep/2026:21:27:44 +0300] "GET /wp-json/ HTTP/1.1" 101 - "-" "Mozilla/5.0 (Windows NT 10.0; Win64; x64) AppleWebKit/537.36 (KHTML, like Gecko) Chrome/124.0.0.0 Safari/537.36"
185.191.171.7 - - [13/Sep/2026:21:28:17 +0300] "GET /?sale%2Fsearch%2Fdetail%2F%3FITMCODE=52002507615 HTTP/1.1" 200 11138 "-" "Mozilla/5.0 (compatible; SemrushBot/7~bl; +http://www.semrush.com/bot.html)"
185.191.171.17 - - [13/Sep/2026:21:28:30 +0300] "GET /?sale%2Fsearch%2Fdetail%2F%3FITMCODE=52005802584 HTTP/1.1" 200 11138 "-" "Mozilla/5.0 (compatible; SemrushBot/7~bl; +http://www.semrush.com/bot.html)"
66.249.68.96 - - [13/Sep/2026:21:29:03 +0300] "GET /?sale/search/detail/?ITMCODE=5195365791 HTTP/1.1" 200 198702 "-" "Mozilla/5.0 (Linux; Android 6.0.1; Nexus 5X Build/MMB29P) AppleWebKit/537.36 (KHTML, like Gecko) Chrome/152.0.7977.82 Mobile Safari/537.36 (compatible; Googlebot/2.1; +http://www.google.com/bot.html)"
66.249.68.104 - - [13/Sep/2026:21:29:15 +0300] "GET /?sale/search/detail/?ITMCODE=51992362822 HTTP/1.1" 200 211078 "-" "Mozilla/5.0 (Linux; Android 6.0.1; Nexus 5X Build/MMB29P) AppleWebKit/537.36 (KHTML, like Gecko) Chrome/152.0.7977.82 Mobile Safari/537.36 (compatible; Googlebot/2.1; +http://www.google.com/bot.html)"
85.208.96.197 - - [13/Sep/2026:21:29:34 +0300] "GET /?sale%2Fsearch%2Fdetail%2F%3FITMCODE=52005979353 HTTP/1.1" 200 11138 "-" "Mozilla/5.0 (compatible; SemrushBot/7~bl; +http://www.semrush.com/bot.html)"
185.191.171.18 - - [13/Sep/2026:21:29:52 +0300] "GET /?sale%2Fsearch%2Fdetail%2F%3FITMCODE=519612856340 HTTP/1.1" 200 11138 "-" "Mozilla/5.0 (compatible; SemrushBot/7~bl; +http://www.semrush.com/bot.html)"
85.208.96.206 - - [13/Sep/2026:21:30:02 +0300] "GET /?sale%2Fsearch%2Fdetail%2F%3FITMCODE=52002532594 HTTP/1.1" 200 11138 "-" "Mozilla/5.0 (compatible; SemrushBot/7~bl; +http://www.semrush.com/bot.html)"
185.191.171.5 - - [13/Sep/2026:21:30:05 +0300] "GET /?sale%2Fsearch%2Fdetail%2F%3FITMCODE=520011834313 HTTP/1.1" 200 11138 "-" "Mozilla/5.0 (compatible; SemrushBot/7~bl; +http://www.semrush.com/bot.html)"
66.249.68.104 - - [13/Sep/2026:21:31:25 +0300] "GET /?sale/search/detail/?ITMCODE=52002662323 HTTP/1.1" 200 200192 "-" "Mozilla/5.0 (Linux; Android 6.0.1; Nexus 5X Build/MMB29P) AppleWebKit/537.36 (KHTML, like Gecko) Chrome/152.0.7977.82 Mobile Safari/537.36 (compatible; Googlebot/2.1; +http://www.google.com/bot.html)"
66.249.68.104 - - [13/Sep/2026:21:31:27 +0300] "GET /?sale/search/detail/?ITMCODE=51992232557 HTTP/1.1" 200 208071 "-" "Mozilla/5.0 (compatible; Googlebot/2.1; +http://www.google.com/bot.html)"
85.208.96.197 - - [13/Sep/2026:21:31:32 +0300] "GET /?sale%2Fsearch%2Fdetail%2F%3FITMCODE=52008780253 HTTP/1.1" 200 11138 "-" "Mozilla/5.0 (compatible; SemrushBot/7~bl; +http://www.semrush.com/bot.html)"
85.208.96.207 - - [13/Sep/2026:21:31:35 +0300] "GET /?sale%2Fsearch%2Fdetail%2F%3FITMCODE=5200101559961 HTTP/1.1" 200 11138 "-" "Mozilla/5.0 (compatible; SemrushBot/7~bl; +http://www.semrush.com/bot.html)"
185.191.171.7 - - [13/Sep/2026:21:31:37 +0300] "GET /?sale%2Fsearch%2Fdetail%2F%3FITMCODE=519612812258 HTTP/1.1" 200 11138 "-" "Mozilla/5.0 (compatible; SemrushBot/7~bl; +http://www.semrush.com/bot.html)"
74.125.150.105 - - [13/Sep/2026:21:32:01 +0300] "GET /?sale/search/detail/?ITMCODE=5196599624 HTTP/1.1" 200 11138 "-" "Mozilla/5.0 (X11; Linux x86_64) AppleWebKit/537.36 (KHTML, like Gecko) Chrome/152.0.7977.64 Safari/537.36"
74.125.150.105 - - [13/Sep/2026:21:32:02 +0300] "GET /plugins/content/simplepopup/simplepopup/spustyle.css HTTP/1.1" 200 529 "http://www.chenglong.lt/?sale/search/detail/?ITMCODE=5196599624" "Mozilla/5.0 (X11; Linux x86_64) AppleWebKit/537.36 (KHTML, like Gecko) Chrome/152.0.7977.64 Safari/537.36"
74.125.150.105 - - [13/Sep/2026:21:32:03 +0300] "GET /plugins/content/dearflip/dflip/css/themify-icons.css HTTP/1.1" 200 16417 "http://www.chenglong.lt/?sale/search/detail/?ITMCODE=5196599624" "Mozilla/5.0 (X11; Linux x86_64) AppleWebKit/537.36 (KHTML, like Gecko) Chrome/152.0.7977.64 Safari/537.36"
74.125.150.105 - - [13/Sep/2026:21:32:04 +0300] "GET /plugins/system/miniteksystemmessages/assets/css/style.css?v=1.0.6 HTTP/1.1" 200 3576 "http://www.chenglong.lt/?sale/search/detail/?ITMCODE=5196599624" "Mozilla/5.0 (X11; Linux x86_64) AppleWebKit/537.36 (KHTML, like Gecko) Chrome/152.0.7977.64 Safari/537.36"
74.125.150.104 - - [13/Sep/2026:21:32:04 +0300] "GET /templates/system/css/general.css HTTP/1.1" 200 2717 "http://www.chenglong.lt/?sale/search/detail/?ITMCODE=5196599624" "Mozilla/5.0 (X11; Linux x86_64) AppleWebKit/537.36 (KHTML, like Gecko) Chrome/152.0.7977.64 Safari/537.36"
74.125.150.104 - - [13/Sep/2026:21:32:04 +0300] "GET /media/system/js/mootools-more.js?0c2ada6fb5fac50fc7ad43b82b14eaac HTTP/1.1" 200 236825 "http://www.chenglong.lt/?sale/search/detail/?ITMCODE=5196599624" "Mozilla/5.0 (X11; Linux x86_64) AppleWebKit/537.36 (KHTML, like Gecko) Chrome/152.0.7977.64 Safari/537.36"
74.125.150.105 - - [13/Sep/2026:21:32:05 +0300] "GET /plugins/content/simplepopup/simplepopup/fancybox/jquery.mousewheel-3.0.4.pack.js HTTP/1.1" 200 1292 "http://www.chenglong.lt/?sale/search/detail/?ITMCODE=5196599624" "Mozilla/5.0 (X11; Linux x86_64) AppleWebKit/537.36 (KHTML, like Gecko) Chrome/152.0.7977.64 Safari/537.36"
74.125.150.105 - - [13/Sep/2026:21:32:06 +0300] "GET /plugins/content/simplepopup/simplepopup/fancybox/jquery.fancybox-1.3.4.patch.js HTTP/1.1" 200 18097 "http://www.chenglong.lt/?sale/search/detail/?ITMCODE=5196599624" "Mozilla/5.0 (X11; Linux x86_64) AppleWebKit/537.36 (KHTML, like Gecko) Chrome/152.0.7977.64 Safari/537.36"
74.125.150.105 - - [13/Sep/2026:21:32:05 +0300] "GET /media/system/js/mootools-core.js?0c2ada6fb5fac50fc7ad43b82b14eaac HTTP/1.1" 200 83893 "http://www.chenglong.lt/?sale/search/detail/?ITMCODE=5196599624" "Mozilla/5.0 (X11; Linux x86_64) AppleWebKit/537.36 (KHTML, like Gecko) Chrome/152.0.7977.64 Safari/537.36"
74.125.150.105 - - [13/Sep/2026:21:32:06 +0300] "GET /media/system/js/core.js?0c2ada6fb5fac50fc7ad43b82b14eaac HTTP/1.1" 200 8735 "http://www.chenglong.lt/?sale/search/detail/?ITMCODE=5196599624" "Mozilla/5.0 (X11; Linux x86_64) AppleWebKit/537.36 (KHTML, like Gecko) Chrome/152.0.7977.64 Safari/537.36"
74.125.150.105 - - [13/Sep/2026:21:32:06 +0300] "GET /media/system/js/caption.js?0c2ada6fb5fac50fc7ad43b82b14eaac HTTP/1.1" 200 491 "http://www.chenglong.lt/?sale/search/detail/?ITMCODE=5196599624" "Mozilla/5.0 (X11; Linux x86_64) AppleWebKit/537.36 (KHTML, like Gecko) Chrome/152.0.7977.64 Safari/537.36"
74.125.150.104 - - [13/Sep/2026:21:32:06 +0300] "GET /templates/resto_6/jquery.js HTTP/1.1" 200 92629 "http://www.chenglong.lt/?sale/search/detail/?ITMCODE=5196599624" "Mozilla/5.0 (X11; Linux x86_64) AppleWebKit/537.36 (KHTML, like Gecko) Chrome/152.0.7977.64 Safari/537.36"
74.125.150.104 - - [13/Sep/2026:21:32:07 +0300] "GET /plugins/content/dearflip/dflip/css/dflip.css HTTP/1.1" 200 36921 "http://www.chenglong.lt/?sale/search/detail/?ITMCODE=5196599624" "Mozilla/5.0 (X11; Linux x86_64) AppleWebKit/537.36 (KHTML, like Gecko) Chrome/152.0.7977.64 Safari/537.36"
66.249.68.104 - - [13/Sep/2026:21:32:07 +0300] "GET /?sale/search/detail/?ITMCODE=51971261454 HTTP/1.1" 200 208256 "-" "Mozilla/5.0 (Linux; Android 6.0.1; Nexus 5X Build/MMB29P) AppleWebKit/537.36 (KHTML, like Gecko) Chrome/152.0.7977.82 Mobile Safari/537.36 (compatible; Googlebot/2.1; +http://www.google.com/bot.html)"
74.125.150.105 - - [13/Sep/2026:21:32:07 +0300] "GET /templates/resto_6/css/template.css HTTP/1.1" 200 65213 "http://www.chenglong.lt/?sale/search/detail/?ITMCODE=5196599624" "Mozilla/5.0 (X11; Linux x86_64) AppleWebKit/537.36 (KHTML, like Gecko) Chrome/152.0.7977.64 Safari/537.36"
74.125.150.105 - - [13/Sep/2026:21:32:08 +0300] "GET /plugins/content/simplepopup/simplepopup/fancybox/jquery.fancybox-1.3.4.css HTTP/1.1" 200 8963 "http://www.chenglong.lt/?sale/search/detail/?ITMCODE=5196599624" "Mozilla/5.0 (X11; Linux x86_64) AppleWebKit/537.36 (KHTML, like Gecko) Chrome/152.0.7977.64 Safari/537.36"
74.125.150.104 - - [13/Sep/2026:21:32:08 +0300] "GET /templates/system/css/system.css HTTP/1.1" 200 881 "http://www.chenglong.lt/?sale/search/detail/?ITMCODE=5196599624" "Mozilla/5.0 (X11; Linux x86_64) AppleWebKit/537.36 (KHTML, like Gecko) Chrome/152.0.7977.64 Safari/537.36"
74.125.150.105 - - [13/Sep/2026:21:32:08 +0300] "GET /templates/resto_6/modules.js HTTP/1.1" 200 - "http://www.chenglong.lt/?sale/search/detail/?ITMCODE=5196599624" "Mozilla/5.0 (X11; Linux x86_64) AppleWebKit/537.36 (KHTML, like Gecko) Chrome/152.0.7977.64 Safari/537.36"
74.125.150.104 - - [13/Sep/2026:21:32:09 +0300] "GET /templates/resto_6/script.responsive.js HTTP/1.1" 200 21136 "http://www.chenglong.lt/?sale/search/detail/?ITMCODE=5196599624" "Mozilla/5.0 (X11; Linux x86_64) AppleWebKit/537.36 (KHTML, like Gecko) Chrome/152.0.7977.64 Safari/537.36"
74.125.150.104 - - [13/Sep/2026:21:32:09 +0300] "GET /images/logo.png HTTP/1.1" 200 30174 "http://www.chenglong.lt/?sale/search/detail/?ITMCODE=5196599624" "Mozilla/5.0 (X11; Linux x86_64) AppleWebKit/537.36 (KHTML, like Gecko) Chrome/152.0.7977.64 Safari/537.36"
74.125.150.104 - - [13/Sep/2026:21:32:09 +0300] "GET /plugins/system/miniteksystemmessages/assets/css/jquery.jgrowl.css HTTP/1.1" 200 2112 "http://www.chenglong.lt/?sale/search/detail/?ITMCODE=5196599624" "Mozilla/5.0 (X11; Linux x86_64) AppleWebKit/537.36 (KHTML, like Gecko) Chrome/152.0.7977.64 Safari/537.36"
74.125.150.104 - - [13/Sep/2026:21:32:09 +0300] "GET /images/logo_dark_small.png HTTP/1.1" 200 164696 "http://www.chenglong.lt/?sale/search/detail/?ITMCODE=5196599624" "Mozilla/5.0 (X11; Linux x86_64) AppleWebKit/537.36 (KHTML, like Gecko) Chrome/152.0.7977.64 Safari/537.36"
74.125.150.104 - - [13/Sep/2026:21:32:10 +0300] "GET /plugins/system/miniteksystemmessages/assets/js/script.js?v=1.0.6 HTTP/1.1" 200 7131 "http://www.chenglong.lt/?sale/search/detail/?ITMCODE=5196599624" "Mozilla/5.0 (X11; Linux x86_64) AppleWebKit/537.36 (KHTML, like Gecko) Chrome/152.0.7977.64 Safari/537.36"
74.125.150.104 - - [13/Sep/2026:21:32:10 +0300] "GET /templates/resto_6/css/template.responsive.css HTTP/1.1" 200 11640 "http://www.chenglong.lt/?sale/search/detail/?ITMCODE=5196599624" "Mozilla/5.0 (X11; Linux x86_64) AppleWebKit/537.36 (KHTML, like Gecko) Chrome/152.0.7977.64 Safari/537.36"
74.125.150.104 - - [13/Sep/2026:21:32:10 +0300] "GET /templates/resto_6/script.js HTTP/1.1" 200 56744 "http://www.chenglong.lt/?sale/search/detail/?ITMCODE=5196599624" "Mozilla/5.0 (X11; Linux x86_64) AppleWebKit/537.36 (KHTML, like Gecko) Chrome/152.0.7977.64 Safari/537.36"
74.125.150.104 - - [13/Sep/2026:21:32:10 +0300] "GET /media/jui/js/jquery-migrate.min.js?0c2ada6fb5fac50fc7ad43b82b14eaac HTTP/1.1" 200 10056 "http://www.chenglong.lt/?sale/search/detail/?ITMCODE=5196599624" "Mozilla/5.0 (X11; Linux x86_64) AppleWebKit/537.36 (KHTML, like Gecko) Chrome/152.0.7977.64 Safari/537.36"
74.125.150.104 - - [13/Sep/2026:21:32:11 +0300] "GET /plugins/content/dearflip/dflip/js/dflip.min.js HTTP/1.1" 200 126454 "http://www.chenglong.lt/?sale/search/detail/?ITMCODE=5196599624" "Mozilla/5.0 (X11; Linux x86_64) AppleWebKit/537.36 (KHTML, like Gecko) Chrome/152.0.7977.64 Safari/537.36"
74.125.150.104 - - [13/Sep/2026:21:32:11 +0300] "GET /media/jui/js/jquery.min.js?0c2ada6fb5fac50fc7ad43b82b14eaac HTTP/1.1" 200 97646 "http://www.chenglong.lt/?sale/search/detail/?ITMCODE=5196599624" "Mozilla/5.0 (X11; Linux x86_64) AppleWebKit/537.36 (KHTML, like Gecko) Chrome/152.0.7977.64 Safari/537.36"
74.125.150.104 - - [13/Sep/2026:21:32:12 +0300] "GET /plugins/system/miniteksystemmessages/assets/js/jquery.jgrowl.js HTTP/1.1" 200 16629 "http://www.chenglong.lt/?sale/search/detail/?ITMCODE=5196599624" "Mozilla/5.0 (X11; Linux x86_64) AppleWebKit/537.36 (KHTML, like Gecko) Chrome/152.0.7977.64 Safari/537.36"
74.125.150.104 - - [13/Sep/2026:21:32:12 +0300] "GET /media/jui/js/jquery-noconflict.js?0c2ada6fb5fac50fc7ad43b82b14eaac HTTP/1.1" 200 21 "http://www.chenglong.lt/?sale/search/detail/?ITMCODE=5196599624" "Mozilla/5.0 (X11; Linux x86_64) AppleWebKit/537.36 (KHTML, like Gecko) Chrome/152.0.7977.64 Safari/537.36"
74.125.150.104 - - [13/Sep/2026:21:32:12 +0300] "GET /images/powered.png HTTP/1.1" 200 5403 "http://www.chenglong.lt/?sale/search/detail/?ITMCODE=5196599624" "Mozilla/5.0 (X11; Linux x86_64) AppleWebKit/537.36 (KHTML, like Gecko) Chrome/152.0.7977.64 Safari/537.36"
74.125.150.104 - - [13/Sep/2026:21:32:13 +0300] "GET /media/system/css/system.css HTTP/1.1" 200 1433 "http://www.chenglong.lt/templates/system/css/system.css" "Mozilla/5.0 (X11; Linux x86_64) AppleWebKit/537.36 (KHTML, like Gecko) Chrome/152.0.7977.64 Safari/537.36"
74.125.150.104 - - [13/Sep/2026:21:32:13 +0300] "GET /templates/resto_6/images/header.png HTTP/1.1" 200 752 "http://www.chenglong.lt/templates/resto_6/css/template.css" "Mozilla/5.0 (X11; Linux x86_64) AppleWebKit/537.36 (KHTML, like Gecko) Chrome/152.0.7977.64 Safari/537.36"
74.125.150.104 - - [13/Sep/2026:21:32:14 +0300] "GET /plugins/content/simplepopup/simplepopup/fancybox/fancybox-y.png HTTP/1.1" 200 176 "http://www.chenglong.lt/plugins/content/simplepopup/simplepopup/fancybox/jquery.fancybox-1.3.4.css" "Mozilla/5.0 (X11; Linux x86_64) AppleWebKit/537.36 (KHTML, like Gecko) Chrome/152.0.7977.64 Safari/537.36"
74.125.150.104 - - [13/Sep/2026:21:32:14 +0300] "GET /templates/resto_6/images/page.jpeg HTTP/1.1" 200 816967 "http://www.chenglong.lt/templates/resto_6/css/template.css" "Mozilla/5.0 (X11; Linux x86_64) AppleWebKit/537.36 (KHTML, like Gecko) Chrome/152.0.7977.64 Safari/537.36"
74.125.150.104 - - [13/Sep/2026:21:32:15 +0300] "GET /plugins/content/simplepopup/simplepopup/fancybox/fancybox-x.png HTTP/1.1" 200 203 "http://www.chenglong.lt/plugins/content/simplepopup/simplepopup/fancybox/jquery.fancybox-1.3.4.css" "Mozilla/5.0 (X11; Linux x86_64) AppleWebKit/537.36 (KHTML, like Gecko) Chrome/152.0.7977.64 Safari/537.36"
74.125.150.104 - - [13/Sep/2026:21:32:15 +0300] "GET /plugins/content/simplepopup/simplepopup/fancybox/fancybox.png HTTP/1.1" 200 15287 "http://www.chenglong.lt/plugins/content/simplepopup/simplepopup/fancybox/jquery.fancybox-1.3.4.css" "Mozilla/5.0 (X11; Linux x86_64) AppleWebKit/537.36 (KHTML, like Gecko) Chrome/152.0.7977.64 Safari/537.36"
66.249.68.104 - - [13/Sep/2026:21:33:19 +0300] "GET /?sale/search/detail/?ITMCODE=51992362704 HTTP/1.1" 200 197701 "-" "Mozilla/5.0 (Linux; Android 6.0.1; Nexus 5X Build/MMB29P) AppleWebKit/537.36 (KHTML, like Gecko) Chrome/152.0.7977.82 Mobile Safari/537.36 (compatible; Googlebot/2.1; +http://www.google.com/bot.html)"
185.191.171.13 - - [13/Sep/2026:21:33:38 +0300] "GET /?sale%2Fsearch%2Fdetail%2F%3FITMCODE=51953086563 HTTP/1.1" 200 11138 "-" "Mozilla/5.0 (compatible; SemrushBot/7~bl; +http://www.semrush.com/bot.html)"
66.249.68.104 - - [13/Sep/2026:21:33:42 +0300] "GET /?sale/search/detail/?ITMCODE=5196837639 HTTP/1.1" 200 203528 "-" "Mozilla/5.0 (Linux; Android 6.0.1; Nexus 5X Build/MMB29P) AppleWebKit/537.36 (KHTML, like Gecko) Chrome/152.0.7977.82 Mobile Safari/537.36 (compatible; Googlebot/2.1; +http://www.google.com/bot.html)"
43.134.62.67 - - [13/Sep/2026:21:33:45 +0300] "GET / HTTP/1.1" 200 11140 "-" "Mozilla/5.0 (iPhone; CPU iPhone OS 13_2_3 like Mac OS X) AppleWebKit/605.1.15 (KHTML, like Gecko) Version/13.0.3 Mobile/15E148 Safari/604.1"
52.167.144.173 - - [13/Sep/2026:21:33:49 +0300] "GET /shop/c/c519513/ HTTP/1.1" 200 266623 "-" "Mozilla/5.0 AppleWebKit/537.36 (KHTML, like Gecko; compatible; bingbot/2.0; +http://www.bing.com/bingbot.htm) Chrome/116.0.1938.76 Safari/537.36"
185.191.171.13 - - [13/Sep/2026:21:34:00 +0300] "GET /?sale%2Fsearch%2Fdetail%2F%3FITMCODE=51992291924 HTTP/1.1" 200 11138 "-" "Mozilla/5.0 (compatible; SemrushBot/7~bl; +http://www.semrush.com/bot.html)"
52.167.144.173 - - [13/Sep/2026:21:35:09 +0300] "GET /shop/pg/5196795449 HTTP/1.1" 200 199298 "-" "Mozilla/5.0 AppleWebKit/537.36 (KHTML, like Gecko; compatible; bingbot/2.0; +http://www.bing.com/bingbot.htm) Chrome/116.0.1938.76 Safari/537.36"
66.249.68.104 - - [13/Sep/2026:21:35:21 +0300] "GET /?sale/search/detail/?ITMCODE=51971027114 HTTP/1.1" 200 195661 "-" "Mozilla/5.0 (Linux; Android 6.0.1; Nexus 5X Build/MMB29P) AppleWebKit/537.36 (KHTML, like Gecko) Chrome/152.0.7977.82 Mobile Safari/537.36 (compatible; Googlebot/2.1; +http://www.google.com/bot.html)"
66.249.68.104 - - [13/Sep/2026:21:35:34 +0300] "GET /?sale/search/detail/?ITMCODE=51992144982 HTTP/1.1" 200 206119 "-" "Mozilla/5.0 (Linux; Android 6.0.1; Nexus 5X Build/MMB29P) AppleWebKit/537.36 (KHTML, like Gecko) Chrome/152.0.7977.82 Mobile Safari/537.36 (compatible; Googlebot/2.1; +http://www.google.com/bot.html)"
85.208.96.196 - - [13/Sep/2026:21:35:43 +0300] "GET /?sale%2Fsearch%2Fdetail%2F%3FITMCODE=519737382440 HTTP/1.1" 200 11138 "-" "Mozilla/5.0 (compatible; SemrushBot/7~bl; +http://www.semrush.com/bot.html)"
66.249.68.104 - - [13/Sep/2026:21:35:58 +0300] "GET /?sale/search/detail/?ITMCODE=52002563422 HTTP/1.1" 200 195958 "-" "Mozilla/5.0 (Linux; Android 6.0.1; Nexus 5X Build/MMB29P) AppleWebKit/537.36 (KHTML, like Gecko) Chrome/152.0.7977.82 Mobile Safari/537.36 (compatible; Googlebot/2.1; +http://www.google.com/bot.html)"
85.208.96.211 - - [13/Sep/2026:21:36:01 +0300] "GET /?sale%2Fsearch%2Fdetail%2F%3FITMCODE=52005617318 HTTP/1.1" 200 11138 "-" "Mozilla/5.0 (compatible; SemrushBot/7~bl; +http://www.semrush.com/bot.html)"
66.249.68.104 - - [13/Sep/2026:21:36:24 +0300] "GET /?sale/search/detail/?ITMCODE=51971271585 HTTP/1.1" 200 204970 "-" "Mozilla/5.0 (Linux; Android 6.0.1; Nexus 5X Build/MMB29P) AppleWebKit/537.36 (KHTML, like Gecko) Chrome/152.0.7977.82 Mobile Safari/537.36 (compatible; Googlebot/2.1; +http://www.google.com/bot.html)"
66.249.68.104 - - [13/Sep/2026:21:36:41 +0300] "GET /?sale/search/detail/?ITMCODE=5196509997 HTTP/1.1" 200 197437 "-" "Mozilla/5.0 (Linux; Android 6.0.1; Nexus 5X Build/MMB29P) AppleWebKit/537.36 (KHTML, like Gecko) Chrome/152.0.7977.82 Mobile Safari/537.36 (compatible; Googlebot/2.1; +http://www.google.com/bot.html)"
66.249.68.104 - - [13/Sep/2026:21:37:02 +0300] "GET /?sale/search/detail/?ITMCODE=5196926860 HTTP/1.1" 200 205623 "-" "Mozilla/5.0 (Linux; Android 6.0.1; Nexus 5X Build/MMB29P) AppleWebKit/537.36 (KHTML, like Gecko) Chrome/152.0.7977.82 Mobile Safari/537.36 (compatible; Googlebot/2.1; +http://www.google.com/bot.html)"
66.249.68.105 - - [13/Sep/2026:21:37:13 +0300] "GET /?sale/search/detail/?ITMCODE=5196933916 HTTP/1.1" 200 201359 "-" "Mozilla/5.0 (Linux; Android 6.0.1; Nexus 5X Build/MMB29P) AppleWebKit/537.36 (KHTML, like Gecko) Chrome/152.0.7977.82 Mobile Safari/537.36 (compatible; Googlebot/2.1; +http://www.google.com/bot.html)"
85.208.96.208 - - [13/Sep/2026:21:37:18 +0300] "GET /?sale%2Fsearch%2Fdetail%2F%3FITMCODE=51977384309 HTTP/1.1" 200 11138 "-" "Mozilla/5.0 (compatible; SemrushBot/7~bl; +http://www.semrush.com/bot.html)"
85.208.96.200 - - [13/Sep/2026:21:37:22 +0300] "GET /?sale%2Fsearch%2Fdetail%2F%3FITMCODE=51992456165 HTTP/1.1" 200 11138 "-" "Mozilla/5.0 (compatible; SemrushBot/7~bl; +http://www.semrush.com/bot.html)"
85.208.96.212 - - [13/Sep/2026:21:37:32 +0300] "GET /?sale%2Fsearch%2Fdetail%2F%3FITMCODE=52008943218 HTTP/1.1" 200 11138 "-" "Mozilla/5.0 (compatible; SemrushBot/7~bl; +http://www.semrush.com/bot.html)"
85.208.96.205 - - [13/Sep/2026:21:37:59 +0300] "GET /?sale%2Fsearch%2Fdetail%2F%3FITMCODE=5196953223 HTTP/1.1" 200 11138 "-" "Mozilla/5.0 (compatible; SemrushBot/7~bl; +http://www.semrush.com/bot.html)"
66.249.68.105 - - [13/Sep/2026:21:38:12 +0300] "GET /?sale/search/detail/?ITMCODE=51992425631 HTTP/1.1" 200 211580 "-" "Mozilla/5.0 (Linux; Android 6.0.1; Nexus 5X Build/MMB29P) AppleWebKit/537.36 (KHTML, like Gecko) Chrome/152.0.7977.82 Mobile Safari/537.36 (compatible; Googlebot/2.1; +http://www.google.com/bot.html)"
85.208.96.196 - - [13/Sep/2026:21:38:22 +0300] "GET /?sale%2Fsearch%2Fdetail%2F%3FITMCODE=519813879110 HTTP/1.1" 200 11138 "-" "Mozilla/5.0 (compatible; SemrushBot/7~bl; +http://www.semrush.com/bot.html)"
40.77.167.24 - - [13/Sep/2026:21:38:39 +0300] "GET /shop/pg/1435 HTTP/1.1" 200 196499 "-" "Mozilla/5.0 AppleWebKit/537.36 (KHTML, like Gecko; compatible; bingbot/2.0; +http://www.bing.com/bingbot.htm) Chrome/116.0.1938.76 Safari/537.36"
85.208.96.196 - - [13/Sep/2026:21:38:56 +0300] "GET /?sale%2Fsearch%2Fdetail%2F%3FITMCODE=519822665424 HTTP/1.1" 200 11138 "-" "Mozilla/5.0 (compatible; SemrushBot/7~bl; +http://www.semrush.com/bot.html)"
66.249.68.104 - - [13/Sep/2026:21:39:19 +0300] "GET /?sale/search/detail/?ITMCODE=5196501431 HTTP/1.1" 200 196567 "-" "Mozilla/5.0 (Linux; Android 6.0.1; Nexus 5X Build/MMB29P) AppleWebKit/537.36 (KHTML, like Gecko) Chrome/152.0.7977.82 Mobile Safari/537.36 (compatible; Googlebot/2.1; +http://www.google.com/bot.html)"
185.191.171.19 - - [13/Sep/2026:21:39:53 +0300] "GET /?sale%2Fsearch%2Fdetail%2F%3FITMCODE=520032604490 HTTP/1.1" 200 11138 "-" "Mozilla/5.0 (compatible; SemrushBot/7~bl; +http://www.semrush.com/bot.html)"
216.73.217.175 - - [13/Sep/2026:21:40:12 +0300] "GET /robots.txt HTTP/1.1" 200 836 "-" "Mozilla/5.0 AppleWebKit/537.36 (KHTML, like Gecko; compatible; ClaudeBot/1.0; +claudebot@anthropic.com)"
216.73.217.175 - - [13/Sep/2026:21:40:12 +0300] "GET /sitemap.xml HTTP/1.1" 200 1307 "-" "Mozilla/5.0 AppleWebKit/537.36 (KHTML, like Gecko; compatible; ClaudeBot/1.0; +claudebot@anthropic.com)"
85.208.96.193 - - [13/Sep/2026:21:40:17 +0300] "GET /?sale%2Fsearch%2Fdetail%2F%3FITMCODE=519876951773 HTTP/1.1" 200 11138 "-" "Mozilla/5.0 (compatible; SemrushBot/7~bl; +http://www.semrush.com/bot.html)"
66.249.68.104 - - [13/Sep/2026:21:40:17 +0300] "GET /?sale/search/detail/?ITMCODE=51981624323 HTTP/1.1" 200 196562 "-" "Mozilla/5.0 (Linux; Android 6.0.1; Nexus 5X Build/MMB29P) AppleWebKit/537.36 (KHTML, like Gecko) Chrome/152.0.7977.82 Mobile Safari/537.36 (compatible; Googlebot/2.1; +http://www.google.com/bot.html)"
185.191.171.19 - - [13/Sep/2026:21:40:22 +0300] "GET /?sale%2Fsearch%2Fdetail%2F%3FITMCODE=519710062242 HTTP/1.1" 200 11138 "-" "Mozilla/5.0 (compatible; SemrushBot/7~bl; +http://www.semrush.com/bot.html)"
66.249.68.104 - - [13/Sep/2026:21:40:38 +0300] "GET /?sale/search/detail/?ITMCODE=52002945133 HTTP/1.1" 200 197368 "-" "Mozilla/5.0 (Linux; Android 6.0.1; Nexus 5X Build/MMB29P) AppleWebKit/537.36 (KHTML, like Gecko) Chrome/152.0.7977.82 Mobile Safari/537.36 (compatible; Googlebot/2.1; +http://www.google.com/bot.html)"
62.60.130.249 - - [13/Sep/2026:21:41:16 +0300] "GET /wp-admin/ HTTP/1.1" 404 1320 "-" "Mozilla/5.0 (Windows NT 10.0; Win64; x64) AppleWebKit/537.36 (KHTML, like Gecko) Chrome/120.0.0.0 Safari/537.36"
62.60.130.249 - - [13/Sep/2026:21:41:17 +0300] "GET /wp-admin/css/ HTTP/1.1" 404 1320 "-" "Mozilla/5.0 (Windows NT 10.0; Win64; x64) AppleWebKit/537.36 (KHTML, like Gecko) Chrome/120.0.0.0 Safari/537.36"
62.60.130.249 - - [13/Sep/2026:21:41:17 +0300] "GET /wp-admin/css/colors/ HTTP/1.1" 404 1320 "-" "Mozilla/5.0 (Windows NT 10.0; Win64; x64) AppleWebKit/537.36 (KHTML, like Gecko) Chrome/120.0.0.0 Safari/537.36"
62.60.130.249 - - [13/Sep/2026:21:41:18 +0300] "GET /wp-admin/css/colors/blue/ HTTP/1.1" 404 1320 "-" "Mozilla/5.0 (Windows NT 10.0; Win64; x64) AppleWebKit/537.36 (KHTML, like Gecko) Chrome/120.0.0.0 Safari/537.36"
62.60.130.249 - - [13/Sep/2026:21:41:18 +0300] "GET /wp-admin/includes/ HTTP/1.1" 404 1320 "-" "Mozilla/5.0 (Windows NT 10.0; Win64; x64) AppleWebKit/537.36 (KHTML, like Gecko) Chrome/120.0.0.0 Safari/537.36"
62.60.130.249 - - [13/Sep/2026:21:41:19 +0300] "GET /wp-admin/maint/ HTTP/1.1" 404 1320 "-" "Mozilla/5.0 (Windows NT 10.0; Win64; x64) AppleWebKit/537.36 (KHTML, like Gecko) Chrome/120.0.0.0 Safari/537.36"
62.60.130.249 - - [13/Sep/2026:21:41:19 +0300] "GET /wp-admin/js/ HTTP/1.1" 404 1320 "-" "Mozilla/5.0 (Windows NT 10.0; Win64; x64) AppleWebKit/537.36 (KHTML, like Gecko) Chrome/120.0.0.0 Safari/537.36"
62.60.130.249 - - [13/Sep/2026:21:41:20 +0300] "GET /wp-admin/js/widgets/ HTTP/1.1" 404 1320 "-" "Mozilla/5.0 (Windows NT 10.0; Win64; x64) AppleWebKit/537.36 (KHTML, like Gecko) Chrome/120.0.0.0 Safari/537.36"
62.60.130.249 - - [13/Sep/2026:21:41:20 +0300] "GET /wp-admin/images/ HTTP/1.1" 404 1320 "-" "Mozilla/5.0 (Windows NT 10.0; Win64; x64) AppleWebKit/537.36 (KHTML, like Gecko) Chrome/120.0.0.0 Safari/537.36"
62.60.130.249 - - [13/Sep/2026:21:41:20 +0300] "GET /wp-admin/network/ HTTP/1.1" 404 1320 "-" "Mozilla/5.0 (Windows NT 10.0; Win64; x64) AppleWebKit/537.36 (KHTML, like Gecko) Chrome/120.0.0.0 Safari/537.36"
62.60.130.249 - - [13/Sep/2026:21:41:20 +0300] "GET /wp-admin/user/ HTTP/1.1" 404 1320 "-" "Mozilla/5.0 (Windows NT 10.0; Win64; x64) AppleWebKit/537.36 (KHTML, like Gecko) Chrome/120.0.0.0 Safari/537.36"
62.60.130.249 - - [13/Sep/2026:21:41:21 +0300] "GET /wp-includes/ HTTP/1.1" 404 1320 "-" "Mozilla/5.0 (Windows NT 10.0; Win64; x64) AppleWebKit/537.36 (KHTML, like Gecko) Chrome/120.0.0.0 Safari/537.36"
62.60.130.249 - - [13/Sep/2026:21:41:21 +0300] "GET /wp-includes/Text/ HTTP/1.1" 404 1320 "-" "Mozilla/5.0 (Windows NT 10.0; Win64; x64) AppleWebKit/537.36 (KHTML, like Gecko) Chrome/120.0.0.0 Safari/537.36"
62.60.130.249 - - [13/Sep/2026:21:41:21 +0300] "GET /wp-includes/Text/Diff/ HTTP/1.1" 404 1320 "-" "Mozilla/5.0 (Windows NT 10.0; Win64; x64) AppleWebKit/537.36 (KHTML, like Gecko) Chrome/120.0.0.0 Safari/537.36"
62.60.130.249 - - [13/Sep/2026:21:41:22 +0300] "GET /wp-includes/css/ HTTP/1.1" 404 1320 "-" "Mozilla/5.0 (Windows NT 10.0; Win64; x64) AppleWebKit/537.36 (KHTML, like Gecko) Chrome/120.0.0.0 Safari/537.36"
62.60.130.249 - - [13/Sep/2026:21:41:22 +0300] "GET /wp-includes/css/dist/ HTTP/1.1" 404 1320 "-" "Mozilla/5.0 (Windows NT 10.0; Win64; x64) AppleWebKit/537.36 (KHTML, like Gecko) Chrome/120.0.0.0 Safari/537.36"
62.60.130.249 - - [13/Sep/2026:21:41:22 +0300] "GET /wp-includes/fonts/ HTTP/1.1" 404 1320 "-" "Mozilla/5.0 (Windows NT 10.0; Win64; x64) AppleWebKit/537.36 (KHTML, like Gecko) Chrome/120.0.0.0 Safari/537.36"
62.60.130.249 - - [13/Sep/2026:21:41:22 +0300] "GET /wp-includes/ID3/ HTTP/1.1" 404 1320 "-" "Mozilla/5.0 (Windows NT 10.0; Win64; x64) AppleWebKit/537.36 (KHTML, like Gecko) Chrome/120.0.0.0 Safari/537.36"
62.60.130.249 - - [13/Sep/2026:21:41:22 +0300] "GET /wp-includes/sitemaps/ HTTP/1.1" 404 1320 "-" "Mozilla/5.0 (Windows NT 10.0; Win64; x64) AppleWebKit/537.36 (KHTML, like Gecko) Chrome/120.0.0.0 Safari/537.36"
62.60.130.249 - - [13/Sep/2026:21:41:23 +0300] "GET /wp-includes/sitemaps/providers/ HTTP/1.1" 404 1320 "-" "Mozilla/5.0 (Windows NT 10.0; Win64; x64) AppleWebKit/537.36 (KHTML, like Gecko) Chrome/120.0.0.0 Safari/537.36"
62.60.130.249 - - [13/Sep/2026:21:41:23 +0300] "GET /wp-includes/IXR/ HTTP/1.1" 404 1320 "-" "Mozilla/5.0 (Windows NT 10.0; Win64; x64) AppleWebKit/537.36 (KHTML, like Gecko) Chrome/120.0.0.0 Safari/537.36"
62.60.130.249 - - [13/Sep/2026:21:41:24 +0300] "GET /wp-includes/images/ HTTP/1.1" 404 1320 "-" "Mozilla/5.0 (Windows NT 10.0; Win64; x64) AppleWebKit/537.36 (KHTML, like Gecko) Chrome/120.0.0.0 Safari/537.36"
62.60.130.249 - - [13/Sep/2026:21:41:24 +0300] "GET /wp-includes/PHPMailer/ HTTP/1.1" 404 1320 "-" "Mozilla/5.0 (Windows NT 10.0; Win64; x64) AppleWebKit/537.36 (KHTML, like Gecko) Chrome/120.0.0.0 Safari/537.36"
62.60.130.249 - - [13/Sep/2026:21:41:24 +0300] "GET /wp-includes/pomo/ HTTP/1.1" 404 1320 "-" "Mozilla/5.0 (Windows NT 10.0; Win64; x64) AppleWebKit/537.36 (KHTML, like Gecko) Chrome/120.0.0.0 Safari/537.36"
62.60.130.249 - - [13/Sep/2026:21:41:25 +0300] "GET /wp-includes/blocks/ HTTP/1.1" 404 1320 "-" "Mozilla/5.0 (Windows NT 10.0; Win64; x64) AppleWebKit/537.36 (KHTML, like Gecko) Chrome/120.0.0.0 Safari/537.36"
62.60.130.249 - - [13/Sep/2026:21:41:25 +0300] "GET /wp-includes/js/ HTTP/1.1" 404 1320 "-" "Mozilla/5.0 (Windows NT 10.0; Win64; x64) AppleWebKit/537.36 (KHTML, like Gecko) Chrome/120.0.0.0 Safari/537.36"
62.60.130.249 - - [13/Sep/2026:21:41:26 +0300] "GET /wp-includes/js/codemirror/ HTTP/1.1" 404 1320 "-" "Mozilla/5.0 (Windows NT 10.0; Win64; x64) AppleWebKit/537.36 (KHTML, like Gecko) Chrome/120.0.0.0 Safari/537.36"
62.60.130.249 - - [13/Sep/2026:21:41:26 +0300] "GET /wp-includes/js/plupload/ HTTP/1.1" 404 1320 "-" "Mozilla/5.0 (Windows NT 10.0; Win64; x64) AppleWebKit/537.36 (KHTML, like Gecko) Chrome/120.0.0.0 Safari/537.36"
62.60.130.249 - - [13/Sep/2026:21:41:27 +0300] "GET /wp-includes/widgets/ HTTP/1.1" 404 1320 "-" "Mozilla/5.0 (Windows NT 10.0; Win64; x64) AppleWebKit/537.36 (KHTML, like Gecko) Chrome/120.0.0.0 Safari/537.36"
62.60.130.249 - - [13/Sep/2026:21:41:27 +0300] "GET /wp-content/ HTTP/1.1" 404 1320 "-" "Mozilla/5.0 (Windows NT 10.0; Win64; x64) AppleWebKit/537.36 (KHTML, like Gecko) Chrome/120.0.0.0 Safari/537.36"
62.60.130.249 - - [13/Sep/2026:21:41:27 +0300] "GET /wp-content/languages/ HTTP/1.1" 404 1320 "-" "Mozilla/5.0 (Windows NT 10.0; Win64; x64) AppleWebKit/537.36 (KHTML, like Gecko) Chrome/120.0.0.0 Safari/537.36"
