| Current Path : /proc/thread-self/root/proc/self/root/home/antonen/access-logs/ |
| Current File : //proc/thread-self/root/proc/self/root/home/antonen/access-logs/chenglong.testams.vhost.lt |
85.208.96.194 - - [13/Sep/2026:15:08:17 +0300] "GET /?sale%2Fsearch%2Fdetail%2F%3FITMCODE=51956172679 HTTP/1.1" 200 11138 "-" "Mozilla/5.0 (compatible; SemrushBot/7~bl; +http://www.semrush.com/bot.html)"
66.249.68.104 - - [13/Sep/2026:15:08:20 +0300] "GET /?sale/search/detail/?ITMCODE=51992135497 HTTP/1.1" 200 217818 "-" "Mozilla/5.0 (Linux; Android 6.0.1; Nexus 5X Build/MMB29P) AppleWebKit/537.36 (KHTML, like Gecko) Chrome/152.0.7977.82 Mobile Safari/537.36 (compatible; Googlebot/2.1; +http://www.google.com/bot.html)"
85.208.96.195 - - [13/Sep/2026:15:08:43 +0300] "GET /?sale%2Fsearch%2Fdetail%2F%3FITMCODE=51977257378 HTTP/1.1" 200 11138 "-" "Mozilla/5.0 (compatible; SemrushBot/7~bl; +http://www.semrush.com/bot.html)"
66.249.68.104 - - [13/Sep/2026:15:08:45 +0300] "GET /?sale/search/detail/?ITMCODE=51981611111 HTTP/1.1" 200 207457 "-" "Mozilla/5.0 (Linux; Android 6.0.1; Nexus 5X Build/MMB29P) AppleWebKit/537.36 (KHTML, like Gecko) Chrome/152.0.7977.82 Mobile Safari/537.36 (compatible; Googlebot/2.1; +http://www.google.com/bot.html)"
66.249.68.104 - - [13/Sep/2026:15:08:54 +0300] "GET /?sale/search/detail/?ITMCODE=52002516162 HTTP/1.1" 200 197429 "-" "Mozilla/5.0 (Linux; Android 6.0.1; Nexus 5X Build/MMB29P) AppleWebKit/537.36 (KHTML, like Gecko) Chrome/152.0.7977.82 Mobile Safari/537.36 (compatible; Googlebot/2.1; +http://www.google.com/bot.html)"
85.208.96.209 - - [13/Sep/2026:15:08:55 +0300] "GET /?sale%2Fsearch%2Fdetail%2F%3FITMCODE=519624905387 HTTP/1.1" 200 11138 "-" "Mozilla/5.0 (compatible; SemrushBot/7~bl; +http://www.semrush.com/bot.html)"
66.249.68.105 - - [13/Sep/2026:15:09:30 +0300] "GET /robots.txt HTTP/1.1" 200 836 "-" "Mozilla/5.0 (compatible; Googlebot/2.1; +http://www.google.com/bot.html)"
185.191.171.15 - - [13/Sep/2026:15:09:31 +0300] "GET /?sale%2Fsearch%2Fdetail%2F%3FITMCODE=519612590209 HTTP/1.1" 200 11138 "-" "Mozilla/5.0 (compatible; SemrushBot/7~bl; +http://www.semrush.com/bot.html)"
66.249.68.104 - - [13/Sep/2026:15:09:32 +0300] "GET /?sale/search/detail/?ITMCODE=51981933111 HTTP/1.1" 200 206093 "-" "Mozilla/5.0 (Linux; Android 6.0.1; Nexus 5X Build/MMB29P) AppleWebKit/537.36 (KHTML, like Gecko) Chrome/152.0.7977.82 Mobile Safari/537.36 (compatible; Googlebot/2.1; +http://www.google.com/bot.html)"
85.208.96.196 - - [13/Sep/2026:15:09:47 +0300] "GET /robots.txt HTTP/1.1" 200 836 "-" "Mozilla/5.0 (compatible; SemrushBot/7~bl; +http://www.semrush.com/bot.html)"
185.191.171.12 - - [13/Sep/2026:15:09:48 +0300] "GET /?sale%2Fsearch%2Fdetail%2F%3FITMCODE=519710380630 HTTP/1.1" 200 11138 "-" "Mozilla/5.0 (compatible; SemrushBot/7~bl; +http://www.semrush.com/bot.html)"
85.208.96.199 - - [13/Sep/2026:15:10:34 +0300] "GET /?sale%2Fsearch%2Fdetail%2F%3FITMCODE=519917481549 HTTP/1.1" 200 11138 "-" "Mozilla/5.0 (compatible; SemrushBot/7~bl; +http://www.semrush.com/bot.html)"
66.249.68.104 - - [13/Sep/2026:15:10:40 +0300] "GET /robots.txt HTTP/1.1" 200 836 "-" "Mozilla/5.0 (compatible; Googlebot/2.1; +http://www.google.com/bot.html)"
66.249.68.104 - - [13/Sep/2026:15:10:40 +0300] "GET /?sale/search/detail/?ITMCODE=51992081169 HTTP/1.1" 200 197432 "-" "Mozilla/5.0 (Linux; Android 6.0.1; Nexus 5X Build/MMB29P) AppleWebKit/537.36 (KHTML, like Gecko) Chrome/152.0.7977.82 Mobile Safari/537.36 (compatible; Googlebot/2.1; +http://www.google.com/bot.html)"
85.208.96.201 - - [13/Sep/2026:15:11:05 +0300] "GET /?sale%2Fsearch%2Fdetail%2F%3FITMCODE=51998331708 HTTP/1.1" 200 11138 "-" "Mozilla/5.0 (compatible; SemrushBot/7~bl; +http://www.semrush.com/bot.html)"
43.134.62.67 - - [13/Sep/2026:15:11:19 +0300] "GET / HTTP/1.1" 200 11120 "-" "Mozilla/5.0 (iPhone; CPU iPhone OS 13_2_3 like Mac OS X) AppleWebKit/605.1.15 (KHTML, like Gecko) Version/13.0.3 Mobile/15E148 Safari/604.1"
185.191.171.4 - - [13/Sep/2026:15:11:57 +0300] "GET /?sale%2Fsearch%2Fdetail%2F%3FITMCODE=519831956509 HTTP/1.1" 200 11138 "-" "Mozilla/5.0 (compatible; SemrushBot/7~bl; +http://www.semrush.com/bot.html)"
66.249.68.104 - - [13/Sep/2026:15:11:57 +0300] "GET /robots.txt HTTP/1.1" 200 836 "-" "Mozilla/5.0 (compatible; Googlebot/2.1; +http://www.google.com/bot.html)"
66.249.68.104 - - [13/Sep/2026:15:12:00 +0300] "GET /?sale/search/detail/?ITMCODE=51981752838 HTTP/1.1" 200 200377 "-" "Mozilla/5.0 (Linux; Android 6.0.1; Nexus 5X Build/MMB29P) AppleWebKit/537.36 (KHTML, like Gecko) Chrome/152.0.7977.82 Mobile Safari/537.36 (compatible; Googlebot/2.1; +http://www.google.com/bot.html)"
66.249.68.104 - - [13/Sep/2026:15:12:20 +0300] "GET /?sale/search/detail/?ITMCODE=519562238 HTTP/1.1" 200 214770 "-" "Mozilla/5.0 (Linux; Android 6.0.1; Nexus 5X Build/MMB29P) AppleWebKit/537.36 (KHTML, like Gecko) Chrome/152.0.7977.82 Mobile Safari/537.36 (compatible; Googlebot/2.1; +http://www.google.com/bot.html)"
185.191.171.10 - - [13/Sep/2026:15:12:27 +0300] "GET /?sale%2Fsearch%2Fdetail%2F%3FITMCODE=51977481844 HTTP/1.1" 200 11138 "-" "Mozilla/5.0 (compatible; SemrushBot/7~bl; +http://www.semrush.com/bot.html)"
85.208.96.207 - - [13/Sep/2026:15:12:37 +0300] "GET /?sale%2Fsearch%2Fdetail%2F%3FITMCODE=519828674742 HTTP/1.1" 200 11138 "-" "Mozilla/5.0 (compatible; SemrushBot/7~bl; +http://www.semrush.com/bot.html)"
66.249.68.104 - - [13/Sep/2026:15:12:58 +0300] "GET /robots.txt HTTP/1.1" 200 836 "-" "Mozilla/5.0 (compatible; Googlebot/2.1; +http://www.google.com/bot.html)"
85.208.96.207 - - [13/Sep/2026:15:13:00 +0300] "GET /?sale%2Fsearch%2Fdetail%2F%3FITMCODE=519624942703 HTTP/1.1" 200 11138 "-" "Mozilla/5.0 (compatible; SemrushBot/7~bl; +http://www.semrush.com/bot.html)"
66.249.68.104 - - [13/Sep/2026:15:13:02 +0300] "GET /?sale/search/detail/?ITMCODE=51971459390 HTTP/1.1" 200 197061 "-" "Mozilla/5.0 (Linux; Android 6.0.1; Nexus 5X Build/MMB29P) AppleWebKit/537.36 (KHTML, like Gecko) Chrome/152.0.7977.82 Mobile Safari/537.36 (compatible; Googlebot/2.1; +http://www.google.com/bot.html)"
66.249.68.104 - - [13/Sep/2026:15:13:04 +0300] "GET /?sale/search/detail/?ITMCODE=5195291727 HTTP/1.1" 200 199236 "-" "Mozilla/5.0 (Linux; Android 6.0.1; Nexus 5X Build/MMB29P) AppleWebKit/537.36 (KHTML, like Gecko) Chrome/152.0.7977.82 Mobile Safari/537.36 (compatible; Googlebot/2.1; +http://www.google.com/bot.html)"
185.191.171.4 - - [13/Sep/2026:15:13:09 +0300] "GET /?sale%2Fsearch%2Fdetail%2F%3FITMCODE=5198100826991 HTTP/1.1" 200 11138 "-" "Mozilla/5.0 (compatible; SemrushBot/7~bl; +http://www.semrush.com/bot.html)"
66.249.68.104 - - [13/Sep/2026:15:13:16 +0300] "GET /?sale/search/detail/?ITMCODE=5196513329 HTTP/1.1" 200 213585 "-" "Mozilla/5.0 (Linux; Android 6.0.1; Nexus 5X Build/MMB29P) AppleWebKit/537.36 (KHTML, like Gecko) Chrome/152.0.7977.82 Mobile Safari/537.36 (compatible; Googlebot/2.1; +http://www.google.com/bot.html)"
66.249.68.104 - - [13/Sep/2026:15:13:27 +0300] "GET /?sale/search/detail/?ITMCODE=5196813845 HTTP/1.1" 200 196585 "-" "Mozilla/5.0 (Linux; Android 6.0.1; Nexus 5X Build/MMB29P) AppleWebKit/537.36 (KHTML, like Gecko) Chrome/152.0.7977.82 Mobile Safari/537.36 (compatible; Googlebot/2.1; +http://www.google.com/bot.html)"
85.208.96.210 - - [13/Sep/2026:15:13:40 +0300] "GET /?sale%2Fsearch%2Fdetail%2F%3FITMCODE=5196873821 HTTP/1.1" 200 11138 "-" "Mozilla/5.0 (compatible; SemrushBot/7~bl; +http://www.semrush.com/bot.html)"
85.208.96.193 - - [13/Sep/2026:15:13:54 +0300] "GET /?sale%2Fsearch%2Fdetail%2F%3FITMCODE=519575282203 HTTP/1.1" 200 11138 "-" "Mozilla/5.0 (compatible; SemrushBot/7~bl; +http://www.semrush.com/bot.html)"
52.167.144.159 - - [13/Sep/2026:15:14:15 +0300] "GET /shop/pg/722022 HTTP/1.1" 200 196812 "-" "Mozilla/5.0 AppleWebKit/537.36 (KHTML, like Gecko; compatible; bingbot/2.0; +http://www.bing.com/bingbot.htm) Chrome/116.0.1938.76 Safari/537.36"
66.249.68.105 - - [13/Sep/2026:15:14:17 +0300] "GET /robots.txt HTTP/1.1" 200 836 "-" "Mozilla/5.0 (compatible; Googlebot/2.1; +http://www.google.com/bot.html)"
66.249.68.104 - - [13/Sep/2026:15:14:20 +0300] "GET /?sale/search/detail/?ITMCODE=51992142490 HTTP/1.1" 200 198435 "-" "Mozilla/5.0 (Linux; Android 6.0.1; Nexus 5X Build/MMB29P) AppleWebKit/537.36 (KHTML, like Gecko) Chrome/152.0.7977.82 Mobile Safari/537.36 (compatible; Googlebot/2.1; +http://www.google.com/bot.html)"
85.208.96.203 - - [13/Sep/2026:15:14:32 +0300] "GET /?sale%2Fsearch%2Fdetail%2F%3FITMCODE=52005836658 HTTP/1.1" 200 11138 "-" "Mozilla/5.0 (compatible; SemrushBot/7~bl; +http://www.semrush.com/bot.html)"
185.191.171.5 - - [13/Sep/2026:15:14:51 +0300] "GET /?sale%2Fsearch%2Fdetail%2F%3FITMCODE=51977125143 HTTP/1.1" 200 11138 "-" "Mozilla/5.0 (compatible; SemrushBot/7~bl; +http://www.semrush.com/bot.html)"
185.191.171.17 - - [13/Sep/2026:15:14:58 +0300] "GET /?sale%2Fsearch%2Fdetail%2F%3FITMCODE=52008807668 HTTP/1.1" 200 11138 "-" "Mozilla/5.0 (compatible; SemrushBot/7~bl; +http://www.semrush.com/bot.html)"
185.191.171.17 - - [13/Sep/2026:15:14:59 +0300] "GET /?sale%2Fsearch%2Fdetail%2F%3FITMCODE=51963859480 HTTP/1.1" 200 11138 "-" "Mozilla/5.0 (compatible; SemrushBot/7~bl; +http://www.semrush.com/bot.html)"
66.249.68.105 - - [13/Sep/2026:15:15:04 +0300] "GET /?sale/search/detail/?ITMCODE=51981805104 HTTP/1.1" 200 199294 "-" "Mozilla/5.0 (Linux; Android 6.0.1; Nexus 5X Build/MMB29P) AppleWebKit/537.36 (KHTML, like Gecko) Chrome/152.0.7977.82 Mobile Safari/537.36 (compatible; Googlebot/2.1; +http://www.google.com/bot.html)"
185.191.171.14 - - [13/Sep/2026:15:15:57 +0300] "GET /?sale%2Fsearch%2Fdetail%2F%3FITMCODE=519834989270 HTTP/1.1" 200 11138 "-" "Mozilla/5.0 (compatible; SemrushBot/7~bl; +http://www.semrush.com/bot.html)"
185.191.171.8 - - [13/Sep/2026:15:15:59 +0300] "GET /?sale%2Fsearch%2Fdetail%2F%3FITMCODE=519710024428 HTTP/1.1" 200 11138 "-" "Mozilla/5.0 (compatible; SemrushBot/7~bl; +http://www.semrush.com/bot.html)"
66.249.68.104 - - [13/Sep/2026:15:16:06 +0300] "GET /robots.txt HTTP/1.1" 200 836 "-" "Mozilla/5.0 (compatible; Googlebot/2.1; +http://www.google.com/bot.html)"
66.249.68.104 - - [13/Sep/2026:15:16:09 +0300] "GET /?sale/search/detail/?ITMCODE=5196808858 HTTP/1.1" 200 199628 "-" "Mozilla/5.0 (Linux; Android 6.0.1; Nexus 5X Build/MMB29P) AppleWebKit/537.36 (KHTML, like Gecko) Chrome/152.0.7977.82 Mobile Safari/537.36 (compatible; Googlebot/2.1; +http://www.google.com/bot.html)"
185.191.171.13 - - [13/Sep/2026:15:16:13 +0300] "GET /?sale%2Fsearch%2Fdetail%2F%3FITMCODE=520020823879 HTTP/1.1" 200 11138 "-" "Mozilla/5.0 (compatible; SemrushBot/7~bl; +http://www.semrush.com/bot.html)"
66.249.68.104 - - [13/Sep/2026:15:16:20 +0300] "GET /?sale/search/detail/?ITMCODE=5195400247 HTTP/1.1" 200 202565 "-" "Mozilla/5.0 (Linux; Android 6.0.1; Nexus 5X Build/MMB29P) AppleWebKit/537.36 (KHTML, like Gecko) Chrome/152.0.7977.82 Mobile Safari/537.36 (compatible; Googlebot/2.1; +http://www.google.com/bot.html)"
52.167.144.189 - - [13/Sep/2026:15:16:21 +0300] "GET /shop/c/c51961000026/ HTTP/1.1" 200 264449 "-" "Mozilla/5.0 AppleWebKit/537.36 (KHTML, like Gecko; compatible; bingbot/2.0; +http://www.bing.com/bingbot.htm) Chrome/116.0.1938.76 Safari/537.36"
52.167.144.189 - - [13/Sep/2026:15:16:23 +0300] "GET /shop/c/c519610011/ HTTP/1.1" 200 263613 "-" "Mozilla/5.0 AppleWebKit/537.36 (KHTML, like Gecko; compatible; bingbot/2.0; +http://www.bing.com/bingbot.htm) Chrome/116.0.1938.76 Safari/537.36"
85.208.96.208 - - [13/Sep/2026:15:16:51 +0300] "GET /?sale%2Fsearch%2Fdetail%2F%3FITMCODE=519932048419 HTTP/1.1" 200 11138 "-" "Mozilla/5.0 (compatible; SemrushBot/7~bl; +http://www.semrush.com/bot.html)"
173.252.87.52 - - [13/Sep/2026:15:17:02 +0300] "GET /robots.txt HTTP/1.1" 206 836 "-" "facebookexternalhit/1.1 (+http://www.facebook.com/externalhit_uatext.php)"
173.252.87.53 - - [13/Sep/2026:15:17:02 +0300] "GET / HTTP/1.1" 200 11118 "-" "meta-externalagent/1.1 (+https://developers.facebook.com/docs/sharing/webmasters/crawler)"
85.208.96.202 - - [13/Sep/2026:15:17:17 +0300] "GET /?sale%2Fsearch%2Fdetail%2F%3FITMCODE=519810727740 HTTP/1.1" 200 11138 "-" "Mozilla/5.0 (compatible; SemrushBot/7~bl; +http://www.semrush.com/bot.html)"
66.249.68.105 - - [13/Sep/2026:15:17:18 +0300] "GET /robots.txt HTTP/1.1" 200 836 "-" "Mozilla/5.0 (compatible; Googlebot/2.1; +http://www.google.com/bot.html)"
66.249.68.105 - - [13/Sep/2026:15:17:18 +0300] "GET /?sale/search/detail/?ITMCODE=51981999590 HTTP/1.1" 200 206831 "-" "Mozilla/5.0 (Linux; Android 6.0.1; Nexus 5X Build/MMB29P) AppleWebKit/537.36 (KHTML, like Gecko) Chrome/152.0.7977.82 Mobile Safari/537.36 (compatible; Googlebot/2.1; +http://www.google.com/bot.html)"
66.249.68.105 - - [13/Sep/2026:15:17:39 +0300] "GET /?sale/search/detail/?ITMCODE=52002505926 HTTP/1.1" 200 201940 "-" "Mozilla/5.0 (Linux; Android 6.0.1; Nexus 5X Build/MMB29P) AppleWebKit/537.36 (KHTML, like Gecko) Chrome/152.0.7977.82 Mobile Safari/537.36 (compatible; Googlebot/2.1; +http://www.google.com/bot.html)"
185.191.171.19 - - [13/Sep/2026:15:18:00 +0300] "GET /?sale%2Fsearch%2Fdetail%2F%3FITMCODE=519624999032 HTTP/1.1" 200 11138 "-" "Mozilla/5.0 (compatible; SemrushBot/7~bl; +http://www.semrush.com/bot.html)"
185.191.171.6 - - [13/Sep/2026:15:18:02 +0300] "GET /?sale%2Fsearch%2Fdetail%2F%3FITMCODE=519870742062 HTTP/1.1" 200 11138 "-" "Mozilla/5.0 (compatible; SemrushBot/7~bl; +http://www.semrush.com/bot.html)"
185.191.171.1 - - [13/Sep/2026:15:18:16 +0300] "GET /?sale%2Fsearch%2Fdetail%2F%3FITMCODE=51977413475 HTTP/1.1" 200 11138 "-" "Mozilla/5.0 (compatible; SemrushBot/7~bl; +http://www.semrush.com/bot.html)"
52.167.144.159 - - [13/Sep/2026:15:18:36 +0300] "GET /shop/pg/5196815462 HTTP/1.1" 200 197534 "-" "Mozilla/5.0 AppleWebKit/537.36 (KHTML, like Gecko; compatible; bingbot/2.0; +http://www.bing.com/bingbot.htm) Chrome/116.0.1938.76 Safari/537.36"
52.167.144.189 - - [13/Sep/2026:15:18:41 +0300] "GET /shop/pg/981050 HTTP/1.1" 200 194635 "-" "Mozilla/5.0 AppleWebKit/537.36 (KHTML, like Gecko; compatible; bingbot/2.0; +http://www.bing.com/bingbot.htm) Chrome/116.0.1938.76 Safari/537.36"
66.249.68.105 - - [13/Sep/2026:15:18:48 +0300] "GET /robots.txt HTTP/1.1" 200 836 "-" "Mozilla/5.0 (compatible; Googlebot/2.1; +http://www.google.com/bot.html)"
66.249.68.105 - - [13/Sep/2026:15:18:48 +0300] "GET /?sale/search/detail/?ITMCODE=51981867131 HTTP/1.1" 200 197014 "-" "Mozilla/5.0 (Linux; Android 6.0.1; Nexus 5X Build/MMB29P) AppleWebKit/537.36 (KHTML, like Gecko) Chrome/152.0.7977.82 Mobile Safari/537.36 (compatible; Googlebot/2.1; +http://www.google.com/bot.html)"
85.208.96.196 - - [13/Sep/2026:15:18:57 +0300] "GET /?sale%2Fsearch%2Fdetail%2F%3FITMCODE=519512311805 HTTP/1.1" 200 11138 "-" "Mozilla/5.0 (compatible; SemrushBot/7~bl; +http://www.semrush.com/bot.html)"
85.208.96.193 - - [13/Sep/2026:15:18:58 +0300] "GET /?sale%2Fsearch%2Fdetail%2F%3FITMCODE=51992326199 HTTP/1.1" 200 11138 "-" "Mozilla/5.0 (compatible; SemrushBot/7~bl; +http://www.semrush.com/bot.html)"
185.191.171.10 - - [13/Sep/2026:15:19:07 +0300] "GET /?sale%2Fsearch%2Fdetail%2F%3FITMCODE=519870728680 HTTP/1.1" 200 11138 "-" "Mozilla/5.0 (compatible; SemrushBot/7~bl; +http://www.semrush.com/bot.html)"
66.249.68.105 - - [13/Sep/2026:15:19:08 +0300] "GET /?sale/search/detail/?ITMCODE=51971013391 HTTP/1.1" 200 197424 "-" "Mozilla/5.0 (Linux; Android 6.0.1; Nexus 5X Build/MMB29P) AppleWebKit/537.36 (KHTML, like Gecko) Chrome/152.0.7977.82 Mobile Safari/537.36 (compatible; Googlebot/2.1; +http://www.google.com/bot.html)"
66.249.68.104 - - [13/Sep/2026:15:19:16 +0300] "GET /?sale/search/detail/?ITMCODE=5196552759 HTTP/1.1" 200 199381 "-" "Mozilla/5.0 (Linux; Android 6.0.1; Nexus 5X Build/MMB29P) AppleWebKit/537.36 (KHTML, like Gecko) Chrome/152.0.7977.82 Mobile Safari/537.36 (compatible; Googlebot/2.1; +http://www.google.com/bot.html)"
85.208.96.210 - - [13/Sep/2026:15:19:37 +0300] "GET /?sale%2Fsearch%2Fdetail%2F%3FITMCODE=51971030846 HTTP/1.1" 200 11138 "-" "Mozilla/5.0 (compatible; SemrushBot/7~bl; +http://www.semrush.com/bot.html)"
185.191.171.5 - - [13/Sep/2026:15:19:42 +0300] "GET /?sale%2Fsearch%2Fdetail%2F%3FITMCODE=51953037922 HTTP/1.1" 200 11138 "-" "Mozilla/5.0 (compatible; SemrushBot/7~bl; +http://www.semrush.com/bot.html)"
66.249.68.105 - - [13/Sep/2026:15:20:00 +0300] "GET /robots.txt HTTP/1.1" 200 836 "-" "Mozilla/5.0 (compatible; Googlebot/2.1; +http://www.google.com/bot.html)"
85.208.96.204 - - [13/Sep/2026:15:20:01 +0300] "GET /?sale%2Fsearch%2Fdetail%2F%3FITMCODE=520032675260 HTTP/1.1" 200 11138 "-" "Mozilla/5.0 (compatible; SemrushBot/7~bl; +http://www.semrush.com/bot.html)"
66.249.68.104 - - [13/Sep/2026:15:20:02 +0300] "GET /?sale/search/detail/?ITMCODE=52002689000 HTTP/1.1" 200 197043 "-" "Mozilla/5.0 (Linux; Android 6.0.1; Nexus 5X Build/MMB29P) AppleWebKit/537.36 (KHTML, like Gecko) Chrome/152.0.7977.82 Mobile Safari/537.36 (compatible; Googlebot/2.1; +http://www.google.com/bot.html)"
66.249.68.104 - - [13/Sep/2026:15:20:10 +0300] "GET /?sale/search/detail/?ITMCODE=52002524270 HTTP/1.1" 200 201702 "-" "Mozilla/5.0 (Linux; Android 6.0.1; Nexus 5X Build/MMB29P) AppleWebKit/537.36 (KHTML, like Gecko) Chrome/152.0.7977.82 Mobile Safari/537.36 (compatible; Googlebot/2.1; +http://www.google.com/bot.html)"
66.249.68.104 - - [13/Sep/2026:15:20:33 +0300] "GET /?sale/search/detail/?ITMCODE=5196815280 HTTP/1.1" 200 198601 "-" "Mozilla/5.0 (Linux; Android 6.0.1; Nexus 5X Build/MMB29P) AppleWebKit/537.36 (KHTML, like Gecko) Chrome/152.0.7977.82 Mobile Safari/537.36 (compatible; Googlebot/2.1; +http://www.google.com/bot.html)"
52.167.144.189 - - [13/Sep/2026:15:20:40 +0300] "GET /shop/c/c51961000403/ HTTP/1.1" 200 267281 "-" "Mozilla/5.0 AppleWebKit/537.36 (KHTML, like Gecko; compatible; bingbot/2.0; +http://www.bing.com/bingbot.htm) Chrome/116.0.1938.76 Safari/537.36"
66.249.68.104 - - [13/Sep/2026:15:21:43 +0300] "GET /?sale/search/detail/?ITMCODE=5196670707 HTTP/1.1" 200 199135 "-" "Mozilla/5.0 (Linux; Android 6.0.1; Nexus 5X Build/MMB29P) AppleWebKit/537.36 (KHTML, like Gecko) Chrome/152.0.7977.82 Mobile Safari/537.36 (compatible; Googlebot/2.1; +http://www.google.com/bot.html)"
43.157.82.252 - - [13/Sep/2026:15:22:02 +0300] "GET / HTTP/1.1" 200 11120 "-" "Mozilla/5.0 (iPhone; CPU iPhone OS 13_2_3 like Mac OS X) AppleWebKit/605.1.15 (KHTML, like Gecko) Version/13.0.3 Mobile/15E148 Safari/604.1"
66.249.68.104 - - [13/Sep/2026:15:22:02 +0300] "GET /?sale/search/detail/?ITMCODE=51971153220 HTTP/1.1" 200 204360 "-" "Mozilla/5.0 (Linux; Android 6.0.1; Nexus 5X Build/MMB29P) AppleWebKit/537.36 (KHTML, like Gecko) Chrome/152.0.7977.82 Mobile Safari/537.36 (compatible; Googlebot/2.1; +http://www.google.com/bot.html)"
85.208.96.200 - - [13/Sep/2026:15:22:12 +0300] "GET /?sale%2Fsearch%2Fdetail%2F%3FITMCODE=519837655219 HTTP/1.1" 200 11138 "-" "Mozilla/5.0 (compatible; SemrushBot/7~bl; +http://www.semrush.com/bot.html)"
85.208.96.200 - - [13/Sep/2026:15:22:23 +0300] "GET /?sale%2Fsearch%2Fdetail%2F%3FITMCODE=519615539664 HTTP/1.1" 200 11138 "-" "Mozilla/5.0 (compatible; SemrushBot/7~bl; +http://www.semrush.com/bot.html)"
66.249.68.104 - - [13/Sep/2026:15:22:55 +0300] "GET /?sale/search/detail/?ITMCODE=51981903373 HTTP/1.1" 200 196539 "-" "Mozilla/5.0 (Linux; Android 6.0.1; Nexus 5X Build/MMB29P) AppleWebKit/537.36 (KHTML, like Gecko) Chrome/152.0.7977.82 Mobile Safari/537.36 (compatible; Googlebot/2.1; +http://www.google.com/bot.html)"
85.208.96.200 - - [13/Sep/2026:15:23:05 +0300] "GET /?sale%2Fsearch%2Fdetail%2F%3FITMCODE=519923270878 HTTP/1.1" 200 11138 "-" "Mozilla/5.0 (compatible; SemrushBot/7~bl; +http://www.semrush.com/bot.html)"
85.208.96.202 - - [13/Sep/2026:15:23:14 +0300] "GET /?sale%2Fsearch%2Fdetail%2F%3FITMCODE=52002788393 HTTP/1.1" 200 11138 "-" "Mozilla/5.0 (compatible; SemrushBot/7~bl; +http://www.semrush.com/bot.html)"
85.208.96.212 - - [13/Sep/2026:15:23:27 +0300] "GET /?sale%2Fsearch%2Fdetail%2F%3FITMCODE=519816983744 HTTP/1.1" 200 11138 "-" "Mozilla/5.0 (compatible; SemrushBot/7~bl; +http://www.semrush.com/bot.html)"
66.249.68.104 - - [13/Sep/2026:15:23:28 +0300] "GET /?sale/search/detail/?ITMCODE=5196500835 HTTP/1.1" 200 201445 "-" "Mozilla/5.0 (Linux; Android 6.0.1; Nexus 5X Build/MMB29P) AppleWebKit/537.36 (KHTML, like Gecko) Chrome/152.0.7977.82 Mobile Safari/537.36 (compatible; Googlebot/2.1; +http://www.google.com/bot.html)"
185.191.171.19 - - [13/Sep/2026:15:23:33 +0300] "GET /?sale%2Fsearch%2Fdetail%2F%3FITMCODE=51977155353 HTTP/1.1" 200 11138 "-" "Mozilla/5.0 (compatible; SemrushBot/7~bl; +http://www.semrush.com/bot.html)"
66.249.68.104 - - [13/Sep/2026:15:23:38 +0300] "GET /?sale/search/detail/?ITMCODE=51981694798 HTTP/1.1" 200 214414 "-" "Mozilla/5.0 (Linux; Android 6.0.1; Nexus 5X Build/MMB29P) AppleWebKit/537.36 (KHTML, like Gecko) Chrome/152.0.7977.82 Mobile Safari/537.36 (compatible; Googlebot/2.1; +http://www.google.com/bot.html)"
66.249.68.104 - - [13/Sep/2026:15:23:52 +0300] "GET /?sale/search/detail/?ITMCODE=52002936409 HTTP/1.1" 200 196357 "-" "Mozilla/5.0 (Linux; Android 6.0.1; Nexus 5X Build/MMB29P) AppleWebKit/537.36 (KHTML, like Gecko) Chrome/152.0.7977.82 Mobile Safari/537.36 (compatible; Googlebot/2.1; +http://www.google.com/bot.html)"
85.208.96.205 - - [13/Sep/2026:15:23:58 +0300] "GET /?sale%2Fsearch%2Fdetail%2F%3FITMCODE=519521051028 HTTP/1.1" 200 11138 "-" "Mozilla/5.0 (compatible; SemrushBot/7~bl; +http://www.semrush.com/bot.html)"
66.249.68.105 - - [13/Sep/2026:15:24:15 +0300] "GET /?sale/search/detail/?ITMCODE=52002731009 HTTP/1.1" 200 199693 "-" "Mozilla/5.0 (Linux; Android 6.0.1; Nexus 5X Build/MMB29P) AppleWebKit/537.36 (KHTML, like Gecko) Chrome/152.0.7977.82 Mobile Safari/537.36 (compatible; Googlebot/2.1; +http://www.google.com/bot.html)"
66.249.68.104 - - [13/Sep/2026:15:24:17 +0300] "GET /?sale/search/detail/?ITMCODE=51971328232 HTTP/1.1" 200 200189 "-" "Mozilla/5.0 (Linux; Android 6.0.1; Nexus 5X Build/MMB29P) AppleWebKit/537.36 (KHTML, like Gecko) Chrome/152.0.7977.82 Mobile Safari/537.36 (compatible; Googlebot/2.1; +http://www.google.com/bot.html)"
66.249.68.104 - - [13/Sep/2026:15:25:42 +0300] "GET /?sale/search/detail/?ITMCODE=5195439103 HTTP/1.1" 200 213733 "-" "Mozilla/5.0 (Linux; Android 6.0.1; Nexus 5X Build/MMB29P) AppleWebKit/537.36 (KHTML, like Gecko) Chrome/152.0.7977.82 Mobile Safari/537.36 (compatible; Googlebot/2.1; +http://www.google.com/bot.html)"
66.249.68.105 - - [13/Sep/2026:15:26:17 +0300] "GET /?sale/search/detail/?ITMCODE=51971155858 HTTP/1.1" 200 196913 "-" "Mozilla/5.0 (Linux; Android 6.0.1; Nexus 5X Build/MMB29P) AppleWebKit/537.36 (KHTML, like Gecko) Chrome/152.0.7977.82 Mobile Safari/537.36 (compatible; Googlebot/2.1; +http://www.google.com/bot.html)"
66.249.68.104 - - [13/Sep/2026:15:26:30 +0300] "GET /?sale/search/detail/?ITMCODE=52002913527 HTTP/1.1" 200 197399 "-" "Mozilla/5.0 (Linux; Android 6.0.1; Nexus 5X Build/MMB29P) AppleWebKit/537.36 (KHTML, like Gecko) Chrome/152.0.7977.82 Mobile Safari/537.36 (compatible; Googlebot/2.1; +http://www.google.com/bot.html)"
66.249.68.104 - - [13/Sep/2026:15:26:44 +0300] "GET /?sale/search/detail/?ITMCODE=51971437925 HTTP/1.1" 200 206756 "-" "Mozilla/5.0 (Linux; Android 6.0.1; Nexus 5X Build/MMB29P) AppleWebKit/537.36 (KHTML, like Gecko) Chrome/152.0.7977.82 Mobile Safari/537.36 (compatible; Googlebot/2.1; +http://www.google.com/bot.html)"
185.191.171.19 - - [13/Sep/2026:15:26:45 +0300] "GET /?sale%2Fsearch%2Fdetail%2F%3FITMCODE=51984901157 HTTP/1.1" 200 11138 "-" "Mozilla/5.0 (compatible; SemrushBot/7~bl; +http://www.semrush.com/bot.html)"
185.191.171.6 - - [13/Sep/2026:15:26:50 +0300] "GET /?sale%2Fsearch%2Fdetail%2F%3FITMCODE=51959480466 HTTP/1.1" 200 11138 "-" "Mozilla/5.0 (compatible; SemrushBot/7~bl; +http://www.semrush.com/bot.html)"
66.249.68.105 - - [13/Sep/2026:15:26:59 +0300] "GET /?sale/search/detail/?ITMCODE=5196899689 HTTP/1.1" 200 212481 "-" "Mozilla/5.0 (Linux; Android 6.0.1; Nexus 5X Build/MMB29P) AppleWebKit/537.36 (KHTML, like Gecko) Chrome/152.0.7977.82 Mobile Safari/537.36 (compatible; Googlebot/2.1; +http://www.google.com/bot.html)"
185.191.171.1 - - [13/Sep/2026:15:27:26 +0300] "GET /?sale%2Fsearch%2Fdetail%2F%3FITMCODE=519935102635 HTTP/1.1" 200 11138 "-" "Mozilla/5.0 (compatible; SemrushBot/7~bl; +http://www.semrush.com/bot.html)"
85.208.96.210 - - [13/Sep/2026:15:27:33 +0300] "GET /?sale%2Fsearch%2Fdetail%2F%3FITMCODE=519776103392 HTTP/1.1" 200 11138 "-" "Mozilla/5.0 (compatible; SemrushBot/7~bl; +http://www.semrush.com/bot.html)"
85.208.96.193 - - [13/Sep/2026:15:27:49 +0300] "GET /?sale%2Fsearch%2Fdetail%2F%3FITMCODE=51953244849 HTTP/1.1" 200 11138 "-" "Mozilla/5.0 (compatible; SemrushBot/7~bl; +http://www.semrush.com/bot.html)"
85.208.96.203 - - [13/Sep/2026:15:27:54 +0300] "GET /?sale%2Fsearch%2Fdetail%2F%3FITMCODE=519725453748 HTTP/1.1" 200 11138 "-" "Mozilla/5.0 (compatible; SemrushBot/7~bl; +http://www.semrush.com/bot.html)"
85.208.96.205 - - [13/Sep/2026:15:28:03 +0300] "GET /?sale%2Fsearch%2Fdetail%2F%3FITMCODE=519633644179 HTTP/1.1" 200 11138 "-" "Mozilla/5.0 (compatible; SemrushBot/7~bl; +http://www.semrush.com/bot.html)"
66.249.68.96 - - [13/Sep/2026:15:28:04 +0300] "GET /?sale/search/detail/?ITMCODE=51971245997 HTTP/1.1" 200 201283 "-" "Mozilla/5.0 (Linux; Android 6.0.1; Nexus 5X Build/MMB29P) AppleWebKit/537.36 (KHTML, like Gecko) Chrome/152.0.7977.82 Mobile Safari/537.36 (compatible; Googlebot/2.1; +http://www.google.com/bot.html)"
85.208.96.207 - - [13/Sep/2026:15:28:14 +0300] "GET /?sale%2Fsearch%2Fdetail%2F%3FITMCODE=520020653289 HTTP/1.1" 200 11138 "-" "Mozilla/5.0 (compatible; SemrushBot/7~bl; +http://www.semrush.com/bot.html)"
66.249.68.104 - - [13/Sep/2026:15:29:04 +0300] "GET /?sale/search/detail/?ITMCODE=5196514337 HTTP/1.1" 200 198298 "-" "Mozilla/5.0 (Linux; Android 6.0.1; Nexus 5X Build/MMB29P) AppleWebKit/537.36 (KHTML, like Gecko) Chrome/152.0.7977.82 Mobile Safari/537.36 (compatible; Googlebot/2.1; +http://www.google.com/bot.html)"
66.249.68.104 - - [13/Sep/2026:15:29:05 +0300] "GET /?sale/search/detail/?ITMCODE=51992389843 HTTP/1.1" 200 204286 "-" "Mozilla/5.0 (Linux; Android 6.0.1; Nexus 5X Build/MMB29P) AppleWebKit/537.36 (KHTML, like Gecko) Chrome/152.0.7977.82 Mobile Safari/537.36 (compatible; Googlebot/2.1; +http://www.google.com/bot.html)"
66.249.68.105 - - [13/Sep/2026:15:29:05 +0300] "GET /?sale/search/detail/?ITMCODE=51981958397 HTTP/1.1" 200 219485 "-" "Mozilla/5.0 (Linux; Android 6.0.1; Nexus 5X Build/MMB29P) AppleWebKit/537.36 (KHTML, like Gecko) Chrome/152.0.7977.82 Mobile Safari/537.36 (compatible; Googlebot/2.1; +http://www.google.com/bot.html)"
66.249.68.104 - - [13/Sep/2026:15:29:48 +0300] "GET /?sale/search/detail/?ITMCODE=519541673 HTTP/1.1" 200 198633 "-" "Mozilla/5.0 (Linux; Android 6.0.1; Nexus 5X Build/MMB29P) AppleWebKit/537.36 (KHTML, like Gecko) Chrome/152.0.7977.82 Mobile Safari/537.36 (compatible; Googlebot/2.1; +http://www.google.com/bot.html)"
66.249.68.96 - - [13/Sep/2026:15:30:15 +0300] "GET /?sale/search/detail/?ITMCODE=51981849419 HTTP/1.1" 200 199621 "-" "Mozilla/5.0 (Linux; Android 6.0.1; Nexus 5X Build/MMB29P) AppleWebKit/537.36 (KHTML, like Gecko) Chrome/152.0.7977.82 Mobile Safari/537.36 (compatible; Googlebot/2.1; +http://www.google.com/bot.html)"
66.249.68.104 - - [13/Sep/2026:15:30:59 +0300] "GET /?sale/search/detail/?ITMCODE=51992202564 HTTP/1.1" 200 200450 "-" "Mozilla/5.0 (Linux; Android 6.0.1; Nexus 5X Build/MMB29P) AppleWebKit/537.36 (KHTML, like Gecko) Chrome/152.0.7977.82 Mobile Safari/537.36 (compatible; Googlebot/2.1; +http://www.google.com/bot.html)"
85.208.96.197 - - [13/Sep/2026:15:31:27 +0300] "GET /?sale%2Fsearch%2Fdetail%2F%3FITMCODE=52008688418 HTTP/1.1" 200 11138 "-" "Mozilla/5.0 (compatible; SemrushBot/7~bl; +http://www.semrush.com/bot.html)"
52.167.144.165 - - [13/Sep/2026:15:31:29 +0300] "GET /shop/pg/11401 HTTP/1.1" 200 195574 "-" "Mozilla/5.0 AppleWebKit/537.36 (KHTML, like Gecko; compatible; bingbot/2.0; +http://www.bing.com/bingbot.htm) Chrome/116.0.1938.76 Safari/537.36"
66.249.68.104 - - [13/Sep/2026:15:31:35 +0300] "GET /?sale/search/detail/?ITMCODE=51981879293 HTTP/1.1" 200 197398 "-" "Mozilla/5.0 (Linux; Android 6.0.1; Nexus 5X Build/MMB29P) AppleWebKit/537.36 (KHTML, like Gecko) Chrome/152.0.7977.82 Mobile Safari/537.36 (compatible; Googlebot/2.1; +http://www.google.com/bot.html)"
66.249.68.104 - - [13/Sep/2026:15:31:36 +0300] "GET /?sale/search/detail/?ITMCODE=52002744400 HTTP/1.1" 200 206866 "-" "Mozilla/5.0 (Linux; Android 6.0.1; Nexus 5X Build/MMB29P) AppleWebKit/537.36 (KHTML, like Gecko) Chrome/152.0.7977.82 Mobile Safari/537.36 (compatible; Googlebot/2.1; +http://www.google.com/bot.html)"
185.191.171.12 - - [13/Sep/2026:15:31:45 +0300] "GET /?sale%2Fsearch%2Fdetail%2F%3FITMCODE=519725399853 HTTP/1.1" 200 11138 "-" "Mozilla/5.0 (compatible; SemrushBot/7~bl; +http://www.semrush.com/bot.html)"
85.208.96.201 - - [13/Sep/2026:15:31:47 +0300] "GET /?sale%2Fsearch%2Fdetail%2F%3FITMCODE=519612930315 HTTP/1.1" 200 11138 "-" "Mozilla/5.0 (compatible; SemrushBot/7~bl; +http://www.semrush.com/bot.html)"
66.249.68.104 - - [13/Sep/2026:15:31:51 +0300] "GET /?sale/search/detail/?ITMCODE=51971106066 HTTP/1.1" 200 200559 "-" "Mozilla/5.0 (compatible; Googlebot/2.1; +http://www.google.com/bot.html)"
185.191.171.9 - - [13/Sep/2026:15:32:06 +0300] "GET /?sale%2Fsearch%2Fdetail%2F%3FITMCODE=519810518570 HTTP/1.1" 200 11138 "-" "Mozilla/5.0 (compatible; SemrushBot/7~bl; +http://www.semrush.com/bot.html)"
85.208.96.201 - - [13/Sep/2026:15:32:12 +0300] "GET /?sale%2Fsearch%2Fdetail%2F%3FITMCODE=519834636830 HTTP/1.1" 200 11138 "-" "Mozilla/5.0 (compatible; SemrushBot/7~bl; +http://www.semrush.com/bot.html)"
185.191.171.13 - - [13/Sep/2026:15:32:31 +0300] "GET /?sale%2Fsearch%2Fdetail%2F%3FITMCODE=519810774278 HTTP/1.1" 200 11138 "-" "Mozilla/5.0 (compatible; SemrushBot/7~bl; +http://www.semrush.com/bot.html)"
66.249.68.104 - - [13/Sep/2026:15:32:33 +0300] "GET /?sale/search/detail/?ITMCODE=52002529631 HTTP/1.1" 200 199600 "-" "Mozilla/5.0 (Linux; Android 6.0.1; Nexus 5X Build/MMB29P) AppleWebKit/537.36 (KHTML, like Gecko) Chrome/152.0.7977.82 Mobile Safari/537.36 (compatible; Googlebot/2.1; +http://www.google.com/bot.html)"
43.157.95.239 - - [13/Sep/2026:15:32:35 +0300] "GET / HTTP/1.1" 200 11120 "-" "Mozilla/5.0 (iPhone; CPU iPhone OS 13_2_3 like Mac OS X) AppleWebKit/605.1.15 (KHTML, like Gecko) Version/13.0.3 Mobile/15E148 Safari/604.1"
66.249.68.105 - - [13/Sep/2026:15:32:54 +0300] "GET /?sale/search/detail/?ITMCODE=51992011613 HTTP/1.1" 200 196177 "-" "Mozilla/5.0 (Linux; Android 6.0.1; Nexus 5X Build/MMB29P) AppleWebKit/537.36 (KHTML, like Gecko) Chrome/152.0.7977.82 Mobile Safari/537.36 (compatible; Googlebot/2.1; +http://www.google.com/bot.html)"
66.249.68.96 - - [13/Sep/2026:15:33:14 +0300] "GET /?sale/search/detail/?ITMCODE=51981665302 HTTP/1.1" 200 200359 "-" "Mozilla/5.0 (Linux; Android 6.0.1; Nexus 5X Build/MMB29P) AppleWebKit/537.36 (KHTML, like Gecko) Chrome/152.0.7977.82 Mobile Safari/537.36 (compatible; Googlebot/2.1; +http://www.google.com/bot.html)"
185.191.171.1 - - [13/Sep/2026:15:33:37 +0300] "GET /?sale%2Fsearch%2Fdetail%2F%3FITMCODE=519699863900 HTTP/1.1" 200 11138 "-" "Mozilla/5.0 (compatible; SemrushBot/7~bl; +http://www.semrush.com/bot.html)"
85.208.96.200 - - [13/Sep/2026:15:33:44 +0300] "GET /?sale%2Fsearch%2Fdetail%2F%3FITMCODE=519816848228 HTTP/1.1" 200 11138 "-" "Mozilla/5.0 (compatible; SemrushBot/7~bl; +http://www.semrush.com/bot.html)"
85.208.96.195 - - [13/Sep/2026:15:34:08 +0300] "GET /?sale%2Fsearch%2Fdetail%2F%3FITMCODE=51998273505 HTTP/1.1" 200 11138 "-" "Mozilla/5.0 (compatible; SemrushBot/7~bl; +http://www.semrush.com/bot.html)"
66.249.68.104 - - [13/Sep/2026:15:34:11 +0300] "GET /?sale/search/detail/?ITMCODE=52002785106 HTTP/1.1" 200 215968 "-" "Mozilla/5.0 (Linux; Android 6.0.1; Nexus 5X Build/MMB29P) AppleWebKit/537.36 (KHTML, like Gecko) Chrome/152.0.7977.82 Mobile Safari/537.36 (compatible; Googlebot/2.1; +http://www.google.com/bot.html)"
66.249.68.105 - - [13/Sep/2026:15:34:35 +0300] "GET /?sale/search/detail/?ITMCODE=5196864949 HTTP/1.1" 200 198603 "-" "Mozilla/5.0 (Linux; Android 6.0.1; Nexus 5X Build/MMB29P) AppleWebKit/537.36 (KHTML, like Gecko) Chrome/152.0.7977.82 Mobile Safari/537.36 (compatible; Googlebot/2.1; +http://www.google.com/bot.html)"
66.249.68.104 - - [13/Sep/2026:15:34:38 +0300] "GET /?sale/search/detail/?ITMCODE=51981696305 HTTP/1.1" 200 198513 "-" "Mozilla/5.0 (Linux; Android 6.0.1; Nexus 5X Build/MMB29P) AppleWebKit/537.36 (KHTML, like Gecko) Chrome/152.0.7977.82 Mobile Safari/537.36 (compatible; Googlebot/2.1; +http://www.google.com/bot.html)"
66.249.68.104 - - [13/Sep/2026:15:34:39 +0300] "GET /?sale/search/detail/?ITMCODE=51992232557 HTTP/1.1" 200 208071 "-" "Mozilla/5.0 (Linux; Android 6.0.1; Nexus 5X Build/MMB29P) AppleWebKit/537.36 (KHTML, like Gecko) Chrome/152.0.7977.82 Mobile Safari/537.36 (compatible; Googlebot/2.1; +http://www.google.com/bot.html)"
66.249.68.104 - - [13/Sep/2026:15:34:40 +0300] "GET /?sale/search/detail/?ITMCODE=51981781160 HTTP/1.1" 200 216813 "-" "Mozilla/5.0 (Linux; Android 6.0.1; Nexus 5X Build/MMB29P) AppleWebKit/537.36 (KHTML, like Gecko) Chrome/152.0.7977.82 Mobile Safari/537.36 (compatible; Googlebot/2.1; +http://www.google.com/bot.html)"
66.249.68.105 - - [13/Sep/2026:15:35:01 +0300] "GET /?sale/search/detail/?ITMCODE=519526752 HTTP/1.1" 200 203211 "-" "Mozilla/5.0 (Linux; Android 6.0.1; Nexus 5X Build/MMB29P) AppleWebKit/537.36 (KHTML, like Gecko) Chrome/152.0.7977.82 Mobile Safari/537.36 (compatible; Googlebot/2.1; +http://www.google.com/bot.html)"
85.208.96.204 - - [13/Sep/2026:15:35:11 +0300] "GET /?sale%2Fsearch%2Fdetail%2F%3FITMCODE=51995477299 HTTP/1.1" 200 11138 "-" "Mozilla/5.0 (compatible; SemrushBot/7~bl; +http://www.semrush.com/bot.html)"
66.249.68.104 - - [13/Sep/2026:15:35:17 +0300] "GET /?sale/search/detail/?ITMCODE=52002849127 HTTP/1.1" 200 200896 "-" "Mozilla/5.0 (Linux; Android 6.0.1; Nexus 5X Build/MMB29P) AppleWebKit/537.36 (KHTML, like Gecko) Chrome/152.0.7977.82 Mobile Safari/537.36 (compatible; Googlebot/2.1; +http://www.google.com/bot.html)"
85.208.96.201 - - [13/Sep/2026:15:35:28 +0300] "GET /?sale%2Fsearch%2Fdetail%2F%3FITMCODE=519926069220 HTTP/1.1" 200 11138 "-" "Mozilla/5.0 (compatible; SemrushBot/7~bl; +http://www.semrush.com/bot.html)"
185.191.171.15 - - [13/Sep/2026:15:35:32 +0300] "GET /?sale%2Fsearch%2Fdetail%2F%3FITMCODE=519731197147 HTTP/1.1" 200 11138 "-" "Mozilla/5.0 (compatible; SemrushBot/7~bl; +http://www.semrush.com/bot.html)"
66.249.68.104 - - [13/Sep/2026:15:35:36 +0300] "GET /?sale/search/detail/?ITMCODE=5196520566 HTTP/1.1" 200 215671 "-" "Mozilla/5.0 (Linux; Android 6.0.1; Nexus 5X Build/MMB29P) AppleWebKit/537.36 (KHTML, like Gecko) Chrome/152.0.7977.82 Mobile Safari/537.36 (compatible; Googlebot/2.1; +http://www.google.com/bot.html)"
85.208.96.194 - - [13/Sep/2026:15:35:51 +0300] "GET /?sale%2Fsearch%2Fdetail%2F%3FITMCODE=5199101053390 HTTP/1.1" 200 11138 "-" "Mozilla/5.0 (compatible; SemrushBot/7~bl; +http://www.semrush.com/bot.html)"
43.153.48.240 - - [13/Sep/2026:15:36:01 +0300] "GET / HTTP/1.1" 200 11140 "-" "Mozilla/5.0 (iPhone; CPU iPhone OS 13_2_3 like Mac OS X) AppleWebKit/605.1.15 (KHTML, like Gecko) Version/13.0.3 Mobile/15E148 Safari/604.1"
85.208.96.197 - - [13/Sep/2026:15:36:09 +0300] "GET /?sale%2Fsearch%2Fdetail%2F%3FITMCODE=51998137759 HTTP/1.1" 200 11138 "-" "Mozilla/5.0 (compatible; SemrushBot/7~bl; +http://www.semrush.com/bot.html)"
185.191.171.15 - - [13/Sep/2026:15:36:11 +0300] "GET /?sale%2Fsearch%2Fdetail%2F%3FITMCODE=519810742899 HTTP/1.1" 200 11138 "-" "Mozilla/5.0 (compatible; SemrushBot/7~bl; +http://www.semrush.com/bot.html)"
40.77.167.143 - - [13/Sep/2026:15:36:34 +0300] "GET /shop/pg/5196964017 HTTP/1.1" 200 206952 "-" "Mozilla/5.0 AppleWebKit/537.36 (KHTML, like Gecko; compatible; bingbot/2.0; +http://www.bing.com/bingbot.htm) Chrome/116.0.1938.76 Safari/537.36"
185.191.171.12 - - [13/Sep/2026:15:37:17 +0300] "GET /?sale%2Fsearch%2Fdetail%2F%3FITMCODE=51995230573 HTTP/1.1" 200 11138 "-" "Mozilla/5.0 (compatible; SemrushBot/7~bl; +http://www.semrush.com/bot.html)"
52.167.144.206 - - [13/Sep/2026:15:38:59 +0300] "GET /shop/pg/3085 HTTP/1.1" 200 199489 "-" "Mozilla/5.0 AppleWebKit/537.36 (KHTML, like Gecko; compatible; bingbot/2.0; +http://www.bing.com/bingbot.htm) Chrome/116.0.1938.76 Safari/537.36"
185.191.171.15 - - [13/Sep/2026:15:39:06 +0300] "GET /?sale%2Fsearch%2Fdetail%2F%3FITMCODE=519911490257 HTTP/1.1" 200 11138 "-" "Mozilla/5.0 (compatible; SemrushBot/7~bl; +http://www.semrush.com/bot.html)"
85.208.96.202 - - [13/Sep/2026:15:39:09 +0300] "GET /?sale%2Fsearch%2Fdetail%2F%3FITMCODE=51953431964 HTTP/1.1" 200 11138 "-" "Mozilla/5.0 (compatible; SemrushBot/7~bl; +http://www.semrush.com/bot.html)"
185.191.171.13 - - [13/Sep/2026:15:39:21 +0300] "GET /?sale%2Fsearch%2Fdetail%2F%3FITMCODE=519633753455 HTTP/1.1" 200 11138 "-" "Mozilla/5.0 (compatible; SemrushBot/7~bl; +http://www.semrush.com/bot.html)"
185.191.171.16 - - [13/Sep/2026:15:39:38 +0300] "GET /?sale%2Fsearch%2Fdetail%2F%3FITMCODE=51959008358 HTTP/1.1" 200 11138 "-" "Mozilla/5.0 (compatible; SemrushBot/7~bl; +http://www.semrush.com/bot.html)"
185.191.171.9 - - [13/Sep/2026:15:39:41 +0300] "GET /?sale%2Fsearch%2Fdetail%2F%3FITMCODE=5196105900860 HTTP/1.1" 200 11138 "-" "Mozilla/5.0 (compatible; SemrushBot/7~bl; +http://www.semrush.com/bot.html)"
66.249.68.96 - - [13/Sep/2026:15:39:44 +0300] "GET /?sale/search/detail/?ITMCODE=51992018765 HTTP/1.1" 200 208042 "-" "Mozilla/5.0 (Linux; Android 6.0.1; Nexus 5X Build/MMB29P) AppleWebKit/537.36 (KHTML, like Gecko) Chrome/152.0.7977.82 Mobile Safari/537.36 (compatible; Googlebot/2.1; +http://www.google.com/bot.html)"
66.249.68.104 - - [13/Sep/2026:15:39:55 +0300] "GET /?sale/search/detail/?ITMCODE=5196756279 HTTP/1.1" 200 195522 "-" "Mozilla/5.0 (Linux; Android 6.0.1; Nexus 5X Build/MMB29P) AppleWebKit/537.36 (KHTML, like Gecko) Chrome/152.0.7977.82 Mobile Safari/537.36 (compatible; Googlebot/2.1; +http://www.google.com/bot.html)"
66.249.68.104 - - [13/Sep/2026:15:40:13 +0300] "GET /?sale/search/detail/?ITMCODE=5196961928 HTTP/1.1" 200 199049 "-" "Mozilla/5.0 (Linux; Android 6.0.1; Nexus 5X Build/MMB29P) AppleWebKit/537.36 (KHTML, like Gecko) Chrome/152.0.7977.82 Mobile Safari/537.36 (compatible; Googlebot/2.1; +http://www.google.com/bot.html)"
185.191.171.12 - - [13/Sep/2026:15:41:04 +0300] "GET /?sale%2Fsearch%2Fdetail%2F%3FITMCODE=519876896413 HTTP/1.1" 200 11138 "-" "Mozilla/5.0 (compatible; SemrushBot/7~bl; +http://www.semrush.com/bot.html)"
43.164.196.47 - - [13/Sep/2026:15:41:21 +0300] "GET / HTTP/1.1" 200 11120 "-" "Mozilla/5.0 (iPhone; CPU iPhone OS 13_2_3 like Mac OS X) AppleWebKit/605.1.15 (KHTML, like Gecko) Version/13.0.3 Mobile/15E148 Safari/604.1"
94.23.188.211 - - [13/Sep/2026:15:41:26 +0300] "GET / HTTP/1.1" 200 11138 "-" "Mozilla/5.0 (compatible; AhrefsBot/7.0; +http://ahrefs.com/robot/)"
168.100.149.38 - - [13/Sep/2026:15:41:27 +0300] "GET /robots.txt HTTP/1.1" 200 836 "-" "Mozilla/5.0 (compatible; AhrefsBot/7.0; +http://ahrefs.com/robot/)"
202.8.42.99 - - [13/Sep/2026:15:41:28 +0300] "GET /templates/resto_6/css/template.responsive.css HTTP/1.1" 200 11640 "http://www.chenglong.lt/" "Mozilla/5.0 (compatible; AhrefsBot/7.0; +http://ahrefs.com/robot/)"
202.8.42.99 - - [13/Sep/2026:15:41:28 +0300] "GET /templates/system/css/system.css HTTP/1.1" 200 881 "http://www.chenglong.lt/" "Mozilla/5.0 (compatible; AhrefsBot/7.0; +http://ahrefs.com/robot/)"
202.8.42.99 - - [13/Sep/2026:15:41:28 +0300] "GET /templates/resto_6/css/template.css HTTP/1.1" 200 65213 "http://www.chenglong.lt/" "Mozilla/5.0 (compatible; AhrefsBot/7.0; +http://ahrefs.com/robot/)"
202.8.42.99 - - [13/Sep/2026:15:41:28 +0300] "GET /templates/system/css/general.css HTTP/1.1" 200 2717 "http://www.chenglong.lt/" "Mozilla/5.0 (compatible; AhrefsBot/7.0; +http://ahrefs.com/robot/)"
202.8.42.99 - - [13/Sep/2026:15:41:28 +0300] "GET /templates/resto_6/script.js HTTP/1.1" 200 56744 "http://www.chenglong.lt/" "Mozilla/5.0 (compatible; AhrefsBot/7.0; +http://ahrefs.com/robot/)"
202.8.42.99 - - [13/Sep/2026:15:41:28 +0300] "GET /templates/resto_6/modules.js HTTP/1.1" 200 - "http://www.chenglong.lt/" "Mozilla/5.0 (compatible; AhrefsBot/7.0; +http://ahrefs.com/robot/)"
202.8.42.99 - - [13/Sep/2026:15:41:28 +0300] "GET /templates/resto_6/script.responsive.js HTTP/1.1" 200 21136 "http://www.chenglong.lt/" "Mozilla/5.0 (compatible; AhrefsBot/7.0; +http://ahrefs.com/robot/)"
202.8.42.99 - - [13/Sep/2026:15:41:28 +0300] "GET /media/system/js/caption.js?0c2ada6fb5fac50fc7ad43b82b14eaac HTTP/1.1" 200 491 "http://www.chenglong.lt/" "Mozilla/5.0 (compatible; AhrefsBot/7.0; +http://ahrefs.com/robot/)"
202.8.42.99 - - [13/Sep/2026:15:41:28 +0300] "GET /media/jui/js/jquery-migrate.min.js?0c2ada6fb5fac50fc7ad43b82b14eaac HTTP/1.1" 200 10056 "http://www.chenglong.lt/" "Mozilla/5.0 (compatible; AhrefsBot/7.0; +http://ahrefs.com/robot/)"
202.8.42.99 - - [13/Sep/2026:15:41:28 +0300] "GET /media/system/js/core.js?0c2ada6fb5fac50fc7ad43b82b14eaac HTTP/1.1" 200 8735 "http://www.chenglong.lt/" "Mozilla/5.0 (compatible; AhrefsBot/7.0; +http://ahrefs.com/robot/)"
202.8.42.99 - - [13/Sep/2026:15:41:28 +0300] "GET /templates/resto_6/jquery.js HTTP/1.1" 200 92629 "http://www.chenglong.lt/" "Mozilla/5.0 (compatible; AhrefsBot/7.0; +http://ahrefs.com/robot/)"
202.8.42.99 - - [13/Sep/2026:15:41:28 +0300] "GET /media/jui/js/jquery.min.js?0c2ada6fb5fac50fc7ad43b82b14eaac HTTP/1.1" 200 97646 "http://www.chenglong.lt/" "Mozilla/5.0 (compatible; AhrefsBot/7.0; +http://ahrefs.com/robot/)"
202.8.42.99 - - [13/Sep/2026:15:41:28 +0300] "GET /media/system/js/mootools-core.js?0c2ada6fb5fac50fc7ad43b82b14eaac HTTP/1.1" 200 83893 "http://www.chenglong.lt/" "Mozilla/5.0 (compatible; AhrefsBot/7.0; +http://ahrefs.com/robot/)"
202.8.42.99 - - [13/Sep/2026:15:41:28 +0300] "GET /media/system/js/mootools-more.js?0c2ada6fb5fac50fc7ad43b82b14eaac HTTP/1.1" 200 236825 "http://www.chenglong.lt/" "Mozilla/5.0 (compatible; AhrefsBot/7.0; +http://ahrefs.com/robot/)"
202.8.42.99 - - [13/Sep/2026:15:41:28 +0300] "GET /media/jui/js/jquery-noconflict.js?0c2ada6fb5fac50fc7ad43b82b14eaac HTTP/1.1" 200 21 "http://www.chenglong.lt/" "Mozilla/5.0 (compatible; AhrefsBot/7.0; +http://ahrefs.com/robot/)"
202.8.42.99 - - [13/Sep/2026:15:41:28 +0300] "GET /media/system/css/system.css HTTP/1.1" 200 1433 "http://www.chenglong.lt/templates/system/css/system.css" "Mozilla/5.0 (compatible; AhrefsBot/7.0; +http://ahrefs.com/robot/)"
85.208.96.197 - - [13/Sep/2026:15:41:29 +0300] "GET /?sale%2Fsearch%2Fdetail%2F%3FITMCODE=519713046782 HTTP/1.1" 200 11138 "-" "Mozilla/5.0 (compatible; SemrushBot/7~bl; +http://www.semrush.com/bot.html)"
185.191.171.12 - - [13/Sep/2026:15:41:54 +0300] "GET /?sale%2Fsearch%2Fdetail%2F%3FITMCODE=519920171023 HTTP/1.1" 200 11138 "-" "Mozilla/5.0 (compatible; SemrushBot/7~bl; +http://www.semrush.com/bot.html)"
66.249.68.104 - - [13/Sep/2026:15:42:49 +0300] "GET /?sale/search/detail/?ITMCODE=51992097313 HTTP/1.1" 200 209786 "-" "Mozilla/5.0 (Linux; Android 6.0.1; Nexus 5X Build/MMB29P) AppleWebKit/537.36 (KHTML, like Gecko) Chrome/152.0.7977.82 Mobile Safari/537.36 (compatible; Googlebot/2.1; +http://www.google.com/bot.html)"
66.249.68.105 - - [13/Sep/2026:15:43:13 +0300] "GET /?sale/search/detail/?ITMCODE=51992261099 HTTP/1.1" 200 198769 "-" "Mozilla/5.0 (Linux; Android 6.0.1; Nexus 5X Build/MMB29P) AppleWebKit/537.36 (KHTML, like Gecko) Chrome/152.0.7977.82 Mobile Safari/537.36 (compatible; Googlebot/2.1; +http://www.google.com/bot.html)"
66.249.68.96 - - [13/Sep/2026:15:43:15 +0300] "GET /?sale/search/detail/?ITMCODE=51957458 HTTP/1.1" 200 194259 "-" "Mozilla/5.0 (Linux; Android 6.0.1; Nexus 5X Build/MMB29P) AppleWebKit/537.36 (KHTML, like Gecko) Chrome/152.0.7977.82 Mobile Safari/537.36 (compatible; Googlebot/2.1; +http://www.google.com/bot.html)"
185.191.171.1 - - [13/Sep/2026:15:43:24 +0300] "GET /?sale%2Fsearch%2Fdetail%2F%3FITMCODE=519536054740 HTTP/1.1" 200 11138 "-" "Mozilla/5.0 (compatible; SemrushBot/7~bl; +http://www.semrush.com/bot.html)"
85.208.96.194 - - [13/Sep/2026:15:43:29 +0300] "GET /?sale%2Fsearch%2Fdetail%2F%3FITMCODE=519926482503 HTTP/1.1" 200 11138 "-" "Mozilla/5.0 (compatible; SemrushBot/7~bl; +http://www.semrush.com/bot.html)"
66.249.68.104 - - [13/Sep/2026:15:43:32 +0300] "GET /?sale/search/detail/?ITMCODE=519517160 HTTP/1.1" 200 201273 "-" "Mozilla/5.0 (Linux; Android 6.0.1; Nexus 5X Build/MMB29P) AppleWebKit/537.36 (KHTML, like Gecko) Chrome/152.0.7977.82 Mobile Safari/537.36 (compatible; Googlebot/2.1; +http://www.google.com/bot.html)"
66.249.68.104 - - [13/Sep/2026:15:43:39 +0300] "GET /?sale/search/detail/?ITMCODE=51971476780 HTTP/1.1" 200 199621 "-" "Mozilla/5.0 (Linux; Android 6.0.1; Nexus 5X Build/MMB29P) AppleWebKit/537.36 (KHTML, like Gecko) Chrome/152.0.7977.82 Mobile Safari/537.36 (compatible; Googlebot/2.1; +http://www.google.com/bot.html)"
85.208.96.195 - - [13/Sep/2026:15:44:09 +0300] "GET /?sale%2Fsearch%2Fdetail%2F%3FITMCODE=520071909383 HTTP/1.1" 200 11138 "-" "Mozilla/5.0 (compatible; SemrushBot/7~bl; +http://www.semrush.com/bot.html)"
66.249.68.104 - - [13/Sep/2026:15:44:15 +0300] "GET /?sale/search/detail/?ITMCODE=51992321561 HTTP/1.1" 200 205591 "-" "Mozilla/5.0 (Linux; Android 6.0.1; Nexus 5X Build/MMB29P) AppleWebKit/537.36 (KHTML, like Gecko) Chrome/152.0.7977.82 Mobile Safari/537.36 (compatible; Googlebot/2.1; +http://www.google.com/bot.html)"
66.249.68.104 - - [13/Sep/2026:15:44:37 +0300] "GET /?sale/search/detail/?ITMCODE=52002852124 HTTP/1.1" 200 199351 "-" "Mozilla/5.0 (Linux; Android 6.0.1; Nexus 5X Build/MMB29P) AppleWebKit/537.36 (KHTML, like Gecko) Chrome/152.0.7977.82 Mobile Safari/537.36 (compatible; Googlebot/2.1; +http://www.google.com/bot.html)"
66.249.68.104 - - [13/Sep/2026:15:44:38 +0300] "GET /?sale/search/detail/?ITMCODE=52002673413 HTTP/1.1" 200 199993 "-" "Mozilla/5.0 (Linux; Android 6.0.1; Nexus 5X Build/MMB29P) AppleWebKit/537.36 (KHTML, like Gecko) Chrome/152.0.7977.82 Mobile Safari/537.36 (compatible; Googlebot/2.1; +http://www.google.com/bot.html)"
66.249.68.104 - - [13/Sep/2026:15:44:39 +0300] "GET /?sale/search/detail/?ITMCODE=51992462688 HTTP/1.1" 200 209035 "-" "Mozilla/5.0 (Linux; Android 6.0.1; Nexus 5X Build/MMB29P) AppleWebKit/537.36 (KHTML, like Gecko) Chrome/152.0.7977.82 Mobile Safari/537.36 (compatible; Googlebot/2.1; +http://www.google.com/bot.html)"
185.191.171.12 - - [13/Sep/2026:15:44:45 +0300] "GET /?sale%2Fsearch%2Fdetail%2F%3FITMCODE=52002599330 HTTP/1.1" 200 11138 "-" "Mozilla/5.0 (compatible; SemrushBot/7~bl; +http://www.semrush.com/bot.html)"
185.191.171.9 - - [13/Sep/2026:15:44:47 +0300] "GET /?sale%2Fsearch%2Fdetail%2F%3FITMCODE=5195105453015 HTTP/1.1" 200 11138 "-" "Mozilla/5.0 (compatible; SemrushBot/7~bl; +http://www.semrush.com/bot.html)"
185.191.171.8 - - [13/Sep/2026:15:44:49 +0300] "GET /?sale%2Fsearch%2Fdetail%2F%3FITMCODE=519971352555 HTTP/1.1" 200 11138 "-" "Mozilla/5.0 (compatible; SemrushBot/7~bl; +http://www.semrush.com/bot.html)"
66.249.68.104 - - [13/Sep/2026:15:44:50 +0300] "GET /?sale/search/detail/?ITMCODE=51992348973 HTTP/1.1" 200 196733 "-" "Mozilla/5.0 (Linux; Android 6.0.1; Nexus 5X Build/MMB29P) AppleWebKit/537.36 (KHTML, like Gecko) Chrome/152.0.7977.82 Mobile Safari/537.36 (compatible; Googlebot/2.1; +http://www.google.com/bot.html)"
66.249.68.105 - - [13/Sep/2026:15:44:59 +0300] "GET /?sale/search/detail/?ITMCODE=51981609892 HTTP/1.1" 200 199050 "-" "Mozilla/5.0 (Linux; Android 6.0.1; Nexus 5X Build/MMB29P) AppleWebKit/537.36 (KHTML, like Gecko) Chrome/152.0.7977.82 Mobile Safari/537.36 (compatible; Googlebot/2.1; +http://www.google.com/bot.html)"
66.249.68.105 - - [13/Sep/2026:15:45:24 +0300] "GET /?sale/search/detail/?ITMCODE=5195408172 HTTP/1.1" 200 195308 "-" "Mozilla/5.0 (Linux; Android 6.0.1; Nexus 5X Build/MMB29P) AppleWebKit/537.36 (KHTML, like Gecko) Chrome/152.0.7977.82 Mobile Safari/537.36 (compatible; Googlebot/2.1; +http://www.google.com/bot.html)"
66.249.68.104 - - [13/Sep/2026:15:45:36 +0300] "GET /?sale/search/detail/?ITMCODE=51992452362 HTTP/1.1" 200 197526 "-" "Mozilla/5.0 (Linux; Android 6.0.1; Nexus 5X Build/MMB29P) AppleWebKit/537.36 (KHTML, like Gecko) Chrome/152.0.7977.82 Mobile Safari/537.36 (compatible; Googlebot/2.1; +http://www.google.com/bot.html)"
185.191.171.3 - - [13/Sep/2026:15:45:55 +0300] "GET /?sale%2Fsearch%2Fdetail%2F%3FITMCODE=51992436874 HTTP/1.1" 200 11138 "-" "Mozilla/5.0 (compatible; SemrushBot/7~bl; +http://www.semrush.com/bot.html)"
66.249.68.104 - - [13/Sep/2026:15:46:18 +0300] "GET /?sale/search/detail/?ITMCODE=51992486169 HTTP/1.1" 200 220599 "-" "Mozilla/5.0 (Linux; Android 6.0.1; Nexus 5X Build/MMB29P) AppleWebKit/537.36 (KHTML, like Gecko) Chrome/152.0.7977.82 Mobile Safari/537.36 (compatible; Googlebot/2.1; +http://www.google.com/bot.html)"
51.75.242.2 - - [13/Sep/2026:15:46:20 +0300] "GET /api/session/properties HTTP/1.1" 404 1320 "-" "metabase-cve-2026-72898-detect/1.0 (benign detection probes only)"
51.75.242.2 - - [13/Sep/2026:15:46:29 +0300] "GET /api/session/properties HTTP/1.1" 404 1320 "-" "metabase-cve-2026-72898-detect/1.0 (benign detection probes only)"
85.208.96.198 - - [13/Sep/2026:15:46:54 +0300] "GET /?sale%2Fsearch%2Fdetail%2F%3FITMCODE=51966678287 HTTP/1.1" 200 11138 "-" "Mozilla/5.0 (compatible; SemrushBot/7~bl; +http://www.semrush.com/bot.html)"
66.249.68.105 - - [13/Sep/2026:15:46:54 +0300] "GET /?sale/search/detail/?ITMCODE=5196854013 HTTP/1.1" 200 196113 "-" "Mozilla/5.0 (Linux; Android 6.0.1; Nexus 5X Build/MMB29P) AppleWebKit/537.36 (KHTML, like Gecko) Chrome/152.0.7977.82 Mobile Safari/537.36 (compatible; Googlebot/2.1; +http://www.google.com/bot.html)"
189.1.240.236 - - [13/Sep/2026:15:47:10 +0300] "GET /ip HTTP/1.1" 404 1317 "-" "Mozilla/5.0 (Macintosh; Intel Mac OS X 10_15_7) AppleWebKit/537.36 (KHTML, like Gecko) Chrome/114.0.0.0 Safari/537.36"
111.119.199.246 - - [13/Sep/2026:15:47:10 +0300] "GET /ip HTTP/1.1" 404 1317 "-" "Mozilla/5.0 (Macintosh; Intel Mac OS X 10_15_7) AppleWebKit/537.36 (KHTML, like Gecko) Chrome/114.0.0.0 Safari/537.36"
