66.249.68.103 - - [17/Sep/2026:15:06:27 +0300] "GET /index.php/maistas-i-namus?sale/search/detail/?ITMCODE=5195488876 HTTP/1.1" 200 207604 "-" "Mozilla/5.0 (Linux; Android 6.0.1; Nexus 5X Build/MMB29P) AppleWebKit/537.36 (KHTML, like Gecko) Chrome/153.0.8010.36 Mobile Safari/537.36 (compatible; Googlebot/2.1; +http://www.google.com/bot.html)"
66.249.68.96 - - [17/Sep/2026:15:06:28 +0300] "GET /index.php/kontaktai?sale/search/detail/?ITMCODE=5196668639 HTTP/1.1" 200 209878 "-" "Mozilla/5.0 (Linux; Android 6.0.1; Nexus 5X Build/MMB29P) AppleWebKit/537.36 (KHTML, like Gecko) Chrome/153.0.8010.36 Mobile Safari/537.36 (compatible; Googlebot/2.1; +http://www.google.com/bot.html)"
66.249.68.100 - - [17/Sep/2026:15:06:28 +0300] "GET /index.php/meniu?shop/c/c51971001193/ HTTP/1.1" 200 89781 "-" "Mozilla/5.0 (Linux; Android 6.0.1; Nexus 5X Build/MMB29P) AppleWebKit/537.36 (KHTML, like Gecko) Chrome/153.0.8010.36 Mobile Safari/537.36 (compatible; Googlebot/2.1; +http://www.google.com/bot.html)"
66.249.68.105 - - [17/Sep/2026:15:06:28 +0300] "GET /index.php/meniu?sale/search/detail/?ITMCODE=5195359246 HTTP/1.1" 200 209797 "-" "Mozilla/5.0 (Linux; Android 6.0.1; Nexus 5X Build/MMB29P) AppleWebKit/537.36 (KHTML, like Gecko) Chrome/153.0.8010.36 Mobile Safari/537.36 (compatible; Googlebot/2.1; +http://www.google.com/bot.html)"
66.249.68.97 - - [17/Sep/2026:15:06:29 +0300] "GET /sale/search/detail/?ITMCODE=51971300674 HTTP/1.1" 200 204583 "-" "Mozilla/5.0 (Linux; Android 6.0.1; Nexus 5X Build/MMB29P) AppleWebKit/537.36 (KHTML, like Gecko) Chrome/153.0.8010.36 Mobile Safari/537.36 (compatible; Googlebot/2.1; +http://www.google.com/bot.html)"
85.208.96.205 - - [17/Sep/2026:15:06:30 +0300] "GET /?sale%2Fsearch%2Fdetail%2F%3FITMCODE=51974372931 HTTP/1.1" 200 11123 "-" "Mozilla/5.0 (compatible; SemrushBot/7~bl; +http://www.semrush.com/bot.html)"
66.249.68.97 - - [17/Sep/2026:15:06:30 +0300] "GET /index.php/maistas-i-namus?sale/search/detail/?ITMCODE=5196928130 HTTP/1.1" 200 215331 "-" "Mozilla/5.0 (Linux; Android 6.0.1; Nexus 5X Build/MMB29P) AppleWebKit/537.36 (KHTML, like Gecko) Chrome/153.0.8010.36 Mobile Safari/537.36 (compatible; Googlebot/2.1; +http://www.google.com/bot.html)"
66.249.68.101 - - [17/Sep/2026:15:06:31 +0300] "GET /index.php/meniu?shop/c/c51971002134/ HTTP/1.1" 200 85287 "-" "Mozilla/5.0 (Linux; Android 6.0.1; Nexus 5X Build/MMB29P) AppleWebKit/537.36 (KHTML, like Gecko) Chrome/153.0.8010.36 Mobile Safari/537.36 (compatible; Googlebot/2.1; +http://www.google.com/bot.html)"
66.249.68.99 - - [17/Sep/2026:15:06:30 +0300] "GET /index.php/kontaktai?sale/search/detail/?ITMCODE=5195322220 HTTP/1.1" 200 215793 "-" "Mozilla/5.0 (Linux; Android 6.0.1; Nexus 5X Build/MMB29P) AppleWebKit/537.36 (KHTML, like Gecko) Chrome/153.0.8010.36 Mobile Safari/537.36 (compatible; Googlebot/2.1; +http://www.google.com/bot.html)"
66.249.68.98 - - [17/Sep/2026:15:06:31 +0300] "GET /index.php/kontaktai?sale/search/detail/?ITMCODE=51992420567 HTTP/1.1" 200 206141 "-" "Mozilla/5.0 (Linux; Android 6.0.1; Nexus 5X Build/MMB29P) AppleWebKit/537.36 (KHTML, like Gecko) Chrome/153.0.8010.36 Mobile Safari/537.36 (compatible; Googlebot/2.1; +http://www.google.com/bot.html)"
66.249.68.102 - - [17/Sep/2026:15:06:31 +0300] "GET /index.php/meniu?sale/search/detail/?ITMCODE=52002792780 HTTP/1.1" 200 198132 "-" "Mozilla/5.0 (Linux; Android 6.0.1; Nexus 5X Build/MMB29P) AppleWebKit/537.36 (KHTML, like Gecko) Chrome/153.0.8010.36 Mobile Safari/537.36 (compatible; Googlebot/2.1; +http://www.google.com/bot.html)"
66.249.68.98 - - [17/Sep/2026:15:06:32 +0300] "GET /index.php/maistas-i-namus?sale/search/detail/?ITMCODE=51971373528 HTTP/1.1" 200 203098 "-" "Mozilla/5.0 (Linux; Android 6.0.1; Nexus 5X Build/MMB29P) AppleWebKit/537.36 (KHTML, like Gecko) Chrome/153.0.8010.36 Mobile Safari/537.36 (compatible; Googlebot/2.1; +http://www.google.com/bot.html)"
66.249.68.101 - - [17/Sep/2026:15:06:32 +0300] "GET /index.php/maistas-i-namus?sale/search/detail/?ITMCODE=51971403115 HTTP/1.1" 200 212470 "-" "Mozilla/5.0 (Linux; Android 6.0.1; Nexus 5X Build/MMB29P) AppleWebKit/537.36 (KHTML, like Gecko) Chrome/153.0.8010.36 Mobile Safari/537.36 (compatible; Googlebot/2.1; +http://www.google.com/bot.html)"
66.249.68.105 - - [17/Sep/2026:15:06:32 +0300] "GET /index.php/dienos-pietus?sale/search/detail/?ITMCODE=51992024200 HTTP/1.1" 200 214170 "-" "Mozilla/5.0 (Linux; Android 6.0.1; Nexus 5X Build/MMB29P) AppleWebKit/537.36 (KHTML, like Gecko) Chrome/153.0.8010.36 Mobile Safari/537.36 (compatible; Googlebot/2.1; +http://www.google.com/bot.html)"
66.249.68.97 - - [17/Sep/2026:15:06:33 +0300] "GET /index.php/maistas-i-namus?sale/search/detail/?ITMCODE=52002825414 HTTP/1.1" 200 203200 "-" "Mozilla/5.0 (Linux; Android 6.0.1; Nexus 5X Build/MMB29P) AppleWebKit/537.36 (KHTML, like Gecko) Chrome/153.0.8010.36 Mobile Safari/537.36 (compatible; Googlebot/2.1; +http://www.google.com/bot.html)"
66.249.68.96 - - [17/Sep/2026:15:06:32 +0300] "GET /index.php/kontaktai?sale/search/detail/?ITMCODE=5195265392 HTTP/1.1" 200 218849 "-" "Mozilla/5.0 (Linux; Android 6.0.1; Nexus 5X Build/MMB29P) AppleWebKit/537.36 (KHTML, like Gecko) Chrome/153.0.8010.36 Mobile Safari/537.36 (compatible; Googlebot/2.1; +http://www.google.com/bot.html)"
66.249.68.105 - - [17/Sep/2026:15:06:33 +0300] "GET /index.php/maistas-i-namus?sale/search/detail/?ITMCODE=5195202027 HTTP/1.1" 200 206123 "-" "Mozilla/5.0 (Linux; Android 6.0.1; Nexus 5X Build/MMB29P) AppleWebKit/537.36 (KHTML, like Gecko) Chrome/153.0.8010.36 Mobile Safari/537.36 (compatible; Googlebot/2.1; +http://www.google.com/bot.html)"
66.249.68.98 - - [17/Sep/2026:15:06:33 +0300] "GET /index.php/kontaktai?sale/search/detail/?ITMCODE=51992003895 HTTP/1.1" 200 201562 "-" "Mozilla/5.0 (Linux; Android 6.0.1; Nexus 5X Build/MMB29P) AppleWebKit/537.36 (KHTML, like Gecko) Chrome/153.0.8010.36 Mobile Safari/537.36 (compatible; Googlebot/2.1; +http://www.google.com/bot.html)"
66.249.68.105 - - [17/Sep/2026:15:06:34 +0300] "GET /index.php/meniu?sale/search/detail/?ITMCODE=519582350 HTTP/1.1" 200 208252 "-" "Mozilla/5.0 (Linux; Android 6.0.1; Nexus 5X Build/MMB29P) AppleWebKit/537.36 (KHTML, like Gecko) Chrome/153.0.8010.36 Mobile Safari/537.36 (compatible; Googlebot/2.1; +http://www.google.com/bot.html)"
66.249.68.104 - - [17/Sep/2026:15:06:34 +0300] "GET /index.php/meniu?shop/c/c51961000663/ HTTP/1.1" 200 143810 "-" "Mozilla/5.0 (Linux; Android 6.0.1; Nexus 5X Build/MMB29P) AppleWebKit/537.36 (KHTML, like Gecko) Chrome/153.0.8010.36 Mobile Safari/537.36 (compatible; Googlebot/2.1; +http://www.google.com/bot.html)"
66.249.68.103 - - [17/Sep/2026:15:06:33 +0300] "GET /index.php/meniu?sale/search/detail/?ITMCODE=5196880220 HTTP/1.1" 200 200899 "-" "Mozilla/5.0 (Linux; Android 6.0.1; Nexus 5X Build/MMB29P) AppleWebKit/537.36 (KHTML, like Gecko) Chrome/153.0.8010.36 Mobile Safari/537.36 (compatible; Googlebot/2.1; +http://www.google.com/bot.html)"
66.249.68.96 - - [17/Sep/2026:15:06:35 +0300] "GET /index.php/maistas-i-namus?sale/search/detail/?ITMCODE=52002655624 HTTP/1.1" 200 206866 "-" "Mozilla/5.0 (Linux; Android 6.0.1; Nexus 5X Build/MMB29P) AppleWebKit/537.36 (KHTML, like Gecko) Chrome/153.0.8010.36 Mobile Safari/537.36 (compatible; Googlebot/2.1; +http://www.google.com/bot.html)"
66.249.68.101 - - [17/Sep/2026:15:06:36 +0300] "GET /index.php/kontaktai?sale/search/detail/?ITMCODE=5196902454 HTTP/1.1" 200 211449 "-" "Mozilla/5.0 (Linux; Android 6.0.1; Nexus 5X Build/MMB29P) AppleWebKit/537.36 (KHTML, like Gecko) Chrome/153.0.8010.36 Mobile Safari/537.36 (compatible; Googlebot/2.1; +http://www.google.com/bot.html)"
66.249.68.102 - - [17/Sep/2026:15:06:36 +0300] "GET /index.php/dienos-pietus?sale/search/detail/?ITMCODE=5196712700 HTTP/1.1" 200 213752 "-" "Mozilla/5.0 (Linux; Android 6.0.1; Nexus 5X Build/MMB29P) AppleWebKit/537.36 (KHTML, like Gecko) Chrome/153.0.8010.36 Mobile Safari/537.36 (compatible; Googlebot/2.1; +http://www.google.com/bot.html)"
66.249.68.104 - - [17/Sep/2026:15:06:35 +0300] "GET /index.php/kontaktai?sale/search/detail/?ITMCODE=5195460983 HTTP/1.1" 200 210273 "-" "Mozilla/5.0 (Linux; Android 6.0.1; Nexus 5X Build/MMB29P) AppleWebKit/537.36 (KHTML, like Gecko) Chrome/153.0.8010.36 Mobile Safari/537.36 (compatible; Googlebot/2.1; +http://www.google.com/bot.html)"
66.249.68.104 - - [17/Sep/2026:15:06:36 +0300] "GET /index.php/meniu?sale/search/detail/?ITMCODE=51992450434 HTTP/1.1" 200 205027 "-" "Mozilla/5.0 (Linux; Android 6.0.1; Nexus 5X Build/MMB29P) AppleWebKit/537.36 (KHTML, like Gecko) Chrome/153.0.8010.36 Mobile Safari/537.36 (compatible; Googlebot/2.1; +http://www.google.com/bot.html)"
85.208.96.207 - - [17/Sep/2026:15:06:37 +0300] "GET /?sale%2Fsearch%2Fdetail%2F%3FITMCODE=51987669003 HTTP/1.1" 200 11123 "-" "Mozilla/5.0 (compatible; SemrushBot/7~bl; +http://www.semrush.com/bot.html)"
66.249.68.101 - - [17/Sep/2026:15:06:36 +0300] "GET /index.php/maistas-i-namus?sale/search/detail/?ITMCODE=5196561279 HTTP/1.1" 200 225240 "-" "Mozilla/5.0 (Linux; Android 6.0.1; Nexus 5X Build/MMB29P) AppleWebKit/537.36 (KHTML, like Gecko) Chrome/153.0.8010.36 Mobile Safari/537.36 (compatible; Googlebot/2.1; +http://www.google.com/bot.html)"
66.249.68.102 - - [17/Sep/2026:15:06:37 +0300] "GET /index.php/maistas-i-namus?sale/search/detail/?ITMCODE=51971319700 HTTP/1.1" 200 206441 "-" "Mozilla/5.0 (Linux; Android 6.0.1; Nexus 5X Build/MMB29P) AppleWebKit/537.36 (KHTML, like Gecko) Chrome/153.0.8010.36 Mobile Safari/537.36 (compatible; Googlebot/2.1; +http://www.google.com/bot.html)"
66.249.68.100 - - [17/Sep/2026:15:06:38 +0300] "GET /index.php/maistas-i-namus?sale/search/detail/?ITMCODE=51981849295 HTTP/1.1" 200 209565 "-" "Mozilla/5.0 (Linux; Android 6.0.1; Nexus 5X Build/MMB29P) AppleWebKit/537.36 (KHTML, like Gecko) Chrome/153.0.8010.36 Mobile Safari/537.36 (compatible; Googlebot/2.1; +http://www.google.com/bot.html)"
66.249.68.103 - - [17/Sep/2026:15:06:38 +0300] "GET /index.php/dienos-pietus?shop/c/c51991001399/ HTTP/1.1" 200 127659 "-" "Mozilla/5.0 (Linux; Android 6.0.1; Nexus 5X Build/MMB29P) AppleWebKit/537.36 (KHTML, like Gecko) Chrome/153.0.8010.36 Mobile Safari/537.36 (compatible; Googlebot/2.1; +http://www.google.com/bot.html)"
66.249.68.100 - - [17/Sep/2026:15:06:38 +0300] "GET /index.php/kontaktai?sale/search/detail/?ITMCODE=5196771430 HTTP/1.1" 200 200809 "-" "Mozilla/5.0 (Linux; Android 6.0.1; Nexus 5X Build/MMB29P) AppleWebKit/537.36 (KHTML, like Gecko) Chrome/153.0.8010.36 Mobile Safari/537.36 (compatible; Googlebot/2.1; +http://www.google.com/bot.html)"
66.249.68.97 - - [17/Sep/2026:15:06:38 +0300] "GET /index.php/maistas-i-namus?sale/search/detail/?ITMCODE=51971112311 HTTP/1.1" 200 208007 "-" "Mozilla/5.0 (Linux; Android 6.0.1; Nexus 5X Build/MMB29P) AppleWebKit/537.36 (KHTML, like Gecko) Chrome/153.0.8010.36 Mobile Safari/537.36 (compatible; Googlebot/2.1; +http://www.google.com/bot.html)"
66.249.68.101 - - [17/Sep/2026:15:06:38 +0300] "GET /index.php/meniu?sale/search/detail/?ITMCODE=52002901428 HTTP/1.1" 200 202418 "-" "Mozilla/5.0 (Linux; Android 6.0.1; Nexus 5X Build/MMB29P) AppleWebKit/537.36 (KHTML, like Gecko) Chrome/153.0.8010.36 Mobile Safari/537.36 (compatible; Googlebot/2.1; +http://www.google.com/bot.html)"
66.249.68.97 - - [17/Sep/2026:15:06:38 +0300] "GET /index.php/kontaktai?sale/search/detail/?ITMCODE=5196593712 HTTP/1.1" 200 199380 "-" "Mozilla/5.0 (Linux; Android 6.0.1; Nexus 5X Build/MMB29P) AppleWebKit/537.36 (KHTML, like Gecko) Chrome/153.0.8010.36 Mobile Safari/537.36 (compatible; Googlebot/2.1; +http://www.google.com/bot.html)"
66.249.68.103 - - [17/Sep/2026:15:06:40 +0300] "GET /index.php/maistas-i-namus?sale/search/detail/?ITMCODE=52002846152 HTTP/1.1" 200 204294 "-" "Mozilla/5.0 (Linux; Android 6.0.1; Nexus 5X Build/MMB29P) AppleWebKit/537.36 (KHTML, like Gecko) Chrome/153.0.8010.36 Mobile Safari/537.36 (compatible; Googlebot/2.1; +http://www.google.com/bot.html)"
66.249.68.96 - - [17/Sep/2026:15:06:40 +0300] "GET /index.php/dienos-pietus?sale/search/detail/?ITMCODE=51971374425 HTTP/1.1" 200 201775 "-" "Mozilla/5.0 (Linux; Android 6.0.1; Nexus 5X Build/MMB29P) AppleWebKit/537.36 (KHTML, like Gecko) Chrome/153.0.8010.36 Mobile Safari/537.36 (compatible; Googlebot/2.1; +http://www.google.com/bot.html)"
66.249.68.104 - - [17/Sep/2026:15:06:40 +0300] "GET /index.php/maistas-i-namus?sale/search/detail/?ITMCODE=51971208883 HTTP/1.1" 200 199862 "-" "Mozilla/5.0 (Linux; Android 6.0.1; Nexus 5X Build/MMB29P) AppleWebKit/537.36 (KHTML, like Gecko) Chrome/153.0.8010.36 Mobile Safari/537.36 (compatible; Googlebot/2.1; +http://www.google.com/bot.html)"
66.249.68.102 - - [17/Sep/2026:15:06:40 +0300] "GET /index.php/kontaktai?sale/search/detail/?ITMCODE=5195445656 HTTP/1.1" 200 202995 "-" "Mozilla/5.0 (Linux; Android 6.0.1; Nexus 5X Build/MMB29P) AppleWebKit/537.36 (KHTML, like Gecko) Chrome/153.0.8010.36 Mobile Safari/537.36 (compatible; Googlebot/2.1; +http://www.google.com/bot.html)"
66.249.68.101 - - [17/Sep/2026:15:06:41 +0300] "GET /index.php/kontaktai?sale/search/detail/?ITMCODE=51981874780 HTTP/1.1" 200 203341 "-" "Mozilla/5.0 (Linux; Android 6.0.1; Nexus 5X Build/MMB29P) AppleWebKit/537.36 (KHTML, like Gecko) Chrome/153.0.8010.36 Mobile Safari/537.36 (compatible; Googlebot/2.1; +http://www.google.com/bot.html)"
66.249.68.100 - - [17/Sep/2026:15:06:41 +0300] "GET /index.php/meniu?sale/search/detail/?ITMCODE=51992050064 HTTP/1.1" 200 206734 "-" "Mozilla/5.0 (Linux; Android 6.0.1; Nexus 5X Build/MMB29P) AppleWebKit/537.36 (KHTML, like Gecko) Chrome/153.0.8010.36 Mobile Safari/537.36 (compatible; Googlebot/2.1; +http://www.google.com/bot.html)"
66.249.68.102 - - [17/Sep/2026:15:06:41 +0300] "GET /index.php/kontaktai?shop/c/c51991000122/ HTTP/1.1" 200 93644 "-" "Mozilla/5.0 (Linux; Android 6.0.1; Nexus 5X Build/MMB29P) AppleWebKit/537.36 (KHTML, like Gecko) Chrome/153.0.8010.36 Mobile Safari/537.36 (compatible; Googlebot/2.1; +http://www.google.com/bot.html)"
66.249.68.96 - - [17/Sep/2026:15:06:42 +0300] "GET /index.php/maistas-i-namus?sale/search/detail/?ITMCODE=5196845134 HTTP/1.1" 200 209005 "-" "Mozilla/5.0 (Linux; Android 6.0.1; Nexus 5X Build/MMB29P) AppleWebKit/537.36 (KHTML, like Gecko) Chrome/153.0.8010.36 Mobile Safari/537.36 (compatible; Googlebot/2.1; +http://www.google.com/bot.html)"
66.249.68.99 - - [17/Sep/2026:15:06:42 +0300] "GET /index.php/meniu?sale/search/detail/?ITMCODE=52002530320 HTTP/1.1" 200 196992 "-" "Mozilla/5.0 (Linux; Android 6.0.1; Nexus 5X Build/MMB29P) AppleWebKit/537.36 (KHTML, like Gecko) Chrome/153.0.8010.36 Mobile Safari/537.36 (compatible; Googlebot/2.1; +http://www.google.com/bot.html)"
66.249.68.104 - - [17/Sep/2026:15:06:42 +0300] "GET /index.php/kontaktai?sale/search/detail/?ITMCODE=51992138212 HTTP/1.1" 200 201762 "-" "Mozilla/5.0 (Linux; Android 6.0.1; Nexus 5X Build/MMB29P) AppleWebKit/537.36 (KHTML, like Gecko) Chrome/153.0.8010.36 Mobile Safari/537.36 (compatible; Googlebot/2.1; +http://www.google.com/bot.html)"
66.249.68.98 - - [17/Sep/2026:15:06:42 +0300] "GET /index.php/kontaktai?sale/search/detail/?ITMCODE=51971117937 HTTP/1.1" 200 200210 "-" "Mozilla/5.0 (Linux; Android 6.0.1; Nexus 5X Build/MMB29P) AppleWebKit/537.36 (KHTML, like Gecko) Chrome/153.0.8010.36 Mobile Safari/537.36 (compatible; Googlebot/2.1; +http://www.google.com/bot.html)"
66.249.68.99 - - [17/Sep/2026:15:06:43 +0300] "GET /index.php/meniu?sale/search/detail/?ITMCODE=5196728215 HTTP/1.1" 200 209113 "-" "Mozilla/5.0 (Linux; Android 6.0.1; Nexus 5X Build/MMB29P) AppleWebKit/537.36 (KHTML, like Gecko) Chrome/153.0.8010.36 Mobile Safari/537.36 (compatible; Googlebot/2.1; +http://www.google.com/bot.html)"
66.249.68.98 - - [17/Sep/2026:15:06:43 +0300] "GET /index.php/maistas-i-namus?shop/c/c51991001461/ HTTP/1.1" 200 109217 "-" "Mozilla/5.0 (Linux; Android 6.0.1; Nexus 5X Build/MMB29P) AppleWebKit/537.36 (KHTML, like Gecko) Chrome/153.0.8010.36 Mobile Safari/537.36 (compatible; Googlebot/2.1; +http://www.google.com/bot.html)"
66.249.68.97 - - [17/Sep/2026:15:06:43 +0300] "GET /index.php/meniu?sale/search/detail/?ITMCODE=51992181808 HTTP/1.1" 200 199650 "-" "Mozilla/5.0 (Linux; Android 6.0.1; Nexus 5X Build/MMB29P) AppleWebKit/537.36 (KHTML, like Gecko) Chrome/153.0.8010.36 Mobile Safari/537.36 (compatible; Googlebot/2.1; +http://www.google.com/bot.html)"
66.249.68.104 - - [17/Sep/2026:15:06:44 +0300] "GET /index.php/maistas-i-namus?sale/search/detail/?ITMCODE=5196613121 HTTP/1.1" 200 231996 "-" "Mozilla/5.0 (Linux; Android 6.0.1; Nexus 5X Build/MMB29P) AppleWebKit/537.36 (KHTML, like Gecko) Chrome/153.0.8010.36 Mobile Safari/537.36 (compatible; Googlebot/2.1; +http://www.google.com/bot.html)"
66.249.68.96 - - [17/Sep/2026:15:06:45 +0300] "GET /index.php/kontaktai?sale/search/detail/?ITMCODE=52002669098 HTTP/1.1" 200 207333 "-" "Mozilla/5.0 (Linux; Android 6.0.1; Nexus 5X Build/MMB29P) AppleWebKit/537.36 (KHTML, like Gecko) Chrome/153.0.8010.36 Mobile Safari/537.36 (compatible; Googlebot/2.1; +http://www.google.com/bot.html)"
66.249.68.102 - - [17/Sep/2026:15:06:45 +0300] "GET /index.php/maistas-i-namus?sale/search/detail/?ITMCODE=51981602446 HTTP/1.1" 200 202022 "-" "Mozilla/5.0 (Linux; Android 6.0.1; Nexus 5X Build/MMB29P) AppleWebKit/537.36 (KHTML, like Gecko) Chrome/153.0.8010.36 Mobile Safari/537.36 (compatible; Googlebot/2.1; +http://www.google.com/bot.html)"
66.249.68.104 - - [17/Sep/2026:15:06:45 +0300] "GET /index.php/kontaktai?sale/search/detail/?ITMCODE=52002834603 HTTP/1.1" 200 218605 "-" "Mozilla/5.0 (Linux; Android 6.0.1; Nexus 5X Build/MMB29P) AppleWebKit/537.36 (KHTML, like Gecko) Chrome/153.0.8010.36 Mobile Safari/537.36 (compatible; Googlebot/2.1; +http://www.google.com/bot.html)"
66.249.68.102 - - [17/Sep/2026:15:06:46 +0300] "GET /index.php/meniu?sale/search/detail/?ITMCODE=51992037664 HTTP/1.1" 200 202184 "-" "Mozilla/5.0 (Linux; Android 6.0.1; Nexus 5X Build/MMB29P) AppleWebKit/537.36 (KHTML, like Gecko) Chrome/153.0.8010.36 Mobile Safari/537.36 (compatible; Googlebot/2.1; +http://www.google.com/bot.html)"
66.249.68.103 - - [17/Sep/2026:15:06:46 +0300] "GET /index.php/kontaktai?sale/search/detail/?ITMCODE=51981690912 HTTP/1.1" 200 205958 "-" "Mozilla/5.0 (Linux; Android 6.0.1; Nexus 5X Build/MMB29P) AppleWebKit/537.36 (KHTML, like Gecko) Chrome/153.0.8010.36 Mobile Safari/537.36 (compatible; Googlebot/2.1; +http://www.google.com/bot.html)"
66.249.68.105 - - [17/Sep/2026:15:06:46 +0300] "GET /index.php/meniu?shop/c/c51971001907/ HTTP/1.1" 200 266401 "-" "Mozilla/5.0 (Linux; Android 6.0.1; Nexus 5X Build/MMB29P) AppleWebKit/537.36 (KHTML, like Gecko) Chrome/153.0.8010.36 Mobile Safari/537.36 (compatible; Googlebot/2.1; +http://www.google.com/bot.html)"
66.249.68.98 - - [17/Sep/2026:15:06:47 +0300] "GET /index.php/dienos-pietus?sale/search/detail/?ITMCODE=51971286265 HTTP/1.1" 200 199989 "-" "Mozilla/5.0 (Linux; Android 6.0.1; Nexus 5X Build/MMB29P) AppleWebKit/537.36 (KHTML, like Gecko) Chrome/153.0.8010.36 Mobile Safari/537.36 (compatible; Googlebot/2.1; +http://www.google.com/bot.html)"
66.249.68.101 - - [17/Sep/2026:15:06:47 +0300] "GET /index.php/kontaktai?sale/search/detail/?ITMCODE=5195331543 HTTP/1.1" 200 203440 "-" "Mozilla/5.0 (Linux; Android 6.0.1; Nexus 5X Build/MMB29P) AppleWebKit/537.36 (KHTML, like Gecko) Chrome/153.0.8010.36 Mobile Safari/537.36 (compatible; Googlebot/2.1; +http://www.google.com/bot.html)"
66.249.68.99 - - [17/Sep/2026:15:06:47 +0300] "GET /index.php/maistas-i-namus?sale/search/detail/?ITMCODE=52002735339 HTTP/1.1" 200 199945 "-" "Mozilla/5.0 (Linux; Android 6.0.1; Nexus 5X Build/MMB29P) AppleWebKit/537.36 (KHTML, like Gecko) Chrome/153.0.8010.36 Mobile Safari/537.36 (compatible; Googlebot/2.1; +http://www.google.com/bot.html)"
66.249.68.101 - - [17/Sep/2026:15:06:48 +0300] "GET /index.php/kontaktai?sale/search/detail/?ITMCODE=51992282942 HTTP/1.1" 200 201633 "-" "Mozilla/5.0 (Linux; Android 6.0.1; Nexus 5X Build/MMB29P) AppleWebKit/537.36 (KHTML, like Gecko) Chrome/153.0.8010.36 Mobile Safari/537.36 (compatible; Googlebot/2.1; +http://www.google.com/bot.html)"
66.249.68.102 - - [17/Sep/2026:15:06:48 +0300] "GET /index.php/maistas-i-namus?sale/search/detail/?ITMCODE=5195122160 HTTP/1.1" 200 201250 "-" "Mozilla/5.0 (Linux; Android 6.0.1; Nexus 5X Build/MMB29P) AppleWebKit/537.36 (KHTML, like Gecko) Chrome/153.0.8010.36 Mobile Safari/537.36 (compatible; Googlebot/2.1; +http://www.google.com/bot.html)"
66.249.68.100 - - [17/Sep/2026:15:06:48 +0300] "GET /index.php/kontaktai?sale/search/detail/?ITMCODE=51992294093 HTTP/1.1" 200 197523 "-" "Mozilla/5.0 (Linux; Android 6.0.1; Nexus 5X Build/MMB29P) AppleWebKit/537.36 (KHTML, like Gecko) Chrome/153.0.8010.36 Mobile Safari/537.36 (compatible; Googlebot/2.1; +http://www.google.com/bot.html)"
66.249.68.97 - - [17/Sep/2026:15:06:48 +0300] "GET /index.php/maistas-i-namus?sale/search/detail/?ITMCODE=51992359765 HTTP/1.1" 200 208438 "-" "Mozilla/5.0 (Linux; Android 6.0.1; Nexus 5X Build/MMB29P) AppleWebKit/537.36 (KHTML, like Gecko) Chrome/153.0.8010.36 Mobile Safari/537.36 (compatible; Googlebot/2.1; +http://www.google.com/bot.html)"
66.249.68.96 - - [17/Sep/2026:15:06:49 +0300] "GET /index.php/dienos-pietus?sale/search/detail/?ITMCODE=51971427758 HTTP/1.1" 200 228558 "-" "Mozilla/5.0 (Linux; Android 6.0.1; Nexus 5X Build/MMB29P) AppleWebKit/537.36 (KHTML, like Gecko) Chrome/153.0.8010.36 Mobile Safari/537.36 (compatible; Googlebot/2.1; +http://www.google.com/bot.html)"
66.249.68.97 - - [17/Sep/2026:15:06:49 +0300] "GET /index.php/kontaktai?sale/search/detail/?ITMCODE=51981634478 HTTP/1.1" 200 210955 "-" "Mozilla/5.0 (Linux; Android 6.0.1; Nexus 5X Build/MMB29P) AppleWebKit/537.36 (KHTML, like Gecko) Chrome/153.0.8010.36 Mobile Safari/537.36 (compatible; Googlebot/2.1; +http://www.google.com/bot.html)"
66.249.68.98 - - [17/Sep/2026:15:06:50 +0300] "GET /index.php/maistas-i-namus?sale/search/detail/?ITMCODE=52002807812 HTTP/1.1" 200 206843 "-" "Mozilla/5.0 (Linux; Android 6.0.1; Nexus 5X Build/MMB29P) AppleWebKit/537.36 (KHTML, like Gecko) Chrome/153.0.8010.36 Mobile Safari/537.36 (compatible; Googlebot/2.1; +http://www.google.com/bot.html)"
66.249.68.104 - - [17/Sep/2026:15:06:50 +0300] "GET /index.php/meniu?sale/search/detail/?ITMCODE=5195278530 HTTP/1.1" 200 197358 "-" "Mozilla/5.0 (Linux; Android 6.0.1; Nexus 5X Build/MMB29P) AppleWebKit/537.36 (KHTML, like Gecko) Chrome/153.0.8010.36 Mobile Safari/537.36 (compatible; Googlebot/2.1; +http://www.google.com/bot.html)"
66.249.68.96 - - [17/Sep/2026:15:06:50 +0300] "GET /index.php/maistas-i-namus?sale/search/detail/?ITMCODE=5195498031 HTTP/1.1" 200 203779 "-" "Mozilla/5.0 (Linux; Android 6.0.1; Nexus 5X Build/MMB29P) AppleWebKit/537.36 (KHTML, like Gecko) Chrome/153.0.8010.36 Mobile Safari/537.36 (compatible; Googlebot/2.1; +http://www.google.com/bot.html)"
66.249.68.101 - - [17/Sep/2026:15:06:51 +0300] "GET /index.php/maistas-i-namus?sale/search/detail/?ITMCODE=5195302028 HTTP/1.1" 200 201656 "-" "Mozilla/5.0 (Linux; Android 6.0.1; Nexus 5X Build/MMB29P) AppleWebKit/537.36 (KHTML, like Gecko) Chrome/153.0.8010.36 Mobile Safari/537.36 (compatible; Googlebot/2.1; +http://www.google.com/bot.html)"
66.249.68.100 - - [17/Sep/2026:15:06:51 +0300] "GET /index.php/maistas-i-namus?sale/search/detail/?ITMCODE=51992276199 HTTP/1.1" 200 203340 "-" "Mozilla/5.0 (Linux; Android 6.0.1; Nexus 5X Build/MMB29P) AppleWebKit/537.36 (KHTML, like Gecko) Chrome/153.0.8010.36 Mobile Safari/537.36 (compatible; Googlebot/2.1; +http://www.google.com/bot.html)"
66.249.68.104 - - [17/Sep/2026:15:06:51 +0300] "GET /index.php/kontaktai?sale/search/detail/?ITMCODE=5195114943 HTTP/1.1" 200 206875 "-" "Mozilla/5.0 (Linux; Android 6.0.1; Nexus 5X Build/MMB29P) AppleWebKit/537.36 (KHTML, like Gecko) Chrome/153.0.8010.36 Mobile Safari/537.36 (compatible; Googlebot/2.1; +http://www.google.com/bot.html)"
66.249.68.101 - - [17/Sep/2026:15:06:51 +0300] "GET /index.php/meniu?shop/c/c51991001876/ HTTP/1.1" 200 89055 "-" "Mozilla/5.0 (Linux; Android 6.0.1; Nexus 5X Build/MMB29P) AppleWebKit/537.36 (KHTML, like Gecko) Chrome/153.0.8010.36 Mobile Safari/537.36 (compatible; Googlebot/2.1; +http://www.google.com/bot.html)"
66.249.68.105 - - [17/Sep/2026:15:06:51 +0300] "GET /index.php/dienos-pietus?sale/search/detail/?ITMCODE=51971436578 HTTP/1.1" 200 201532 "-" "Mozilla/5.0 (Linux; Android 6.0.1; Nexus 5X Build/MMB29P) AppleWebKit/537.36 (KHTML, like Gecko) Chrome/153.0.8010.36 Mobile Safari/537.36 (compatible; Googlebot/2.1; +http://www.google.com/bot.html)"
66.249.68.102 - - [17/Sep/2026:15:06:52 +0300] "GET /index.php/meniu?sale/search/detail/?ITMCODE=51992117038 HTTP/1.1" 200 210105 "-" "Mozilla/5.0 (Linux; Android 6.0.1; Nexus 5X Build/MMB29P) AppleWebKit/537.36 (KHTML, like Gecko) Chrome/153.0.8010.36 Mobile Safari/537.36 (compatible; Googlebot/2.1; +http://www.google.com/bot.html)"
66.249.68.101 - - [17/Sep/2026:15:06:52 +0300] "GET /index.php/maistas-i-namus?sale/search/detail/?ITMCODE=52002951852 HTTP/1.1" 200 228605 "-" "Mozilla/5.0 (Linux; Android 6.0.1; Nexus 5X Build/MMB29P) AppleWebKit/537.36 (KHTML, like Gecko) Chrome/153.0.8010.36 Mobile Safari/537.36 (compatible; Googlebot/2.1; +http://www.google.com/bot.html)"
66.249.68.102 - - [17/Sep/2026:15:06:53 +0300] "GET /index.php/dienos-pietus?shop/c/c51961000942/ HTTP/1.1" 200 107597 "-" "Mozilla/5.0 (Linux; Android 6.0.1; Nexus 5X Build/MMB29P) AppleWebKit/537.36 (KHTML, like Gecko) Chrome/153.0.8010.36 Mobile Safari/537.36 (compatible; Googlebot/2.1; +http://www.google.com/bot.html)"
66.249.68.102 - - [17/Sep/2026:15:06:53 +0300] "GET /index.php/kontaktai?sale/search/detail/?ITMCODE=5196540905 HTTP/1.1" 200 207658 "-" "Mozilla/5.0 (Linux; Android 6.0.1; Nexus 5X Build/MMB29P) AppleWebKit/537.36 (KHTML, like Gecko) Chrome/153.0.8010.36 Mobile Safari/537.36 (compatible; Googlebot/2.1; +http://www.google.com/bot.html)"
66.249.68.97 - - [17/Sep/2026:15:06:53 +0300] "GET /index.php/maistas-i-namus?sale/search/detail/?ITMCODE=51971408078 HTTP/1.1" 200 212664 "-" "Mozilla/5.0 (Linux; Android 6.0.1; Nexus 5X Build/MMB29P) AppleWebKit/537.36 (KHTML, like Gecko) Chrome/153.0.8010.36 Mobile Safari/537.36 (compatible; Googlebot/2.1; +http://www.google.com/bot.html)"
66.249.68.98 - - [17/Sep/2026:15:06:53 +0300] "GET /index.php/maistas-i-namus?sale/search/detail/?ITMCODE=5195158875 HTTP/1.1" 200 206428 "-" "Mozilla/5.0 (Linux; Android 6.0.1; Nexus 5X Build/MMB29P) AppleWebKit/537.36 (KHTML, like Gecko) Chrome/153.0.8010.36 Mobile Safari/537.36 (compatible; Googlebot/2.1; +http://www.google.com/bot.html)"
66.249.68.97 - - [17/Sep/2026:15:06:54 +0300] "GET /index.php/meniu?sale/search/detail/?ITMCODE=5195161687 HTTP/1.1" 200 204662 "-" "Mozilla/5.0 (Linux; Android 6.0.1; Nexus 5X Build/MMB29P) AppleWebKit/537.36 (KHTML, like Gecko) Chrome/153.0.8010.36 Mobile Safari/537.36 (compatible; Googlebot/2.1; +http://www.google.com/bot.html)"
66.249.68.104 - - [17/Sep/2026:15:06:55 +0300] "GET /index.php/kontaktai?sale/search/detail/?ITMCODE=519597091 HTTP/1.1" 200 202770 "-" "Mozilla/5.0 (Linux; Android 6.0.1; Nexus 5X Build/MMB29P) AppleWebKit/537.36 (KHTML, like Gecko) Chrome/153.0.8010.36 Mobile Safari/537.36 (compatible; Googlebot/2.1; +http://www.google.com/bot.html)"
66.249.68.97 - - [17/Sep/2026:15:06:56 +0300] "GET /index.php/kontaktai?sale/search/detail/?ITMCODE=52002768977 HTTP/1.1" 200 201624 "-" "Mozilla/5.0 (Linux; Android 6.0.1; Nexus 5X Build/MMB29P) AppleWebKit/537.36 (KHTML, like Gecko) Chrome/153.0.8010.36 Mobile Safari/537.36 (compatible; Googlebot/2.1; +http://www.google.com/bot.html)"
66.249.68.97 - - [17/Sep/2026:15:06:56 +0300] "GET /index.php/dienos-pietus?shop/c/c52001000695/ HTTP/1.1" 200 173202 "-" "Mozilla/5.0 (Linux; Android 6.0.1; Nexus 5X Build/MMB29P) AppleWebKit/537.36 (KHTML, like Gecko) Chrome/153.0.8010.36 Mobile Safari/537.36 (compatible; Googlebot/2.1; +http://www.google.com/bot.html)"
66.249.68.103 - - [17/Sep/2026:15:06:56 +0300] "GET /index.php/maistas-i-namus?sale/search/detail/?ITMCODE=5196832501 HTTP/1.1" 200 204824 "-" "Mozilla/5.0 (Linux; Android 6.0.1; Nexus 5X Build/MMB29P) AppleWebKit/537.36 (KHTML, like Gecko) Chrome/153.0.8010.36 Mobile Safari/537.36 (compatible; Googlebot/2.1; +http://www.google.com/bot.html)"
66.249.68.103 - - [17/Sep/2026:15:06:56 +0300] "GET /index.php/meniu?sale/search/detail/?ITMCODE=5196501595 HTTP/1.1" 200 211544 "-" "Mozilla/5.0 (Linux; Android 6.0.1; Nexus 5X Build/MMB29P) AppleWebKit/537.36 (KHTML, like Gecko) Chrome/153.0.8010.36 Mobile Safari/537.36 (compatible; Googlebot/2.1; +http://www.google.com/bot.html)"
66.249.68.100 - - [17/Sep/2026:15:06:56 +0300] "GET /index.php/meniu?sale/search/detail/?ITMCODE=52002982947 HTTP/1.1" 200 202383 "-" "Mozilla/5.0 (Linux; Android 6.0.1; Nexus 5X Build/MMB29P) AppleWebKit/537.36 (KHTML, like Gecko) Chrome/153.0.8010.36 Mobile Safari/537.36 (compatible; Googlebot/2.1; +http://www.google.com/bot.html)"
66.249.68.104 - - [17/Sep/2026:15:06:57 +0300] "GET /index.php/maistas-i-namus?sale/search/detail/?ITMCODE=5195303403 HTTP/1.1" 200 199076 "-" "Mozilla/5.0 (Linux; Android 6.0.1; Nexus 5X Build/MMB29P) AppleWebKit/537.36 (KHTML, like Gecko) Chrome/153.0.8010.36 Mobile Safari/537.36 (compatible; Googlebot/2.1; +http://www.google.com/bot.html)"
66.249.68.98 - - [17/Sep/2026:15:06:58 +0300] "GET /index.php/meniu?sale/search/detail/?ITMCODE=5195468173 HTTP/1.1" 200 199052 "-" "Mozilla/5.0 (Linux; Android 6.0.1; Nexus 5X Build/MMB29P) AppleWebKit/537.36 (KHTML, like Gecko) Chrome/153.0.8010.36 Mobile Safari/537.36 (compatible; Googlebot/2.1; +http://www.google.com/bot.html)"
66.249.68.99 - - [17/Sep/2026:15:06:58 +0300] "GET /index.php/dienos-pietus?sale/search/detail/?ITMCODE=52002509018 HTTP/1.1" 200 205931 "-" "Mozilla/5.0 (Linux; Android 6.0.1; Nexus 5X Build/MMB29P) AppleWebKit/537.36 (KHTML, like Gecko) Chrome/153.0.8010.36 Mobile Safari/537.36 (compatible; Googlebot/2.1; +http://www.google.com/bot.html)"
66.249.68.101 - - [17/Sep/2026:15:06:58 +0300] "GET /index.php/maistas-i-namus?sale/search/detail/?ITMCODE=51981750916 HTTP/1.1" 200 202988 "-" "Mozilla/5.0 (Linux; Android 6.0.1; Nexus 5X Build/MMB29P) AppleWebKit/537.36 (KHTML, like Gecko) Chrome/153.0.8010.36 Mobile Safari/537.36 (compatible; Googlebot/2.1; +http://www.google.com/bot.html)"
66.249.68.99 - - [17/Sep/2026:15:06:58 +0300] "GET /index.php/maistas-i-namus?sale/search/detail/?ITMCODE=51981507144 HTTP/1.1" 200 204568 "-" "Mozilla/5.0 (Linux; Android 6.0.1; Nexus 5X Build/MMB29P) AppleWebKit/537.36 (KHTML, like Gecko) Chrome/153.0.8010.36 Mobile Safari/537.36 (compatible; Googlebot/2.1; +http://www.google.com/bot.html)"
66.249.68.100 - - [17/Sep/2026:15:06:58 +0300] "GET /index.php/meniu?sale/search/detail/?ITMCODE=5196665183 HTTP/1.1" 200 205075 "-" "Mozilla/5.0 (Linux; Android 6.0.1; Nexus 5X Build/MMB29P) AppleWebKit/537.36 (KHTML, like Gecko) Chrome/153.0.8010.36 Mobile Safari/537.36 (compatible; Googlebot/2.1; +http://www.google.com/bot.html)"
66.249.68.104 - - [17/Sep/2026:15:06:58 +0300] "GET /index.php/kontaktai?sale/search/detail/?ITMCODE=52002866028 HTTP/1.1" 200 197984 "-" "Mozilla/5.0 (Linux; Android 6.0.1; Nexus 5X Build/MMB29P) AppleWebKit/537.36 (KHTML, like Gecko) Chrome/153.0.8010.36 Mobile Safari/537.36 (compatible; Googlebot/2.1; +http://www.google.com/bot.html)"
66.249.68.96 - - [17/Sep/2026:15:06:58 +0300] "GET /index.php/dienos-pietus?sale/search/detail/?ITMCODE=519595265 HTTP/1.1" 200 210856 "-" "Mozilla/5.0 (Linux; Android 6.0.1; Nexus 5X Build/MMB29P) AppleWebKit/537.36 (KHTML, like Gecko) Chrome/153.0.8010.36 Mobile Safari/537.36 (compatible; Googlebot/2.1; +http://www.google.com/bot.html)"
66.249.68.101 - - [17/Sep/2026:15:06:59 +0300] "GET /index.php/maistas-i-namus?sale/search/detail/?ITMCODE=51971368096 HTTP/1.1" 200 207510 "-" "Mozilla/5.0 (Linux; Android 6.0.1; Nexus 5X Build/MMB29P) AppleWebKit/537.36 (KHTML, like Gecko) Chrome/153.0.8010.36 Mobile Safari/537.36 (compatible; Googlebot/2.1; +http://www.google.com/bot.html)"
66.249.68.103 - - [17/Sep/2026:15:07:00 +0300] "GET /index.php/meniu?sale/search/detail/?ITMCODE=52002762969 HTTP/1.1" 200 201044 "-" "Mozilla/5.0 (Linux; Android 6.0.1; Nexus 5X Build/MMB29P) AppleWebKit/537.36 (KHTML, like Gecko) Chrome/153.0.8010.36 Mobile Safari/537.36 (compatible; Googlebot/2.1; +http://www.google.com/bot.html)"
66.249.68.104 - - [17/Sep/2026:15:07:00 +0300] "GET /index.php/kontaktai?sale/search/detail/?ITMCODE=5195225586 HTTP/1.1" 200 223762 "-" "Mozilla/5.0 (Linux; Android 6.0.1; Nexus 5X Build/MMB29P) AppleWebKit/537.36 (KHTML, like Gecko) Chrome/153.0.8010.36 Mobile Safari/537.36 (compatible; Googlebot/2.1; +http://www.google.com/bot.html)"
66.249.68.101 - - [17/Sep/2026:15:07:00 +0300] "GET /index.php/maistas-i-namus?sale/search/detail/?ITMCODE=51981725806 HTTP/1.1" 200 209143 "-" "Mozilla/5.0 (Linux; Android 6.0.1; Nexus 5X Build/MMB29P) AppleWebKit/537.36 (KHTML, like Gecko) Chrome/153.0.8010.36 Mobile Safari/537.36 (compatible; Googlebot/2.1; +http://www.google.com/bot.html)"
66.249.68.99 - - [17/Sep/2026:15:07:00 +0300] "GET /index.php/maistas-i-namus?sale/search/detail/?ITMCODE=5196524884 HTTP/1.1" 200 214536 "-" "Mozilla/5.0 (Linux; Android 6.0.1; Nexus 5X Build/MMB29P) AppleWebKit/537.36 (KHTML, like Gecko) Chrome/153.0.8010.36 Mobile Safari/537.36 (compatible; Googlebot/2.1; +http://www.google.com/bot.html)"
66.249.68.97 - - [17/Sep/2026:15:07:01 +0300] "GET /index.php/maistas-i-namus?sale/search/detail/?ITMCODE=52002818300 HTTP/1.1" 200 201407 "-" "Mozilla/5.0 (Linux; Android 6.0.1; Nexus 5X Build/MMB29P) AppleWebKit/537.36 (KHTML, like Gecko) Chrome/153.0.8010.36 Mobile Safari/537.36 (compatible; Googlebot/2.1; +http://www.google.com/bot.html)"
66.249.68.105 - - [17/Sep/2026:15:07:01 +0300] "GET /index.php/dienos-pietus?sale/search/detail/?ITMCODE=5196668565 HTTP/1.1" 200 199498 "-" "Mozilla/5.0 (Linux; Android 6.0.1; Nexus 5X Build/MMB29P) AppleWebKit/537.36 (KHTML, like Gecko) Chrome/153.0.8010.36 Mobile Safari/537.36 (compatible; Googlebot/2.1; +http://www.google.com/bot.html)"
66.249.68.101 - - [17/Sep/2026:15:07:01 +0300] "GET /index.php/kontaktai?sale/search/detail/?ITMCODE=51981569042 HTTP/1.1" 200 208064 "-" "Mozilla/5.0 (Linux; Android 6.0.1; Nexus 5X Build/MMB29P) AppleWebKit/537.36 (KHTML, like Gecko) Chrome/153.0.8010.36 Mobile Safari/537.36 (compatible; Googlebot/2.1; +http://www.google.com/bot.html)"
66.249.68.99 - - [17/Sep/2026:15:07:02 +0300] "GET /index.php/maistas-i-namus?sale/search/detail/?ITMCODE=51981726493 HTTP/1.1" 200 203043 "-" "Mozilla/5.0 (Linux; Android 6.0.1; Nexus 5X Build/MMB29P) AppleWebKit/537.36 (KHTML, like Gecko) Chrome/153.0.8010.36 Mobile Safari/537.36 (compatible; Googlebot/2.1; +http://www.google.com/bot.html)"
66.249.68.99 - - [17/Sep/2026:15:07:02 +0300] "GET /index.php/meniu?sale/search/detail/?ITMCODE=5196771844 HTTP/1.1" 200 204972 "-" "Mozilla/5.0 (Linux; Android 6.0.1; Nexus 5X Build/MMB29P) AppleWebKit/537.36 (KHTML, like Gecko) Chrome/153.0.8010.36 Mobile Safari/537.36 (compatible; Googlebot/2.1; +http://www.google.com/bot.html)"
66.249.68.102 - - [17/Sep/2026:15:07:02 +0300] "GET /index.php/kontaktai?sale/search/detail/?ITMCODE=5196572802 HTTP/1.1" 200 199989 "-" "Mozilla/5.0 (Linux; Android 6.0.1; Nexus 5X Build/MMB29P) AppleWebKit/537.36 (KHTML, like Gecko) Chrome/153.0.8010.36 Mobile Safari/537.36 (compatible; Googlebot/2.1; +http://www.google.com/bot.html)"
66.249.68.102 - - [17/Sep/2026:15:07:03 +0300] "GET /index.php/maistas-i-namus?sale/search/detail/?ITMCODE=5196837141 HTTP/1.1" 200 213813 "-" "Mozilla/5.0 (Linux; Android 6.0.1; Nexus 5X Build/MMB29P) AppleWebKit/537.36 (KHTML, like Gecko) Chrome/153.0.8010.36 Mobile Safari/537.36 (compatible; Googlebot/2.1; +http://www.google.com/bot.html)"
66.249.68.97 - - [17/Sep/2026:15:07:03 +0300] "GET /index.php/dienos-pietus?sale/search/detail/?ITMCODE=5196641849 HTTP/1.1" 200 216385 "-" "Mozilla/5.0 (Linux; Android 6.0.1; Nexus 5X Build/MMB29P) AppleWebKit/537.36 (KHTML, like Gecko) Chrome/153.0.8010.36 Mobile Safari/537.36 (compatible; Googlebot/2.1; +http://www.google.com/bot.html)"
66.249.68.103 - - [17/Sep/2026:15:07:03 +0300] "GET /index.php/maistas-i-namus?sale/search/detail/?ITMCODE=5195457629 HTTP/1.1" 200 208444 "-" "Mozilla/5.0 (Linux; Android 6.0.1; Nexus 5X Build/MMB29P) AppleWebKit/537.36 (KHTML, like Gecko) Chrome/153.0.8010.36 Mobile Safari/537.36 (compatible; Googlebot/2.1; +http://www.google.com/bot.html)"
66.249.68.100 - - [17/Sep/2026:15:07:03 +0300] "GET /index.php/kontaktai?sale/search/detail/?ITMCODE=5196587882 HTTP/1.1" 200 199552 "-" "Mozilla/5.0 (Linux; Android 6.0.1; Nexus 5X Build/MMB29P) AppleWebKit/537.36 (KHTML, like Gecko) Chrome/153.0.8010.36 Mobile Safari/537.36 (compatible; Googlebot/2.1; +http://www.google.com/bot.html)"
66.249.68.103 - - [17/Sep/2026:15:07:04 +0300] "GET /shop/pg/2022607 HTTP/1.1" 200 193072 "-" "Mozilla/5.0 (Linux; Android 6.0.1; Nexus 5X Build/MMB29P) AppleWebKit/537.36 (KHTML, like Gecko) Chrome/153.0.8010.36 Mobile Safari/537.36 (compatible; Googlebot/2.1; +http://www.google.com/bot.html)"
52.156.77.156 - - [17/Sep/2026:15:07:04 +0300] "GET /index.php/dienos-pietus?sale/search/detail/?ITMCODE=51971141743 HTTP/2.0" 200 12426 "-" "Mozilla/5.0 AppleWebKit/537.36 (KHTML, like Gecko); compatible; ChatGPT-User/1.0; +https://openai.com/bot"
66.249.68.103 - - [17/Sep/2026:15:07:04 +0300] "GET /index.php/meniu?sale/search/detail/?ITMCODE=51992124921 HTTP/1.1" 200 198262 "-" "Mozilla/5.0 (Linux; Android 6.0.1; Nexus 5X Build/MMB29P) AppleWebKit/537.36 (KHTML, like Gecko) Chrome/153.0.8010.36 Mobile Safari/537.36 (compatible; Googlebot/2.1; +http://www.google.com/bot.html)"
66.249.68.97 - - [17/Sep/2026:15:07:04 +0300] "GET /index.php/dienos-pietus?sale/search/detail/?ITMCODE=51992116034 HTTP/1.1" 200 205632 "-" "Mozilla/5.0 (Linux; Android 6.0.1; Nexus 5X Build/MMB29P) AppleWebKit/537.36 (KHTML, like Gecko) Chrome/153.0.8010.36 Mobile Safari/537.36 (compatible; Googlebot/2.1; +http://www.google.com/bot.html)"
66.249.68.100 - - [17/Sep/2026:15:07:05 +0300] "GET /index.php/kontaktai?sale/search/detail/?ITMCODE=5195219197 HTTP/1.1" 200 207533 "-" "Mozilla/5.0 (Linux; Android 6.0.1; Nexus 5X Build/MMB29P) AppleWebKit/537.36 (KHTML, like Gecko) Chrome/153.0.8010.36 Mobile Safari/537.36 (compatible; Googlebot/2.1; +http://www.google.com/bot.html)"
66.249.68.104 - - [17/Sep/2026:15:07:05 +0300] "GET /index.php/kontaktai?sale/search/detail/?ITMCODE=5196644803 HTTP/1.1" 200 205927 "-" "Mozilla/5.0 (Linux; Android 6.0.1; Nexus 5X Build/MMB29P) AppleWebKit/537.36 (KHTML, like Gecko) Chrome/153.0.8010.36 Mobile Safari/537.36 (compatible; Googlebot/2.1; +http://www.google.com/bot.html)"
66.249.68.98 - - [17/Sep/2026:15:07:05 +0300] "GET /index.php/maistas-i-namus?sale/search/detail/?ITMCODE=51971230613 HTTP/1.1" 200 202205 "-" "Mozilla/5.0 (Linux; Android 6.0.1; Nexus 5X Build/MMB29P) AppleWebKit/537.36 (KHTML, like Gecko) Chrome/153.0.8010.36 Mobile Safari/537.36 (compatible; Googlebot/2.1; +http://www.google.com/bot.html)"
66.249.68.98 - - [17/Sep/2026:15:07:05 +0300] "GET /index.php/maistas-i-namus?sale/search/detail/?ITMCODE=51971486924 HTTP/1.1" 200 202757 "-" "Mozilla/5.0 (Linux; Android 6.0.1; Nexus 5X Build/MMB29P) AppleWebKit/537.36 (KHTML, like Gecko) Chrome/153.0.8010.36 Mobile Safari/537.36 (compatible; Googlebot/2.1; +http://www.google.com/bot.html)"
66.249.68.105 - - [17/Sep/2026:15:07:05 +0300] "GET /shop/pg/51992314585 HTTP/1.1" 200 198597 "-" "Mozilla/5.0 (Linux; Android 6.0.1; Nexus 5X Build/MMB29P) AppleWebKit/537.36 (KHTML, like Gecko) Chrome/153.0.8010.36 Mobile Safari/537.36 (compatible; Googlebot/2.1; +http://www.google.com/bot.html)"
66.249.68.102 - - [17/Sep/2026:15:07:06 +0300] "GET /index.php/meniu?sale/search/detail/?ITMCODE=51971465138 HTTP/1.1" 200 208664 "-" "Mozilla/5.0 (Linux; Android 6.0.1; Nexus 5X Build/MMB29P) AppleWebKit/537.36 (KHTML, like Gecko) Chrome/153.0.8010.36 Mobile Safari/537.36 (compatible; Googlebot/2.1; +http://www.google.com/bot.html)"
66.249.68.101 - - [17/Sep/2026:15:07:05 +0300] "GET /index.php/kontaktai?sale/search/detail/?ITMCODE=5195316768 HTTP/1.1" 200 218175 "-" "Mozilla/5.0 (Linux; Android 6.0.1; Nexus 5X Build/MMB29P) AppleWebKit/537.36 (KHTML, like Gecko) Chrome/153.0.8010.36 Mobile Safari/537.36 (compatible; Googlebot/2.1; +http://www.google.com/bot.html)"
66.249.68.104 - - [17/Sep/2026:15:07:06 +0300] "GET /index.php/dienos-pietus?sale/search/detail/?ITMCODE=52002648054 HTTP/1.1" 200 210951 "-" "Mozilla/5.0 (Linux; Android 6.0.1; Nexus 5X Build/MMB29P) AppleWebKit/537.36 (KHTML, like Gecko) Chrome/153.0.8010.36 Mobile Safari/537.36 (compatible; Googlebot/2.1; +http://www.google.com/bot.html)"
66.249.68.101 - - [17/Sep/2026:15:07:07 +0300] "GET /index.php/maistas-i-namus?sale/search/detail/?ITMCODE=5195292441 HTTP/1.1" 200 215971 "-" "Mozilla/5.0 (Linux; Android 6.0.1; Nexus 5X Build/MMB29P) AppleWebKit/537.36 (KHTML, like Gecko) Chrome/153.0.8010.36 Mobile Safari/537.36 (compatible; Googlebot/2.1; +http://www.google.com/bot.html)"
66.249.68.105 - - [17/Sep/2026:15:07:07 +0300] "GET /index.php/kontaktai?sale/search/detail/?ITMCODE=519581985 HTTP/1.1" 200 210445 "-" "Mozilla/5.0 (Linux; Android 6.0.1; Nexus 5X Build/MMB29P) AppleWebKit/537.36 (KHTML, like Gecko) Chrome/153.0.8010.36 Mobile Safari/537.36 (compatible; Googlebot/2.1; +http://www.google.com/bot.html)"
66.249.68.97 - - [17/Sep/2026:15:07:07 +0300] "GET /index.php/kontaktai?sale/search/detail/?ITMCODE=5196878042 HTTP/1.1" 200 202435 "-" "Mozilla/5.0 (Linux; Android 6.0.1; Nexus 5X Build/MMB29P) AppleWebKit/537.36 (KHTML, like Gecko) Chrome/153.0.8010.36 Mobile Safari/537.36 (compatible; Googlebot/2.1; +http://www.google.com/bot.html)"
66.249.68.102 - - [17/Sep/2026:15:07:07 +0300] "GET /index.php/maistas-i-namus?sale/search/detail/?ITMCODE=51981561487 HTTP/1.1" 200 220636 "-" "Mozilla/5.0 (Linux; Android 6.0.1; Nexus 5X Build/MMB29P) AppleWebKit/537.36 (KHTML, like Gecko) Chrome/153.0.8010.36 Mobile Safari/537.36 (compatible; Googlebot/2.1; +http://www.google.com/bot.html)"
66.249.68.101 - - [17/Sep/2026:15:07:08 +0300] "GET /index.php/dienos-pietus?shop/c/c51981001171/ HTTP/1.1" 200 95871 "-" "Mozilla/5.0 (Linux; Android 6.0.1; Nexus 5X Build/MMB29P) AppleWebKit/537.36 (KHTML, like Gecko) Chrome/153.0.8010.36 Mobile Safari/537.36 (compatible; Googlebot/2.1; +http://www.google.com/bot.html)"
66.249.68.99 - - [17/Sep/2026:15:07:07 +0300] "GET /shop/pg/5195384535 HTTP/1.1" 200 195834 "-" "Mozilla/5.0 (Linux; Android 6.0.1; Nexus 5X Build/MMB29P) AppleWebKit/537.36 (KHTML, like Gecko) Chrome/153.0.8010.36 Mobile Safari/537.36 (compatible; Googlebot/2.1; +http://www.google.com/bot.html)"
66.249.68.101 - - [17/Sep/2026:15:07:08 +0300] "GET /index.php/meniu?sale/search/detail/?ITMCODE=52002524217 HTTP/1.1" 200 205989 "-" "Mozilla/5.0 (Linux; Android 6.0.1; Nexus 5X Build/MMB29P) AppleWebKit/537.36 (KHTML, like Gecko) Chrome/153.0.8010.36 Mobile Safari/537.36 (compatible; Googlebot/2.1; +http://www.google.com/bot.html)"
66.249.68.97 - - [17/Sep/2026:15:07:08 +0300] "GET /index.php/maistas-i-namus?sale/search/detail/?ITMCODE=519519651 HTTP/1.1" 200 202409 "-" "Mozilla/5.0 (Linux; Android 6.0.1; Nexus 5X Build/MMB29P) AppleWebKit/537.36 (KHTML, like Gecko) Chrome/153.0.8010.36 Mobile Safari/537.36 (compatible; Googlebot/2.1; +http://www.google.com/bot.html)"
66.249.68.105 - - [17/Sep/2026:15:07:09 +0300] "GET /index.php/kontaktai?sale/search/detail/?ITMCODE=51981604026 HTTP/1.1" 200 203701 "-" "Mozilla/5.0 (Linux; Android 6.0.1; Nexus 5X Build/MMB29P) AppleWebKit/537.36 (KHTML, like Gecko) Chrome/153.0.8010.36 Mobile Safari/537.36 (compatible; Googlebot/2.1; +http://www.google.com/bot.html)"
66.249.68.98 - - [17/Sep/2026:15:07:09 +0300] "GET /index.php?sale/search/detail/?ITMCODE=5195294021 HTTP/1.1" 200 204144 "-" "Mozilla/5.0 (Linux; Android 6.0.1; Nexus 5X Build/MMB29P) AppleWebKit/537.36 (KHTML, like Gecko) Chrome/153.0.8010.36 Mobile Safari/537.36 (compatible; Googlebot/2.1; +http://www.google.com/bot.html)"
66.249.68.96 - - [17/Sep/2026:15:07:09 +0300] "GET /index.php/maistas-i-namus?sale/search/detail/?ITMCODE=51992098694 HTTP/1.1" 200 203425 "-" "Mozilla/5.0 (Linux; Android 6.0.1; Nexus 5X Build/MMB29P) AppleWebKit/537.36 (KHTML, like Gecko) Chrome/153.0.8010.36 Mobile Safari/537.36 (compatible; Googlebot/2.1; +http://www.google.com/bot.html)"
66.249.68.96 - - [17/Sep/2026:15:07:09 +0300] "GET /index.php/dienos-pietus?shop/c/c51981001172/ HTTP/1.1" 200 179622 "-" "Mozilla/5.0 (Linux; Android 6.0.1; Nexus 5X Build/MMB29P) AppleWebKit/537.36 (KHTML, like Gecko) Chrome/153.0.8010.36 Mobile Safari/537.36 (compatible; Googlebot/2.1; +http://www.google.com/bot.html)"
66.249.68.96 - - [17/Sep/2026:15:07:09 +0300] "GET /index.php/kontaktai?sale/search/detail/?ITMCODE=5196825284 HTTP/1.1" 200 199595 "-" "Mozilla/5.0 (Linux; Android 6.0.1; Nexus 5X Build/MMB29P) AppleWebKit/537.36 (KHTML, like Gecko) Chrome/153.0.8010.36 Mobile Safari/537.36 (compatible; Googlebot/2.1; +http://www.google.com/bot.html)"
66.249.68.96 - - [17/Sep/2026:15:07:09 +0300] "GET /index.php/maistas-i-namus?sale/search/detail/?ITMCODE=51971343799 HTTP/1.1" 200 202078 "-" "Mozilla/5.0 (Linux; Android 6.0.1; Nexus 5X Build/MMB29P) AppleWebKit/537.36 (KHTML, like Gecko) Chrome/153.0.8010.36 Mobile Safari/537.36 (compatible; Googlebot/2.1; +http://www.google.com/bot.html)"
66.249.68.99 - - [17/Sep/2026:15:07:10 +0300] "GET /index.php/maistas-i-namus?sale/search/detail/?ITMCODE=5196970808 HTTP/1.1" 200 205987 "-" "Mozilla/5.0 (Linux; Android 6.0.1; Nexus 5X Build/MMB29P) AppleWebKit/537.36 (KHTML, like Gecko) Chrome/153.0.8010.36 Mobile Safari/537.36 (compatible; Googlebot/2.1; +http://www.google.com/bot.html)"
66.249.68.102 - - [17/Sep/2026:15:07:10 +0300] "GET /index.php/kontaktai?sale/search/detail/?ITMCODE=51981647190 HTTP/1.1" 200 198255 "-" "Mozilla/5.0 (Linux; Android 6.0.1; Nexus 5X Build/MMB29P) AppleWebKit/537.36 (KHTML, like Gecko) Chrome/153.0.8010.36 Mobile Safari/537.36 (compatible; Googlebot/2.1; +http://www.google.com/bot.html)"
66.249.68.100 - - [17/Sep/2026:15:07:10 +0300] "GET /index.php/meniu?sale/search/detail/?ITMCODE=51992336941 HTTP/1.1" 200 205008 "-" "Mozilla/5.0 (Linux; Android 6.0.1; Nexus 5X Build/MMB29P) AppleWebKit/537.36 (KHTML, like Gecko) Chrome/153.0.8010.36 Mobile Safari/537.36 (compatible; Googlebot/2.1; +http://www.google.com/bot.html)"
66.249.68.103 - - [17/Sep/2026:15:07:11 +0300] "GET /index.php/maistas-i-namus?sale/search/detail/?ITMCODE=5196659772 HTTP/1.1" 200 202486 "-" "Mozilla/5.0 (Linux; Android 6.0.1; Nexus 5X Build/MMB29P) AppleWebKit/537.36 (KHTML, like Gecko) Chrome/153.0.8010.36 Mobile Safari/537.36 (compatible; Googlebot/2.1; +http://www.google.com/bot.html)"
66.249.68.104 - - [17/Sep/2026:15:07:11 +0300] "GET /index.php/kontaktai?sale/search/detail/?ITMCODE=51992266814 HTTP/1.1" 200 223976 "-" "Mozilla/5.0 (Linux; Android 6.0.1; Nexus 5X Build/MMB29P) AppleWebKit/537.36 (KHTML, like Gecko) Chrome/153.0.8010.36 Mobile Safari/537.36 (compatible; Googlebot/2.1; +http://www.google.com/bot.html)"
66.249.68.102 - - [17/Sep/2026:15:07:11 +0300] "GET /index.php/dienos-pietus?shop/c/c51971001097/ HTTP/1.1" 200 164401 "-" "Mozilla/5.0 (Linux; Android 6.0.1; Nexus 5X Build/MMB29P) AppleWebKit/537.36 (KHTML, like Gecko) Chrome/153.0.8010.36 Mobile Safari/537.36 (compatible; Googlebot/2.1; +http://www.google.com/bot.html)"
66.249.68.104 - - [17/Sep/2026:15:07:12 +0300] "GET /index.php/meniu?sale/search/detail/?ITMCODE=5195486815 HTTP/1.1" 200 207687 "-" "Mozilla/5.0 (Linux; Android 6.0.1; Nexus 5X Build/MMB29P) AppleWebKit/537.36 (KHTML, like Gecko) Chrome/153.0.8010.36 Mobile Safari/537.36 (compatible; Googlebot/2.1; +http://www.google.com/bot.html)"
66.249.68.101 - - [17/Sep/2026:15:07:12 +0300] "GET /index.php/maistas-i-namus?sale/search/detail/?ITMCODE=51981639913 HTTP/1.1" 200 212818 "-" "Mozilla/5.0 (Linux; Android 6.0.1; Nexus 5X Build/MMB29P) AppleWebKit/537.36 (KHTML, like Gecko) Chrome/153.0.8010.36 Mobile Safari/537.36 (compatible; Googlebot/2.1; +http://www.google.com/bot.html)"
66.249.68.97 - - [17/Sep/2026:15:07:13 +0300] "GET /index.php/kontaktai?sale/search/detail/?ITMCODE=52002554546 HTTP/1.1" 200 198375 "-" "Mozilla/5.0 (Linux; Android 6.0.1; Nexus 5X Build/MMB29P) AppleWebKit/537.36 (KHTML, like Gecko) Chrome/153.0.8010.36 Mobile Safari/537.36 (compatible; Googlebot/2.1; +http://www.google.com/bot.html)"
66.249.68.102 - - [17/Sep/2026:15:07:13 +0300] "GET /index.php/maistas-i-namus?sale/search/detail/?ITMCODE=5196686250 HTTP/1.1" 200 228952 "-" "Mozilla/5.0 (Linux; Android 6.0.1; Nexus 5X Build/MMB29P) AppleWebKit/537.36 (KHTML, like Gecko) Chrome/153.0.8010.36 Mobile Safari/537.36 (compatible; Googlebot/2.1; +http://www.google.com/bot.html)"
66.249.68.101 - - [17/Sep/2026:15:07:14 +0300] "GET /index.php/kontaktai?sale/search/detail/?ITMCODE=5195155713 HTTP/1.1" 200 204837 "-" "Mozilla/5.0 (Linux; Android 6.0.1; Nexus 5X Build/MMB29P) AppleWebKit/537.36 (KHTML, like Gecko) Chrome/153.0.8010.36 Mobile Safari/537.36 (compatible; Googlebot/2.1; +http://www.google.com/bot.html)"
66.249.68.101 - - [17/Sep/2026:15:07:14 +0300] "GET /index.php/dienos-pietus?shop/c/c51961001135/ HTTP/1.1" 200 124572 "-" "Mozilla/5.0 (Linux; Android 6.0.1; Nexus 5X Build/MMB29P) AppleWebKit/537.36 (KHTML, like Gecko) Chrome/153.0.8010.36 Mobile Safari/537.36 (compatible; Googlebot/2.1; +http://www.google.com/bot.html)"
66.249.68.97 - - [17/Sep/2026:15:07:13 +0300] "GET /index.php/maistas-i-namus?sale/search/detail/?ITMCODE=5195387841 HTTP/1.1" 200 217301 "-" "Mozilla/5.0 (Linux; Android 6.0.1; Nexus 5X Build/MMB29P) AppleWebKit/537.36 (KHTML, like Gecko) Chrome/153.0.8010.36 Mobile Safari/537.36 (compatible; Googlebot/2.1; +http://www.google.com/bot.html)"
