66.249.68.97 - - [17/Sep/2026:15:09:18 +0300] "GET /index.php/kontaktai?sale/search/detail/?ITMCODE=5196991625 HTTP/1.1" 200 208570 "-" "Mozilla/5.0 (Linux; Android 6.0.1; Nexus 5X Build/MMB29P) AppleWebKit/537.36 (KHTML, like Gecko) Chrome/153.0.8010.36 Mobile Safari/537.36 (compatible; Googlebot/2.1; +http://www.google.com/bot.html)"
66.249.68.99 - - [17/Sep/2026:15:09:17 +0300] "GET /index.php/meniu?sale/search/detail/?ITMCODE=52002735253 HTTP/1.1" 200 210971 "-" "Mozilla/5.0 (Linux; Android 6.0.1; Nexus 5X Build/MMB29P) AppleWebKit/537.36 (KHTML, like Gecko) Chrome/153.0.8010.36 Mobile Safari/537.36 (compatible; Googlebot/2.1; +http://www.google.com/bot.html)"
66.249.68.99 - - [17/Sep/2026:15:09:18 +0300] "GET /index.php/maistas-i-namus?sale/search/detail/?ITMCODE=51981587462 HTTP/1.1" 200 206116 "-" "Mozilla/5.0 (Linux; Android 6.0.1; Nexus 5X Build/MMB29P) AppleWebKit/537.36 (KHTML, like Gecko) Chrome/153.0.8010.36 Mobile Safari/537.36 (compatible; Googlebot/2.1; +http://www.google.com/bot.html)"
66.249.68.102 - - [17/Sep/2026:15:09:19 +0300] "GET /index.php/maistas-i-namus?sale/search/detail/?ITMCODE=51971389388 HTTP/1.1" 200 206788 "-" "Mozilla/5.0 (Linux; Android 6.0.1; Nexus 5X Build/MMB29P) AppleWebKit/537.36 (KHTML, like Gecko) Chrome/153.0.8010.36 Mobile Safari/537.36 (compatible; Googlebot/2.1; +http://www.google.com/bot.html)"
66.249.68.97 - - [17/Sep/2026:15:09:19 +0300] "GET /index.php/maistas-i-namus?sale/search/detail/?ITMCODE=51992458454 HTTP/1.1" 200 204317 "-" "Mozilla/5.0 (Linux; Android 6.0.1; Nexus 5X Build/MMB29P) AppleWebKit/537.36 (KHTML, like Gecko) Chrome/153.0.8010.36 Mobile Safari/537.36 (compatible; Googlebot/2.1; +http://www.google.com/bot.html)"
66.249.68.99 - - [17/Sep/2026:15:09:20 +0300] "GET /index.php/kontaktai?sale/search/detail/?ITMCODE=51981710770 HTTP/1.1" 200 201148 "-" "Mozilla/5.0 (Linux; Android 6.0.1; Nexus 5X Build/MMB29P) AppleWebKit/537.36 (KHTML, like Gecko) Chrome/153.0.8010.36 Mobile Safari/537.36 (compatible; Googlebot/2.1; +http://www.google.com/bot.html)"
66.249.68.97 - - [17/Sep/2026:15:09:20 +0300] "GET /index.php/kontaktai?shop/c/c52001001009/ HTTP/1.1" 200 125013 "-" "Mozilla/5.0 (Linux; Android 6.0.1; Nexus 5X Build/MMB29P) AppleWebKit/537.36 (KHTML, like Gecko) Chrome/153.0.8010.36 Mobile Safari/537.36 (compatible; Googlebot/2.1; +http://www.google.com/bot.html)"
66.249.68.102 - - [17/Sep/2026:15:09:20 +0300] "GET /index.php/maistas-i-namus?sale/search/detail/?ITMCODE=5195430575 HTTP/1.1" 200 204785 "-" "Mozilla/5.0 (Linux; Android 6.0.1; Nexus 5X Build/MMB29P) AppleWebKit/537.36 (KHTML, like Gecko) Chrome/153.0.8010.36 Mobile Safari/537.36 (compatible; Googlebot/2.1; +http://www.google.com/bot.html)"
66.249.68.102 - - [17/Sep/2026:15:09:20 +0300] "GET /index.php/meniu?sale/search/detail/?ITMCODE=52002626883 HTTP/1.1" 200 200256 "-" "Mozilla/5.0 (Linux; Android 6.0.1; Nexus 5X Build/MMB29P) AppleWebKit/537.36 (KHTML, like Gecko) Chrome/153.0.8010.36 Mobile Safari/537.36 (compatible; Googlebot/2.1; +http://www.google.com/bot.html)"
66.249.68.99 - - [17/Sep/2026:15:09:21 +0300] "GET /index.php/meniu?sale/search/detail/?ITMCODE=5195169441 HTTP/1.1" 200 201267 "-" "Mozilla/5.0 (Linux; Android 6.0.1; Nexus 5X Build/MMB29P) AppleWebKit/537.36 (KHTML, like Gecko) Chrome/153.0.8010.36 Mobile Safari/537.36 (compatible; Googlebot/2.1; +http://www.google.com/bot.html)"
66.249.68.97 - - [17/Sep/2026:15:09:21 +0300] "GET /index.php/maistas-i-namus?sale/search/detail/?ITMCODE=51992133527 HTTP/1.1" 200 202246 "-" "Mozilla/5.0 (Linux; Android 6.0.1; Nexus 5X Build/MMB29P) AppleWebKit/537.36 (KHTML, like Gecko) Chrome/153.0.8010.36 Mobile Safari/537.36 (compatible; Googlebot/2.1; +http://www.google.com/bot.html)"
66.249.68.97 - - [17/Sep/2026:15:09:21 +0300] "GET /index.php/kontaktai?sale/search/detail/?ITMCODE=51992484957 HTTP/1.1" 200 211272 "-" "Mozilla/5.0 (Linux; Android 6.0.1; Nexus 5X Build/MMB29P) AppleWebKit/537.36 (KHTML, like Gecko) Chrome/153.0.8010.36 Mobile Safari/537.36 (compatible; Googlebot/2.1; +http://www.google.com/bot.html)"
66.249.68.98 - - [17/Sep/2026:15:09:22 +0300] "GET /index.php/maistas-i-namus?sale/search/detail/?ITMCODE=51992485019 HTTP/1.1" 200 209584 "-" "Mozilla/5.0 (Linux; Android 6.0.1; Nexus 5X Build/MMB29P) AppleWebKit/537.36 (KHTML, like Gecko) Chrome/153.0.8010.36 Mobile Safari/537.36 (compatible; Googlebot/2.1; +http://www.google.com/bot.html)"
66.249.68.97 - - [17/Sep/2026:15:09:22 +0300] "GET /index.php/kontaktai?sale/search/detail/?ITMCODE=52002603396 HTTP/1.1" 200 199037 "-" "Mozilla/5.0 (Linux; Android 6.0.1; Nexus 5X Build/MMB29P) AppleWebKit/537.36 (KHTML, like Gecko) Chrome/153.0.8010.36 Mobile Safari/537.36 (compatible; Googlebot/2.1; +http://www.google.com/bot.html)"
66.249.68.104 - - [17/Sep/2026:15:09:22 +0300] "GET /index.php/kontaktai?sale/search/detail/?ITMCODE=5196773848 HTTP/1.1" 200 229673 "-" "Mozilla/5.0 (Linux; Android 6.0.1; Nexus 5X Build/MMB29P) AppleWebKit/537.36 (KHTML, like Gecko) Chrome/153.0.8010.36 Mobile Safari/537.36 (compatible; Googlebot/2.1; +http://www.google.com/bot.html)"
66.249.68.103 - - [17/Sep/2026:15:09:22 +0300] "GET /index.php/kontaktai?sale/search/detail/?ITMCODE=51971086562 HTTP/1.1" 200 201076 "-" "Mozilla/5.0 (Linux; Android 6.0.1; Nexus 5X Build/MMB29P) AppleWebKit/537.36 (KHTML, like Gecko) Chrome/153.0.8010.36 Mobile Safari/537.36 (compatible; Googlebot/2.1; +http://www.google.com/bot.html)"
66.249.68.97 - - [17/Sep/2026:15:09:23 +0300] "GET /index.php/meniu?sale/search/detail/?ITMCODE=51971453895 HTTP/1.1" 200 200194 "-" "Mozilla/5.0 (Linux; Android 6.0.1; Nexus 5X Build/MMB29P) AppleWebKit/537.36 (KHTML, like Gecko) Chrome/153.0.8010.36 Mobile Safari/537.36 (compatible; Googlebot/2.1; +http://www.google.com/bot.html)"
66.249.68.105 - - [17/Sep/2026:15:09:23 +0300] "GET /shop/pg/5196841028 HTTP/1.1" 200 193134 "-" "Mozilla/5.0 (Linux; Android 6.0.1; Nexus 5X Build/MMB29P) AppleWebKit/537.36 (KHTML, like Gecko) Chrome/153.0.8010.36 Mobile Safari/537.36 (compatible; Googlebot/2.1; +http://www.google.com/bot.html)"
185.191.171.9 - - [17/Sep/2026:15:09:24 +0300] "GET /?sale%2Fsearch%2Fdetail%2F%3FITMCODE=519612548743 HTTP/1.1" 200 11123 "-" "Mozilla/5.0 (compatible; SemrushBot/7~bl; +http://www.semrush.com/bot.html)"
66.249.68.105 - - [17/Sep/2026:15:09:24 +0300] "GET /index.php/maistas-i-namus?sale/search/detail/?ITMCODE=5195290697 HTTP/1.1" 200 209344 "-" "Mozilla/5.0 (Linux; Android 6.0.1; Nexus 5X Build/MMB29P) AppleWebKit/537.36 (KHTML, like Gecko) Chrome/153.0.8010.36 Mobile Safari/537.36 (compatible; Googlebot/2.1; +http://www.google.com/bot.html)"
66.249.68.98 - - [17/Sep/2026:15:09:24 +0300] "GET /index.php/kontaktai?sale/search/detail/?ITMCODE=5195359095 HTTP/1.1" 200 218894 "-" "Mozilla/5.0 (Linux; Android 6.0.1; Nexus 5X Build/MMB29P) AppleWebKit/537.36 (KHTML, like Gecko) Chrome/153.0.8010.36 Mobile Safari/537.36 (compatible; Googlebot/2.1; +http://www.google.com/bot.html)"
66.249.68.101 - - [17/Sep/2026:15:09:24 +0300] "GET /index.php/maistas-i-namus?sale/search/detail/?ITMCODE=51992486343 HTTP/1.1" 200 213580 "-" "Mozilla/5.0 (Linux; Android 6.0.1; Nexus 5X Build/MMB29P) AppleWebKit/537.36 (KHTML, like Gecko) Chrome/153.0.8010.36 Mobile Safari/537.36 (compatible; Googlebot/2.1; +http://www.google.com/bot.html)"
66.249.68.101 - - [17/Sep/2026:15:09:24 +0300] "GET /index.php/kontaktai?sale/search/detail/?ITMCODE=5196878433 HTTP/1.1" 200 207629 "-" "Mozilla/5.0 (Linux; Android 6.0.1; Nexus 5X Build/MMB29P) AppleWebKit/537.36 (KHTML, like Gecko) Chrome/153.0.8010.36 Mobile Safari/537.36 (compatible; Googlebot/2.1; +http://www.google.com/bot.html)"
66.249.68.96 - - [17/Sep/2026:15:09:25 +0300] "GET /index.php/maistas-i-namus?sale/search/detail/?ITMCODE=5195437204 HTTP/1.1" 200 208767 "-" "Mozilla/5.0 (Linux; Android 6.0.1; Nexus 5X Build/MMB29P) AppleWebKit/537.36 (KHTML, like Gecko) Chrome/153.0.8010.36 Mobile Safari/537.36 (compatible; Googlebot/2.1; +http://www.google.com/bot.html)"
66.249.68.97 - - [17/Sep/2026:15:09:26 +0300] "GET /shop/pg/5196926449 HTTP/1.1" 200 207196 "-" "Mozilla/5.0 (Linux; Android 6.0.1; Nexus 5X Build/MMB29P) AppleWebKit/537.36 (KHTML, like Gecko) Chrome/153.0.8010.36 Mobile Safari/537.36 (compatible; Googlebot/2.1; +http://www.google.com/bot.html)"
85.208.96.206 - - [17/Sep/2026:15:09:26 +0300] "GET /?sale%2Fsearch%2Fdetail%2F%3FITMCODE=519512089325 HTTP/1.1" 200 11123 "-" "Mozilla/5.0 (compatible; SemrushBot/7~bl; +http://www.semrush.com/bot.html)"
66.249.68.103 - - [17/Sep/2026:15:09:26 +0300] "GET /index.php/meniu?sale/search/detail/?ITMCODE=51981944476 HTTP/1.1" 200 215806 "-" "Mozilla/5.0 (Linux; Android 6.0.1; Nexus 5X Build/MMB29P) AppleWebKit/537.36 (KHTML, like Gecko) Chrome/153.0.8010.36 Mobile Safari/537.36 (compatible; Googlebot/2.1; +http://www.google.com/bot.html)"
66.249.68.96 - - [17/Sep/2026:15:09:26 +0300] "GET /index.php/maistas-i-namus?sale/search/detail/?ITMCODE=51981918907 HTTP/1.1" 200 206063 "-" "Mozilla/5.0 (Linux; Android 6.0.1; Nexus 5X Build/MMB29P) AppleWebKit/537.36 (KHTML, like Gecko) Chrome/153.0.8010.36 Mobile Safari/537.36 (compatible; Googlebot/2.1; +http://www.google.com/bot.html)"
66.249.68.103 - - [17/Sep/2026:15:09:26 +0300] "GET /index.php/kontaktai?sale/search/detail/?ITMCODE=51981874082 HTTP/1.1" 200 216527 "-" "Mozilla/5.0 (Linux; Android 6.0.1; Nexus 5X Build/MMB29P) AppleWebKit/537.36 (KHTML, like Gecko) Chrome/153.0.8010.36 Mobile Safari/537.36 (compatible; Googlebot/2.1; +http://www.google.com/bot.html)"
66.249.68.104 - - [17/Sep/2026:15:09:27 +0300] "GET /index.php/maistas-i-namus?sale/search/detail/?ITMCODE=5196654636 HTTP/1.1" 200 202339 "-" "Mozilla/5.0 (Linux; Android 6.0.1; Nexus 5X Build/MMB29P) AppleWebKit/537.36 (KHTML, like Gecko) Chrome/153.0.8010.36 Mobile Safari/537.36 (compatible; Googlebot/2.1; +http://www.google.com/bot.html)"
66.249.68.100 - - [17/Sep/2026:15:09:27 +0300] "GET /index.php/maistas-i-namus?sale/search/detail/?ITMCODE=51981677378 HTTP/1.1" 200 207468 "-" "Mozilla/5.0 (Linux; Android 6.0.1; Nexus 5X Build/MMB29P) AppleWebKit/537.36 (KHTML, like Gecko) Chrome/153.0.8010.36 Mobile Safari/537.36 (compatible; Googlebot/2.1; +http://www.google.com/bot.html)"
66.249.68.97 - - [17/Sep/2026:15:09:28 +0300] "GET /index.php/meniu?sale/search/detail/?ITMCODE=51981604038 HTTP/1.1" 200 201386 "-" "Mozilla/5.0 (Linux; Android 6.0.1; Nexus 5X Build/MMB29P) AppleWebKit/537.36 (KHTML, like Gecko) Chrome/153.0.8010.36 Mobile Safari/537.36 (compatible; Googlebot/2.1; +http://www.google.com/bot.html)"
66.249.68.96 - - [17/Sep/2026:15:09:28 +0300] "GET /index.php/kontaktai?sale/search/detail/?ITMCODE=51992167333 HTTP/1.1" 200 204002 "-" "Mozilla/5.0 (Linux; Android 6.0.1; Nexus 5X Build/MMB29P) AppleWebKit/537.36 (KHTML, like Gecko) Chrome/153.0.8010.36 Mobile Safari/537.36 (compatible; Googlebot/2.1; +http://www.google.com/bot.html)"
66.249.68.103 - - [17/Sep/2026:15:09:28 +0300] "GET /index.php/kontaktai?sale/search/detail/?ITMCODE=51981701713 HTTP/1.1" 200 201528 "-" "Mozilla/5.0 (Linux; Android 6.0.1; Nexus 5X Build/MMB29P) AppleWebKit/537.36 (KHTML, like Gecko) Chrome/153.0.8010.36 Mobile Safari/537.36 (compatible; Googlebot/2.1; +http://www.google.com/bot.html)"
66.249.68.97 - - [17/Sep/2026:15:09:28 +0300] "GET /index.php/kontaktai?sale/search/detail/?ITMCODE=51971439077 HTTP/1.1" 200 219843 "-" "Mozilla/5.0 (Linux; Android 6.0.1; Nexus 5X Build/MMB29P) AppleWebKit/537.36 (KHTML, like Gecko) Chrome/153.0.8010.36 Mobile Safari/537.36 (compatible; Googlebot/2.1; +http://www.google.com/bot.html)"
66.249.68.97 - - [17/Sep/2026:15:09:28 +0300] "GET /index.php/maistas-i-namus?sale/search/detail/?ITMCODE=5196599179 HTTP/1.1" 200 225638 "-" "Mozilla/5.0 (Linux; Android 6.0.1; Nexus 5X Build/MMB29P) AppleWebKit/537.36 (KHTML, like Gecko) Chrome/153.0.8010.36 Mobile Safari/537.36 (compatible; Googlebot/2.1; +http://www.google.com/bot.html)"
66.249.68.97 - - [17/Sep/2026:15:09:28 +0300] "GET /shop/pg/2804886 HTTP/1.1" 200 196052 "-" "Mozilla/5.0 (Linux; Android 6.0.1; Nexus 5X Build/MMB29P) AppleWebKit/537.36 (KHTML, like Gecko) Chrome/153.0.8010.36 Mobile Safari/537.36 (compatible; Googlebot/2.1; +http://www.google.com/bot.html)"
66.249.68.105 - - [17/Sep/2026:15:09:28 +0300] "GET /index.php/meniu?sale/search/detail/?ITMCODE=5196834329 HTTP/1.1" 200 214153 "-" "Mozilla/5.0 (Linux; Android 6.0.1; Nexus 5X Build/MMB29P) AppleWebKit/537.36 (KHTML, like Gecko) Chrome/153.0.8010.36 Mobile Safari/537.36 (compatible; Googlebot/2.1; +http://www.google.com/bot.html)"
66.249.68.97 - - [17/Sep/2026:15:09:29 +0300] "GET /index.php/maistas-i-namus?sale/search/detail/?ITMCODE=5195257309 HTTP/1.1" 200 200561 "-" "Mozilla/5.0 (Linux; Android 6.0.1; Nexus 5X Build/MMB29P) AppleWebKit/537.36 (KHTML, like Gecko) Chrome/153.0.8010.36 Mobile Safari/537.36 (compatible; Googlebot/2.1; +http://www.google.com/bot.html)"
66.249.68.103 - - [17/Sep/2026:15:09:29 +0300] "GET /index.php/kontaktai?sale/search/detail/?ITMCODE=52002714925 HTTP/1.1" 200 199696 "-" "Mozilla/5.0 (Linux; Android 6.0.1; Nexus 5X Build/MMB29P) AppleWebKit/537.36 (KHTML, like Gecko) Chrome/153.0.8010.36 Mobile Safari/537.36 (compatible; Googlebot/2.1; +http://www.google.com/bot.html)"
66.249.68.105 - - [17/Sep/2026:15:09:30 +0300] "GET /index.php/maistas-i-namus?sale/search/detail/?ITMCODE=52002691426 HTTP/1.1" 200 204487 "-" "Mozilla/5.0 (Linux; Android 6.0.1; Nexus 5X Build/MMB29P) AppleWebKit/537.36 (KHTML, like Gecko) Chrome/153.0.8010.36 Mobile Safari/537.36 (compatible; Googlebot/2.1; +http://www.google.com/bot.html)"
66.249.68.105 - - [17/Sep/2026:15:09:30 +0300] "GET /index.php/dienos-pietus?shop/c/c51971001874/ HTTP/1.1" 200 237361 "-" "Mozilla/5.0 (Linux; Android 6.0.1; Nexus 5X Build/MMB29P) AppleWebKit/537.36 (KHTML, like Gecko) Chrome/153.0.8010.36 Mobile Safari/537.36 (compatible; Googlebot/2.1; +http://www.google.com/bot.html)"
66.249.68.103 - - [17/Sep/2026:15:09:30 +0300] "GET /index.php/kontaktai?sale/search/detail/?ITMCODE=52002557941 HTTP/1.1" 200 223200 "-" "Mozilla/5.0 (Linux; Android 6.0.1; Nexus 5X Build/MMB29P) AppleWebKit/537.36 (KHTML, like Gecko) Chrome/153.0.8010.36 Mobile Safari/537.36 (compatible; Googlebot/2.1; +http://www.google.com/bot.html)"
66.249.68.102 - - [17/Sep/2026:15:09:30 +0300] "GET /index.php/meniu?sale/search/detail/?ITMCODE=51971373862 HTTP/1.1" 200 197655 "-" "Mozilla/5.0 (Linux; Android 6.0.1; Nexus 5X Build/MMB29P) AppleWebKit/537.36 (KHTML, like Gecko) Chrome/153.0.8010.36 Mobile Safari/537.36 (compatible; Googlebot/2.1; +http://www.google.com/bot.html)"
66.249.68.100 - - [17/Sep/2026:15:09:31 +0300] "GET /index.php/meniu?sale/search/detail/?ITMCODE=51981564476 HTTP/1.1" 200 202501 "-" "Mozilla/5.0 (Linux; Android 6.0.1; Nexus 5X Build/MMB29P) AppleWebKit/537.36 (KHTML, like Gecko) Chrome/153.0.8010.36 Mobile Safari/537.36 (compatible; Googlebot/2.1; +http://www.google.com/bot.html)"
66.249.68.103 - - [17/Sep/2026:15:09:31 +0300] "GET /index.php/meniu?sale/search/detail/?ITMCODE=519521036 HTTP/1.1" 200 205797 "-" "Mozilla/5.0 (Linux; Android 6.0.1; Nexus 5X Build/MMB29P) AppleWebKit/537.36 (KHTML, like Gecko) Chrome/153.0.8010.36 Mobile Safari/537.36 (compatible; Googlebot/2.1; +http://www.google.com/bot.html)"
66.249.68.103 - - [17/Sep/2026:15:09:31 +0300] "GET /index.php/meniu?sale/search/detail/?ITMCODE=5196884051 HTTP/1.1" 200 202960 "-" "Mozilla/5.0 (Linux; Android 6.0.1; Nexus 5X Build/MMB29P) AppleWebKit/537.36 (KHTML, like Gecko) Chrome/153.0.8010.36 Mobile Safari/537.36 (compatible; Googlebot/2.1; +http://www.google.com/bot.html)"
66.249.68.102 - - [17/Sep/2026:15:09:32 +0300] "GET /index.php/maistas-i-namus?sale/search/detail/?ITMCODE=51981673646 HTTP/1.1" 200 211530 "-" "Mozilla/5.0 (Linux; Android 6.0.1; Nexus 5X Build/MMB29P) AppleWebKit/537.36 (KHTML, like Gecko) Chrome/153.0.8010.36 Mobile Safari/537.36 (compatible; Googlebot/2.1; +http://www.google.com/bot.html)"
66.249.68.103 - - [17/Sep/2026:15:09:32 +0300] "GET /index.php/maistas-i-namus?sale/search/detail/?ITMCODE=51992249778 HTTP/1.1" 200 207594 "-" "Mozilla/5.0 (Linux; Android 6.0.1; Nexus 5X Build/MMB29P) AppleWebKit/537.36 (KHTML, like Gecko) Chrome/153.0.8010.36 Mobile Safari/537.36 (compatible; Googlebot/2.1; +http://www.google.com/bot.html)"
66.249.68.103 - - [17/Sep/2026:15:09:32 +0300] "GET /index.php/kontaktai?sale/search/detail/?ITMCODE=51971268726 HTTP/1.1" 200 209393 "-" "Mozilla/5.0 (Linux; Android 6.0.1; Nexus 5X Build/MMB29P) AppleWebKit/537.36 (KHTML, like Gecko) Chrome/153.0.8010.36 Mobile Safari/537.36 (compatible; Googlebot/2.1; +http://www.google.com/bot.html)"
66.249.68.100 - - [17/Sep/2026:15:09:32 +0300] "GET /index.php/kontaktai?sale/search/detail/?ITMCODE=5195289547 HTTP/1.1" 200 207215 "-" "Mozilla/5.0 (Linux; Android 6.0.1; Nexus 5X Build/MMB29P) AppleWebKit/537.36 (KHTML, like Gecko) Chrome/153.0.8010.36 Mobile Safari/537.36 (compatible; Googlebot/2.1; +http://www.google.com/bot.html)"
66.249.68.99 - - [17/Sep/2026:15:09:33 +0300] "GET /index.php/maistas-i-namus?sale/search/detail/?ITMCODE=519561753 HTTP/1.1" 200 208429 "-" "Mozilla/5.0 (Linux; Android 6.0.1; Nexus 5X Build/MMB29P) AppleWebKit/537.36 (KHTML, like Gecko) Chrome/153.0.8010.36 Mobile Safari/537.36 (compatible; Googlebot/2.1; +http://www.google.com/bot.html)"
66.249.68.104 - - [17/Sep/2026:15:09:34 +0300] "GET /index.php/kontaktai?sale/search/detail/?ITMCODE=5196792756 HTTP/1.1" 200 230434 "-" "Mozilla/5.0 (Linux; Android 6.0.1; Nexus 5X Build/MMB29P) AppleWebKit/537.36 (KHTML, like Gecko) Chrome/153.0.8010.36 Mobile Safari/537.36 (compatible; Googlebot/2.1; +http://www.google.com/bot.html)"
66.249.68.105 - - [17/Sep/2026:15:09:34 +0300] "GET /index.php/kontaktai?sale/search/detail/?ITMCODE=51971070108 HTTP/1.1" 200 209724 "-" "Mozilla/5.0 (Linux; Android 6.0.1; Nexus 5X Build/MMB29P) AppleWebKit/537.36 (KHTML, like Gecko) Chrome/153.0.8010.36 Mobile Safari/537.36 (compatible; Googlebot/2.1; +http://www.google.com/bot.html)"
66.249.68.104 - - [17/Sep/2026:15:09:34 +0300] "GET /index.php/maistas-i-namus?sale/search/detail/?ITMCODE=51971302623 HTTP/1.1" 200 205049 "-" "Mozilla/5.0 (Linux; Android 6.0.1; Nexus 5X Build/MMB29P) AppleWebKit/537.36 (KHTML, like Gecko) Chrome/153.0.8010.36 Mobile Safari/537.36 (compatible; Googlebot/2.1; +http://www.google.com/bot.html)"
66.249.68.105 - - [17/Sep/2026:15:09:34 +0300] "GET /index.php/kontaktai?sale/search/detail/?ITMCODE=52002733896 HTTP/1.1" 200 198551 "-" "Mozilla/5.0 (Linux; Android 6.0.1; Nexus 5X Build/MMB29P) AppleWebKit/537.36 (KHTML, like Gecko) Chrome/153.0.8010.36 Mobile Safari/537.36 (compatible; Googlebot/2.1; +http://www.google.com/bot.html)"
66.249.68.97 - - [17/Sep/2026:15:09:34 +0300] "GET /index.php/maistas-i-namus?shop/c/c51991000276/ HTTP/1.1" 200 270792 "-" "Mozilla/5.0 (Linux; Android 6.0.1; Nexus 5X Build/MMB29P) AppleWebKit/537.36 (KHTML, like Gecko) Chrome/153.0.8010.36 Mobile Safari/537.36 (compatible; Googlebot/2.1; +http://www.google.com/bot.html)"
66.249.68.102 - - [17/Sep/2026:15:09:35 +0300] "GET /index.php/kontaktai?sale/search/detail/?ITMCODE=51992204826 HTTP/1.1" 200 204099 "-" "Mozilla/5.0 (Linux; Android 6.0.1; Nexus 5X Build/MMB29P) AppleWebKit/537.36 (KHTML, like Gecko) Chrome/153.0.8010.36 Mobile Safari/537.36 (compatible; Googlebot/2.1; +http://www.google.com/bot.html)"
66.249.68.97 - - [17/Sep/2026:15:09:34 +0300] "GET /index.php/meniu?sale/search/detail/?ITMCODE=5196854826 HTTP/1.1" 200 213592 "-" "Mozilla/5.0 (Linux; Android 6.0.1; Nexus 5X Build/MMB29P) AppleWebKit/537.36 (KHTML, like Gecko) Chrome/153.0.8010.36 Mobile Safari/537.36 (compatible; Googlebot/2.1; +http://www.google.com/bot.html)"
66.249.68.103 - - [17/Sep/2026:15:09:35 +0300] "GET /index.php/maistas-i-namus?sale/search/detail/?ITMCODE=51971074401 HTTP/1.1" 200 207259 "-" "Mozilla/5.0 (Linux; Android 6.0.1; Nexus 5X Build/MMB29P) AppleWebKit/537.36 (KHTML, like Gecko) Chrome/153.0.8010.36 Mobile Safari/537.36 (compatible; Googlebot/2.1; +http://www.google.com/bot.html)"
66.249.68.97 - - [17/Sep/2026:15:09:35 +0300] "GET /index.php/maistas-i-namus?sale/search/detail/?ITMCODE=5195151458 HTTP/1.1" 200 203392 "-" "Mozilla/5.0 (Linux; Android 6.0.1; Nexus 5X Build/MMB29P) AppleWebKit/537.36 (KHTML, like Gecko) Chrome/153.0.8010.36 Mobile Safari/537.36 (compatible; Googlebot/2.1; +http://www.google.com/bot.html)"
66.249.68.97 - - [17/Sep/2026:15:09:36 +0300] "GET /index.php/meniu?sale/search/detail/?ITMCODE=51971002332 HTTP/1.1" 200 213639 "-" "Mozilla/5.0 (Linux; Android 6.0.1; Nexus 5X Build/MMB29P) AppleWebKit/537.36 (KHTML, like Gecko) Chrome/153.0.8010.36 Mobile Safari/537.36 (compatible; Googlebot/2.1; +http://www.google.com/bot.html)"
66.249.68.99 - - [17/Sep/2026:15:09:36 +0300] "GET /index.php/kontaktai?sale/search/detail/?ITMCODE=52002949174 HTTP/1.1" 200 203987 "-" "Mozilla/5.0 (Linux; Android 6.0.1; Nexus 5X Build/MMB29P) AppleWebKit/537.36 (KHTML, like Gecko) Chrome/153.0.8010.36 Mobile Safari/537.36 (compatible; Googlebot/2.1; +http://www.google.com/bot.html)"
66.249.68.100 - - [17/Sep/2026:15:09:36 +0300] "GET /shop/pg/51971195827 HTTP/1.1" 200 201625 "-" "Mozilla/5.0 (Linux; Android 6.0.1; Nexus 5X Build/MMB29P) AppleWebKit/537.36 (KHTML, like Gecko) Chrome/153.0.8010.36 Mobile Safari/537.36 (compatible; Googlebot/2.1; +http://www.google.com/bot.html)"
66.249.68.100 - - [17/Sep/2026:15:09:37 +0300] "GET /index.php/meniu?sale/search/detail/?ITMCODE=51971345610 HTTP/1.1" 200 211259 "-" "Mozilla/5.0 (Linux; Android 6.0.1; Nexus 5X Build/MMB29P) AppleWebKit/537.36 (KHTML, like Gecko) Chrome/153.0.8010.36 Mobile Safari/537.36 (compatible; Googlebot/2.1; +http://www.google.com/bot.html)"
66.249.68.100 - - [17/Sep/2026:15:09:37 +0300] "GET /index.php/maistas-i-namus?sale/search/detail/?ITMCODE=51971032488 HTTP/1.1" 200 203238 "-" "Mozilla/5.0 (Linux; Android 6.0.1; Nexus 5X Build/MMB29P) AppleWebKit/537.36 (KHTML, like Gecko) Chrome/153.0.8010.36 Mobile Safari/537.36 (compatible; Googlebot/2.1; +http://www.google.com/bot.html)"
66.249.68.97 - - [17/Sep/2026:15:09:38 +0300] "GET /index.php/meniu?sale/search/detail/?ITMCODE=5195192949 HTTP/1.1" 200 217232 "-" "Mozilla/5.0 (Linux; Android 6.0.1; Nexus 5X Build/MMB29P) AppleWebKit/537.36 (KHTML, like Gecko) Chrome/153.0.8010.36 Mobile Safari/537.36 (compatible; Googlebot/2.1; +http://www.google.com/bot.html)"
66.249.68.103 - - [17/Sep/2026:15:09:38 +0300] "GET /index.php/maistas-i-namus?sale/search/detail/?ITMCODE=5196642273 HTTP/1.1" 200 221952 "-" "Mozilla/5.0 (Linux; Android 6.0.1; Nexus 5X Build/MMB29P) AppleWebKit/537.36 (KHTML, like Gecko) Chrome/153.0.8010.36 Mobile Safari/537.36 (compatible; Googlebot/2.1; +http://www.google.com/bot.html)"
66.249.68.99 - - [17/Sep/2026:15:09:38 +0300] "GET /shop/pg/51971470446 HTTP/1.1" 200 208135 "-" "Mozilla/5.0 (Linux; Android 6.0.1; Nexus 5X Build/MMB29P) AppleWebKit/537.36 (KHTML, like Gecko) Chrome/153.0.8010.36 Mobile Safari/537.36 (compatible; Googlebot/2.1; +http://www.google.com/bot.html)"
66.249.68.98 - - [17/Sep/2026:15:09:38 +0300] "GET /index.php/kontaktai?sale/search/detail/?ITMCODE=51971340406 HTTP/1.1" 200 198322 "-" "Mozilla/5.0 (Linux; Android 6.0.1; Nexus 5X Build/MMB29P) AppleWebKit/537.36 (KHTML, like Gecko) Chrome/153.0.8010.36 Mobile Safari/537.36 (compatible; Googlebot/2.1; +http://www.google.com/bot.html)"
66.249.68.99 - - [17/Sep/2026:15:09:39 +0300] "GET /index.php/meniu?sale/search/detail/?ITMCODE=5196887433 HTTP/1.1" 200 200777 "-" "Mozilla/5.0 (Linux; Android 6.0.1; Nexus 5X Build/MMB29P) AppleWebKit/537.36 (KHTML, like Gecko) Chrome/153.0.8010.36 Mobile Safari/537.36 (compatible; Googlebot/2.1; +http://www.google.com/bot.html)"
66.249.68.99 - - [17/Sep/2026:15:09:39 +0300] "GET /index.php/meniu?sale/search/detail/?ITMCODE=51971443165 HTTP/1.1" 200 199956 "-" "Mozilla/5.0 (Linux; Android 6.0.1; Nexus 5X Build/MMB29P) AppleWebKit/537.36 (KHTML, like Gecko) Chrome/153.0.8010.36 Mobile Safari/537.36 (compatible; Googlebot/2.1; +http://www.google.com/bot.html)"
66.249.68.97 - - [17/Sep/2026:15:09:40 +0300] "GET /index.php/kontaktai?sale/search/detail/?ITMCODE=5195167813 HTTP/1.1" 200 209215 "-" "Mozilla/5.0 (Linux; Android 6.0.1; Nexus 5X Build/MMB29P) AppleWebKit/537.36 (KHTML, like Gecko) Chrome/153.0.8010.36 Mobile Safari/537.36 (compatible; Googlebot/2.1; +http://www.google.com/bot.html)"
66.249.68.104 - - [17/Sep/2026:15:09:40 +0300] "GET /index.php/maistas-i-namus?sale/search/detail/?ITMCODE=5195417818 HTTP/1.1" 200 227887 "-" "Mozilla/5.0 (Linux; Android 6.0.1; Nexus 5X Build/MMB29P) AppleWebKit/537.36 (KHTML, like Gecko) Chrome/153.0.8010.36 Mobile Safari/537.36 (compatible; Googlebot/2.1; +http://www.google.com/bot.html)"
66.249.68.97 - - [17/Sep/2026:15:09:40 +0300] "GET /index.php/maistas-i-namus?sale/search/detail/?ITMCODE=51992440421 HTTP/1.1" 200 200952 "-" "Mozilla/5.0 (Linux; Android 6.0.1; Nexus 5X Build/MMB29P) AppleWebKit/537.36 (KHTML, like Gecko) Chrome/153.0.8010.36 Mobile Safari/537.36 (compatible; Googlebot/2.1; +http://www.google.com/bot.html)"
66.249.68.102 - - [17/Sep/2026:15:09:40 +0300] "GET /index.php/maistas-i-namus?sale/search/detail/?ITMCODE=519571929 HTTP/1.1" 200 205205 "-" "Mozilla/5.0 (Linux; Android 6.0.1; Nexus 5X Build/MMB29P) AppleWebKit/537.36 (KHTML, like Gecko) Chrome/153.0.8010.36 Mobile Safari/537.36 (compatible; Googlebot/2.1; +http://www.google.com/bot.html)"
66.249.68.102 - - [17/Sep/2026:15:09:41 +0300] "GET /index.php/meniu?sale/search/detail/?ITMCODE=51981913364 HTTP/1.1" 200 200444 "-" "Mozilla/5.0 (Linux; Android 6.0.1; Nexus 5X Build/MMB29P) AppleWebKit/537.36 (KHTML, like Gecko) Chrome/153.0.8010.36 Mobile Safari/537.36 (compatible; Googlebot/2.1; +http://www.google.com/bot.html)"
66.249.68.97 - - [17/Sep/2026:15:09:41 +0300] "GET /index.php/kontaktai?sale/search/detail/?ITMCODE=51981893923 HTTP/1.1" 200 206426 "-" "Mozilla/5.0 (Linux; Android 6.0.1; Nexus 5X Build/MMB29P) AppleWebKit/537.36 (KHTML, like Gecko) Chrome/153.0.8010.36 Mobile Safari/537.36 (compatible; Googlebot/2.1; +http://www.google.com/bot.html)"
66.249.68.96 - - [17/Sep/2026:15:09:42 +0300] "GET /index.php/dienos-pietus?sale/search/detail/?ITMCODE=5196575766 HTTP/1.1" 200 202802 "-" "Mozilla/5.0 (Linux; Android 6.0.1; Nexus 5X Build/MMB29P) AppleWebKit/537.36 (KHTML, like Gecko) Chrome/153.0.8010.36 Mobile Safari/537.36 (compatible; Googlebot/2.1; +http://www.google.com/bot.html)"
66.249.68.102 - - [17/Sep/2026:15:09:42 +0300] "GET /index.php/meniu?sale/search/detail/?ITMCODE=5195275101 HTTP/1.1" 200 216795 "-" "Mozilla/5.0 (Linux; Android 6.0.1; Nexus 5X Build/MMB29P) AppleWebKit/537.36 (KHTML, like Gecko) Chrome/153.0.8010.36 Mobile Safari/537.36 (compatible; Googlebot/2.1; +http://www.google.com/bot.html)"
13.83.167.134 - - [17/Sep/2026:15:09:43 +0300] "GET /index.php/kontaktai?sale/search/detail/?ITMCODE=5196828325 HTTP/2.0" 200 7931 "-" "Mozilla/5.0 AppleWebKit/537.36 (KHTML, like Gecko); compatible; ChatGPT-User/1.0; +https://openai.com/bot"
66.249.68.99 - - [17/Sep/2026:15:09:43 +0300] "GET /index.php/kontaktai?sale/search/detail/?ITMCODE=51992413311 HTTP/1.1" 200 202303 "-" "Mozilla/5.0 (Linux; Android 6.0.1; Nexus 5X Build/MMB29P) AppleWebKit/537.36 (KHTML, like Gecko) Chrome/153.0.8010.36 Mobile Safari/537.36 (compatible; Googlebot/2.1; +http://www.google.com/bot.html)"
66.249.68.101 - - [17/Sep/2026:15:09:42 +0300] "GET /index.php/kontaktai?sale/search/detail/?ITMCODE=5196958815 HTTP/1.1" 200 206042 "-" "Mozilla/5.0 (Linux; Android 6.0.1; Nexus 5X Build/MMB29P) AppleWebKit/537.36 (KHTML, like Gecko) Chrome/153.0.8010.36 Mobile Safari/537.36 (compatible; Googlebot/2.1; +http://www.google.com/bot.html)"
66.249.68.96 - - [17/Sep/2026:15:09:43 +0300] "GET /index.php/kontaktai?sale/search/detail/?ITMCODE=5196505576 HTTP/1.1" 200 210571 "-" "Mozilla/5.0 (Linux; Android 6.0.1; Nexus 5X Build/MMB29P) AppleWebKit/537.36 (KHTML, like Gecko) Chrome/153.0.8010.36 Mobile Safari/537.36 (compatible; Googlebot/2.1; +http://www.google.com/bot.html)"
66.249.68.104 - - [17/Sep/2026:15:09:43 +0300] "GET /index.php/maistas-i-namus?sale/search/detail/?ITMCODE=51971305345 HTTP/1.1" 200 229448 "-" "Mozilla/5.0 (Linux; Android 6.0.1; Nexus 5X Build/MMB29P) AppleWebKit/537.36 (KHTML, like Gecko) Chrome/153.0.8010.36 Mobile Safari/537.36 (compatible; Googlebot/2.1; +http://www.google.com/bot.html)"
66.249.68.101 - - [17/Sep/2026:15:09:44 +0300] "GET /index.php/maistas-i-namus?sale/search/detail/?ITMCODE=51981924965 HTTP/1.1" 200 202719 "-" "Mozilla/5.0 (Linux; Android 6.0.1; Nexus 5X Build/MMB29P) AppleWebKit/537.36 (KHTML, like Gecko) Chrome/153.0.8010.36 Mobile Safari/537.36 (compatible; Googlebot/2.1; +http://www.google.com/bot.html)"
66.249.68.96 - - [17/Sep/2026:15:09:44 +0300] "GET /index.php/kontaktai?sale/search/detail/?ITMCODE=5196825806 HTTP/1.1" 200 198998 "-" "Mozilla/5.0 (Linux; Android 6.0.1; Nexus 5X Build/MMB29P) AppleWebKit/537.36 (KHTML, like Gecko) Chrome/153.0.8010.36 Mobile Safari/537.36 (compatible; Googlebot/2.1; +http://www.google.com/bot.html)"
66.249.68.96 - - [17/Sep/2026:15:09:44 +0300] "GET /index.php/meniu?sale/search/detail/?ITMCODE=51981528788 HTTP/1.1" 200 200374 "-" "Mozilla/5.0 (Linux; Android 6.0.1; Nexus 5X Build/MMB29P) AppleWebKit/537.36 (KHTML, like Gecko) Chrome/153.0.8010.36 Mobile Safari/537.36 (compatible; Googlebot/2.1; +http://www.google.com/bot.html)"
66.249.68.98 - - [17/Sep/2026:15:09:44 +0300] "GET /index.php/meniu?sale/search/detail/?ITMCODE=5196819981 HTTP/1.1" 200 213444 "-" "Mozilla/5.0 (Linux; Android 6.0.1; Nexus 5X Build/MMB29P) AppleWebKit/537.36 (KHTML, like Gecko) Chrome/153.0.8010.36 Mobile Safari/537.36 (compatible; Googlebot/2.1; +http://www.google.com/bot.html)"
66.249.68.100 - - [17/Sep/2026:15:09:44 +0300] "GET /index.php/kontaktai?shop/c/c51981001461/ HTTP/1.1" 200 160405 "-" "Mozilla/5.0 (Linux; Android 6.0.1; Nexus 5X Build/MMB29P) AppleWebKit/537.36 (KHTML, like Gecko) Chrome/153.0.8010.36 Mobile Safari/537.36 (compatible; Googlebot/2.1; +http://www.google.com/bot.html)"
52.167.144.181 - - [17/Sep/2026:15:09:44 +0300] "GET /?sale/search/detail/?ITMCODE=52002884483 HTTP/2.0" 200 199282 "-" "Mozilla/5.0 AppleWebKit/537.36 (KHTML, like Gecko; compatible; bingbot/2.0; +http://www.bing.com/bingbot.htm) Chrome/116.0.1938.76 Safari/537.36"
66.249.68.100 - - [17/Sep/2026:15:09:45 +0300] "GET /index.php/kontaktai?sale/search/detail/?ITMCODE=51981617295 HTTP/1.1" 200 208617 "-" "Mozilla/5.0 (Linux; Android 6.0.1; Nexus 5X Build/MMB29P) AppleWebKit/537.36 (KHTML, like Gecko) Chrome/153.0.8010.36 Mobile Safari/537.36 (compatible; Googlebot/2.1; +http://www.google.com/bot.html)"
66.249.68.102 - - [17/Sep/2026:15:09:46 +0300] "GET /index.php/maistas-i-namus?sale/search/detail/?ITMCODE=51981882653 HTTP/1.1" 200 207954 "-" "Mozilla/5.0 (Linux; Android 6.0.1; Nexus 5X Build/MMB29P) AppleWebKit/537.36 (KHTML, like Gecko) Chrome/153.0.8010.36 Mobile Safari/537.36 (compatible; Googlebot/2.1; +http://www.google.com/bot.html)"
66.249.68.103 - - [17/Sep/2026:15:09:46 +0300] "GET /index.php/maistas-i-namus?sale/search/detail/?ITMCODE=5196557565 HTTP/1.1" 200 201130 "-" "Mozilla/5.0 (Linux; Android 6.0.1; Nexus 5X Build/MMB29P) AppleWebKit/537.36 (KHTML, like Gecko) Chrome/153.0.8010.36 Mobile Safari/537.36 (compatible; Googlebot/2.1; +http://www.google.com/bot.html)"
66.249.68.103 - - [17/Sep/2026:15:09:46 +0300] "GET /index.php/kontaktai?sale/search/detail/?ITMCODE=5195100518 HTTP/1.1" 200 201617 "-" "Mozilla/5.0 (Linux; Android 6.0.1; Nexus 5X Build/MMB29P) AppleWebKit/537.36 (KHTML, like Gecko) Chrome/153.0.8010.36 Mobile Safari/537.36 (compatible; Googlebot/2.1; +http://www.google.com/bot.html)"
66.249.68.105 - - [17/Sep/2026:15:09:46 +0300] "GET /index.php/kontaktai?sale/search/detail/?ITMCODE=52002949353 HTTP/1.1" 200 211894 "-" "Mozilla/5.0 (Linux; Android 6.0.1; Nexus 5X Build/MMB29P) AppleWebKit/537.36 (KHTML, like Gecko) Chrome/153.0.8010.36 Mobile Safari/537.36 (compatible; Googlebot/2.1; +http://www.google.com/bot.html)"
66.249.68.100 - - [17/Sep/2026:15:09:46 +0300] "GET /index.php/maistas-i-namus?sale/search/detail/?ITMCODE=5196598513 HTTP/1.1" 200 209534 "-" "Mozilla/5.0 (Linux; Android 6.0.1; Nexus 5X Build/MMB29P) AppleWebKit/537.36 (KHTML, like Gecko) Chrome/153.0.8010.36 Mobile Safari/537.36 (compatible; Googlebot/2.1; +http://www.google.com/bot.html)"
66.249.68.98 - - [17/Sep/2026:15:09:47 +0300] "GET /index.php/maistas-i-namus?sale/search/detail/?ITMCODE=51981943362 HTTP/1.1" 200 201966 "-" "Mozilla/5.0 (Linux; Android 6.0.1; Nexus 5X Build/MMB29P) AppleWebKit/537.36 (KHTML, like Gecko) Chrome/153.0.8010.36 Mobile Safari/537.36 (compatible; Googlebot/2.1; +http://www.google.com/bot.html)"
66.249.68.101 - - [17/Sep/2026:15:09:47 +0300] "GET /index.php/dienos-pietus?shop/c/c51971000952/ HTTP/1.1" 200 121428 "-" "Mozilla/5.0 (Linux; Android 6.0.1; Nexus 5X Build/MMB29P) AppleWebKit/537.36 (KHTML, like Gecko) Chrome/153.0.8010.36 Mobile Safari/537.36 (compatible; Googlebot/2.1; +http://www.google.com/bot.html)"
66.249.68.102 - - [17/Sep/2026:15:09:47 +0300] "GET /index.php/kontaktai?sale/search/detail/?ITMCODE=5195370913 HTTP/1.1" 200 210867 "-" "Mozilla/5.0 (Linux; Android 6.0.1; Nexus 5X Build/MMB29P) AppleWebKit/537.36 (KHTML, like Gecko) Chrome/153.0.8010.36 Mobile Safari/537.36 (compatible; Googlebot/2.1; +http://www.google.com/bot.html)"
66.249.68.99 - - [17/Sep/2026:15:09:47 +0300] "GET /index.php/kontaktai?sale/search/detail/?ITMCODE=51981880421 HTTP/1.1" 200 213730 "-" "Mozilla/5.0 (Linux; Android 6.0.1; Nexus 5X Build/MMB29P) AppleWebKit/537.36 (KHTML, like Gecko) Chrome/153.0.8010.36 Mobile Safari/537.36 (compatible; Googlebot/2.1; +http://www.google.com/bot.html)"
66.249.68.98 - - [17/Sep/2026:15:09:47 +0300] "GET /index.php/meniu?sale/search/detail/?ITMCODE=5196796164 HTTP/1.1" 200 206848 "-" "Mozilla/5.0 (Linux; Android 6.0.1; Nexus 5X Build/MMB29P) AppleWebKit/537.36 (KHTML, like Gecko) Chrome/153.0.8010.36 Mobile Safari/537.36 (compatible; Googlebot/2.1; +http://www.google.com/bot.html)"
66.249.68.104 - - [17/Sep/2026:15:09:48 +0300] "GET /index.php/meniu?sale/search/detail/?ITMCODE=51971202960 HTTP/1.1" 200 210711 "-" "Mozilla/5.0 (Linux; Android 6.0.1; Nexus 5X Build/MMB29P) AppleWebKit/537.36 (KHTML, like Gecko) Chrome/153.0.8010.36 Mobile Safari/537.36 (compatible; Googlebot/2.1; +http://www.google.com/bot.html)"
66.249.68.100 - - [17/Sep/2026:15:09:48 +0300] "GET /index.php/maistas-i-namus?sale/search/detail/?ITMCODE=51981791911 HTTP/1.1" 200 204497 "-" "Mozilla/5.0 (Linux; Android 6.0.1; Nexus 5X Build/MMB29P) AppleWebKit/537.36 (KHTML, like Gecko) Chrome/153.0.8010.36 Mobile Safari/537.36 (compatible; Googlebot/2.1; +http://www.google.com/bot.html)"
66.249.68.102 - - [17/Sep/2026:15:09:48 +0300] "GET /index.php/kontaktai?sale/search/detail/?ITMCODE=52002988586 HTTP/1.1" 200 211318 "-" "Mozilla/5.0 (Linux; Android 6.0.1; Nexus 5X Build/MMB29P) AppleWebKit/537.36 (KHTML, like Gecko) Chrome/153.0.8010.36 Mobile Safari/537.36 (compatible; Googlebot/2.1; +http://www.google.com/bot.html)"
66.249.68.99 - - [17/Sep/2026:15:09:48 +0300] "GET /index.php/kontaktai?sale/search/detail/?ITMCODE=51992289141 HTTP/1.1" 200 200192 "-" "Mozilla/5.0 (Linux; Android 6.0.1; Nexus 5X Build/MMB29P) AppleWebKit/537.36 (KHTML, like Gecko) Chrome/153.0.8010.36 Mobile Safari/537.36 (compatible; Googlebot/2.1; +http://www.google.com/bot.html)"
66.249.68.101 - - [17/Sep/2026:15:09:48 +0300] "GET /index.php/maistas-i-namus?sale/search/detail/?ITMCODE=5196781312 HTTP/1.1" 200 202437 "-" "Mozilla/5.0 (Linux; Android 6.0.1; Nexus 5X Build/MMB29P) AppleWebKit/537.36 (KHTML, like Gecko) Chrome/153.0.8010.36 Mobile Safari/537.36 (compatible; Googlebot/2.1; +http://www.google.com/bot.html)"
40.77.167.138 - - [17/Sep/2026:15:09:50 +0300] "GET /robots.txt HTTP/2.0" 200 836 "-" "Mozilla/5.0 AppleWebKit/537.36 (KHTML, like Gecko; compatible; bingbot/2.0; +http://www.bing.com/bingbot.htm) Chrome/116.0.1938.76 Safari/537.36"
66.249.68.99 - - [17/Sep/2026:15:09:49 +0300] "GET /index.php/kontaktai?sale/search/detail/?ITMCODE=52002924393 HTTP/1.1" 200 199651 "-" "Mozilla/5.0 (Linux; Android 6.0.1; Nexus 5X Build/MMB29P) AppleWebKit/537.36 (KHTML, like Gecko) Chrome/153.0.8010.36 Mobile Safari/537.36 (compatible; Googlebot/2.1; +http://www.google.com/bot.html)"
66.249.68.98 - - [17/Sep/2026:15:09:49 +0300] "GET /index.php/meniu?sale/search/detail/?ITMCODE=51981706927 HTTP/1.1" 200 197900 "-" "Mozilla/5.0 (Linux; Android 6.0.1; Nexus 5X Build/MMB29P) AppleWebKit/537.36 (KHTML, like Gecko) Chrome/153.0.8010.36 Mobile Safari/537.36 (compatible; Googlebot/2.1; +http://www.google.com/bot.html)"
66.249.68.100 - - [17/Sep/2026:15:09:49 +0300] "GET /index.php/kontaktai?sale/search/detail/?ITMCODE=52002592226 HTTP/1.1" 200 200137 "-" "Mozilla/5.0 (Linux; Android 6.0.1; Nexus 5X Build/MMB29P) AppleWebKit/537.36 (KHTML, like Gecko) Chrome/153.0.8010.36 Mobile Safari/537.36 (compatible; Googlebot/2.1; +http://www.google.com/bot.html)"
66.249.68.105 - - [17/Sep/2026:15:09:50 +0300] "GET /index.php/maistas-i-namus?sale/search/detail/?ITMCODE=51971023547 HTTP/1.1" 200 201517 "-" "Mozilla/5.0 (Linux; Android 6.0.1; Nexus 5X Build/MMB29P) AppleWebKit/537.36 (KHTML, like Gecko) Chrome/153.0.8010.36 Mobile Safari/537.36 (compatible; Googlebot/2.1; +http://www.google.com/bot.html)"
66.249.68.97 - - [17/Sep/2026:15:09:50 +0300] "GET /index.php/maistas-i-namus?shop/c/c51991000451/ HTTP/1.1" 200 143441 "-" "Mozilla/5.0 (Linux; Android 6.0.1; Nexus 5X Build/MMB29P) AppleWebKit/537.36 (KHTML, like Gecko) Chrome/153.0.8010.36 Mobile Safari/537.36 (compatible; Googlebot/2.1; +http://www.google.com/bot.html)"
66.249.68.99 - - [17/Sep/2026:15:09:51 +0300] "GET /index.php/maistas-i-namus?sale/search/detail/?ITMCODE=51971128553 HTTP/1.1" 200 200195 "-" "Mozilla/5.0 (Linux; Android 6.0.1; Nexus 5X Build/MMB29P) AppleWebKit/537.36 (KHTML, like Gecko) Chrome/153.0.8010.36 Mobile Safari/537.36 (compatible; Googlebot/2.1; +http://www.google.com/bot.html)"
66.249.68.100 - - [17/Sep/2026:15:09:51 +0300] "GET /index.php/kontaktai?sale/search/detail/?ITMCODE=52002729875 HTTP/1.1" 200 200332 "-" "Mozilla/5.0 (Linux; Android 6.0.1; Nexus 5X Build/MMB29P) AppleWebKit/537.36 (KHTML, like Gecko) Chrome/153.0.8010.36 Mobile Safari/537.36 (compatible; Googlebot/2.1; +http://www.google.com/bot.html)"
66.249.68.98 - - [17/Sep/2026:15:09:51 +0300] "GET /index.php/dienos-pietus?sale/search/detail/?ITMCODE=51992270472 HTTP/1.1" 200 205480 "-" "Mozilla/5.0 (Linux; Android 6.0.1; Nexus 5X Build/MMB29P) AppleWebKit/537.36 (KHTML, like Gecko) Chrome/153.0.8010.36 Mobile Safari/537.36 (compatible; Googlebot/2.1; +http://www.google.com/bot.html)"
66.249.68.99 - - [17/Sep/2026:15:09:52 +0300] "GET /index.php/kontaktai?sale/search/detail/?ITMCODE=51971427872 HTTP/1.1" 200 202724 "-" "Mozilla/5.0 (Linux; Android 6.0.1; Nexus 5X Build/MMB29P) AppleWebKit/537.36 (KHTML, like Gecko) Chrome/153.0.8010.36 Mobile Safari/537.36 (compatible; Googlebot/2.1; +http://www.google.com/bot.html)"
66.249.68.98 - - [17/Sep/2026:15:09:52 +0300] "GET /index.php/dienos-pietus?shop/c/c51951000919/ HTTP/1.1" 200 125937 "-" "Mozilla/5.0 (Linux; Android 6.0.1; Nexus 5X Build/MMB29P) AppleWebKit/537.36 (KHTML, like Gecko) Chrome/153.0.8010.36 Mobile Safari/537.36 (compatible; Googlebot/2.1; +http://www.google.com/bot.html)"
66.249.68.104 - - [17/Sep/2026:15:09:51 +0300] "GET /index.php/kontaktai?sale/search/detail/?ITMCODE=51981999991 HTTP/1.1" 200 206369 "-" "Mozilla/5.0 (Linux; Android 6.0.1; Nexus 5X Build/MMB29P) AppleWebKit/537.36 (KHTML, like Gecko) Chrome/153.0.8010.36 Mobile Safari/537.36 (compatible; Googlebot/2.1; +http://www.google.com/bot.html)"
66.249.68.103 - - [17/Sep/2026:15:09:51 +0300] "GET /index.php/maistas-i-namus?sale/search/detail/?ITMCODE=51992072791 HTTP/1.1" 200 208267 "-" "Mozilla/5.0 (Linux; Android 6.0.1; Nexus 5X Build/MMB29P) AppleWebKit/537.36 (KHTML, like Gecko) Chrome/153.0.8010.36 Mobile Safari/537.36 (compatible; Googlebot/2.1; +http://www.google.com/bot.html)"
66.249.68.105 - - [17/Sep/2026:15:09:52 +0300] "GET /index.php/kontaktai?sale/search/detail/?ITMCODE=5195344591 HTTP/1.1" 200 221018 "-" "Mozilla/5.0 (Linux; Android 6.0.1; Nexus 5X Build/MMB29P) AppleWebKit/537.36 (KHTML, like Gecko) Chrome/153.0.8010.36 Mobile Safari/537.36 (compatible; Googlebot/2.1; +http://www.google.com/bot.html)"
66.249.68.104 - - [17/Sep/2026:15:09:52 +0300] "GET /index.php/meniu?sale/search/detail/?ITMCODE=519531472 HTTP/1.1" 200 198950 "-" "Mozilla/5.0 (Linux; Android 6.0.1; Nexus 5X Build/MMB29P) AppleWebKit/537.36 (KHTML, like Gecko) Chrome/153.0.8010.36 Mobile Safari/537.36 (compatible; Googlebot/2.1; +http://www.google.com/bot.html)"
66.249.68.99 - - [17/Sep/2026:15:09:52 +0300] "GET /index.php/maistas-i-namus?sale/search/detail/?ITMCODE=5196661507 HTTP/1.1" 200 200362 "-" "Mozilla/5.0 (Linux; Android 6.0.1; Nexus 5X Build/MMB29P) AppleWebKit/537.36 (KHTML, like Gecko) Chrome/153.0.8010.36 Mobile Safari/537.36 (compatible; Googlebot/2.1; +http://www.google.com/bot.html)"
66.249.68.104 - - [17/Sep/2026:15:09:53 +0300] "GET /index.php/kontaktai?sale/search/detail/?ITMCODE=51981986242 HTTP/1.1" 200 202102 "-" "Mozilla/5.0 (Linux; Android 6.0.1; Nexus 5X Build/MMB29P) AppleWebKit/537.36 (KHTML, like Gecko) Chrome/153.0.8010.36 Mobile Safari/537.36 (compatible; Googlebot/2.1; +http://www.google.com/bot.html)"
66.249.68.105 - - [17/Sep/2026:15:09:54 +0300] "GET /index.php/maistas-i-namus?sale/search/detail/?ITMCODE=51971119257 HTTP/1.1" 200 212940 "-" "Mozilla/5.0 (Linux; Android 6.0.1; Nexus 5X Build/MMB29P) AppleWebKit/537.36 (KHTML, like Gecko) Chrome/153.0.8010.36 Mobile Safari/537.36 (compatible; Googlebot/2.1; +http://www.google.com/bot.html)"
66.249.68.101 - - [17/Sep/2026:15:09:53 +0300] "GET /index.php/maistas-i-namus?sale/search/detail/?ITMCODE=51992325199 HTTP/1.1" 200 207728 "-" "Mozilla/5.0 (Linux; Android 6.0.1; Nexus 5X Build/MMB29P) AppleWebKit/537.36 (KHTML, like Gecko) Chrome/153.0.8010.36 Mobile Safari/537.36 (compatible; Googlebot/2.1; +http://www.google.com/bot.html)"
66.249.68.96 - - [17/Sep/2026:15:09:54 +0300] "GET /index.php/meniu?sale/search/detail/?ITMCODE=51981656517 HTTP/1.1" 200 214969 "-" "Mozilla/5.0 (Linux; Android 6.0.1; Nexus 5X Build/MMB29P) AppleWebKit/537.36 (KHTML, like Gecko) Chrome/153.0.8010.36 Mobile Safari/537.36 (compatible; Googlebot/2.1; +http://www.google.com/bot.html)"
66.249.68.101 - - [17/Sep/2026:15:09:54 +0300] "GET /index.php/kontaktai?sale/search/detail/?ITMCODE=51992193526 HTTP/1.1" 200 208459 "-" "Mozilla/5.0 (Linux; Android 6.0.1; Nexus 5X Build/MMB29P) AppleWebKit/537.36 (KHTML, like Gecko) Chrome/153.0.8010.36 Mobile Safari/537.36 (compatible; Googlebot/2.1; +http://www.google.com/bot.html)"
66.249.68.100 - - [17/Sep/2026:15:09:54 +0300] "GET /index.php/meniu?shop/c/c51981000284/ HTTP/1.1" 200 265721 "-" "Mozilla/5.0 (Linux; Android 6.0.1; Nexus 5X Build/MMB29P) AppleWebKit/537.36 (KHTML, like Gecko) Chrome/153.0.8010.36 Mobile Safari/537.36 (compatible; Googlebot/2.1; +http://www.google.com/bot.html)"
66.249.68.104 - - [17/Sep/2026:15:09:55 +0300] "GET /index.php/dienos-pietus?sale/search/detail/?ITMCODE=51971361048 HTTP/1.1" 200 204157 "-" "Mozilla/5.0 (Linux; Android 6.0.1; Nexus 5X Build/MMB29P) AppleWebKit/537.36 (KHTML, like Gecko) Chrome/153.0.8010.36 Mobile Safari/537.36 (compatible; Googlebot/2.1; +http://www.google.com/bot.html)"
66.249.68.100 - - [17/Sep/2026:15:09:55 +0300] "GET /index.php/meniu?sale/search/detail/?ITMCODE=519513859 HTTP/1.1" 200 217905 "-" "Mozilla/5.0 (Linux; Android 6.0.1; Nexus 5X Build/MMB29P) AppleWebKit/537.36 (KHTML, like Gecko) Chrome/153.0.8010.36 Mobile Safari/537.36 (compatible; Googlebot/2.1; +http://www.google.com/bot.html)"
66.249.68.101 - - [17/Sep/2026:15:09:56 +0300] "GET /index.php/kontaktai?sale/search/detail/?ITMCODE=51981619725 HTTP/1.1" 200 202458 "-" "Mozilla/5.0 (Linux; Android 6.0.1; Nexus 5X Build/MMB29P) AppleWebKit/537.36 (KHTML, like Gecko) Chrome/153.0.8010.36 Mobile Safari/537.36 (compatible; Googlebot/2.1; +http://www.google.com/bot.html)"
66.249.68.97 - - [17/Sep/2026:15:09:55 +0300] "GET /index.php/meniu?sale/search/detail/?ITMCODE=5195281568 HTTP/1.1" 200 221567 "-" "Mozilla/5.0 (Linux; Android 6.0.1; Nexus 5X Build/MMB29P) AppleWebKit/537.36 (KHTML, like Gecko) Chrome/153.0.8010.36 Mobile Safari/537.36 (compatible; Googlebot/2.1; +http://www.google.com/bot.html)"
66.249.68.98 - - [17/Sep/2026:15:09:56 +0300] "GET /index.php/maistas-i-namus?sale/search/detail/?ITMCODE=51992151758 HTTP/1.1" 200 211672 "-" "Mozilla/5.0 (Linux; Android 6.0.1; Nexus 5X Build/MMB29P) AppleWebKit/537.36 (KHTML, like Gecko) Chrome/153.0.8010.36 Mobile Safari/537.36 (compatible; Googlebot/2.1; +http://www.google.com/bot.html)"
66.249.68.98 - - [17/Sep/2026:15:09:55 +0300] "GET /index.php/maistas-i-namus?sale/search/detail/?ITMCODE=51992253299 HTTP/1.1" 200 211032 "-" "Mozilla/5.0 (Linux; Android 6.0.1; Nexus 5X Build/MMB29P) AppleWebKit/537.36 (KHTML, like Gecko) Chrome/153.0.8010.36 Mobile Safari/537.36 (compatible; Googlebot/2.1; +http://www.google.com/bot.html)"
66.249.68.101 - - [17/Sep/2026:15:09:57 +0300] "GET /index.php/meniu?sale/search/detail/?ITMCODE=5196701799 HTTP/1.1" 200 200727 "-" "Mozilla/5.0 (Linux; Android 6.0.1; Nexus 5X Build/MMB29P) AppleWebKit/537.36 (KHTML, like Gecko) Chrome/153.0.8010.36 Mobile Safari/537.36 (compatible; Googlebot/2.1; +http://www.google.com/bot.html)"
66.249.68.102 - - [17/Sep/2026:15:09:57 +0300] "GET /index.php/dienos-pietus?sale/search/detail/?ITMCODE=51992221801 HTTP/1.1" 200 202667 "-" "Mozilla/5.0 (Linux; Android 6.0.1; Nexus 5X Build/MMB29P) AppleWebKit/537.36 (KHTML, like Gecko) Chrome/153.0.8010.36 Mobile Safari/537.36 (compatible; Googlebot/2.1; +http://www.google.com/bot.html)"
66.249.68.99 - - [17/Sep/2026:15:09:57 +0300] "GET /index.php/maistas-i-namus?sale/search/detail/?ITMCODE=51981970987 HTTP/1.1" 200 207430 "-" "Mozilla/5.0 (Linux; Android 6.0.1; Nexus 5X Build/MMB29P) AppleWebKit/537.36 (KHTML, like Gecko) Chrome/153.0.8010.36 Mobile Safari/537.36 (compatible; Googlebot/2.1; +http://www.google.com/bot.html)"
66.249.68.101 - - [17/Sep/2026:15:09:57 +0300] "GET /index.php/kontaktai?sale/search/detail/?ITMCODE=5195188045 HTTP/1.1" 200 234551 "-" "Mozilla/5.0 (Linux; Android 6.0.1; Nexus 5X Build/MMB29P) AppleWebKit/537.36 (KHTML, like Gecko) Chrome/153.0.8010.36 Mobile Safari/537.36 (compatible; Googlebot/2.1; +http://www.google.com/bot.html)"
66.249.68.105 - - [17/Sep/2026:15:09:57 +0300] "GET /index.php/meniu?sale/search/detail/?ITMCODE=5195383348 HTTP/1.1" 200 213131 "-" "Mozilla/5.0 (Linux; Android 6.0.1; Nexus 5X Build/MMB29P) AppleWebKit/537.36 (KHTML, like Gecko) Chrome/153.0.8010.36 Mobile Safari/537.36 (compatible; Googlebot/2.1; +http://www.google.com/bot.html)"
66.249.68.101 - - [17/Sep/2026:15:09:58 +0300] "GET /index.php/meniu?sale/search/detail/?ITMCODE=5196696901 HTTP/1.1" 200 202861 "-" "Mozilla/5.0 (Linux; Android 6.0.1; Nexus 5X Build/MMB29P) AppleWebKit/537.36 (KHTML, like Gecko) Chrome/153.0.8010.36 Mobile Safari/537.36 (compatible; Googlebot/2.1; +http://www.google.com/bot.html)"
66.249.68.102 - - [17/Sep/2026:15:09:59 +0300] "GET /index.php/kontaktai?sale/search/detail/?ITMCODE=51981757568 HTTP/1.1" 200 206704 "-" "Mozilla/5.0 (Linux; Android 6.0.1; Nexus 5X Build/MMB29P) AppleWebKit/537.36 (KHTML, like Gecko) Chrome/153.0.8010.36 Mobile Safari/537.36 (compatible; Googlebot/2.1; +http://www.google.com/bot.html)"
66.249.68.98 - - [17/Sep/2026:15:09:59 +0300] "GET /index.php/maistas-i-namus?sale/search/detail/?ITMCODE=51992115176 HTTP/1.1" 200 220938 "-" "Mozilla/5.0 (Linux; Android 6.0.1; Nexus 5X Build/MMB29P) AppleWebKit/537.36 (KHTML, like Gecko) Chrome/153.0.8010.36 Mobile Safari/537.36 (compatible; Googlebot/2.1; +http://www.google.com/bot.html)"
66.249.68.99 - - [17/Sep/2026:15:09:59 +0300] "GET /index.php/kontaktai?sale/search/detail/?ITMCODE=51981871916 HTTP/1.1" 200 204587 "-" "Mozilla/5.0 (Linux; Android 6.0.1; Nexus 5X Build/MMB29P) AppleWebKit/537.36 (KHTML, like Gecko) Chrome/153.0.8010.36 Mobile Safari/537.36 (compatible; Googlebot/2.1; +http://www.google.com/bot.html)"
66.249.68.103 - - [17/Sep/2026:15:09:59 +0300] "GET /index.php/maistas-i-namus?sale/search/detail/?ITMCODE=5196653877 HTTP/1.1" 200 220067 "-" "Mozilla/5.0 (Linux; Android 6.0.1; Nexus 5X Build/MMB29P) AppleWebKit/537.36 (KHTML, like Gecko) Chrome/153.0.8010.36 Mobile Safari/537.36 (compatible; Googlebot/2.1; +http://www.google.com/bot.html)"
66.249.68.104 - - [17/Sep/2026:15:10:00 +0300] "GET /index.php/dienos-pietus?sale/search/detail/?ITMCODE=51981736085 HTTP/1.1" 200 216605 "-" "Mozilla/5.0 (Linux; Android 6.0.1; Nexus 5X Build/MMB29P) AppleWebKit/537.36 (KHTML, like Gecko) Chrome/153.0.8010.36 Mobile Safari/537.36 (compatible; Googlebot/2.1; +http://www.google.com/bot.html)"
66.249.68.103 - - [17/Sep/2026:15:10:00 +0300] "GET /index.php/maistas-i-namus?sale/search/detail/?ITMCODE=51992294665 HTTP/1.1" 200 210548 "-" "Mozilla/5.0 (Linux; Android 6.0.1; Nexus 5X Build/MMB29P) AppleWebKit/537.36 (KHTML, like Gecko) Chrome/153.0.8010.36 Mobile Safari/537.36 (compatible; Googlebot/2.1; +http://www.google.com/bot.html)"
66.249.68.100 - - [17/Sep/2026:15:10:01 +0300] "GET /shop/pg/972987 HTTP/1.1" 200 208198 "-" "Mozilla/5.0 (Linux; Android 6.0.1; Nexus 5X Build/MMB29P) AppleWebKit/537.36 (KHTML, like Gecko) Chrome/153.0.8010.36 Mobile Safari/537.36 (compatible; Googlebot/2.1; +http://www.google.com/bot.html)"
66.249.68.100 - - [17/Sep/2026:15:10:01 +0300] "GET /index.php/maistas-i-namus?sale/search/detail/?ITMCODE=51971013857 HTTP/1.1" 200 200802 "-" "Mozilla/5.0 (Linux; Android 6.0.1; Nexus 5X Build/MMB29P) AppleWebKit/537.36 (KHTML, like Gecko) Chrome/153.0.8010.36 Mobile Safari/537.36 (compatible; Googlebot/2.1; +http://www.google.com/bot.html)"
