Your IP : 216.73.216.24


Current Path : /proc/self/root/proc/thread-self/root/home/antonen/logs/
Upload File :
Current File : //proc/self/root/proc/thread-self/root/home/antonen/logs/chenglong.testams.vhost.lt-ssl_log

66.249.68.97 - - [17/Sep/2026:15:05:42 +0300] "GET /index.php/kontaktai?sale/search/detail/?ITMCODE=5196726631 HTTP/1.1" 200 198863 "-" "Mozilla/5.0 (Linux; Android 6.0.1; Nexus 5X Build/MMB29P) AppleWebKit/537.36 (KHTML, like Gecko) Chrome/153.0.8010.36 Mobile Safari/537.36 (compatible; Googlebot/2.1; +http://www.google.com/bot.html)"
66.249.68.97 - - [17/Sep/2026:15:05:43 +0300] "GET /index.php/maistas-i-namus?sale/search/detail/?ITMCODE=52002973926 HTTP/1.1" 200 202536 "-" "Mozilla/5.0 (Linux; Android 6.0.1; Nexus 5X Build/MMB29P) AppleWebKit/537.36 (KHTML, like Gecko) Chrome/153.0.8010.36 Mobile Safari/537.36 (compatible; Googlebot/2.1; +http://www.google.com/bot.html)"
66.249.68.105 - - [17/Sep/2026:15:05:43 +0300] "GET /index.php/maistas-i-namus?sale/search/detail/?ITMCODE=51971440081 HTTP/1.1" 200 205221 "-" "Mozilla/5.0 (Linux; Android 6.0.1; Nexus 5X Build/MMB29P) AppleWebKit/537.36 (KHTML, like Gecko) Chrome/153.0.8010.36 Mobile Safari/537.36 (compatible; Googlebot/2.1; +http://www.google.com/bot.html)"
66.249.68.97 - - [17/Sep/2026:15:05:43 +0300] "GET /index.php/maistas-i-namus?sale/search/detail/?ITMCODE=51971185004 HTTP/1.1" 200 204437 "-" "Mozilla/5.0 (Linux; Android 6.0.1; Nexus 5X Build/MMB29P) AppleWebKit/537.36 (KHTML, like Gecko) Chrome/153.0.8010.36 Mobile Safari/537.36 (compatible; Googlebot/2.1; +http://www.google.com/bot.html)"
66.249.68.104 - - [17/Sep/2026:15:05:43 +0300] "GET /index.php/maistas-i-namus?sale/search/detail/?ITMCODE=5196963595 HTTP/1.1" 200 206101 "-" "Mozilla/5.0 (Linux; Android 6.0.1; Nexus 5X Build/MMB29P) AppleWebKit/537.36 (KHTML, like Gecko) Chrome/153.0.8010.36 Mobile Safari/537.36 (compatible; Googlebot/2.1; +http://www.google.com/bot.html)"
66.249.68.101 - - [17/Sep/2026:15:05:44 +0300] "GET /index.php/maistas-i-namus?sale/search/detail/?ITMCODE=51992084119 HTTP/1.1" 200 202258 "-" "Mozilla/5.0 (Linux; Android 6.0.1; Nexus 5X Build/MMB29P) AppleWebKit/537.36 (KHTML, like Gecko) Chrome/153.0.8010.36 Mobile Safari/537.36 (compatible; Googlebot/2.1; +http://www.google.com/bot.html)"
66.249.68.101 - - [17/Sep/2026:15:05:44 +0300] "GET /index.php/kontaktai?sale/search/detail/?ITMCODE=52002942929 HTTP/1.1" 200 199998 "-" "Mozilla/5.0 (Linux; Android 6.0.1; Nexus 5X Build/MMB29P) AppleWebKit/537.36 (KHTML, like Gecko) Chrome/153.0.8010.36 Mobile Safari/537.36 (compatible; Googlebot/2.1; +http://www.google.com/bot.html)"
66.249.68.105 - - [17/Sep/2026:15:05:44 +0300] "GET /index.php/dienos-pietus?sale/search/detail/?ITMCODE=5196565380 HTTP/1.1" 200 219773 "-" "Mozilla/5.0 (Linux; Android 6.0.1; Nexus 5X Build/MMB29P) AppleWebKit/537.36 (KHTML, like Gecko) Chrome/153.0.8010.36 Mobile Safari/537.36 (compatible; Googlebot/2.1; +http://www.google.com/bot.html)"
66.249.68.102 - - [17/Sep/2026:15:05:44 +0300] "GET /index.php/maistas-i-namus?sale/search/detail/?ITMCODE=5196630579 HTTP/1.1" 200 205552 "-" "Mozilla/5.0 (Linux; Android 6.0.1; Nexus 5X Build/MMB29P) AppleWebKit/537.36 (KHTML, like Gecko) Chrome/153.0.8010.36 Mobile Safari/537.36 (compatible; Googlebot/2.1; +http://www.google.com/bot.html)"
66.249.68.103 - - [17/Sep/2026:15:05:44 +0300] "GET /index.php/maistas-i-namus?sale/search/detail/?ITMCODE=51971155458 HTTP/1.1" 200 208390 "-" "Mozilla/5.0 (Linux; Android 6.0.1; Nexus 5X Build/MMB29P) AppleWebKit/537.36 (KHTML, like Gecko) Chrome/153.0.8010.36 Mobile Safari/537.36 (compatible; Googlebot/2.1; +http://www.google.com/bot.html)"
66.249.68.102 - - [17/Sep/2026:15:05:45 +0300] "GET /index.php/meniu?sale/search/detail/?ITMCODE=51971301709 HTTP/1.1" 200 199715 "-" "Mozilla/5.0 (Linux; Android 6.0.1; Nexus 5X Build/MMB29P) AppleWebKit/537.36 (KHTML, like Gecko) Chrome/153.0.8010.36 Mobile Safari/537.36 (compatible; Googlebot/2.1; +http://www.google.com/bot.html)"
85.208.96.207 - - [17/Sep/2026:15:05:46 +0300] "GET /?sale%2Fsearch%2Fdetail%2F%3FITMCODE=519512189685 HTTP/1.1" 200 11123 "-" "Mozilla/5.0 (compatible; SemrushBot/7~bl; +http://www.semrush.com/bot.html)"
66.249.68.102 - - [17/Sep/2026:15:05:46 +0300] "GET /index.php/maistas-i-namus?sale/search/detail/?ITMCODE=52002592330 HTTP/1.1" 200 226427 "-" "Mozilla/5.0 (Linux; Android 6.0.1; Nexus 5X Build/MMB29P) AppleWebKit/537.36 (KHTML, like Gecko) Chrome/153.0.8010.36 Mobile Safari/537.36 (compatible; Googlebot/2.1; +http://www.google.com/bot.html)"
66.249.68.102 - - [17/Sep/2026:15:05:46 +0300] "GET /index.php/maistas-i-namus?sale/search/detail/?ITMCODE=5196916655 HTTP/1.1" 200 213419 "-" "Mozilla/5.0 (Linux; Android 6.0.1; Nexus 5X Build/MMB29P) AppleWebKit/537.36 (KHTML, like Gecko) Chrome/153.0.8010.36 Mobile Safari/537.36 (compatible; Googlebot/2.1; +http://www.google.com/bot.html)"
66.249.68.96 - - [17/Sep/2026:15:05:46 +0300] "GET /index.php/meniu?sale/search/detail/?ITMCODE=51971090021 HTTP/1.1" 200 203488 "-" "Mozilla/5.0 (Linux; Android 6.0.1; Nexus 5X Build/MMB29P) AppleWebKit/537.36 (KHTML, like Gecko) Chrome/153.0.8010.36 Mobile Safari/537.36 (compatible; Googlebot/2.1; +http://www.google.com/bot.html)"
66.249.68.96 - - [17/Sep/2026:15:05:46 +0300] "GET /index.php/maistas-i-namus?sale/search/detail/?ITMCODE=51992124456 HTTP/1.1" 200 201415 "-" "Mozilla/5.0 (Linux; Android 6.0.1; Nexus 5X Build/MMB29P) AppleWebKit/537.36 (KHTML, like Gecko) Chrome/153.0.8010.36 Mobile Safari/537.36 (compatible; Googlebot/2.1; +http://www.google.com/bot.html)"
66.249.68.102 - - [17/Sep/2026:15:05:47 +0300] "GET /index.php/meniu?shop/c/c51981000725/ HTTP/1.1" 200 236560 "-" "Mozilla/5.0 (Linux; Android 6.0.1; Nexus 5X Build/MMB29P) AppleWebKit/537.36 (KHTML, like Gecko) Chrome/153.0.8010.36 Mobile Safari/537.36 (compatible; Googlebot/2.1; +http://www.google.com/bot.html)"
66.249.68.103 - - [17/Sep/2026:15:05:47 +0300] "GET /index.php/maistas-i-namus?sale/search/detail/?ITMCODE=5196709561 HTTP/1.1" 200 204482 "-" "Mozilla/5.0 (Linux; Android 6.0.1; Nexus 5X Build/MMB29P) AppleWebKit/537.36 (KHTML, like Gecko) Chrome/153.0.8010.36 Mobile Safari/537.36 (compatible; Googlebot/2.1; +http://www.google.com/bot.html)"
66.249.68.99 - - [17/Sep/2026:15:05:47 +0300] "GET /index.php/kontaktai?sale/search/detail/?ITMCODE=51992133812 HTTP/1.1" 200 201768 "-" "Mozilla/5.0 (Linux; Android 6.0.1; Nexus 5X Build/MMB29P) AppleWebKit/537.36 (KHTML, like Gecko) Chrome/153.0.8010.36 Mobile Safari/537.36 (compatible; Googlebot/2.1; +http://www.google.com/bot.html)"
66.249.68.97 - - [17/Sep/2026:15:05:47 +0300] "GET /index.php/meniu?sale/search/detail/?ITMCODE=51992301269 HTTP/1.1" 200 200570 "-" "Mozilla/5.0 (Linux; Android 6.0.1; Nexus 5X Build/MMB29P) AppleWebKit/537.36 (KHTML, like Gecko) Chrome/153.0.8010.36 Mobile Safari/537.36 (compatible; Googlebot/2.1; +http://www.google.com/bot.html)"
66.249.68.96 - - [17/Sep/2026:15:05:48 +0300] "GET /index.php/kontaktai?sale/search/detail/?ITMCODE=5196684869 HTTP/1.1" 200 207035 "-" "Mozilla/5.0 (Linux; Android 6.0.1; Nexus 5X Build/MMB29P) AppleWebKit/537.36 (KHTML, like Gecko) Chrome/153.0.8010.36 Mobile Safari/537.36 (compatible; Googlebot/2.1; +http://www.google.com/bot.html)"
66.249.68.99 - - [17/Sep/2026:15:05:48 +0300] "GET /index.php/maistas-i-namus?sale/search/detail/?ITMCODE=52002545461 HTTP/1.1" 200 199969 "-" "Mozilla/5.0 (Linux; Android 6.0.1; Nexus 5X Build/MMB29P) AppleWebKit/537.36 (KHTML, like Gecko) Chrome/153.0.8010.36 Mobile Safari/537.36 (compatible; Googlebot/2.1; +http://www.google.com/bot.html)"
66.249.68.105 - - [17/Sep/2026:15:05:48 +0300] "GET /index.php/kontaktai?sale/search/detail/?ITMCODE=51971338863 HTTP/1.1" 200 209503 "-" "Mozilla/5.0 (Linux; Android 6.0.1; Nexus 5X Build/MMB29P) AppleWebKit/537.36 (KHTML, like Gecko) Chrome/153.0.8010.36 Mobile Safari/537.36 (compatible; Googlebot/2.1; +http://www.google.com/bot.html)"
66.249.68.105 - - [17/Sep/2026:15:05:48 +0300] "GET /index.php/kontaktai?sale/search/detail/?ITMCODE=51992448233 HTTP/1.1" 200 197844 "-" "Mozilla/5.0 (Linux; Android 6.0.1; Nexus 5X Build/MMB29P) AppleWebKit/537.36 (KHTML, like Gecko) Chrome/153.0.8010.36 Mobile Safari/537.36 (compatible; Googlebot/2.1; +http://www.google.com/bot.html)"
66.249.68.105 - - [17/Sep/2026:15:05:49 +0300] "GET /index.php/kontaktai?sale/search/detail/?ITMCODE=52002898251 HTTP/1.1" 200 216346 "-" "Mozilla/5.0 (Linux; Android 6.0.1; Nexus 5X Build/MMB29P) AppleWebKit/537.36 (KHTML, like Gecko) Chrome/153.0.8010.36 Mobile Safari/537.36 (compatible; Googlebot/2.1; +http://www.google.com/bot.html)"
66.249.68.97 - - [17/Sep/2026:15:05:49 +0300] "GET /index.php?sale/search/detail/?ITMCODE=51992293450 HTTP/1.1" 200 197829 "-" "Mozilla/5.0 (Linux; Android 6.0.1; Nexus 5X Build/MMB29P) AppleWebKit/537.36 (KHTML, like Gecko) Chrome/153.0.8010.36 Mobile Safari/537.36 (compatible; Googlebot/2.1; +http://www.google.com/bot.html)"
66.249.68.102 - - [17/Sep/2026:15:05:49 +0300] "GET /index.php/maistas-i-namus?sale/search/detail/?ITMCODE=51992276121 HTTP/1.1" 200 204915 "-" "Mozilla/5.0 (Linux; Android 6.0.1; Nexus 5X Build/MMB29P) AppleWebKit/537.36 (KHTML, like Gecko) Chrome/153.0.8010.36 Mobile Safari/537.36 (compatible; Googlebot/2.1; +http://www.google.com/bot.html)"
66.249.68.105 - - [17/Sep/2026:15:05:49 +0300] "GET /index.php/kontaktai?sale/search/detail/?ITMCODE=51992286150 HTTP/1.1" 200 203906 "-" "Mozilla/5.0 (Linux; Android 6.0.1; Nexus 5X Build/MMB29P) AppleWebKit/537.36 (KHTML, like Gecko) Chrome/153.0.8010.36 Mobile Safari/537.36 (compatible; Googlebot/2.1; +http://www.google.com/bot.html)"
66.249.68.100 - - [17/Sep/2026:15:05:49 +0300] "GET /index.php/maistas-i-namus?sale/search/detail/?ITMCODE=5196617519 HTTP/1.1" 200 201778 "-" "Mozilla/5.0 (Linux; Android 6.0.1; Nexus 5X Build/MMB29P) AppleWebKit/537.36 (KHTML, like Gecko) Chrome/153.0.8010.36 Mobile Safari/537.36 (compatible; Googlebot/2.1; +http://www.google.com/bot.html)"
66.249.68.96 - - [17/Sep/2026:15:05:50 +0300] "GET /index.php/kontaktai?shop/c/c51981001291/ HTTP/1.1" 200 92870 "-" "Mozilla/5.0 (Linux; Android 6.0.1; Nexus 5X Build/MMB29P) AppleWebKit/537.36 (KHTML, like Gecko) Chrome/153.0.8010.36 Mobile Safari/537.36 (compatible; Googlebot/2.1; +http://www.google.com/bot.html)"
66.249.68.98 - - [17/Sep/2026:15:05:50 +0300] "GET /index.php/kontaktai?sale/search/detail/?ITMCODE=51992055664 HTTP/1.1" 200 201399 "-" "Mozilla/5.0 (Linux; Android 6.0.1; Nexus 5X Build/MMB29P) AppleWebKit/537.36 (KHTML, like Gecko) Chrome/153.0.8010.36 Mobile Safari/537.36 (compatible; Googlebot/2.1; +http://www.google.com/bot.html)"
66.249.68.101 - - [17/Sep/2026:15:05:50 +0300] "GET /index.php/meniu?sale/search/detail/?ITMCODE=51971083407 HTTP/1.1" 200 217039 "-" "Mozilla/5.0 (Linux; Android 6.0.1; Nexus 5X Build/MMB29P) AppleWebKit/537.36 (KHTML, like Gecko) Chrome/153.0.8010.36 Mobile Safari/537.36 (compatible; Googlebot/2.1; +http://www.google.com/bot.html)"
66.249.68.103 - - [17/Sep/2026:15:05:51 +0300] "GET /index.php/maistas-i-namus?sale/search/detail/?ITMCODE=51971023280 HTTP/1.1" 200 200225 "-" "Mozilla/5.0 (Linux; Android 6.0.1; Nexus 5X Build/MMB29P) AppleWebKit/537.36 (KHTML, like Gecko) Chrome/153.0.8010.36 Mobile Safari/537.36 (compatible; Googlebot/2.1; +http://www.google.com/bot.html)"
66.249.68.102 - - [17/Sep/2026:15:05:51 +0300] "GET /index.php/kontaktai?sale/search/detail/?ITMCODE=51992161091 HTTP/1.1" 200 208112 "-" "Mozilla/5.0 (Linux; Android 6.0.1; Nexus 5X Build/MMB29P) AppleWebKit/537.36 (KHTML, like Gecko) Chrome/153.0.8010.36 Mobile Safari/537.36 (compatible; Googlebot/2.1; +http://www.google.com/bot.html)"
66.249.68.98 - - [17/Sep/2026:15:05:52 +0300] "GET /index.php/meniu?sale/search/detail/?ITMCODE=51981913017 HTTP/1.1" 200 203183 "-" "Mozilla/5.0 (Linux; Android 6.0.1; Nexus 5X Build/MMB29P) AppleWebKit/537.36 (KHTML, like Gecko) Chrome/153.0.8010.36 Mobile Safari/537.36 (compatible; Googlebot/2.1; +http://www.google.com/bot.html)"
66.249.68.103 - - [17/Sep/2026:15:05:52 +0300] "GET /index.php/kontaktai?sale/search/detail/?ITMCODE=51971040305 HTTP/1.1" 200 199843 "-" "Mozilla/5.0 (Linux; Android 6.0.1; Nexus 5X Build/MMB29P) AppleWebKit/537.36 (KHTML, like Gecko) Chrome/153.0.8010.36 Mobile Safari/537.36 (compatible; Googlebot/2.1; +http://www.google.com/bot.html)"
66.249.68.99 - - [17/Sep/2026:15:05:51 +0300] "GET /index.php/maistas-i-namus?sale/search/detail/?ITMCODE=51992345461 HTTP/1.1" 200 203857 "-" "Mozilla/5.0 (Linux; Android 6.0.1; Nexus 5X Build/MMB29P) AppleWebKit/537.36 (KHTML, like Gecko) Chrome/153.0.8010.36 Mobile Safari/537.36 (compatible; Googlebot/2.1; +http://www.google.com/bot.html)"
66.249.68.96 - - [17/Sep/2026:15:05:52 +0300] "GET /index.php/kontaktai?sale/search/detail/?ITMCODE=51971026739 HTTP/1.1" 200 221480 "-" "Mozilla/5.0 (Linux; Android 6.0.1; Nexus 5X Build/MMB29P) AppleWebKit/537.36 (KHTML, like Gecko) Chrome/153.0.8010.36 Mobile Safari/537.36 (compatible; Googlebot/2.1; +http://www.google.com/bot.html)"
66.249.68.103 - - [17/Sep/2026:15:05:52 +0300] "GET /index.php/maistas-i-namus?sale/search/detail/?ITMCODE=51992455440 HTTP/1.1" 200 213922 "-" "Mozilla/5.0 (Linux; Android 6.0.1; Nexus 5X Build/MMB29P) AppleWebKit/537.36 (KHTML, like Gecko) Chrome/153.0.8010.36 Mobile Safari/537.36 (compatible; Googlebot/2.1; +http://www.google.com/bot.html)"
66.249.68.99 - - [17/Sep/2026:15:05:52 +0300] "GET /index.php/maistas-i-namus?sale/search/detail/?ITMCODE=51992465958 HTTP/1.1" 200 211365 "-" "Mozilla/5.0 (Linux; Android 6.0.1; Nexus 5X Build/MMB29P) AppleWebKit/537.36 (KHTML, like Gecko) Chrome/153.0.8010.36 Mobile Safari/537.36 (compatible; Googlebot/2.1; +http://www.google.com/bot.html)"
66.249.68.96 - - [17/Sep/2026:15:05:53 +0300] "GET /index.php/meniu?shop/c/c51991002029/ HTTP/1.1" 200 83536 "-" "Mozilla/5.0 (Linux; Android 6.0.1; Nexus 5X Build/MMB29P) AppleWebKit/537.36 (KHTML, like Gecko) Chrome/153.0.8010.36 Mobile Safari/537.36 (compatible; Googlebot/2.1; +http://www.google.com/bot.html)"
85.208.96.205 - - [17/Sep/2026:15:05:53 +0300] "GET /?sale%2Fsearch%2Fdetail%2F%3FITMCODE=519716449312 HTTP/1.1" 200 11123 "-" "Mozilla/5.0 (compatible; SemrushBot/7~bl; +http://www.semrush.com/bot.html)"
66.249.68.96 - - [17/Sep/2026:15:05:53 +0300] "GET /index.php/meniu?sale/search/detail/?ITMCODE=51971497079 HTTP/1.1" 200 208189 "-" "Mozilla/5.0 (Linux; Android 6.0.1; Nexus 5X Build/MMB29P) AppleWebKit/537.36 (KHTML, like Gecko) Chrome/153.0.8010.36 Mobile Safari/537.36 (compatible; Googlebot/2.1; +http://www.google.com/bot.html)"
66.249.68.98 - - [17/Sep/2026:15:05:54 +0300] "GET /index.php/maistas-i-namus?sale/search/detail/?ITMCODE=5196623270 HTTP/1.1" 200 201981 "-" "Mozilla/5.0 (Linux; Android 6.0.1; Nexus 5X Build/MMB29P) AppleWebKit/537.36 (KHTML, like Gecko) Chrome/153.0.8010.36 Mobile Safari/537.36 (compatible; Googlebot/2.1; +http://www.google.com/bot.html)"
40.77.167.151 - - [17/Sep/2026:15:05:54 +0300] "GET /sale/search/detail/?ITMCODE=52002687335 HTTP/2.0" 200 207191 "-" "Mozilla/5.0 AppleWebKit/537.36 (KHTML, like Gecko; compatible; bingbot/2.0; +http://www.bing.com/bingbot.htm) Chrome/116.0.1938.76 Safari/537.36"
66.249.68.99 - - [17/Sep/2026:15:05:54 +0300] "GET /index.php/maistas-i-namus?sale/search/detail/?ITMCODE=5196880635 HTTP/1.1" 200 207652 "-" "Mozilla/5.0 (Linux; Android 6.0.1; Nexus 5X Build/MMB29P) AppleWebKit/537.36 (KHTML, like Gecko) Chrome/153.0.8010.36 Mobile Safari/537.36 (compatible; Googlebot/2.1; +http://www.google.com/bot.html)"
66.249.68.96 - - [17/Sep/2026:15:05:54 +0300] "GET /index.php/maistas-i-namus?sale/search/detail/?ITMCODE=5195402440 HTTP/1.1" 200 215430 "-" "Mozilla/5.0 (Linux; Android 6.0.1; Nexus 5X Build/MMB29P) AppleWebKit/537.36 (KHTML, like Gecko) Chrome/153.0.8010.36 Mobile Safari/537.36 (compatible; Googlebot/2.1; +http://www.google.com/bot.html)"
66.249.68.103 - - [17/Sep/2026:15:05:55 +0300] "GET /index.php/kontaktai?sale/search/detail/?ITMCODE=5196548727 HTTP/1.1" 200 205281 "-" "Mozilla/5.0 (Linux; Android 6.0.1; Nexus 5X Build/MMB29P) AppleWebKit/537.36 (KHTML, like Gecko) Chrome/153.0.8010.36 Mobile Safari/537.36 (compatible; Googlebot/2.1; +http://www.google.com/bot.html)"
66.249.68.96 - - [17/Sep/2026:15:05:55 +0300] "GET /index.php/meniu?sale/search/detail/?ITMCODE=52002575470 HTTP/1.1" 200 199020 "-" "Mozilla/5.0 (Linux; Android 6.0.1; Nexus 5X Build/MMB29P) AppleWebKit/537.36 (KHTML, like Gecko) Chrome/153.0.8010.36 Mobile Safari/537.36 (compatible; Googlebot/2.1; +http://www.google.com/bot.html)"
66.249.68.98 - - [17/Sep/2026:15:05:55 +0300] "GET /index.php/maistas-i-namus?sale/search/detail/?ITMCODE=5195100750 HTTP/1.1" 200 213323 "-" "Mozilla/5.0 (Linux; Android 6.0.1; Nexus 5X Build/MMB29P) AppleWebKit/537.36 (KHTML, like Gecko) Chrome/153.0.8010.36 Mobile Safari/537.36 (compatible; Googlebot/2.1; +http://www.google.com/bot.html)"
66.249.68.101 - - [17/Sep/2026:15:05:55 +0300] "GET /index.php/dienos-pietus?sale/search/detail/?ITMCODE=51981863591 HTTP/1.1" 200 201955 "-" "Mozilla/5.0 (Linux; Android 6.0.1; Nexus 5X Build/MMB29P) AppleWebKit/537.36 (KHTML, like Gecko) Chrome/153.0.8010.36 Mobile Safari/537.36 (compatible; Googlebot/2.1; +http://www.google.com/bot.html)"
66.249.68.99 - - [17/Sep/2026:15:05:55 +0300] "GET /index.php/dienos-pietus?sale/search/detail/?ITMCODE=51981813115 HTTP/1.1" 200 223437 "-" "Mozilla/5.0 (Linux; Android 6.0.1; Nexus 5X Build/MMB29P) AppleWebKit/537.36 (KHTML, like Gecko) Chrome/153.0.8010.36 Mobile Safari/537.36 (compatible; Googlebot/2.1; +http://www.google.com/bot.html)"
66.249.68.103 - - [17/Sep/2026:15:05:56 +0300] "GET /index.php/dienos-pietus?sale/search/detail/?ITMCODE=52002689248 HTTP/1.1" 200 198960 "-" "Mozilla/5.0 (Linux; Android 6.0.1; Nexus 5X Build/MMB29P) AppleWebKit/537.36 (KHTML, like Gecko) Chrome/153.0.8010.36 Mobile Safari/537.36 (compatible; Googlebot/2.1; +http://www.google.com/bot.html)"
66.249.68.100 - - [17/Sep/2026:15:05:56 +0300] "GET /index.php/meniu?sale/search/detail/?ITMCODE=52002992838 HTTP/1.1" 200 201121 "-" "Mozilla/5.0 (Linux; Android 6.0.1; Nexus 5X Build/MMB29P) AppleWebKit/537.36 (KHTML, like Gecko) Chrome/153.0.8010.36 Mobile Safari/537.36 (compatible; Googlebot/2.1; +http://www.google.com/bot.html)"
66.249.68.97 - - [17/Sep/2026:15:05:57 +0300] "GET /index.php/meniu?shop/c/c51981001902/ HTTP/1.1" 200 112277 "-" "Mozilla/5.0 (Linux; Android 6.0.1; Nexus 5X Build/MMB29P) AppleWebKit/537.36 (KHTML, like Gecko) Chrome/153.0.8010.36 Mobile Safari/537.36 (compatible; Googlebot/2.1; +http://www.google.com/bot.html)"
66.249.68.103 - - [17/Sep/2026:15:05:57 +0300] "GET /index.php/maistas-i-namus?sale/search/detail/?ITMCODE=5196885710 HTTP/1.1" 200 205184 "-" "Mozilla/5.0 (Linux; Android 6.0.1; Nexus 5X Build/MMB29P) AppleWebKit/537.36 (KHTML, like Gecko) Chrome/153.0.8010.36 Mobile Safari/537.36 (compatible; Googlebot/2.1; +http://www.google.com/bot.html)"
66.249.68.96 - - [17/Sep/2026:15:05:57 +0300] "GET /index.php/meniu?sale/search/detail/?ITMCODE=51992315922 HTTP/1.1" 200 198611 "-" "Mozilla/5.0 (Linux; Android 6.0.1; Nexus 5X Build/MMB29P) AppleWebKit/537.36 (KHTML, like Gecko) Chrome/153.0.8010.36 Mobile Safari/537.36 (compatible; Googlebot/2.1; +http://www.google.com/bot.html)"
66.249.68.100 - - [17/Sep/2026:15:05:57 +0300] "GET /index.php/kontaktai?sale/search/detail/?ITMCODE=5195404487 HTTP/1.1" 200 220204 "-" "Mozilla/5.0 (Linux; Android 6.0.1; Nexus 5X Build/MMB29P) AppleWebKit/537.36 (KHTML, like Gecko) Chrome/153.0.8010.36 Mobile Safari/537.36 (compatible; Googlebot/2.1; +http://www.google.com/bot.html)"
66.249.68.104 - - [17/Sep/2026:15:05:57 +0300] "GET /index.php/kontaktai?sale/search/detail/?ITMCODE=5196517411 HTTP/1.1" 200 200557 "-" "Mozilla/5.0 (Linux; Android 6.0.1; Nexus 5X Build/MMB29P) AppleWebKit/537.36 (KHTML, like Gecko) Chrome/153.0.8010.36 Mobile Safari/537.36 (compatible; Googlebot/2.1; +http://www.google.com/bot.html)"
66.249.68.97 - - [17/Sep/2026:15:05:58 +0300] "GET /index.php/meniu?sale/search/detail/?ITMCODE=5196580594 HTTP/1.1" 200 200388 "-" "Mozilla/5.0 (Linux; Android 6.0.1; Nexus 5X Build/MMB29P) AppleWebKit/537.36 (KHTML, like Gecko) Chrome/153.0.8010.36 Mobile Safari/537.36 (compatible; Googlebot/2.1; +http://www.google.com/bot.html)"
66.249.68.96 - - [17/Sep/2026:15:05:59 +0300] "GET /index.php/maistas-i-namus?sale/search/detail/?ITMCODE=51971232828 HTTP/1.1" 200 206761 "-" "Mozilla/5.0 (Linux; Android 6.0.1; Nexus 5X Build/MMB29P) AppleWebKit/537.36 (KHTML, like Gecko) Chrome/153.0.8010.36 Mobile Safari/537.36 (compatible; Googlebot/2.1; +http://www.google.com/bot.html)"
66.249.68.105 - - [17/Sep/2026:15:05:59 +0300] "GET /index.php/maistas-i-namus?sale/search/detail/?ITMCODE=5196556888 HTTP/1.1" 200 207600 "-" "Mozilla/5.0 (Linux; Android 6.0.1; Nexus 5X Build/MMB29P) AppleWebKit/537.36 (KHTML, like Gecko) Chrome/153.0.8010.36 Mobile Safari/537.36 (compatible; Googlebot/2.1; +http://www.google.com/bot.html)"
66.249.68.96 - - [17/Sep/2026:15:06:00 +0300] "GET /index.php/meniu?shop/c/c51961000328/ HTTP/1.1" 200 129253 "-" "Mozilla/5.0 (Linux; Android 6.0.1; Nexus 5X Build/MMB29P) AppleWebKit/537.36 (KHTML, like Gecko) Chrome/153.0.8010.36 Mobile Safari/537.36 (compatible; Googlebot/2.1; +http://www.google.com/bot.html)"
66.249.68.98 - - [17/Sep/2026:15:06:00 +0300] "GET /index.php/kontaktai?sale/search/detail/?ITMCODE=51971314378 HTTP/1.1" 200 206089 "-" "Mozilla/5.0 (Linux; Android 6.0.1; Nexus 5X Build/MMB29P) AppleWebKit/537.36 (KHTML, like Gecko) Chrome/153.0.8010.36 Mobile Safari/537.36 (compatible; Googlebot/2.1; +http://www.google.com/bot.html)"
66.249.68.102 - - [17/Sep/2026:15:06:00 +0300] "GET /index.php/maistas-i-namus?sale/search/detail/?ITMCODE=5196732826 HTTP/1.1" 200 201280 "-" "Mozilla/5.0 (Linux; Android 6.0.1; Nexus 5X Build/MMB29P) AppleWebKit/537.36 (KHTML, like Gecko) Chrome/153.0.8010.36 Mobile Safari/537.36 (compatible; Googlebot/2.1; +http://www.google.com/bot.html)"
66.249.68.99 - - [17/Sep/2026:15:06:00 +0300] "GET /index.php/meniu?sale/search/detail/?ITMCODE=5196787751 HTTP/1.1" 200 211330 "-" "Mozilla/5.0 (Linux; Android 6.0.1; Nexus 5X Build/MMB29P) AppleWebKit/537.36 (KHTML, like Gecko) Chrome/153.0.8010.36 Mobile Safari/537.36 (compatible; Googlebot/2.1; +http://www.google.com/bot.html)"
66.249.68.105 - - [17/Sep/2026:15:06:00 +0300] "GET /index.php/kontaktai?sale/search/detail/?ITMCODE=51971498700 HTTP/1.1" 200 206933 "-" "Mozilla/5.0 (Linux; Android 6.0.1; Nexus 5X Build/MMB29P) AppleWebKit/537.36 (KHTML, like Gecko) Chrome/153.0.8010.36 Mobile Safari/537.36 (compatible; Googlebot/2.1; +http://www.google.com/bot.html)"
66.249.68.101 - - [17/Sep/2026:15:06:00 +0300] "GET /index.php/meniu?sale/search/detail/?ITMCODE=51971033891 HTTP/1.1" 200 198903 "-" "Mozilla/5.0 (Linux; Android 6.0.1; Nexus 5X Build/MMB29P) AppleWebKit/537.36 (KHTML, like Gecko) Chrome/153.0.8010.36 Mobile Safari/537.36 (compatible; Googlebot/2.1; +http://www.google.com/bot.html)"
66.249.68.96 - - [17/Sep/2026:15:06:01 +0300] "GET /index.php/kontaktai?sale/search/detail/?ITMCODE=51971125498 HTTP/1.1" 200 208423 "-" "Mozilla/5.0 (Linux; Android 6.0.1; Nexus 5X Build/MMB29P) AppleWebKit/537.36 (KHTML, like Gecko) Chrome/153.0.8010.36 Mobile Safari/537.36 (compatible; Googlebot/2.1; +http://www.google.com/bot.html)"
66.249.68.102 - - [17/Sep/2026:15:06:01 +0300] "GET /index.php/meniu?sale/search/detail/?ITMCODE=51992043497 HTTP/1.1" 200 220946 "-" "Mozilla/5.0 (Linux; Android 6.0.1; Nexus 5X Build/MMB29P) AppleWebKit/537.36 (KHTML, like Gecko) Chrome/153.0.8010.36 Mobile Safari/537.36 (compatible; Googlebot/2.1; +http://www.google.com/bot.html)"
66.249.68.105 - - [17/Sep/2026:15:06:02 +0300] "GET /index.php/maistas-i-namus?sale/search/detail/?ITMCODE=51971044191 HTTP/1.1" 200 203580 "-" "Mozilla/5.0 (Linux; Android 6.0.1; Nexus 5X Build/MMB29P) AppleWebKit/537.36 (KHTML, like Gecko) Chrome/153.0.8010.36 Mobile Safari/537.36 (compatible; Googlebot/2.1; +http://www.google.com/bot.html)"
66.249.68.101 - - [17/Sep/2026:15:06:02 +0300] "GET /index.php/maistas-i-namus?sale/search/detail/?ITMCODE=52002809475 HTTP/1.1" 200 211155 "-" "Mozilla/5.0 (Linux; Android 6.0.1; Nexus 5X Build/MMB29P) AppleWebKit/537.36 (KHTML, like Gecko) Chrome/153.0.8010.36 Mobile Safari/537.36 (compatible; Googlebot/2.1; +http://www.google.com/bot.html)"
66.249.68.99 - - [17/Sep/2026:15:06:02 +0300] "GET /index.php/kontaktai?shop/c/c51961001422/ HTTP/1.1" 200 92139 "-" "Mozilla/5.0 (Linux; Android 6.0.1; Nexus 5X Build/MMB29P) AppleWebKit/537.36 (KHTML, like Gecko) Chrome/153.0.8010.36 Mobile Safari/537.36 (compatible; Googlebot/2.1; +http://www.google.com/bot.html)"
66.249.68.97 - - [17/Sep/2026:15:06:02 +0300] "GET /index.php/dienos-pietus?sale/search/detail/?ITMCODE=51992353203 HTTP/1.1" 200 202734 "-" "Mozilla/5.0 (Linux; Android 6.0.1; Nexus 5X Build/MMB29P) AppleWebKit/537.36 (KHTML, like Gecko) Chrome/153.0.8010.36 Mobile Safari/537.36 (compatible; Googlebot/2.1; +http://www.google.com/bot.html)"
66.249.68.97 - - [17/Sep/2026:15:06:02 +0300] "GET /index.php/kontaktai?sale/search/detail/?ITMCODE=5196531340 HTTP/1.1" 200 226297 "-" "Mozilla/5.0 (Linux; Android 6.0.1; Nexus 5X Build/MMB29P) AppleWebKit/537.36 (KHTML, like Gecko) Chrome/153.0.8010.36 Mobile Safari/537.36 (compatible; Googlebot/2.1; +http://www.google.com/bot.html)"
66.249.68.105 - - [17/Sep/2026:15:06:03 +0300] "GET /index.php/maistas-i-namus?sale/search/detail/?ITMCODE=51971029139 HTTP/1.1" 200 215939 "-" "Mozilla/5.0 (Linux; Android 6.0.1; Nexus 5X Build/MMB29P) AppleWebKit/537.36 (KHTML, like Gecko) Chrome/153.0.8010.36 Mobile Safari/537.36 (compatible; Googlebot/2.1; +http://www.google.com/bot.html)"
66.249.68.98 - - [17/Sep/2026:15:06:03 +0300] "GET /index.php/meniu?sale/search/detail/?ITMCODE=51992400155 HTTP/1.1" 200 203328 "-" "Mozilla/5.0 (Linux; Android 6.0.1; Nexus 5X Build/MMB29P) AppleWebKit/537.36 (KHTML, like Gecko) Chrome/153.0.8010.36 Mobile Safari/537.36 (compatible; Googlebot/2.1; +http://www.google.com/bot.html)"
66.249.68.99 - - [17/Sep/2026:15:06:03 +0300] "GET /index.php/kontaktai?sale/search/detail/?ITMCODE=5196500896 HTTP/1.1" 200 203583 "-" "Mozilla/5.0 (Linux; Android 6.0.1; Nexus 5X Build/MMB29P) AppleWebKit/537.36 (KHTML, like Gecko) Chrome/153.0.8010.36 Mobile Safari/537.36 (compatible; Googlebot/2.1; +http://www.google.com/bot.html)"
66.249.68.98 - - [17/Sep/2026:15:06:04 +0300] "GET /index.php/maistas-i-namus?sale/search/detail/?ITMCODE=51981913459 HTTP/1.1" 200 221892 "-" "Mozilla/5.0 (Linux; Android 6.0.1; Nexus 5X Build/MMB29P) AppleWebKit/537.36 (KHTML, like Gecko) Chrome/153.0.8010.36 Mobile Safari/537.36 (compatible; Googlebot/2.1; +http://www.google.com/bot.html)"
66.249.68.105 - - [17/Sep/2026:15:06:04 +0300] "GET /index.php/maistas-i-namus?sale/search/detail/?ITMCODE=51992399090 HTTP/1.1" 200 201995 "-" "Mozilla/5.0 (Linux; Android 6.0.1; Nexus 5X Build/MMB29P) AppleWebKit/537.36 (KHTML, like Gecko) Chrome/153.0.8010.36 Mobile Safari/537.36 (compatible; Googlebot/2.1; +http://www.google.com/bot.html)"
66.249.68.97 - - [17/Sep/2026:15:06:04 +0300] "GET /index.php/kontaktai?sale/search/detail/?ITMCODE=51992430249 HTTP/1.1" 200 200792 "-" "Mozilla/5.0 (Linux; Android 6.0.1; Nexus 5X Build/MMB29P) AppleWebKit/537.36 (KHTML, like Gecko) Chrome/153.0.8010.36 Mobile Safari/537.36 (compatible; Googlebot/2.1; +http://www.google.com/bot.html)"
66.249.68.100 - - [17/Sep/2026:15:06:04 +0300] "GET /index.php/maistas-i-namus?sale/search/detail/?ITMCODE=519539019 HTTP/1.1" 200 201862 "-" "Mozilla/5.0 (Linux; Android 6.0.1; Nexus 5X Build/MMB29P) AppleWebKit/537.36 (KHTML, like Gecko) Chrome/153.0.8010.36 Mobile Safari/537.36 (compatible; Googlebot/2.1; +http://www.google.com/bot.html)"
66.249.68.98 - - [17/Sep/2026:15:06:04 +0300] "GET /index.php/maistas-i-namus?sale/search/detail/?ITMCODE=5196891016 HTTP/1.1" 200 208659 "-" "Mozilla/5.0 (Linux; Android 6.0.1; Nexus 5X Build/MMB29P) AppleWebKit/537.36 (KHTML, like Gecko) Chrome/153.0.8010.36 Mobile Safari/537.36 (compatible; Googlebot/2.1; +http://www.google.com/bot.html)"
66.249.68.96 - - [17/Sep/2026:15:06:05 +0300] "GET /index.php/maistas-i-namus?sale/search/detail/?ITMCODE=51971192345 HTTP/1.1" 200 205068 "-" "Mozilla/5.0 (Linux; Android 6.0.1; Nexus 5X Build/MMB29P) AppleWebKit/537.36 (KHTML, like Gecko) Chrome/153.0.8010.36 Mobile Safari/537.36 (compatible; Googlebot/2.1; +http://www.google.com/bot.html)"
66.249.68.104 - - [17/Sep/2026:15:06:05 +0300] "GET /shop/pg/5195285763 HTTP/1.1" 200 209493 "-" "Mozilla/5.0 (Linux; Android 6.0.1; Nexus 5X Build/MMB29P) AppleWebKit/537.36 (KHTML, like Gecko) Chrome/153.0.8010.36 Mobile Safari/537.36 (compatible; Googlebot/2.1; +http://www.google.com/bot.html)"
66.249.68.101 - - [17/Sep/2026:15:06:05 +0300] "GET /index.php/meniu?sale/search/detail/?ITMCODE=51971010783 HTTP/1.1" 200 202774 "-" "Mozilla/5.0 (Linux; Android 6.0.1; Nexus 5X Build/MMB29P) AppleWebKit/537.36 (KHTML, like Gecko) Chrome/153.0.8010.36 Mobile Safari/537.36 (compatible; Googlebot/2.1; +http://www.google.com/bot.html)"
66.249.68.104 - - [17/Sep/2026:15:06:06 +0300] "GET /index.php/meniu?sale/search/detail/?ITMCODE=52002640714 HTTP/1.1" 200 204863 "-" "Mozilla/5.0 (Linux; Android 6.0.1; Nexus 5X Build/MMB29P) AppleWebKit/537.36 (KHTML, like Gecko) Chrome/153.0.8010.36 Mobile Safari/537.36 (compatible; Googlebot/2.1; +http://www.google.com/bot.html)"
66.249.68.100 - - [17/Sep/2026:15:06:07 +0300] "GET /index.php/maistas-i-namus?sale/search/detail/?ITMCODE=51992122941 HTTP/1.1" 200 216208 "-" "Mozilla/5.0 (Linux; Android 6.0.1; Nexus 5X Build/MMB29P) AppleWebKit/537.36 (KHTML, like Gecko) Chrome/153.0.8010.36 Mobile Safari/537.36 (compatible; Googlebot/2.1; +http://www.google.com/bot.html)"
66.249.68.96 - - [17/Sep/2026:15:06:07 +0300] "GET /index.php/kontaktai?sale/search/detail/?ITMCODE=51971343880 HTTP/1.1" 200 199723 "-" "Mozilla/5.0 (Linux; Android 6.0.1; Nexus 5X Build/MMB29P) AppleWebKit/537.36 (KHTML, like Gecko) Chrome/153.0.8010.36 Mobile Safari/537.36 (compatible; Googlebot/2.1; +http://www.google.com/bot.html)"
66.249.68.103 - - [17/Sep/2026:15:06:07 +0300] "GET /index.php/maistas-i-namus?sale/search/detail/?ITMCODE=51992149713 HTTP/1.1" 200 204934 "-" "Mozilla/5.0 (Linux; Android 6.0.1; Nexus 5X Build/MMB29P) AppleWebKit/537.36 (KHTML, like Gecko) Chrome/153.0.8010.36 Mobile Safari/537.36 (compatible; Googlebot/2.1; +http://www.google.com/bot.html)"
66.249.68.103 - - [17/Sep/2026:15:06:07 +0300] "GET /index.php/maistas-i-namus?sale/search/detail/?ITMCODE=52002985825 HTTP/1.1" 200 201724 "-" "Mozilla/5.0 (Linux; Android 6.0.1; Nexus 5X Build/MMB29P) AppleWebKit/537.36 (KHTML, like Gecko) Chrome/153.0.8010.36 Mobile Safari/537.36 (compatible; Googlebot/2.1; +http://www.google.com/bot.html)"
66.249.68.98 - - [17/Sep/2026:15:06:08 +0300] "GET /index.php/maistas-i-namus?shop/c/c51981002078/ HTTP/1.1" 200 91132 "-" "Mozilla/5.0 (Linux; Android 6.0.1; Nexus 5X Build/MMB29P) AppleWebKit/537.36 (KHTML, like Gecko) Chrome/153.0.8010.36 Mobile Safari/537.36 (compatible; Googlebot/2.1; +http://www.google.com/bot.html)"
66.249.68.100 - - [17/Sep/2026:15:06:08 +0300] "GET /index.php/maistas-i-namus?sale/search/detail/?ITMCODE=51971212140 HTTP/1.1" 200 203008 "-" "Mozilla/5.0 (Linux; Android 6.0.1; Nexus 5X Build/MMB29P) AppleWebKit/537.36 (KHTML, like Gecko) Chrome/153.0.8010.36 Mobile Safari/537.36 (compatible; Googlebot/2.1; +http://www.google.com/bot.html)"
66.249.68.99 - - [17/Sep/2026:15:06:08 +0300] "GET /index.php/meniu?sale/search/detail/?ITMCODE=51992005304 HTTP/1.1" 200 208826 "-" "Mozilla/5.0 (Linux; Android 6.0.1; Nexus 5X Build/MMB29P) AppleWebKit/537.36 (KHTML, like Gecko) Chrome/153.0.8010.36 Mobile Safari/537.36 (compatible; Googlebot/2.1; +http://www.google.com/bot.html)"
66.249.68.98 - - [17/Sep/2026:15:06:09 +0300] "GET /index.php/meniu?sale/search/detail/?ITMCODE=5195134154 HTTP/1.1" 200 204641 "-" "Mozilla/5.0 (Linux; Android 6.0.1; Nexus 5X Build/MMB29P) AppleWebKit/537.36 (KHTML, like Gecko) Chrome/153.0.8010.36 Mobile Safari/537.36 (compatible; Googlebot/2.1; +http://www.google.com/bot.html)"
66.249.68.99 - - [17/Sep/2026:15:06:09 +0300] "GET /index.php/kontaktai?sale/search/detail/?ITMCODE=5196789092 HTTP/1.1" 200 201461 "-" "Mozilla/5.0 (Linux; Android 6.0.1; Nexus 5X Build/MMB29P) AppleWebKit/537.36 (KHTML, like Gecko) Chrome/153.0.8010.36 Mobile Safari/537.36 (compatible; Googlebot/2.1; +http://www.google.com/bot.html)"
66.249.68.105 - - [17/Sep/2026:15:06:10 +0300] "GET /index.php/maistas-i-namus?sale/search/detail/?ITMCODE=5195307387 HTTP/1.1" 200 232429 "-" "Mozilla/5.0 (Linux; Android 6.0.1; Nexus 5X Build/MMB29P) AppleWebKit/537.36 (KHTML, like Gecko) Chrome/153.0.8010.36 Mobile Safari/537.36 (compatible; Googlebot/2.1; +http://www.google.com/bot.html)"
66.249.68.104 - - [17/Sep/2026:15:06:10 +0300] "GET /index.php/maistas-i-namus?sale/search/detail/?ITMCODE=51971235182 HTTP/1.1" 200 202340 "-" "Mozilla/5.0 (Linux; Android 6.0.1; Nexus 5X Build/MMB29P) AppleWebKit/537.36 (KHTML, like Gecko) Chrome/153.0.8010.36 Mobile Safari/537.36 (compatible; Googlebot/2.1; +http://www.google.com/bot.html)"
66.249.68.102 - - [17/Sep/2026:15:06:10 +0300] "GET /index.php/meniu?sale/search/detail/?ITMCODE=51992028820 HTTP/1.1" 200 200698 "-" "Mozilla/5.0 (Linux; Android 6.0.1; Nexus 5X Build/MMB29P) AppleWebKit/537.36 (KHTML, like Gecko) Chrome/153.0.8010.36 Mobile Safari/537.36 (compatible; Googlebot/2.1; +http://www.google.com/bot.html)"
185.191.171.13 - - [17/Sep/2026:15:06:11 +0300] "GET /?sale%2Fsearch%2Fdetail%2F%3FITMCODE=51953246400 HTTP/1.1" 200 11123 "-" "Mozilla/5.0 (compatible; SemrushBot/7~bl; +http://www.semrush.com/bot.html)"
66.249.68.105 - - [17/Sep/2026:15:06:10 +0300] "GET /index.php/kontaktai?sale/search/detail/?ITMCODE=5196928112 HTTP/1.1" 200 214749 "-" "Mozilla/5.0 (Linux; Android 6.0.1; Nexus 5X Build/MMB29P) AppleWebKit/537.36 (KHTML, like Gecko) Chrome/153.0.8010.36 Mobile Safari/537.36 (compatible; Googlebot/2.1; +http://www.google.com/bot.html)"
66.249.68.100 - - [17/Sep/2026:15:06:11 +0300] "GET /index.php/dienos-pietus?sale/search/detail/?ITMCODE=5195206374 HTTP/1.1" 200 202726 "-" "Mozilla/5.0 (Linux; Android 6.0.1; Nexus 5X Build/MMB29P) AppleWebKit/537.36 (KHTML, like Gecko) Chrome/153.0.8010.36 Mobile Safari/537.36 (compatible; Googlebot/2.1; +http://www.google.com/bot.html)"
66.249.68.99 - - [17/Sep/2026:15:06:11 +0300] "GET /index.php/kontaktai?sale/search/detail/?ITMCODE=51971000252 HTTP/1.1" 200 204752 "-" "Mozilla/5.0 (Linux; Android 6.0.1; Nexus 5X Build/MMB29P) AppleWebKit/537.36 (KHTML, like Gecko) Chrome/153.0.8010.36 Mobile Safari/537.36 (compatible; Googlebot/2.1; +http://www.google.com/bot.html)"
66.249.68.101 - - [17/Sep/2026:15:06:11 +0300] "GET /index.php/meniu?sale/search/detail/?ITMCODE=5195221607 HTTP/1.1" 200 220011 "-" "Mozilla/5.0 (Linux; Android 6.0.1; Nexus 5X Build/MMB29P) AppleWebKit/537.36 (KHTML, like Gecko) Chrome/153.0.8010.36 Mobile Safari/537.36 (compatible; Googlebot/2.1; +http://www.google.com/bot.html)"
66.249.68.97 - - [17/Sep/2026:15:06:11 +0300] "GET /index.php/meniu?sale/search/detail/?ITMCODE=51992138755 HTTP/1.1" 200 212062 "-" "Mozilla/5.0 (Linux; Android 6.0.1; Nexus 5X Build/MMB29P) AppleWebKit/537.36 (KHTML, like Gecko) Chrome/153.0.8010.36 Mobile Safari/537.36 (compatible; Googlebot/2.1; +http://www.google.com/bot.html)"
66.249.68.104 - - [17/Sep/2026:15:06:11 +0300] "GET /shop/pg/778811 HTTP/1.1" 200 210613 "-" "Mozilla/5.0 (Linux; Android 6.0.1; Nexus 5X Build/MMB29P) AppleWebKit/537.36 (KHTML, like Gecko) Chrome/153.0.8010.36 Mobile Safari/537.36 (compatible; Googlebot/2.1; +http://www.google.com/bot.html)"
66.249.68.96 - - [17/Sep/2026:15:06:11 +0300] "GET /index.php/kontaktai?sale/search/detail/?ITMCODE=5196878123 HTTP/1.1" 200 198456 "-" "Mozilla/5.0 (Linux; Android 6.0.1; Nexus 5X Build/MMB29P) AppleWebKit/537.36 (KHTML, like Gecko) Chrome/153.0.8010.36 Mobile Safari/537.36 (compatible; Googlebot/2.1; +http://www.google.com/bot.html)"
66.249.68.97 - - [17/Sep/2026:15:06:12 +0300] "GET /index.php/maistas-i-namus?sale/search/detail/?ITMCODE=51992251637 HTTP/1.1" 200 230878 "-" "Mozilla/5.0 (Linux; Android 6.0.1; Nexus 5X Build/MMB29P) AppleWebKit/537.36 (KHTML, like Gecko) Chrome/153.0.8010.36 Mobile Safari/537.36 (compatible; Googlebot/2.1; +http://www.google.com/bot.html)"
66.249.68.104 - - [17/Sep/2026:15:06:12 +0300] "GET /index.php/maistas-i-namus?sale/search/detail/?ITMCODE=51981808870 HTTP/1.1" 200 206503 "-" "Mozilla/5.0 (Linux; Android 6.0.1; Nexus 5X Build/MMB29P) AppleWebKit/537.36 (KHTML, like Gecko) Chrome/153.0.8010.36 Mobile Safari/537.36 (compatible; Googlebot/2.1; +http://www.google.com/bot.html)"
66.249.68.102 - - [17/Sep/2026:15:06:12 +0300] "GET /index.php/kontaktai?sale/search/detail/?ITMCODE=52002743822 HTTP/1.1" 200 199181 "-" "Mozilla/5.0 (Linux; Android 6.0.1; Nexus 5X Build/MMB29P) AppleWebKit/537.36 (KHTML, like Gecko) Chrome/153.0.8010.36 Mobile Safari/537.36 (compatible; Googlebot/2.1; +http://www.google.com/bot.html)"
66.249.68.99 - - [17/Sep/2026:15:06:13 +0300] "GET /index.php/kontaktai?shop/c/c51991000110/ HTTP/1.1" 200 89057 "-" "Mozilla/5.0 (Linux; Android 6.0.1; Nexus 5X Build/MMB29P) AppleWebKit/537.36 (KHTML, like Gecko) Chrome/153.0.8010.36 Mobile Safari/537.36 (compatible; Googlebot/2.1; +http://www.google.com/bot.html)"
66.249.68.100 - - [17/Sep/2026:15:06:13 +0300] "GET /index.php/meniu?sale/search/detail/?ITMCODE=5196693259 HTTP/1.1" 200 217006 "-" "Mozilla/5.0 (Linux; Android 6.0.1; Nexus 5X Build/MMB29P) AppleWebKit/537.36 (KHTML, like Gecko) Chrome/153.0.8010.36 Mobile Safari/537.36 (compatible; Googlebot/2.1; +http://www.google.com/bot.html)"
66.249.68.96 - - [17/Sep/2026:15:06:13 +0300] "GET /index.php/meniu?sale/search/detail/?ITMCODE=5195237773 HTTP/1.1" 200 218114 "-" "Mozilla/5.0 (Linux; Android 6.0.1; Nexus 5X Build/MMB29P) AppleWebKit/537.36 (KHTML, like Gecko) Chrome/153.0.8010.36 Mobile Safari/537.36 (compatible; Googlebot/2.1; +http://www.google.com/bot.html)"
185.191.171.2 - - [17/Sep/2026:15:06:14 +0300] "GET /?sale%2Fsearch%2Fdetail%2F%3FITMCODE=51998093327 HTTP/1.1" 200 11123 "-" "Mozilla/5.0 (compatible; SemrushBot/7~bl; +http://www.semrush.com/bot.html)"
66.249.68.102 - - [17/Sep/2026:15:06:14 +0300] "GET /index.php/meniu?sale/search/detail/?ITMCODE=5195208472 HTTP/1.1" 200 205648 "-" "Mozilla/5.0 (Linux; Android 6.0.1; Nexus 5X Build/MMB29P) AppleWebKit/537.36 (KHTML, like Gecko) Chrome/153.0.8010.36 Mobile Safari/537.36 (compatible; Googlebot/2.1; +http://www.google.com/bot.html)"
66.249.68.103 - - [17/Sep/2026:15:06:14 +0300] "GET /index.php/meniu?sale/search/detail/?ITMCODE=51971234691 HTTP/1.1" 200 209760 "-" "Mozilla/5.0 (Linux; Android 6.0.1; Nexus 5X Build/MMB29P) AppleWebKit/537.36 (KHTML, like Gecko) Chrome/153.0.8010.36 Mobile Safari/537.36 (compatible; Googlebot/2.1; +http://www.google.com/bot.html)"
66.249.68.105 - - [17/Sep/2026:15:06:14 +0300] "GET /index.php/maistas-i-namus?sale/search/detail/?ITMCODE=5196780429 HTTP/1.1" 200 201833 "-" "Mozilla/5.0 (Linux; Android 6.0.1; Nexus 5X Build/MMB29P) AppleWebKit/537.36 (KHTML, like Gecko) Chrome/153.0.8010.36 Mobile Safari/537.36 (compatible; Googlebot/2.1; +http://www.google.com/bot.html)"
66.249.68.99 - - [17/Sep/2026:15:06:15 +0300] "GET /index.php/dienos-pietus?sale/search/detail/?ITMCODE=51992451491 HTTP/1.1" 200 213892 "-" "Mozilla/5.0 (Linux; Android 6.0.1; Nexus 5X Build/MMB29P) AppleWebKit/537.36 (KHTML, like Gecko) Chrome/153.0.8010.36 Mobile Safari/537.36 (compatible; Googlebot/2.1; +http://www.google.com/bot.html)"
66.249.68.96 - - [17/Sep/2026:15:06:15 +0300] "GET /index.php/kontaktai?shop/c/c51991000114/ HTTP/1.1" 200 116481 "-" "Mozilla/5.0 (Linux; Android 6.0.1; Nexus 5X Build/MMB29P) AppleWebKit/537.36 (KHTML, like Gecko) Chrome/153.0.8010.36 Mobile Safari/537.36 (compatible; Googlebot/2.1; +http://www.google.com/bot.html)"
66.249.68.105 - - [17/Sep/2026:15:06:15 +0300] "GET /index.php/maistas-i-namus?sale/search/detail/?ITMCODE=51992108972 HTTP/1.1" 200 205425 "-" "Mozilla/5.0 (Linux; Android 6.0.1; Nexus 5X Build/MMB29P) AppleWebKit/537.36 (KHTML, like Gecko) Chrome/153.0.8010.36 Mobile Safari/537.36 (compatible; Googlebot/2.1; +http://www.google.com/bot.html)"
66.249.68.99 - - [17/Sep/2026:15:06:15 +0300] "GET /index.php/maistas-i-namus?sale/search/detail/?ITMCODE=51981906807 HTTP/1.1" 200 207158 "-" "Mozilla/5.0 (Linux; Android 6.0.1; Nexus 5X Build/MMB29P) AppleWebKit/537.36 (KHTML, like Gecko) Chrome/153.0.8010.36 Mobile Safari/537.36 (compatible; Googlebot/2.1; +http://www.google.com/bot.html)"
66.249.68.99 - - [17/Sep/2026:15:06:15 +0300] "GET /index.php/kontaktai?sale/search/detail/?ITMCODE=51971421729 HTTP/1.1" 200 202668 "-" "Mozilla/5.0 (Linux; Android 6.0.1; Nexus 5X Build/MMB29P) AppleWebKit/537.36 (KHTML, like Gecko) Chrome/153.0.8010.36 Mobile Safari/537.36 (compatible; Googlebot/2.1; +http://www.google.com/bot.html)"
66.249.68.101 - - [17/Sep/2026:15:06:16 +0300] "GET /index.php/kontaktai?sale/search/detail/?ITMCODE=52002671790 HTTP/1.1" 200 202997 "-" "Mozilla/5.0 (Linux; Android 6.0.1; Nexus 5X Build/MMB29P) AppleWebKit/537.36 (KHTML, like Gecko) Chrome/153.0.8010.36 Mobile Safari/537.36 (compatible; Googlebot/2.1; +http://www.google.com/bot.html)"
66.249.68.96 - - [17/Sep/2026:15:06:16 +0300] "GET /index.php/meniu?sale/search/detail/?ITMCODE=51971376154 HTTP/1.1" 200 217283 "-" "Mozilla/5.0 (Linux; Android 6.0.1; Nexus 5X Build/MMB29P) AppleWebKit/537.36 (KHTML, like Gecko) Chrome/153.0.8010.36 Mobile Safari/537.36 (compatible; Googlebot/2.1; +http://www.google.com/bot.html)"
185.191.171.11 - - [17/Sep/2026:15:06:16 +0300] "GET /?sale%2Fsearch%2Fdetail%2F%3FITMCODE=520023575557 HTTP/1.1" 200 11123 "-" "Mozilla/5.0 (compatible; SemrushBot/7~bl; +http://www.semrush.com/bot.html)"
66.249.68.105 - - [17/Sep/2026:15:06:17 +0300] "GET /index.php/maistas-i-namus?sale/search/detail/?ITMCODE=51992083407 HTTP/1.1" 200 208261 "-" "Mozilla/5.0 (Linux; Android 6.0.1; Nexus 5X Build/MMB29P) AppleWebKit/537.36 (KHTML, like Gecko) Chrome/153.0.8010.36 Mobile Safari/537.36 (compatible; Googlebot/2.1; +http://www.google.com/bot.html)"
66.249.68.96 - - [17/Sep/2026:15:06:17 +0300] "GET /shop/pg/1458873 HTTP/1.1" 200 195900 "-" "Mozilla/5.0 (Linux; Android 6.0.1; Nexus 5X Build/MMB29P) AppleWebKit/537.36 (KHTML, like Gecko) Chrome/153.0.8010.36 Mobile Safari/537.36 (compatible; Googlebot/2.1; +http://www.google.com/bot.html)"
66.249.68.97 - - [17/Sep/2026:15:06:17 +0300] "GET /index.php/maistas-i-namus?sale/search/detail/?ITMCODE=52002932113 HTTP/1.1" 200 210398 "-" "Mozilla/5.0 (Linux; Android 6.0.1; Nexus 5X Build/MMB29P) AppleWebKit/537.36 (KHTML, like Gecko) Chrome/153.0.8010.36 Mobile Safari/537.36 (compatible; Googlebot/2.1; +http://www.google.com/bot.html)"
66.249.68.100 - - [17/Sep/2026:15:06:17 +0300] "GET /index.php/kontaktai?sale/search/detail/?ITMCODE=52002560170 HTTP/1.1" 200 205438 "-" "Mozilla/5.0 (Linux; Android 6.0.1; Nexus 5X Build/MMB29P) AppleWebKit/537.36 (KHTML, like Gecko) Chrome/153.0.8010.36 Mobile Safari/537.36 (compatible; Googlebot/2.1; +http://www.google.com/bot.html)"
66.249.68.103 - - [17/Sep/2026:15:06:18 +0300] "GET /index.php/meniu?sale/search/detail/?ITMCODE=519544094 HTTP/1.1" 200 210785 "-" "Mozilla/5.0 (Linux; Android 6.0.1; Nexus 5X Build/MMB29P) AppleWebKit/537.36 (KHTML, like Gecko) Chrome/153.0.8010.36 Mobile Safari/537.36 (compatible; Googlebot/2.1; +http://www.google.com/bot.html)"
66.249.68.105 - - [17/Sep/2026:15:06:18 +0300] "GET /index.php/maistas-i-namus?sale/search/detail/?ITMCODE=5195265885 HTTP/1.1" 200 223573 "-" "Mozilla/5.0 (Linux; Android 6.0.1; Nexus 5X Build/MMB29P) AppleWebKit/537.36 (KHTML, like Gecko) Chrome/153.0.8010.36 Mobile Safari/537.36 (compatible; Googlebot/2.1; +http://www.google.com/bot.html)"
66.249.68.102 - - [17/Sep/2026:15:06:19 +0300] "GET /index.php/maistas-i-namus?sale/search/detail/?ITMCODE=51971193152 HTTP/1.1" 200 206992 "-" "Mozilla/5.0 (Linux; Android 6.0.1; Nexus 5X Build/MMB29P) AppleWebKit/537.36 (KHTML, like Gecko) Chrome/153.0.8010.36 Mobile Safari/537.36 (compatible; Googlebot/2.1; +http://www.google.com/bot.html)"
66.249.68.101 - - [17/Sep/2026:15:06:19 +0300] "GET /index.php/kontaktai?sale/search/detail/?ITMCODE=51992128314 HTTP/1.1" 200 204579 "-" "Mozilla/5.0 (Linux; Android 6.0.1; Nexus 5X Build/MMB29P) AppleWebKit/537.36 (KHTML, like Gecko) Chrome/153.0.8010.36 Mobile Safari/537.36 (compatible; Googlebot/2.1; +http://www.google.com/bot.html)"
66.249.68.103 - - [17/Sep/2026:15:06:21 +0300] "GET /sale/search/detail/?ITMCODE=51992139926 HTTP/1.1" 200 222040 "-" "Mozilla/5.0 (Linux; Android 6.0.1; Nexus 5X Build/MMB29P) AppleWebKit/537.36 (KHTML, like Gecko) Chrome/153.0.8010.36 Mobile Safari/537.36 (compatible; Googlebot/2.1; +http://www.google.com/bot.html)"
66.249.68.101 - - [17/Sep/2026:15:06:21 +0300] "GET /sale/search/detail/?ITMCODE=52002950361 HTTP/1.1" 200 214866 "-" "Mozilla/5.0 (Linux; Android 6.0.1; Nexus 5X Build/MMB29P) AppleWebKit/537.36 (KHTML, like Gecko) Chrome/153.0.8010.36 Mobile Safari/537.36 (compatible; Googlebot/2.1; +http://www.google.com/bot.html)"
66.249.68.101 - - [17/Sep/2026:15:06:22 +0300] "GET /index.php/maistas-i-namus?shop/c/c51981000532/ HTTP/1.1" 200 104327 "-" "Mozilla/5.0 (Linux; Android 6.0.1; Nexus 5X Build/MMB29P) AppleWebKit/537.36 (KHTML, like Gecko) Chrome/153.0.8010.36 Mobile Safari/537.36 (compatible; Googlebot/2.1; +http://www.google.com/bot.html)"
66.249.68.100 - - [17/Sep/2026:15:06:22 +0300] "GET /index.php/meniu?sale/search/detail/?ITMCODE=5196517620 HTTP/1.1" 200 199649 "-" "Mozilla/5.0 (Linux; Android 6.0.1; Nexus 5X Build/MMB29P) AppleWebKit/537.36 (KHTML, like Gecko) Chrome/153.0.8010.36 Mobile Safari/537.36 (compatible; Googlebot/2.1; +http://www.google.com/bot.html)"
66.249.68.103 - - [17/Sep/2026:15:06:23 +0300] "GET /sale/search/detail/?ITMCODE=51971362996 HTTP/1.1" 200 198442 "-" "Mozilla/5.0 (Linux; Android 6.0.1; Nexus 5X Build/MMB29P) AppleWebKit/537.36 (KHTML, like Gecko) Chrome/153.0.8010.36 Mobile Safari/537.36 (compatible; Googlebot/2.1; +http://www.google.com/bot.html)"
66.249.68.101 - - [17/Sep/2026:15:06:23 +0300] "GET /index.php/kontaktai?sale/search/detail/?ITMCODE=5196862448 HTTP/1.1" 200 203342 "-" "Mozilla/5.0 (Linux; Android 6.0.1; Nexus 5X Build/MMB29P) AppleWebKit/537.36 (KHTML, like Gecko) Chrome/153.0.8010.36 Mobile Safari/537.36 (compatible; Googlebot/2.1; +http://www.google.com/bot.html)"
66.249.68.101 - - [17/Sep/2026:15:06:24 +0300] "GET /index.php/maistas-i-namus?sale/search/detail/?ITMCODE=51981608933 HTTP/1.1" 200 222078 "-" "Mozilla/5.0 (Linux; Android 6.0.1; Nexus 5X Build/MMB29P) AppleWebKit/537.36 (KHTML, like Gecko) Chrome/153.0.8010.36 Mobile Safari/537.36 (compatible; Googlebot/2.1; +http://www.google.com/bot.html)"
66.249.68.104 - - [17/Sep/2026:15:06:24 +0300] "GET /index.php/maistas-i-namus?sale/search/detail/?ITMCODE=51992044574 HTTP/1.1" 200 210781 "-" "Mozilla/5.0 (Linux; Android 6.0.1; Nexus 5X Build/MMB29P) AppleWebKit/537.36 (KHTML, like Gecko) Chrome/153.0.8010.36 Mobile Safari/537.36 (compatible; Googlebot/2.1; +http://www.google.com/bot.html)"
66.249.68.97 - - [17/Sep/2026:15:06:25 +0300] "GET /index.php/meniu?shop/c/c51951001303/ HTTP/1.1" 200 84289 "-" "Mozilla/5.0 (Linux; Android 6.0.1; Nexus 5X Build/MMB29P) AppleWebKit/537.36 (KHTML, like Gecko) Chrome/153.0.8010.36 Mobile Safari/537.36 (compatible; Googlebot/2.1; +http://www.google.com/bot.html)"
66.249.68.104 - - [17/Sep/2026:15:06:25 +0300] "GET /index.php/kontaktai?sale/search/detail/?ITMCODE=52002827041 HTTP/1.1" 200 200382 "-" "Mozilla/5.0 (Linux; Android 6.0.1; Nexus 5X Build/MMB29P) AppleWebKit/537.36 (KHTML, like Gecko) Chrome/153.0.8010.36 Mobile Safari/537.36 (compatible; Googlebot/2.1; +http://www.google.com/bot.html)"
66.249.68.102 - - [17/Sep/2026:15:06:25 +0300] "GET /index.php/maistas-i-namus?sale/search/detail/?ITMCODE=51971195743 HTTP/1.1" 200 208096 "-" "Mozilla/5.0 (Linux; Android 6.0.1; Nexus 5X Build/MMB29P) AppleWebKit/537.36 (KHTML, like Gecko) Chrome/153.0.8010.36 Mobile Safari/537.36 (compatible; Googlebot/2.1; +http://www.google.com/bot.html)"
66.249.68.96 - - [17/Sep/2026:15:06:25 +0300] "GET /index.php/meniu?sale/search/detail/?ITMCODE=51981808784 HTTP/1.1" 200 204465 "-" "Mozilla/5.0 (Linux; Android 6.0.1; Nexus 5X Build/MMB29P) AppleWebKit/537.36 (KHTML, like Gecko) Chrome/153.0.8010.36 Mobile Safari/537.36 (compatible; Googlebot/2.1; +http://www.google.com/bot.html)"
66.249.68.101 - - [17/Sep/2026:15:06:26 +0300] "GET /index.php/dienos-pietus?sale/search/detail/?ITMCODE=5196800988 HTTP/1.1" 200 202296 "-" "Mozilla/5.0 (Linux; Android 6.0.1; Nexus 5X Build/MMB29P) AppleWebKit/537.36 (KHTML, like Gecko) Chrome/153.0.8010.36 Mobile Safari/537.36 (compatible; Googlebot/2.1; +http://www.google.com/bot.html)"
66.249.68.104 - - [17/Sep/2026:15:06:26 +0300] "GET /sale/search/detail/?ITMCODE=51971080150 HTTP/1.1" 200 201957 "-" "Mozilla/5.0 (Linux; Android 6.0.1; Nexus 5X Build/MMB29P) AppleWebKit/537.36 (KHTML, like Gecko) Chrome/153.0.8010.36 Mobile Safari/537.36 (compatible; Googlebot/2.1; +http://www.google.com/bot.html)"
66.249.68.96 - - [17/Sep/2026:15:06:27 +0300] "GET /index.php/maistas-i-namus?sale/search/detail/?ITMCODE=5196523528 HTTP/1.1" 200 208165 "-" "Mozilla/5.0 (Linux; Android 6.0.1; Nexus 5X Build/MMB29P) AppleWebKit/537.36 (KHTML, like Gecko) Chrome/153.0.8010.36 Mobile Safari/537.36 (compatible; Googlebot/2.1; +http://www.google.com/bot.html)"
66.249.68.102 - - [17/Sep/2026:15:06:27 +0300] "GET /index.php/meniu?sale/search/detail/?ITMCODE=519590438 HTTP/1.1" 200 199771 "-" "Mozilla/5.0 (Linux; Android 6.0.1; Nexus 5X Build/MMB29P) AppleWebKit/537.36 (KHTML, like Gecko) Chrome/153.0.8010.36 Mobile Safari/537.36 (compatible; Googlebot/2.1; +http://www.google.com/bot.html)"
