66.249.68.104 - - [17/Sep/2026:15:08:34 +0300] "GET /index.php/kontaktai?sale/search/detail/?ITMCODE=5195134434 HTTP/1.1" 200 200517 "-" "Mozilla/5.0 (Linux; Android 6.0.1; Nexus 5X Build/MMB29P) AppleWebKit/537.36 (KHTML, like Gecko) Chrome/153.0.8010.36 Mobile Safari/537.36 (compatible; Googlebot/2.1; +http://www.google.com/bot.html)"
66.249.68.98 - - [17/Sep/2026:15:08:33 +0300] "GET /index.php/maistas-i-namus?sale/search/detail/?ITMCODE=5196758639 HTTP/1.1" 200 221410 "-" "Mozilla/5.0 (Linux; Android 6.0.1; Nexus 5X Build/MMB29P) AppleWebKit/537.36 (KHTML, like Gecko) Chrome/153.0.8010.36 Mobile Safari/537.36 (compatible; Googlebot/2.1; +http://www.google.com/bot.html)"
66.249.68.96 - - [17/Sep/2026:15:08:34 +0300] "GET /index.php/maistas-i-namus?sale/search/detail/?ITMCODE=5195498714 HTTP/1.1" 200 210284 "-" "Mozilla/5.0 (Linux; Android 6.0.1; Nexus 5X Build/MMB29P) AppleWebKit/537.36 (KHTML, like Gecko) Chrome/153.0.8010.36 Mobile Safari/537.36 (compatible; Googlebot/2.1; +http://www.google.com/bot.html)"
66.249.68.100 - - [17/Sep/2026:15:08:34 +0300] "GET /index.php/meniu?sale/search/detail/?ITMCODE=52002834523 HTTP/1.1" 200 200754 "-" "Mozilla/5.0 (Linux; Android 6.0.1; Nexus 5X Build/MMB29P) AppleWebKit/537.36 (KHTML, like Gecko) Chrome/153.0.8010.36 Mobile Safari/537.36 (compatible; Googlebot/2.1; +http://www.google.com/bot.html)"
66.249.68.104 - - [17/Sep/2026:15:08:34 +0300] "GET /index.php/meniu?shop/c/c51951001088/ HTTP/1.1" 200 93239 "-" "Mozilla/5.0 (Linux; Android 6.0.1; Nexus 5X Build/MMB29P) AppleWebKit/537.36 (KHTML, like Gecko) Chrome/153.0.8010.36 Mobile Safari/537.36 (compatible; Googlebot/2.1; +http://www.google.com/bot.html)"
66.249.68.102 - - [17/Sep/2026:15:08:35 +0300] "GET /index.php/dienos-pietus?sale/search/detail/?ITMCODE=5196551130 HTTP/1.1" 200 221675 "-" "Mozilla/5.0 (Linux; Android 6.0.1; Nexus 5X Build/MMB29P) AppleWebKit/537.36 (KHTML, like Gecko) Chrome/153.0.8010.36 Mobile Safari/537.36 (compatible; Googlebot/2.1; +http://www.google.com/bot.html)"
66.249.68.98 - - [17/Sep/2026:15:08:35 +0300] "GET /index.php/maistas-i-namus?sale/search/detail/?ITMCODE=51971238388 HTTP/1.1" 200 200997 "-" "Mozilla/5.0 (Linux; Android 6.0.1; Nexus 5X Build/MMB29P) AppleWebKit/537.36 (KHTML, like Gecko) Chrome/153.0.8010.36 Mobile Safari/537.36 (compatible; Googlebot/2.1; +http://www.google.com/bot.html)"
66.249.68.96 - - [17/Sep/2026:15:08:36 +0300] "GET /index.php/dienos-pietus?sale/search/detail/?ITMCODE=51992366903 HTTP/1.1" 200 210459 "-" "Mozilla/5.0 (Linux; Android 6.0.1; Nexus 5X Build/MMB29P) AppleWebKit/537.36 (KHTML, like Gecko) Chrome/153.0.8010.36 Mobile Safari/537.36 (compatible; Googlebot/2.1; +http://www.google.com/bot.html)"
66.249.68.104 - - [17/Sep/2026:15:08:36 +0300] "GET /index.php/kontaktai?sale/search/detail/?ITMCODE=5196901437 HTTP/1.1" 200 211174 "-" "Mozilla/5.0 (Linux; Android 6.0.1; Nexus 5X Build/MMB29P) AppleWebKit/537.36 (KHTML, like Gecko) Chrome/153.0.8010.36 Mobile Safari/537.36 (compatible; Googlebot/2.1; +http://www.google.com/bot.html)"
66.249.68.99 - - [17/Sep/2026:15:08:36 +0300] "GET /index.php/maistas-i-namus?sale/search/detail/?ITMCODE=51971261393 HTTP/1.1" 200 210610 "-" "Mozilla/5.0 (Linux; Android 6.0.1; Nexus 5X Build/MMB29P) AppleWebKit/537.36 (KHTML, like Gecko) Chrome/153.0.8010.36 Mobile Safari/537.36 (compatible; Googlebot/2.1; +http://www.google.com/bot.html)"
66.249.68.104 - - [17/Sep/2026:15:08:36 +0300] "GET /index.php/kontaktai?sale/search/detail/?ITMCODE=52002918762 HTTP/1.1" 200 204692 "-" "Mozilla/5.0 (Linux; Android 6.0.1; Nexus 5X Build/MMB29P) AppleWebKit/537.36 (KHTML, like Gecko) Chrome/153.0.8010.36 Mobile Safari/537.36 (compatible; Googlebot/2.1; +http://www.google.com/bot.html)"
66.249.68.98 - - [17/Sep/2026:15:08:37 +0300] "GET /index.php/meniu?shop/c/c51951001438/ HTTP/1.1" 200 88561 "-" "Mozilla/5.0 (Linux; Android 6.0.1; Nexus 5X Build/MMB29P) AppleWebKit/537.36 (KHTML, like Gecko) Chrome/153.0.8010.36 Mobile Safari/537.36 (compatible; Googlebot/2.1; +http://www.google.com/bot.html)"
66.249.68.101 - - [17/Sep/2026:15:08:37 +0300] "GET /index.php/meniu?sale/search/detail/?ITMCODE=51992170436 HTTP/1.1" 200 221270 "-" "Mozilla/5.0 (Linux; Android 6.0.1; Nexus 5X Build/MMB29P) AppleWebKit/537.36 (KHTML, like Gecko) Chrome/153.0.8010.36 Mobile Safari/537.36 (compatible; Googlebot/2.1; +http://www.google.com/bot.html)"
66.249.68.99 - - [17/Sep/2026:15:08:37 +0300] "GET /index.php/maistas-i-namus?sale/search/detail/?ITMCODE=519587943 HTTP/1.1" 200 206300 "-" "Mozilla/5.0 (Linux; Android 6.0.1; Nexus 5X Build/MMB29P) AppleWebKit/537.36 (KHTML, like Gecko) Chrome/153.0.8010.36 Mobile Safari/537.36 (compatible; Googlebot/2.1; +http://www.google.com/bot.html)"
66.249.68.105 - - [17/Sep/2026:15:08:38 +0300] "GET /index.php/maistas-i-namus?sale/search/detail/?ITMCODE=51971249127 HTTP/1.1" 200 206043 "-" "Mozilla/5.0 (Linux; Android 6.0.1; Nexus 5X Build/MMB29P) AppleWebKit/537.36 (KHTML, like Gecko) Chrome/153.0.8010.36 Mobile Safari/537.36 (compatible; Googlebot/2.1; +http://www.google.com/bot.html)"
66.249.68.104 - - [17/Sep/2026:15:08:38 +0300] "GET /index.php/meniu?shop/c/c51951000411/ HTTP/1.1" 200 121156 "-" "Mozilla/5.0 (Linux; Android 6.0.1; Nexus 5X Build/MMB29P) AppleWebKit/537.36 (KHTML, like Gecko) Chrome/153.0.8010.36 Mobile Safari/537.36 (compatible; Googlebot/2.1; +http://www.google.com/bot.html)"
66.249.68.105 - - [17/Sep/2026:15:08:38 +0300] "GET /index.php/maistas-i-namus?sale/search/detail/?ITMCODE=51981697770 HTTP/1.1" 200 202975 "-" "Mozilla/5.0 (Linux; Android 6.0.1; Nexus 5X Build/MMB29P) AppleWebKit/537.36 (KHTML, like Gecko) Chrome/153.0.8010.36 Mobile Safari/537.36 (compatible; Googlebot/2.1; +http://www.google.com/bot.html)"
66.249.68.101 - - [17/Sep/2026:15:08:39 +0300] "GET /index.php/maistas-i-namus?sale/search/detail/?ITMCODE=52002931192 HTTP/1.1" 200 200673 "-" "Mozilla/5.0 (Linux; Android 6.0.1; Nexus 5X Build/MMB29P) AppleWebKit/537.36 (KHTML, like Gecko) Chrome/153.0.8010.36 Mobile Safari/537.36 (compatible; Googlebot/2.1; +http://www.google.com/bot.html)"
66.249.68.99 - - [17/Sep/2026:15:08:38 +0300] "GET /index.php/kontaktai?sale/search/detail/?ITMCODE=519523941 HTTP/1.1" 200 198979 "-" "Mozilla/5.0 (Linux; Android 6.0.1; Nexus 5X Build/MMB29P) AppleWebKit/537.36 (KHTML, like Gecko) Chrome/153.0.8010.36 Mobile Safari/537.36 (compatible; Googlebot/2.1; +http://www.google.com/bot.html)"
66.249.68.105 - - [17/Sep/2026:15:08:39 +0300] "GET /index.php/meniu?sale/search/detail/?ITMCODE=5195243137 HTTP/1.1" 200 198634 "-" "Mozilla/5.0 (Linux; Android 6.0.1; Nexus 5X Build/MMB29P) AppleWebKit/537.36 (KHTML, like Gecko) Chrome/153.0.8010.36 Mobile Safari/537.36 (compatible; Googlebot/2.1; +http://www.google.com/bot.html)"
66.249.68.103 - - [17/Sep/2026:15:08:39 +0300] "GET /index.php/meniu?sale/search/detail/?ITMCODE=51992225531 HTTP/1.1" 200 202828 "-" "Mozilla/5.0 (Linux; Android 6.0.1; Nexus 5X Build/MMB29P) AppleWebKit/537.36 (KHTML, like Gecko) Chrome/153.0.8010.36 Mobile Safari/537.36 (compatible; Googlebot/2.1; +http://www.google.com/bot.html)"
66.249.68.103 - - [17/Sep/2026:15:08:39 +0300] "GET /index.php/kontaktai?sale/search/detail/?ITMCODE=51981745935 HTTP/1.1" 200 208912 "-" "Mozilla/5.0 (Linux; Android 6.0.1; Nexus 5X Build/MMB29P) AppleWebKit/537.36 (KHTML, like Gecko) Chrome/153.0.8010.36 Mobile Safari/537.36 (compatible; Googlebot/2.1; +http://www.google.com/bot.html)"
66.249.68.105 - - [17/Sep/2026:15:08:40 +0300] "GET /index.php/meniu?sale/search/detail/?ITMCODE=5196953511 HTTP/1.1" 200 208234 "-" "Mozilla/5.0 (Linux; Android 6.0.1; Nexus 5X Build/MMB29P) AppleWebKit/537.36 (KHTML, like Gecko) Chrome/153.0.8010.36 Mobile Safari/537.36 (compatible; Googlebot/2.1; +http://www.google.com/bot.html)"
66.249.68.96 - - [17/Sep/2026:15:08:40 +0300] "GET /index.php/kontaktai?sale/search/detail/?ITMCODE=5196612159 HTTP/1.1" 200 199707 "-" "Mozilla/5.0 (Linux; Android 6.0.1; Nexus 5X Build/MMB29P) AppleWebKit/537.36 (KHTML, like Gecko) Chrome/153.0.8010.36 Mobile Safari/537.36 (compatible; Googlebot/2.1; +http://www.google.com/bot.html)"
66.249.68.103 - - [17/Sep/2026:15:08:41 +0300] "GET /index.php/maistas-i-namus?sale/search/detail/?ITMCODE=51971303283 HTTP/1.1" 200 204028 "-" "Mozilla/5.0 (Linux; Android 6.0.1; Nexus 5X Build/MMB29P) AppleWebKit/537.36 (KHTML, like Gecko) Chrome/153.0.8010.36 Mobile Safari/537.36 (compatible; Googlebot/2.1; +http://www.google.com/bot.html)"
66.249.68.104 - - [17/Sep/2026:15:08:41 +0300] "GET /index.php/meniu?shop/c/c51951001349/ HTTP/1.1" 200 102847 "-" "Mozilla/5.0 (Linux; Android 6.0.1; Nexus 5X Build/MMB29P) AppleWebKit/537.36 (KHTML, like Gecko) Chrome/153.0.8010.36 Mobile Safari/537.36 (compatible; Googlebot/2.1; +http://www.google.com/bot.html)"
66.249.68.96 - - [17/Sep/2026:15:08:41 +0300] "GET /index.php/kontaktai?sale/search/detail/?ITMCODE=51992372014 HTTP/1.1" 200 210156 "-" "Mozilla/5.0 (Linux; Android 6.0.1; Nexus 5X Build/MMB29P) AppleWebKit/537.36 (KHTML, like Gecko) Chrome/153.0.8010.36 Mobile Safari/537.36 (compatible; Googlebot/2.1; +http://www.google.com/bot.html)"
66.249.68.101 - - [17/Sep/2026:15:08:41 +0300] "GET /index.php/meniu?sale/search/detail/?ITMCODE=51971253976 HTTP/1.1" 200 196948 "-" "Mozilla/5.0 (Linux; Android 6.0.1; Nexus 5X Build/MMB29P) AppleWebKit/537.36 (KHTML, like Gecko) Chrome/153.0.8010.36 Mobile Safari/537.36 (compatible; Googlebot/2.1; +http://www.google.com/bot.html)"
66.249.68.97 - - [17/Sep/2026:15:08:41 +0300] "GET /index.php/maistas-i-namus?sale/search/detail/?ITMCODE=5196858542 HTTP/1.1" 200 211769 "-" "Mozilla/5.0 (Linux; Android 6.0.1; Nexus 5X Build/MMB29P) AppleWebKit/537.36 (KHTML, like Gecko) Chrome/153.0.8010.36 Mobile Safari/537.36 (compatible; Googlebot/2.1; +http://www.google.com/bot.html)"
66.249.68.96 - - [17/Sep/2026:15:08:41 +0300] "GET /index.php/kontaktai?sale/search/detail/?ITMCODE=52002603318 HTTP/1.1" 200 217866 "-" "Mozilla/5.0 (Linux; Android 6.0.1; Nexus 5X Build/MMB29P) AppleWebKit/537.36 (KHTML, like Gecko) Chrome/153.0.8010.36 Mobile Safari/537.36 (compatible; Googlebot/2.1; +http://www.google.com/bot.html)"
66.249.68.96 - - [17/Sep/2026:15:08:42 +0300] "GET /index.php/meniu?sale/search/detail/?ITMCODE=52002979827 HTTP/1.1" 200 200902 "-" "Mozilla/5.0 (Linux; Android 6.0.1; Nexus 5X Build/MMB29P) AppleWebKit/537.36 (KHTML, like Gecko) Chrome/153.0.8010.36 Mobile Safari/537.36 (compatible; Googlebot/2.1; +http://www.google.com/bot.html)"
66.249.68.103 - - [17/Sep/2026:15:08:42 +0300] "GET /index.php/maistas-i-namus?sale/search/detail/?ITMCODE=5196500424 HTTP/1.1" 200 217891 "-" "Mozilla/5.0 (Linux; Android 6.0.1; Nexus 5X Build/MMB29P) AppleWebKit/537.36 (KHTML, like Gecko) Chrome/153.0.8010.36 Mobile Safari/537.36 (compatible; Googlebot/2.1; +http://www.google.com/bot.html)"
66.249.68.96 - - [17/Sep/2026:15:08:43 +0300] "GET /index.php/kontaktai?sale/search/detail/?ITMCODE=5195483483 HTTP/1.1" 200 202093 "-" "Mozilla/5.0 (Linux; Android 6.0.1; Nexus 5X Build/MMB29P) AppleWebKit/537.36 (KHTML, like Gecko) Chrome/153.0.8010.36 Mobile Safari/537.36 (compatible; Googlebot/2.1; +http://www.google.com/bot.html)"
185.191.171.12 - - [17/Sep/2026:15:08:43 +0300] "GET /?sale%2Fsearch%2Fdetail%2F%3FITMCODE=519825884743 HTTP/1.1" 200 11123 "-" "Mozilla/5.0 (compatible; SemrushBot/7~bl; +http://www.semrush.com/bot.html)"
66.249.68.104 - - [17/Sep/2026:15:08:43 +0300] "GET /index.php/meniu?sale/search/detail/?ITMCODE=52002874113 HTTP/1.1" 200 206729 "-" "Mozilla/5.0 (Linux; Android 6.0.1; Nexus 5X Build/MMB29P) AppleWebKit/537.36 (KHTML, like Gecko) Chrome/153.0.8010.36 Mobile Safari/537.36 (compatible; Googlebot/2.1; +http://www.google.com/bot.html)"
66.249.68.101 - - [17/Sep/2026:15:08:44 +0300] "GET /index.php/kontaktai?sale/search/detail/?ITMCODE=51992165642 HTTP/1.1" 200 202397 "-" "Mozilla/5.0 (Linux; Android 6.0.1; Nexus 5X Build/MMB29P) AppleWebKit/537.36 (KHTML, like Gecko) Chrome/153.0.8010.36 Mobile Safari/537.36 (compatible; Googlebot/2.1; +http://www.google.com/bot.html)"
66.249.68.100 - - [17/Sep/2026:15:08:43 +0300] "GET /index.php/maistas-i-namus?sale/search/detail/?ITMCODE=5195387768 HTTP/1.1" 200 206982 "-" "Mozilla/5.0 (Linux; Android 6.0.1; Nexus 5X Build/MMB29P) AppleWebKit/537.36 (KHTML, like Gecko) Chrome/153.0.8010.36 Mobile Safari/537.36 (compatible; Googlebot/2.1; +http://www.google.com/bot.html)"
66.249.68.100 - - [17/Sep/2026:15:08:43 +0300] "GET /index.php/meniu?shop/c/c51951001107/ HTTP/1.1" 200 93001 "-" "Mozilla/5.0 (Linux; Android 6.0.1; Nexus 5X Build/MMB29P) AppleWebKit/537.36 (KHTML, like Gecko) Chrome/153.0.8010.36 Mobile Safari/537.36 (compatible; Googlebot/2.1; +http://www.google.com/bot.html)"
66.249.68.105 - - [17/Sep/2026:15:08:43 +0300] "GET /index.php/maistas-i-namus?sale/search/detail/?ITMCODE=51981879838 HTTP/1.1" 200 204367 "-" "Mozilla/5.0 (Linux; Android 6.0.1; Nexus 5X Build/MMB29P) AppleWebKit/537.36 (KHTML, like Gecko) Chrome/153.0.8010.36 Mobile Safari/537.36 (compatible; Googlebot/2.1; +http://www.google.com/bot.html)"
14.11.68.32 - - [17/Sep/2026:15:08:45 +0300] "GET /index.php/meniu?sale/search/detail/?ITMCODE=51992418004 HTTP/2.0" 200 13053 "-" "Mozilla/5.0 (iPhone; CPU iPhone OS 26_6_2 like Mac OS X) AppleWebKit/605.1.15 (KHTML, like Gecko) CriOS/153.0.8010.24 Mobile/15E148 Safari/604.1"
66.249.68.105 - - [17/Sep/2026:15:08:45 +0300] "GET /index.php/maistas-i-namus?sale/search/detail/?ITMCODE=51971044105 HTTP/1.1" 200 213335 "-" "Mozilla/5.0 (Linux; Android 6.0.1; Nexus 5X Build/MMB29P) AppleWebKit/537.36 (KHTML, like Gecko) Chrome/153.0.8010.36 Mobile Safari/537.36 (compatible; Googlebot/2.1; +http://www.google.com/bot.html)"
66.249.68.98 - - [17/Sep/2026:15:08:44 +0300] "GET /index.php/kontaktai?sale/search/detail/?ITMCODE=5196626037 HTTP/1.1" 200 203639 "-" "Mozilla/5.0 (Linux; Android 6.0.1; Nexus 5X Build/MMB29P) AppleWebKit/537.36 (KHTML, like Gecko) Chrome/153.0.8010.36 Mobile Safari/537.36 (compatible; Googlebot/2.1; +http://www.google.com/bot.html)"
66.249.68.101 - - [17/Sep/2026:15:08:45 +0300] "GET /index.php/maistas-i-namus?sale/search/detail/?ITMCODE=519515604 HTTP/1.1" 200 217573 "-" "Mozilla/5.0 (Linux; Android 6.0.1; Nexus 5X Build/MMB29P) AppleWebKit/537.36 (KHTML, like Gecko) Chrome/153.0.8010.36 Mobile Safari/537.36 (compatible; Googlebot/2.1; +http://www.google.com/bot.html)"
66.249.68.96 - - [17/Sep/2026:15:08:45 +0300] "GET /index.php/kontaktai?sale/search/detail/?ITMCODE=51992354386 HTTP/1.1" 200 202476 "-" "Mozilla/5.0 (Linux; Android 6.0.1; Nexus 5X Build/MMB29P) AppleWebKit/537.36 (KHTML, like Gecko) Chrome/153.0.8010.36 Mobile Safari/537.36 (compatible; Googlebot/2.1; +http://www.google.com/bot.html)"
14.11.68.32 - - [17/Sep/2026:15:08:45 +0300] "GET /plugins/content/dearflip/dflip/css/themify-icons.css HTTP/2.0" 200 16417 "https://chenglong.lt/index.php/meniu?sale/search/detail/?ITMCODE=51992418004" "Mozilla/5.0 (iPhone; CPU iPhone OS 26_6_2 like Mac OS X) AppleWebKit/605.1.15 (KHTML, like Gecko) CriOS/153.0.8010.24 Mobile/15E148 Safari/604.1"
14.11.68.32 - - [17/Sep/2026:15:08:45 +0300] "GET /plugins/content/dearflip/dflip/css/dflip.css HTTP/2.0" 200 36921 "https://chenglong.lt/index.php/meniu?sale/search/detail/?ITMCODE=51992418004" "Mozilla/5.0 (iPhone; CPU iPhone OS 26_6_2 like Mac OS X) AppleWebKit/605.1.15 (KHTML, like Gecko) CriOS/153.0.8010.24 Mobile/15E148 Safari/604.1"
14.11.68.32 - - [17/Sep/2026:15:08:45 +0300] "GET /plugins/system/miniteksystemmessages/assets/css/style.css?v=1.0.6 HTTP/2.0" 200 3576 "https://chenglong.lt/index.php/meniu?sale/search/detail/?ITMCODE=51992418004" "Mozilla/5.0 (iPhone; CPU iPhone OS 26_6_2 like Mac OS X) AppleWebKit/605.1.15 (KHTML, like Gecko) CriOS/153.0.8010.24 Mobile/15E148 Safari/604.1"
14.11.68.32 - - [17/Sep/2026:15:08:45 +0300] "GET /plugins/system/miniteksystemmessages/assets/css/jquery.jgrowl.css HTTP/2.0" 200 2112 "https://chenglong.lt/index.php/meniu?sale/search/detail/?ITMCODE=51992418004" "Mozilla/5.0 (iPhone; CPU iPhone OS 26_6_2 like Mac OS X) AppleWebKit/605.1.15 (KHTML, like Gecko) CriOS/153.0.8010.24 Mobile/15E148 Safari/604.1"
14.11.68.32 - - [17/Sep/2026:15:08:45 +0300] "GET /media/jui/js/jquery-noconflict.js?0c2ada6fb5fac50fc7ad43b82b14eaac HTTP/2.0" 200 21 "https://chenglong.lt/index.php/meniu?sale/search/detail/?ITMCODE=51992418004" "Mozilla/5.0 (iPhone; CPU iPhone OS 26_6_2 like Mac OS X) AppleWebKit/605.1.15 (KHTML, like Gecko) CriOS/153.0.8010.24 Mobile/15E148 Safari/604.1"
14.11.68.32 - - [17/Sep/2026:15:08:45 +0300] "GET /media/jui/js/jquery.min.js?0c2ada6fb5fac50fc7ad43b82b14eaac HTTP/2.0" 200 97646 "https://chenglong.lt/index.php/meniu?sale/search/detail/?ITMCODE=51992418004" "Mozilla/5.0 (iPhone; CPU iPhone OS 26_6_2 like Mac OS X) AppleWebKit/605.1.15 (KHTML, like Gecko) CriOS/153.0.8010.24 Mobile/15E148 Safari/604.1"
66.249.68.104 - - [17/Sep/2026:15:08:45 +0300] "GET /index.php/meniu?shop/c/c51951001439/ HTTP/1.1" 200 88534 "-" "Mozilla/5.0 (Linux; Android 6.0.1; Nexus 5X Build/MMB29P) AppleWebKit/537.36 (KHTML, like Gecko) Chrome/153.0.8010.36 Mobile Safari/537.36 (compatible; Googlebot/2.1; +http://www.google.com/bot.html)"
14.11.68.32 - - [17/Sep/2026:15:08:46 +0300] "GET /media/jui/js/jquery-migrate.min.js?0c2ada6fb5fac50fc7ad43b82b14eaac HTTP/2.0" 200 10056 "https://chenglong.lt/index.php/meniu?sale/search/detail/?ITMCODE=51992418004" "Mozilla/5.0 (iPhone; CPU iPhone OS 26_6_2 like Mac OS X) AppleWebKit/605.1.15 (KHTML, like Gecko) CriOS/153.0.8010.24 Mobile/15E148 Safari/604.1"
14.11.68.32 - - [17/Sep/2026:15:08:46 +0300] "GET /media/system/js/core.js?0c2ada6fb5fac50fc7ad43b82b14eaac HTTP/2.0" 200 8735 "https://chenglong.lt/index.php/meniu?sale/search/detail/?ITMCODE=51992418004" "Mozilla/5.0 (iPhone; CPU iPhone OS 26_6_2 like Mac OS X) AppleWebKit/605.1.15 (KHTML, like Gecko) CriOS/153.0.8010.24 Mobile/15E148 Safari/604.1"
14.11.68.32 - - [17/Sep/2026:15:08:46 +0300] "GET /media/system/js/mootools-core.js?0c2ada6fb5fac50fc7ad43b82b14eaac HTTP/2.0" 200 83893 "https://chenglong.lt/index.php/meniu?sale/search/detail/?ITMCODE=51992418004" "Mozilla/5.0 (iPhone; CPU iPhone OS 26_6_2 like Mac OS X) AppleWebKit/605.1.15 (KHTML, like Gecko) CriOS/153.0.8010.24 Mobile/15E148 Safari/604.1"
66.249.68.102 - - [17/Sep/2026:15:08:45 +0300] "GET /index.php/kontaktai?sale/search/detail/?ITMCODE=5196667720 HTTP/1.1" 200 218080 "-" "Mozilla/5.0 (Linux; Android 6.0.1; Nexus 5X Build/MMB29P) AppleWebKit/537.36 (KHTML, like Gecko) Chrome/153.0.8010.36 Mobile Safari/537.36 (compatible; Googlebot/2.1; +http://www.google.com/bot.html)"
66.249.68.101 - - [17/Sep/2026:15:08:46 +0300] "GET /index.php/meniu?sale/search/detail/?ITMCODE=51981921228 HTTP/1.1" 200 203067 "-" "Mozilla/5.0 (Linux; Android 6.0.1; Nexus 5X Build/MMB29P) AppleWebKit/537.36 (KHTML, like Gecko) Chrome/153.0.8010.36 Mobile Safari/537.36 (compatible; Googlebot/2.1; +http://www.google.com/bot.html)"
66.249.68.103 - - [17/Sep/2026:15:08:46 +0300] "GET /index.php/meniu?sale/search/detail/?ITMCODE=51992331615 HTTP/1.1" 200 203677 "-" "Mozilla/5.0 (Linux; Android 6.0.1; Nexus 5X Build/MMB29P) AppleWebKit/537.36 (KHTML, like Gecko) Chrome/153.0.8010.36 Mobile Safari/537.36 (compatible; Googlebot/2.1; +http://www.google.com/bot.html)"
14.11.68.32 - - [17/Sep/2026:15:08:46 +0300] "GET /templates/resto_6/modules.js HTTP/2.0" 200 - "https://chenglong.lt/index.php/meniu?sale/search/detail/?ITMCODE=51992418004" "Mozilla/5.0 (iPhone; CPU iPhone OS 26_6_2 like Mac OS X) AppleWebKit/605.1.15 (KHTML, like Gecko) CriOS/153.0.8010.24 Mobile/15E148 Safari/604.1"
14.11.68.32 - - [17/Sep/2026:15:08:46 +0300] "GET /media/system/js/caption.js?0c2ada6fb5fac50fc7ad43b82b14eaac HTTP/2.0" 200 491 "https://chenglong.lt/index.php/meniu?sale/search/detail/?ITMCODE=51992418004" "Mozilla/5.0 (iPhone; CPU iPhone OS 26_6_2 like Mac OS X) AppleWebKit/605.1.15 (KHTML, like Gecko) CriOS/153.0.8010.24 Mobile/15E148 Safari/604.1"
14.11.68.32 - - [17/Sep/2026:15:08:46 +0300] "GET /plugins/system/miniteksystemmessages/assets/js/script.js?v=1.0.6 HTTP/2.0" 200 7131 "https://chenglong.lt/index.php/meniu?sale/search/detail/?ITMCODE=51992418004" "Mozilla/5.0 (iPhone; CPU iPhone OS 26_6_2 like Mac OS X) AppleWebKit/605.1.15 (KHTML, like Gecko) CriOS/153.0.8010.24 Mobile/15E148 Safari/604.1"
14.11.68.32 - - [17/Sep/2026:15:08:46 +0300] "GET /templates/system/css/system.css HTTP/2.0" 200 881 "https://chenglong.lt/index.php/meniu?sale/search/detail/?ITMCODE=51992418004" "Mozilla/5.0 (iPhone; CPU iPhone OS 26_6_2 like Mac OS X) AppleWebKit/605.1.15 (KHTML, like Gecko) CriOS/153.0.8010.24 Mobile/15E148 Safari/604.1"
14.11.68.32 - - [17/Sep/2026:15:08:46 +0300] "GET /templates/system/css/general.css HTTP/2.0" 200 2717 "https://chenglong.lt/index.php/meniu?sale/search/detail/?ITMCODE=51992418004" "Mozilla/5.0 (iPhone; CPU iPhone OS 26_6_2 like Mac OS X) AppleWebKit/605.1.15 (KHTML, like Gecko) CriOS/153.0.8010.24 Mobile/15E148 Safari/604.1"
14.11.68.32 - - [17/Sep/2026:15:08:46 +0300] "GET /templates/resto_6/css/template.responsive.css HTTP/2.0" 200 11640 "https://chenglong.lt/index.php/meniu?sale/search/detail/?ITMCODE=51992418004" "Mozilla/5.0 (iPhone; CPU iPhone OS 26_6_2 like Mac OS X) AppleWebKit/605.1.15 (KHTML, like Gecko) CriOS/153.0.8010.24 Mobile/15E148 Safari/604.1"
14.11.68.32 - - [17/Sep/2026:15:08:46 +0300] "GET /plugins/system/miniteksystemmessages/assets/js/jquery.jgrowl.js HTTP/2.0" 200 16629 "https://chenglong.lt/index.php/meniu?sale/search/detail/?ITMCODE=51992418004" "Mozilla/5.0 (iPhone; CPU iPhone OS 26_6_2 like Mac OS X) AppleWebKit/605.1.15 (KHTML, like Gecko) CriOS/153.0.8010.24 Mobile/15E148 Safari/604.1"
14.11.68.32 - - [17/Sep/2026:15:08:46 +0300] "GET /templates/resto_6/script.responsive.js HTTP/2.0" 200 21136 "https://chenglong.lt/index.php/meniu?sale/search/detail/?ITMCODE=51992418004" "Mozilla/5.0 (iPhone; CPU iPhone OS 26_6_2 like Mac OS X) AppleWebKit/605.1.15 (KHTML, like Gecko) CriOS/153.0.8010.24 Mobile/15E148 Safari/604.1"
14.11.68.32 - - [17/Sep/2026:15:08:46 +0300] "GET /templates/resto_6/css/template.css HTTP/2.0" 200 65213 "https://chenglong.lt/index.php/meniu?sale/search/detail/?ITMCODE=51992418004" "Mozilla/5.0 (iPhone; CPU iPhone OS 26_6_2 like Mac OS X) AppleWebKit/605.1.15 (KHTML, like Gecko) CriOS/153.0.8010.24 Mobile/15E148 Safari/604.1"
14.11.68.32 - - [17/Sep/2026:15:08:46 +0300] "GET /templates/resto_6/script.js HTTP/2.0" 200 56744 "https://chenglong.lt/index.php/meniu?sale/search/detail/?ITMCODE=51992418004" "Mozilla/5.0 (iPhone; CPU iPhone OS 26_6_2 like Mac OS X) AppleWebKit/605.1.15 (KHTML, like Gecko) CriOS/153.0.8010.24 Mobile/15E148 Safari/604.1"
14.11.68.32 - - [17/Sep/2026:15:08:46 +0300] "GET /templates/resto_6/jquery.js HTTP/2.0" 200 92629 "https://chenglong.lt/index.php/meniu?sale/search/detail/?ITMCODE=51992418004" "Mozilla/5.0 (iPhone; CPU iPhone OS 26_6_2 like Mac OS X) AppleWebKit/605.1.15 (KHTML, like Gecko) CriOS/153.0.8010.24 Mobile/15E148 Safari/604.1"
14.11.68.32 - - [17/Sep/2026:15:08:46 +0300] "GET /plugins/content/dearflip/dflip/js/dflip.min.js HTTP/2.0" 200 126454 "https://chenglong.lt/index.php/meniu?sale/search/detail/?ITMCODE=51992418004" "Mozilla/5.0 (iPhone; CPU iPhone OS 26_6_2 like Mac OS X) AppleWebKit/605.1.15 (KHTML, like Gecko) CriOS/153.0.8010.24 Mobile/15E148 Safari/604.1"
14.11.68.32 - - [17/Sep/2026:15:08:46 +0300] "GET /media/system/js/mootools-more.js?0c2ada6fb5fac50fc7ad43b82b14eaac HTTP/2.0" 200 236825 "https://chenglong.lt/index.php/meniu?sale/search/detail/?ITMCODE=51992418004" "Mozilla/5.0 (iPhone; CPU iPhone OS 26_6_2 like Mac OS X) AppleWebKit/605.1.15 (KHTML, like Gecko) CriOS/153.0.8010.24 Mobile/15E148 Safari/604.1"
66.249.68.99 - - [17/Sep/2026:15:08:46 +0300] "GET /index.php/meniu?sale/search/detail/?ITMCODE=51992334349 HTTP/1.1" 200 207785 "-" "Mozilla/5.0 (Linux; Android 6.0.1; Nexus 5X Build/MMB29P) AppleWebKit/537.36 (KHTML, like Gecko) Chrome/153.0.8010.36 Mobile Safari/537.36 (compatible; Googlebot/2.1; +http://www.google.com/bot.html)"
14.11.68.32 - - [17/Sep/2026:15:08:47 +0300] "GET /images/logo.png HTTP/2.0" 200 30174 "https://chenglong.lt/index.php/meniu?sale/search/detail/?ITMCODE=51992418004" "Mozilla/5.0 (iPhone; CPU iPhone OS 26_6_2 like Mac OS X) AppleWebKit/605.1.15 (KHTML, like Gecko) CriOS/153.0.8010.24 Mobile/15E148 Safari/604.1"
14.11.68.32 - - [17/Sep/2026:15:08:47 +0300] "GET /images/powered.png HTTP/2.0" 200 5403 "https://chenglong.lt/index.php/meniu?sale/search/detail/?ITMCODE=51992418004" "Mozilla/5.0 (iPhone; CPU iPhone OS 26_6_2 like Mac OS X) AppleWebKit/605.1.15 (KHTML, like Gecko) CriOS/153.0.8010.24 Mobile/15E148 Safari/604.1"
14.11.68.32 - - [17/Sep/2026:15:08:47 +0300] "GET /media/system/css/system.css HTTP/2.0" 200 1433 "https://chenglong.lt/index.php/meniu?sale/search/detail/?ITMCODE=51992418004" "Mozilla/5.0 (iPhone; CPU iPhone OS 26_6_2 like Mac OS X) AppleWebKit/605.1.15 (KHTML, like Gecko) CriOS/153.0.8010.24 Mobile/15E148 Safari/604.1"
66.249.68.102 - - [17/Sep/2026:15:08:47 +0300] "GET /index.php/meniu?sale/search/detail/?ITMCODE=51992165246 HTTP/1.1" 200 216992 "-" "Mozilla/5.0 (Linux; Android 6.0.1; Nexus 5X Build/MMB29P) AppleWebKit/537.36 (KHTML, like Gecko) Chrome/153.0.8010.36 Mobile Safari/537.36 (compatible; Googlebot/2.1; +http://www.google.com/bot.html)"
14.11.68.32 - - [17/Sep/2026:15:08:47 +0300] "GET /templates/resto_6/images/header.png HTTP/2.0" 200 752 "https://chenglong.lt/index.php/meniu?sale/search/detail/?ITMCODE=51992418004" "Mozilla/5.0 (iPhone; CPU iPhone OS 26_6_2 like Mac OS X) AppleWebKit/605.1.15 (KHTML, like Gecko) CriOS/153.0.8010.24 Mobile/15E148 Safari/604.1"
14.11.68.32 - - [17/Sep/2026:15:08:47 +0300] "GET /templates/resto_6/images/page.jpeg HTTP/2.0" 200 816967 "https://chenglong.lt/index.php/meniu?sale/search/detail/?ITMCODE=51992418004" "Mozilla/5.0 (iPhone; CPU iPhone OS 26_6_2 like Mac OS X) AppleWebKit/605.1.15 (KHTML, like Gecko) CriOS/153.0.8010.24 Mobile/15E148 Safari/604.1"
14.11.68.32 - - [17/Sep/2026:15:08:48 +0300] "GET /images/meniu/001.jpg HTTP/2.0" 200 1423077 "https://chenglong.lt/index.php/meniu?sale/search/detail/?ITMCODE=51992418004" "Mozilla/5.0 (iPhone; CPU iPhone OS 26_6_2 like Mac OS X) AppleWebKit/605.1.15 (KHTML, like Gecko) CriOS/153.0.8010.24 Mobile/15E148 Safari/604.1"
66.249.68.101 - - [17/Sep/2026:15:08:47 +0300] "GET /index.php/maistas-i-namus?sale/search/detail/?ITMCODE=5196590186 HTTP/1.1" 200 226294 "-" "Mozilla/5.0 (Linux; Android 6.0.1; Nexus 5X Build/MMB29P) AppleWebKit/537.36 (KHTML, like Gecko) Chrome/153.0.8010.36 Mobile Safari/537.36 (compatible; Googlebot/2.1; +http://www.google.com/bot.html)"
66.249.68.99 - - [17/Sep/2026:15:08:48 +0300] "GET /index.php/maistas-i-namus?sale/search/detail/?ITMCODE=51971498314 HTTP/1.1" 200 214433 "-" "Mozilla/5.0 (Linux; Android 6.0.1; Nexus 5X Build/MMB29P) AppleWebKit/537.36 (KHTML, like Gecko) Chrome/153.0.8010.36 Mobile Safari/537.36 (compatible; Googlebot/2.1; +http://www.google.com/bot.html)"
66.249.68.104 - - [17/Sep/2026:15:08:48 +0300] "GET /index.php/meniu?sale/search/detail/?ITMCODE=51971093831 HTTP/1.1" 200 197933 "-" "Mozilla/5.0 (Linux; Android 6.0.1; Nexus 5X Build/MMB29P) AppleWebKit/537.36 (KHTML, like Gecko) Chrome/153.0.8010.36 Mobile Safari/537.36 (compatible; Googlebot/2.1; +http://www.google.com/bot.html)"
66.249.68.103 - - [17/Sep/2026:15:08:48 +0300] "GET /index.php/maistas-i-namus?sale/search/detail/?ITMCODE=51992374074 HTTP/1.1" 200 206530 "-" "Mozilla/5.0 (Linux; Android 6.0.1; Nexus 5X Build/MMB29P) AppleWebKit/537.36 (KHTML, like Gecko) Chrome/153.0.8010.36 Mobile Safari/537.36 (compatible; Googlebot/2.1; +http://www.google.com/bot.html)"
14.11.68.32 - - [17/Sep/2026:15:08:48 +0300] "GET /templates/resto_6/favicon.ico HTTP/2.0" 200 23558 "-" "Mozilla/5.0 (iPhone; CPU iPhone OS 26_6_2 like Mac OS X) AppleWebKit/605.1.15 (KHTML, like Gecko) CriOS/153.0.8010.24 Mobile/15E148 Safari/604.1"
66.249.68.100 - - [17/Sep/2026:15:08:48 +0300] "GET /index.php/kontaktai?sale/search/detail/?ITMCODE=51981772061 HTTP/1.1" 200 204403 "-" "Mozilla/5.0 (Linux; Android 6.0.1; Nexus 5X Build/MMB29P) AppleWebKit/537.36 (KHTML, like Gecko) Chrome/153.0.8010.36 Mobile Safari/537.36 (compatible; Googlebot/2.1; +http://www.google.com/bot.html)"
66.249.68.102 - - [17/Sep/2026:15:08:49 +0300] "GET /index.php/meniu?shop/c/c51951001356/ HTTP/1.1" 200 88507 "-" "Mozilla/5.0 (Linux; Android 6.0.1; Nexus 5X Build/MMB29P) AppleWebKit/537.36 (KHTML, like Gecko) Chrome/153.0.8010.36 Mobile Safari/537.36 (compatible; Googlebot/2.1; +http://www.google.com/bot.html)"
66.249.68.98 - - [17/Sep/2026:15:08:49 +0300] "GET /index.php/maistas-i-namus?sale/search/detail/?ITMCODE=5196862751 HTTP/1.1" 200 217890 "-" "Mozilla/5.0 (Linux; Android 6.0.1; Nexus 5X Build/MMB29P) AppleWebKit/537.36 (KHTML, like Gecko) Chrome/153.0.8010.36 Mobile Safari/537.36 (compatible; Googlebot/2.1; +http://www.google.com/bot.html)"
66.249.68.103 - - [17/Sep/2026:15:08:50 +0300] "GET /index.php/dienos-pietus?sale/search/detail/?ITMCODE=51971327132 HTTP/1.1" 200 200597 "-" "Mozilla/5.0 (Linux; Android 6.0.1; Nexus 5X Build/MMB29P) AppleWebKit/537.36 (KHTML, like Gecko) Chrome/153.0.8010.36 Mobile Safari/537.36 (compatible; Googlebot/2.1; +http://www.google.com/bot.html)"
66.249.68.99 - - [17/Sep/2026:15:08:49 +0300] "GET /index.php/dienos-pietus?sale/search/detail/?ITMCODE=52002561280 HTTP/1.1" 200 205768 "-" "Mozilla/5.0 (Linux; Android 6.0.1; Nexus 5X Build/MMB29P) AppleWebKit/537.36 (KHTML, like Gecko) Chrome/153.0.8010.36 Mobile Safari/537.36 (compatible; Googlebot/2.1; +http://www.google.com/bot.html)"
66.249.68.99 - - [17/Sep/2026:15:08:50 +0300] "GET /index.php/maistas-i-namus?sale/search/detail/?ITMCODE=5196875799 HTTP/1.1" 200 201791 "-" "Mozilla/5.0 (Linux; Android 6.0.1; Nexus 5X Build/MMB29P) AppleWebKit/537.36 (KHTML, like Gecko) Chrome/153.0.8010.36 Mobile Safari/537.36 (compatible; Googlebot/2.1; +http://www.google.com/bot.html)"
66.249.68.98 - - [17/Sep/2026:15:08:50 +0300] "GET /shop/pg/52002882234 HTTP/1.1" 200 199672 "-" "Mozilla/5.0 (Linux; Android 6.0.1; Nexus 5X Build/MMB29P) AppleWebKit/537.36 (KHTML, like Gecko) Chrome/153.0.8010.36 Mobile Safari/537.36 (compatible; Googlebot/2.1; +http://www.google.com/bot.html)"
66.249.68.99 - - [17/Sep/2026:15:08:50 +0300] "GET /index.php/kontaktai?sale/search/detail/?ITMCODE=52002652309 HTTP/1.1" 200 206171 "-" "Mozilla/5.0 (Linux; Android 6.0.1; Nexus 5X Build/MMB29P) AppleWebKit/537.36 (KHTML, like Gecko) Chrome/153.0.8010.36 Mobile Safari/537.36 (compatible; Googlebot/2.1; +http://www.google.com/bot.html)"
66.249.68.99 - - [17/Sep/2026:15:08:50 +0300] "GET /index.php/kontaktai?sale/search/detail/?ITMCODE=5196984586 HTTP/1.1" 200 207576 "-" "Mozilla/5.0 (Linux; Android 6.0.1; Nexus 5X Build/MMB29P) AppleWebKit/537.36 (KHTML, like Gecko) Chrome/153.0.8010.36 Mobile Safari/537.36 (compatible; Googlebot/2.1; +http://www.google.com/bot.html)"
66.249.68.97 - - [17/Sep/2026:15:08:51 +0300] "GET /index.php/meniu?sale/search/detail/?ITMCODE=51971350901 HTTP/1.1" 200 213986 "-" "Mozilla/5.0 (Linux; Android 6.0.1; Nexus 5X Build/MMB29P) AppleWebKit/537.36 (KHTML, like Gecko) Chrome/153.0.8010.36 Mobile Safari/537.36 (compatible; Googlebot/2.1; +http://www.google.com/bot.html)"
66.249.68.97 - - [17/Sep/2026:15:08:52 +0300] "GET /index.php/maistas-i-namus?sale/search/detail/?ITMCODE=5195120661 HTTP/1.1" 200 206325 "-" "Mozilla/5.0 (Linux; Android 6.0.1; Nexus 5X Build/MMB29P) AppleWebKit/537.36 (KHTML, like Gecko) Chrome/153.0.8010.36 Mobile Safari/537.36 (compatible; Googlebot/2.1; +http://www.google.com/bot.html)"
66.249.68.104 - - [17/Sep/2026:15:08:52 +0300] "GET /index.php?sale/search/detail/?ITMCODE=51981729568 HTTP/1.1" 200 205442 "-" "Mozilla/5.0 (compatible; Googlebot/2.1; +http://www.google.com/bot.html)"
66.249.68.164 - - [17/Sep/2026:15:08:53 +0300] "GET /index.php/maistas-i-namus?sale/search/detail/?ITMCODE=51981504331 HTTP/1.1" 200 208840 "-" "Mozilla/5.0 (Linux; Android 6.0.1; Nexus 5X Build/MMB29P) AppleWebKit/537.36 (KHTML, like Gecko) Chrome/153.0.8010.36 Mobile Safari/537.36 (compatible; Googlebot/2.1; +http://www.google.com/bot.html)"
66.249.79.235 - - [17/Sep/2026:15:08:53 +0300] "GET /index.php/maistas-i-namus?sale/search/detail/?ITMCODE=51992177091 HTTP/1.1" 200 214680 "-" "Mozilla/5.0 (Linux; Android 6.0.1; Nexus 5X Build/MMB29P) AppleWebKit/537.36 (KHTML, like Gecko) Chrome/153.0.8010.36 Mobile Safari/537.36 (compatible; Googlebot/2.1; +http://www.google.com/bot.html)"
66.249.68.2 - - [17/Sep/2026:15:08:53 +0300] "GET /index.php/maistas-i-namus?sale/search/detail/?ITMCODE=52002613686 HTTP/1.1" 200 207729 "-" "Mozilla/5.0 (Linux; Android 6.0.1; Nexus 5X Build/MMB29P) AppleWebKit/537.36 (KHTML, like Gecko) Chrome/153.0.8010.36 Mobile Safari/537.36 (compatible; Googlebot/2.1; +http://www.google.com/bot.html)"
66.249.79.2 - - [17/Sep/2026:15:08:53 +0300] "GET /index.php/maistas-i-namus?sale/search/detail/?ITMCODE=5196842227 HTTP/1.1" 200 216988 "-" "Mozilla/5.0 (Linux; Android 6.0.1; Nexus 5X Build/MMB29P) AppleWebKit/537.36 (KHTML, like Gecko) Chrome/153.0.8010.36 Mobile Safari/537.36 (compatible; Googlebot/2.1; +http://www.google.com/bot.html)"
66.249.68.135 - - [17/Sep/2026:15:08:55 +0300] "GET /index.php/maistas-i-namus?sale/search/detail/?ITMCODE=51992370438 HTTP/1.1" 200 201001 "-" "Mozilla/5.0 (Linux; Android 6.0.1; Nexus 5X Build/MMB29P) AppleWebKit/537.36 (KHTML, like Gecko) Chrome/153.0.8010.36 Mobile Safari/537.36 (compatible; Googlebot/2.1; +http://www.google.com/bot.html)"
66.249.68.33 - - [17/Sep/2026:15:08:55 +0300] "GET /index.php/kontaktai?sale/search/detail/?ITMCODE=52002613402 HTTP/1.1" 200 199329 "-" "Mozilla/5.0 (Linux; Android 6.0.1; Nexus 5X Build/MMB29P) AppleWebKit/537.36 (KHTML, like Gecko) Chrome/153.0.8010.36 Mobile Safari/537.36 (compatible; Googlebot/2.1; +http://www.google.com/bot.html)"
66.249.68.104 - - [17/Sep/2026:15:08:56 +0300] "GET /index.php/meniu?sale/search/detail/?ITMCODE=51992015771 HTTP/1.1" 200 202296 "-" "Mozilla/5.0 (Linux; Android 6.0.1; Nexus 5X Build/MMB29P) AppleWebKit/537.36 (KHTML, like Gecko) Chrome/153.0.8010.36 Mobile Safari/537.36 (compatible; Googlebot/2.1; +http://www.google.com/bot.html)"
66.249.68.131 - - [17/Sep/2026:15:08:57 +0300] "GET /shop/pg/51971013572 HTTP/1.1" 200 204215 "-" "Mozilla/5.0 (Linux; Android 6.0.1; Nexus 5X Build/MMB29P) AppleWebKit/537.36 (KHTML, like Gecko) Chrome/153.0.8010.36 Mobile Safari/537.36 (compatible; Googlebot/2.1; +http://www.google.com/bot.html)"
66.249.79.32 - - [17/Sep/2026:15:08:57 +0300] "GET /index.php/meniu?sale/search/detail/?ITMCODE=5196841945 HTTP/1.1" 200 201450 "-" "Mozilla/5.0 (Linux; Android 6.0.1; Nexus 5X Build/MMB29P) AppleWebKit/537.36 (KHTML, like Gecko) Chrome/153.0.8010.36 Mobile Safari/537.36 (compatible; Googlebot/2.1; +http://www.google.com/bot.html)"
66.249.79.131 - - [17/Sep/2026:15:08:58 +0300] "GET /index.php/meniu?sale/search/detail/?ITMCODE=52002637656 HTTP/1.1" 200 202041 "-" "Mozilla/5.0 (Linux; Android 6.0.1; Nexus 5X Build/MMB29P) AppleWebKit/537.36 (KHTML, like Gecko) Chrome/153.0.8010.36 Mobile Safari/537.36 (compatible; Googlebot/2.1; +http://www.google.com/bot.html)"
66.249.79.231 - - [17/Sep/2026:15:08:57 +0300] "GET /index.php/meniu?sale/search/detail/?ITMCODE=51956302 HTTP/1.1" 200 199413 "-" "Mozilla/5.0 (Linux; Android 6.0.1; Nexus 5X Build/MMB29P) AppleWebKit/537.36 (KHTML, like Gecko) Chrome/153.0.8010.36 Mobile Safari/537.36 (compatible; Googlebot/2.1; +http://www.google.com/bot.html)"
66.249.68.98 - - [17/Sep/2026:15:08:58 +0300] "GET /index.php?sale/search/detail/?ITMCODE=5195275409 HTTP/1.1" 200 198877 "-" "Mozilla/5.0 (Linux; Android 6.0.1; Nexus 5X Build/MMB29P) AppleWebKit/537.36 (KHTML, like Gecko) Chrome/153.0.8010.36 Mobile Safari/537.36 (compatible; Googlebot/2.1; +http://www.google.com/bot.html)"
66.249.79.195 - - [17/Sep/2026:15:08:59 +0300] "GET /index.php/meniu?sale/search/detail/?ITMCODE=51971052343 HTTP/1.1" 200 206674 "-" "Mozilla/5.0 (Linux; Android 6.0.1; Nexus 5X Build/MMB29P) AppleWebKit/537.36 (KHTML, like Gecko) Chrome/153.0.8010.36 Mobile Safari/537.36 (compatible; Googlebot/2.1; +http://www.google.com/bot.html)"
66.249.68.96 - - [17/Sep/2026:15:09:00 +0300] "GET /index.php/maistas-i-namus?sale/search/detail/?ITMCODE=51981896297 HTTP/1.1" 200 208512 "-" "Mozilla/5.0 (Linux; Android 6.0.1; Nexus 5X Build/MMB29P) AppleWebKit/537.36 (KHTML, like Gecko) Chrome/153.0.8010.36 Mobile Safari/537.36 (compatible; Googlebot/2.1; +http://www.google.com/bot.html)"
66.249.68.96 - - [17/Sep/2026:15:09:01 +0300] "GET /index.php/kontaktai?sale/search/detail/?ITMCODE=51992060075 HTTP/1.1" 200 231952 "-" "Mozilla/5.0 (Linux; Android 6.0.1; Nexus 5X Build/MMB29P) AppleWebKit/537.36 (KHTML, like Gecko) Chrome/153.0.8010.36 Mobile Safari/537.36 (compatible; Googlebot/2.1; +http://www.google.com/bot.html)"
66.249.68.105 - - [17/Sep/2026:15:09:01 +0300] "GET /index.php/maistas-i-namus?sale/search/detail/?ITMCODE=51971002983 HTTP/1.1" 200 204826 "-" "Mozilla/5.0 (Linux; Android 6.0.1; Nexus 5X Build/MMB29P) AppleWebKit/537.36 (KHTML, like Gecko) Chrome/153.0.8010.36 Mobile Safari/537.36 (compatible; Googlebot/2.1; +http://www.google.com/bot.html)"
66.249.68.101 - - [17/Sep/2026:15:09:02 +0300] "GET /index.php/kontaktai?sale/search/detail/?ITMCODE=52002856799 HTTP/1.1" 200 223992 "-" "Mozilla/5.0 (Linux; Android 6.0.1; Nexus 5X Build/MMB29P) AppleWebKit/537.36 (KHTML, like Gecko) Chrome/153.0.8010.36 Mobile Safari/537.36 (compatible; Googlebot/2.1; +http://www.google.com/bot.html)"
66.249.68.96 - - [17/Sep/2026:15:09:02 +0300] "GET /index.php/kontaktai?sale/search/detail/?ITMCODE=51992037015 HTTP/1.1" 200 198988 "-" "Mozilla/5.0 (Linux; Android 6.0.1; Nexus 5X Build/MMB29P) AppleWebKit/537.36 (KHTML, like Gecko) Chrome/153.0.8010.36 Mobile Safari/537.36 (compatible; Googlebot/2.1; +http://www.google.com/bot.html)"
66.249.68.97 - - [17/Sep/2026:15:09:02 +0300] "GET /index.php/dienos-pietus?sale/search/detail/?ITMCODE=51992475703 HTTP/1.1" 200 221505 "-" "Mozilla/5.0 (Linux; Android 6.0.1; Nexus 5X Build/MMB29P) AppleWebKit/537.36 (KHTML, like Gecko) Chrome/153.0.8010.36 Mobile Safari/537.36 (compatible; Googlebot/2.1; +http://www.google.com/bot.html)"
66.249.68.98 - - [17/Sep/2026:15:09:03 +0300] "GET /shop/pg/2302442 HTTP/1.1" 200 195953 "-" "Mozilla/5.0 (Linux; Android 6.0.1; Nexus 5X Build/MMB29P) AppleWebKit/537.36 (KHTML, like Gecko) Chrome/153.0.8010.36 Mobile Safari/537.36 (compatible; Googlebot/2.1; +http://www.google.com/bot.html)"
66.249.68.100 - - [17/Sep/2026:15:09:03 +0300] "GET /index.php/meniu?sale/search/detail/?ITMCODE=51992057147 HTTP/1.1" 200 200976 "-" "Mozilla/5.0 (Linux; Android 6.0.1; Nexus 5X Build/MMB29P) AppleWebKit/537.36 (KHTML, like Gecko) Chrome/153.0.8010.36 Mobile Safari/537.36 (compatible; Googlebot/2.1; +http://www.google.com/bot.html)"
66.249.68.100 - - [17/Sep/2026:15:09:03 +0300] "GET /index.php/maistas-i-namus?sale/search/detail/?ITMCODE=51992417348 HTTP/1.1" 200 213589 "-" "Mozilla/5.0 (Linux; Android 6.0.1; Nexus 5X Build/MMB29P) AppleWebKit/537.36 (KHTML, like Gecko) Chrome/153.0.8010.36 Mobile Safari/537.36 (compatible; Googlebot/2.1; +http://www.google.com/bot.html)"
66.249.68.104 - - [17/Sep/2026:15:09:04 +0300] "GET /index.php/maistas-i-namus?sale/search/detail/?ITMCODE=519562022 HTTP/1.1" 200 203585 "-" "Mozilla/5.0 (Linux; Android 6.0.1; Nexus 5X Build/MMB29P) AppleWebKit/537.36 (KHTML, like Gecko) Chrome/153.0.8010.36 Mobile Safari/537.36 (compatible; Googlebot/2.1; +http://www.google.com/bot.html)"
66.249.68.97 - - [17/Sep/2026:15:09:05 +0300] "GET /index.php/meniu?sale/search/detail/?ITMCODE=52002734928 HTTP/1.1" 200 218671 "-" "Mozilla/5.0 (Linux; Android 6.0.1; Nexus 5X Build/MMB29P) AppleWebKit/537.36 (KHTML, like Gecko) Chrome/153.0.8010.36 Mobile Safari/537.36 (compatible; Googlebot/2.1; +http://www.google.com/bot.html)"
66.249.68.104 - - [17/Sep/2026:15:09:06 +0300] "GET /index.php/maistas-i-namus?sale/search/detail/?ITMCODE=51981672580 HTTP/1.1" 200 203417 "-" "Mozilla/5.0 (Linux; Android 6.0.1; Nexus 5X Build/MMB29P) AppleWebKit/537.36 (KHTML, like Gecko) Chrome/153.0.8010.36 Mobile Safari/537.36 (compatible; Googlebot/2.1; +http://www.google.com/bot.html)"
66.249.68.101 - - [17/Sep/2026:15:09:06 +0300] "GET /index.php/maistas-i-namus?sale/search/detail/?ITMCODE=52002727253 HTTP/1.1" 200 200163 "-" "Mozilla/5.0 (Linux; Android 6.0.1; Nexus 5X Build/MMB29P) AppleWebKit/537.36 (KHTML, like Gecko) Chrome/153.0.8010.36 Mobile Safari/537.36 (compatible; Googlebot/2.1; +http://www.google.com/bot.html)"
66.249.68.97 - - [17/Sep/2026:15:09:07 +0300] "GET /index.php/maistas-i-namus?sale/search/detail/?ITMCODE=51992011087 HTTP/1.1" 200 207781 "-" "Mozilla/5.0 (Linux; Android 6.0.1; Nexus 5X Build/MMB29P) AppleWebKit/537.36 (KHTML, like Gecko) Chrome/153.0.8010.36 Mobile Safari/537.36 (compatible; Googlebot/2.1; +http://www.google.com/bot.html)"
66.249.68.105 - - [17/Sep/2026:15:09:06 +0300] "GET /index.php/meniu?sale/search/detail/?ITMCODE=51981556512 HTTP/1.1" 200 213487 "-" "Mozilla/5.0 (Linux; Android 6.0.1; Nexus 5X Build/MMB29P) AppleWebKit/537.36 (KHTML, like Gecko) Chrome/153.0.8010.36 Mobile Safari/537.36 (compatible; Googlebot/2.1; +http://www.google.com/bot.html)"
66.249.68.104 - - [17/Sep/2026:15:09:07 +0300] "GET /index.php/meniu?sale/search/detail/?ITMCODE=51971126864 HTTP/1.1" 200 207293 "-" "Mozilla/5.0 (Linux; Android 6.0.1; Nexus 5X Build/MMB29P) AppleWebKit/537.36 (KHTML, like Gecko) Chrome/153.0.8010.36 Mobile Safari/537.36 (compatible; Googlebot/2.1; +http://www.google.com/bot.html)"
66.249.68.101 - - [17/Sep/2026:15:09:07 +0300] "GET /index.php/kontaktai?sale/search/detail/?ITMCODE=5195458542 HTTP/1.1" 200 211531 "-" "Mozilla/5.0 (Linux; Android 6.0.1; Nexus 5X Build/MMB29P) AppleWebKit/537.36 (KHTML, like Gecko) Chrome/153.0.8010.36 Mobile Safari/537.36 (compatible; Googlebot/2.1; +http://www.google.com/bot.html)"
66.249.68.100 - - [17/Sep/2026:15:09:08 +0300] "GET /shop/pg/51971322747 HTTP/1.1" 200 209523 "-" "Mozilla/5.0 (Linux; Android 6.0.1; Nexus 5X Build/MMB29P) AppleWebKit/537.36 (KHTML, like Gecko) Chrome/153.0.8010.36 Mobile Safari/537.36 (compatible; Googlebot/2.1; +http://www.google.com/bot.html)"
66.249.68.100 - - [17/Sep/2026:15:09:08 +0300] "GET /index.php/meniu?sale/search/detail/?ITMCODE=51971216324 HTTP/1.1" 200 202283 "-" "Mozilla/5.0 (Linux; Android 6.0.1; Nexus 5X Build/MMB29P) AppleWebKit/537.36 (KHTML, like Gecko) Chrome/153.0.8010.36 Mobile Safari/537.36 (compatible; Googlebot/2.1; +http://www.google.com/bot.html)"
85.208.96.195 - - [17/Sep/2026:15:09:09 +0300] "GET /?sale%2Fsearch%2Fdetail%2F%3FITMCODE=51966770745 HTTP/1.1" 200 11123 "-" "Mozilla/5.0 (compatible; SemrushBot/7~bl; +http://www.semrush.com/bot.html)"
66.249.68.96 - - [17/Sep/2026:15:09:10 +0300] "GET /index.php/kontaktai?sale/search/detail/?ITMCODE=5196565135 HTTP/1.1" 200 209212 "-" "Mozilla/5.0 (Linux; Android 6.0.1; Nexus 5X Build/MMB29P) AppleWebKit/537.36 (KHTML, like Gecko) Chrome/153.0.8010.36 Mobile Safari/537.36 (compatible; Googlebot/2.1; +http://www.google.com/bot.html)"
66.249.68.99 - - [17/Sep/2026:15:09:09 +0300] "GET /index.php/maistas-i-namus?sale/search/detail/?ITMCODE=5195493881 HTTP/1.1" 200 207430 "-" "Mozilla/5.0 (Linux; Android 6.0.1; Nexus 5X Build/MMB29P) AppleWebKit/537.36 (KHTML, like Gecko) Chrome/153.0.8010.36 Mobile Safari/537.36 (compatible; Googlebot/2.1; +http://www.google.com/bot.html)"
66.249.68.105 - - [17/Sep/2026:15:09:10 +0300] "GET /index.php/maistas-i-namus?sale/search/detail/?ITMCODE=51971051271 HTTP/1.1" 200 211291 "-" "Mozilla/5.0 (Linux; Android 6.0.1; Nexus 5X Build/MMB29P) AppleWebKit/537.36 (KHTML, like Gecko) Chrome/153.0.8010.36 Mobile Safari/537.36 (compatible; Googlebot/2.1; +http://www.google.com/bot.html)"
66.249.68.99 - - [17/Sep/2026:15:09:11 +0300] "GET /index.php/maistas-i-namus?sale/search/detail/?ITMCODE=51981724651 HTTP/1.1" 200 202838 "-" "Mozilla/5.0 (Linux; Android 6.0.1; Nexus 5X Build/MMB29P) AppleWebKit/537.36 (KHTML, like Gecko) Chrome/153.0.8010.36 Mobile Safari/537.36 (compatible; Googlebot/2.1; +http://www.google.com/bot.html)"
66.249.68.100 - - [17/Sep/2026:15:09:11 +0300] "GET /index.php/maistas-i-namus?sale/search/detail/?ITMCODE=5196740661 HTTP/1.1" 200 200227 "-" "Mozilla/5.0 (Linux; Android 6.0.1; Nexus 5X Build/MMB29P) AppleWebKit/537.36 (KHTML, like Gecko) Chrome/153.0.8010.36 Mobile Safari/537.36 (compatible; Googlebot/2.1; +http://www.google.com/bot.html)"
66.249.68.96 - - [17/Sep/2026:15:09:11 +0300] "GET /index.php/meniu?sale/search/detail/?ITMCODE=52002553428 HTTP/1.1" 200 205786 "-" "Mozilla/5.0 (Linux; Android 6.0.1; Nexus 5X Build/MMB29P) AppleWebKit/537.36 (KHTML, like Gecko) Chrome/153.0.8010.36 Mobile Safari/537.36 (compatible; Googlebot/2.1; +http://www.google.com/bot.html)"
66.249.68.96 - - [17/Sep/2026:15:09:11 +0300] "GET /index.php/kontaktai?sale/search/detail/?ITMCODE=51981581748 HTTP/1.1" 200 199636 "-" "Mozilla/5.0 (Linux; Android 6.0.1; Nexus 5X Build/MMB29P) AppleWebKit/537.36 (KHTML, like Gecko) Chrome/153.0.8010.36 Mobile Safari/537.36 (compatible; Googlebot/2.1; +http://www.google.com/bot.html)"
66.249.68.103 - - [17/Sep/2026:15:09:12 +0300] "GET /shop/pg/876696 HTTP/1.1" 200 208984 "-" "Mozilla/5.0 (Linux; Android 6.0.1; Nexus 5X Build/MMB29P) AppleWebKit/537.36 (KHTML, like Gecko) Chrome/153.0.8010.36 Mobile Safari/537.36 (compatible; Googlebot/2.1; +http://www.google.com/bot.html)"
66.249.68.96 - - [17/Sep/2026:15:09:13 +0300] "GET /index.php/maistas-i-namus?sale/search/detail/?ITMCODE=519553594 HTTP/1.1" 200 208748 "-" "Mozilla/5.0 (Linux; Android 6.0.1; Nexus 5X Build/MMB29P) AppleWebKit/537.36 (KHTML, like Gecko) Chrome/153.0.8010.36 Mobile Safari/537.36 (compatible; Googlebot/2.1; +http://www.google.com/bot.html)"
66.249.68.100 - - [17/Sep/2026:15:09:13 +0300] "GET /index.php/kontaktai?sale/search/detail/?ITMCODE=52002563417 HTTP/1.1" 200 202903 "-" "Mozilla/5.0 (Linux; Android 6.0.1; Nexus 5X Build/MMB29P) AppleWebKit/537.36 (KHTML, like Gecko) Chrome/153.0.8010.36 Mobile Safari/537.36 (compatible; Googlebot/2.1; +http://www.google.com/bot.html)"
66.249.68.101 - - [17/Sep/2026:15:09:13 +0300] "GET /index.php/maistas-i-namus?sale/search/detail/?ITMCODE=51971400551 HTTP/1.1" 200 209362 "-" "Mozilla/5.0 (Linux; Android 6.0.1; Nexus 5X Build/MMB29P) AppleWebKit/537.36 (KHTML, like Gecko) Chrome/153.0.8010.36 Mobile Safari/537.36 (compatible; Googlebot/2.1; +http://www.google.com/bot.html)"
66.249.68.100 - - [17/Sep/2026:15:09:14 +0300] "GET /index.php/meniu?sale/search/detail/?ITMCODE=51981708564 HTTP/1.1" 200 214950 "-" "Mozilla/5.0 (Linux; Android 6.0.1; Nexus 5X Build/MMB29P) AppleWebKit/537.36 (KHTML, like Gecko) Chrome/153.0.8010.36 Mobile Safari/537.36 (compatible; Googlebot/2.1; +http://www.google.com/bot.html)"
66.249.68.104 - - [17/Sep/2026:15:09:14 +0300] "GET /index.php/maistas-i-namus?shop/c/c519610152/ HTTP/1.1" 200 124653 "-" "Mozilla/5.0 (Linux; Android 6.0.1; Nexus 5X Build/MMB29P) AppleWebKit/537.36 (KHTML, like Gecko) Chrome/153.0.8010.36 Mobile Safari/537.36 (compatible; Googlebot/2.1; +http://www.google.com/bot.html)"
66.249.68.105 - - [17/Sep/2026:15:09:14 +0300] "GET /index.php/kontaktai?sale/search/detail/?ITMCODE=51981522501 HTTP/1.1" 200 218579 "-" "Mozilla/5.0 (Linux; Android 6.0.1; Nexus 5X Build/MMB29P) AppleWebKit/537.36 (KHTML, like Gecko) Chrome/153.0.8010.36 Mobile Safari/537.36 (compatible; Googlebot/2.1; +http://www.google.com/bot.html)"
66.249.68.103 - - [17/Sep/2026:15:09:15 +0300] "GET /index.php/maistas-i-namus?sale/search/detail/?ITMCODE=5195411619 HTTP/1.1" 200 203338 "-" "Mozilla/5.0 (Linux; Android 6.0.1; Nexus 5X Build/MMB29P) AppleWebKit/537.36 (KHTML, like Gecko) Chrome/153.0.8010.36 Mobile Safari/537.36 (compatible; Googlebot/2.1; +http://www.google.com/bot.html)"
66.249.68.105 - - [17/Sep/2026:15:09:15 +0300] "GET /index.php/maistas-i-namus?sale/search/detail/?ITMCODE=5196598861 HTTP/1.1" 200 213920 "-" "Mozilla/5.0 (Linux; Android 6.0.1; Nexus 5X Build/MMB29P) AppleWebKit/537.36 (KHTML, like Gecko) Chrome/153.0.8010.36 Mobile Safari/537.36 (compatible; Googlebot/2.1; +http://www.google.com/bot.html)"
66.249.68.97 - - [17/Sep/2026:15:09:16 +0300] "GET /index.php/kontaktai?sale/search/detail/?ITMCODE=51981605642 HTTP/1.1" 200 199456 "-" "Mozilla/5.0 (Linux; Android 6.0.1; Nexus 5X Build/MMB29P) AppleWebKit/537.36 (KHTML, like Gecko) Chrome/153.0.8010.36 Mobile Safari/537.36 (compatible; Googlebot/2.1; +http://www.google.com/bot.html)"
66.249.68.100 - - [17/Sep/2026:15:09:16 +0300] "GET /index.php/kontaktai?sale/search/detail/?ITMCODE=51981816904 HTTP/1.1" 200 207635 "-" "Mozilla/5.0 (Linux; Android 6.0.1; Nexus 5X Build/MMB29P) AppleWebKit/537.36 (KHTML, like Gecko) Chrome/153.0.8010.36 Mobile Safari/537.36 (compatible; Googlebot/2.1; +http://www.google.com/bot.html)"
66.249.68.96 - - [17/Sep/2026:15:09:17 +0300] "GET /index.php/maistas-i-namus?shop/c/c519610162/ HTTP/1.1" 200 189175 "-" "Mozilla/5.0 (Linux; Android 6.0.1; Nexus 5X Build/MMB29P) AppleWebKit/537.36 (KHTML, like Gecko) Chrome/153.0.8010.36 Mobile Safari/537.36 (compatible; Googlebot/2.1; +http://www.google.com/bot.html)"
66.249.68.103 - - [17/Sep/2026:15:09:17 +0300] "GET /index.php/maistas-i-namus?sale/search/detail/?ITMCODE=5196685491 HTTP/1.1" 200 213518 "-" "Mozilla/5.0 (Linux; Android 6.0.1; Nexus 5X Build/MMB29P) AppleWebKit/537.36 (KHTML, like Gecko) Chrome/153.0.8010.36 Mobile Safari/537.36 (compatible; Googlebot/2.1; +http://www.google.com/bot.html)"
66.249.68.96 - - [17/Sep/2026:15:09:17 +0300] "GET /index.php/maistas-i-namus?sale/search/detail/?ITMCODE=52002861835 HTTP/1.1" 200 207636 "-" "Mozilla/5.0 (Linux; Android 6.0.1; Nexus 5X Build/MMB29P) AppleWebKit/537.36 (KHTML, like Gecko) Chrome/153.0.8010.36 Mobile Safari/537.36 (compatible; Googlebot/2.1; +http://www.google.com/bot.html)"
