66.249.68.96 - - [16/Sep/2026:02:17:59 +0300] "GET /?sale/search/detail/?ITMCODE=5196889517 HTTP/1.1" 200 199632 "-" "Mozilla/5.0 (Linux; Android 6.0.1; Nexus 5X Build/MMB29P) AppleWebKit/537.36 (KHTML, like Gecko) Chrome/153.0.8010.36 Mobile Safari/537.36 (compatible; Googlebot/2.1; +http://www.google.com/bot.html)"
101.33.81.73 - - [16/Sep/2026:02:19:02 +0300] "GET / HTTP/1.1" 200 11140 "-" "Mozilla/5.0 (iPhone; CPU iPhone OS 13_2_3 like Mac OS X) AppleWebKit/605.1.15 (KHTML, like Gecko) Version/13.0.3 Mobile/15E148 Safari/604.1"
185.191.171.5 - - [16/Sep/2026:02:20:52 +0300] "GET /?sale%2Fsearch%2Fdetail%2F%3FITMCODE=520011928473 HTTP/1.1" 200 11138 "-" "Mozilla/5.0 (compatible; SemrushBot/7~bl; +http://www.semrush.com/bot.html)"
66.249.68.96 - - [16/Sep/2026:02:21:36 +0300] "GET /?sale/search/detail/?ITMCODE=51981780002 HTTP/1.1" 200 194562 "-" "Mozilla/5.0 (Linux; Android 6.0.1; Nexus 5X Build/MMB29P) AppleWebKit/537.36 (KHTML, like Gecko) Chrome/153.0.8010.36 Mobile Safari/537.36 (compatible; Googlebot/2.1; +http://www.google.com/bot.html)"
157.55.39.204 - - [16/Sep/2026:02:21:40 +0300] "GET /shop/pg/994402 HTTP/1.1" 200 194566 "-" "Mozilla/5.0 AppleWebKit/537.36 (KHTML, like Gecko; compatible; bingbot/2.0; +http://www.bing.com/bingbot.htm) Chrome/116.0.1938.76 Safari/537.36"
66.249.68.97 - - [16/Sep/2026:02:24:36 +0300] "GET /?sale/search/detail/?ITMCODE=5195313224 HTTP/1.1" 200 205589 "-" "Mozilla/5.0 (Linux; Android 6.0.1; Nexus 5X Build/MMB29P) AppleWebKit/537.36 (KHTML, like Gecko) Chrome/153.0.8010.36 Mobile Safari/537.36 (compatible; Googlebot/2.1; +http://www.google.com/bot.html)"
66.249.68.97 - - [16/Sep/2026:02:28:24 +0300] "GET /?sale/search/detail/?ITMCODE=5195296467 HTTP/1.1" 200 228483 "-" "Mozilla/5.0 (Linux; Android 6.0.1; Nexus 5X Build/MMB29P) AppleWebKit/537.36 (KHTML, like Gecko) Chrome/153.0.8010.36 Mobile Safari/537.36 (compatible; Googlebot/2.1; +http://www.google.com/bot.html)"
66.249.68.97 - - [16/Sep/2026:02:28:41 +0300] "GET /?sale/search/detail/?ITMCODE=51971375758 HTTP/1.1" 200 195314 "-" "Mozilla/5.0 (Linux; Android 6.0.1; Nexus 5X Build/MMB29P) AppleWebKit/537.36 (KHTML, like Gecko) Chrome/153.0.8010.36 Mobile Safari/537.36 (compatible; Googlebot/2.1; +http://www.google.com/bot.html)"
43.165.2.110 - - [16/Sep/2026:02:30:23 +0300] "GET / HTTP/1.1" 200 11120 "-" "Mozilla/5.0 (iPhone; CPU iPhone OS 13_2_3 like Mac OS X) AppleWebKit/605.1.15 (KHTML, like Gecko) Version/13.0.3 Mobile/15E148 Safari/604.1"
66.249.68.97 - - [16/Sep/2026:02:35:26 +0300] "GET /?sale/search/detail/?ITMCODE=51981758255 HTTP/1.1" 200 196473 "-" "Mozilla/5.0 (Linux; Android 6.0.1; Nexus 5X Build/MMB29P) AppleWebKit/537.36 (KHTML, like Gecko) Chrome/153.0.8010.36 Mobile Safari/537.36 (compatible; Googlebot/2.1; +http://www.google.com/bot.html)"
162.62.132.25 - - [16/Sep/2026:02:40:12 +0300] "GET / HTTP/1.1" 200 11120 "-" "Mozilla/5.0 (iPhone; CPU iPhone OS 13_2_3 like Mac OS X) AppleWebKit/605.1.15 (KHTML, like Gecko) Version/13.0.3 Mobile/15E148 Safari/604.1"
207.46.13.170 - - [16/Sep/2026:02:40:30 +0300] "GET /?sale/search/detail/?ITMCODE=5196850868 HTTP/1.1" 200 207271 "-" "Mozilla/5.0 AppleWebKit/537.36 (KHTML, like Gecko; compatible; bingbot/2.0; +http://www.bing.com/bingbot.htm) Chrome/116.0.1938.76 Safari/537.36"
66.249.68.98 - - [16/Sep/2026:02:41:06 +0300] "GET /?sale/search/detail/?ITMCODE=51992044711 HTTP/1.1" 200 213732 "-" "Mozilla/5.0 (Linux; Android 6.0.1; Nexus 5X Build/MMB29P) AppleWebKit/537.36 (KHTML, like Gecko) Chrome/153.0.8010.36 Mobile Safari/537.36 (compatible; Googlebot/2.1; +http://www.google.com/bot.html)"
185.191.171.7 - - [16/Sep/2026:02:41:29 +0300] "GET /?sale%2Fsearch%2Fdetail%2F%3FITMCODE=519575301512 HTTP/1.1" 200 11138 "-" "Mozilla/5.0 (compatible; SemrushBot/7~bl; +http://www.semrush.com/bot.html)"
207.46.13.170 - - [16/Sep/2026:02:44:07 +0300] "GET /?sale/search/detail/?ITMCODE=51971269888 HTTP/1.1" 200 206198 "-" "Mozilla/5.0 AppleWebKit/537.36 (KHTML, like Gecko; compatible; bingbot/2.0; +http://www.bing.com/bingbot.htm) Chrome/116.0.1938.76 Safari/537.36"
66.249.68.96 - - [16/Sep/2026:02:48:08 +0300] "GET /?sale/search/detail/?ITMCODE=5196866302 HTTP/1.1" 200 204077 "-" "Mozilla/5.0 (Linux; Android 6.0.1; Nexus 5X Build/MMB29P) AppleWebKit/537.36 (KHTML, like Gecko) Chrome/153.0.8010.36 Mobile Safari/537.36 (compatible; Googlebot/2.1; +http://www.google.com/bot.html)"
43.160.219.138 - - [16/Sep/2026:02:49:26 +0300] "GET / HTTP/1.1" 200 11120 "-" "Mozilla/5.0 (iPhone; CPU iPhone OS 13_2_3 like Mac OS X) AppleWebKit/605.1.15 (KHTML, like Gecko) Version/13.0.3 Mobile/15E148 Safari/604.1"
207.46.13.64 - - [16/Sep/2026:02:51:22 +0300] "GET /?sale/search/detail/?ITMCODE=52002932232 HTTP/1.1" 200 203380 "-" "Mozilla/5.0 AppleWebKit/537.36 (KHTML, like Gecko; compatible; bingbot/2.0; +http://www.bing.com/bingbot.htm) Chrome/116.0.1938.76 Safari/537.36"
52.167.144.173 - - [16/Sep/2026:02:52:21 +0300] "GET /shop/pg/51954763 HTTP/1.1" 200 205200 "-" "Mozilla/5.0 AppleWebKit/537.36 (KHTML, like Gecko; compatible; bingbot/2.0; +http://www.bing.com/bingbot.htm) Chrome/116.0.1938.76 Safari/537.36"
66.249.68.96 - - [16/Sep/2026:02:52:45 +0300] "GET /?sale/search/detail/?ITMCODE=52002596288 HTTP/1.1" 200 198837 "-" "Mozilla/5.0 (Linux; Android 6.0.1; Nexus 5X Build/MMB29P) AppleWebKit/537.36 (KHTML, like Gecko) Chrome/153.0.8010.36 Mobile Safari/537.36 (compatible; Googlebot/2.1; +http://www.google.com/bot.html)"
52.167.144.173 - - [16/Sep/2026:02:54:01 +0300] "GET /shop/pg/2751 HTTP/1.1" 200 200859 "-" "Mozilla/5.0 AppleWebKit/537.36 (KHTML, like Gecko; compatible; bingbot/2.0; +http://www.bing.com/bingbot.htm) Chrome/116.0.1938.76 Safari/537.36"
66.249.68.97 - - [16/Sep/2026:02:56:45 +0300] "GET /?sale/search/detail/?ITMCODE=5196640858 HTTP/1.1" 200 198643 "-" "Mozilla/5.0 (Linux; Android 6.0.1; Nexus 5X Build/MMB29P) AppleWebKit/537.36 (KHTML, like Gecko) Chrome/153.0.8010.36 Mobile Safari/537.36 (compatible; Googlebot/2.1; +http://www.google.com/bot.html)"
207.46.13.130 - - [16/Sep/2026:02:57:31 +0300] "GET / HTTP/1.1" 200 195976 "-" "Mozilla/5.0 AppleWebKit/537.36 (KHTML, like Gecko; compatible; bingbot/2.0; +http://www.bing.com/bingbot.htm) Chrome/116.0.1938.76 Safari/537.36"
157.55.39.10 - - [16/Sep/2026:02:58:00 +0300] "GET /shop/pg/5196737029 HTTP/1.1" 200 194783 "-" "Mozilla/5.0 AppleWebKit/537.36 (KHTML, like Gecko; compatible; bingbot/2.0; +http://www.bing.com/bingbot.htm) Chrome/116.0.1938.76 Safari/537.36"
101.32.49.171 - - [16/Sep/2026:02:58:38 +0300] "GET / HTTP/1.1" 200 11140 "-" "Mozilla/5.0 (iPhone; CPU iPhone OS 13_2_3 like Mac OS X) AppleWebKit/605.1.15 (KHTML, like Gecko) Version/13.0.3 Mobile/15E148 Safari/604.1"
157.55.39.10 - - [16/Sep/2026:03:01:23 +0300] "GET /shop/pg/890924 HTTP/1.1" 200 195542 "-" "Mozilla/5.0 AppleWebKit/537.36 (KHTML, like Gecko; compatible; bingbot/2.0; +http://www.bing.com/bingbot.htm) Chrome/116.0.1938.76 Safari/537.36"
66.249.68.97 - - [16/Sep/2026:03:01:34 +0300] "GET /?sale/search/detail/?ITMCODE=51981643640 HTTP/1.1" 200 201910 "-" "Mozilla/5.0 (Linux; Android 6.0.1; Nexus 5X Build/MMB29P) AppleWebKit/537.36 (KHTML, like Gecko) Chrome/153.0.8010.36 Mobile Safari/537.36 (compatible; Googlebot/2.1; +http://www.google.com/bot.html)"
66.249.68.96 - - [16/Sep/2026:03:08:22 +0300] "GET /?sale/search/detail/?ITMCODE=52002612491 HTTP/1.1" 200 202113 "-" "Mozilla/5.0 (Linux; Android 6.0.1; Nexus 5X Build/MMB29P) AppleWebKit/537.36 (KHTML, like Gecko) Chrome/153.0.8010.36 Mobile Safari/537.36 (compatible; Googlebot/2.1; +http://www.google.com/bot.html)"
43.133.69.37 - - [16/Sep/2026:03:11:20 +0300] "GET / HTTP/1.1" 200 11120 "-" "Mozilla/5.0 (iPhone; CPU iPhone OS 13_2_3 like Mac OS X) AppleWebKit/605.1.15 (KHTML, like Gecko) Version/13.0.3 Mobile/15E148 Safari/604.1"
207.46.13.54 - - [16/Sep/2026:03:12:23 +0300] "GET /shop/pg/2805382 HTTP/1.1" 200 202064 "-" "Mozilla/5.0 AppleWebKit/537.36 (KHTML, like Gecko; compatible; bingbot/2.0; +http://www.bing.com/bingbot.htm) Chrome/116.0.1938.76 Safari/537.36"
66.249.68.98 - - [16/Sep/2026:03:13:42 +0300] "GET /?sale/search/detail/?ITMCODE=51971258224 HTTP/1.1" 200 208091 "-" "Mozilla/5.0 (Linux; Android 6.0.1; Nexus 5X Build/MMB29P) AppleWebKit/537.36 (KHTML, like Gecko) Chrome/153.0.8010.36 Mobile Safari/537.36 (compatible; Googlebot/2.1; +http://www.google.com/bot.html)"
207.46.13.54 - - [16/Sep/2026:03:15:14 +0300] "GET /shop/pg/1601 HTTP/1.1" 200 195239 "-" "Mozilla/5.0 AppleWebKit/537.36 (KHTML, like Gecko; compatible; bingbot/2.0; +http://www.bing.com/bingbot.htm) Chrome/116.0.1938.76 Safari/537.36"
207.46.13.54 - - [16/Sep/2026:03:15:52 +0300] "GET /?sale/search/detail/?ITMCODE=5196858484 HTTP/1.1" 200 197451 "-" "Mozilla/5.0 AppleWebKit/537.36 (KHTML, like Gecko; compatible; bingbot/2.0; +http://www.bing.com/bingbot.htm) Chrome/116.0.1938.76 Safari/537.36"
66.249.68.97 - - [16/Sep/2026:03:16:29 +0300] "GET /?sale/search/detail/?ITMCODE=51981549333 HTTP/1.1" 200 210482 "-" "Mozilla/5.0 (compatible; Googlebot/2.1; +http://www.google.com/bot.html)"
207.46.13.54 - - [16/Sep/2026:03:17:23 +0300] "GET /shop/pg/1026113 HTTP/1.1" 200 200784 "-" "Mozilla/5.0 AppleWebKit/537.36 (KHTML, like Gecko; compatible; bingbot/2.0; +http://www.bing.com/bingbot.htm) Chrome/116.0.1938.76 Safari/537.36"
66.249.68.96 - - [16/Sep/2026:03:18:10 +0300] "GET /?sale/search/detail/?ITMCODE=51971205537 HTTP/1.1" 200 195584 "-" "Mozilla/5.0 (Linux; Android 6.0.1; Nexus 5X Build/MMB29P) AppleWebKit/537.36 (KHTML, like Gecko) Chrome/153.0.8010.36 Mobile Safari/537.36 (compatible; Googlebot/2.1; +http://www.google.com/bot.html)"
43.165.67.31 - - [16/Sep/2026:03:18:24 +0300] "GET / HTTP/1.1" 200 11120 "-" "Mozilla/5.0 (iPhone; CPU iPhone OS 13_2_3 like Mac OS X) AppleWebKit/605.1.15 (KHTML, like Gecko) Version/13.0.3 Mobile/15E148 Safari/604.1"
207.46.13.54 - - [16/Sep/2026:03:19:24 +0300] "GET /?sale/search/detail/?ITMCODE=51992361475 HTTP/1.1" 200 197997 "-" "Mozilla/5.0 AppleWebKit/537.36 (KHTML, like Gecko; compatible; bingbot/2.0; +http://www.bing.com/bingbot.htm) Chrome/116.0.1938.76 Safari/537.36"
198.235.24.243 - - [16/Sep/2026:03:19:40 +0300] "GET /shell.php HTTP/1.1" 404 1317 "-" "Hello from Palo Alto Networks, find out more about our scans in https://docs-cortex.paloaltonetworks.com/r/1/Cortex-Xpanse/Scanning-activity"
207.46.13.54 - - [16/Sep/2026:03:19:43 +0300] "GET /?sale/search/detail/?ITMCODE=5196655527 HTTP/1.1" 200 205147 "-" "Mozilla/5.0 AppleWebKit/537.36 (KHTML, like Gecko; compatible; bingbot/2.0; +http://www.bing.com/bingbot.htm) Chrome/116.0.1938.76 Safari/537.36"
207.46.13.54 - - [16/Sep/2026:03:20:03 +0300] "GET /?sale/search/detail/?ITMCODE=5196718476 HTTP/1.1" 200 198780 "-" "Mozilla/5.0 AppleWebKit/537.36 (KHTML, like Gecko; compatible; bingbot/2.0; +http://www.bing.com/bingbot.htm) Chrome/116.0.1938.76 Safari/537.36"
205.210.31.195 - - [16/Sep/2026:03:20:29 +0300] "GET /webshell HTTP/1.1" 404 1317 "-" "Hello from Palo Alto Networks, find out more about our scans in https://docs-cortex.paloaltonetworks.com/r/1/Cortex-Xpanse/Scanning-activity"
207.46.13.9 - - [16/Sep/2026:03:21:27 +0300] "GET /shop/pg/5196882238 HTTP/1.1" 200 197544 "-" "Mozilla/5.0 AppleWebKit/537.36 (KHTML, like Gecko; compatible; bingbot/2.0; +http://www.bing.com/bingbot.htm) Chrome/116.0.1938.76 Safari/537.36"
205.210.31.80 - - [16/Sep/2026:03:21:49 +0300] "GET /webshell HTTP/1.1" 404 1317 "-" "Hello from Palo Alto Networks, find out more about our scans in https://docs-cortex.paloaltonetworks.com/r/1/Cortex-Xpanse/Scanning-activity"
147.185.132.67 - - [16/Sep/2026:03:21:50 +0300] "GET /webshell.php HTTP/1.1" 404 1317 "-" "Hello from Palo Alto Networks, find out more about our scans in https://docs-cortex.paloaltonetworks.com/r/1/Cortex-Xpanse/Scanning-activity"
205.210.31.67 - - [16/Sep/2026:03:21:54 +0300] "GET /shell.php HTTP/1.1" 404 1317 "-" "Hello from Palo Alto Networks, find out more about our scans in https://docs-cortex.paloaltonetworks.com/r/1/Cortex-Xpanse/Scanning-activity"
66.249.68.97 - - [16/Sep/2026:03:23:19 +0300] "GET /?sale/search/detail/?ITMCODE=52002639754 HTTP/1.1" 200 200954 "-" "Mozilla/5.0 (Linux; Android 6.0.1; Nexus 5X Build/MMB29P) AppleWebKit/537.36 (KHTML, like Gecko) Chrome/153.0.8010.36 Mobile Safari/537.36 (compatible; Googlebot/2.1; +http://www.google.com/bot.html)"
178.211.139.240 - - [16/Sep/2026:03:23:48 +0300] "GET /filefuns.php HTTP/1.1" 404 1317 "-" "Mozilla/5.0 (Windows NT 10.0; Win64; x64) AppleWebKit/537.36 (KHTML, like Gecko) Chrome/90.0.4430.85 Safari/537.36"
178.211.139.240 - - [16/Sep/2026:03:23:50 +0300] "GET /txets.php HTTP/1.1" 404 1317 "-" "Mozilla/5.0 (Windows NT 10.0; Win64; x64) AppleWebKit/537.36 (KHTML, like Gecko) Chrome/90.0.4430.85 Safari/537.36"
178.211.139.240 - - [16/Sep/2026:03:23:52 +0300] "GET /postnews.php HTTP/1.1" 404 1317 "-" "Mozilla/5.0 (Windows NT 10.0; Win64; x64) AppleWebKit/537.36 (KHTML, like Gecko) Chrome/90.0.4430.85 Safari/537.36"
40.77.167.26 - - [16/Sep/2026:03:25:33 +0300] "GET /sale/search/detail/?ITMCODE=52002939150 HTTP/1.1" 200 198421 "-" "Mozilla/5.0 AppleWebKit/537.36 (KHTML, like Gecko; compatible; bingbot/2.0; +http://www.bing.com/bingbot.htm) Chrome/116.0.1938.76 Safari/537.36"
157.55.39.200 - - [16/Sep/2026:03:25:34 +0300] "GET /sale/search/detail/?ITMCODE=52002880914 HTTP/1.1" 200 201565 "-" "Mozilla/5.0 AppleWebKit/537.36 (KHTML, like Gecko; compatible; bingbot/2.0; +http://www.bing.com/bingbot.htm) Chrome/116.0.1938.76 Safari/537.36"
43.157.142.101 - - [16/Sep/2026:03:28:34 +0300] "GET / HTTP/1.1" 200 11120 "-" "Mozilla/5.0 (iPhone; CPU iPhone OS 13_2_3 like Mac OS X) AppleWebKit/605.1.15 (KHTML, like Gecko) Version/13.0.3 Mobile/15E148 Safari/604.1"
157.55.39.201 - - [16/Sep/2026:03:30:05 +0300] "GET /?sale/search/detail/?ITMCODE=51981863344 HTTP/1.1" 200 213993 "-" "Mozilla/5.0 AppleWebKit/537.36 (KHTML, like Gecko; compatible; bingbot/2.0; +http://www.bing.com/bingbot.htm) Chrome/116.0.1938.76 Safari/537.36"
157.55.39.201 - - [16/Sep/2026:03:30:39 +0300] "GET /shop/pg/875903 HTTP/1.1" 200 197415 "-" "Mozilla/5.0 AppleWebKit/537.36 (KHTML, like Gecko; compatible; bingbot/2.0; +http://www.bing.com/bingbot.htm) Chrome/116.0.1938.76 Safari/537.36"
157.55.39.201 - - [16/Sep/2026:03:31:27 +0300] "GET /?sale/search/detail/?ITMCODE=5196769991 HTTP/1.1" 200 196278 "-" "Mozilla/5.0 AppleWebKit/537.36 (KHTML, like Gecko; compatible; bingbot/2.0; +http://www.bing.com/bingbot.htm) Chrome/116.0.1938.76 Safari/537.36"
66.249.68.97 - - [16/Sep/2026:03:32:04 +0300] "GET /?sale/search/detail/?ITMCODE=51971278714 HTTP/1.1" 200 196219 "-" "Mozilla/5.0 (Linux; Android 6.0.1; Nexus 5X Build/MMB29P) AppleWebKit/537.36 (KHTML, like Gecko) Chrome/153.0.8010.36 Mobile Safari/537.36 (compatible; Googlebot/2.1; +http://www.google.com/bot.html)"
157.55.39.201 - - [16/Sep/2026:03:32:26 +0300] "GET /?sale/search/detail/?ITMCODE=5196636420 HTTP/1.1" 200 198675 "-" "Mozilla/5.0 AppleWebKit/537.36 (KHTML, like Gecko; compatible; bingbot/2.0; +http://www.bing.com/bingbot.htm) Chrome/116.0.1938.76 Safari/537.36"
52.167.144.159 - - [16/Sep/2026:03:32:48 +0300] "GET /?sale/search/detail/?ITMCODE=5196754783 HTTP/1.1" 200 195808 "-" "Mozilla/5.0 AppleWebKit/537.36 (KHTML, like Gecko; compatible; bingbot/2.0; +http://www.bing.com/bingbot.htm) Chrome/116.0.1938.76 Safari/537.36"
52.167.144.159 - - [16/Sep/2026:03:32:49 +0300] "GET /?sale/search/detail/?ITMCODE=5196641286 HTTP/1.1" 200 207971 "-" "Mozilla/5.0 AppleWebKit/537.36 (KHTML, like Gecko; compatible; bingbot/2.0; +http://www.bing.com/bingbot.htm) Chrome/116.0.1938.76 Safari/537.36"
207.46.13.52 - - [16/Sep/2026:03:32:53 +0300] "GET /?sale/search/detail/?ITMCODE=5196641049 HTTP/1.1" 200 201720 "-" "Mozilla/5.0 AppleWebKit/537.36 (KHTML, like Gecko; compatible; bingbot/2.0; +http://www.bing.com/bingbot.htm) Chrome/116.0.1938.76 Safari/537.36"
207.46.13.52 - - [16/Sep/2026:03:32:54 +0300] "GET /?sale/search/detail/?ITMCODE=5196622791 HTTP/1.1" 200 208162 "-" "Mozilla/5.0 AppleWebKit/537.36 (KHTML, like Gecko; compatible; bingbot/2.0; +http://www.bing.com/bingbot.htm) Chrome/116.0.1938.76 Safari/537.36"
207.46.13.7 - - [16/Sep/2026:03:34:45 +0300] "GET /?sale/search/detail/?ITMCODE=5196730322 HTTP/1.1" 200 210455 "-" "Mozilla/5.0 AppleWebKit/537.36 (KHTML, like Gecko; compatible; bingbot/2.0; +http://www.bing.com/bingbot.htm) Chrome/116.0.1938.76 Safari/537.36"
198.235.24.195 - - [16/Sep/2026:03:37:02 +0300] "GET /webshell.php HTTP/1.1" 404 1317 "-" "Hello from Palo Alto Networks, find out more about our scans in https://docs-cortex.paloaltonetworks.com/r/1/Cortex-Xpanse/Scanning-activity"
198.235.24.47 - - [16/Sep/2026:03:38:53 +0300] "GET /shell HTTP/1.1" 404 1317 "-" "Hello from Palo Alto Networks, find out more about our scans in https://docs-cortex.paloaltonetworks.com/r/1/Cortex-Xpanse/Scanning-activity"
43.164.190.124 - - [16/Sep/2026:03:38:59 +0300] "GET / HTTP/1.1" 200 11140 "-" "Mozilla/5.0 (iPhone; CPU iPhone OS 13_2_3 like Mac OS X) AppleWebKit/605.1.15 (KHTML, like Gecko) Version/13.0.3 Mobile/15E148 Safari/604.1"
66.249.68.98 - - [16/Sep/2026:03:39:21 +0300] "GET /?sale/search/detail/?ITMCODE=52002960786 HTTP/1.1" 200 199118 "-" "Mozilla/5.0 (compatible; Googlebot/2.1; +http://www.google.com/bot.html)"
66.249.68.97 - - [16/Sep/2026:03:39:31 +0300] "GET /?sale/search/detail/?ITMCODE=51971013633 HTTP/1.1" 200 195892 "-" "Mozilla/5.0 (Linux; Android 6.0.1; Nexus 5X Build/MMB29P) AppleWebKit/537.36 (KHTML, like Gecko) Chrome/153.0.8010.36 Mobile Safari/537.36 (compatible; Googlebot/2.1; +http://www.google.com/bot.html)"
66.249.68.97 - - [16/Sep/2026:03:44:14 +0300] "GET /?sale/search/detail/?ITMCODE=51971483288 HTTP/1.1" 200 202849 "-" "Mozilla/5.0 (Linux; Android 6.0.1; Nexus 5X Build/MMB29P) AppleWebKit/537.36 (KHTML, like Gecko) Chrome/153.0.8010.36 Mobile Safari/537.36 (compatible; Googlebot/2.1; +http://www.google.com/bot.html)"
216.73.216.194 - - [16/Sep/2026:03:45:46 +0300] "GET /robots.txt HTTP/1.1" 200 836 "-" "Mozilla/5.0 AppleWebKit/537.36 (KHTML, like Gecko; compatible; ClaudeBot/1.0; +claudebot@anthropic.com)"
216.73.216.194 - - [16/Sep/2026:03:45:48 +0300] "GET /sitemap.xml HTTP/1.1" 200 1307 "-" "Mozilla/5.0 AppleWebKit/537.36 (KHTML, like Gecko; compatible; ClaudeBot/1.0; +claudebot@anthropic.com)"
207.46.13.150 - - [16/Sep/2026:03:46:36 +0300] "GET /?sale/search/detail/?ITMCODE=51971317108 HTTP/1.1" 200 202944 "-" "Mozilla/5.0 AppleWebKit/537.36 (KHTML, like Gecko; compatible; bingbot/2.0; +http://www.bing.com/bingbot.htm) Chrome/116.0.1938.76 Safari/537.36"
207.46.13.150 - - [16/Sep/2026:03:47:16 +0300] "GET /?sale/search/detail/?ITMCODE=51981894966 HTTP/1.1" 200 210672 "-" "Mozilla/5.0 AppleWebKit/537.36 (KHTML, like Gecko; compatible; bingbot/2.0; +http://www.bing.com/bingbot.htm) Chrome/116.0.1938.76 Safari/537.36"
205.210.31.211 - - [16/Sep/2026:03:47:40 +0300] "GET /shell HTTP/1.1" 404 1317 "-" "Hello from Palo Alto Networks, find out more about our scans in https://docs-cortex.paloaltonetworks.com/r/1/Cortex-Xpanse/Scanning-activity"
43.166.1.243 - - [16/Sep/2026:03:48:43 +0300] "GET / HTTP/1.1" 200 11120 "-" "Mozilla/5.0 (iPhone; CPU iPhone OS 13_2_3 like Mac OS X) AppleWebKit/605.1.15 (KHTML, like Gecko) Version/13.0.3 Mobile/15E148 Safari/604.1"
66.249.68.98 - - [16/Sep/2026:03:48:58 +0300] "GET /?sale/search/detail/?ITMCODE=51992091313 HTTP/1.1" 200 202237 "-" "Mozilla/5.0 (Linux; Android 6.0.1; Nexus 5X Build/MMB29P) AppleWebKit/537.36 (KHTML, like Gecko) Chrome/153.0.8010.36 Mobile Safari/537.36 (compatible; Googlebot/2.1; +http://www.google.com/bot.html)"
157.55.39.58 - - [16/Sep/2026:03:49:58 +0300] "GET /shop/pg/827502 HTTP/1.1" 200 198204 "-" "Mozilla/5.0 AppleWebKit/537.36 (KHTML, like Gecko; compatible; bingbot/2.0; +http://www.bing.com/bingbot.htm) Chrome/116.0.1938.76 Safari/537.36"
157.55.39.58 - - [16/Sep/2026:03:51:39 +0300] "GET /shop/c/c51956/ HTTP/1.1" 200 266904 "-" "Mozilla/5.0 AppleWebKit/537.36 (KHTML, like Gecko; compatible; bingbot/2.0; +http://www.bing.com/bingbot.htm) Chrome/116.0.1938.76 Safari/537.36"
207.46.13.150 - - [16/Sep/2026:03:51:46 +0300] "GET /?sale/search/detail/?ITMCODE=51971084114 HTTP/1.1" 200 195415 "-" "Mozilla/5.0 AppleWebKit/537.36 (KHTML, like Gecko; compatible; bingbot/2.0; +http://www.bing.com/bingbot.htm) Chrome/116.0.1938.76 Safari/537.36"
66.249.68.96 - - [16/Sep/2026:03:53:14 +0300] "GET /?sale/search/detail/?ITMCODE=51971213941 HTTP/1.1" 200 201084 "-" "Mozilla/5.0 (Linux; Android 6.0.1; Nexus 5X Build/MMB29P) AppleWebKit/537.36 (KHTML, like Gecko) Chrome/153.0.8010.36 Mobile Safari/537.36 (compatible; Googlebot/2.1; +http://www.google.com/bot.html)"
66.249.68.96 - - [16/Sep/2026:03:53:23 +0300] "GET /?sale/search/detail/?ITMCODE=5195452226 HTTP/1.1" 200 204946 "-" "Mozilla/5.0 (Linux; Android 6.0.1; Nexus 5X Build/MMB29P) AppleWebKit/537.36 (KHTML, like Gecko) Chrome/153.0.8010.36 Mobile Safari/537.36 (compatible; Googlebot/2.1; +http://www.google.com/bot.html)"
66.249.68.98 - - [16/Sep/2026:03:54:02 +0300] "GET /?sale/search/detail/?ITMCODE=51992111011 HTTP/1.1" 200 207970 "-" "Mozilla/5.0 (Linux; Android 6.0.1; Nexus 5X Build/MMB29P) AppleWebKit/537.36 (KHTML, like Gecko) Chrome/153.0.8010.36 Mobile Safari/537.36 (compatible; Googlebot/2.1; +http://www.google.com/bot.html)"
52.167.144.19 - - [16/Sep/2026:03:55:16 +0300] "GET /sale/search/detail/?ITMCODE=52002884712 HTTP/1.1" 200 209941 "-" "Mozilla/5.0 AppleWebKit/537.36 (KHTML, like Gecko; compatible; bingbot/2.0; +http://www.bing.com/bingbot.htm) Chrome/116.0.1938.76 Safari/537.36"
66.249.68.97 - - [16/Sep/2026:03:55:37 +0300] "GET /?sale/search/detail/?ITMCODE=519590193 HTTP/1.1" 200 193507 "-" "Mozilla/5.0 (Linux; Android 6.0.1; Nexus 5X Build/MMB29P) AppleWebKit/537.36 (KHTML, like Gecko) Chrome/153.0.8010.36 Mobile Safari/537.36 (compatible; Googlebot/2.1; +http://www.google.com/bot.html)"
157.55.39.48 - - [16/Sep/2026:03:55:47 +0300] "GET /?sale/search/detail/?ITMCODE=5196534067 HTTP/1.1" 200 207258 "-" "Mozilla/5.0 AppleWebKit/537.36 (KHTML, like Gecko; compatible; bingbot/2.0; +http://www.bing.com/bingbot.htm) Chrome/116.0.1938.76 Safari/537.36"
157.55.39.48 - - [16/Sep/2026:03:56:38 +0300] "GET /?sale/search/detail/?ITMCODE=5196850695 HTTP/1.1" 200 196596 "-" "Mozilla/5.0 AppleWebKit/537.36 (KHTML, like Gecko; compatible; bingbot/2.0; +http://www.bing.com/bingbot.htm) Chrome/116.0.1938.76 Safari/537.36"
43.157.22.109 - - [16/Sep/2026:03:58:52 +0300] "GET / HTTP/1.1" 200 11120 "-" "Mozilla/5.0 (iPhone; CPU iPhone OS 13_2_3 like Mac OS X) AppleWebKit/605.1.15 (KHTML, like Gecko) Version/13.0.3 Mobile/15E148 Safari/604.1"
52.167.144.16 - - [16/Sep/2026:04:00:04 +0300] "GET /shop/pg/5196877228 HTTP/1.1" 200 197269 "-" "Mozilla/5.0 AppleWebKit/537.36 (KHTML, like Gecko; compatible; bingbot/2.0; +http://www.bing.com/bingbot.htm) Chrome/116.0.1938.76 Safari/537.36"
66.249.68.96 - - [16/Sep/2026:04:02:35 +0300] "GET /?sale/search/detail/?ITMCODE=51981543236 HTTP/1.1" 200 199170 "-" "Mozilla/5.0 (Linux; Android 6.0.1; Nexus 5X Build/MMB29P) AppleWebKit/537.36 (KHTML, like Gecko) Chrome/153.0.8010.36 Mobile Safari/537.36 (compatible; Googlebot/2.1; +http://www.google.com/bot.html)"
52.167.144.222 - - [16/Sep/2026:04:03:35 +0300] "GET /shop/pg/5196898923 HTTP/1.1" 200 218600 "-" "Mozilla/5.0 AppleWebKit/537.36 (KHTML, like Gecko; compatible; bingbot/2.0; +http://www.bing.com/bingbot.htm) Chrome/116.0.1938.76 Safari/537.36"
157.55.39.48 - - [16/Sep/2026:04:03:59 +0300] "GET /?sale/search/detail/?ITMCODE=5196745332 HTTP/1.1" 200 200883 "-" "Mozilla/5.0 AppleWebKit/537.36 (KHTML, like Gecko; compatible; bingbot/2.0; +http://www.bing.com/bingbot.htm) Chrome/116.0.1938.76 Safari/537.36"
66.249.68.96 - - [16/Sep/2026:04:05:50 +0300] "GET /?sale/search/detail/?ITMCODE=51992463648 HTTP/1.1" 200 199799 "-" "Mozilla/5.0 (Linux; Android 6.0.1; Nexus 5X Build/MMB29P) AppleWebKit/537.36 (KHTML, like Gecko) Chrome/153.0.8010.36 Mobile Safari/537.36 (compatible; Googlebot/2.1; +http://www.google.com/bot.html)"
43.130.91.95 - - [16/Sep/2026:04:07:28 +0300] "GET / HTTP/1.1" 200 11120 "-" "Mozilla/5.0 (iPhone; CPU iPhone OS 13_2_3 like Mac OS X) AppleWebKit/605.1.15 (KHTML, like Gecko) Version/13.0.3 Mobile/15E148 Safari/604.1"
66.249.68.98 - - [16/Sep/2026:04:08:43 +0300] "GET /?sale/search/detail/?ITMCODE=5195409788 HTTP/1.1" 200 197891 "-" "Mozilla/5.0 (Linux; Android 6.0.1; Nexus 5X Build/MMB29P) AppleWebKit/537.36 (KHTML, like Gecko) Chrome/153.0.8010.36 Mobile Safari/537.36 (compatible; Googlebot/2.1; +http://www.google.com/bot.html)"
157.55.39.8 - - [16/Sep/2026:04:10:20 +0300] "GET /?sale/search/detail/?ITMCODE=51981925520 HTTP/1.1" 200 205114 "-" "Mozilla/5.0 AppleWebKit/537.36 (KHTML, like Gecko; compatible; bingbot/2.0; +http://www.bing.com/bingbot.htm) Chrome/116.0.1938.76 Safari/537.36"
66.249.68.98 - - [16/Sep/2026:04:12:04 +0300] "GET /?sale/search/detail/?ITMCODE=5195151841 HTTP/1.1" 200 200007 "-" "Mozilla/5.0 (Linux; Android 6.0.1; Nexus 5X Build/MMB29P) AppleWebKit/537.36 (KHTML, like Gecko) Chrome/153.0.8010.36 Mobile Safari/537.36 (compatible; Googlebot/2.1; +http://www.google.com/bot.html)"
157.55.39.8 - - [16/Sep/2026:04:14:08 +0300] "GET /?sale/search/detail/?ITMCODE=5196848980 HTTP/1.1" 200 206939 "-" "Mozilla/5.0 AppleWebKit/537.36 (KHTML, like Gecko; compatible; bingbot/2.0; +http://www.bing.com/bingbot.htm) Chrome/116.0.1938.76 Safari/537.36"
66.249.68.97 - - [16/Sep/2026:04:15:12 +0300] "GET /?sale/search/detail/?ITMCODE=5195256757 HTTP/1.1" 200 205886 "-" "Mozilla/5.0 (Linux; Android 6.0.1; Nexus 5X Build/MMB29P) AppleWebKit/537.36 (KHTML, like Gecko) Chrome/153.0.8010.36 Mobile Safari/537.36 (compatible; Googlebot/2.1; +http://www.google.com/bot.html)"
66.249.68.96 - - [16/Sep/2026:04:16:39 +0300] "GET /?sale/search/detail/?ITMCODE=51971258083 HTTP/1.1" 200 206258 "-" "Mozilla/5.0 (Linux; Android 6.0.1; Nexus 5X Build/MMB29P) AppleWebKit/537.36 (KHTML, like Gecko) Chrome/153.0.8010.36 Mobile Safari/537.36 (compatible; Googlebot/2.1; +http://www.google.com/bot.html)"
66.249.68.98 - - [16/Sep/2026:04:18:14 +0300] "GET /?sale/search/detail/?ITMCODE=51971048982 HTTP/1.1" 200 196191 "-" "Mozilla/5.0 (compatible; Googlebot/2.1; +http://www.google.com/bot.html)"
157.55.39.196 - - [16/Sep/2026:04:19:09 +0300] "GET /?sale/search/detail/?ITMCODE=51992048422 HTTP/1.1" 200 197417 "-" "Mozilla/5.0 AppleWebKit/537.36 (KHTML, like Gecko; compatible; bingbot/2.0; +http://www.bing.com/bingbot.htm) Chrome/116.0.1938.76 Safari/537.36"
170.106.147.63 - - [16/Sep/2026:04:19:15 +0300] "GET / HTTP/1.1" 200 11140 "-" "Mozilla/5.0 (iPhone; CPU iPhone OS 13_2_3 like Mac OS X) AppleWebKit/605.1.15 (KHTML, like Gecko) Version/13.0.3 Mobile/15E148 Safari/604.1"
66.249.68.98 - - [16/Sep/2026:04:20:45 +0300] "GET /?sale/search/detail/?ITMCODE=51971358244 HTTP/1.1" 200 194193 "-" "Mozilla/5.0 (Linux; Android 6.0.1; Nexus 5X Build/MMB29P) AppleWebKit/537.36 (KHTML, like Gecko) Chrome/153.0.8010.36 Mobile Safari/537.36 (compatible; Googlebot/2.1; +http://www.google.com/bot.html)"
66.249.68.97 - - [16/Sep/2026:04:23:24 +0300] "GET /?sale/search/detail/?ITMCODE=51992361910 HTTP/1.1" 200 197934 "-" "Mozilla/5.0 (Linux; Android 6.0.1; Nexus 5X Build/MMB29P) AppleWebKit/537.36 (KHTML, like Gecko) Chrome/153.0.8010.36 Mobile Safari/537.36 (compatible; Googlebot/2.1; +http://www.google.com/bot.html)"
66.249.68.97 - - [16/Sep/2026:04:26:52 +0300] "GET /?sale/search/detail/?ITMCODE=52002500586 HTTP/1.1" 200 199624 "-" "Mozilla/5.0 (Linux; Android 6.0.1; Nexus 5X Build/MMB29P) AppleWebKit/537.36 (KHTML, like Gecko) Chrome/153.0.8010.36 Mobile Safari/537.36 (compatible; Googlebot/2.1; +http://www.google.com/bot.html)"
43.130.139.177 - - [16/Sep/2026:04:29:02 +0300] "GET / HTTP/1.1" 200 11120 "-" "Mozilla/5.0 (iPhone; CPU iPhone OS 13_2_3 like Mac OS X) AppleWebKit/605.1.15 (KHTML, like Gecko) Version/13.0.3 Mobile/15E148 Safari/604.1"
66.249.68.97 - - [16/Sep/2026:04:31:56 +0300] "GET /?sale/search/detail/?ITMCODE=5195155073 HTTP/1.1" 200 222282 "-" "Mozilla/5.0 (Linux; Android 6.0.1; Nexus 5X Build/MMB29P) AppleWebKit/537.36 (KHTML, like Gecko) Chrome/153.0.8010.36 Mobile Safari/537.36 (compatible; Googlebot/2.1; +http://www.google.com/bot.html)"
66.249.68.96 - - [16/Sep/2026:04:34:25 +0300] "GET /?sale/search/detail/?ITMCODE=51971467592 HTTP/1.1" 200 212865 "-" "Mozilla/5.0 (Linux; Android 6.0.1; Nexus 5X Build/MMB29P) AppleWebKit/537.36 (KHTML, like Gecko) Chrome/153.0.8010.36 Mobile Safari/537.36 (compatible; Googlebot/2.1; +http://www.google.com/bot.html)"
66.249.68.96 - - [16/Sep/2026:04:35:45 +0300] "GET /sale/search/detail/?ITMCODE=51992050944 HTTP/1.1" 200 197067 "-" "Mozilla/5.0 (Linux; Android 6.0.1; Nexus 5X Build/MMB29P) AppleWebKit/537.36 (KHTML, like Gecko) Chrome/153.0.8010.36 Mobile Safari/537.36 (compatible; Googlebot/2.1; +http://www.google.com/bot.html)"
66.249.68.98 - - [16/Sep/2026:04:36:28 +0300] "GET /?sale/search/detail/?ITMCODE=5196754771 HTTP/1.1" 200 195783 "-" "Mozilla/5.0 (compatible; Googlebot/2.1; +http://www.google.com/bot.html)"
207.46.13.52 - - [16/Sep/2026:04:37:11 +0300] "GET /shop/pg/787446 HTTP/1.1" 200 192885 "-" "Mozilla/5.0 AppleWebKit/537.36 (KHTML, like Gecko; compatible; bingbot/2.0; +http://www.bing.com/bingbot.htm) Chrome/116.0.1938.76 Safari/537.36"
43.157.172.39 - - [16/Sep/2026:04:38:19 +0300] "GET / HTTP/1.1" 200 11120 "-" "Mozilla/5.0 (iPhone; CPU iPhone OS 13_2_3 like Mac OS X) AppleWebKit/605.1.15 (KHTML, like Gecko) Version/13.0.3 Mobile/15E148 Safari/604.1"
66.249.68.96 - - [16/Sep/2026:04:39:03 +0300] "GET /?sale/search/detail/?ITMCODE=5196731386 HTTP/1.1" 200 205511 "-" "Mozilla/5.0 (Linux; Android 6.0.1; Nexus 5X Build/MMB29P) AppleWebKit/537.36 (KHTML, like Gecko) Chrome/153.0.8010.36 Mobile Safari/537.36 (compatible; Googlebot/2.1; +http://www.google.com/bot.html)"
136.0.73.76 - - [16/Sep/2026:04:39:23 +0300] "GET /static/common/user/uedit/php/controller.php?action=catchimage HTTP/1.1" 200 - "-" "Mozilla/5.0 (Windows NT 10.0; WOW64; rv:48.0) Gecko/20100101 Firefox/48.0"
66.249.68.96 - - [16/Sep/2026:04:41:58 +0300] "GET /?sale/search/detail/?ITMCODE=51992493023 HTTP/1.1" 200 199342 "-" "Mozilla/5.0 (Linux; Android 6.0.1; Nexus 5X Build/MMB29P) AppleWebKit/537.36 (KHTML, like Gecko) Chrome/153.0.8010.36 Mobile Safari/537.36 (compatible; Googlebot/2.1; +http://www.google.com/bot.html)"
66.249.68.96 - - [16/Sep/2026:04:44:35 +0300] "GET /?sale/search/detail/?ITMCODE=5195498729 HTTP/1.1" 200 203009 "-" "Mozilla/5.0 (Linux; Android 6.0.1; Nexus 5X Build/MMB29P) AppleWebKit/537.36 (KHTML, like Gecko) Chrome/153.0.8010.36 Mobile Safari/537.36 (compatible; Googlebot/2.1; +http://www.google.com/bot.html)"
170.106.73.216 - - [16/Sep/2026:04:49:29 +0300] "GET / HTTP/1.1" 200 11120 "-" "Mozilla/5.0 (iPhone; CPU iPhone OS 13_2_3 like Mac OS X) AppleWebKit/605.1.15 (KHTML, like Gecko) Version/13.0.3 Mobile/15E148 Safari/604.1"
66.249.68.96 - - [16/Sep/2026:04:50:16 +0300] "GET /?sale/search/detail/?ITMCODE=51992411598 HTTP/1.1" 200 208624 "-" "Mozilla/5.0 (Linux; Android 6.0.1; Nexus 5X Build/MMB29P) AppleWebKit/537.36 (KHTML, like Gecko) Chrome/153.0.8010.36 Mobile Safari/537.36 (compatible; Googlebot/2.1; +http://www.google.com/bot.html)"
167.71.199.129 - - [16/Sep/2026:04:52:25 +0300] "GET /wp-content/plugins/hellopress/wp_filemanager.php HTTP/1.1" 404 1320 "-" "-"
167.71.199.129 - - [16/Sep/2026:04:52:26 +0300] "GET /wp-2019.php HTTP/1.1" 404 1320 "-" "-"
167.71.199.129 - - [16/Sep/2026:04:52:26 +0300] "GET /atomlib.php HTTP/1.1" 404 1317 "-" "-"
167.71.199.129 - - [16/Sep/2026:04:52:26 +0300] "GET /css.php HTTP/1.1" 404 1317 "-" "-"
167.71.199.129 - - [16/Sep/2026:04:52:26 +0300] "GET /log.php HTTP/1.1" 404 1317 "-" "-"
167.71.199.129 - - [16/Sep/2026:04:52:27 +0300] "GET /index.php HTTP/1.1" 200 11127 "-" "-"
167.71.199.129 - - [16/Sep/2026:04:52:27 +0300] "GET /mail.php HTTP/1.1" 404 1317 "-" "-"
167.71.199.129 - - [16/Sep/2026:04:52:27 +0300] "GET /lufix.php HTTP/1.1" 404 1317 "-" "-"
167.71.199.129 - - [16/Sep/2026:04:52:28 +0300] "GET /doc.php HTTP/1.1" 404 1317 "-" "-"
167.71.199.129 - - [16/Sep/2026:04:52:28 +0300] "GET /bak.php HTTP/1.1" 404 1317 "-" "-"
167.71.199.129 - - [16/Sep/2026:04:52:28 +0300] "GET /content.php HTTP/1.1" 404 1317 "-" "-"
167.71.199.129 - - [16/Sep/2026:04:52:29 +0300] "GET /upfile.php HTTP/1.1" 404 1317 "-" "-"
167.71.199.129 - - [16/Sep/2026:04:52:29 +0300] "GET /wp-conflg.php HTTP/1.1" 404 1320 "-" "-"
167.71.199.129 - - [16/Sep/2026:04:52:29 +0300] "GET /bypass.php HTTP/1.1" 404 1317 "-" "-"
167.71.199.129 - - [16/Sep/2026:04:52:30 +0300] "GET /wp-activate.php HTTP/1.1" 404 1320 "-" "-"
167.71.199.129 - - [16/Sep/2026:04:52:30 +0300] "GET /updates.php HTTP/1.1" 404 1317 "-" "-"
167.71.199.129 - - [16/Sep/2026:04:52:30 +0300] "GET /plugins.php HTTP/1.1" 404 1317 "-" "-"
167.71.199.129 - - [16/Sep/2026:04:52:30 +0300] "GET /xmrlpc.php HTTP/1.1" 404 1317 "-" "-"
167.71.199.129 - - [16/Sep/2026:04:52:31 +0300] "GET /ae.php HTTP/1.1" 404 1317 "-" "-"
167.71.199.129 - - [16/Sep/2026:04:52:31 +0300] "GET /moon.php HTTP/1.1" 404 1317 "-" "-"
167.71.199.129 - - [16/Sep/2026:04:52:31 +0300] "GET /blog.php HTTP/1.1" 404 1317 "-" "-"
167.71.199.129 - - [16/Sep/2026:04:52:32 +0300] "GET /themes.php HTTP/1.1" 404 1317 "-" "-"
167.71.199.129 - - [16/Sep/2026:04:52:32 +0300] "GET /ini.php HTTP/1.1" 404 1317 "-" "-"
167.71.199.129 - - [16/Sep/2026:04:52:32 +0300] "GET /as.php HTTP/1.1" 404 1317 "-" "-"
167.71.199.129 - - [16/Sep/2026:04:52:33 +0300] "GET /shell.php HTTP/1.1" 404 1317 "-" "-"
167.71.199.129 - - [16/Sep/2026:04:52:33 +0300] "GET /ws.php HTTP/1.1" 404 1317 "-" "-"
167.71.199.129 - - [16/Sep/2026:04:52:33 +0300] "GET /makeasmtp.php HTTP/1.1" 404 1317 "-" "-"
167.71.199.129 - - [16/Sep/2026:04:52:33 +0300] "GET /wp-sigunq.php HTTP/1.1" 404 1320 "-" "-"
167.71.199.129 - - [16/Sep/2026:04:52:34 +0300] "GET /wp-atom.php HTTP/1.1" 404 1320 "-" "-"
167.71.199.129 - - [16/Sep/2026:04:52:34 +0300] "GET /fw.php HTTP/1.1" 404 1317 "-" "-"
167.71.199.129 - - [16/Sep/2026:04:52:34 +0300] "GET /install.php HTTP/1.1" 404 1317 "-" "-"
167.71.199.129 - - [16/Sep/2026:04:52:35 +0300] "GET /wp-login.php HTTP/1.1" 404 1320 "-" "-"
167.71.199.129 - - [16/Sep/2026:04:52:35 +0300] "GET /wp-includes/Requests/about.php HTTP/1.1" 404 1320 "-" "-"
167.71.199.129 - - [16/Sep/2026:04:52:35 +0300] "GET /wp-includes/style-engine/about.php HTTP/1.1" 404 1320 "-" "-"
167.71.199.129 - - [16/Sep/2026:04:52:36 +0300] "GET /radio.php HTTP/1.1" 404 1317 "-" "-"
167.71.199.129 - - [16/Sep/2026:04:52:36 +0300] "GET /chosen.php HTTP/1.1" 404 1317 "-" "-"
167.71.199.129 - - [16/Sep/2026:04:52:36 +0300] "GET /simple.php HTTP/1.1" 404 1317 "-" "-"
167.71.199.129 - - [16/Sep/2026:04:52:37 +0300] "GET /class.api.php HTTP/1.1" 404 1317 "-" "-"
167.71.199.129 - - [16/Sep/2026:04:52:37 +0300] "GET /wp-head.php HTTP/1.1" 404 1320 "-" "-"
167.71.199.129 - - [16/Sep/2026:04:52:37 +0300] "GET /file.php HTTP/1.1" 404 1317 "-" "-"
167.71.199.129 - - [16/Sep/2026:04:52:37 +0300] "GET /assets/css/403.php HTTP/1.1" 404 1317 "-" "-"
167.71.199.129 - - [16/Sep/2026:04:52:38 +0300] "GET /403.php HTTP/1.1" 404 1317 "-" "-"
167.71.199.129 - - [16/Sep/2026:04:52:38 +0300] "GET /wp-content/plugins/core/include.php HTTP/1.1" 404 1320 "-" "-"
167.71.199.129 - - [16/Sep/2026:04:52:38 +0300] "GET /.well-known/admin.php HTTP/1.1" 404 1320 "-" "-"
167.71.199.129 - - [16/Sep/2026:04:52:39 +0300] "GET /mah.php HTTP/1.1" 404 1317 "-" "-"
167.71.199.129 - - [16/Sep/2026:04:52:39 +0300] "GET /cong.php HTTP/1.1" 404 1317 "-" "-"
167.71.199.129 - - [16/Sep/2026:04:52:39 +0300] "GET /wp-includes/js/tinymce/skins/lightgray/img/index.php?p= HTTP/1.1" 404 1320 "-" "-"
167.71.199.129 - - [16/Sep/2026:04:52:40 +0300] "GET /wp-admin/includes/class_api.php HTTP/1.1" 404 1320 "-" "-"
167.71.199.129 - - [16/Sep/2026:04:52:40 +0300] "GET /wp-mail.php HTTP/1.1" 404 1320 "-" "-"
167.71.199.129 - - [16/Sep/2026:04:52:40 +0300] "GET /wp-content/themes/twentyfive/include.php HTTP/1.1" 404 1320 "-" "-"
167.71.199.129 - - [16/Sep/2026:04:52:40 +0300] "GET /wp-content/themes/twentyseventeen/page/index.php?p= HTTP/1.1" 404 1320 "-" "-"
167.71.199.129 - - [16/Sep/2026:04:52:41 +0300] "GET /wp-apxupx.php?apx=upx HTTP/1.1" 404 1320 "-" "-"
167.71.199.129 - - [16/Sep/2026:04:52:41 +0300] "GET /wp-content/plugins/wp-apxupx.php?apx=upx HTTP/1.1" 404 1320 "-" "-"
167.71.199.129 - - [16/Sep/2026:04:52:41 +0300] "GET /.tmb/class_api.php HTTP/1.1" 404 1320 "-" "-"
167.71.199.129 - - [16/Sep/2026:04:52:42 +0300] "GET /cgi-bin/about.php HTTP/1.1" 404 1320 "-" "-"
167.71.199.129 - - [16/Sep/2026:04:52:42 +0300] "GET /.well-known/acme-challenge/cloud.php HTTP/1.1" 404 1320 "-" "-"
167.71.199.129 - - [16/Sep/2026:04:52:42 +0300] "GET /repeater.php HTTP/1.1" 404 1317 "-" "-"
167.71.199.129 - - [16/Sep/2026:04:52:43 +0300] "GET /wp-admin/dropdown.php HTTP/1.1" 404 1320 "-" "-"
167.71.199.129 - - [16/Sep/2026:04:52:43 +0300] "GET /wp-admin/css/index.php HTTP/1.1" 404 1320 "-" "-"
167.71.199.129 - - [16/Sep/2026:04:52:43 +0300] "GET /dropdown.php HTTP/1.1" 404 1317 "-" "-"
167.71.199.129 - - [16/Sep/2026:04:52:44 +0300] "GET /about.php HTTP/1.1" 404 1317 "-" "-"
167.71.199.129 - - [16/Sep/2026:04:52:44 +0300] "GET /admin.php HTTP/1.1" 404 1317 "-" "-"
167.71.199.129 - - [16/Sep/2026:04:52:44 +0300] "GET /.well-known/acme-challenge/cloud.php HTTP/1.1" 404 1320 "-" "-"
167.71.199.129 - - [16/Sep/2026:04:52:44 +0300] "GET /wp-admin/images/index.php HTTP/1.1" 404 1320 "-" "-"
167.71.199.129 - - [16/Sep/2026:04:52:45 +0300] "GET /wp-admin/css/colors/index.php HTTP/1.1" 404 1320 "-" "-"
167.71.199.129 - - [16/Sep/2026:04:52:45 +0300] "GET /wp-content/themes/pridmag/db.php?u HTTP/1.1" 404 1320 "-" "-"
167.71.199.129 - - [16/Sep/2026:04:52:45 +0300] "GET /wp-content/themes/seotheme/mar.php HTTP/1.1" 404 1320 "-" "-"
167.71.199.129 - - [16/Sep/2026:04:52:46 +0300] "GET /wp-content/plugins/linkpreview/db.php?u HTTP/1.1" 404 1320 "-" "-"
167.71.199.129 - - [16/Sep/2026:04:52:46 +0300] "GET /wp-content/themes/seotheme/db.php?u HTTP/1.1" 404 1320 "-" "-"
167.71.199.129 - - [16/Sep/2026:04:52:46 +0300] "GET /wp-content/plugins/seoplugins/db.php?u HTTP/1.1" 404 1320 "-" "-"
167.71.199.129 - - [16/Sep/2026:04:52:46 +0300] "GET /wp-content/plugins/seoplugins/mar.php HTTP/1.1" 404 1320 "-" "-"
167.71.199.129 - - [16/Sep/2026:04:52:47 +0300] "GET /.well-known/pki-validation/xmrlpc.php?p= HTTP/1.1" 404 - "-" "-"
167.71.199.129 - - [16/Sep/2026:04:52:47 +0300] "GET /.well-known/acme-challenge/xmrlpc.php?p= HTTP/1.1" 404 1320 "-" "-"
167.71.199.129 - - [16/Sep/2026:04:52:47 +0300] "GET /wp-admin/network/xmrlpc.php?p= HTTP/1.1" 404 1320 "-" "-"
167.71.199.129 - - [16/Sep/2026:04:52:48 +0300] "GET /cgi-bin/xmrlpc.php?p= HTTP/1.1" 404 1320 "-" "-"
167.71.199.129 - - [16/Sep/2026:04:52:48 +0300] "GET /wp-admin/user/xmrlpc.php?p= HTTP/1.1" 404 1320 "-" "-"
167.71.199.129 - - [16/Sep/2026:04:52:48 +0300] "GET /wp-admin/images/xmrlpc.php?p= HTTP/1.1" 404 1320 "-" "-"
167.71.199.129 - - [16/Sep/2026:04:52:48 +0300] "GET /ccx/index.php HTTP/1.1" 404 1320 "-" "-"
167.71.199.129 - - [16/Sep/2026:04:52:49 +0300] "GET /wp-content/ccx/index.php HTTP/1.1" 404 1320 "-" "-"
167.71.199.129 - - [16/Sep/2026:04:52:49 +0300] "GET /wp-admin/ccx/index.php HTTP/1.1" 404 1320 "-" "-"
167.71.199.129 - - [16/Sep/2026:04:52:49 +0300] "GET /wp-content/index.php HTTP/1.1" 404 1320 "-" "-"
167.71.199.129 - - [16/Sep/2026:04:52:50 +0300] "GET /wp-info.php HTTP/1.1" 404 1320 "-" "-"
167.71.199.129 - - [16/Sep/2026:04:52:50 +0300] "GET /wp-blog.php HTTP/1.1" 404 1320 "-" "-"
167.71.199.129 - - [16/Sep/2026:04:52:50 +0300] "GET /wp-admin/x.php?action=768776e296b6f286f26796e2a72607e2972647 HTTP/1.1" 200 - "-" "-"
167.71.199.129 - - [16/Sep/2026:04:52:50 +0300] "GET /wp-admin/css/colors/blue/about.php HTTP/1.1" 404 1320 "-" "-"
167.71.199.129 - - [16/Sep/2026:04:52:51 +0300] "GET /cjfuns.php HTTP/1.1" 404 1317 "-" "-"
167.71.199.129 - - [16/Sep/2026:04:52:51 +0300] "GET /wp-config-sample.php HTTP/1.1" 404 1320 "-" "-"
167.71.199.129 - - [16/Sep/2026:04:52:51 +0300] "GET /wp-content/plugins/index.php HTTP/1.1" 404 1320 "-" "-"
167.71.199.129 - - [16/Sep/2026:04:52:52 +0300] "GET /worm0.PhP7 HTTP/1.1" 404 1317 "-" "-"
167.71.199.129 - - [16/Sep/2026:04:52:52 +0300] "GET /wp.php HTTP/1.1" 404 1317 "-" "-"
167.71.199.129 - - [16/Sep/2026:04:52:52 +0300] "GET /404.php HTTP/1.1" 404 1317 "-" "-"
167.71.199.129 - - [16/Sep/2026:04:52:53 +0300] "GET /gawean.PhP7 HTTP/1.1" 404 1317 "-" "-"
167.71.199.129 - - [16/Sep/2026:04:52:53 +0300] "GET /.well-known/acme-challenge/license.php HTTP/1.1" 404 1320 "-" "-"
167.71.199.129 - - [16/Sep/2026:04:52:53 +0300] "GET /wp-includes/blocks/table/int/tmpl/index.php HTTP/1.1" 404 1320 "-" "-"
167.71.199.129 - - [16/Sep/2026:04:52:54 +0300] "GET /wp-admin/css/colors/coffee/index.php HTTP/1.1" 404 1320 "-" "-"
167.71.199.129 - - [16/Sep/2026:04:52:54 +0300] "GET /wp-includes/themes.php HTTP/1.1" 404 1320 "-" "-"
167.71.199.129 - - [16/Sep/2026:04:52:54 +0300] "GET /wp-includes/plugins.php HTTP/1.1" 404 1320 "-" "-"
167.71.199.129 - - [16/Sep/2026:04:52:54 +0300] "GET /wp-content/plugins/revslider/includes/external/page/index.php HTTP/1.1" 404 1320 "-" "-"
167.71.199.129 - - [16/Sep/2026:04:52:55 +0300] "GET /users.php HTTP/1.1" 404 1317 "-" "-"
167.71.199.129 - - [16/Sep/2026:04:52:55 +0300] "GET /wp-admin/js/about.php HTTP/1.1" 404 1320 "-" "-"
167.71.199.129 - - [16/Sep/2026:04:52:55 +0300] "GET /yanz.php HTTP/1.1" 404 1317 "-" "-"
167.71.199.129 - - [16/Sep/2026:04:52:56 +0300] "GET /wp-content/plugins/Cache/Cache.php HTTP/1.1" 404 1320 "-" "-"
167.71.199.129 - - [16/Sep/2026:04:52:56 +0300] "GET /alfanew.php HTTP/1.1" 404 1317 "-" "-"
167.71.199.129 - - [16/Sep/2026:04:52:56 +0300] "GET /alfa-rex.php7 HTTP/1.1" 404 1320 "-" "-"
167.71.199.129 - - [16/Sep/2026:04:52:57 +0300] "GET /alfa-rex.php HTTP/1.1" 404 1320 "-" "-"
167.71.199.129 - - [16/Sep/2026:04:52:57 +0300] "GET /wp-includes/Requests/Text/admin.php HTTP/1.1" 404 1320 "-" "-"
167.71.199.129 - - [16/Sep/2026:04:52:57 +0300] "GET /images/cloud.php HTTP/1.1" 404 1320 "-" "-"
167.71.199.129 - - [16/Sep/2026:04:52:58 +0300] "GET /wp-admin/network/cloud.php HTTP/1.1" 404 1320 "-" "-"
167.71.199.129 - - [16/Sep/2026:04:52:58 +0300] "GET /.well-known/pki-validation/cloud.php HTTP/1.1" 404 - "-" "-"
167.71.199.129 - - [16/Sep/2026:04:52:58 +0300] "GET /wp-admin/images/about.php HTTP/1.1" 404 1320 "-" "-"
167.71.199.129 - - [16/Sep/2026:04:52:58 +0300] "GET /wp-admin/css/about.php HTTP/1.1" 404 1320 "-" "-"
167.71.199.129 - - [16/Sep/2026:04:52:59 +0300] "GET /wp-content/gallery/about.php HTTP/1.1" 404 1320 "-" "-"
167.71.199.129 - - [16/Sep/2026:04:52:59 +0300] "GET /wp-includes/rest-api/about.php HTTP/1.1" 404 1320 "-" "-"
167.71.199.129 - - [16/Sep/2026:04:52:59 +0300] "GET /wp-includes/SimplePie/about.php HTTP/1.1" 404 1320 "-" "-"
167.71.199.129 - - [16/Sep/2026:04:53:00 +0300] "GET /wp-content/banners/about.php HTTP/1.1" 404 1320 "-" "-"
167.71.199.129 - - [16/Sep/2026:04:53:00 +0300] "GET /wp-content/about.php HTTP/1.1" 404 1320 "-" "-"
167.71.199.129 - - [16/Sep/2026:04:53:00 +0300] "GET /.well-known/about.php HTTP/1.1" 404 1320 "-" "-"
167.71.199.129 - - [16/Sep/2026:04:53:01 +0300] "GET /wp-includes/Text/about.php HTTP/1.1" 404 1320 "-" "-"
167.71.199.129 - - [16/Sep/2026:04:53:01 +0300] "GET /wp-includes/ID3/about.php HTTP/1.1" 404 1320 "-" "-"
167.71.199.129 - - [16/Sep/2026:04:53:01 +0300] "GET /wp-includes/widgets/about.php HTTP/1.1" 404 1320 "-" "-"
167.71.199.129 - - [16/Sep/2026:04:53:01 +0300] "GET /wp-includes/IXR/about.php HTTP/1.1" 404 1320 "-" "-"
167.71.199.129 - - [16/Sep/2026:04:53:02 +0300] "GET /wp-admin/js/about.php HTTP/1.1" 404 1320 "-" "-"
167.71.199.129 - - [16/Sep/2026:04:53:02 +0300] "GET /.well-known/pki-validation/about.php HTTP/1.1" 404 - "-" "-"
167.71.199.129 - - [16/Sep/2026:04:53:02 +0300] "GET /wp-includes/pomo/about.php HTTP/1.1" 404 1320 "-" "-"
167.71.199.129 - - [16/Sep/2026:04:53:03 +0300] "GET /wp-includes/block-patterns/about.php HTTP/1.1" 404 1320 "-" "-"
167.71.199.129 - - [16/Sep/2026:04:53:03 +0300] "GET /wp-content/themes/about.php HTTP/1.1" 404 1320 "-" "-"
167.71.199.129 - - [16/Sep/2026:04:53:03 +0300] "GET /wp-admin/includes/about.php HTTP/1.1" 404 1320 "-" "-"
167.71.199.129 - - [16/Sep/2026:04:53:03 +0300] "GET /images/about.php HTTP/1.1" 404 1320 "-" "-"
167.71.199.129 - - [16/Sep/2026:04:53:04 +0300] "GET /wp-includes/images/about.php HTTP/1.1" 404 1320 "-" "-"
167.71.199.129 - - [16/Sep/2026:04:53:04 +0300] "GET /wp-includes/about.php HTTP/1.1" 404 1320 "-" "-"
167.71.199.129 - - [16/Sep/2026:04:53:04 +0300] "GET /nf_tracking.php HTTP/1.1" 404 1317 "-" "-"
167.71.199.129 - - [16/Sep/2026:04:53:05 +0300] "GET /wp-pano.php HTTP/1.1" 404 1320 "-" "-"
167.71.199.129 - - [16/Sep/2026:04:53:05 +0300] "GET /defaul1.php HTTP/1.1" 404 1317 "-" "-"
167.71.199.129 - - [16/Sep/2026:04:53:05 +0300] "GET /wp-content/wso.php HTTP/1.1" 404 1320 "-" "-"
167.71.199.129 - - [16/Sep/2026:04:53:06 +0300] "GET /themes.php HTTP/1.1" 404 1317 "-" "-"
167.71.199.129 - - [16/Sep/2026:04:53:06 +0300] "GET /xl2023.php HTTP/1.1" 404 1317 "-" "-"
167.71.199.129 - - [16/Sep/2026:04:53:06 +0300] "GET /fm1.php HTTP/1.1" 404 1317 "-" "-"
167.71.199.129 - - [16/Sep/2026:04:53:07 +0300] "GET /wso112233.php HTTP/1.1" 404 1317 "-" "-"
167.71.199.129 - - [16/Sep/2026:04:53:07 +0300] "GET /shell20211028.php HTTP/1.1" 404 1317 "-" "-"
167.71.199.129 - - [16/Sep/2026:04:53:07 +0300] "GET /.well-known/wso112233.php HTTP/1.1" 404 1320 "-" "-"
167.71.199.129 - - [16/Sep/2026:04:53:07 +0300] "GET /wp-content/shell20211028.php HTTP/1.1" 404 1320 "-" "-"
167.71.199.129 - - [16/Sep/2026:04:53:08 +0300] "GET /wp-content/themes/travel/issue.php HTTP/1.1" 404 1320 "-" "-"
167.71.199.129 - - [16/Sep/2026:04:53:08 +0300] "GET /wp-content/themes/travelscape/json.php HTTP/1.1" 404 1320 "-" "-"
167.71.199.129 - - [16/Sep/2026:04:53:08 +0300] "GET /wp-content/plugins/contact-form-7/includes/js/jquery-ui/themes/smoothness/admin.php HTTP/1.1" 404 1320 "-" "-"
167.71.199.129 - - [16/Sep/2026:04:53:09 +0300] "GET /wp-admin/admin.php HTTP/1.1" 404 1320 "-" "-"
167.71.199.129 - - [16/Sep/2026:04:53:09 +0300] "GET /wp-content/plugins/fix/up.php HTTP/1.1" 404 1320 "-" "-"
66.249.68.104 - - [16/Sep/2026:04:53:16 +0300] "GET /?sale/search/detail/?ITMCODE=52002921529 HTTP/1.1" 200 208618 "-" "Mozilla/5.0 (Linux; Android 6.0.1; Nexus 5X Build/MMB29P) AppleWebKit/537.36 (KHTML, like Gecko) Chrome/153.0.8010.36 Mobile Safari/537.36 (compatible; Googlebot/2.1; +http://www.google.com/bot.html)"
85.208.96.195 - - [16/Sep/2026:04:53:52 +0300] "GET /robots.txt HTTP/1.1" 200 836 "-" "Mozilla/5.0 (compatible; SemrushBot/7~bl; +http://www.semrush.com/bot.html)"
85.208.96.201 - - [16/Sep/2026:04:53:52 +0300] "GET /?sale%2Fsearch%2Fdetail%2F%3FITMCODE=519713286680 HTTP/1.1" 200 11138 "-" "Mozilla/5.0 (compatible; SemrushBot/7~bl; +http://www.semrush.com/bot.html)"
66.249.68.105 - - [16/Sep/2026:04:55:13 +0300] "GET /?sale/search/detail/?ITMCODE=51971487640 HTTP/1.1" 200 211869 "-" "Mozilla/5.0 (Linux; Android 6.0.1; Nexus 5X Build/MMB29P) AppleWebKit/537.36 (KHTML, like Gecko) Chrome/153.0.8010.36 Mobile Safari/537.36 (compatible; Googlebot/2.1; +http://www.google.com/bot.html)"
157.55.39.54 - - [16/Sep/2026:04:55:59 +0300] "GET /shop/pg/84561 HTTP/1.1" 200 196093 "-" "Mozilla/5.0 AppleWebKit/537.36 (KHTML, like Gecko; compatible; bingbot/2.0; +http://www.bing.com/bingbot.htm) Chrome/116.0.1938.76 Safari/537.36"
40.77.167.18 - - [16/Sep/2026:04:56:28 +0300] "GET /shop/c/c519520/ HTTP/1.1" 200 265979 "-" "Mozilla/5.0 AppleWebKit/537.36 (KHTML, like Gecko; compatible; bingbot/2.0; +http://www.bing.com/bingbot.htm) Chrome/116.0.1938.76 Safari/537.36"
157.55.39.54 - - [16/Sep/2026:04:56:33 +0300] "GET /shop/pg/517290 HTTP/1.1" 200 210793 "-" "Mozilla/5.0 AppleWebKit/537.36 (KHTML, like Gecko; compatible; bingbot/2.0; +http://www.bing.com/bingbot.htm) Chrome/116.0.1938.76 Safari/537.36"
185.191.171.18 - - [16/Sep/2026:04:57:51 +0300] "GET /?sale%2Fsearch%2Fdetail%2F%3FITMCODE=519716236269 HTTP/1.1" 200 11138 "-" "Mozilla/5.0 (compatible; SemrushBot/7~bl; +http://www.semrush.com/bot.html)"
66.249.68.105 - - [16/Sep/2026:04:58:41 +0300] "GET /?sale/search/detail/?ITMCODE=5196740656 HTTP/1.1" 200 205966 "-" "Mozilla/5.0 (Linux; Android 6.0.1; Nexus 5X Build/MMB29P) AppleWebKit/537.36 (KHTML, like Gecko) Chrome/153.0.8010.36 Mobile Safari/537.36 (compatible; Googlebot/2.1; +http://www.google.com/bot.html)"
43.153.49.151 - - [16/Sep/2026:04:58:52 +0300] "GET / HTTP/1.1" 200 11140 "-" "Mozilla/5.0 (iPhone; CPU iPhone OS 13_2_3 like Mac OS X) AppleWebKit/605.1.15 (KHTML, like Gecko) Version/13.0.3 Mobile/15E148 Safari/604.1"
66.249.68.105 - - [16/Sep/2026:04:59:02 +0300] "GET /?sale/search/detail/?ITMCODE=51992085592 HTTP/1.1" 200 201025 "-" "Mozilla/5.0 (Linux; Android 6.0.1; Nexus 5X Build/MMB29P) AppleWebKit/537.36 (KHTML, like Gecko) Chrome/153.0.8010.36 Mobile Safari/537.36 (compatible; Googlebot/2.1; +http://www.google.com/bot.html)"
66.249.68.105 - - [16/Sep/2026:04:59:06 +0300] "GET /?sale/search/detail/?ITMCODE=51981544644 HTTP/1.1" 200 211732 "-" "Mozilla/5.0 (Linux; Android 6.0.1; Nexus 5X Build/MMB29P) AppleWebKit/537.36 (KHTML, like Gecko) Chrome/153.0.8010.36 Mobile Safari/537.36 (compatible; Googlebot/2.1; +http://www.google.com/bot.html)"
66.249.68.104 - - [16/Sep/2026:05:00:45 +0300] "GET /?sale/search/detail/?ITMCODE=51971495892 HTTP/1.1" 200 198899 "-" "Mozilla/5.0 (Linux; Android 6.0.1; Nexus 5X Build/MMB29P) AppleWebKit/537.36 (KHTML, like Gecko) Chrome/153.0.8010.36 Mobile Safari/537.36 (compatible; Googlebot/2.1; +http://www.google.com/bot.html)"
