78.56.230.2 - - [15/Sep/2026:22:30:26 +0300] "GET /index.php/meniu HTTP/1.1" 200 13026 "http://chenglong.lt/?utm_source=chatgpt.com" "Mozilla/5.0 (iPhone; CPU iPhone OS 26_3_0 like Mac OS X) AppleWebKit/605.1.15 (KHTML, like Gecko) CriOS/152.0.7977.64 Mobile/15E148 Safari/604.1"
78.56.230.2 - - [15/Sep/2026:22:30:26 +0300] "GET /templates/resto_6/modules.js HTTP/1.1" 200 - "http://chenglong.lt/index.php/meniu" "Mozilla/5.0 (iPhone; CPU iPhone OS 26_3_0 like Mac OS X) AppleWebKit/605.1.15 (KHTML, like Gecko) CriOS/152.0.7977.64 Mobile/15E148 Safari/604.1"
78.56.230.2 - - [15/Sep/2026:22:30:26 +0300] "GET /images/meniu/001.jpg HTTP/1.1" 200 1423077 "http://chenglong.lt/index.php/meniu" "Mozilla/5.0 (iPhone; CPU iPhone OS 26_3_0 like Mac OS X) AppleWebKit/605.1.15 (KHTML, like Gecko) CriOS/152.0.7977.64 Mobile/15E148 Safari/604.1"
78.56.230.2 - - [15/Sep/2026:22:30:29 +0300] "GET /plugins/content/dearflip/dflip/images/loading.gif HTTP/1.1" 200 2767 "http://chenglong.lt/index.php/meniu" "Mozilla/5.0 (iPhone; CPU iPhone OS 26_3_0 like Mac OS X) AppleWebKit/605.1.15 (KHTML, like Gecko) CriOS/152.0.7977.64 Mobile/15E148 Safari/604.1"
78.56.230.2 - - [15/Sep/2026:22:30:29 +0300] "GET /plugins/content/dearflip/dflip/fonts/themify.woff HTTP/1.1" 200 56108 "http://chenglong.lt/?utm_source=chatgpt.com" "Mozilla/5.0 (iPhone; CPU iPhone OS 26_3_0 like Mac OS X) AppleWebKit/605.1.15 (KHTML, like Gecko) CriOS/152.0.7977.64 Mobile/15E148 Safari/604.1"
78.56.230.2 - - [15/Sep/2026:22:30:29 +0300] "GET /images/meniu/002.jpg HTTP/1.1" 200 871973 "http://chenglong.lt/index.php/meniu" "Mozilla/5.0 (iPhone; CPU iPhone OS 26_3_0 like Mac OS X) AppleWebKit/605.1.15 (KHTML, like Gecko) CriOS/152.0.7977.64 Mobile/15E148 Safari/604.1"
78.56.230.2 - - [15/Sep/2026:22:30:29 +0300] "GET /plugins/content/dearflip/dflip/sound/turn2.mp3?ver=1.7.15 HTTP/1.1" 206 2 "http://chenglong.lt/index.php/meniu" "Mozilla/5.0 (iPhone; CPU iPhone OS 26_3_0 like Mac OS X) AppleWebKit/605.1.15 (KHTML, like Gecko) CriOS/152.0.7977.64 Mobile/15E148 Safari/604.1"
78.56.230.2 - - [15/Sep/2026:22:30:29 +0300] "GET /plugins/content/dearflip/dflip/sound/turn2.mp3?ver=1.7.15 HTTP/1.1" 206 30039 "http://chenglong.lt/index.php/meniu" "Mozilla/5.0 (iPhone; CPU iPhone OS 26_3_0 like Mac OS X) AppleWebKit/605.1.15 (KHTML, like Gecko) CriOS/152.0.7977.64 Mobile/15E148 Safari/604.1"
78.56.230.2 - - [15/Sep/2026:22:30:29 +0300] "GET / HTTP/1.1" 200 11120 "http://chenglong.lt/index.php/meniu" "Mozilla/5.0 (iPhone; CPU iPhone OS 26_3_0 like Mac OS X) AppleWebKit/605.1.15 (KHTML, like Gecko) CriOS/152.0.7977.64 Mobile/15E148 Safari/604.1"
78.56.230.2 - - [15/Sep/2026:22:30:31 +0300] "GET /images/meniu/003.jpg HTTP/1.1" 200 1038970 "http://chenglong.lt/index.php/meniu" "Mozilla/5.0 (iPhone; CPU iPhone OS 26_3_0 like Mac OS X) AppleWebKit/605.1.15 (KHTML, like Gecko) CriOS/152.0.7977.64 Mobile/15E148 Safari/604.1"
78.56.230.2 - - [15/Sep/2026:22:30:32 +0300] "GET /images/meniu/004.jpg HTTP/1.1" 200 718567 "http://chenglong.lt/index.php/meniu" "Mozilla/5.0 (iPhone; CPU iPhone OS 26_3_0 like Mac OS X) AppleWebKit/605.1.15 (KHTML, like Gecko) CriOS/152.0.7977.64 Mobile/15E148 Safari/604.1"
78.56.230.2 - - [15/Sep/2026:22:30:34 +0300] "GET /images/meniu/005.jpg HTTP/1.1" 200 629250 "http://chenglong.lt/index.php/meniu" "Mozilla/5.0 (iPhone; CPU iPhone OS 26_3_0 like Mac OS X) AppleWebKit/605.1.15 (KHTML, like Gecko) CriOS/152.0.7977.64 Mobile/15E148 Safari/604.1"
78.56.230.2 - - [15/Sep/2026:22:30:37 +0300] "GET /images/meniu/006.jpg HTTP/1.1" 200 1014253 "http://chenglong.lt/index.php/meniu" "Mozilla/5.0 (iPhone; CPU iPhone OS 26_3_0 like Mac OS X) AppleWebKit/605.1.15 (KHTML, like Gecko) CriOS/152.0.7977.64 Mobile/15E148 Safari/604.1"
78.56.230.2 - - [15/Sep/2026:22:30:47 +0300] "GET /images/meniu/007.jpg HTTP/1.1" 200 1054545 "http://chenglong.lt/index.php/meniu" "Mozilla/5.0 (iPhone; CPU iPhone OS 26_3_0 like Mac OS X) AppleWebKit/605.1.15 (KHTML, like Gecko) CriOS/152.0.7977.64 Mobile/15E148 Safari/604.1"
78.56.230.2 - - [15/Sep/2026:22:30:49 +0300] "GET /images/meniu/008.jpg HTTP/1.1" 200 970848 "http://chenglong.lt/index.php/meniu" "Mozilla/5.0 (iPhone; CPU iPhone OS 26_3_0 like Mac OS X) AppleWebKit/605.1.15 (KHTML, like Gecko) CriOS/152.0.7977.64 Mobile/15E148 Safari/604.1"
78.56.230.2 - - [15/Sep/2026:22:30:50 +0300] "GET /images/meniu/009.jpg HTTP/1.1" 200 828935 "http://chenglong.lt/index.php/meniu" "Mozilla/5.0 (iPhone; CPU iPhone OS 26_3_0 like Mac OS X) AppleWebKit/605.1.15 (KHTML, like Gecko) CriOS/152.0.7977.64 Mobile/15E148 Safari/604.1"
78.56.230.2 - - [15/Sep/2026:22:30:52 +0300] "GET /images/meniu/013.jpg HTTP/1.1" 200 747677 "http://chenglong.lt/index.php/meniu" "Mozilla/5.0 (iPhone; CPU iPhone OS 26_3_0 like Mac OS X) AppleWebKit/605.1.15 (KHTML, like Gecko) CriOS/152.0.7977.64 Mobile/15E148 Safari/604.1"
78.56.230.2 - - [15/Sep/2026:22:30:52 +0300] "GET /images/meniu/014.jpg HTTP/1.1" 200 1038530 "http://chenglong.lt/index.php/meniu" "Mozilla/5.0 (iPhone; CPU iPhone OS 26_3_0 like Mac OS X) AppleWebKit/605.1.15 (KHTML, like Gecko) CriOS/152.0.7977.64 Mobile/15E148 Safari/604.1"
78.56.230.2 - - [15/Sep/2026:22:30:56 +0300] "GET /images/meniu/011.jpg HTTP/1.1" 200 1136858 "http://chenglong.lt/index.php/meniu" "Mozilla/5.0 (iPhone; CPU iPhone OS 26_3_0 like Mac OS X) AppleWebKit/605.1.15 (KHTML, like Gecko) CriOS/152.0.7977.64 Mobile/15E148 Safari/604.1"
78.56.230.2 - - [15/Sep/2026:22:30:56 +0300] "GET /images/meniu/012.jpg HTTP/1.1" 200 1197716 "http://chenglong.lt/index.php/meniu" "Mozilla/5.0 (iPhone; CPU iPhone OS 26_3_0 like Mac OS X) AppleWebKit/605.1.15 (KHTML, like Gecko) CriOS/152.0.7977.64 Mobile/15E148 Safari/604.1"
78.56.230.2 - - [15/Sep/2026:22:30:58 +0300] "GET /images/meniu/010.jpg HTTP/1.1" 200 944913 "http://chenglong.lt/index.php/meniu" "Mozilla/5.0 (iPhone; CPU iPhone OS 26_3_0 like Mac OS X) AppleWebKit/605.1.15 (KHTML, like Gecko) CriOS/152.0.7977.64 Mobile/15E148 Safari/604.1"
85.208.96.206 - - [15/Sep/2026:22:31:54 +0300] "GET /?sale%2Fsearch%2Fdetail%2F%3FITMCODE=52008572153 HTTP/1.1" 200 11138 "-" "Mozilla/5.0 (compatible; SemrushBot/7~bl; +http://www.semrush.com/bot.html)"
66.249.68.96 - - [15/Sep/2026:22:32:44 +0300] "GET /?sale/search/detail/?ITMCODE=5196860292 HTTP/1.1" 200 198292 "-" "Mozilla/5.0 (Linux; Android 6.0.1; Nexus 5X Build/MMB29P) AppleWebKit/537.36 (KHTML, like Gecko) Chrome/153.0.8010.36 Mobile Safari/537.36 (compatible; Googlebot/2.1; +http://www.google.com/bot.html)"
66.249.68.104 - - [15/Sep/2026:22:34:55 +0300] "GET /?sale/search/detail/?ITMCODE=5196723361 HTTP/1.1" 200 206842 "-" "Mozilla/5.0 (Linux; Android 6.0.1; Nexus 5X Build/MMB29P) AppleWebKit/537.36 (KHTML, like Gecko) Chrome/153.0.8010.36 Mobile Safari/537.36 (compatible; Googlebot/2.1; +http://www.google.com/bot.html)"
66.249.68.105 - - [15/Sep/2026:22:36:55 +0300] "GET /?sale/search/detail/?ITMCODE=52002765832 HTTP/1.1" 200 195576 "-" "Mozilla/5.0 (Linux; Android 6.0.1; Nexus 5X Build/MMB29P) AppleWebKit/537.36 (KHTML, like Gecko) Chrome/153.0.8010.36 Mobile Safari/537.36 (compatible; Googlebot/2.1; +http://www.google.com/bot.html)"
66.249.68.104 - - [15/Sep/2026:22:37:12 +0300] "GET /?sale/search/detail/?ITMCODE=519527163 HTTP/1.1" 200 202670 "-" "Mozilla/5.0 (Linux; Android 6.0.1; Nexus 5X Build/MMB29P) AppleWebKit/537.36 (KHTML, like Gecko) Chrome/153.0.8010.36 Mobile Safari/537.36 (compatible; Googlebot/2.1; +http://www.google.com/bot.html)"
66.249.68.105 - - [15/Sep/2026:22:38:28 +0300] "GET /?sale/search/detail/?ITMCODE=519597146 HTTP/1.1" 200 196620 "-" "Mozilla/5.0 (Linux; Android 6.0.1; Nexus 5X Build/MMB29P) AppleWebKit/537.36 (KHTML, like Gecko) Chrome/153.0.8010.36 Mobile Safari/537.36 (compatible; Googlebot/2.1; +http://www.google.com/bot.html)"
66.249.68.105 - - [15/Sep/2026:22:38:37 +0300] "GET /?sale/search/detail/?ITMCODE=51992131079 HTTP/1.1" 200 207120 "-" "Mozilla/5.0 (Linux; Android 6.0.1; Nexus 5X Build/MMB29P) AppleWebKit/537.36 (KHTML, like Gecko) Chrome/153.0.8010.36 Mobile Safari/537.36 (compatible; Googlebot/2.1; +http://www.google.com/bot.html)"
66.249.68.96 - - [15/Sep/2026:22:38:43 +0300] "GET /?sale/search/detail/?ITMCODE=52002958531 HTTP/1.1" 200 202538 "-" "Mozilla/5.0 (Linux; Android 6.0.1; Nexus 5X Build/MMB29P) AppleWebKit/537.36 (KHTML, like Gecko) Chrome/153.0.8010.36 Mobile Safari/537.36 (compatible; Googlebot/2.1; +http://www.google.com/bot.html)"
66.249.68.104 - - [15/Sep/2026:22:41:55 +0300] "GET /?sale/search/detail/?ITMCODE=52002650193 HTTP/1.1" 200 195528 "-" "Mozilla/5.0 (Linux; Android 6.0.1; Nexus 5X Build/MMB29P) AppleWebKit/537.36 (KHTML, like Gecko) Chrome/153.0.8010.36 Mobile Safari/537.36 (compatible; Googlebot/2.1; +http://www.google.com/bot.html)"
66.249.68.105 - - [15/Sep/2026:22:43:41 +0300] "GET /?sale/search/detail/?ITMCODE=52002701862 HTTP/1.1" 200 195939 "-" "Mozilla/5.0 (Linux; Android 6.0.1; Nexus 5X Build/MMB29P) AppleWebKit/537.36 (KHTML, like Gecko) Chrome/153.0.8010.36 Mobile Safari/537.36 (compatible; Googlebot/2.1; +http://www.google.com/bot.html)"
66.249.68.96 - - [15/Sep/2026:22:43:58 +0300] "GET /?sale/search/detail/?ITMCODE=51971113744 HTTP/1.1" 200 200769 "-" "Mozilla/5.0 (Linux; Android 6.0.1; Nexus 5X Build/MMB29P) AppleWebKit/537.36 (KHTML, like Gecko) Chrome/153.0.8010.36 Mobile Safari/537.36 (compatible; Googlebot/2.1; +http://www.google.com/bot.html)"
66.249.68.105 - - [15/Sep/2026:22:44:22 +0300] "GET /sale/search/detail/?ITMCODE=5195167080 HTTP/1.1" 200 202481 "-" "Mozilla/5.0 (Linux; Android 6.0.1; Nexus 5X Build/MMB29P) AppleWebKit/537.36 (KHTML, like Gecko) Chrome/153.0.8010.36 Mobile Safari/537.36 (compatible; Googlebot/2.1; +http://www.google.com/bot.html)"
66.249.68.104 - - [15/Sep/2026:22:46:33 +0300] "GET /?sale/search/detail/?ITMCODE=52002758691 HTTP/1.1" 200 208708 "-" "Mozilla/5.0 (Linux; Android 6.0.1; Nexus 5X Build/MMB29P) AppleWebKit/537.36 (KHTML, like Gecko) Chrome/153.0.8010.36 Mobile Safari/537.36 (compatible; Googlebot/2.1; +http://www.google.com/bot.html)"
66.249.68.104 - - [15/Sep/2026:22:48:39 +0300] "GET /?sale/search/detail/?ITMCODE=51971391816 HTTP/1.1" 200 193462 "-" "Mozilla/5.0 (Linux; Android 6.0.1; Nexus 5X Build/MMB29P) AppleWebKit/537.36 (KHTML, like Gecko) Chrome/153.0.8010.36 Mobile Safari/537.36 (compatible; Googlebot/2.1; +http://www.google.com/bot.html)"
66.249.68.96 - - [15/Sep/2026:22:49:46 +0300] "GET /?sale/search/detail/?ITMCODE=51981580569 HTTP/1.1" 200 200749 "-" "Mozilla/5.0 (Linux; Android 6.0.1; Nexus 5X Build/MMB29P) AppleWebKit/537.36 (KHTML, like Gecko) Chrome/153.0.8010.36 Mobile Safari/537.36 (compatible; Googlebot/2.1; +http://www.google.com/bot.html)"
66.249.68.104 - - [15/Sep/2026:22:52:44 +0300] "GET /?sale/search/detail/?ITMCODE=5196944903 HTTP/1.1" 200 207476 "-" "Mozilla/5.0 (Linux; Android 6.0.1; Nexus 5X Build/MMB29P) AppleWebKit/537.36 (KHTML, like Gecko) Chrome/153.0.8010.36 Mobile Safari/537.36 (compatible; Googlebot/2.1; +http://www.google.com/bot.html)"
66.249.68.105 - - [15/Sep/2026:22:52:51 +0300] "GET /?sale/search/detail/?ITMCODE=5195140798 HTTP/1.1" 200 202028 "-" "Mozilla/5.0 (Linux; Android 6.0.1; Nexus 5X Build/MMB29P) AppleWebKit/537.36 (KHTML, like Gecko) Chrome/153.0.8010.36 Mobile Safari/537.36 (compatible; Googlebot/2.1; +http://www.google.com/bot.html)"
157.55.39.61 - - [15/Sep/2026:22:54:29 +0300] "GET /shop/pg/854206 HTTP/1.1" 200 198163 "-" "Mozilla/5.0 AppleWebKit/537.36 (KHTML, like Gecko; compatible; bingbot/2.0; +http://www.bing.com/bingbot.htm) Chrome/116.0.1938.76 Safari/537.36"
159.203.11.140 - - [15/Sep/2026:22:55:07 +0300] "HEAD /old/ HTTP/1.1" 404 - "-" "Mozilla/5.0 (X11; Linux x86_64; rv:127.0) Gecko/20100101 Firefox/127.0"
159.203.11.140 - - [15/Sep/2026:22:55:08 +0300] "HEAD / HTTP/1.1" 200 - "-" "Mozilla/5.0 (Linux; Android 14; OnePlus 12) AppleWebKit/537.36 (KHTML, like Gecko) Chrome/125.0.6422.102 Mobile Safari/537.36"
159.203.11.140 - - [15/Sep/2026:22:55:08 +0300] "HEAD /wordpress/ HTTP/1.1" 404 - "-" "Mozilla/5.0 (X11; Linux x86_64; rv:127.0) Gecko/20100101 Firefox/127.0"
159.203.11.140 - - [15/Sep/2026:22:55:08 +0300] "HEAD /blog/ HTTP/1.1" 404 - "-" "Mozilla/5.0 (Macintosh; Intel Mac OS X 13_5) AppleWebKit/605.1.15 (KHTML, like Gecko) Version/16.5 Safari/605.1.15"
159.203.11.140 - - [15/Sep/2026:22:55:08 +0300] "HEAD /backup/ HTTP/1.1" 404 - "-" "Mozilla/5.0 (Windows NT 11.0; Win64; x64) AppleWebKit/537.36 (KHTML, like Gecko) Edg/128.0.2790.25 Chrome/128.0.6540.22 Safari/537.36"
159.203.11.140 - - [15/Sep/2026:22:55:09 +0300] "HEAD /wp/ HTTP/1.1" 404 - "-" "Mozilla/5.0 (Linux; Android 14; Samsung SM-A546B) AppleWebKit/537.36 (KHTML, like Gecko) Chrome/126.0.6478.14 Mobile Safari/537.36"
159.203.11.140 - - [15/Sep/2026:22:55:09 +0300] "HEAD /new/ HTTP/1.1" 404 - "-" "Mozilla/5.0 (Macintosh; Intel Mac OS X 14_5) AppleWebKit/605.1.15 (KHTML, like Gecko) Version/17.5 Safari/605.1.15"
66.249.68.105 - - [15/Sep/2026:22:55:24 +0300] "GET /index.php?ID=6844.html HTTP/1.1" 200 201644 "-" "Mozilla/5.0 (Linux; Android 6.0.1; Nexus 5X Build/MMB29P) AppleWebKit/537.36 (KHTML, like Gecko) Chrome/153.0.8010.36 Mobile Safari/537.36 (compatible; Googlebot/2.1; +http://www.google.com/bot.html)"
66.249.68.104 - - [15/Sep/2026:22:55:46 +0300] "GET / HTTP/1.1" 200 195976 "-" "Mozilla/5.0 (Linux; Android 6.0.1; Nexus 5X Build/MMB29P) AppleWebKit/537.36 (KHTML, like Gecko) Chrome/153.0.8010.36 Mobile Safari/537.36 (compatible; Googlebot/2.1; +http://www.google.com/bot.html)"
85.208.96.203 - - [15/Sep/2026:22:56:07 +0300] "GET /robots.txt HTTP/1.1" 200 836 "-" "Mozilla/5.0 (compatible; SemrushBot/7~bl; +http://www.semrush.com/bot.html)"
185.191.171.12 - - [15/Sep/2026:22:56:07 +0300] "GET /?sale%2Fsearch%2Fdetail%2F%3FITMCODE=51995381770 HTTP/1.1" 200 11138 "-" "Mozilla/5.0 (compatible; SemrushBot/7~bl; +http://www.semrush.com/bot.html)"
66.249.68.104 - - [15/Sep/2026:22:56:27 +0300] "GET /?sale/search/detail/?ITMCODE=51992195869 HTTP/1.1" 200 224428 "-" "Mozilla/5.0 (Linux; Android 6.0.1; Nexus 5X Build/MMB29P) AppleWebKit/537.36 (KHTML, like Gecko) Chrome/153.0.8010.36 Mobile Safari/537.36 (compatible; Googlebot/2.1; +http://www.google.com/bot.html)"
66.249.68.104 - - [15/Sep/2026:22:57:46 +0300] "GET /?sale/search/detail/?ITMCODE=52002775106 HTTP/1.1" 200 201936 "-" "Mozilla/5.0 (Linux; Android 6.0.1; Nexus 5X Build/MMB29P) AppleWebKit/537.36 (KHTML, like Gecko) Chrome/153.0.8010.36 Mobile Safari/537.36 (compatible; Googlebot/2.1; +http://www.google.com/bot.html)"
66.249.68.105 - - [15/Sep/2026:23:02:44 +0300] "GET /?sale/search/detail/?ITMCODE=5196918245 HTTP/1.1" 200 205277 "-" "Mozilla/5.0 (Linux; Android 6.0.1; Nexus 5X Build/MMB29P) AppleWebKit/537.36 (KHTML, like Gecko) Chrome/153.0.8010.36 Mobile Safari/537.36 (compatible; Googlebot/2.1; +http://www.google.com/bot.html)"
66.249.68.105 - - [15/Sep/2026:23:04:16 +0300] "GET /?sale/search/detail/?ITMCODE=51981638099 HTTP/1.1" 200 194062 "-" "Mozilla/5.0 (Linux; Android 6.0.1; Nexus 5X Build/MMB29P) AppleWebKit/537.36 (KHTML, like Gecko) Chrome/153.0.8010.36 Mobile Safari/537.36 (compatible; Googlebot/2.1; +http://www.google.com/bot.html)"
85.208.96.194 - - [15/Sep/2026:23:04:47 +0300] "GET /?sale%2Fsearch%2Fdetail%2F%3FITMCODE=52002918169 HTTP/1.1" 200 11138 "-" "Mozilla/5.0 (compatible; SemrushBot/7~bl; +http://www.semrush.com/bot.html)"
66.249.68.104 - - [15/Sep/2026:23:05:34 +0300] "GET /?sale/search/detail/?ITMCODE=5196800466 HTTP/1.1" 200 197035 "-" "Mozilla/5.0 (Linux; Android 6.0.1; Nexus 5X Build/MMB29P) AppleWebKit/537.36 (KHTML, like Gecko) Chrome/153.0.8010.36 Mobile Safari/537.36 (compatible; Googlebot/2.1; +http://www.google.com/bot.html)"
66.249.68.104 - - [15/Sep/2026:23:06:49 +0300] "GET /?sale/search/detail/?ITMCODE=5196876546 HTTP/1.1" 200 200369 "-" "Mozilla/5.0 (Linux; Android 6.0.1; Nexus 5X Build/MMB29P) AppleWebKit/537.36 (KHTML, like Gecko) Chrome/153.0.8010.36 Mobile Safari/537.36 (compatible; Googlebot/2.1; +http://www.google.com/bot.html)"
85.208.96.206 - - [15/Sep/2026:23:08:53 +0300] "GET /?sale%2Fsearch%2Fdetail%2F%3FITMCODE=519819824253 HTTP/1.1" 200 11138 "-" "Mozilla/5.0 (compatible; SemrushBot/7~bl; +http://www.semrush.com/bot.html)"
66.249.68.104 - - [15/Sep/2026:23:09:42 +0300] "GET /?sale/search/detail/?ITMCODE=5195372599 HTTP/1.1" 200 197645 "-" "Mozilla/5.0 (Linux; Android 6.0.1; Nexus 5X Build/MMB29P) AppleWebKit/537.36 (KHTML, like Gecko) Chrome/153.0.8010.36 Mobile Safari/537.36 (compatible; Googlebot/2.1; +http://www.google.com/bot.html)"
185.191.171.15 - - [15/Sep/2026:23:12:07 +0300] "GET /?sale%2Fsearch%2Fdetail%2F%3FITMCODE=519938487457 HTTP/1.1" 200 11138 "-" "Mozilla/5.0 (compatible; SemrushBot/7~bl; +http://www.semrush.com/bot.html)"
66.249.68.104 - - [15/Sep/2026:23:14:56 +0300] "GET /index.php?sale/search/detail/?ITMCODE=5195315695 HTTP/1.1" 200 206804 "-" "Mozilla/5.0 (Linux; Android 6.0.1; Nexus 5X Build/MMB29P) AppleWebKit/537.36 (KHTML, like Gecko) Chrome/153.0.8010.36 Mobile Safari/537.36 (compatible; Googlebot/2.1; +http://www.google.com/bot.html)"
66.249.68.104 - - [15/Sep/2026:23:17:07 +0300] "GET /?sale/search/detail/?ITMCODE=5195164285 HTTP/1.1" 200 194795 "-" "Mozilla/5.0 (Linux; Android 6.0.1; Nexus 5X Build/MMB29P) AppleWebKit/537.36 (KHTML, like Gecko) Chrome/153.0.8010.36 Mobile Safari/537.36 (compatible; Googlebot/2.1; +http://www.google.com/bot.html)"
199.235.134.234 - - [15/Sep/2026:23:18:02 +0300] "GET / HTTP/2.0" 200 11118 "-" "Mozilla/5.0 (X11; Linux x86_64) AppleWebKit/537.36 (KHTML, like Gecko) Chrome/122.0.0.0 Safari/537.36"
199.235.134.234 - - [15/Sep/2026:23:18:02 +0300] "GET / HTTP/1.1" 101 - "-" "Mozilla/5.0 (X11; Linux x86_64) AppleWebKit/537.36 (KHTML, like Gecko) Chrome/122.0.0.0 Safari/537.36"
199.235.134.197 - - [15/Sep/2026:23:18:03 +0300] "GET /403.shtml HTTP/2.0" 404 1317 "-" "Mozilla/5.0 (Macintosh; Intel Mac OS X 10_15_7) AppleWebKit/537.36 (KHTML, like Gecko) Chrome/123.0.0.0 Safari/537.36"
199.235.134.197 - - [15/Sep/2026:23:18:03 +0300] "GET /wp-login.php HTTP/1.1" 101 - "-" "Mozilla/5.0 (Macintosh; Intel Mac OS X 10_15_7) AppleWebKit/537.36 (KHTML, like Gecko) Chrome/123.0.0.0 Safari/537.36"
199.235.134.9 - - [15/Sep/2026:23:18:03 +0300] "GET /wp-json/ HTTP/2.0" 404 1320 "-" "Mozilla/5.0 (Windows NT 10.0; Win64; x64; rv:124.0) Gecko/20100101 Firefox/124.0"
199.235.134.9 - - [15/Sep/2026:23:18:03 +0300] "GET /wp-json/ HTTP/1.1" 101 - "-" "Mozilla/5.0 (Windows NT 10.0; Win64; x64; rv:124.0) Gecko/20100101 Firefox/124.0"
66.249.68.105 - - [15/Sep/2026:23:19:12 +0300] "GET /?sale/search/detail/?ITMCODE=5195475367 HTTP/1.1" 200 212652 "-" "Mozilla/5.0 (Linux; Android 6.0.1; Nexus 5X Build/MMB29P) AppleWebKit/537.36 (KHTML, like Gecko) Chrome/153.0.8010.36 Mobile Safari/537.36 (compatible; Googlebot/2.1; +http://www.google.com/bot.html)"
207.46.13.52 - - [15/Sep/2026:23:21:45 +0300] "GET /sitemap.txt HTTP/1.1" 200 196425 "-" "Mozilla/5.0 AppleWebKit/537.36 (KHTML, like Gecko; compatible; bingbot/2.0; +http://www.bing.com/bingbot.htm) Chrome/116.0.1938.76 Safari/537.36"
207.46.13.52 - - [15/Sep/2026:23:24:36 +0300] "GET /shop/pg/907614 HTTP/1.1" 200 199913 "-" "Mozilla/5.0 AppleWebKit/537.36 (KHTML, like Gecko; compatible; bingbot/2.0; +http://www.bing.com/bingbot.htm) Chrome/116.0.1938.76 Safari/537.36"
40.77.167.1 - - [15/Sep/2026:23:25:53 +0300] "GET /?sale/search/detail/?ITMCODE=5196554514 HTTP/1.1" 200 208283 "-" "Mozilla/5.0 AppleWebKit/537.36 (KHTML, like Gecko; compatible; bingbot/2.0; +http://www.bing.com/bingbot.htm) Chrome/116.0.1938.76 Safari/537.36"
66.249.68.104 - - [15/Sep/2026:23:26:02 +0300] "GET /?sale/search/detail/?ITMCODE=51992112028 HTTP/1.1" 200 211801 "-" "Mozilla/5.0 (Linux; Android 6.0.1; Nexus 5X Build/MMB29P) AppleWebKit/537.36 (KHTML, like Gecko) Chrome/153.0.8010.36 Mobile Safari/537.36 (compatible; Googlebot/2.1; +http://www.google.com/bot.html)"
207.46.13.9 - - [15/Sep/2026:23:27:16 +0300] "GET /?sale/search/detail/?ITMCODE=519575540 HTTP/1.1" 200 203781 "-" "Mozilla/5.0 AppleWebKit/537.36 (KHTML, like Gecko; compatible; bingbot/2.0; +http://www.bing.com/bingbot.htm) Chrome/116.0.1938.76 Safari/537.36"
40.77.167.132 - - [15/Sep/2026:23:28:19 +0300] "GET /?sale/search/detail/?ITMCODE=519537781 HTTP/1.1" 200 194847 "-" "Mozilla/5.0 AppleWebKit/537.36 (KHTML, like Gecko; compatible; bingbot/2.0; +http://www.bing.com/bingbot.htm) Chrome/116.0.1938.76 Safari/537.36"
66.249.68.104 - - [15/Sep/2026:23:29:22 +0300] "GET /?sale/search/detail/?ITMCODE=51992417282 HTTP/1.1" 200 197473 "-" "Mozilla/5.0 (compatible; Googlebot/2.1; +http://www.google.com/bot.html)"
66.249.68.104 - - [15/Sep/2026:23:29:58 +0300] "GET /?sale/search/detail/?ITMCODE=51981785610 HTTP/1.1" 200 196093 "-" "Mozilla/5.0 (compatible; Googlebot/2.1; +http://www.google.com/bot.html)"
66.249.68.105 - - [15/Sep/2026:23:30:28 +0300] "GET /?sale/search/detail/?ITMCODE=5196688506 HTTP/1.1" 200 196903 "-" "Mozilla/5.0 (Linux; Android 6.0.1; Nexus 5X Build/MMB29P) AppleWebKit/537.36 (KHTML, like Gecko) Chrome/153.0.8010.36 Mobile Safari/537.36 (compatible; Googlebot/2.1; +http://www.google.com/bot.html)"
207.46.13.150 - - [15/Sep/2026:23:30:52 +0300] "GET /?sale/search/detail/?ITMCODE=5196619656 HTTP/1.1" 200 201092 "-" "Mozilla/5.0 AppleWebKit/537.36 (KHTML, like Gecko; compatible; bingbot/2.0; +http://www.bing.com/bingbot.htm) Chrome/116.0.1938.76 Safari/537.36"
207.46.13.9 - - [15/Sep/2026:23:31:49 +0300] "GET /?sale/search/detail/?ITMCODE=5196610350 HTTP/1.1" 200 207141 "-" "Mozilla/5.0 AppleWebKit/537.36 (KHTML, like Gecko; compatible; bingbot/2.0; +http://www.bing.com/bingbot.htm) Chrome/116.0.1938.76 Safari/537.36"
66.249.68.104 - - [15/Sep/2026:23:32:06 +0300] "GET /?sale/search/detail/?ITMCODE=5195184820 HTTP/1.1" 200 202779 "-" "Mozilla/5.0 (Linux; Android 6.0.1; Nexus 5X Build/MMB29P) AppleWebKit/537.36 (KHTML, like Gecko) Chrome/153.0.8010.36 Mobile Safari/537.36 (compatible; Googlebot/2.1; +http://www.google.com/bot.html)"
207.46.13.150 - - [15/Sep/2026:23:32:13 +0300] "GET /?sale/search/detail/?ITMCODE=519570602 HTTP/1.1" 200 196867 "-" "Mozilla/5.0 AppleWebKit/537.36 (KHTML, like Gecko; compatible; bingbot/2.0; +http://www.bing.com/bingbot.htm) Chrome/116.0.1938.76 Safari/537.36"
66.249.68.96 - - [15/Sep/2026:23:33:49 +0300] "GET /?sale/search/detail/?ITMCODE=51981565299 HTTP/1.1" 200 196196 "-" "Mozilla/5.0 (Linux; Android 6.0.1; Nexus 5X Build/MMB29P) AppleWebKit/537.36 (KHTML, like Gecko) Chrome/153.0.8010.36 Mobile Safari/537.36 (compatible; Googlebot/2.1; +http://www.google.com/bot.html)"
66.249.68.105 - - [15/Sep/2026:23:34:21 +0300] "GET /?sale/search/detail/?ITMCODE=51992094184 HTTP/1.1" 200 201184 "-" "Mozilla/5.0 (Linux; Android 6.0.1; Nexus 5X Build/MMB29P) AppleWebKit/537.36 (KHTML, like Gecko) Chrome/153.0.8010.36 Mobile Safari/537.36 (compatible; Googlebot/2.1; +http://www.google.com/bot.html)"
66.249.68.104 - - [15/Sep/2026:23:35:46 +0300] "GET /?sale/search/detail/?ITMCODE=51971229984 HTTP/1.1" 200 194908 "-" "Mozilla/5.0 (Linux; Android 6.0.1; Nexus 5X Build/MMB29P) AppleWebKit/537.36 (KHTML, like Gecko) Chrome/153.0.8010.36 Mobile Safari/537.36 (compatible; Googlebot/2.1; +http://www.google.com/bot.html)"
207.46.13.126 - - [15/Sep/2026:23:35:55 +0300] "GET /?sale/search/detail/?ITMCODE=5196749940 HTTP/1.1" 200 196664 "-" "Mozilla/5.0 AppleWebKit/537.36 (KHTML, like Gecko; compatible; bingbot/2.0; +http://www.bing.com/bingbot.htm) Chrome/116.0.1938.76 Safari/537.36"
157.55.39.59 - - [15/Sep/2026:23:36:41 +0300] "GET /shop/pg/1041134 HTTP/1.1" 200 205412 "-" "Mozilla/5.0 AppleWebKit/537.36 (KHTML, like Gecko; compatible; bingbot/2.0; +http://www.bing.com/bingbot.htm) Chrome/116.0.1938.76 Safari/537.36"
40.77.167.132 - - [15/Sep/2026:23:36:45 +0300] "GET /?sale/search/detail/?ITMCODE=5196768552 HTTP/1.1" 200 217593 "-" "Mozilla/5.0 AppleWebKit/537.36 (KHTML, like Gecko; compatible; bingbot/2.0; +http://www.bing.com/bingbot.htm) Chrome/116.0.1938.76 Safari/537.36"
85.208.96.194 - - [15/Sep/2026:23:36:45 +0300] "GET /?sale%2Fsearch%2Fdetail%2F%3FITMCODE=51959086355 HTTP/1.1" 200 11138 "-" "Mozilla/5.0 (compatible; SemrushBot/7~bl; +http://www.semrush.com/bot.html)"
207.46.13.126 - - [15/Sep/2026:23:36:46 +0300] "GET /?sale/search/detail/?ITMCODE=5195107826 HTTP/1.1" 200 216765 "-" "Mozilla/5.0 AppleWebKit/537.36 (KHTML, like Gecko; compatible; bingbot/2.0; +http://www.bing.com/bingbot.htm) Chrome/116.0.1938.76 Safari/537.36"
66.249.68.105 - - [15/Sep/2026:23:36:59 +0300] "GET /?sale/search/detail/?ITMCODE=51981995773 HTTP/1.1" 200 205282 "-" "Mozilla/5.0 (Linux; Android 6.0.1; Nexus 5X Build/MMB29P) AppleWebKit/537.36 (KHTML, like Gecko) Chrome/153.0.8010.36 Mobile Safari/537.36 (compatible; Googlebot/2.1; +http://www.google.com/bot.html)"
66.249.68.104 - - [15/Sep/2026:23:37:29 +0300] "GET /?sale/search/detail/?ITMCODE=51971323746 HTTP/1.1" 200 201490 "-" "Mozilla/5.0 (Linux; Android 6.0.1; Nexus 5X Build/MMB29P) AppleWebKit/537.36 (KHTML, like Gecko) Chrome/153.0.8010.36 Mobile Safari/537.36 (compatible; Googlebot/2.1; +http://www.google.com/bot.html)"
157.55.39.59 - - [15/Sep/2026:23:37:33 +0300] "GET /sale/search/detail/?ITMCODE=519526861 HTTP/1.1" 200 205102 "-" "Mozilla/5.0 AppleWebKit/537.36 (KHTML, like Gecko; compatible; bingbot/2.0; +http://www.bing.com/bingbot.htm) Chrome/116.0.1938.76 Safari/537.36"
66.249.68.104 - - [15/Sep/2026:23:37:35 +0300] "GET /index.php/meniu?ID=2255.html HTTP/1.1" 200 200732 "-" "Mozilla/5.0 (Linux; Android 6.0.1; Nexus 5X Build/MMB29P) AppleWebKit/537.36 (KHTML, like Gecko) Chrome/153.0.8010.36 Mobile Safari/537.36 (compatible; Googlebot/2.1; +http://www.google.com/bot.html)"
66.249.68.104 - - [15/Sep/2026:23:38:20 +0300] "GET /?sale/search/detail/?ITMCODE=5196815358 HTTP/1.1" 200 197496 "-" "Mozilla/5.0 (Linux; Android 6.0.1; Nexus 5X Build/MMB29P) AppleWebKit/537.36 (KHTML, like Gecko) Chrome/153.0.8010.36 Mobile Safari/537.36 (compatible; Googlebot/2.1; +http://www.google.com/bot.html)"
66.249.68.104 - - [15/Sep/2026:23:38:35 +0300] "GET /?sale/search/detail/?ITMCODE=51992325031 HTTP/1.1" 200 198384 "-" "Mozilla/5.0 (Linux; Android 6.0.1; Nexus 5X Build/MMB29P) AppleWebKit/537.36 (KHTML, like Gecko) Chrome/153.0.8010.36 Mobile Safari/537.36 (compatible; Googlebot/2.1; +http://www.google.com/bot.html)"
66.249.68.104 - - [15/Sep/2026:23:39:58 +0300] "GET /?sale/search/detail/?ITMCODE=51971144388 HTTP/1.1" 200 201590 "-" "Mozilla/5.0 (Linux; Android 6.0.1; Nexus 5X Build/MMB29P) AppleWebKit/537.36 (KHTML, like Gecko) Chrome/153.0.8010.36 Mobile Safari/537.36 (compatible; Googlebot/2.1; +http://www.google.com/bot.html)"
66.249.68.104 - - [15/Sep/2026:23:40:04 +0300] "GET /?sale/search/detail/?ITMCODE=5196865315 HTTP/1.1" 200 198324 "-" "Mozilla/5.0 (Linux; Android 6.0.1; Nexus 5X Build/MMB29P) AppleWebKit/537.36 (KHTML, like Gecko) Chrome/153.0.8010.36 Mobile Safari/537.36 (compatible; Googlebot/2.1; +http://www.google.com/bot.html)"
52.167.144.216 - - [15/Sep/2026:23:40:15 +0300] "GET /?sale/search/detail/?ITMCODE=519533378 HTTP/1.1" 200 203428 "-" "Mozilla/5.0 AppleWebKit/537.36 (KHTML, like Gecko; compatible; bingbot/2.0; +http://www.bing.com/bingbot.htm) Chrome/116.0.1938.76 Safari/537.36"
207.46.13.126 - - [15/Sep/2026:23:40:20 +0300] "GET /?sale/search/detail/?ITMCODE=519570706 HTTP/1.1" 200 209747 "-" "Mozilla/5.0 AppleWebKit/537.36 (KHTML, like Gecko; compatible; bingbot/2.0; +http://www.bing.com/bingbot.htm) Chrome/116.0.1938.76 Safari/537.36"
66.249.68.104 - - [15/Sep/2026:23:40:57 +0300] "GET /?sale/search/detail/?ITMCODE=51992020326 HTTP/1.1" 200 197299 "-" "Mozilla/5.0 (Linux; Android 6.0.1; Nexus 5X Build/MMB29P) AppleWebKit/537.36 (KHTML, like Gecko) Chrome/153.0.8010.36 Mobile Safari/537.36 (compatible; Googlebot/2.1; +http://www.google.com/bot.html)"
66.249.68.104 - - [15/Sep/2026:23:41:15 +0300] "GET /?sale/search/detail/?ITMCODE=5196911238 HTTP/1.1" 200 226318 "-" "Mozilla/5.0 (Linux; Android 6.0.1; Nexus 5X Build/MMB29P) AppleWebKit/537.36 (KHTML, like Gecko) Chrome/153.0.8010.36 Mobile Safari/537.36 (compatible; Googlebot/2.1; +http://www.google.com/bot.html)"
66.249.68.104 - - [15/Sep/2026:23:41:24 +0300] "GET /?sale/search/detail/?ITMCODE=5195498065 HTTP/1.1" 200 200402 "-" "Mozilla/5.0 (Linux; Android 6.0.1; Nexus 5X Build/MMB29P) AppleWebKit/537.36 (KHTML, like Gecko) Chrome/153.0.8010.36 Mobile Safari/537.36 (compatible; Googlebot/2.1; +http://www.google.com/bot.html)"
66.249.68.104 - - [15/Sep/2026:23:42:15 +0300] "GET /?sale/search/detail/?ITMCODE=5195410365 HTTP/1.1" 200 198749 "-" "Mozilla/5.0 (Linux; Android 6.0.1; Nexus 5X Build/MMB29P) AppleWebKit/537.36 (KHTML, like Gecko) Chrome/153.0.8010.36 Mobile Safari/537.36 (compatible; Googlebot/2.1; +http://www.google.com/bot.html)"
66.249.68.105 - - [15/Sep/2026:23:42:22 +0300] "GET /?sale/search/detail/?ITMCODE=51971394912 HTTP/1.1" 200 210420 "-" "Mozilla/5.0 (Linux; Android 6.0.1; Nexus 5X Build/MMB29P) AppleWebKit/537.36 (KHTML, like Gecko) Chrome/153.0.8010.36 Mobile Safari/537.36 (compatible; Googlebot/2.1; +http://www.google.com/bot.html)"
66.249.68.96 - - [15/Sep/2026:23:42:30 +0300] "GET /?sale/search/detail/?ITMCODE=51971250041 HTTP/1.1" 200 201146 "-" "Mozilla/5.0 (Linux; Android 6.0.1; Nexus 5X Build/MMB29P) AppleWebKit/537.36 (KHTML, like Gecko) Chrome/153.0.8010.36 Mobile Safari/537.36 (compatible; Googlebot/2.1; +http://www.google.com/bot.html)"
66.249.68.96 - - [15/Sep/2026:23:42:38 +0300] "GET /?sale/search/detail/?ITMCODE=51981655319 HTTP/1.1" 200 204970 "-" "Mozilla/5.0 (Linux; Android 6.0.1; Nexus 5X Build/MMB29P) AppleWebKit/537.36 (KHTML, like Gecko) Chrome/153.0.8010.36 Mobile Safari/537.36 (compatible; Googlebot/2.1; +http://www.google.com/bot.html)"
66.249.68.105 - - [15/Sep/2026:23:42:47 +0300] "GET /?sale/search/detail/?ITMCODE=51992005533 HTTP/1.1" 200 206788 "-" "Mozilla/5.0 (Linux; Android 6.0.1; Nexus 5X Build/MMB29P) AppleWebKit/537.36 (KHTML, like Gecko) Chrome/153.0.8010.36 Mobile Safari/537.36 (compatible; Googlebot/2.1; +http://www.google.com/bot.html)"
66.249.68.97 - - [15/Sep/2026:23:43:00 +0300] "GET /?sale/search/detail/?ITMCODE=52002667026 HTTP/1.1" 200 199343 "-" "Mozilla/5.0 (Linux; Android 6.0.1; Nexus 5X Build/MMB29P) AppleWebKit/537.36 (KHTML, like Gecko) Chrome/153.0.8010.36 Mobile Safari/537.36 (compatible; Googlebot/2.1; +http://www.google.com/bot.html)"
66.249.68.105 - - [15/Sep/2026:23:43:01 +0300] "GET /?sale/search/detail/?ITMCODE=51971482585 HTTP/1.1" 200 197668 "-" "Mozilla/5.0 (Linux; Android 6.0.1; Nexus 5X Build/MMB29P) AppleWebKit/537.36 (KHTML, like Gecko) Chrome/153.0.8010.36 Mobile Safari/537.36 (compatible; Googlebot/2.1; +http://www.google.com/bot.html)"
66.249.68.104 - - [15/Sep/2026:23:43:06 +0300] "GET /?sale/search/detail/?ITMCODE=5196670386 HTTP/1.1" 200 205609 "-" "Mozilla/5.0 (Linux; Android 6.0.1; Nexus 5X Build/MMB29P) AppleWebKit/537.36 (KHTML, like Gecko) Chrome/153.0.8010.36 Mobile Safari/537.36 (compatible; Googlebot/2.1; +http://www.google.com/bot.html)"
66.249.68.104 - - [15/Sep/2026:23:43:07 +0300] "GET /?sale/search/detail/?ITMCODE=52002628647 HTTP/1.1" 200 201938 "-" "Mozilla/5.0 (Linux; Android 6.0.1; Nexus 5X Build/MMB29P) AppleWebKit/537.36 (KHTML, like Gecko) Chrome/153.0.8010.36 Mobile Safari/537.36 (compatible; Googlebot/2.1; +http://www.google.com/bot.html)"
66.249.68.105 - - [15/Sep/2026:23:43:08 +0300] "GET /?sale/search/detail/?ITMCODE=5196955859 HTTP/1.1" 200 202657 "-" "Mozilla/5.0 (Linux; Android 6.0.1; Nexus 5X Build/MMB29P) AppleWebKit/537.36 (KHTML, like Gecko) Chrome/153.0.8010.36 Mobile Safari/537.36 (compatible; Googlebot/2.1; +http://www.google.com/bot.html)"
66.249.68.104 - - [15/Sep/2026:23:43:18 +0300] "GET /?sale/search/detail/?ITMCODE=51971116891 HTTP/1.1" 200 196229 "-" "Mozilla/5.0 (Linux; Android 6.0.1; Nexus 5X Build/MMB29P) AppleWebKit/537.36 (KHTML, like Gecko) Chrome/153.0.8010.36 Mobile Safari/537.36 (compatible; Googlebot/2.1; +http://www.google.com/bot.html)"
66.249.68.105 - - [15/Sep/2026:23:43:20 +0300] "GET /?sale/search/detail/?ITMCODE=5196981696 HTTP/1.1" 200 199731 "-" "Mozilla/5.0 (Linux; Android 6.0.1; Nexus 5X Build/MMB29P) AppleWebKit/537.36 (KHTML, like Gecko) Chrome/153.0.8010.36 Mobile Safari/537.36 (compatible; Googlebot/2.1; +http://www.google.com/bot.html)"
66.249.68.105 - - [15/Sep/2026:23:43:37 +0300] "GET /?sale/search/detail/?ITMCODE=52002519604 HTTP/1.1" 200 201952 "-" "Mozilla/5.0 (Linux; Android 6.0.1; Nexus 5X Build/MMB29P) AppleWebKit/537.36 (KHTML, like Gecko) Chrome/153.0.8010.36 Mobile Safari/537.36 (compatible; Googlebot/2.1; +http://www.google.com/bot.html)"
66.249.68.104 - - [15/Sep/2026:23:43:41 +0300] "GET /?sale/search/detail/?ITMCODE=51971162649 HTTP/1.1" 200 203027 "-" "Mozilla/5.0 (Linux; Android 6.0.1; Nexus 5X Build/MMB29P) AppleWebKit/537.36 (KHTML, like Gecko) Chrome/153.0.8010.36 Mobile Safari/537.36 (compatible; Googlebot/2.1; +http://www.google.com/bot.html)"
66.249.68.105 - - [15/Sep/2026:23:43:47 +0300] "GET /?sale/search/detail/?ITMCODE=52002858466 HTTP/1.1" 200 198021 "-" "Mozilla/5.0 (Linux; Android 6.0.1; Nexus 5X Build/MMB29P) AppleWebKit/537.36 (KHTML, like Gecko) Chrome/153.0.8010.36 Mobile Safari/537.36 (compatible; Googlebot/2.1; +http://www.google.com/bot.html)"
66.249.68.105 - - [15/Sep/2026:23:43:48 +0300] "GET /?sale/search/detail/?ITMCODE=52002972394 HTTP/1.1" 200 195238 "-" "Mozilla/5.0 (Linux; Android 6.0.1; Nexus 5X Build/MMB29P) AppleWebKit/537.36 (KHTML, like Gecko) Chrome/153.0.8010.36 Mobile Safari/537.36 (compatible; Googlebot/2.1; +http://www.google.com/bot.html)"
66.249.68.105 - - [15/Sep/2026:23:44:01 +0300] "GET /?sale/search/detail/?ITMCODE=52002501765 HTTP/1.1" 200 199310 "-" "Mozilla/5.0 (Linux; Android 6.0.1; Nexus 5X Build/MMB29P) AppleWebKit/537.36 (KHTML, like Gecko) Chrome/153.0.8010.36 Mobile Safari/537.36 (compatible; Googlebot/2.1; +http://www.google.com/bot.html)"
66.249.68.96 - - [15/Sep/2026:23:44:08 +0300] "GET /?sale/search/detail/?ITMCODE=519583550 HTTP/1.1" 200 198288 "-" "Mozilla/5.0 (Linux; Android 6.0.1; Nexus 5X Build/MMB29P) AppleWebKit/537.36 (KHTML, like Gecko) Chrome/153.0.8010.36 Mobile Safari/537.36 (compatible; Googlebot/2.1; +http://www.google.com/bot.html)"
66.249.68.105 - - [15/Sep/2026:23:44:11 +0300] "GET /?sale/search/detail/?ITMCODE=5196902285 HTTP/1.1" 200 217465 "-" "Mozilla/5.0 (Linux; Android 6.0.1; Nexus 5X Build/MMB29P) AppleWebKit/537.36 (KHTML, like Gecko) Chrome/153.0.8010.36 Mobile Safari/537.36 (compatible; Googlebot/2.1; +http://www.google.com/bot.html)"
66.249.68.105 - - [15/Sep/2026:23:44:23 +0300] "GET /?sale/search/detail/?ITMCODE=5196969554 HTTP/1.1" 200 197759 "-" "Mozilla/5.0 (Linux; Android 6.0.1; Nexus 5X Build/MMB29P) AppleWebKit/537.36 (KHTML, like Gecko) Chrome/153.0.8010.36 Mobile Safari/537.36 (compatible; Googlebot/2.1; +http://www.google.com/bot.html)"
66.249.68.104 - - [15/Sep/2026:23:44:30 +0300] "GET /?sale/search/detail/?ITMCODE=5196743541 HTTP/1.1" 200 208103 "-" "Mozilla/5.0 (Linux; Android 6.0.1; Nexus 5X Build/MMB29P) AppleWebKit/537.36 (KHTML, like Gecko) Chrome/153.0.8010.36 Mobile Safari/537.36 (compatible; Googlebot/2.1; +http://www.google.com/bot.html)"
66.249.68.104 - - [15/Sep/2026:23:44:32 +0300] "GET /?sale/search/detail/?ITMCODE=51981926272 HTTP/1.1" 200 199865 "-" "Mozilla/5.0 (Linux; Android 6.0.1; Nexus 5X Build/MMB29P) AppleWebKit/537.36 (KHTML, like Gecko) Chrome/153.0.8010.36 Mobile Safari/537.36 (compatible; Googlebot/2.1; +http://www.google.com/bot.html)"
66.249.68.97 - - [15/Sep/2026:23:44:46 +0300] "GET /?sale/search/detail/?ITMCODE=5195150285 HTTP/1.1" 200 213916 "-" "Mozilla/5.0 (Linux; Android 6.0.1; Nexus 5X Build/MMB29P) AppleWebKit/537.36 (KHTML, like Gecko) Chrome/153.0.8010.36 Mobile Safari/537.36 (compatible; Googlebot/2.1; +http://www.google.com/bot.html)"
66.249.68.105 - - [15/Sep/2026:23:44:55 +0300] "GET /?sale/search/detail/?ITMCODE=51971220943 HTTP/1.1" 200 204662 "-" "Mozilla/5.0 (Linux; Android 6.0.1; Nexus 5X Build/MMB29P) AppleWebKit/537.36 (KHTML, like Gecko) Chrome/153.0.8010.36 Mobile Safari/537.36 (compatible; Googlebot/2.1; +http://www.google.com/bot.html)"
66.249.68.98 - - [15/Sep/2026:23:44:59 +0300] "GET /?sale/search/detail/?ITMCODE=52002803986 HTTP/1.1" 200 210392 "-" "Mozilla/5.0 (Linux; Android 6.0.1; Nexus 5X Build/MMB29P) AppleWebKit/537.36 (KHTML, like Gecko) Chrome/153.0.8010.36 Mobile Safari/537.36 (compatible; Googlebot/2.1; +http://www.google.com/bot.html)"
66.249.68.98 - - [15/Sep/2026:23:45:01 +0300] "GET /?sale/search/detail/?ITMCODE=51971302195 HTTP/1.1" 200 215526 "-" "Mozilla/5.0 (Linux; Android 6.0.1; Nexus 5X Build/MMB29P) AppleWebKit/537.36 (KHTML, like Gecko) Chrome/153.0.8010.36 Mobile Safari/537.36 (compatible; Googlebot/2.1; +http://www.google.com/bot.html)"
66.249.68.105 - - [15/Sep/2026:23:45:03 +0300] "GET /?sale/search/detail/?ITMCODE=5195468732 HTTP/1.1" 200 207655 "-" "Mozilla/5.0 (Linux; Android 6.0.1; Nexus 5X Build/MMB29P) AppleWebKit/537.36 (KHTML, like Gecko) Chrome/153.0.8010.36 Mobile Safari/537.36 (compatible; Googlebot/2.1; +http://www.google.com/bot.html)"
66.249.68.104 - - [15/Sep/2026:23:45:07 +0300] "GET /?sale/search/detail/?ITMCODE=519548611 HTTP/1.1" 200 206380 "-" "Mozilla/5.0 (Linux; Android 6.0.1; Nexus 5X Build/MMB29P) AppleWebKit/537.36 (KHTML, like Gecko) Chrome/153.0.8010.36 Mobile Safari/537.36 (compatible; Googlebot/2.1; +http://www.google.com/bot.html)"
66.249.68.104 - - [15/Sep/2026:23:45:11 +0300] "GET /?sale/search/detail/?ITMCODE=51971376401 HTTP/1.1" 200 195195 "-" "Mozilla/5.0 (Linux; Android 6.0.1; Nexus 5X Build/MMB29P) AppleWebKit/537.36 (KHTML, like Gecko) Chrome/153.0.8010.36 Mobile Safari/537.36 (compatible; Googlebot/2.1; +http://www.google.com/bot.html)"
66.249.68.104 - - [15/Sep/2026:23:45:14 +0300] "GET /?sale/search/detail/?ITMCODE=51992216121 HTTP/1.1" 200 212334 "-" "Mozilla/5.0 (Linux; Android 6.0.1; Nexus 5X Build/MMB29P) AppleWebKit/537.36 (KHTML, like Gecko) Chrome/153.0.8010.36 Mobile Safari/537.36 (compatible; Googlebot/2.1; +http://www.google.com/bot.html)"
66.249.68.105 - - [15/Sep/2026:23:45:20 +0300] "GET /?sale/search/detail/?ITMCODE=52002946672 HTTP/1.1" 200 199336 "-" "Mozilla/5.0 (Linux; Android 6.0.1; Nexus 5X Build/MMB29P) AppleWebKit/537.36 (KHTML, like Gecko) Chrome/153.0.8010.36 Mobile Safari/537.36 (compatible; Googlebot/2.1; +http://www.google.com/bot.html)"
66.249.68.104 - - [15/Sep/2026:23:45:21 +0300] "GET /?sale/search/detail/?ITMCODE=5196885103 HTTP/1.1" 200 198099 "-" "Mozilla/5.0 (Linux; Android 6.0.1; Nexus 5X Build/MMB29P) AppleWebKit/537.36 (KHTML, like Gecko) Chrome/153.0.8010.36 Mobile Safari/537.36 (compatible; Googlebot/2.1; +http://www.google.com/bot.html)"
66.249.68.105 - - [15/Sep/2026:23:45:26 +0300] "GET /?sale/search/detail/?ITMCODE=5195496118 HTTP/1.1" 200 197017 "-" "Mozilla/5.0 (Linux; Android 6.0.1; Nexus 5X Build/MMB29P) AppleWebKit/537.36 (KHTML, like Gecko) Chrome/153.0.8010.36 Mobile Safari/537.36 (compatible; Googlebot/2.1; +http://www.google.com/bot.html)"
66.249.68.104 - - [15/Sep/2026:23:45:30 +0300] "GET /?sale/search/detail/?ITMCODE=5195215988 HTTP/1.1" 200 202034 "-" "Mozilla/5.0 (Linux; Android 6.0.1; Nexus 5X Build/MMB29P) AppleWebKit/537.36 (KHTML, like Gecko) Chrome/153.0.8010.36 Mobile Safari/537.36 (compatible; Googlebot/2.1; +http://www.google.com/bot.html)"
66.249.68.105 - - [15/Sep/2026:23:45:41 +0300] "GET /?sale/search/detail/?ITMCODE=51971330962 HTTP/1.1" 200 195626 "-" "Mozilla/5.0 (Linux; Android 6.0.1; Nexus 5X Build/MMB29P) AppleWebKit/537.36 (KHTML, like Gecko) Chrome/153.0.8010.36 Mobile Safari/537.36 (compatible; Googlebot/2.1; +http://www.google.com/bot.html)"
66.249.68.104 - - [15/Sep/2026:23:45:47 +0300] "GET /?sale/search/detail/?ITMCODE=519539176 HTTP/1.1" 200 210959 "-" "Mozilla/5.0 (Linux; Android 6.0.1; Nexus 5X Build/MMB29P) AppleWebKit/537.36 (KHTML, like Gecko) Chrome/153.0.8010.36 Mobile Safari/537.36 (compatible; Googlebot/2.1; +http://www.google.com/bot.html)"
66.249.68.105 - - [15/Sep/2026:23:45:53 +0300] "GET /?sale/search/detail/?ITMCODE=52002643602 HTTP/1.1" 200 197016 "-" "Mozilla/5.0 (Linux; Android 6.0.1; Nexus 5X Build/MMB29P) AppleWebKit/537.36 (KHTML, like Gecko) Chrome/153.0.8010.36 Mobile Safari/537.36 (compatible; Googlebot/2.1; +http://www.google.com/bot.html)"
66.249.68.98 - - [15/Sep/2026:23:45:56 +0300] "GET /?sale/search/detail/?ITMCODE=51971417953 HTTP/1.1" 200 201908 "-" "Mozilla/5.0 (Linux; Android 6.0.1; Nexus 5X Build/MMB29P) AppleWebKit/537.36 (KHTML, like Gecko) Chrome/153.0.8010.36 Mobile Safari/537.36 (compatible; Googlebot/2.1; +http://www.google.com/bot.html)"
66.249.68.96 - - [15/Sep/2026:23:46:04 +0300] "GET /?sale/search/detail/?ITMCODE=5195153981 HTTP/1.1" 200 206064 "-" "Mozilla/5.0 (Linux; Android 6.0.1; Nexus 5X Build/MMB29P) AppleWebKit/537.36 (KHTML, like Gecko) Chrome/153.0.8010.36 Mobile Safari/537.36 (compatible; Googlebot/2.1; +http://www.google.com/bot.html)"
66.249.68.105 - - [15/Sep/2026:23:46:06 +0300] "GET /?sale/search/detail/?ITMCODE=5196595005 HTTP/1.1" 200 197697 "-" "Mozilla/5.0 (Linux; Android 6.0.1; Nexus 5X Build/MMB29P) AppleWebKit/537.36 (KHTML, like Gecko) Chrome/153.0.8010.36 Mobile Safari/537.36 (compatible; Googlebot/2.1; +http://www.google.com/bot.html)"
66.249.68.104 - - [15/Sep/2026:23:46:15 +0300] "GET /?sale/search/detail/?ITMCODE=5195493137 HTTP/1.1" 200 199710 "-" "Mozilla/5.0 (Linux; Android 6.0.1; Nexus 5X Build/MMB29P) AppleWebKit/537.36 (KHTML, like Gecko) Chrome/153.0.8010.36 Mobile Safari/537.36 (compatible; Googlebot/2.1; +http://www.google.com/bot.html)"
66.249.68.104 - - [15/Sep/2026:23:46:16 +0300] "GET /?sale/search/detail/?ITMCODE=52002687730 HTTP/1.1" 200 206011 "-" "Mozilla/5.0 (Linux; Android 6.0.1; Nexus 5X Build/MMB29P) AppleWebKit/537.36 (KHTML, like Gecko) Chrome/153.0.8010.36 Mobile Safari/537.36 (compatible; Googlebot/2.1; +http://www.google.com/bot.html)"
66.249.68.104 - - [15/Sep/2026:23:46:20 +0300] "GET /?sale/search/detail/?ITMCODE=51971124354 HTTP/1.1" 200 195851 "-" "Mozilla/5.0 (Linux; Android 6.0.1; Nexus 5X Build/MMB29P) AppleWebKit/537.36 (KHTML, like Gecko) Chrome/153.0.8010.36 Mobile Safari/537.36 (compatible; Googlebot/2.1; +http://www.google.com/bot.html)"
66.249.68.104 - - [15/Sep/2026:23:46:26 +0300] "GET /?sale/search/detail/?ITMCODE=51981754622 HTTP/1.1" 200 206230 "-" "Mozilla/5.0 (Linux; Android 6.0.1; Nexus 5X Build/MMB29P) AppleWebKit/537.36 (KHTML, like Gecko) Chrome/153.0.8010.36 Mobile Safari/537.36 (compatible; Googlebot/2.1; +http://www.google.com/bot.html)"
66.249.68.104 - - [15/Sep/2026:23:46:40 +0300] "GET /?sale/search/detail/?ITMCODE=5195167486 HTTP/1.1" 200 202218 "-" "Mozilla/5.0 (Linux; Android 6.0.1; Nexus 5X Build/MMB29P) AppleWebKit/537.36 (KHTML, like Gecko) Chrome/153.0.8010.36 Mobile Safari/537.36 (compatible; Googlebot/2.1; +http://www.google.com/bot.html)"
66.249.68.96 - - [15/Sep/2026:23:46:46 +0300] "GET /?sale/search/detail/?ITMCODE=52002637144 HTTP/1.1" 200 199458 "-" "Mozilla/5.0 (Linux; Android 6.0.1; Nexus 5X Build/MMB29P) AppleWebKit/537.36 (KHTML, like Gecko) Chrome/153.0.8010.36 Mobile Safari/537.36 (compatible; Googlebot/2.1; +http://www.google.com/bot.html)"
66.249.68.104 - - [15/Sep/2026:23:46:52 +0300] "GET /?sale/search/detail/?ITMCODE=52002666854 HTTP/1.1" 200 201850 "-" "Mozilla/5.0 (Linux; Android 6.0.1; Nexus 5X Build/MMB29P) AppleWebKit/537.36 (KHTML, like Gecko) Chrome/153.0.8010.36 Mobile Safari/537.36 (compatible; Googlebot/2.1; +http://www.google.com/bot.html)"
66.249.68.96 - - [15/Sep/2026:23:46:53 +0300] "GET /?sale/search/detail/?ITMCODE=52002613177 HTTP/1.1" 200 197416 "-" "Mozilla/5.0 (Linux; Android 6.0.1; Nexus 5X Build/MMB29P) AppleWebKit/537.36 (KHTML, like Gecko) Chrome/153.0.8010.36 Mobile Safari/537.36 (compatible; Googlebot/2.1; +http://www.google.com/bot.html)"
157.55.39.10 - - [15/Sep/2026:23:46:59 +0300] "GET /shop/pg/894262 HTTP/1.1" 200 201201 "-" "Mozilla/5.0 AppleWebKit/537.36 (KHTML, like Gecko; compatible; bingbot/2.0; +http://www.bing.com/bingbot.htm) Chrome/116.0.1938.76 Safari/537.36"
66.249.68.105 - - [15/Sep/2026:23:47:00 +0300] "GET /?sale/search/detail/?ITMCODE=5196907873 HTTP/1.1" 200 202054 "-" "Mozilla/5.0 (Linux; Android 6.0.1; Nexus 5X Build/MMB29P) AppleWebKit/537.36 (KHTML, like Gecko) Chrome/153.0.8010.36 Mobile Safari/537.36 (compatible; Googlebot/2.1; +http://www.google.com/bot.html)"
85.208.96.201 - - [15/Sep/2026:23:47:03 +0300] "GET /?sale%2Fsearch%2Fdetail%2F%3FITMCODE=519624989970 HTTP/1.1" 200 11138 "-" "Mozilla/5.0 (compatible; SemrushBot/7~bl; +http://www.semrush.com/bot.html)"
66.249.68.104 - - [15/Sep/2026:23:47:04 +0300] "GET /?sale/search/detail/?ITMCODE=51981713866 HTTP/1.1" 200 199655 "-" "Mozilla/5.0 (Linux; Android 6.0.1; Nexus 5X Build/MMB29P) AppleWebKit/537.36 (KHTML, like Gecko) Chrome/153.0.8010.36 Mobile Safari/537.36 (compatible; Googlebot/2.1; +http://www.google.com/bot.html)"
66.249.68.104 - - [15/Sep/2026:23:47:17 +0300] "GET /?sale/search/detail/?ITMCODE=5196564547 HTTP/1.1" 200 196233 "-" "Mozilla/5.0 (Linux; Android 6.0.1; Nexus 5X Build/MMB29P) AppleWebKit/537.36 (KHTML, like Gecko) Chrome/153.0.8010.36 Mobile Safari/537.36 (compatible; Googlebot/2.1; +http://www.google.com/bot.html)"
66.249.68.105 - - [15/Sep/2026:23:47:25 +0300] "GET /?sale/search/detail/?ITMCODE=52002706076 HTTP/1.1" 200 194361 "-" "Mozilla/5.0 (Linux; Android 6.0.1; Nexus 5X Build/MMB29P) AppleWebKit/537.36 (KHTML, like Gecko) Chrome/153.0.8010.36 Mobile Safari/537.36 (compatible; Googlebot/2.1; +http://www.google.com/bot.html)"
66.249.68.105 - - [15/Sep/2026:23:47:29 +0300] "GET /?sale/search/detail/?ITMCODE=51992433567 HTTP/1.1" 200 213717 "-" "Mozilla/5.0 (Linux; Android 6.0.1; Nexus 5X Build/MMB29P) AppleWebKit/537.36 (KHTML, like Gecko) Chrome/153.0.8010.36 Mobile Safari/537.36 (compatible; Googlebot/2.1; +http://www.google.com/bot.html)"
66.249.68.96 - - [15/Sep/2026:23:47:46 +0300] "GET /?sale/search/detail/?ITMCODE=51971125630 HTTP/1.1" 200 215027 "-" "Mozilla/5.0 (Linux; Android 6.0.1; Nexus 5X Build/MMB29P) AppleWebKit/537.36 (KHTML, like Gecko) Chrome/153.0.8010.36 Mobile Safari/537.36 (compatible; Googlebot/2.1; +http://www.google.com/bot.html)"
66.249.68.96 - - [15/Sep/2026:23:47:50 +0300] "GET /?sale/search/detail/?ITMCODE=51971438797 HTTP/1.1" 200 194538 "-" "Mozilla/5.0 (Linux; Android 6.0.1; Nexus 5X Build/MMB29P) AppleWebKit/537.36 (KHTML, like Gecko) Chrome/153.0.8010.36 Mobile Safari/537.36 (compatible; Googlebot/2.1; +http://www.google.com/bot.html)"
66.249.68.104 - - [15/Sep/2026:23:47:49 +0300] "GET /?sale/search/detail/?ITMCODE=52002763123 HTTP/1.1" 200 195424 "-" "Mozilla/5.0 (Linux; Android 6.0.1; Nexus 5X Build/MMB29P) AppleWebKit/537.36 (KHTML, like Gecko) Chrome/153.0.8010.36 Mobile Safari/537.36 (compatible; Googlebot/2.1; +http://www.google.com/bot.html)"
66.249.68.104 - - [15/Sep/2026:23:48:10 +0300] "GET /?sale/search/detail/?ITMCODE=52002977558 HTTP/1.1" 200 193776 "-" "Mozilla/5.0 (Linux; Android 6.0.1; Nexus 5X Build/MMB29P) AppleWebKit/537.36 (KHTML, like Gecko) Chrome/153.0.8010.36 Mobile Safari/537.36 (compatible; Googlebot/2.1; +http://www.google.com/bot.html)"
157.55.39.10 - - [15/Sep/2026:23:48:11 +0300] "GET /sale/search/detail/?ITMCODE=5195409061 HTTP/1.1" 200 198825 "-" "Mozilla/5.0 AppleWebKit/537.36 (KHTML, like Gecko; compatible; bingbot/2.0; +http://www.bing.com/bingbot.htm) Chrome/116.0.1938.76 Safari/537.36"
66.249.68.104 - - [15/Sep/2026:23:48:25 +0300] "GET /?sale/search/detail/?ITMCODE=51992072485 HTTP/1.1" 200 202411 "-" "Mozilla/5.0 (Linux; Android 6.0.1; Nexus 5X Build/MMB29P) AppleWebKit/537.36 (KHTML, like Gecko) Chrome/153.0.8010.36 Mobile Safari/537.36 (compatible; Googlebot/2.1; +http://www.google.com/bot.html)"
66.249.68.105 - - [15/Sep/2026:23:48:34 +0300] "GET /?sale/search/detail/?ITMCODE=51971232798 HTTP/1.1" 200 196051 "-" "Mozilla/5.0 (Linux; Android 6.0.1; Nexus 5X Build/MMB29P) AppleWebKit/537.36 (KHTML, like Gecko) Chrome/153.0.8010.36 Mobile Safari/537.36 (compatible; Googlebot/2.1; +http://www.google.com/bot.html)"
66.249.68.104 - - [15/Sep/2026:23:48:34 +0300] "GET /?sale/search/detail/?ITMCODE=51971078854 HTTP/1.1" 200 196906 "-" "Mozilla/5.0 (Linux; Android 6.0.1; Nexus 5X Build/MMB29P) AppleWebKit/537.36 (KHTML, like Gecko) Chrome/153.0.8010.36 Mobile Safari/537.36 (compatible; Googlebot/2.1; +http://www.google.com/bot.html)"
66.249.68.105 - - [15/Sep/2026:23:48:41 +0300] "GET /?sale/search/detail/?ITMCODE=51971447379 HTTP/1.1" 200 199120 "-" "Mozilla/5.0 (Linux; Android 6.0.1; Nexus 5X Build/MMB29P) AppleWebKit/537.36 (KHTML, like Gecko) Chrome/153.0.8010.36 Mobile Safari/537.36 (compatible; Googlebot/2.1; +http://www.google.com/bot.html)"
66.249.68.104 - - [15/Sep/2026:23:48:46 +0300] "GET /?sale/search/detail/?ITMCODE=51981527762 HTTP/1.1" 200 196417 "-" "Mozilla/5.0 (Linux; Android 6.0.1; Nexus 5X Build/MMB29P) AppleWebKit/537.36 (KHTML, like Gecko) Chrome/153.0.8010.36 Mobile Safari/537.36 (compatible; Googlebot/2.1; +http://www.google.com/bot.html)"
66.249.68.105 - - [15/Sep/2026:23:48:58 +0300] "GET /?sale/search/detail/?ITMCODE=52002539984 HTTP/1.1" 200 199116 "-" "Mozilla/5.0 (Linux; Android 6.0.1; Nexus 5X Build/MMB29P) AppleWebKit/537.36 (KHTML, like Gecko) Chrome/153.0.8010.36 Mobile Safari/537.36 (compatible; Googlebot/2.1; +http://www.google.com/bot.html)"
66.249.68.104 - - [15/Sep/2026:23:49:06 +0300] "GET /?sale/search/detail/?ITMCODE=5195283855 HTTP/1.1" 200 203682 "-" "Mozilla/5.0 (Linux; Android 6.0.1; Nexus 5X Build/MMB29P) AppleWebKit/537.36 (KHTML, like Gecko) Chrome/153.0.8010.36 Mobile Safari/537.36 (compatible; Googlebot/2.1; +http://www.google.com/bot.html)"
66.249.68.104 - - [15/Sep/2026:23:49:11 +0300] "GET /?sale/search/detail/?ITMCODE=5196500412 HTTP/1.1" 200 227118 "-" "Mozilla/5.0 (Linux; Android 6.0.1; Nexus 5X Build/MMB29P) AppleWebKit/537.36 (KHTML, like Gecko) Chrome/153.0.8010.36 Mobile Safari/537.36 (compatible; Googlebot/2.1; +http://www.google.com/bot.html)"
