Your IP : 216.73.216.152


Current Path : /proc/self/root/proc/self/root/proc/self/root/home/antonen/access-logs/
Upload File :
Current File : //proc/self/root/proc/self/root/proc/self/root/home/antonen/access-logs/chenglong.testams.vhost.lt

85.208.96.198 - - [15/Sep/2026:15:03:53 +0300] "GET /?sale%2Fsearch%2Fdetail%2F%3FITMCODE=519825842108 HTTP/1.1" 200 11138 "-" "Mozilla/5.0 (compatible; SemrushBot/7~bl; +http://www.semrush.com/bot.html)"
185.191.171.12 - - [15/Sep/2026:15:06:33 +0300] "GET /?sale%2Fsearch%2Fdetail%2F%3FITMCODE=51959402688 HTTP/1.1" 200 11138 "-" "Mozilla/5.0 (compatible; SemrushBot/7~bl; +http://www.semrush.com/bot.html)"
66.249.68.104 - - [15/Sep/2026:15:10:17 +0300] "GET /?sale/search/detail/?ITMCODE=5195407948 HTTP/1.1" 200 211449 "-" "Mozilla/5.0 (Linux; Android 6.0.1; Nexus 5X Build/MMB29P) AppleWebKit/537.36 (KHTML, like Gecko) Chrome/152.0.7977.82 Mobile Safari/537.36 (compatible; Googlebot/2.1; +http://www.google.com/bot.html)"
85.208.96.193 - - [15/Sep/2026:15:10:48 +0300] "GET /?sale%2Fsearch%2Fdetail%2F%3FITMCODE=5197106104046 HTTP/1.1" 200 11138 "-" "Mozilla/5.0 (compatible; SemrushBot/7~bl; +http://www.semrush.com/bot.html)"
43.165.127.225 - - [15/Sep/2026:15:11:49 +0300] "GET / HTTP/1.1" 200 11140 "-" "Mozilla/5.0 (iPhone; CPU iPhone OS 13_2_3 like Mac OS X) AppleWebKit/605.1.15 (KHTML, like Gecko) Version/13.0.3 Mobile/15E148 Safari/604.1"
185.191.171.4 - - [15/Sep/2026:15:12:24 +0300] "GET /?sale%2Fsearch%2Fdetail%2F%3FITMCODE=51977003169 HTTP/1.1" 200 11138 "-" "Mozilla/5.0 (compatible; SemrushBot/7~bl; +http://www.semrush.com/bot.html)"
66.249.68.104 - - [15/Sep/2026:15:13:45 +0300] "GET /?sale/search/detail/?ITMCODE=51971254707 HTTP/1.1" 200 207226 "-" "Mozilla/5.0 (Linux; Android 6.0.1; Nexus 5X Build/MMB29P) AppleWebKit/537.36 (KHTML, like Gecko) Chrome/152.0.7977.82 Mobile Safari/537.36 (compatible; Googlebot/2.1; +http://www.google.com/bot.html)"
185.191.171.14 - - [15/Sep/2026:15:14:56 +0300] "GET /?sale%2Fsearch%2Fdetail%2F%3FITMCODE=520020841136 HTTP/1.1" 200 11138 "-" "Mozilla/5.0 (compatible; SemrushBot/7~bl; +http://www.semrush.com/bot.html)"
66.249.68.104 - - [15/Sep/2026:15:15:30 +0300] "GET /?sale/search/detail/?ITMCODE=5196684159 HTTP/1.1" 200 193456 "-" "Mozilla/5.0 (Linux; Android 6.0.1; Nexus 5X Build/MMB29P) AppleWebKit/537.36 (KHTML, like Gecko) Chrome/152.0.7977.82 Mobile Safari/537.36 (compatible; Googlebot/2.1; +http://www.google.com/bot.html)"
85.208.96.212 - - [15/Sep/2026:15:16:56 +0300] "GET /?sale%2Fsearch%2Fdetail%2F%3FITMCODE=52005982874 HTTP/1.1" 200 11138 "-" "Mozilla/5.0 (compatible; SemrushBot/7~bl; +http://www.semrush.com/bot.html)"
185.191.171.15 - - [15/Sep/2026:15:18:12 +0300] "GET /?sale%2Fsearch%2Fdetail%2F%3FITMCODE=519710045324 HTTP/1.1" 200 11138 "-" "Mozilla/5.0 (compatible; SemrushBot/7~bl; +http://www.semrush.com/bot.html)"
185.191.171.14 - - [15/Sep/2026:15:20:10 +0300] "GET /?sale%2Fsearch%2Fdetail%2F%3FITMCODE=519618702674 HTTP/1.1" 200 11138 "-" "Mozilla/5.0 (compatible; SemrushBot/7~bl; +http://www.semrush.com/bot.html)"
66.249.68.96 - - [15/Sep/2026:15:21:19 +0300] "GET /?sale/search/detail/?ITMCODE=5196534107 HTTP/1.1" 200 204354 "-" "Mozilla/5.0 (Linux; Android 6.0.1; Nexus 5X Build/MMB29P) AppleWebKit/537.36 (KHTML, like Gecko) Chrome/152.0.7977.82 Mobile Safari/537.36 (compatible; Googlebot/2.1; +http://www.google.com/bot.html)"
185.191.171.4 - - [15/Sep/2026:15:21:30 +0300] "GET /?sale%2Fsearch%2Fdetail%2F%3FITMCODE=52002701449 HTTP/1.1" 200 11138 "-" "Mozilla/5.0 (compatible; SemrushBot/7~bl; +http://www.semrush.com/bot.html)"
43.166.238.12 - - [15/Sep/2026:15:21:40 +0300] "GET / HTTP/1.1" 200 11140 "-" "Mozilla/5.0 (iPhone; CPU iPhone OS 13_2_3 like Mac OS X) AppleWebKit/605.1.15 (KHTML, like Gecko) Version/13.0.3 Mobile/15E148 Safari/604.1"
85.208.96.205 - - [15/Sep/2026:15:22:39 +0300] "GET /?sale%2Fsearch%2Fdetail%2F%3FITMCODE=51987979895 HTTP/1.1" 200 11138 "-" "Mozilla/5.0 (compatible; SemrushBot/7~bl; +http://www.semrush.com/bot.html)"
185.191.171.12 - - [15/Sep/2026:15:25:40 +0300] "GET /robots.txt HTTP/1.1" 200 836 "-" "Mozilla/5.0 (compatible; SemrushBot/7~bl; +http://www.semrush.com/bot.html)"
185.191.171.14 - - [15/Sep/2026:15:25:40 +0300] "GET /?sale%2Fsearch%2Fdetail%2F%3FITMCODE=519816579964 HTTP/1.1" 200 11138 "-" "Mozilla/5.0 (compatible; SemrushBot/7~bl; +http://www.semrush.com/bot.html)"
66.249.68.104 - - [15/Sep/2026:15:26:26 +0300] "GET /?sale/search/detail/?ITMCODE=51981945103 HTTP/1.1" 200 199628 "-" "Mozilla/5.0 (Linux; Android 6.0.1; Nexus 5X Build/MMB29P) AppleWebKit/537.36 (KHTML, like Gecko) Chrome/153.0.8010.36 Mobile Safari/537.36 (compatible; Googlebot/2.1; +http://www.google.com/bot.html)"
185.191.171.1 - - [15/Sep/2026:15:26:43 +0300] "GET /?sale%2Fsearch%2Fdetail%2F%3FITMCODE=519536258229 HTTP/1.1" 200 11138 "-" "Mozilla/5.0 (compatible; SemrushBot/7~bl; +http://www.semrush.com/bot.html)"
85.208.96.201 - - [15/Sep/2026:15:30:54 +0300] "GET /?sale%2Fsearch%2Fdetail%2F%3FITMCODE=519938119705 HTTP/1.1" 200 11138 "-" "Mozilla/5.0 (compatible; SemrushBot/7~bl; +http://www.semrush.com/bot.html)"
66.249.68.104 - - [15/Sep/2026:15:32:04 +0300] "GET /robots.txt HTTP/1.1" 200 836 "-" "Mozilla/5.0 (compatible; Googlebot/2.1; +http://www.google.com/bot.html)"
66.249.68.104 - - [15/Sep/2026:15:32:05 +0300] "GET /?sale/search/detail/?ITMCODE=51971001525 HTTP/1.1" 200 206701 "-" "Mozilla/5.0 (Linux; Android 6.0.1; Nexus 5X Build/MMB29P) AppleWebKit/537.36 (KHTML, like Gecko) Chrome/152.0.7977.82 Mobile Safari/537.36 (compatible; Googlebot/2.1; +http://www.google.com/bot.html)"
66.249.68.105 - - [15/Sep/2026:15:32:38 +0300] "GET /?sale/search/detail/?ITMCODE=52002687070 HTTP/1.1" 200 194702 "-" "Mozilla/5.0 (Linux; Android 6.0.1; Nexus 5X Build/MMB29P) AppleWebKit/537.36 (KHTML, like Gecko) Chrome/152.0.7977.82 Mobile Safari/537.36 (compatible; Googlebot/2.1; +http://www.google.com/bot.html)"
66.249.68.105 - - [15/Sep/2026:15:32:52 +0300] "GET /?sale/search/detail/?ITMCODE=51971376807 HTTP/1.1" 200 196521 "-" "Mozilla/5.0 (Linux; Android 6.0.1; Nexus 5X Build/MMB29P) AppleWebKit/537.36 (KHTML, like Gecko) Chrome/152.0.7977.82 Mobile Safari/537.36 (compatible; Googlebot/2.1; +http://www.google.com/bot.html)"
66.249.68.104 - - [15/Sep/2026:15:32:53 +0300] "GET /?sale/search/detail/?ITMCODE=51981600226 HTTP/1.1" 200 195631 "-" "Mozilla/5.0 (Linux; Android 6.0.1; Nexus 5X Build/MMB29P) AppleWebKit/537.36 (KHTML, like Gecko) Chrome/152.0.7977.82 Mobile Safari/537.36 (compatible; Googlebot/2.1; +http://www.google.com/bot.html)"
66.249.68.104 - - [15/Sep/2026:15:35:22 +0300] "GET /robots.txt HTTP/1.1" 200 836 "-" "Mozilla/5.0 (compatible; Googlebot/2.1; +http://www.google.com/bot.html)"
66.249.68.104 - - [15/Sep/2026:15:35:22 +0300] "GET /?sale/search/detail/?ITMCODE=51992363748 HTTP/1.1" 200 202532 "-" "Mozilla/5.0 (compatible; Googlebot/2.1; +http://www.google.com/bot.html)"
185.191.171.11 - - [15/Sep/2026:15:35:48 +0300] "GET /?sale%2Fsearch%2Fdetail%2F%3FITMCODE=520020927961 HTTP/1.1" 200 11138 "-" "Mozilla/5.0 (compatible; SemrushBot/7~bl; +http://www.semrush.com/bot.html)"
85.208.96.206 - - [15/Sep/2026:15:36:07 +0300] "GET /?sale%2Fsearch%2Fdetail%2F%3FITMCODE=519725324470 HTTP/1.1" 200 11138 "-" "Mozilla/5.0 (compatible; SemrushBot/7~bl; +http://www.semrush.com/bot.html)"
185.191.171.16 - - [15/Sep/2026:15:36:47 +0300] "GET /?sale%2Fsearch%2Fdetail%2F%3FITMCODE=519831934634 HTTP/1.1" 200 11138 "-" "Mozilla/5.0 (compatible; SemrushBot/7~bl; +http://www.semrush.com/bot.html)"
216.73.217.109 - - [15/Sep/2026:15:39:56 +0300] "GET /robots.txt HTTP/1.1" 200 836 "-" "Mozilla/5.0 AppleWebKit/537.36 (KHTML, like Gecko; compatible; ClaudeBot/1.0; +claudebot@anthropic.com)"
216.73.217.109 - - [15/Sep/2026:15:39:57 +0300] "GET /sitemap.xml HTTP/1.1" 200 1307 "-" "Mozilla/5.0 AppleWebKit/537.36 (KHTML, like Gecko; compatible; ClaudeBot/1.0; +claudebot@anthropic.com)"
54.211.86.208 - - [15/Sep/2026:15:40:47 +0300] "GET /robots.txt HTTP/1.1" 200 836 "-" "NVBot"
54.211.86.208 - - [15/Sep/2026:15:40:47 +0300] "GET /.well-known/tdmrep.json HTTP/1.1" 404 1320 "-" "NVBot"
85.208.96.203 - - [15/Sep/2026:15:41:41 +0300] "GET /?sale%2Fsearch%2Fdetail%2F%3FITMCODE=520011877395 HTTP/1.1" 200 11138 "-" "Mozilla/5.0 (compatible; SemrushBot/7~bl; +http://www.semrush.com/bot.html)"
66.249.68.104 - - [15/Sep/2026:15:47:52 +0300] "GET /?sale/search/detail/?ITMCODE=51981763126 HTTP/1.1" 200 195265 "-" "Mozilla/5.0 (Linux; Android 6.0.1; Nexus 5X Build/MMB29P) AppleWebKit/537.36 (KHTML, like Gecko) Chrome/152.0.7977.82 Mobile Safari/537.36 (compatible; Googlebot/2.1; +http://www.google.com/bot.html)"
66.249.68.104 - - [15/Sep/2026:15:48:23 +0300] "GET /?sale/search/detail/?ITMCODE=51981720219 HTTP/1.1" 200 195342 "-" "Mozilla/5.0 (Linux; Android 6.0.1; Nexus 5X Build/MMB29P) AppleWebKit/537.36 (KHTML, like Gecko) Chrome/152.0.7977.82 Mobile Safari/537.36 (compatible; Googlebot/2.1; +http://www.google.com/bot.html)"
66.249.68.104 - - [15/Sep/2026:15:48:30 +0300] "GET /?sale/search/detail/?ITMCODE=52002922174 HTTP/1.1" 200 197380 "-" "Mozilla/5.0 (Linux; Android 6.0.1; Nexus 5X Build/MMB29P) AppleWebKit/537.36 (KHTML, like Gecko) Chrome/152.0.7977.82 Mobile Safari/537.36 (compatible; Googlebot/2.1; +http://www.google.com/bot.html)"
66.249.68.96 - - [15/Sep/2026:15:49:02 +0300] "GET /?sale/search/detail/?ITMCODE=5196587304 HTTP/1.1" 200 222102 "-" "Mozilla/5.0 (Linux; Android 6.0.1; Nexus 5X Build/MMB29P) AppleWebKit/537.36 (KHTML, like Gecko) Chrome/152.0.7977.82 Mobile Safari/537.36 (compatible; Googlebot/2.1; +http://www.google.com/bot.html)"
66.249.68.104 - - [15/Sep/2026:15:52:38 +0300] "GET /?sale/search/detail/?ITMCODE=51992316112 HTTP/1.1" 200 207691 "-" "Mozilla/5.0 (Linux; Android 6.0.1; Nexus 5X Build/MMB29P) AppleWebKit/537.36 (KHTML, like Gecko) Chrome/152.0.7977.82 Mobile Safari/537.36 (compatible; Googlebot/2.1; +http://www.google.com/bot.html)"
66.249.68.104 - - [15/Sep/2026:15:52:58 +0300] "GET /?sale/search/detail/?ITMCODE=51992246956 HTTP/1.1" 200 197306 "-" "Mozilla/5.0 (Linux; Android 6.0.1; Nexus 5X Build/MMB29P) AppleWebKit/537.36 (KHTML, like Gecko) Chrome/152.0.7977.82 Mobile Safari/537.36 (compatible; Googlebot/2.1; +http://www.google.com/bot.html)"
66.249.68.104 - - [15/Sep/2026:15:54:34 +0300] "GET /sale/search/detail/?ITMCODE=5195211368 HTTP/1.1" 200 206065 "-" "Mozilla/5.0 (Linux; Android 6.0.1; Nexus 5X Build/MMB29P) AppleWebKit/537.36 (KHTML, like Gecko) Chrome/152.0.7977.82 Mobile Safari/537.36 (compatible; Googlebot/2.1; +http://www.google.com/bot.html)"
66.249.68.104 - - [15/Sep/2026:15:54:34 +0300] "GET /sale/search/detail/?ITMCODE=5196579140 HTTP/1.1" 200 202349 "-" "Mozilla/5.0 (Linux; Android 6.0.1; Nexus 5X Build/MMB29P) AppleWebKit/537.36 (KHTML, like Gecko) Chrome/152.0.7977.82 Mobile Safari/537.36 (compatible; Googlebot/2.1; +http://www.google.com/bot.html)"
85.208.96.199 - - [15/Sep/2026:15:55:21 +0300] "GET /?sale%2Fsearch%2Fdetail%2F%3FITMCODE=519533164859 HTTP/1.1" 200 11138 "-" "Mozilla/5.0 (compatible; SemrushBot/7~bl; +http://www.semrush.com/bot.html)"
66.249.68.104 - - [15/Sep/2026:15:55:38 +0300] "GET /?sale/search/detail/?ITMCODE=5196544798 HTTP/1.1" 200 212636 "-" "Mozilla/5.0 (Linux; Android 6.0.1; Nexus 5X Build/MMB29P) AppleWebKit/537.36 (KHTML, like Gecko) Chrome/152.0.7977.82 Mobile Safari/537.36 (compatible; Googlebot/2.1; +http://www.google.com/bot.html)"
66.249.68.104 - - [15/Sep/2026:15:56:19 +0300] "GET /?sale/search/detail/?ITMCODE=52002729818 HTTP/1.1" 200 208862 "-" "Mozilla/5.0 (compatible; Googlebot/2.1; +http://www.google.com/bot.html)"
85.208.96.196 - - [15/Sep/2026:15:57:38 +0300] "GET /?sale%2Fsearch%2Fdetail%2F%3FITMCODE=51977174489 HTTP/1.1" 200 11138 "-" "Mozilla/5.0 (compatible; SemrushBot/7~bl; +http://www.semrush.com/bot.html)"
185.191.171.3 - - [15/Sep/2026:15:58:05 +0300] "GET /?sale%2Fsearch%2Fdetail%2F%3FITMCODE=519716144235 HTTP/1.1" 200 11138 "-" "Mozilla/5.0 (compatible; SemrushBot/7~bl; +http://www.semrush.com/bot.html)"
66.249.68.104 - - [15/Sep/2026:15:58:20 +0300] "GET /?sale/search/detail/?ITMCODE=5196916208 HTTP/1.1" 200 202260 "-" "Mozilla/5.0 (Linux; Android 6.0.1; Nexus 5X Build/MMB29P) AppleWebKit/537.36 (KHTML, like Gecko) Chrome/152.0.7977.82 Mobile Safari/537.36 (compatible; Googlebot/2.1; +http://www.google.com/bot.html)"
66.249.68.104 - - [15/Sep/2026:15:58:39 +0300] "GET /?sale/search/detail/?ITMCODE=52002541408 HTTP/1.1" 200 211281 "-" "Mozilla/5.0 (Linux; Android 6.0.1; Nexus 5X Build/MMB29P) AppleWebKit/537.36 (KHTML, like Gecko) Chrome/152.0.7977.82 Mobile Safari/537.36 (compatible; Googlebot/2.1; +http://www.google.com/bot.html)"
54.37.118.79 - - [15/Sep/2026:15:59:06 +0300] "GET / HTTP/1.1" 200 11138 "-" "Mozilla/5.0 (compatible; AhrefsBot/7.0; +http://ahrefs.com/robot/)"
66.249.68.105 - - [15/Sep/2026:15:59:39 +0300] "GET /?sale/search/detail/?ITMCODE=51971204717 HTTP/1.1" 200 196714 "-" "Mozilla/5.0 (Linux; Android 6.0.1; Nexus 5X Build/MMB29P) AppleWebKit/537.36 (KHTML, like Gecko) Chrome/152.0.7977.82 Mobile Safari/537.36 (compatible; Googlebot/2.1; +http://www.google.com/bot.html)"
85.208.96.197 - - [15/Sep/2026:16:00:09 +0300] "GET /?sale%2Fsearch%2Fdetail%2F%3FITMCODE=5198106509048 HTTP/1.1" 200 11138 "-" "Mozilla/5.0 (compatible; SemrushBot/7~bl; +http://www.semrush.com/bot.html)"
94.23.188.193 - - [15/Sep/2026:16:00:16 +0300] "GET /templates/resto_6/modules.js HTTP/1.1" 200 - "-" "Mozilla/5.0 (compatible; AhrefsBot/7.0; +http://ahrefs.com/robot/)"
94.23.188.192 - - [15/Sep/2026:16:00:16 +0300] "GET /templates/resto_6/script.js HTTP/1.1" 200 56744 "-" "Mozilla/5.0 (compatible; AhrefsBot/7.0; +http://ahrefs.com/robot/)"
92.222.108.97 - - [15/Sep/2026:16:00:17 +0300] "GET /media/system/js/mootools-core.js?0c2ada6fb5fac50fc7ad43b82b14eaac HTTP/1.1" 200 83893 "-" "Mozilla/5.0 (compatible; AhrefsBot/7.0; +http://ahrefs.com/robot/)"
37.59.204.131 - - [15/Sep/2026:16:00:18 +0300] "GET /templates/resto_6/script.responsive.js HTTP/1.1" 200 21136 "-" "Mozilla/5.0 (compatible; AhrefsBot/7.0; +http://ahrefs.com/robot/)"
94.23.188.205 - - [15/Sep/2026:16:00:18 +0300] "GET /media/system/js/mootools-more.js?0c2ada6fb5fac50fc7ad43b82b14eaac HTTP/1.1" 200 236825 "-" "Mozilla/5.0 (compatible; AhrefsBot/7.0; +http://ahrefs.com/robot/)"
54.37.118.77 - - [15/Sep/2026:16:00:20 +0300] "GET /media/jui/js/jquery-noconflict.js?0c2ada6fb5fac50fc7ad43b82b14eaac HTTP/1.1" 200 21 "-" "Mozilla/5.0 (compatible; AhrefsBot/7.0; +http://ahrefs.com/robot/)"
92.222.104.217 - - [15/Sep/2026:16:00:20 +0300] "GET /media/system/js/caption.js?0c2ada6fb5fac50fc7ad43b82b14eaac HTTP/1.1" 200 491 "-" "Mozilla/5.0 (compatible; AhrefsBot/7.0; +http://ahrefs.com/robot/)"
5.39.109.170 - - [15/Sep/2026:16:00:23 +0300] "GET /media/jui/js/jquery-migrate.min.js?0c2ada6fb5fac50fc7ad43b82b14eaac HTTP/1.1" 200 10056 "-" "Mozilla/5.0 (compatible; AhrefsBot/7.0; +http://ahrefs.com/robot/)"
94.23.188.213 - - [15/Sep/2026:16:00:24 +0300] "GET /templates/resto_6/jquery.js HTTP/1.1" 200 92629 "-" "Mozilla/5.0 (compatible; AhrefsBot/7.0; +http://ahrefs.com/robot/)"
5.39.1.251 - - [15/Sep/2026:16:00:25 +0300] "GET /templates/resto_6/css/template.responsive.css HTTP/1.1" 200 11640 "-" "Mozilla/5.0 (compatible; AhrefsBot/7.0; +http://ahrefs.com/robot/)"
92.222.108.104 - - [15/Sep/2026:16:00:26 +0300] "GET /media/jui/js/jquery.min.js?0c2ada6fb5fac50fc7ad43b82b14eaac HTTP/1.1" 200 97646 "-" "Mozilla/5.0 (compatible; AhrefsBot/7.0; +http://ahrefs.com/robot/)"
94.23.188.212 - - [15/Sep/2026:16:00:27 +0300] "GET /media/system/js/core.js?0c2ada6fb5fac50fc7ad43b82b14eaac HTTP/1.1" 200 8735 "-" "Mozilla/5.0 (compatible; AhrefsBot/7.0; +http://ahrefs.com/robot/)"
92.222.104.217 - - [15/Sep/2026:16:00:27 +0300] "GET /templates/resto_6/css/template.css HTTP/1.1" 200 65213 "-" "Mozilla/5.0 (compatible; AhrefsBot/7.0; +http://ahrefs.com/robot/)"
54.37.118.78 - - [15/Sep/2026:16:00:28 +0300] "GET /templates/system/css/general.css HTTP/1.1" 200 2717 "-" "Mozilla/5.0 (compatible; AhrefsBot/7.0; +http://ahrefs.com/robot/)"
51.75.236.137 - - [15/Sep/2026:16:00:28 +0300] "GET /templates/system/css/system.css HTTP/1.1" 200 881 "-" "Mozilla/5.0 (compatible; AhrefsBot/7.0; +http://ahrefs.com/robot/)"
66.249.68.104 - - [15/Sep/2026:16:01:49 +0300] "GET /?sale/search/detail/?ITMCODE=51992483905 HTTP/1.1" 200 196541 "-" "Mozilla/5.0 (Linux; Android 6.0.1; Nexus 5X Build/MMB29P) AppleWebKit/537.36 (KHTML, like Gecko) Chrome/152.0.7977.82 Mobile Safari/537.36 (compatible; Googlebot/2.1; +http://www.google.com/bot.html)"
66.249.68.104 - - [15/Sep/2026:16:02:10 +0300] "GET /?sale/search/detail/?ITMCODE=51992446351 HTTP/1.1" 200 196647 "-" "Mozilla/5.0 (Linux; Android 6.0.1; Nexus 5X Build/MMB29P) AppleWebKit/537.36 (KHTML, like Gecko) Chrome/152.0.7977.82 Mobile Safari/537.36 (compatible; Googlebot/2.1; +http://www.google.com/bot.html)"
40.77.167.1 - - [15/Sep/2026:16:02:39 +0300] "GET /shop/pg/1614 HTTP/1.1" 200 196958 "-" "Mozilla/5.0 AppleWebKit/537.36 (KHTML, like Gecko; compatible; bingbot/2.0; +http://www.bing.com/bingbot.htm) Chrome/116.0.1938.76 Safari/537.36"
66.249.68.105 - - [15/Sep/2026:16:02:39 +0300] "GET /?sale/search/detail/?ITMCODE=52002936797 HTTP/1.1" 200 210411 "-" "Mozilla/5.0 (Linux; Android 6.0.1; Nexus 5X Build/MMB29P) AppleWebKit/537.36 (KHTML, like Gecko) Chrome/152.0.7977.82 Mobile Safari/537.36 (compatible; Googlebot/2.1; +http://www.google.com/bot.html)"
66.249.68.104 - - [15/Sep/2026:16:03:40 +0300] "GET /?sale/search/detail/?ITMCODE=51971324007 HTTP/1.1" 200 202636 "-" "Mozilla/5.0 (Linux; Android 6.0.1; Nexus 5X Build/MMB29P) AppleWebKit/537.36 (KHTML, like Gecko) Chrome/152.0.7977.82 Mobile Safari/537.36 (compatible; Googlebot/2.1; +http://www.google.com/bot.html)"
66.249.68.104 - - [15/Sep/2026:16:03:53 +0300] "GET /?sale/search/detail/?ITMCODE=5196923490 HTTP/1.1" 200 201232 "-" "Mozilla/5.0 (Linux; Android 6.0.1; Nexus 5X Build/MMB29P) AppleWebKit/537.36 (KHTML, like Gecko) Chrome/152.0.7977.82 Mobile Safari/537.36 (compatible; Googlebot/2.1; +http://www.google.com/bot.html)"
85.208.96.204 - - [15/Sep/2026:16:05:07 +0300] "GET /?sale%2Fsearch%2Fdetail%2F%3FITMCODE=519699938310 HTTP/1.1" 200 11138 "-" "Mozilla/5.0 (compatible; SemrushBot/7~bl; +http://www.semrush.com/bot.html)"
185.191.171.14 - - [15/Sep/2026:16:10:07 +0300] "GET /?sale%2Fsearch%2Fdetail%2F%3FITMCODE=520029724817 HTTP/1.1" 200 11138 "-" "Mozilla/5.0 (compatible; SemrushBot/7~bl; +http://www.semrush.com/bot.html)"
90.129.217.142 - - [15/Sep/2026:16:12:44 +0300] "GET /?ved=2ahUKEwiO9pTy1PCWAxXJIRAIHfybNlMQgU96BAgbEAM HTTP/1.1" 200 11120 "https://www.google.com/" "Mozilla/5.0 (iPhone; CPU iPhone OS 26_5_0 like Mac OS X) AppleWebKit/605.1.15 (KHTML, like Gecko) GSA/437.4.973319807 Mobile/15E148 Safari/604.1"
90.129.217.142 - - [15/Sep/2026:16:12:44 +0300] "GET /plugins/content/simplepopup/simplepopup/spustyle.css HTTP/1.1" 200 529 "http://chenglong.lt/?ved=2ahUKEwiO9pTy1PCWAxXJIRAIHfybNlMQgU96BAgbEAM" "Mozilla/5.0 (iPhone; CPU iPhone OS 26_5_0 like Mac OS X) AppleWebKit/605.1.15 (KHTML, like Gecko) GSA/437.4.973319807 Mobile/15E148 Safari/604.1"
90.129.217.142 - - [15/Sep/2026:16:12:44 +0300] "GET /plugins/content/simplepopup/simplepopup/fancybox/jquery.fancybox-1.3.4.css HTTP/1.1" 200 8963 "http://chenglong.lt/?ved=2ahUKEwiO9pTy1PCWAxXJIRAIHfybNlMQgU96BAgbEAM" "Mozilla/5.0 (iPhone; CPU iPhone OS 26_5_0 like Mac OS X) AppleWebKit/605.1.15 (KHTML, like Gecko) GSA/437.4.973319807 Mobile/15E148 Safari/604.1"
90.129.217.142 - - [15/Sep/2026:16:12:44 +0300] "GET /media/jui/js/jquery-noconflict.js?0c2ada6fb5fac50fc7ad43b82b14eaac HTTP/1.1" 200 21 "http://chenglong.lt/?ved=2ahUKEwiO9pTy1PCWAxXJIRAIHfybNlMQgU96BAgbEAM" "Mozilla/5.0 (iPhone; CPU iPhone OS 26_5_0 like Mac OS X) AppleWebKit/605.1.15 (KHTML, like Gecko) GSA/437.4.973319807 Mobile/15E148 Safari/604.1"
90.129.217.142 - - [15/Sep/2026:16:12:44 +0300] "GET /plugins/system/miniteksystemmessages/assets/css/jquery.jgrowl.css HTTP/1.1" 200 2112 "http://chenglong.lt/?ved=2ahUKEwiO9pTy1PCWAxXJIRAIHfybNlMQgU96BAgbEAM" "Mozilla/5.0 (iPhone; CPU iPhone OS 26_5_0 like Mac OS X) AppleWebKit/605.1.15 (KHTML, like Gecko) GSA/437.4.973319807 Mobile/15E148 Safari/604.1"
90.129.217.142 - - [15/Sep/2026:16:12:44 +0300] "GET /plugins/content/dearflip/dflip/css/dflip.css HTTP/1.1" 200 36921 "http://chenglong.lt/?ved=2ahUKEwiO9pTy1PCWAxXJIRAIHfybNlMQgU96BAgbEAM" "Mozilla/5.0 (iPhone; CPU iPhone OS 26_5_0 like Mac OS X) AppleWebKit/605.1.15 (KHTML, like Gecko) GSA/437.4.973319807 Mobile/15E148 Safari/604.1"
90.129.217.142 - - [15/Sep/2026:16:12:44 +0300] "GET /plugins/system/miniteksystemmessages/assets/css/style.css?v=1.0.6 HTTP/1.1" 200 3576 "http://chenglong.lt/?ved=2ahUKEwiO9pTy1PCWAxXJIRAIHfybNlMQgU96BAgbEAM" "Mozilla/5.0 (iPhone; CPU iPhone OS 26_5_0 like Mac OS X) AppleWebKit/605.1.15 (KHTML, like Gecko) GSA/437.4.973319807 Mobile/15E148 Safari/604.1"
90.129.217.142 - - [15/Sep/2026:16:12:44 +0300] "GET /plugins/content/dearflip/dflip/css/themify-icons.css HTTP/1.1" 200 16417 "http://chenglong.lt/?ved=2ahUKEwiO9pTy1PCWAxXJIRAIHfybNlMQgU96BAgbEAM" "Mozilla/5.0 (iPhone; CPU iPhone OS 26_5_0 like Mac OS X) AppleWebKit/605.1.15 (KHTML, like Gecko) GSA/437.4.973319807 Mobile/15E148 Safari/604.1"
90.129.217.142 - - [15/Sep/2026:16:12:44 +0300] "GET /media/jui/js/jquery-migrate.min.js?0c2ada6fb5fac50fc7ad43b82b14eaac HTTP/1.1" 200 10056 "http://chenglong.lt/?ved=2ahUKEwiO9pTy1PCWAxXJIRAIHfybNlMQgU96BAgbEAM" "Mozilla/5.0 (iPhone; CPU iPhone OS 26_5_0 like Mac OS X) AppleWebKit/605.1.15 (KHTML, like Gecko) GSA/437.4.973319807 Mobile/15E148 Safari/604.1"
90.129.217.142 - - [15/Sep/2026:16:12:44 +0300] "GET /plugins/content/simplepopup/simplepopup/fancybox/jquery.mousewheel-3.0.4.pack.js HTTP/1.1" 200 1292 "http://chenglong.lt/?ved=2ahUKEwiO9pTy1PCWAxXJIRAIHfybNlMQgU96BAgbEAM" "Mozilla/5.0 (iPhone; CPU iPhone OS 26_5_0 like Mac OS X) AppleWebKit/605.1.15 (KHTML, like Gecko) GSA/437.4.973319807 Mobile/15E148 Safari/604.1"
90.129.217.142 - - [15/Sep/2026:16:12:44 +0300] "GET /plugins/content/simplepopup/simplepopup/fancybox/jquery.fancybox-1.3.4.patch.js HTTP/1.1" 200 18097 "http://chenglong.lt/?ved=2ahUKEwiO9pTy1PCWAxXJIRAIHfybNlMQgU96BAgbEAM" "Mozilla/5.0 (iPhone; CPU iPhone OS 26_5_0 like Mac OS X) AppleWebKit/605.1.15 (KHTML, like Gecko) GSA/437.4.973319807 Mobile/15E148 Safari/604.1"
90.129.217.142 - - [15/Sep/2026:16:12:44 +0300] "GET /media/jui/js/jquery.min.js?0c2ada6fb5fac50fc7ad43b82b14eaac HTTP/1.1" 200 97646 "http://chenglong.lt/?ved=2ahUKEwiO9pTy1PCWAxXJIRAIHfybNlMQgU96BAgbEAM" "Mozilla/5.0 (iPhone; CPU iPhone OS 26_5_0 like Mac OS X) AppleWebKit/605.1.15 (KHTML, like Gecko) GSA/437.4.973319807 Mobile/15E148 Safari/604.1"
90.129.217.142 - - [15/Sep/2026:16:12:45 +0300] "GET /media/system/js/core.js?0c2ada6fb5fac50fc7ad43b82b14eaac HTTP/1.1" 200 8735 "http://chenglong.lt/?ved=2ahUKEwiO9pTy1PCWAxXJIRAIHfybNlMQgU96BAgbEAM" "Mozilla/5.0 (iPhone; CPU iPhone OS 26_5_0 like Mac OS X) AppleWebKit/605.1.15 (KHTML, like Gecko) GSA/437.4.973319807 Mobile/15E148 Safari/604.1"
90.129.217.142 - - [15/Sep/2026:16:12:45 +0300] "GET /media/system/js/mootools-core.js?0c2ada6fb5fac50fc7ad43b82b14eaac HTTP/1.1" 200 83893 "http://chenglong.lt/?ved=2ahUKEwiO9pTy1PCWAxXJIRAIHfybNlMQgU96BAgbEAM" "Mozilla/5.0 (iPhone; CPU iPhone OS 26_5_0 like Mac OS X) AppleWebKit/605.1.15 (KHTML, like Gecko) GSA/437.4.973319807 Mobile/15E148 Safari/604.1"
90.129.217.142 - - [15/Sep/2026:16:12:45 +0300] "GET /plugins/content/dearflip/dflip/js/dflip.min.js HTTP/1.1" 200 126454 "http://chenglong.lt/?ved=2ahUKEwiO9pTy1PCWAxXJIRAIHfybNlMQgU96BAgbEAM" "Mozilla/5.0 (iPhone; CPU iPhone OS 26_5_0 like Mac OS X) AppleWebKit/605.1.15 (KHTML, like Gecko) GSA/437.4.973319807 Mobile/15E148 Safari/604.1"
90.129.217.142 - - [15/Sep/2026:16:12:45 +0300] "GET /media/system/js/mootools-more.js?0c2ada6fb5fac50fc7ad43b82b14eaac HTTP/1.1" 200 236825 "http://chenglong.lt/?ved=2ahUKEwiO9pTy1PCWAxXJIRAIHfybNlMQgU96BAgbEAM" "Mozilla/5.0 (iPhone; CPU iPhone OS 26_5_0 like Mac OS X) AppleWebKit/605.1.15 (KHTML, like Gecko) GSA/437.4.973319807 Mobile/15E148 Safari/604.1"
90.129.217.142 - - [15/Sep/2026:16:12:45 +0300] "GET /media/system/js/caption.js?0c2ada6fb5fac50fc7ad43b82b14eaac HTTP/1.1" 200 491 "http://chenglong.lt/?ved=2ahUKEwiO9pTy1PCWAxXJIRAIHfybNlMQgU96BAgbEAM" "Mozilla/5.0 (iPhone; CPU iPhone OS 26_5_0 like Mac OS X) AppleWebKit/605.1.15 (KHTML, like Gecko) GSA/437.4.973319807 Mobile/15E148 Safari/604.1"
90.129.217.142 - - [15/Sep/2026:16:12:45 +0300] "GET /plugins/system/miniteksystemmessages/assets/js/jquery.jgrowl.js HTTP/1.1" 200 16629 "http://chenglong.lt/?ved=2ahUKEwiO9pTy1PCWAxXJIRAIHfybNlMQgU96BAgbEAM" "Mozilla/5.0 (iPhone; CPU iPhone OS 26_5_0 like Mac OS X) AppleWebKit/605.1.15 (KHTML, like Gecko) GSA/437.4.973319807 Mobile/15E148 Safari/604.1"
90.129.217.142 - - [15/Sep/2026:16:12:45 +0300] "GET /plugins/system/miniteksystemmessages/assets/js/script.js?v=1.0.6 HTTP/1.1" 200 7131 "http://chenglong.lt/?ved=2ahUKEwiO9pTy1PCWAxXJIRAIHfybNlMQgU96BAgbEAM" "Mozilla/5.0 (iPhone; CPU iPhone OS 26_5_0 like Mac OS X) AppleWebKit/605.1.15 (KHTML, like Gecko) GSA/437.4.973319807 Mobile/15E148 Safari/604.1"
90.129.217.142 - - [15/Sep/2026:16:12:45 +0300] "GET /templates/system/css/system.css HTTP/1.1" 200 881 "http://chenglong.lt/?ved=2ahUKEwiO9pTy1PCWAxXJIRAIHfybNlMQgU96BAgbEAM" "Mozilla/5.0 (iPhone; CPU iPhone OS 26_5_0 like Mac OS X) AppleWebKit/605.1.15 (KHTML, like Gecko) GSA/437.4.973319807 Mobile/15E148 Safari/604.1"
90.129.217.142 - - [15/Sep/2026:16:12:45 +0300] "GET /templates/system/css/general.css HTTP/1.1" 200 2717 "http://chenglong.lt/?ved=2ahUKEwiO9pTy1PCWAxXJIRAIHfybNlMQgU96BAgbEAM" "Mozilla/5.0 (iPhone; CPU iPhone OS 26_5_0 like Mac OS X) AppleWebKit/605.1.15 (KHTML, like Gecko) GSA/437.4.973319807 Mobile/15E148 Safari/604.1"
90.129.217.142 - - [15/Sep/2026:16:12:45 +0300] "GET /templates/resto_6/script.js HTTP/1.1" 200 56744 "http://chenglong.lt/?ved=2ahUKEwiO9pTy1PCWAxXJIRAIHfybNlMQgU96BAgbEAM" "Mozilla/5.0 (iPhone; CPU iPhone OS 26_5_0 like Mac OS X) AppleWebKit/605.1.15 (KHTML, like Gecko) GSA/437.4.973319807 Mobile/15E148 Safari/604.1"
90.129.217.142 - - [15/Sep/2026:16:12:45 +0300] "GET /templates/resto_6/css/template.responsive.css HTTP/1.1" 200 11640 "http://chenglong.lt/?ved=2ahUKEwiO9pTy1PCWAxXJIRAIHfybNlMQgU96BAgbEAM" "Mozilla/5.0 (iPhone; CPU iPhone OS 26_5_0 like Mac OS X) AppleWebKit/605.1.15 (KHTML, like Gecko) GSA/437.4.973319807 Mobile/15E148 Safari/604.1"
90.129.217.142 - - [15/Sep/2026:16:12:45 +0300] "GET /templates/resto_6/css/template.css HTTP/1.1" 200 65213 "http://chenglong.lt/?ved=2ahUKEwiO9pTy1PCWAxXJIRAIHfybNlMQgU96BAgbEAM" "Mozilla/5.0 (iPhone; CPU iPhone OS 26_5_0 like Mac OS X) AppleWebKit/605.1.15 (KHTML, like Gecko) GSA/437.4.973319807 Mobile/15E148 Safari/604.1"
90.129.217.142 - - [15/Sep/2026:16:12:45 +0300] "GET /templates/resto_6/jquery.js HTTP/1.1" 200 92629 "http://chenglong.lt/?ved=2ahUKEwiO9pTy1PCWAxXJIRAIHfybNlMQgU96BAgbEAM" "Mozilla/5.0 (iPhone; CPU iPhone OS 26_5_0 like Mac OS X) AppleWebKit/605.1.15 (KHTML, like Gecko) GSA/437.4.973319807 Mobile/15E148 Safari/604.1"
90.129.217.142 - - [15/Sep/2026:16:12:45 +0300] "GET /templates/resto_6/script.responsive.js HTTP/1.1" 200 21136 "http://chenglong.lt/?ved=2ahUKEwiO9pTy1PCWAxXJIRAIHfybNlMQgU96BAgbEAM" "Mozilla/5.0 (iPhone; CPU iPhone OS 26_5_0 like Mac OS X) AppleWebKit/605.1.15 (KHTML, like Gecko) GSA/437.4.973319807 Mobile/15E148 Safari/604.1"
90.129.217.142 - - [15/Sep/2026:16:12:45 +0300] "GET /templates/resto_6/modules.js HTTP/1.1" 200 - "http://chenglong.lt/?ved=2ahUKEwiO9pTy1PCWAxXJIRAIHfybNlMQgU96BAgbEAM" "Mozilla/5.0 (iPhone; CPU iPhone OS 26_5_0 like Mac OS X) AppleWebKit/605.1.15 (KHTML, like Gecko) GSA/437.4.973319807 Mobile/15E148 Safari/604.1"
90.129.217.142 - - [15/Sep/2026:16:12:45 +0300] "GET /media/system/css/system.css HTTP/1.1" 200 1433 "http://chenglong.lt/?ved=2ahUKEwiO9pTy1PCWAxXJIRAIHfybNlMQgU96BAgbEAM" "Mozilla/5.0 (iPhone; CPU iPhone OS 26_5_0 like Mac OS X) AppleWebKit/605.1.15 (KHTML, like Gecko) GSA/437.4.973319807 Mobile/15E148 Safari/604.1"
90.129.217.142 - - [15/Sep/2026:16:12:45 +0300] "GET /images/logo.png HTTP/1.1" 200 30174 "http://chenglong.lt/?ved=2ahUKEwiO9pTy1PCWAxXJIRAIHfybNlMQgU96BAgbEAM" "Mozilla/5.0 (iPhone; CPU iPhone OS 26_5_0 like Mac OS X) AppleWebKit/605.1.15 (KHTML, like Gecko) GSA/437.4.973319807 Mobile/15E148 Safari/604.1"
90.129.217.142 - - [15/Sep/2026:16:12:45 +0300] "GET /images/logo_dark_small.png HTTP/1.1" 200 164696 "http://chenglong.lt/?ved=2ahUKEwiO9pTy1PCWAxXJIRAIHfybNlMQgU96BAgbEAM" "Mozilla/5.0 (iPhone; CPU iPhone OS 26_5_0 like Mac OS X) AppleWebKit/605.1.15 (KHTML, like Gecko) GSA/437.4.973319807 Mobile/15E148 Safari/604.1"
90.129.217.142 - - [15/Sep/2026:16:12:45 +0300] "GET /plugins/content/simplepopup/simplepopup/fancybox/fancybox-y.png HTTP/1.1" 200 176 "http://chenglong.lt/?ved=2ahUKEwiO9pTy1PCWAxXJIRAIHfybNlMQgU96BAgbEAM" "Mozilla/5.0 (iPhone; CPU iPhone OS 26_5_0 like Mac OS X) AppleWebKit/605.1.15 (KHTML, like Gecko) GSA/437.4.973319807 Mobile/15E148 Safari/604.1"
90.129.217.142 - - [15/Sep/2026:16:12:45 +0300] "GET /images/powered.png HTTP/1.1" 200 5403 "http://chenglong.lt/?ved=2ahUKEwiO9pTy1PCWAxXJIRAIHfybNlMQgU96BAgbEAM" "Mozilla/5.0 (iPhone; CPU iPhone OS 26_5_0 like Mac OS X) AppleWebKit/605.1.15 (KHTML, like Gecko) GSA/437.4.973319807 Mobile/15E148 Safari/604.1"
90.129.217.142 - - [15/Sep/2026:16:12:45 +0300] "GET /plugins/content/simplepopup/simplepopup/fancybox/fancybox.png HTTP/1.1" 200 15287 "http://chenglong.lt/?ved=2ahUKEwiO9pTy1PCWAxXJIRAIHfybNlMQgU96BAgbEAM" "Mozilla/5.0 (iPhone; CPU iPhone OS 26_5_0 like Mac OS X) AppleWebKit/605.1.15 (KHTML, like Gecko) GSA/437.4.973319807 Mobile/15E148 Safari/604.1"
90.129.217.142 - - [15/Sep/2026:16:12:45 +0300] "GET /plugins/content/simplepopup/simplepopup/fancybox/fancybox-x.png HTTP/1.1" 200 203 "http://chenglong.lt/?ved=2ahUKEwiO9pTy1PCWAxXJIRAIHfybNlMQgU96BAgbEAM" "Mozilla/5.0 (iPhone; CPU iPhone OS 26_5_0 like Mac OS X) AppleWebKit/605.1.15 (KHTML, like Gecko) GSA/437.4.973319807 Mobile/15E148 Safari/604.1"
90.129.217.142 - - [15/Sep/2026:16:12:45 +0300] "GET /templates/resto_6/images/header.png HTTP/1.1" 200 752 "http://chenglong.lt/?ved=2ahUKEwiO9pTy1PCWAxXJIRAIHfybNlMQgU96BAgbEAM" "Mozilla/5.0 (iPhone; CPU iPhone OS 26_5_0 like Mac OS X) AppleWebKit/605.1.15 (KHTML, like Gecko) GSA/437.4.973319807 Mobile/15E148 Safari/604.1"
90.129.217.142 - - [15/Sep/2026:16:12:45 +0300] "GET /templates/resto_6/images/page.jpeg HTTP/1.1" 200 816967 "http://chenglong.lt/?ved=2ahUKEwiO9pTy1PCWAxXJIRAIHfybNlMQgU96BAgbEAM" "Mozilla/5.0 (iPhone; CPU iPhone OS 26_5_0 like Mac OS X) AppleWebKit/605.1.15 (KHTML, like Gecko) GSA/437.4.973319807 Mobile/15E148 Safari/604.1"
185.191.171.4 - - [15/Sep/2026:16:16:06 +0300] "GET /?sale%2Fsearch%2Fdetail%2F%3FITMCODE=51992496429 HTTP/1.1" 200 11138 "-" "Mozilla/5.0 (compatible; SemrushBot/7~bl; +http://www.semrush.com/bot.html)"
66.249.68.104 - - [15/Sep/2026:16:22:20 +0300] "GET /?sale/search/detail/?ITMCODE=51981647609 HTTP/1.1" 200 202921 "-" "Mozilla/5.0 (Linux; Android 6.0.1; Nexus 5X Build/MMB29P) AppleWebKit/537.36 (KHTML, like Gecko) Chrome/152.0.7977.82 Mobile Safari/537.36 (compatible; Googlebot/2.1; +http://www.google.com/bot.html)"
66.249.68.104 - - [15/Sep/2026:16:23:20 +0300] "GET /?sale/search/detail/?ITMCODE=5196613537 HTTP/1.1" 200 207432 "-" "Mozilla/5.0 (Linux; Android 6.0.1; Nexus 5X Build/MMB29P) AppleWebKit/537.36 (KHTML, like Gecko) Chrome/152.0.7977.82 Mobile Safari/537.36 (compatible; Googlebot/2.1; +http://www.google.com/bot.html)"
185.191.171.7 - - [15/Sep/2026:16:23:39 +0300] "GET /?sale%2Fsearch%2Fdetail%2F%3FITMCODE=520011740397 HTTP/1.1" 200 11138 "-" "Mozilla/5.0 (compatible; SemrushBot/7~bl; +http://www.semrush.com/bot.html)"
66.249.68.96 - - [15/Sep/2026:16:23:48 +0300] "GET /?sale/search/detail/?ITMCODE=519567706 HTTP/1.1" 200 199850 "-" "Mozilla/5.0 (Linux; Android 6.0.1; Nexus 5X Build/MMB29P) AppleWebKit/537.36 (KHTML, like Gecko) Chrome/152.0.7977.82 Mobile Safari/537.36 (compatible; Googlebot/2.1; +http://www.google.com/bot.html)"
66.249.68.105 - - [15/Sep/2026:16:24:18 +0300] "GET /?sale/search/detail/?ITMCODE=51981501960 HTTP/1.1" 200 215233 "-" "Mozilla/5.0 (Linux; Android 6.0.1; Nexus 5X Build/MMB29P) AppleWebKit/537.36 (KHTML, like Gecko) Chrome/152.0.7977.82 Mobile Safari/537.36 (compatible; Googlebot/2.1; +http://www.google.com/bot.html)"
66.249.68.104 - - [15/Sep/2026:16:26:15 +0300] "GET /?sale/search/detail/?ITMCODE=52002851862 HTTP/1.1" 200 199471 "-" "Mozilla/5.0 (Linux; Android 6.0.1; Nexus 5X Build/MMB29P) AppleWebKit/537.36 (KHTML, like Gecko) Chrome/152.0.7977.82 Mobile Safari/537.36 (compatible; Googlebot/2.1; +http://www.google.com/bot.html)"
66.249.68.105 - - [15/Sep/2026:16:27:23 +0300] "GET /?sale/search/detail/?ITMCODE=51981536143 HTTP/1.1" 200 223621 "-" "Mozilla/5.0 (Linux; Android 6.0.1; Nexus 5X Build/MMB29P) AppleWebKit/537.36 (KHTML, like Gecko) Chrome/152.0.7977.82 Mobile Safari/537.36 (compatible; Googlebot/2.1; +http://www.google.com/bot.html)"
66.249.68.104 - - [15/Sep/2026:16:27:34 +0300] "GET /?sale/search/detail/?ITMCODE=51981601138 HTTP/1.1" 200 197060 "-" "Mozilla/5.0 (Linux; Android 6.0.1; Nexus 5X Build/MMB29P) AppleWebKit/537.36 (KHTML, like Gecko) Chrome/152.0.7977.82 Mobile Safari/537.36 (compatible; Googlebot/2.1; +http://www.google.com/bot.html)"
85.208.96.206 - - [15/Sep/2026:16:27:59 +0300] "GET /robots.txt HTTP/1.1" 200 836 "-" "Mozilla/5.0 (compatible; SemrushBot/7~bl; +http://www.semrush.com/bot.html)"
85.208.96.205 - - [15/Sep/2026:16:27:59 +0300] "GET /?sale%2Fsearch%2Fdetail%2F%3FITMCODE=51984814047 HTTP/1.1" 200 11138 "-" "Mozilla/5.0 (compatible; SemrushBot/7~bl; +http://www.semrush.com/bot.html)"
66.249.68.104 - - [15/Sep/2026:16:29:10 +0300] "GET /?sale/search/detail/?ITMCODE=51971180492 HTTP/1.1" 200 198594 "-" "Mozilla/5.0 (Linux; Android 6.0.1; Nexus 5X Build/MMB29P) AppleWebKit/537.36 (KHTML, like Gecko) Chrome/152.0.7977.82 Mobile Safari/537.36 (compatible; Googlebot/2.1; +http://www.google.com/bot.html)"
66.249.68.105 - - [15/Sep/2026:16:29:58 +0300] "GET /?sale/search/detail/?ITMCODE=51971239244 HTTP/1.1" 200 199240 "-" "Mozilla/5.0 (Linux; Android 6.0.1; Nexus 5X Build/MMB29P) AppleWebKit/537.36 (KHTML, like Gecko) Chrome/152.0.7977.82 Mobile Safari/537.36 (compatible; Googlebot/2.1; +http://www.google.com/bot.html)"
85.208.96.203 - - [15/Sep/2026:16:31:43 +0300] "GET /?sale%2Fsearch%2Fdetail%2F%3FITMCODE=5195105130535 HTTP/1.1" 200 11138 "-" "Mozilla/5.0 (compatible; SemrushBot/7~bl; +http://www.semrush.com/bot.html)"
51.68.107.154 - - [15/Sep/2026:16:31:46 +0300] "GET /robots.txt HTTP/1.1" 200 836 "-" "Mozilla/5.0 (compatible; MJ12bot/v2.0.5; http://mj12bot.com/)"
51.68.107.154 - - [15/Sep/2026:16:31:46 +0300] "GET /index.php?sale/search/detail/%3FITMCODE=5196993019 HTTP/1.1" 200 11127 "-" "Mozilla/5.0 (compatible; MJ12bot/v2.0.5; http://mj12bot.com/)"
85.208.96.210 - - [15/Sep/2026:16:36:02 +0300] "GET /?sale%2Fsearch%2Fdetail%2F%3FITMCODE=5199104047695 HTTP/1.1" 200 11138 "-" "Mozilla/5.0 (compatible; SemrushBot/7~bl; +http://www.semrush.com/bot.html)"
66.249.68.104 - - [15/Sep/2026:16:36:45 +0300] "GET /?sale/search/detail/?ITMCODE=519521349 HTTP/1.1" 200 221156 "-" "Mozilla/5.0 (Linux; Android 6.0.1; Nexus 5X Build/MMB29P) AppleWebKit/537.36 (KHTML, like Gecko) Chrome/152.0.7977.82 Mobile Safari/537.36 (compatible; Googlebot/2.1; +http://www.google.com/bot.html)"
66.249.68.105 - - [15/Sep/2026:16:36:58 +0300] "GET /?sale/search/detail/?ITMCODE=51981733711 HTTP/1.1" 200 199206 "-" "Mozilla/5.0 (Linux; Android 6.0.1; Nexus 5X Build/MMB29P) AppleWebKit/537.36 (KHTML, like Gecko) Chrome/152.0.7977.82 Mobile Safari/537.36 (compatible; Googlebot/2.1; +http://www.google.com/bot.html)"
66.249.68.104 - - [15/Sep/2026:16:37:47 +0300] "GET /?sale/search/detail/?ITMCODE=5195225541 HTTP/1.1" 200 222893 "-" "Mozilla/5.0 (Linux; Android 6.0.1; Nexus 5X Build/MMB29P) AppleWebKit/537.36 (KHTML, like Gecko) Chrome/152.0.7977.82 Mobile Safari/537.36 (compatible; Googlebot/2.1; +http://www.google.com/bot.html)"
66.249.68.104 - - [15/Sep/2026:16:38:07 +0300] "GET /?sale/search/detail/?ITMCODE=5195163838 HTTP/1.1" 200 200671 "-" "Mozilla/5.0 (Linux; Android 6.0.1; Nexus 5X Build/MMB29P) AppleWebKit/537.36 (KHTML, like Gecko) Chrome/152.0.7977.82 Mobile Safari/537.36 (compatible; Googlebot/2.1; +http://www.google.com/bot.html)"
66.249.68.104 - - [15/Sep/2026:16:38:26 +0300] "GET /?sale/search/detail/?ITMCODE=52002982871 HTTP/1.1" 200 198014 "-" "Mozilla/5.0 (Linux; Android 6.0.1; Nexus 5X Build/MMB29P) AppleWebKit/537.36 (KHTML, like Gecko) Chrome/152.0.7977.82 Mobile Safari/537.36 (compatible; Googlebot/2.1; +http://www.google.com/bot.html)"
66.249.68.105 - - [15/Sep/2026:16:39:27 +0300] "GET /?sale/search/detail/?ITMCODE=51971475685 HTTP/1.1" 200 200552 "-" "Mozilla/5.0 (Linux; Android 6.0.1; Nexus 5X Build/MMB29P) AppleWebKit/537.36 (KHTML, like Gecko) Chrome/152.0.7977.82 Mobile Safari/537.36 (compatible; Googlebot/2.1; +http://www.google.com/bot.html)"
66.249.68.104 - - [15/Sep/2026:16:43:22 +0300] "GET /?sale/search/detail/?ITMCODE=51971166842 HTTP/1.1" 200 195367 "-" "Mozilla/5.0 (Linux; Android 6.0.1; Nexus 5X Build/MMB29P) AppleWebKit/537.36 (KHTML, like Gecko) Chrome/152.0.7977.82 Mobile Safari/537.36 (compatible; Googlebot/2.1; +http://www.google.com/bot.html)"
66.249.68.104 - - [15/Sep/2026:16:44:09 +0300] "GET /sale/search/detail/?ITMCODE=5195243288 HTTP/1.1" 200 198423 "-" "Mozilla/5.0 (Linux; Android 6.0.1; Nexus 5X Build/MMB29P) AppleWebKit/537.36 (KHTML, like Gecko) Chrome/152.0.7977.82 Mobile Safari/537.36 (compatible; Googlebot/2.1; +http://www.google.com/bot.html)"
66.249.68.104 - - [15/Sep/2026:16:48:34 +0300] "GET /?sale/search/detail/?ITMCODE=51992176242 HTTP/1.1" 200 198533 "-" "Mozilla/5.0 (Linux; Android 6.0.1; Nexus 5X Build/MMB29P) AppleWebKit/537.36 (KHTML, like Gecko) Chrome/152.0.7977.82 Mobile Safari/537.36 (compatible; Googlebot/2.1; +http://www.google.com/bot.html)"
66.249.68.105 - - [15/Sep/2026:16:49:21 +0300] "GET /?sale/search/detail/?ITMCODE=51981684881 HTTP/1.1" 200 196906 "-" "Mozilla/5.0 (Linux; Android 6.0.1; Nexus 5X Build/MMB29P) AppleWebKit/537.36 (KHTML, like Gecko) Chrome/152.0.7977.82 Mobile Safari/537.36 (compatible; Googlebot/2.1; +http://www.google.com/bot.html)"
66.249.68.104 - - [15/Sep/2026:16:49:26 +0300] "GET /?sale/search/detail/?ITMCODE=5196839183 HTTP/1.1" 200 204393 "-" "Mozilla/5.0 (Linux; Android 6.0.1; Nexus 5X Build/MMB29P) AppleWebKit/537.36 (KHTML, like Gecko) Chrome/152.0.7977.82 Mobile Safari/537.36 (compatible; Googlebot/2.1; +http://www.google.com/bot.html)"
66.249.68.104 - - [15/Sep/2026:16:50:02 +0300] "GET /?sale/search/detail/?ITMCODE=51971166744 HTTP/1.1" 200 195127 "-" "Mozilla/5.0 (Linux; Android 6.0.1; Nexus 5X Build/MMB29P) AppleWebKit/537.36 (KHTML, like Gecko) Chrome/152.0.7977.82 Mobile Safari/537.36 (compatible; Googlebot/2.1; +http://www.google.com/bot.html)"
66.249.68.104 - - [15/Sep/2026:16:52:46 +0300] "GET /?sale/search/detail/?ITMCODE=52002781998 HTTP/1.1" 200 215584 "-" "Mozilla/5.0 (Linux; Android 6.0.1; Nexus 5X Build/MMB29P) AppleWebKit/537.36 (KHTML, like Gecko) Chrome/152.0.7977.82 Mobile Safari/537.36 (compatible; Googlebot/2.1; +http://www.google.com/bot.html)"
66.249.68.104 - - [15/Sep/2026:16:53:00 +0300] "GET /?sale/search/detail/?ITMCODE=52002722020 HTTP/1.1" 200 199709 "-" "Mozilla/5.0 (Linux; Android 6.0.1; Nexus 5X Build/MMB29P) AppleWebKit/537.36 (KHTML, like Gecko) Chrome/152.0.7977.82 Mobile Safari/537.36 (compatible; Googlebot/2.1; +http://www.google.com/bot.html)"
66.249.68.105 - - [15/Sep/2026:16:53:54 +0300] "GET /?sale/search/detail/?ITMCODE=51971022503 HTTP/1.1" 200 203312 "-" "Mozilla/5.0 (Linux; Android 6.0.1; Nexus 5X Build/MMB29P) AppleWebKit/537.36 (KHTML, like Gecko) Chrome/152.0.7977.82 Mobile Safari/537.36 (compatible; Googlebot/2.1; +http://www.google.com/bot.html)"
85.208.96.197 - - [15/Sep/2026:16:54:01 +0300] "GET /?sale%2Fsearch%2Fdetail%2F%3FITMCODE=52005639449 HTTP/1.1" 200 11138 "-" "Mozilla/5.0 (compatible; SemrushBot/7~bl; +http://www.semrush.com/bot.html)"
66.249.68.105 - - [15/Sep/2026:16:54:07 +0300] "GET /?sale/search/detail/?ITMCODE=5195378550 HTTP/1.1" 200 199005 "-" "Mozilla/5.0 (Linux; Android 6.0.1; Nexus 5X Build/MMB29P) AppleWebKit/537.36 (KHTML, like Gecko) Chrome/152.0.7977.82 Mobile Safari/537.36 (compatible; Googlebot/2.1; +http://www.google.com/bot.html)"
185.191.171.15 - - [15/Sep/2026:16:57:52 +0300] "GET /?sale%2Fsearch%2Fdetail%2F%3FITMCODE=5196783504 HTTP/1.1" 200 11138 "-" "Mozilla/5.0 (compatible; SemrushBot/7~bl; +http://www.semrush.com/bot.html)"
85.208.96.207 - - [15/Sep/2026:16:58:52 +0300] "GET /?sale%2Fsearch%2Fdetail%2F%3FITMCODE=519728491053 HTTP/1.1" 200 11138 "-" "Mozilla/5.0 (compatible; SemrushBot/7~bl; +http://www.semrush.com/bot.html)"
66.249.68.104 - - [15/Sep/2026:16:59:50 +0300] "GET /?sale/search/detail/?ITMCODE=5196902316 HTTP/1.1" 200 213397 "-" "Mozilla/5.0 (Linux; Android 6.0.1; Nexus 5X Build/MMB29P) AppleWebKit/537.36 (KHTML, like Gecko) Chrome/152.0.7977.82 Mobile Safari/537.36 (compatible; Googlebot/2.1; +http://www.google.com/bot.html)"
66.249.68.104 - - [15/Sep/2026:17:00:34 +0300] "GET /?sale/search/detail/?ITMCODE=51992401502 HTTP/1.1" 200 194819 "-" "Mozilla/5.0 (Linux; Android 6.0.1; Nexus 5X Build/MMB29P) AppleWebKit/537.36 (KHTML, like Gecko) Chrome/152.0.7977.82 Mobile Safari/537.36 (compatible; Googlebot/2.1; +http://www.google.com/bot.html)"
207.46.13.150 - - [15/Sep/2026:17:02:22 +0300] "GET /shop/pg/5196727009 HTTP/1.1" 200 193910 "-" "Mozilla/5.0 AppleWebKit/537.36 (KHTML, like Gecko; compatible; bingbot/2.0; +http://www.bing.com/bingbot.htm) Chrome/116.0.1938.76 Safari/537.36"
66.249.68.104 - - [15/Sep/2026:17:04:52 +0300] "GET /?sale/search/detail/?ITMCODE=51992225934 HTTP/1.1" 200 198341 "-" "Mozilla/5.0 (Linux; Android 6.0.1; Nexus 5X Build/MMB29P) AppleWebKit/537.36 (KHTML, like Gecko) Chrome/152.0.7977.82 Mobile Safari/537.36 (compatible; Googlebot/2.1; +http://www.google.com/bot.html)"
207.46.13.150 - - [15/Sep/2026:17:05:40 +0300] "GET /shop/pg/5196999060 HTTP/1.1" 200 194241 "-" "Mozilla/5.0 AppleWebKit/537.36 (KHTML, like Gecko; compatible; bingbot/2.0; +http://www.bing.com/bingbot.htm) Chrome/116.0.1938.76 Safari/537.36"
66.249.68.104 - - [15/Sep/2026:17:08:33 +0300] "GET /?sale/search/detail/?ITMCODE=51981502126 HTTP/1.1" 200 205653 "-" "Mozilla/5.0 (Linux; Android 6.0.1; Nexus 5X Build/MMB29P) AppleWebKit/537.36 (KHTML, like Gecko) Chrome/152.0.7977.82 Mobile Safari/537.36 (compatible; Googlebot/2.1; +http://www.google.com/bot.html)"
66.249.68.105 - - [15/Sep/2026:17:09:01 +0300] "GET /?sale/search/detail/?ITMCODE=52002537789 HTTP/1.1" 200 227364 "-" "Mozilla/5.0 (Linux; Android 6.0.1; Nexus 5X Build/MMB29P) AppleWebKit/537.36 (KHTML, like Gecko) Chrome/152.0.7977.82 Mobile Safari/537.36 (compatible; Googlebot/2.1; +http://www.google.com/bot.html)"
66.249.68.105 - - [15/Sep/2026:17:09:03 +0300] "GET /?sale/search/detail/?ITMCODE=51971252307 HTTP/1.1" 200 195542 "-" "Mozilla/5.0 (Linux; Android 6.0.1; Nexus 5X Build/MMB29P) AppleWebKit/537.36 (KHTML, like Gecko) Chrome/152.0.7977.82 Mobile Safari/537.36 (compatible; Googlebot/2.1; +http://www.google.com/bot.html)"
66.249.68.105 - - [15/Sep/2026:17:11:11 +0300] "GET /?sale/search/detail/?ITMCODE=5196841013 HTTP/1.1" 200 217078 "-" "Mozilla/5.0 (Linux; Android 6.0.1; Nexus 5X Build/MMB29P) AppleWebKit/537.36 (KHTML, like Gecko) Chrome/152.0.7977.82 Mobile Safari/537.36 (compatible; Googlebot/2.1; +http://www.google.com/bot.html)"
47.128.114.111 - - [15/Sep/2026:17:12:26 +0300] "GET /robots.txt HTTP/1.1" 200 836 "-" "Mozilla/5.0 (iPhone; CPU iPhone OS 7_1_2 like Mac OS X) AppleWebKit/537.36 (KHTML, like Gecko) Version/7.0 Mobile Safari/537.36 (compatible; Bytespider; https://bytedance.sg.larkoffice.com/docx/K5bxdypulop3IIxrJb0lOjLVgFe)"
66.249.68.104 - - [15/Sep/2026:17:13:04 +0300] "GET /?sale/search/detail/?ITMCODE=51971096618 HTTP/1.1" 200 194662 "-" "Mozilla/5.0 (Linux; Android 6.0.1; Nexus 5X Build/MMB29P) AppleWebKit/537.36 (KHTML, like Gecko) Chrome/152.0.7977.82 Mobile Safari/537.36 (compatible; Googlebot/2.1; +http://www.google.com/bot.html)"
47.128.57.126 - - [15/Sep/2026:17:13:37 +0300] "GET /robots.txt HTTP/1.1" 200 836 "-" "Mozilla/5.0 (iPhone; CPU iPhone OS 7_1_2 like Mac OS X) AppleWebKit/537.36 (KHTML, like Gecko) Version/7.0 Mobile Safari/537.36 (compatible; Bytespider; https://bytedance.sg.larkoffice.com/docx/K5bxdypulop3IIxrJb0lOjLVgFe)"
66.249.68.104 - - [15/Sep/2026:17:13:42 +0300] "GET /?sale/search/detail/?ITMCODE=51992479835 HTTP/1.1" 200 208050 "-" "Mozilla/5.0 (Linux; Android 6.0.1; Nexus 5X Build/MMB29P) AppleWebKit/537.36 (KHTML, like Gecko) Chrome/152.0.7977.82 Mobile Safari/537.36 (compatible; Googlebot/2.1; +http://www.google.com/bot.html)"
66.249.68.104 - - [15/Sep/2026:17:13:43 +0300] "GET /?sale/search/detail/?ITMCODE=51971048982 HTTP/1.1" 200 196191 "-" "Mozilla/5.0 (Linux; Android 6.0.1; Nexus 5X Build/MMB29P) AppleWebKit/537.36 (KHTML, like Gecko) Chrome/152.0.7977.82 Mobile Safari/537.36 (compatible; Googlebot/2.1; +http://www.google.com/bot.html)"
66.249.68.104 - - [15/Sep/2026:17:15:03 +0300] "GET /?sale/search/detail/?ITMCODE=51992335444 HTTP/1.1" 200 212609 "-" "Mozilla/5.0 (Linux; Android 6.0.1; Nexus 5X Build/MMB29P) AppleWebKit/537.36 (KHTML, like Gecko) Chrome/152.0.7977.82 Mobile Safari/537.36 (compatible; Googlebot/2.1; +http://www.google.com/bot.html)"
85.208.96.211 - - [15/Sep/2026:17:15:37 +0300] "GET /?sale%2Fsearch%2Fdetail%2F%3FITMCODE=519810734616 HTTP/1.1" 200 11138 "-" "Mozilla/5.0 (compatible; SemrushBot/7~bl; +http://www.semrush.com/bot.html)"
66.249.68.104 - - [15/Sep/2026:17:16:59 +0300] "GET /?sale/search/detail/?ITMCODE=5195213561 HTTP/1.1" 200 225490 "-" "Mozilla/5.0 (Linux; Android 6.0.1; Nexus 5X Build/MMB29P) AppleWebKit/537.36 (KHTML, like Gecko) Chrome/152.0.7977.82 Mobile Safari/537.36 (compatible; Googlebot/2.1; +http://www.google.com/bot.html)"
198.235.24.209 - - [15/Sep/2026:17:17:52 +0300] "GET / HTTP/1.1" 200 11118 "-" "Hello from Palo Alto Networks, find out more about our scans in https://docs-cortex.paloaltonetworks.com/r/1/Cortex-Xpanse/Scanning-activity"
66.249.68.105 - - [15/Sep/2026:17:19:05 +0300] "GET /?sale/search/detail/?ITMCODE=5196643550 HTTP/1.1" 200 193830 "-" "Mozilla/5.0 (Linux; Android 6.0.1; Nexus 5X Build/MMB29P) AppleWebKit/537.36 (KHTML, like Gecko) Chrome/152.0.7977.82 Mobile Safari/537.36 (compatible; Googlebot/2.1; +http://www.google.com/bot.html)"
66.249.68.104 - - [15/Sep/2026:17:23:35 +0300] "GET /?sale/search/detail/?ITMCODE=51981730079 HTTP/1.1" 200 194101 "-" "Mozilla/5.0 (Linux; Android 6.0.1; Nexus 5X Build/MMB29P) AppleWebKit/537.36 (KHTML, like Gecko) Chrome/152.0.7977.82 Mobile Safari/537.36 (compatible; Googlebot/2.1; +http://www.google.com/bot.html)"
66.249.68.104 - - [15/Sep/2026:17:23:53 +0300] "GET /?sale/search/detail/?ITMCODE=52002808375 HTTP/1.1" 200 203607 "-" "Mozilla/5.0 (Linux; Android 6.0.1; Nexus 5X Build/MMB29P) AppleWebKit/537.36 (KHTML, like Gecko) Chrome/152.0.7977.82 Mobile Safari/537.36 (compatible; Googlebot/2.1; +http://www.google.com/bot.html)"
66.249.68.96 - - [15/Sep/2026:17:25:23 +0300] "GET /?sale/search/detail/?ITMCODE=51992188362 HTTP/1.1" 200 204271 "-" "Mozilla/5.0 (Linux; Android 6.0.1; Nexus 5X Build/MMB29P) AppleWebKit/537.36 (KHTML, like Gecko) Chrome/152.0.7977.82 Mobile Safari/537.36 (compatible; Googlebot/2.1; +http://www.google.com/bot.html)"
66.249.68.105 - - [15/Sep/2026:17:26:28 +0300] "GET /?sale/search/detail/?ITMCODE=5195276177 HTTP/1.1" 200 197533 "-" "Mozilla/5.0 (compatible; Googlebot/2.1; +http://www.google.com/bot.html)"
66.249.68.104 - - [15/Sep/2026:17:27:02 +0300] "GET /?sale/search/detail/?ITMCODE=51971377493 HTTP/1.1" 200 205404 "-" "Mozilla/5.0 (Linux; Android 6.0.1; Nexus 5X Build/MMB29P) AppleWebKit/537.36 (KHTML, like Gecko) Chrome/152.0.7977.82 Mobile Safari/537.36 (compatible; Googlebot/2.1; +http://www.google.com/bot.html)"
66.249.68.104 - - [15/Sep/2026:17:27:53 +0300] "GET /?sale/search/detail/?ITMCODE=5195179594 HTTP/1.1" 200 201251 "-" "Mozilla/5.0 (Linux; Android 6.0.1; Nexus 5X Build/MMB29P) AppleWebKit/537.36 (KHTML, like Gecko) Chrome/152.0.7977.82 Mobile Safari/537.36 (compatible; Googlebot/2.1; +http://www.google.com/bot.html)"
207.46.13.52 - - [15/Sep/2026:17:28:10 +0300] "GET /sale/search/detail/?ITMCODE=52002882180 HTTP/1.1" 200 222756 "-" "Mozilla/5.0 AppleWebKit/537.36 (KHTML, like Gecko; compatible; bingbot/2.0; +http://www.bing.com/bingbot.htm) Chrome/116.0.1938.76 Safari/537.36"
157.55.39.195 - - [15/Sep/2026:17:31:36 +0300] "GET /shop/pg/927642 HTTP/1.1" 200 195790 "-" "Mozilla/5.0 AppleWebKit/537.36 (KHTML, like Gecko; compatible; bingbot/2.0; +http://www.bing.com/bingbot.htm) Chrome/116.0.1938.76 Safari/537.36"
43.159.141.150 - - [15/Sep/2026:17:34:01 +0300] "GET / HTTP/1.1" 200 11120 "-" "Mozilla/5.0 (iPhone; CPU iPhone OS 13_2_3 like Mac OS X) AppleWebKit/605.1.15 (KHTML, like Gecko) Version/13.0.3 Mobile/15E148 Safari/604.1"
54.39.89.96 - - [15/Sep/2026:17:34:49 +0300] "GET /robots.txt HTTP/1.1" 200 836 "-" "Mozilla/5.0 (compatible; AhrefsBot/7.0; +http://ahrefs.com/robot/)"
51.89.74.207 - - [15/Sep/2026:17:34:50 +0300] "GET /index.php HTTP/1.1" 200 11127 "-" "Mozilla/5.0 (compatible; AhrefsBot/7.0; +http://ahrefs.com/robot/)"
157.55.39.205 - - [15/Sep/2026:17:35:17 +0300] "GET /shop/pg/944332 HTTP/1.1" 200 221735 "-" "Mozilla/5.0 AppleWebKit/537.36 (KHTML, like Gecko; compatible; bingbot/2.0; +http://www.bing.com/bingbot.htm) Chrome/116.0.1938.76 Safari/537.36"
157.55.39.195 - - [15/Sep/2026:17:36:49 +0300] "GET /shop/pg/99 HTTP/1.1" 200 199355 "-" "Mozilla/5.0 AppleWebKit/537.36 (KHTML, like Gecko; compatible; bingbot/2.0; +http://www.bing.com/bingbot.htm) Chrome/116.0.1938.76 Safari/537.36"
