66.249.68.104 - - [16/Sep/2026:00:34:22 +0300] "GET /?sale/search/detail/?ITMCODE=5196538440 HTTP/1.1" 200 199213 "-" "Mozilla/5.0 (Linux; Android 6.0.1; Nexus 5X Build/MMB29P) AppleWebKit/537.36 (KHTML, like Gecko) Chrome/153.0.8010.36 Mobile Safari/537.36 (compatible; Googlebot/2.1; +http://www.google.com/bot.html)"
66.249.68.105 - - [16/Sep/2026:00:34:34 +0300] "GET /?sale/search/detail/?ITMCODE=5196572637 HTTP/1.1" 200 202236 "-" "Mozilla/5.0 (Linux; Android 6.0.1; Nexus 5X Build/MMB29P) AppleWebKit/537.36 (KHTML, like Gecko) Chrome/153.0.8010.36 Mobile Safari/537.36 (compatible; Googlebot/2.1; +http://www.google.com/bot.html)"
66.249.68.105 - - [16/Sep/2026:00:34:39 +0300] "GET /?sale/search/detail/?ITMCODE=52002792050 HTTP/1.1" 200 200115 "-" "Mozilla/5.0 (Linux; Android 6.0.1; Nexus 5X Build/MMB29P) AppleWebKit/537.36 (KHTML, like Gecko) Chrome/153.0.8010.36 Mobile Safari/537.36 (compatible; Googlebot/2.1; +http://www.google.com/bot.html)"
85.208.96.208 - - [16/Sep/2026:00:34:43 +0300] "GET /?sale%2Fsearch%2Fdetail%2F%3FITMCODE=519512119494 HTTP/1.1" 200 11138 "-" "Mozilla/5.0 (compatible; SemrushBot/7~bl; +http://www.semrush.com/bot.html)"
66.249.68.105 - - [16/Sep/2026:00:34:45 +0300] "GET /?sale/search/detail/?ITMCODE=52002621448 HTTP/1.1" 200 200646 "-" "Mozilla/5.0 (Linux; Android 6.0.1; Nexus 5X Build/MMB29P) AppleWebKit/537.36 (KHTML, like Gecko) Chrome/153.0.8010.36 Mobile Safari/537.36 (compatible; Googlebot/2.1; +http://www.google.com/bot.html)"
66.249.68.105 - - [16/Sep/2026:00:34:49 +0300] "GET /?sale/search/detail/?ITMCODE=51971125090 HTTP/1.1" 200 204261 "-" "Mozilla/5.0 (Linux; Android 6.0.1; Nexus 5X Build/MMB29P) AppleWebKit/537.36 (KHTML, like Gecko) Chrome/153.0.8010.36 Mobile Safari/537.36 (compatible; Googlebot/2.1; +http://www.google.com/bot.html)"
40.77.167.74 - - [16/Sep/2026:00:34:49 +0300] "GET /shop/pg/713445 HTTP/1.1" 200 195988 "-" "Mozilla/5.0 AppleWebKit/537.36 (KHTML, like Gecko; compatible; bingbot/2.0; +http://www.bing.com/bingbot.htm) Chrome/116.0.1938.76 Safari/537.36"
66.249.68.105 - - [16/Sep/2026:00:34:54 +0300] "GET /?sale/search/detail/?ITMCODE=51992400580 HTTP/1.1" 200 195784 "-" "Mozilla/5.0 (Linux; Android 6.0.1; Nexus 5X Build/MMB29P) AppleWebKit/537.36 (KHTML, like Gecko) Chrome/153.0.8010.36 Mobile Safari/537.36 (compatible; Googlebot/2.1; +http://www.google.com/bot.html)"
66.249.68.104 - - [16/Sep/2026:00:35:02 +0300] "GET /?sale/search/detail/?ITMCODE=5195424316 HTTP/1.1" 200 197897 "-" "Mozilla/5.0 (Linux; Android 6.0.1; Nexus 5X Build/MMB29P) AppleWebKit/537.36 (KHTML, like Gecko) Chrome/153.0.8010.36 Mobile Safari/537.36 (compatible; Googlebot/2.1; +http://www.google.com/bot.html)"
66.249.68.104 - - [16/Sep/2026:00:35:06 +0300] "GET /?sale/search/detail/?ITMCODE=51971231972 HTTP/1.1" 200 199802 "-" "Mozilla/5.0 (Linux; Android 6.0.1; Nexus 5X Build/MMB29P) AppleWebKit/537.36 (KHTML, like Gecko) Chrome/153.0.8010.36 Mobile Safari/537.36 (compatible; Googlebot/2.1; +http://www.google.com/bot.html)"
66.249.68.105 - - [16/Sep/2026:00:35:53 +0300] "GET /?sale/search/detail/?ITMCODE=51992216816 HTTP/1.1" 200 205636 "-" "Mozilla/5.0 (Linux; Android 6.0.1; Nexus 5X Build/MMB29P) AppleWebKit/537.36 (KHTML, like Gecko) Chrome/153.0.8010.36 Mobile Safari/537.36 (compatible; Googlebot/2.1; +http://www.google.com/bot.html)"
66.249.68.105 - - [16/Sep/2026:00:35:58 +0300] "GET /?sale/search/detail/?ITMCODE=52002932241 HTTP/1.1" 200 210279 "-" "Mozilla/5.0 (Linux; Android 6.0.1; Nexus 5X Build/MMB29P) AppleWebKit/537.36 (KHTML, like Gecko) Chrome/153.0.8010.36 Mobile Safari/537.36 (compatible; Googlebot/2.1; +http://www.google.com/bot.html)"
40.77.167.74 - - [16/Sep/2026:00:36:08 +0300] "GET /?sale/search/detail/?ITMCODE=5196745100 HTTP/1.1" 200 194926 "-" "Mozilla/5.0 AppleWebKit/537.36 (KHTML, like Gecko; compatible; bingbot/2.0; +http://www.bing.com/bingbot.htm) Chrome/116.0.1938.76 Safari/537.36"
157.55.39.56 - - [16/Sep/2026:00:36:17 +0300] "GET /?sale/search/detail/?ITMCODE=5196850825 HTTP/1.1" 200 206437 "-" "Mozilla/5.0 AppleWebKit/537.36 (KHTML, like Gecko; compatible; bingbot/2.0; +http://www.bing.com/bingbot.htm) Chrome/116.0.1938.76 Safari/537.36"
157.55.39.56 - - [16/Sep/2026:00:36:19 +0300] "GET /?sale/search/detail/?ITMCODE=5196565231 HTTP/1.1" 200 202193 "-" "Mozilla/5.0 AppleWebKit/537.36 (KHTML, like Gecko; compatible; bingbot/2.0; +http://www.bing.com/bingbot.htm) Chrome/116.0.1938.76 Safari/537.36"
157.55.39.56 - - [16/Sep/2026:00:36:21 +0300] "GET /?sale/search/detail/?ITMCODE=5196727078 HTTP/1.1" 200 196556 "-" "Mozilla/5.0 AppleWebKit/537.36 (KHTML, like Gecko; compatible; bingbot/2.0; +http://www.bing.com/bingbot.htm) Chrome/116.0.1938.76 Safari/537.36"
157.55.39.56 - - [16/Sep/2026:00:36:23 +0300] "GET /?sale/search/detail/?ITMCODE=5196850505 HTTP/1.1" 200 203477 "-" "Mozilla/5.0 AppleWebKit/537.36 (KHTML, like Gecko; compatible; bingbot/2.0; +http://www.bing.com/bingbot.htm) Chrome/116.0.1938.76 Safari/537.36"
157.55.39.56 - - [16/Sep/2026:00:36:23 +0300] "GET /?sale/search/detail/?ITMCODE=5196849804 HTTP/1.1" 200 209708 "-" "Mozilla/5.0 AppleWebKit/537.36 (KHTML, like Gecko; compatible; bingbot/2.0; +http://www.bing.com/bingbot.htm) Chrome/116.0.1938.76 Safari/537.36"
157.55.39.56 - - [16/Sep/2026:00:36:25 +0300] "GET /?sale/search/detail/?ITMCODE=5196727076 HTTP/1.1" 200 199850 "-" "Mozilla/5.0 AppleWebKit/537.36 (KHTML, like Gecko; compatible; bingbot/2.0; +http://www.bing.com/bingbot.htm) Chrome/116.0.1938.76 Safari/537.36"
157.55.39.56 - - [16/Sep/2026:00:36:26 +0300] "GET /?sale/search/detail/?ITMCODE=5196850504 HTTP/1.1" 200 202923 "-" "Mozilla/5.0 AppleWebKit/537.36 (KHTML, like Gecko; compatible; bingbot/2.0; +http://www.bing.com/bingbot.htm) Chrome/116.0.1938.76 Safari/537.36"
66.249.68.104 - - [16/Sep/2026:00:36:32 +0300] "GET /?sale/search/detail/?ITMCODE=5196911278 HTTP/1.1" 200 196030 "-" "Mozilla/5.0 (Linux; Android 6.0.1; Nexus 5X Build/MMB29P) AppleWebKit/537.36 (KHTML, like Gecko) Chrome/153.0.8010.36 Mobile Safari/537.36 (compatible; Googlebot/2.1; +http://www.google.com/bot.html)"
40.77.167.74 - - [16/Sep/2026:00:36:32 +0300] "GET /?sale/search/detail/?ITMCODE=5196634348 HTTP/1.1" 200 199977 "-" "Mozilla/5.0 AppleWebKit/537.36 (KHTML, like Gecko; compatible; bingbot/2.0; +http://www.bing.com/bingbot.htm) Chrome/116.0.1938.76 Safari/537.36"
40.77.167.74 - - [16/Sep/2026:00:36:33 +0300] "GET /?sale/search/detail/?ITMCODE=5196849144 HTTP/1.1" 200 194433 "-" "Mozilla/5.0 AppleWebKit/537.36 (KHTML, like Gecko; compatible; bingbot/2.0; +http://www.bing.com/bingbot.htm) Chrome/116.0.1938.76 Safari/537.36"
40.77.167.74 - - [16/Sep/2026:00:36:34 +0300] "GET /?sale/search/detail/?ITMCODE=5196644792 HTTP/1.1" 200 194029 "-" "Mozilla/5.0 AppleWebKit/537.36 (KHTML, like Gecko; compatible; bingbot/2.0; +http://www.bing.com/bingbot.htm) Chrome/116.0.1938.76 Safari/537.36"
40.77.167.74 - - [16/Sep/2026:00:36:34 +0300] "GET /?sale/search/detail/?ITMCODE=5196531708 HTTP/1.1" 200 202483 "-" "Mozilla/5.0 AppleWebKit/537.36 (KHTML, like Gecko; compatible; bingbot/2.0; +http://www.bing.com/bingbot.htm) Chrome/116.0.1938.76 Safari/537.36"
40.77.167.74 - - [16/Sep/2026:00:36:35 +0300] "GET /?sale/search/detail/?ITMCODE=5196850959 HTTP/1.1" 200 208378 "-" "Mozilla/5.0 AppleWebKit/537.36 (KHTML, like Gecko; compatible; bingbot/2.0; +http://www.bing.com/bingbot.htm) Chrome/116.0.1938.76 Safari/537.36"
157.55.39.56 - - [16/Sep/2026:00:36:38 +0300] "GET /?sale/search/detail/?ITMCODE=5196850374 HTTP/1.1" 200 201138 "-" "Mozilla/5.0 AppleWebKit/537.36 (KHTML, like Gecko; compatible; bingbot/2.0; +http://www.bing.com/bingbot.htm) Chrome/116.0.1938.76 Safari/537.36"
157.55.39.56 - - [16/Sep/2026:00:36:39 +0300] "GET /?sale/search/detail/?ITMCODE=5196850241 HTTP/1.1" 200 205335 "-" "Mozilla/5.0 AppleWebKit/537.36 (KHTML, like Gecko; compatible; bingbot/2.0; +http://www.bing.com/bingbot.htm) Chrome/116.0.1938.76 Safari/537.36"
157.55.39.56 - - [16/Sep/2026:00:36:41 +0300] "GET /?sale/search/detail/?ITMCODE=5196725451 HTTP/1.1" 200 199219 "-" "Mozilla/5.0 AppleWebKit/537.36 (KHTML, like Gecko; compatible; bingbot/2.0; +http://www.bing.com/bingbot.htm) Chrome/116.0.1938.76 Safari/537.36"
40.77.167.74 - - [16/Sep/2026:00:36:41 +0300] "GET /?sale/search/detail/?ITMCODE=5196573033 HTTP/1.1" 200 198632 "-" "Mozilla/5.0 AppleWebKit/537.36 (KHTML, like Gecko; compatible; bingbot/2.0; +http://www.bing.com/bingbot.htm) Chrome/116.0.1938.76 Safari/537.36"
157.55.39.56 - - [16/Sep/2026:00:36:42 +0300] "GET /?sale/search/detail/?ITMCODE=5196848963 HTTP/1.1" 200 198543 "-" "Mozilla/5.0 AppleWebKit/537.36 (KHTML, like Gecko; compatible; bingbot/2.0; +http://www.bing.com/bingbot.htm) Chrome/116.0.1938.76 Safari/537.36"
40.77.167.74 - - [16/Sep/2026:00:36:42 +0300] "GET /?sale/search/detail/?ITMCODE=5196849081 HTTP/1.1" 200 195249 "-" "Mozilla/5.0 AppleWebKit/537.36 (KHTML, like Gecko; compatible; bingbot/2.0; +http://www.bing.com/bingbot.htm) Chrome/116.0.1938.76 Safari/537.36"
40.77.167.74 - - [16/Sep/2026:00:36:43 +0300] "GET /?sale/search/detail/?ITMCODE=5196850709 HTTP/1.1" 200 210829 "-" "Mozilla/5.0 AppleWebKit/537.36 (KHTML, like Gecko; compatible; bingbot/2.0; +http://www.bing.com/bingbot.htm) Chrome/116.0.1938.76 Safari/537.36"
207.46.13.52 - - [16/Sep/2026:00:36:43 +0300] "GET /?sale/search/detail/?ITMCODE=5196848910 HTTP/1.1" 200 199085 "-" "Mozilla/5.0 AppleWebKit/537.36 (KHTML, like Gecko; compatible; bingbot/2.0; +http://www.bing.com/bingbot.htm) Chrome/116.0.1938.76 Safari/537.36"
66.249.68.104 - - [16/Sep/2026:00:36:47 +0300] "GET /?sale/search/detail/?ITMCODE=5195256171 HTTP/1.1" 200 200678 "-" "Mozilla/5.0 (Linux; Android 6.0.1; Nexus 5X Build/MMB29P) AppleWebKit/537.36 (KHTML, like Gecko) Chrome/153.0.8010.36 Mobile Safari/537.36 (compatible; Googlebot/2.1; +http://www.google.com/bot.html)"
157.55.39.56 - - [16/Sep/2026:00:36:47 +0300] "GET /?sale/search/detail/?ITMCODE=5196848767 HTTP/1.1" 200 206761 "-" "Mozilla/5.0 AppleWebKit/537.36 (KHTML, like Gecko; compatible; bingbot/2.0; +http://www.bing.com/bingbot.htm) Chrome/116.0.1938.76 Safari/537.36"
157.55.39.56 - - [16/Sep/2026:00:36:48 +0300] "GET /?sale/search/detail/?ITMCODE=5196755625 HTTP/1.1" 200 197628 "-" "Mozilla/5.0 AppleWebKit/537.36 (KHTML, like Gecko; compatible; bingbot/2.0; +http://www.bing.com/bingbot.htm) Chrome/116.0.1938.76 Safari/537.36"
157.55.39.56 - - [16/Sep/2026:00:36:50 +0300] "GET /?sale/search/detail/?ITMCODE=5196850256 HTTP/1.1" 200 205353 "-" "Mozilla/5.0 AppleWebKit/537.36 (KHTML, like Gecko; compatible; bingbot/2.0; +http://www.bing.com/bingbot.htm) Chrome/116.0.1938.76 Safari/537.36"
157.55.39.56 - - [16/Sep/2026:00:36:51 +0300] "GET /?sale/search/detail/?ITMCODE=5196849630 HTTP/1.1" 200 205482 "-" "Mozilla/5.0 AppleWebKit/537.36 (KHTML, like Gecko; compatible; bingbot/2.0; +http://www.bing.com/bingbot.htm) Chrome/116.0.1938.76 Safari/537.36"
40.77.167.74 - - [16/Sep/2026:00:36:51 +0300] "GET /?sale/search/detail/?ITMCODE=5196850639 HTTP/1.1" 200 195790 "-" "Mozilla/5.0 AppleWebKit/537.36 (KHTML, like Gecko; compatible; bingbot/2.0; +http://www.bing.com/bingbot.htm) Chrome/116.0.1938.76 Safari/537.36"
157.55.39.56 - - [16/Sep/2026:00:36:53 +0300] "GET /?sale/search/detail/?ITMCODE=5196795409 HTTP/1.1" 200 197681 "-" "Mozilla/5.0 AppleWebKit/537.36 (KHTML, like Gecko; compatible; bingbot/2.0; +http://www.bing.com/bingbot.htm) Chrome/116.0.1938.76 Safari/537.36"
207.46.13.52 - - [16/Sep/2026:00:37:00 +0300] "GET /?sale/search/detail/?ITMCODE=5196849736 HTTP/1.1" 200 194483 "-" "Mozilla/5.0 AppleWebKit/537.36 (KHTML, like Gecko; compatible; bingbot/2.0; +http://www.bing.com/bingbot.htm) Chrome/116.0.1938.76 Safari/537.36"
66.249.68.104 - - [16/Sep/2026:00:37:00 +0300] "GET /?sale/search/detail/?ITMCODE=52002637730 HTTP/1.1" 200 193848 "-" "Mozilla/5.0 (Linux; Android 6.0.1; Nexus 5X Build/MMB29P) AppleWebKit/537.36 (KHTML, like Gecko) Chrome/153.0.8010.36 Mobile Safari/537.36 (compatible; Googlebot/2.1; +http://www.google.com/bot.html)"
157.55.39.56 - - [16/Sep/2026:00:37:02 +0300] "GET /?sale/search/detail/?ITMCODE=5196736808 HTTP/1.1" 200 199146 "-" "Mozilla/5.0 AppleWebKit/537.36 (KHTML, like Gecko; compatible; bingbot/2.0; +http://www.bing.com/bingbot.htm) Chrome/116.0.1938.76 Safari/537.36"
157.55.39.56 - - [16/Sep/2026:00:37:04 +0300] "GET /?sale/search/detail/?ITMCODE=51992301304 HTTP/1.1" 200 194556 "-" "Mozilla/5.0 AppleWebKit/537.36 (KHTML, like Gecko; compatible; bingbot/2.0; +http://www.bing.com/bingbot.htm) Chrome/116.0.1938.76 Safari/537.36"
157.55.39.56 - - [16/Sep/2026:00:37:04 +0300] "GET /?sale/search/detail/?ITMCODE=51981961176 HTTP/1.1" 200 198225 "-" "Mozilla/5.0 AppleWebKit/537.36 (KHTML, like Gecko; compatible; bingbot/2.0; +http://www.bing.com/bingbot.htm) Chrome/116.0.1938.76 Safari/537.36"
40.77.167.74 - - [16/Sep/2026:00:37:09 +0300] "GET /?sale/search/detail/?ITMCODE=51971472934 HTTP/1.1" 200 199453 "-" "Mozilla/5.0 AppleWebKit/537.36 (KHTML, like Gecko; compatible; bingbot/2.0; +http://www.bing.com/bingbot.htm) Chrome/116.0.1938.76 Safari/537.36"
40.77.167.74 - - [16/Sep/2026:00:37:10 +0300] "GET /?sale/search/detail/?ITMCODE=51971293498 HTTP/1.1" 200 201229 "-" "Mozilla/5.0 AppleWebKit/537.36 (KHTML, like Gecko; compatible; bingbot/2.0; +http://www.bing.com/bingbot.htm) Chrome/116.0.1938.76 Safari/537.36"
40.77.167.74 - - [16/Sep/2026:00:37:10 +0300] "GET /?sale/search/detail/?ITMCODE=51981691908 HTTP/1.1" 200 205474 "-" "Mozilla/5.0 AppleWebKit/537.36 (KHTML, like Gecko; compatible; bingbot/2.0; +http://www.bing.com/bingbot.htm) Chrome/116.0.1938.76 Safari/537.36"
40.77.167.74 - - [16/Sep/2026:00:37:11 +0300] "GET /?sale/search/detail/?ITMCODE=51992277684 HTTP/1.1" 200 207561 "-" "Mozilla/5.0 AppleWebKit/537.36 (KHTML, like Gecko; compatible; bingbot/2.0; +http://www.bing.com/bingbot.htm) Chrome/116.0.1938.76 Safari/537.36"
40.77.167.74 - - [16/Sep/2026:00:37:12 +0300] "GET /?sale/search/detail/?ITMCODE=52002533038 HTTP/1.1" 200 197462 "-" "Mozilla/5.0 AppleWebKit/537.36 (KHTML, like Gecko; compatible; bingbot/2.0; +http://www.bing.com/bingbot.htm) Chrome/116.0.1938.76 Safari/537.36"
157.55.39.56 - - [16/Sep/2026:00:37:14 +0300] "GET /?sale/search/detail/?ITMCODE=5196850292 HTTP/1.1" 200 211694 "-" "Mozilla/5.0 AppleWebKit/537.36 (KHTML, like Gecko; compatible; bingbot/2.0; +http://www.bing.com/bingbot.htm) Chrome/116.0.1938.76 Safari/537.36"
66.249.68.104 - - [16/Sep/2026:00:37:18 +0300] "GET /?sale/search/detail/?ITMCODE=51981882435 HTTP/1.1" 200 208450 "-" "Mozilla/5.0 (Linux; Android 6.0.1; Nexus 5X Build/MMB29P) AppleWebKit/537.36 (KHTML, like Gecko) Chrome/153.0.8010.36 Mobile Safari/537.36 (compatible; Googlebot/2.1; +http://www.google.com/bot.html)"
40.77.167.74 - - [16/Sep/2026:00:37:28 +0300] "GET /?sale/search/detail/?ITMCODE=5195376467 HTTP/1.1" 200 197168 "-" "Mozilla/5.0 AppleWebKit/537.36 (KHTML, like Gecko; compatible; bingbot/2.0; +http://www.bing.com/bingbot.htm) Chrome/116.0.1938.76 Safari/537.36"
40.77.167.74 - - [16/Sep/2026:00:37:29 +0300] "GET /?sale/search/detail/?ITMCODE=51971087333 HTTP/1.1" 200 194066 "-" "Mozilla/5.0 AppleWebKit/537.36 (KHTML, like Gecko; compatible; bingbot/2.0; +http://www.bing.com/bingbot.htm) Chrome/116.0.1938.76 Safari/537.36"
40.77.167.74 - - [16/Sep/2026:00:37:30 +0300] "GET /?sale/search/detail/?ITMCODE=51992335283 HTTP/1.1" 200 197065 "-" "Mozilla/5.0 AppleWebKit/537.36 (KHTML, like Gecko; compatible; bingbot/2.0; +http://www.bing.com/bingbot.htm) Chrome/116.0.1938.76 Safari/537.36"
40.77.167.74 - - [16/Sep/2026:00:37:32 +0300] "GET /?sale/search/detail/?ITMCODE=51971259013 HTTP/1.1" 200 195669 "-" "Mozilla/5.0 AppleWebKit/537.36 (KHTML, like Gecko; compatible; bingbot/2.0; +http://www.bing.com/bingbot.htm) Chrome/116.0.1938.76 Safari/537.36"
66.249.68.105 - - [16/Sep/2026:00:37:33 +0300] "GET /?sale/search/detail/?ITMCODE=51981805298 HTTP/1.1" 200 198933 "-" "Mozilla/5.0 (Linux; Android 6.0.1; Nexus 5X Build/MMB29P) AppleWebKit/537.36 (KHTML, like Gecko) Chrome/153.0.8010.36 Mobile Safari/537.36 (compatible; Googlebot/2.1; +http://www.google.com/bot.html)"
40.77.167.74 - - [16/Sep/2026:00:37:33 +0300] "GET /?sale/search/detail/?ITMCODE=51981840434 HTTP/1.1" 200 200752 "-" "Mozilla/5.0 AppleWebKit/537.36 (KHTML, like Gecko; compatible; bingbot/2.0; +http://www.bing.com/bingbot.htm) Chrome/116.0.1938.76 Safari/537.36"
66.249.68.104 - - [16/Sep/2026:00:37:34 +0300] "GET /?sale/search/detail/?ITMCODE=51971446262 HTTP/1.1" 200 197257 "-" "Mozilla/5.0 (Linux; Android 6.0.1; Nexus 5X Build/MMB29P) AppleWebKit/537.36 (KHTML, like Gecko) Chrome/153.0.8010.36 Mobile Safari/537.36 (compatible; Googlebot/2.1; +http://www.google.com/bot.html)"
157.55.39.56 - - [16/Sep/2026:00:37:35 +0300] "GET /?sale/search/detail/?ITMCODE=5195225075 HTTP/1.1" 200 209741 "-" "Mozilla/5.0 AppleWebKit/537.36 (KHTML, like Gecko; compatible; bingbot/2.0; +http://www.bing.com/bingbot.htm) Chrome/116.0.1938.76 Safari/537.36"
157.55.39.56 - - [16/Sep/2026:00:37:36 +0300] "GET /?sale/search/detail/?ITMCODE=5196825912 HTTP/1.1" 200 194798 "-" "Mozilla/5.0 AppleWebKit/537.36 (KHTML, like Gecko; compatible; bingbot/2.0; +http://www.bing.com/bingbot.htm) Chrome/116.0.1938.76 Safari/537.36"
157.55.39.56 - - [16/Sep/2026:00:37:36 +0300] "GET /?sale/search/detail/?ITMCODE=51971131424 HTTP/1.1" 200 197209 "-" "Mozilla/5.0 AppleWebKit/537.36 (KHTML, like Gecko; compatible; bingbot/2.0; +http://www.bing.com/bingbot.htm) Chrome/116.0.1938.76 Safari/537.36"
157.55.39.56 - - [16/Sep/2026:00:37:37 +0300] "GET /?sale/search/detail/?ITMCODE=51992453308 HTTP/1.1" 200 196234 "-" "Mozilla/5.0 AppleWebKit/537.36 (KHTML, like Gecko; compatible; bingbot/2.0; +http://www.bing.com/bingbot.htm) Chrome/116.0.1938.76 Safari/537.36"
157.55.39.56 - - [16/Sep/2026:00:37:38 +0300] "GET /?sale/search/detail/?ITMCODE=51971357696 HTTP/1.1" 200 197584 "-" "Mozilla/5.0 AppleWebKit/537.36 (KHTML, like Gecko; compatible; bingbot/2.0; +http://www.bing.com/bingbot.htm) Chrome/116.0.1938.76 Safari/537.36"
66.249.68.105 - - [16/Sep/2026:00:37:50 +0300] "GET /?sale/search/detail/?ITMCODE=52002708613 HTTP/1.1" 200 194524 "-" "Mozilla/5.0 (Linux; Android 6.0.1; Nexus 5X Build/MMB29P) AppleWebKit/537.36 (KHTML, like Gecko) Chrome/153.0.8010.36 Mobile Safari/537.36 (compatible; Googlebot/2.1; +http://www.google.com/bot.html)"
207.46.13.52 - - [16/Sep/2026:00:37:52 +0300] "GET /?sale/search/detail/?ITMCODE=5196718476 HTTP/1.1" 200 198780 "-" "Mozilla/5.0 AppleWebKit/537.36 (KHTML, like Gecko; compatible; bingbot/2.0; +http://www.bing.com/bingbot.htm) Chrome/116.0.1938.76 Safari/537.36"
66.249.68.104 - - [16/Sep/2026:00:37:56 +0300] "GET /?sale/search/detail/?ITMCODE=5196699512 HTTP/1.1" 200 210961 "-" "Mozilla/5.0 (Linux; Android 6.0.1; Nexus 5X Build/MMB29P) AppleWebKit/537.36 (KHTML, like Gecko) Chrome/153.0.8010.36 Mobile Safari/537.36 (compatible; Googlebot/2.1; +http://www.google.com/bot.html)"
157.55.39.56 - - [16/Sep/2026:00:38:04 +0300] "GET /?sale/search/detail/?ITMCODE=51992168078 HTTP/1.1" 200 194554 "-" "Mozilla/5.0 AppleWebKit/537.36 (KHTML, like Gecko; compatible; bingbot/2.0; +http://www.bing.com/bingbot.htm) Chrome/116.0.1938.76 Safari/537.36"
40.77.167.74 - - [16/Sep/2026:00:38:09 +0300] "GET /?sale/search/detail/?ITMCODE=51992375626 HTTP/1.1" 200 202257 "-" "Mozilla/5.0 AppleWebKit/537.36 (KHTML, like Gecko; compatible; bingbot/2.0; +http://www.bing.com/bingbot.htm) Chrome/116.0.1938.76 Safari/537.36"
207.46.13.52 - - [16/Sep/2026:00:38:17 +0300] "GET /?sale/search/detail/?ITMCODE=5196769991 HTTP/1.1" 200 196278 "-" "Mozilla/5.0 AppleWebKit/537.36 (KHTML, like Gecko; compatible; bingbot/2.0; +http://www.bing.com/bingbot.htm) Chrome/116.0.1938.76 Safari/537.36"
40.77.167.74 - - [16/Sep/2026:00:38:22 +0300] "GET /shop/pg/5196990722 HTTP/1.1" 200 198713 "-" "Mozilla/5.0 AppleWebKit/537.36 (KHTML, like Gecko; compatible; bingbot/2.0; +http://www.bing.com/bingbot.htm) Chrome/116.0.1938.76 Safari/537.36"
66.249.68.104 - - [16/Sep/2026:00:38:25 +0300] "GET /?sale/search/detail/?ITMCODE=52002646828 HTTP/1.1" 200 209108 "-" "Mozilla/5.0 (Linux; Android 6.0.1; Nexus 5X Build/MMB29P) AppleWebKit/537.36 (KHTML, like Gecko) Chrome/153.0.8010.36 Mobile Safari/537.36 (compatible; Googlebot/2.1; +http://www.google.com/bot.html)"
66.249.68.104 - - [16/Sep/2026:00:38:32 +0300] "GET /?sale/search/detail/?ITMCODE=51981885404 HTTP/1.1" 200 200508 "-" "Mozilla/5.0 (Linux; Android 6.0.1; Nexus 5X Build/MMB29P) AppleWebKit/537.36 (KHTML, like Gecko) Chrome/153.0.8010.36 Mobile Safari/537.36 (compatible; Googlebot/2.1; +http://www.google.com/bot.html)"
66.249.68.104 - - [16/Sep/2026:00:38:38 +0300] "GET /?sale/search/detail/?ITMCODE=51992195869 HTTP/1.1" 200 224428 "-" "Mozilla/5.0 (Linux; Android 6.0.1; Nexus 5X Build/MMB29P) AppleWebKit/537.36 (KHTML, like Gecko) Chrome/153.0.8010.36 Mobile Safari/537.36 (compatible; Googlebot/2.1; +http://www.google.com/bot.html)"
185.191.171.3 - - [16/Sep/2026:00:38:43 +0300] "GET /?sale%2Fsearch%2Fdetail%2F%3FITMCODE=519710287163 HTTP/1.1" 200 11138 "-" "Mozilla/5.0 (compatible; SemrushBot/7~bl; +http://www.semrush.com/bot.html)"
66.249.68.105 - - [16/Sep/2026:00:38:53 +0300] "GET /?sale/search/detail/?ITMCODE=5196843007 HTTP/1.1" 200 195463 "-" "Mozilla/5.0 (Linux; Android 6.0.1; Nexus 5X Build/MMB29P) AppleWebKit/537.36 (KHTML, like Gecko) Chrome/153.0.8010.36 Mobile Safari/537.36 (compatible; Googlebot/2.1; +http://www.google.com/bot.html)"
66.249.68.104 - - [16/Sep/2026:00:39:11 +0300] "GET /?sale/search/detail/?ITMCODE=52002877667 HTTP/1.1" 200 198054 "-" "Mozilla/5.0 (Linux; Android 6.0.1; Nexus 5X Build/MMB29P) AppleWebKit/537.36 (KHTML, like Gecko) Chrome/153.0.8010.36 Mobile Safari/537.36 (compatible; Googlebot/2.1; +http://www.google.com/bot.html)"
66.249.68.105 - - [16/Sep/2026:00:40:03 +0300] "GET /?sale/search/detail/?ITMCODE=5196786776 HTTP/1.1" 200 198261 "-" "Mozilla/5.0 (Linux; Android 6.0.1; Nexus 5X Build/MMB29P) AppleWebKit/537.36 (KHTML, like Gecko) Chrome/153.0.8010.36 Mobile Safari/537.36 (compatible; Googlebot/2.1; +http://www.google.com/bot.html)"
66.249.68.104 - - [16/Sep/2026:00:40:04 +0300] "GET /?sale/search/detail/?ITMCODE=51992475758 HTTP/1.1" 200 205905 "-" "Mozilla/5.0 (Linux; Android 6.0.1; Nexus 5X Build/MMB29P) AppleWebKit/537.36 (KHTML, like Gecko) Chrome/153.0.8010.36 Mobile Safari/537.36 (compatible; Googlebot/2.1; +http://www.google.com/bot.html)"
66.249.68.104 - - [16/Sep/2026:00:40:42 +0300] "GET /?sale/search/detail/?ITMCODE=51981599987 HTTP/1.1" 200 205738 "-" "Mozilla/5.0 (Linux; Android 6.0.1; Nexus 5X Build/MMB29P) AppleWebKit/537.36 (KHTML, like Gecko) Chrome/153.0.8010.36 Mobile Safari/537.36 (compatible; Googlebot/2.1; +http://www.google.com/bot.html)"
170.106.187.106 - - [16/Sep/2026:00:40:59 +0300] "GET /index.php/dienos-pietus HTTP/1.1" 200 12414 "-" "Mozilla/5.0 (iPhone; CPU iPhone OS 13_2_3 like Mac OS X) AppleWebKit/605.1.15 (KHTML, like Gecko) Version/13.0.3 Mobile/15E148 Safari/604.1"
66.249.68.104 - - [16/Sep/2026:00:42:07 +0300] "GET /?sale/search/detail/?ITMCODE=5195348038 HTTP/1.1" 200 219138 "-" "Mozilla/5.0 (Linux; Android 6.0.1; Nexus 5X Build/MMB29P) AppleWebKit/537.36 (KHTML, like Gecko) Chrome/153.0.8010.36 Mobile Safari/537.36 (compatible; Googlebot/2.1; +http://www.google.com/bot.html)"
66.249.68.104 - - [16/Sep/2026:00:42:29 +0300] "GET /?sale/search/detail/?ITMCODE=5196877387 HTTP/1.1" 200 197265 "-" "Mozilla/5.0 (Linux; Android 6.0.1; Nexus 5X Build/MMB29P) AppleWebKit/537.36 (KHTML, like Gecko) Chrome/153.0.8010.36 Mobile Safari/537.36 (compatible; Googlebot/2.1; +http://www.google.com/bot.html)"
66.249.68.104 - - [16/Sep/2026:00:42:49 +0300] "GET /?sale/search/detail/?ITMCODE=51971470526 HTTP/1.1" 200 202304 "-" "Mozilla/5.0 (Linux; Android 6.0.1; Nexus 5X Build/MMB29P) AppleWebKit/537.36 (KHTML, like Gecko) Chrome/153.0.8010.36 Mobile Safari/537.36 (compatible; Googlebot/2.1; +http://www.google.com/bot.html)"
66.249.68.104 - - [16/Sep/2026:00:43:09 +0300] "GET /?sale/search/detail/?ITMCODE=5195459353 HTTP/1.1" 200 196311 "-" "Mozilla/5.0 (Linux; Android 6.0.1; Nexus 5X Build/MMB29P) AppleWebKit/537.36 (KHTML, like Gecko) Chrome/153.0.8010.36 Mobile Safari/537.36 (compatible; Googlebot/2.1; +http://www.google.com/bot.html)"
66.249.68.104 - - [16/Sep/2026:00:43:18 +0300] "GET /?sale/search/detail/?ITMCODE=51981866685 HTTP/1.1" 200 193672 "-" "Mozilla/5.0 (Linux; Android 6.0.1; Nexus 5X Build/MMB29P) AppleWebKit/537.36 (KHTML, like Gecko) Chrome/153.0.8010.36 Mobile Safari/537.36 (compatible; Googlebot/2.1; +http://www.google.com/bot.html)"
66.249.68.104 - - [16/Sep/2026:00:43:39 +0300] "GET /?sale/search/detail/?ITMCODE=5196969864 HTTP/1.1" 200 201560 "-" "Mozilla/5.0 (Linux; Android 6.0.1; Nexus 5X Build/MMB29P) AppleWebKit/537.36 (KHTML, like Gecko) Chrome/153.0.8010.36 Mobile Safari/537.36 (compatible; Googlebot/2.1; +http://www.google.com/bot.html)"
66.249.68.104 - - [16/Sep/2026:00:43:59 +0300] "GET /?sale/search/detail/?ITMCODE=51992327572 HTTP/1.1" 200 198869 "-" "Mozilla/5.0 (Linux; Android 6.0.1; Nexus 5X Build/MMB29P) AppleWebKit/537.36 (KHTML, like Gecko) Chrome/153.0.8010.36 Mobile Safari/537.36 (compatible; Googlebot/2.1; +http://www.google.com/bot.html)"
66.249.68.104 - - [16/Sep/2026:00:44:23 +0300] "GET /?sale/search/detail/?ITMCODE=519581435 HTTP/1.1" 200 199494 "-" "Mozilla/5.0 (Linux; Android 6.0.1; Nexus 5X Build/MMB29P) AppleWebKit/537.36 (KHTML, like Gecko) Chrome/153.0.8010.36 Mobile Safari/537.36 (compatible; Googlebot/2.1; +http://www.google.com/bot.html)"
66.249.68.104 - - [16/Sep/2026:00:44:34 +0300] "GET /?sale/search/detail/?ITMCODE=5195300660 HTTP/1.1" 200 195568 "-" "Mozilla/5.0 (Linux; Android 6.0.1; Nexus 5X Build/MMB29P) AppleWebKit/537.36 (KHTML, like Gecko) Chrome/153.0.8010.36 Mobile Safari/537.36 (compatible; Googlebot/2.1; +http://www.google.com/bot.html)"
66.249.68.105 - - [16/Sep/2026:00:45:16 +0300] "GET /?sale/search/detail/?ITMCODE=52002700770 HTTP/1.1" 200 220320 "-" "Mozilla/5.0 (Linux; Android 6.0.1; Nexus 5X Build/MMB29P) AppleWebKit/537.36 (KHTML, like Gecko) Chrome/153.0.8010.36 Mobile Safari/537.36 (compatible; Googlebot/2.1; +http://www.google.com/bot.html)"
157.55.39.59 - - [16/Sep/2026:00:45:39 +0300] "GET /shop/pg/5196743703 HTTP/1.1" 200 194300 "-" "Mozilla/5.0 AppleWebKit/537.36 (KHTML, like Gecko; compatible; bingbot/2.0; +http://www.bing.com/bingbot.htm) Chrome/116.0.1938.76 Safari/537.36"
66.249.68.104 - - [16/Sep/2026:00:46:33 +0300] "GET /?sale/search/detail/?ITMCODE=52002521917 HTTP/1.1" 200 202773 "-" "Mozilla/5.0 (Linux; Android 6.0.1; Nexus 5X Build/MMB29P) AppleWebKit/537.36 (KHTML, like Gecko) Chrome/153.0.8010.36 Mobile Safari/537.36 (compatible; Googlebot/2.1; +http://www.google.com/bot.html)"
66.249.68.104 - - [16/Sep/2026:00:46:43 +0300] "GET /?sale/search/detail/?ITMCODE=5196514680 HTTP/1.1" 200 193954 "-" "Mozilla/5.0 (Linux; Android 6.0.1; Nexus 5X Build/MMB29P) AppleWebKit/537.36 (KHTML, like Gecko) Chrome/153.0.8010.36 Mobile Safari/537.36 (compatible; Googlebot/2.1; +http://www.google.com/bot.html)"
66.249.68.105 - - [16/Sep/2026:00:47:42 +0300] "GET /?sale/search/detail/?ITMCODE=51971002524 HTTP/1.1" 200 199373 "-" "Mozilla/5.0 (Linux; Android 6.0.1; Nexus 5X Build/MMB29P) AppleWebKit/537.36 (KHTML, like Gecko) Chrome/153.0.8010.36 Mobile Safari/537.36 (compatible; Googlebot/2.1; +http://www.google.com/bot.html)"
66.249.68.104 - - [16/Sep/2026:00:48:02 +0300] "GET /?sale/search/detail/?ITMCODE=5196759433 HTTP/1.1" 200 200418 "-" "Mozilla/5.0 (Linux; Android 6.0.1; Nexus 5X Build/MMB29P) AppleWebKit/537.36 (KHTML, like Gecko) Chrome/153.0.8010.36 Mobile Safari/537.36 (compatible; Googlebot/2.1; +http://www.google.com/bot.html)"
66.249.68.104 - - [16/Sep/2026:00:48:44 +0300] "GET /?sale/search/detail/?ITMCODE=5196853247 HTTP/1.1" 200 195535 "-" "Mozilla/5.0 (Linux; Android 6.0.1; Nexus 5X Build/MMB29P) AppleWebKit/537.36 (KHTML, like Gecko) Chrome/153.0.8010.36 Mobile Safari/537.36 (compatible; Googlebot/2.1; +http://www.google.com/bot.html)"
66.249.68.104 - - [16/Sep/2026:00:49:20 +0300] "GET /?sale/search/detail/?ITMCODE=52002552197 HTTP/1.1" 200 200382 "-" "Mozilla/5.0 (Linux; Android 6.0.1; Nexus 5X Build/MMB29P) AppleWebKit/537.36 (KHTML, like Gecko) Chrome/153.0.8010.36 Mobile Safari/537.36 (compatible; Googlebot/2.1; +http://www.google.com/bot.html)"
66.249.68.104 - - [16/Sep/2026:00:49:44 +0300] "GET /?sale/search/detail/?ITMCODE=51981519195 HTTP/1.1" 200 195886 "-" "Mozilla/5.0 (Linux; Android 6.0.1; Nexus 5X Build/MMB29P) AppleWebKit/537.36 (KHTML, like Gecko) Chrome/153.0.8010.36 Mobile Safari/537.36 (compatible; Googlebot/2.1; +http://www.google.com/bot.html)"
66.249.68.104 - - [16/Sep/2026:00:49:57 +0300] "GET /?sale/search/detail/?ITMCODE=52002986760 HTTP/1.1" 200 224496 "-" "Mozilla/5.0 (Linux; Android 6.0.1; Nexus 5X Build/MMB29P) AppleWebKit/537.36 (KHTML, like Gecko) Chrome/153.0.8010.36 Mobile Safari/537.36 (compatible; Googlebot/2.1; +http://www.google.com/bot.html)"
43.165.2.110 - - [16/Sep/2026:00:50:43 +0300] "GET / HTTP/1.1" 200 11120 "-" "Mozilla/5.0 (iPhone; CPU iPhone OS 13_2_3 like Mac OS X) AppleWebKit/605.1.15 (KHTML, like Gecko) Version/13.0.3 Mobile/15E148 Safari/604.1"
207.46.13.102 - - [16/Sep/2026:00:52:03 +0300] "GET /shop/pg/775763 HTTP/1.1" 200 203707 "-" "Mozilla/5.0 AppleWebKit/537.36 (KHTML, like Gecko; compatible; bingbot/2.0; +http://www.bing.com/bingbot.htm) Chrome/116.0.1938.76 Safari/537.36"
51.68.111.239 - - [16/Sep/2026:00:52:50 +0300] "GET /robots.txt HTTP/1.1" 200 836 "-" "Mozilla/5.0 (compatible; MJ12bot/v2.0.5; http://mj12bot.com/)"
51.68.111.239 - - [16/Sep/2026:00:52:50 +0300] "GET /index.php/dienos-pietus?sale/search/detail/?ITMCODE=52002713793 HTTP/1.1" 200 12414 "-" "Mozilla/5.0 (compatible; MJ12bot/v2.0.5; http://mj12bot.com/)"
40.77.167.63 - - [16/Sep/2026:00:52:50 +0300] "GET /shop/pg/874234 HTTP/1.1" 200 195666 "-" "Mozilla/5.0 AppleWebKit/537.36 (KHTML, like Gecko; compatible; bingbot/2.0; +http://www.bing.com/bingbot.htm) Chrome/116.0.1938.76 Safari/537.36"
66.249.68.105 - - [16/Sep/2026:00:52:54 +0300] "GET /?sale/search/detail/?ITMCODE=5196866947 HTTP/1.1" 200 206607 "-" "Mozilla/5.0 (Linux; Android 6.0.1; Nexus 5X Build/MMB29P) AppleWebKit/537.36 (KHTML, like Gecko) Chrome/153.0.8010.36 Mobile Safari/537.36 (compatible; Googlebot/2.1; +http://www.google.com/bot.html)"
66.249.68.96 - - [16/Sep/2026:00:53:08 +0300] "GET /?sale/search/detail/?ITMCODE=5196845209 HTTP/1.1" 200 210604 "-" "Mozilla/5.0 (Linux; Android 6.0.1; Nexus 5X Build/MMB29P) AppleWebKit/537.36 (KHTML, like Gecko) Chrome/153.0.8010.36 Mobile Safari/537.36 (compatible; Googlebot/2.1; +http://www.google.com/bot.html)"
66.249.68.104 - - [16/Sep/2026:00:53:43 +0300] "GET /?sale/search/detail/?ITMCODE=5195400485 HTTP/1.1" 200 198782 "-" "Mozilla/5.0 (Linux; Android 6.0.1; Nexus 5X Build/MMB29P) AppleWebKit/537.36 (KHTML, like Gecko) Chrome/153.0.8010.36 Mobile Safari/537.36 (compatible; Googlebot/2.1; +http://www.google.com/bot.html)"
66.249.68.104 - - [16/Sep/2026:00:54:32 +0300] "GET /?sale/search/detail/?ITMCODE=52002932375 HTTP/1.1" 200 211102 "-" "Mozilla/5.0 (Linux; Android 6.0.1; Nexus 5X Build/MMB29P) AppleWebKit/537.36 (KHTML, like Gecko) Chrome/153.0.8010.36 Mobile Safari/537.36 (compatible; Googlebot/2.1; +http://www.google.com/bot.html)"
66.249.68.104 - - [16/Sep/2026:00:54:33 +0300] "GET /?sale/search/detail/?ITMCODE=52002828171 HTTP/1.1" 200 204803 "-" "Mozilla/5.0 (Linux; Android 6.0.1; Nexus 5X Build/MMB29P) AppleWebKit/537.36 (KHTML, like Gecko) Chrome/153.0.8010.36 Mobile Safari/537.36 (compatible; Googlebot/2.1; +http://www.google.com/bot.html)"
1.13.158.23 - - [16/Sep/2026:00:55:55 +0300] "GET / HTTP/1.1" 200 11120 "-" "Mozilla/5.0 (iPhone; CPU iPhone OS 13_2_3 like Mac OS X) AppleWebKit/605.1.15 (KHTML, like Gecko) Version/13.0.3 Mobile/15E148 Safari/604.1"
66.249.68.105 - - [16/Sep/2026:00:56:01 +0300] "GET /?sale/search/detail/?ITMCODE=52002977269 HTTP/1.1" 200 202713 "-" "Mozilla/5.0 (Linux; Android 6.0.1; Nexus 5X Build/MMB29P) AppleWebKit/537.36 (KHTML, like Gecko) Chrome/153.0.8010.36 Mobile Safari/537.36 (compatible; Googlebot/2.1; +http://www.google.com/bot.html)"
66.249.68.104 - - [16/Sep/2026:00:56:47 +0300] "GET /?sale/search/detail/?ITMCODE=51992195143 HTTP/1.1" 200 209527 "-" "Mozilla/5.0 (Linux; Android 6.0.1; Nexus 5X Build/MMB29P) AppleWebKit/537.36 (KHTML, like Gecko) Chrome/153.0.8010.36 Mobile Safari/537.36 (compatible; Googlebot/2.1; +http://www.google.com/bot.html)"
43.165.4.2 - - [16/Sep/2026:00:59:42 +0300] "GET /index.php/meniu HTTP/1.1" 200 13026 "-" "Mozilla/5.0 (iPhone; CPU iPhone OS 13_2_3 like Mac OS X) AppleWebKit/605.1.15 (KHTML, like Gecko) Version/13.0.3 Mobile/15E148 Safari/604.1"
75.137.121.192 - - [16/Sep/2026:01:03:17 +0300] "GET http://www.chenglong.lt/?sale%2Fsearch%2Fdetail%2F%3FITMCODE=51981704423 HTTP/1.1" 404 1317 "http://www.chenglong.lt" "Mozilla/5.0 (Macintosh; Intel Mac OS X 10_15_7) AppleWebKit/537.36 (KHTML, like Gecko) Chrome/144.0.0.0 Safari/537.36"
66.249.68.96 - - [16/Sep/2026:01:04:54 +0300] "GET /?sale/search/detail/?ITMCODE=51992309737 HTTP/1.1" 200 209972 "-" "Mozilla/5.0 (Linux; Android 6.0.1; Nexus 5X Build/MMB29P) AppleWebKit/537.36 (KHTML, like Gecko) Chrome/153.0.8010.36 Mobile Safari/537.36 (compatible; Googlebot/2.1; +http://www.google.com/bot.html)"
43.163.206.70 - - [16/Sep/2026:01:08:48 +0300] "GET /index.php/kontaktai HTTP/1.1" 200 7926 "-" "Mozilla/5.0 (iPhone; CPU iPhone OS 13_2_3 like Mac OS X) AppleWebKit/605.1.15 (KHTML, like Gecko) Version/13.0.3 Mobile/15E148 Safari/604.1"
66.249.68.98 - - [16/Sep/2026:01:10:05 +0300] "GET /?sale/search/detail/?ITMCODE=52002966497 HTTP/1.1" 200 215586 "-" "Mozilla/5.0 (Linux; Android 6.0.1; Nexus 5X Build/MMB29P) AppleWebKit/537.36 (KHTML, like Gecko) Chrome/153.0.8010.36 Mobile Safari/537.36 (compatible; Googlebot/2.1; +http://www.google.com/bot.html)"
157.55.39.14 - - [16/Sep/2026:01:10:09 +0300] "GET /?sale/search/detail/?ITMCODE=52002791126 HTTP/1.1" 200 197773 "-" "Mozilla/5.0 AppleWebKit/537.36 (KHTML, like Gecko; compatible; bingbot/2.0; +http://www.bing.com/bingbot.htm) Chrome/116.0.1938.76 Safari/537.36"
157.55.39.14 - - [16/Sep/2026:01:10:10 +0300] "GET /?sale/search/detail/?ITMCODE=519580946 HTTP/1.1" 200 201320 "-" "Mozilla/5.0 AppleWebKit/537.36 (KHTML, like Gecko; compatible; bingbot/2.0; +http://www.bing.com/bingbot.htm) Chrome/116.0.1938.76 Safari/537.36"
157.55.39.14 - - [16/Sep/2026:01:10:30 +0300] "GET /?sale/search/detail/?ITMCODE=51981998817 HTTP/1.1" 200 195131 "-" "Mozilla/5.0 AppleWebKit/537.36 (KHTML, like Gecko; compatible; bingbot/2.0; +http://www.bing.com/bingbot.htm) Chrome/116.0.1938.76 Safari/537.36"
66.249.68.97 - - [16/Sep/2026:01:10:34 +0300] "GET /?sale/search/detail/?ITMCODE=52002629327 HTTP/1.1" 200 198160 "-" "Mozilla/5.0 (compatible; Googlebot/2.1; +http://www.google.com/bot.html)"
66.249.68.97 - - [16/Sep/2026:01:11:51 +0300] "GET /?sale/search/detail/?ITMCODE=51992332539 HTTP/1.1" 200 202617 "-" "Mozilla/5.0 (Linux; Android 6.0.1; Nexus 5X Build/MMB29P) AppleWebKit/537.36 (KHTML, like Gecko) Chrome/153.0.8010.36 Mobile Safari/537.36 (compatible; Googlebot/2.1; +http://www.google.com/bot.html)"
66.249.68.96 - - [16/Sep/2026:01:17:53 +0300] "GET /?sale/search/detail/?ITMCODE=51992358815 HTTP/1.1" 200 203657 "-" "Mozilla/5.0 (Linux; Android 6.0.1; Nexus 5X Build/MMB29P) AppleWebKit/537.36 (KHTML, like Gecko) Chrome/153.0.8010.36 Mobile Safari/537.36 (compatible; Googlebot/2.1; +http://www.google.com/bot.html)"
157.55.39.197 - - [16/Sep/2026:01:18:11 +0300] "GET /shop/pg/717348 HTTP/1.1" 200 198020 "-" "Mozilla/5.0 AppleWebKit/537.36 (KHTML, like Gecko; compatible; bingbot/2.0; +http://www.bing.com/bingbot.htm) Chrome/116.0.1938.76 Safari/537.36"
66.249.68.98 - - [16/Sep/2026:01:18:14 +0300] "GET / HTTP/1.1" 200 195976 "-" "Mozilla/5.0 (compatible; Googlebot/2.1; +http://www.google.com/bot.html)"
66.249.68.96 - - [16/Sep/2026:01:19:22 +0300] "GET /?sale/search/detail/?ITMCODE=519572721 HTTP/1.1" 200 196702 "-" "Mozilla/5.0 (Linux; Android 6.0.1; Nexus 5X Build/MMB29P) AppleWebKit/537.36 (KHTML, like Gecko) Chrome/153.0.8010.36 Mobile Safari/537.36 (compatible; Googlebot/2.1; +http://www.google.com/bot.html)"
157.55.39.61 - - [16/Sep/2026:01:20:12 +0300] "GET /?sale/search/detail/?ITMCODE=51981984654 HTTP/1.1" 200 206539 "-" "Mozilla/5.0 AppleWebKit/537.36 (KHTML, like Gecko; compatible; bingbot/2.0; +http://www.bing.com/bingbot.htm) Chrome/116.0.1938.76 Safari/537.36"
157.55.39.197 - - [16/Sep/2026:01:20:18 +0300] "GET /?sale/search/detail/?ITMCODE=51971311061 HTTP/1.1" 200 205279 "-" "Mozilla/5.0 AppleWebKit/537.36 (KHTML, like Gecko; compatible; bingbot/2.0; +http://www.bing.com/bingbot.htm) Chrome/116.0.1938.76 Safari/537.36"
43.130.57.46 - - [16/Sep/2026:01:20:27 +0300] "GET / HTTP/1.1" 200 11120 "-" "Mozilla/5.0 (iPhone; CPU iPhone OS 13_2_3 like Mac OS X) AppleWebKit/605.1.15 (KHTML, like Gecko) Version/13.0.3 Mobile/15E148 Safari/604.1"
40.77.167.203 - - [16/Sep/2026:01:21:09 +0300] "GET /robots.txt HTTP/1.1" 200 836 "-" "Mozilla/5.0 AppleWebKit/537.36 (KHTML, like Gecko; compatible; bingbot/2.0; +http://www.bing.com/bingbot.htm) Chrome/116.0.1938.76 Safari/537.36"
157.55.39.197 - - [16/Sep/2026:01:21:10 +0300] "GET /?sale/search/detail/?ITMCODE=52002723273 HTTP/1.1" 200 203554 "-" "Mozilla/5.0 AppleWebKit/537.36 (KHTML, like Gecko; compatible; bingbot/2.0; +http://www.bing.com/bingbot.htm) Chrome/116.0.1938.76 Safari/537.36"
157.55.39.197 - - [16/Sep/2026:01:21:11 +0300] "GET /?sale/search/detail/?ITMCODE=52002901137 HTTP/1.1" 200 208716 "-" "Mozilla/5.0 AppleWebKit/537.36 (KHTML, like Gecko; compatible; bingbot/2.0; +http://www.bing.com/bingbot.htm) Chrome/116.0.1938.76 Safari/537.36"
157.55.39.197 - - [16/Sep/2026:01:21:13 +0300] "GET /?sale/search/detail/?ITMCODE=5196523836 HTTP/1.1" 200 202211 "-" "Mozilla/5.0 AppleWebKit/537.36 (KHTML, like Gecko; compatible; bingbot/2.0; +http://www.bing.com/bingbot.htm) Chrome/116.0.1938.76 Safari/537.36"
157.55.39.61 - - [16/Sep/2026:01:21:13 +0300] "GET /?sale/search/detail/?ITMCODE=52002551442 HTTP/1.1" 200 194223 "-" "Mozilla/5.0 AppleWebKit/537.36 (KHTML, like Gecko; compatible; bingbot/2.0; +http://www.bing.com/bingbot.htm) Chrome/116.0.1938.76 Safari/537.36"
52.167.144.208 - - [16/Sep/2026:01:21:13 +0300] "GET /?sale/search/detail/?ITMCODE=51981616116 HTTP/1.1" 200 202972 "-" "Mozilla/5.0 AppleWebKit/537.36 (KHTML, like Gecko; compatible; bingbot/2.0; +http://www.bing.com/bingbot.htm) Chrome/116.0.1938.76 Safari/537.36"
157.55.39.61 - - [16/Sep/2026:01:21:14 +0300] "GET /?sale/search/detail/?ITMCODE=51992179538 HTTP/1.1" 200 196953 "-" "Mozilla/5.0 AppleWebKit/537.36 (KHTML, like Gecko; compatible; bingbot/2.0; +http://www.bing.com/bingbot.htm) Chrome/116.0.1938.76 Safari/537.36"
207.46.13.63 - - [16/Sep/2026:01:22:25 +0300] "GET /shop/pg/745287 HTTP/1.1" 200 230446 "-" "Mozilla/5.0 AppleWebKit/537.36 (KHTML, like Gecko; compatible; bingbot/2.0; +http://www.bing.com/bingbot.htm) Chrome/116.0.1938.76 Safari/537.36"
66.249.68.96 - - [16/Sep/2026:01:24:59 +0300] "GET /?sale/search/detail/?ITMCODE=5195335894 HTTP/1.1" 200 198847 "-" "Mozilla/5.0 (Linux; Android 6.0.1; Nexus 5X Build/MMB29P) AppleWebKit/537.36 (KHTML, like Gecko) Chrome/153.0.8010.36 Mobile Safari/537.36 (compatible; Googlebot/2.1; +http://www.google.com/bot.html)"
49.51.233.95 - - [16/Sep/2026:01:29:51 +0300] "GET /index.php/maistas-i-namus HTTP/1.1" 200 7828 "-" "Mozilla/5.0 (iPhone; CPU iPhone OS 13_2_3 like Mac OS X) AppleWebKit/605.1.15 (KHTML, like Gecko) Version/13.0.3 Mobile/15E148 Safari/604.1"
66.249.68.97 - - [16/Sep/2026:01:30:28 +0300] "GET /?sale/search/detail/?ITMCODE=52002682396 HTTP/1.1" 200 194908 "-" "Mozilla/5.0 (Linux; Android 6.0.1; Nexus 5X Build/MMB29P) AppleWebKit/537.36 (KHTML, like Gecko) Chrome/153.0.8010.36 Mobile Safari/537.36 (compatible; Googlebot/2.1; +http://www.google.com/bot.html)"
66.249.68.97 - - [16/Sep/2026:01:31:37 +0300] "GET /?sale/search/detail/?ITMCODE=5196557862 HTTP/1.1" 200 196310 "-" "Mozilla/5.0 (Linux; Android 6.0.1; Nexus 5X Build/MMB29P) AppleWebKit/537.36 (KHTML, like Gecko) Chrome/153.0.8010.36 Mobile Safari/537.36 (compatible; Googlebot/2.1; +http://www.google.com/bot.html)"
157.55.39.54 - - [16/Sep/2026:01:33:41 +0300] "GET /shop/pg/967698 HTTP/1.1" 200 213589 "-" "Mozilla/5.0 AppleWebKit/537.36 (KHTML, like Gecko; compatible; bingbot/2.0; +http://www.bing.com/bingbot.htm) Chrome/116.0.1938.76 Safari/537.36"
157.55.39.54 - - [16/Sep/2026:01:36:44 +0300] "GET /shop/pg/5196647638 HTTP/1.1" 200 197747 "-" "Mozilla/5.0 AppleWebKit/537.36 (KHTML, like Gecko; compatible; bingbot/2.0; +http://www.bing.com/bingbot.htm) Chrome/116.0.1938.76 Safari/537.36"
66.249.68.96 - - [16/Sep/2026:01:36:48 +0300] "GET /?sale/search/detail/?ITMCODE=52002927360 HTTP/1.1" 200 198299 "-" "Mozilla/5.0 (Linux; Android 6.0.1; Nexus 5X Build/MMB29P) AppleWebKit/537.36 (KHTML, like Gecko) Chrome/153.0.8010.36 Mobile Safari/537.36 (compatible; Googlebot/2.1; +http://www.google.com/bot.html)"
66.249.68.96 - - [16/Sep/2026:01:38:21 +0300] "GET /sale/search/detail/?ITMCODE=5196610368 HTTP/1.1" 200 205971 "-" "Mozilla/5.0 (Linux; Android 6.0.1; Nexus 5X Build/MMB29P) AppleWebKit/537.36 (KHTML, like Gecko) Chrome/153.0.8010.36 Mobile Safari/537.36 (compatible; Googlebot/2.1; +http://www.google.com/bot.html)"
43.167.245.18 - - [16/Sep/2026:01:39:01 +0300] "GET / HTTP/1.1" 200 11140 "-" "Mozilla/5.0 (iPhone; CPU iPhone OS 13_2_3 like Mac OS X) AppleWebKit/605.1.15 (KHTML, like Gecko) Version/13.0.3 Mobile/15E148 Safari/604.1"
207.46.13.151 - - [16/Sep/2026:01:40:03 +0300] "GET /shop/pg/870896 HTTP/1.1" 200 201738 "-" "Mozilla/5.0 AppleWebKit/537.36 (KHTML, like Gecko; compatible; bingbot/2.0; +http://www.bing.com/bingbot.htm) Chrome/116.0.1938.76 Safari/537.36"
157.55.39.54 - - [16/Sep/2026:01:40:07 +0300] "GET /shop/pg/5196810461 HTTP/1.1" 200 203016 "-" "Mozilla/5.0 AppleWebKit/537.36 (KHTML, like Gecko; compatible; bingbot/2.0; +http://www.bing.com/bingbot.htm) Chrome/116.0.1938.76 Safari/537.36"
43.167.239.66 - - [16/Sep/2026:01:40:59 +0300] "GET /plugins/content/dearflip/dflip/ HTTP/1.1" 200 123 "-" "Mozilla/5.0 (iPhone; CPU iPhone OS 13_2_3 like Mac OS X) AppleWebKit/605.1.15 (KHTML, like Gecko) Version/13.0.3 Mobile/15E148 Safari/604.1"
66.249.68.97 - - [16/Sep/2026:01:41:16 +0300] "GET /?sale/search/detail/?ITMCODE=51971466360 HTTP/1.1" 200 194260 "-" "Mozilla/5.0 (Linux; Android 6.0.1; Nexus 5X Build/MMB29P) AppleWebKit/537.36 (KHTML, like Gecko) Chrome/153.0.8010.36 Mobile Safari/537.36 (compatible; Googlebot/2.1; +http://www.google.com/bot.html)"
66.249.68.96 - - [16/Sep/2026:01:42:22 +0300] "GET /?sale/search/detail/?ITMCODE=51971250696 HTTP/1.1" 200 203344 "-" "Mozilla/5.0 (Linux; Android 6.0.1; Nexus 5X Build/MMB29P) AppleWebKit/537.36 (KHTML, like Gecko) Chrome/153.0.8010.36 Mobile Safari/537.36 (compatible; Googlebot/2.1; +http://www.google.com/bot.html)"
207.46.13.151 - - [16/Sep/2026:01:42:23 +0300] "GET /shop/pg/51954546 HTTP/1.1" 200 203958 "-" "Mozilla/5.0 AppleWebKit/537.36 (KHTML, like Gecko; compatible; bingbot/2.0; +http://www.bing.com/bingbot.htm) Chrome/116.0.1938.76 Safari/537.36"
216.73.217.43 - - [16/Sep/2026:01:42:25 +0300] "GET /robots.txt HTTP/1.1" 200 836 "-" "Mozilla/5.0 AppleWebKit/537.36 (KHTML, like Gecko; compatible; ClaudeBot/1.0; +claudebot@anthropic.com)"
216.73.217.43 - - [16/Sep/2026:01:42:27 +0300] "GET /sitemap.xml HTTP/1.1" 200 1307 "-" "Mozilla/5.0 AppleWebKit/537.36 (KHTML, like Gecko; compatible; ClaudeBot/1.0; +claudebot@anthropic.com)"
66.249.68.97 - - [16/Sep/2026:01:43:02 +0300] "GET /?sale/search/detail/?ITMCODE=52002603582 HTTP/1.1" 200 198244 "-" "Mozilla/5.0 (Linux; Android 6.0.1; Nexus 5X Build/MMB29P) AppleWebKit/537.36 (KHTML, like Gecko) Chrome/153.0.8010.36 Mobile Safari/537.36 (compatible; Googlebot/2.1; +http://www.google.com/bot.html)"
52.167.144.206 - - [16/Sep/2026:01:43:15 +0300] "GET /sale/search/detail/?ITMCODE=52002858126 HTTP/1.1" 200 192834 "-" "Mozilla/5.0 AppleWebKit/537.36 (KHTML, like Gecko; compatible; bingbot/2.0; +http://www.bing.com/bingbot.htm) Chrome/116.0.1938.76 Safari/537.36"
66.249.68.98 - - [16/Sep/2026:01:43:40 +0300] "GET /?sale/search/detail/?ITMCODE=5195318818 HTTP/1.1" 200 206141 "-" "Mozilla/5.0 (Linux; Android 6.0.1; Nexus 5X Build/MMB29P) AppleWebKit/537.36 (KHTML, like Gecko) Chrome/153.0.8010.36 Mobile Safari/537.36 (compatible; Googlebot/2.1; +http://www.google.com/bot.html)"
66.249.68.96 - - [16/Sep/2026:01:44:01 +0300] "GET /contents/reform HTTP/1.1" 200 210769 "-" "Mozilla/5.0 (Linux; Android 6.0.1; Nexus 5X Build/MMB29P) AppleWebKit/537.36 (KHTML, like Gecko) Chrome/153.0.8010.36 Mobile Safari/537.36 (compatible; Googlebot/2.1; +http://www.google.com/bot.html)"
66.249.68.100 - - [16/Sep/2026:01:44:03 +0300] "GET /?sale/search/detail/?ITMCODE=52002795062 HTTP/1.1" 200 205618 "-" "Mozilla/5.0 (Linux; Android 6.0.1; Nexus 5X Build/MMB29P) AppleWebKit/537.36 (KHTML, like Gecko) Chrome/153.0.8010.36 Mobile Safari/537.36 (compatible; Googlebot/2.1; +http://www.google.com/bot.html)"
66.249.68.98 - - [16/Sep/2026:01:44:16 +0300] "GET /index.php?sale/search/detail/?ITMCODE=5196980924 HTTP/1.1" 200 212859 "-" "Mozilla/5.0 (Linux; Android 6.0.1; Nexus 5X Build/MMB29P) AppleWebKit/537.36 (KHTML, like Gecko) Chrome/153.0.8010.36 Mobile Safari/537.36 (compatible; Googlebot/2.1; +http://www.google.com/bot.html)"
136.144.35.66 - - [16/Sep/2026:01:44:30 +0300] "GET /wp-login.php HTTP/1.1" 404 1320 "-" "Mozilla/5.0"
43.161.251.162 - - [16/Sep/2026:01:48:53 +0300] "GET / HTTP/1.1" 200 11120 "-" "Mozilla/5.0 (iPhone; CPU iPhone OS 13_2_3 like Mac OS X) AppleWebKit/605.1.15 (KHTML, like Gecko) Version/13.0.3 Mobile/15E148 Safari/604.1"
66.249.68.98 - - [16/Sep/2026:01:50:53 +0300] "GET /?sale/search/detail/?ITMCODE=5196575998 HTTP/1.1" 200 203094 "-" "Mozilla/5.0 (Linux; Android 6.0.1; Nexus 5X Build/MMB29P) AppleWebKit/537.36 (KHTML, like Gecko) Chrome/153.0.8010.36 Mobile Safari/537.36 (compatible; Googlebot/2.1; +http://www.google.com/bot.html)"
207.46.13.150 - - [16/Sep/2026:01:51:14 +0300] "GET /shop/pg/712341 HTTP/1.1" 200 193495 "-" "Mozilla/5.0 AppleWebKit/537.36 (KHTML, like Gecko; compatible; bingbot/2.0; +http://www.bing.com/bingbot.htm) Chrome/116.0.1938.76 Safari/537.36"
66.249.68.98 - - [16/Sep/2026:01:56:39 +0300] "GET /?sale/search/detail/?ITMCODE=5196949529 HTTP/1.1" 200 213389 "-" "Mozilla/5.0 (Linux; Android 6.0.1; Nexus 5X Build/MMB29P) AppleWebKit/537.36 (KHTML, like Gecko) Chrome/153.0.8010.36 Mobile Safari/537.36 (compatible; Googlebot/2.1; +http://www.google.com/bot.html)"
43.157.175.122 - - [16/Sep/2026:01:58:36 +0300] "GET / HTTP/1.1" 200 11120 "-" "Mozilla/5.0 (iPhone; CPU iPhone OS 13_2_3 like Mac OS X) AppleWebKit/605.1.15 (KHTML, like Gecko) Version/13.0.3 Mobile/15E148 Safari/604.1"
40.77.167.24 - - [16/Sep/2026:02:02:16 +0300] "GET /shop/pg/5195391722 HTTP/1.1" 200 198695 "-" "Mozilla/5.0 AppleWebKit/537.36 (KHTML, like Gecko; compatible; bingbot/2.0; +http://www.bing.com/bingbot.htm) Chrome/116.0.1938.76 Safari/537.36"
66.249.68.96 - - [16/Sep/2026:02:04:30 +0300] "GET /?sale/search/detail/?ITMCODE=51992322081 HTTP/1.1" 200 203309 "-" "Mozilla/5.0 (Linux; Android 6.0.1; Nexus 5X Build/MMB29P) AppleWebKit/537.36 (KHTML, like Gecko) Chrome/153.0.8010.36 Mobile Safari/537.36 (compatible; Googlebot/2.1; +http://www.google.com/bot.html)"
66.249.68.97 - - [16/Sep/2026:02:07:23 +0300] "GET /?sale/search/detail/?ITMCODE=51981619413 HTTP/1.1" 200 202875 "-" "Mozilla/5.0 (Linux; Android 6.0.1; Nexus 5X Build/MMB29P) AppleWebKit/537.36 (KHTML, like Gecko) Chrome/153.0.8010.36 Mobile Safari/537.36 (compatible; Googlebot/2.1; +http://www.google.com/bot.html)"
170.106.187.106 - - [16/Sep/2026:02:08:24 +0300] "GET / HTTP/1.1" 200 11120 "-" "Mozilla/5.0 (iPhone; CPU iPhone OS 13_2_3 like Mac OS X) AppleWebKit/605.1.15 (KHTML, like Gecko) Version/13.0.3 Mobile/15E148 Safari/604.1"
66.249.68.97 - - [16/Sep/2026:02:09:43 +0300] "GET /?sale/search/detail/?ITMCODE=5195499068 HTTP/1.1" 200 201800 "-" "Mozilla/5.0 (Linux; Android 6.0.1; Nexus 5X Build/MMB29P) AppleWebKit/537.36 (KHTML, like Gecko) Chrome/153.0.8010.36 Mobile Safari/537.36 (compatible; Googlebot/2.1; +http://www.google.com/bot.html)"
66.249.68.96 - - [16/Sep/2026:02:11:43 +0300] "GET /?sale/search/detail/?ITMCODE=5195227284 HTTP/1.1" 200 198484 "-" "Mozilla/5.0 (Linux; Android 6.0.1; Nexus 5X Build/MMB29P) AppleWebKit/537.36 (KHTML, like Gecko) Chrome/153.0.8010.36 Mobile Safari/537.36 (compatible; Googlebot/2.1; +http://www.google.com/bot.html)"
185.191.171.19 - - [16/Sep/2026:02:12:46 +0300] "GET /robots.txt HTTP/1.1" 200 836 "-" "Mozilla/5.0 (compatible; SemrushBot/7~bl; +http://www.semrush.com/bot.html)"
85.208.96.209 - - [16/Sep/2026:02:12:47 +0300] "GET /?sale%2Fsearch%2Fdetail%2F%3FITMCODE=519825934218 HTTP/1.1" 200 11138 "-" "Mozilla/5.0 (compatible; SemrushBot/7~bl; +http://www.semrush.com/bot.html)"
66.249.68.97 - - [16/Sep/2026:02:13:09 +0300] "GET /?sale/search/detail/?ITMCODE=51981500785 HTTP/1.1" 200 198231 "-" "Mozilla/5.0 (Linux; Android 6.0.1; Nexus 5X Build/MMB29P) AppleWebKit/537.36 (KHTML, like Gecko) Chrome/153.0.8010.36 Mobile Safari/537.36 (compatible; Googlebot/2.1; +http://www.google.com/bot.html)"
157.55.39.201 - - [16/Sep/2026:02:15:44 +0300] "GET /shop/pg/732369 HTTP/1.1" 200 194003 "-" "Mozilla/5.0 AppleWebKit/537.36 (KHTML, like Gecko; compatible; bingbot/2.0; +http://www.bing.com/bingbot.htm) Chrome/116.0.1938.76 Safari/537.36"
85.208.96.197 - - [16/Sep/2026:02:16:47 +0300] "GET /?sale%2Fsearch%2Fdetail%2F%3FITMCODE=51963892945 HTTP/1.1" 200 11138 "-" "Mozilla/5.0 (compatible; SemrushBot/7~bl; +http://www.semrush.com/bot.html)"
