66.249.68.104 - - [15/Sep/2026:19:46:47 +0300] "GET /?sale/search/detail/?ITMCODE=52002667338 HTTP/1.1" 200 200881 "-" "Mozilla/5.0 (Linux; Android 6.0.1; Nexus 5X Build/MMB29P) AppleWebKit/537.36 (KHTML, like Gecko) Chrome/152.0.7977.82 Mobile Safari/537.36 (compatible; Googlebot/2.1; +http://www.google.com/bot.html)"
207.46.13.153 - - [15/Sep/2026:19:46:51 +0300] "GET /shop/pg/5196885566 HTTP/1.1" 200 195737 "-" "Mozilla/5.0 AppleWebKit/537.36 (KHTML, like Gecko; compatible; bingbot/2.0; +http://www.bing.com/bingbot.htm) Chrome/116.0.1938.76 Safari/537.36"
43.153.27.244 - - [15/Sep/2026:19:49:00 +0300] "GET / HTTP/1.1" 200 11140 "-" "Mozilla/5.0 (iPhone; CPU iPhone OS 13_2_3 like Mac OS X) AppleWebKit/605.1.15 (KHTML, like Gecko) Version/13.0.3 Mobile/15E148 Safari/604.1"
66.249.68.105 - - [15/Sep/2026:19:51:10 +0300] "GET /?sale/search/detail/?ITMCODE=5196722746 HTTP/1.1" 200 201396 "-" "Mozilla/5.0 (Linux; Android 6.0.1; Nexus 5X Build/MMB29P) AppleWebKit/537.36 (KHTML, like Gecko) Chrome/152.0.7977.82 Mobile Safari/537.36 (compatible; Googlebot/2.1; +http://www.google.com/bot.html)"
35.231.170.166 - - [15/Sep/2026:19:51:35 +0300] "HEAD /new/ HTTP/1.1" 404 - "-" "Mozilla/5.0 (Windows NT 11.0; Win64; x64) AppleWebKit/537.36 (KHTML, like Gecko) Chrome/128.0.6540.18 Safari/537.36"
35.231.170.166 - - [15/Sep/2026:19:51:36 +0300] "HEAD /wordpress/ HTTP/1.1" 404 - "-" "Mozilla/5.0 (Linux; Android 13; Nokia G42 5G) AppleWebKit/537.36 (KHTML, like Gecko) Chrome/126.0.6478.41 Mobile Safari/537.36"
35.231.170.166 - - [15/Sep/2026:19:51:36 +0300] "HEAD /blog/ HTTP/1.1" 404 - "-" "Mozilla/5.0 (X11; Linux x86_64; rv:127.0) Gecko/20100101 Firefox/127.0"
35.231.170.166 - - [15/Sep/2026:19:51:36 +0300] "HEAD / HTTP/1.1" 200 - "-" "Mozilla/5.0 (Linux; Android 13; Infinix X688B) AppleWebKit/537.36 (KHTML, like Gecko) Chrome/124.0.6367.48 Mobile Safari/537.36"
35.231.170.166 - - [15/Sep/2026:19:51:36 +0300] "HEAD /backup/ HTTP/1.1" 404 - "-" "Mozilla/5.0 (Linux; Android 13; Pixel 7a) AppleWebKit/537.36 (KHTML, like Gecko) Chrome/124.0.6367.82 Mobile Safari/537.36"
216.73.217.43 - - [15/Sep/2026:19:51:37 +0300] "GET /robots.txt HTTP/1.1" 200 836 "-" "Mozilla/5.0 AppleWebKit/537.36 (KHTML, like Gecko; compatible; ClaudeBot/1.0; +claudebot@anthropic.com)"
35.231.170.166 - - [15/Sep/2026:19:51:37 +0300] "HEAD /old/ HTTP/1.1" 404 - "-" "Mozilla/5.0 (Linux; Android 11; RMX2195) AppleWebKit/537.36 (KHTML, like Gecko) Chrome/120.0.6099.210 Mobile Safari/537.36 OPR/75.2.3995.72468"
35.231.170.166 - - [15/Sep/2026:19:51:37 +0300] "HEAD /wp/ HTTP/1.1" 404 - "-" "Mozilla/5.0 (iPad; CPU OS 17_4 like Mac OS X) AppleWebKit/605.1.15 (KHTML, like Gecko) Version/17.4 Mobile/15E148 Safari/604.1"
216.73.217.43 - - [15/Sep/2026:19:51:37 +0300] "GET /sitemap.xml HTTP/1.1" 200 1307 "-" "Mozilla/5.0 AppleWebKit/537.36 (KHTML, like Gecko; compatible; ClaudeBot/1.0; +claudebot@anthropic.com)"
40.77.167.156 - - [15/Sep/2026:19:52:43 +0300] "GET /shop/pg/5196835493 HTTP/1.1" 200 197244 "-" "Mozilla/5.0 AppleWebKit/537.36 (KHTML, like Gecko; compatible; bingbot/2.0; +http://www.bing.com/bingbot.htm) Chrome/116.0.1938.76 Safari/537.36"
66.249.68.104 - - [15/Sep/2026:19:53:27 +0300] "GET /?sale/search/detail/?ITMCODE=51971110593 HTTP/1.1" 200 194028 "-" "Mozilla/5.0 (Linux; Android 6.0.1; Nexus 5X Build/MMB29P) AppleWebKit/537.36 (KHTML, like Gecko) Chrome/152.0.7977.82 Mobile Safari/537.36 (compatible; Googlebot/2.1; +http://www.google.com/bot.html)"
66.249.68.104 - - [15/Sep/2026:19:57:19 +0300] "GET /?sale/search/detail/?ITMCODE=51981935590 HTTP/1.1" 200 200142 "-" "Mozilla/5.0 (Linux; Android 6.0.1; Nexus 5X Build/MMB29P) AppleWebKit/537.36 (KHTML, like Gecko) Chrome/152.0.7977.82 Mobile Safari/537.36 (compatible; Googlebot/2.1; +http://www.google.com/bot.html)"
43.165.197.116 - - [15/Sep/2026:19:58:05 +0300] "GET / HTTP/1.1" 200 11140 "-" "Mozilla/5.0 (iPhone; CPU iPhone OS 13_2_3 like Mac OS X) AppleWebKit/605.1.15 (KHTML, like Gecko) Version/13.0.3 Mobile/15E148 Safari/604.1"
157.55.39.59 - - [15/Sep/2026:20:02:36 +0300] "GET / HTTP/1.1" 200 195976 "-" "Mozilla/5.0 AppleWebKit/537.36 (KHTML, like Gecko; compatible; bingbot/2.0; +http://www.bing.com/bingbot.htm) Chrome/116.0.1938.76 Safari/537.36"
66.249.68.104 - - [15/Sep/2026:20:04:36 +0300] "GET /?sale/search/detail/?ITMCODE=5195279850 HTTP/1.1" 200 216102 "-" "Mozilla/5.0 (Linux; Android 6.0.1; Nexus 5X Build/MMB29P) AppleWebKit/537.36 (KHTML, like Gecko) Chrome/152.0.7977.82 Mobile Safari/537.36 (compatible; Googlebot/2.1; +http://www.google.com/bot.html)"
52.167.144.236 - - [15/Sep/2026:20:05:22 +0300] "GET /shop/pg/872565 HTTP/1.1" 200 203831 "-" "Mozilla/5.0 AppleWebKit/537.36 (KHTML, like Gecko; compatible; bingbot/2.0; +http://www.bing.com/bingbot.htm) Chrome/116.0.1938.76 Safari/537.36"
66.249.68.105 - - [15/Sep/2026:20:05:38 +0300] "GET /?sale/search/detail/?ITMCODE=52002542323 HTTP/1.1" 200 209023 "-" "Mozilla/5.0 (Linux; Android 6.0.1; Nexus 5X Build/MMB29P) AppleWebKit/537.36 (KHTML, like Gecko) Chrome/152.0.7977.82 Mobile Safari/537.36 (compatible; Googlebot/2.1; +http://www.google.com/bot.html)"
66.249.68.105 - - [15/Sep/2026:20:05:40 +0300] "GET /?sale/search/detail/?ITMCODE=5196909070 HTTP/1.1" 200 227489 "-" "Mozilla/5.0 (Linux; Android 6.0.1; Nexus 5X Build/MMB29P) AppleWebKit/537.36 (KHTML, like Gecko) Chrome/152.0.7977.82 Mobile Safari/537.36 (compatible; Googlebot/2.1; +http://www.google.com/bot.html)"
66.249.68.104 - - [15/Sep/2026:20:06:45 +0300] "GET /?sale/search/detail/?ITMCODE=5196633194 HTTP/1.1" 200 202895 "-" "Mozilla/5.0 (Linux; Android 6.0.1; Nexus 5X Build/MMB29P) AppleWebKit/537.36 (KHTML, like Gecko) Chrome/152.0.7977.82 Mobile Safari/537.36 (compatible; Googlebot/2.1; +http://www.google.com/bot.html)"
49.51.36.179 - - [15/Sep/2026:20:06:51 +0300] "GET / HTTP/1.1" 200 11140 "-" "Mozilla/5.0 (iPhone; CPU iPhone OS 13_2_3 like Mac OS X) AppleWebKit/605.1.15 (KHTML, like Gecko) Version/13.0.3 Mobile/15E148 Safari/604.1"
66.249.68.105 - - [15/Sep/2026:20:07:10 +0300] "GET /?sale/search/detail/?ITMCODE=51981671683 HTTP/1.1" 200 195761 "-" "Mozilla/5.0 (Linux; Android 6.0.1; Nexus 5X Build/MMB29P) AppleWebKit/537.36 (KHTML, like Gecko) Chrome/152.0.7977.82 Mobile Safari/537.36 (compatible; Googlebot/2.1; +http://www.google.com/bot.html)"
52.167.144.157 - - [15/Sep/2026:20:12:03 +0300] "GET /shop/pg/5196833829 HTTP/1.1" 200 199734 "-" "Mozilla/5.0 AppleWebKit/537.36 (KHTML, like Gecko; compatible; bingbot/2.0; +http://www.bing.com/bingbot.htm) Chrome/116.0.1938.76 Safari/537.36"
66.249.68.104 - - [15/Sep/2026:20:12:31 +0300] "GET /?sale/search/detail/?ITMCODE=51992340706 HTTP/1.1" 200 195631 "-" "Mozilla/5.0 (Linux; Android 6.0.1; Nexus 5X Build/MMB29P) AppleWebKit/537.36 (KHTML, like Gecko) Chrome/152.0.7977.82 Mobile Safari/537.36 (compatible; Googlebot/2.1; +http://www.google.com/bot.html)"
66.249.68.105 - - [15/Sep/2026:20:13:13 +0300] "GET /?sale/search/detail/?ITMCODE=51981951143 HTTP/1.1" 200 197511 "-" "Mozilla/5.0 (Linux; Android 6.0.1; Nexus 5X Build/MMB29P) AppleWebKit/537.36 (KHTML, like Gecko) Chrome/152.0.7977.82 Mobile Safari/537.36 (compatible; Googlebot/2.1; +http://www.google.com/bot.html)"
43.157.22.109 - - [15/Sep/2026:20:17:28 +0300] "GET / HTTP/1.1" 200 11140 "-" "Mozilla/5.0 (iPhone; CPU iPhone OS 13_2_3 like Mac OS X) AppleWebKit/605.1.15 (KHTML, like Gecko) Version/13.0.3 Mobile/15E148 Safari/604.1"
207.46.13.51 - - [15/Sep/2026:20:19:12 +0300] "GET /shop/pg/1435 HTTP/1.1" 200 196499 "-" "Mozilla/5.0 AppleWebKit/537.36 (KHTML, like Gecko; compatible; bingbot/2.0; +http://www.bing.com/bingbot.htm) Chrome/116.0.1938.76 Safari/537.36"
66.249.68.104 - - [15/Sep/2026:20:19:36 +0300] "GET /?sale/search/detail/?ITMCODE=51971446262 HTTP/1.1" 200 197257 "-" "Mozilla/5.0 (Linux; Android 6.0.1; Nexus 5X Build/MMB29P) AppleWebKit/537.36 (KHTML, like Gecko) Chrome/152.0.7977.82 Mobile Safari/537.36 (compatible; Googlebot/2.1; +http://www.google.com/bot.html)"
66.249.68.104 - - [15/Sep/2026:20:21:47 +0300] "GET /?sale/search/detail/?ITMCODE=51981899165 HTTP/1.1" 200 203184 "-" "Mozilla/5.0 (Linux; Android 6.0.1; Nexus 5X Build/MMB29P) AppleWebKit/537.36 (KHTML, like Gecko) Chrome/152.0.7977.82 Mobile Safari/537.36 (compatible; Googlebot/2.1; +http://www.google.com/bot.html)"
66.249.68.104 - - [15/Sep/2026:20:22:47 +0300] "GET /?sale/search/detail/?ITMCODE=5195413226 HTTP/1.1" 200 211748 "-" "Mozilla/5.0 (Linux; Android 6.0.1; Nexus 5X Build/MMB29P) AppleWebKit/537.36 (KHTML, like Gecko) Chrome/152.0.7977.82 Mobile Safari/537.36 (compatible; Googlebot/2.1; +http://www.google.com/bot.html)"
66.249.68.104 - - [15/Sep/2026:20:23:56 +0300] "GET /?sale/search/detail/?ITMCODE=52002889707 HTTP/1.1" 200 203469 "-" "Mozilla/5.0 (Linux; Android 6.0.1; Nexus 5X Build/MMB29P) AppleWebKit/537.36 (KHTML, like Gecko) Chrome/152.0.7977.82 Mobile Safari/537.36 (compatible; Googlebot/2.1; +http://www.google.com/bot.html)"
157.55.39.202 - - [15/Sep/2026:20:24:15 +0300] "GET /shop/pg/95 HTTP/1.1" 200 198518 "-" "Mozilla/5.0 AppleWebKit/537.36 (KHTML, like Gecko; compatible; bingbot/2.0; +http://www.bing.com/bingbot.htm) Chrome/116.0.1938.76 Safari/537.36"
66.249.68.104 - - [15/Sep/2026:20:24:50 +0300] "GET /?sale/search/detail/?ITMCODE=51971303402 HTTP/1.1" 200 196041 "-" "Mozilla/5.0 (Linux; Android 6.0.1; Nexus 5X Build/MMB29P) AppleWebKit/537.36 (KHTML, like Gecko) Chrome/152.0.7977.82 Mobile Safari/537.36 (compatible; Googlebot/2.1; +http://www.google.com/bot.html)"
66.249.68.96 - - [15/Sep/2026:20:25:17 +0300] "GET /?sale/search/detail/?ITMCODE=51971289666 HTTP/1.1" 200 193725 "-" "Mozilla/5.0 (Linux; Android 6.0.1; Nexus 5X Build/MMB29P) AppleWebKit/537.36 (KHTML, like Gecko) Chrome/152.0.7977.82 Mobile Safari/537.36 (compatible; Googlebot/2.1; +http://www.google.com/bot.html)"
66.249.68.104 - - [15/Sep/2026:20:26:33 +0300] "GET /?sale/search/detail/?ITMCODE=51992062116 HTTP/1.1" 200 197514 "-" "Mozilla/5.0 (Linux; Android 6.0.1; Nexus 5X Build/MMB29P) AppleWebKit/537.36 (KHTML, like Gecko) Chrome/152.0.7977.82 Mobile Safari/537.36 (compatible; Googlebot/2.1; +http://www.google.com/bot.html)"
66.249.68.96 - - [15/Sep/2026:20:26:33 +0300] "GET /?sale/search/detail/?ITMCODE=52002988840 HTTP/1.1" 200 195795 "-" "Mozilla/5.0 (Linux; Android 6.0.1; Nexus 5X Build/MMB29P) AppleWebKit/537.36 (KHTML, like Gecko) Chrome/152.0.7977.82 Mobile Safari/537.36 (compatible; Googlebot/2.1; +http://www.google.com/bot.html)"
124.156.157.91 - - [15/Sep/2026:20:27:26 +0300] "GET / HTTP/1.1" 200 11140 "-" "Mozilla/5.0 (iPhone; CPU iPhone OS 13_2_3 like Mac OS X) AppleWebKit/605.1.15 (KHTML, like Gecko) Version/13.0.3 Mobile/15E148 Safari/604.1"
79.125.128.113 - - [15/Sep/2026:20:28:03 +0300] "GET http://www.chenglong.lt/?sale%2Fsearch%2Fdetail%2F%3FITMCODE=51992280848 HTTP/1.1" 404 1317 "http://www.chenglong.lt" "Mozilla/5.0 (Windows NT 10.0; Win64; x64) AppleWebKit/537.36 (KHTML, like Gecko) Chrome/142.0.0.0 Safari/537.36"
173.252.95.62 - - [15/Sep/2026:20:28:08 +0300] "GET /robots.txt HTTP/1.1" 206 836 "-" "facebookexternalhit/1.1 (+http://www.facebook.com/externalhit_uatext.php)"
173.252.95.11 - - [15/Sep/2026:20:28:08 +0300] "GET / HTTP/1.1" 200 11118 "-" "meta-externalagent/1.1 (+https://developers.facebook.com/docs/sharing/webmasters/crawler)"
66.249.68.105 - - [15/Sep/2026:20:30:06 +0300] "GET /?sale/search/detail/?ITMCODE=5196614009 HTTP/1.1" 200 201332 "-" "Mozilla/5.0 (Linux; Android 6.0.1; Nexus 5X Build/MMB29P) AppleWebKit/537.36 (KHTML, like Gecko) Chrome/152.0.7977.82 Mobile Safari/537.36 (compatible; Googlebot/2.1; +http://www.google.com/bot.html)"
66.249.68.96 - - [15/Sep/2026:20:31:49 +0300] "GET /?sale/search/detail/?ITMCODE=51981785610 HTTP/1.1" 200 196093 "-" "Mozilla/5.0 (compatible; Googlebot/2.1; +http://www.google.com/bot.html)"
66.249.68.104 - - [15/Sep/2026:20:33:22 +0300] "GET /?sale/search/detail/?ITMCODE=5195462857 HTTP/1.1" 200 201397 "-" "Mozilla/5.0 (Linux; Android 6.0.1; Nexus 5X Build/MMB29P) AppleWebKit/537.36 (KHTML, like Gecko) Chrome/152.0.7977.82 Mobile Safari/537.36 (compatible; Googlebot/2.1; +http://www.google.com/bot.html)"
207.46.13.154 - - [15/Sep/2026:20:38:25 +0300] "GET /sale/search/detail/?ITMCODE=52002866988 HTTP/1.1" 200 213024 "-" "Mozilla/5.0 AppleWebKit/537.36 (KHTML, like Gecko; compatible; bingbot/2.0; +http://www.bing.com/bingbot.htm) Chrome/116.0.1938.76 Safari/537.36"
207.46.13.154 - - [15/Sep/2026:20:38:26 +0300] "GET /sale/search/detail/?ITMCODE=52002846732 HTTP/1.1" 200 197078 "-" "Mozilla/5.0 AppleWebKit/537.36 (KHTML, like Gecko; compatible; bingbot/2.0; +http://www.bing.com/bingbot.htm) Chrome/116.0.1938.76 Safari/537.36"
157.55.39.59 - - [15/Sep/2026:20:38:29 +0300] "GET /sale/search/detail/?ITMCODE=52002945480 HTTP/1.1" 200 196249 "-" "Mozilla/5.0 AppleWebKit/537.36 (KHTML, like Gecko; compatible; bingbot/2.0; +http://www.bing.com/bingbot.htm) Chrome/116.0.1938.76 Safari/537.36"
40.77.167.235 - - [15/Sep/2026:20:41:26 +0300] "GET /shop/pg/5196860543 HTTP/1.1" 200 185079 "-" "Mozilla/5.0 AppleWebKit/537.36 (KHTML, like Gecko; compatible; bingbot/2.0; +http://www.bing.com/bingbot.htm) Chrome/116.0.1938.76 Safari/537.36"
207.46.13.36 - - [15/Sep/2026:20:43:15 +0300] "GET /shop/pg/1019437 HTTP/1.1" 200 198471 "-" "Mozilla/5.0 AppleWebKit/537.36 (KHTML, like Gecko; compatible; bingbot/2.0; +http://www.bing.com/bingbot.htm) Chrome/116.0.1938.76 Safari/537.36"
207.46.13.141 - - [15/Sep/2026:20:43:31 +0300] "GET /shop/pg/1034458 HTTP/1.1" 200 197088 "-" "Mozilla/5.0 AppleWebKit/537.36 (KHTML, like Gecko; compatible; bingbot/2.0; +http://www.bing.com/bingbot.htm) Chrome/116.0.1938.76 Safari/537.36"
52.167.144.25 - - [15/Sep/2026:20:46:06 +0300] "GET /shop/pg/1011092 HTTP/1.1" 200 195653 "-" "Mozilla/5.0 AppleWebKit/537.36 (KHTML, like Gecko; compatible; bingbot/2.0; +http://www.bing.com/bingbot.htm) Chrome/116.0.1938.76 Safari/537.36"
66.249.68.104 - - [15/Sep/2026:20:46:26 +0300] "GET /?sale/search/detail/?ITMCODE=5196565382 HTTP/1.1" 200 212379 "-" "Mozilla/5.0 (Linux; Android 6.0.1; Nexus 5X Build/MMB29P) AppleWebKit/537.36 (KHTML, like Gecko) Chrome/152.0.7977.82 Mobile Safari/537.36 (compatible; Googlebot/2.1; +http://www.google.com/bot.html)"
66.249.68.104 - - [15/Sep/2026:20:48:27 +0300] "GET /?sale/search/detail/?ITMCODE=51971336164 HTTP/1.1" 200 206379 "-" "Mozilla/5.0 (Linux; Android 6.0.1; Nexus 5X Build/MMB29P) AppleWebKit/537.36 (KHTML, like Gecko) Chrome/152.0.7977.82 Mobile Safari/537.36 (compatible; Googlebot/2.1; +http://www.google.com/bot.html)"
66.249.68.96 - - [15/Sep/2026:20:49:19 +0300] "GET /?sale/search/detail/?ITMCODE=51971430251 HTTP/1.1" 200 194685 "-" "Mozilla/5.0 (Linux; Android 6.0.1; Nexus 5X Build/MMB29P) AppleWebKit/537.36 (KHTML, like Gecko) Chrome/152.0.7977.82 Mobile Safari/537.36 (compatible; Googlebot/2.1; +http://www.google.com/bot.html)"
66.249.68.104 - - [15/Sep/2026:20:49:40 +0300] "GET /?sale/search/detail/?ITMCODE=52002995803 HTTP/1.1" 200 199928 "-" "Mozilla/5.0 (Linux; Android 6.0.1; Nexus 5X Build/MMB29P) AppleWebKit/537.36 (KHTML, like Gecko) Chrome/152.0.7977.82 Mobile Safari/537.36 (compatible; Googlebot/2.1; +http://www.google.com/bot.html)"
207.46.13.153 - - [15/Sep/2026:20:50:00 +0300] "GET /shop/pg/814150 HTTP/1.1" 200 198623 "-" "Mozilla/5.0 AppleWebKit/537.36 (KHTML, like Gecko; compatible; bingbot/2.0; +http://www.bing.com/bingbot.htm) Chrome/116.0.1938.76 Safari/537.36"
66.249.68.105 - - [15/Sep/2026:20:51:14 +0300] "GET /?sale/search/detail/?ITMCODE=51971165473 HTTP/1.1" 200 195520 "-" "Mozilla/5.0 (Linux; Android 6.0.1; Nexus 5X Build/MMB29P) AppleWebKit/537.36 (KHTML, like Gecko) Chrome/152.0.7977.82 Mobile Safari/537.36 (compatible; Googlebot/2.1; +http://www.google.com/bot.html)"
52.167.144.147 - - [15/Sep/2026:20:51:27 +0300] "GET /sale/search/detail/?ITMCODE=52002910032 HTTP/1.1" 200 219809 "-" "Mozilla/5.0 AppleWebKit/537.36 (KHTML, like Gecko; compatible; bingbot/2.0; +http://www.bing.com/bingbot.htm) Chrome/116.0.1938.76 Safari/537.36"
66.249.68.96 - - [15/Sep/2026:20:54:57 +0300] "GET /?sale/search/detail/?ITMCODE=5195369088 HTTP/1.1" 200 202182 "-" "Mozilla/5.0 (Linux; Android 6.0.1; Nexus 5X Build/MMB29P) AppleWebKit/537.36 (KHTML, like Gecko) Chrome/152.0.7977.82 Mobile Safari/537.36 (compatible; Googlebot/2.1; +http://www.google.com/bot.html)"
66.249.68.104 - - [15/Sep/2026:20:54:57 +0300] "GET /?sale/search/detail/?ITMCODE=519589527 HTTP/1.1" 200 202264 "-" "Mozilla/5.0 (Linux; Android 6.0.1; Nexus 5X Build/MMB29P) AppleWebKit/537.36 (KHTML, like Gecko) Chrome/152.0.7977.82 Mobile Safari/537.36 (compatible; Googlebot/2.1; +http://www.google.com/bot.html)"
66.249.68.105 - - [15/Sep/2026:20:55:21 +0300] "GET /?sale/search/detail/?ITMCODE=5195117738 HTTP/1.1" 200 210479 "-" "Mozilla/5.0 (Linux; Android 6.0.1; Nexus 5X Build/MMB29P) AppleWebKit/537.36 (KHTML, like Gecko) Chrome/152.0.7977.82 Mobile Safari/537.36 (compatible; Googlebot/2.1; +http://www.google.com/bot.html)"
66.249.68.104 - - [15/Sep/2026:20:58:47 +0300] "GET /index.php?GameID=2026-07-18/9013.html HTTP/1.1" 200 204344 "-" "Mozilla/5.0 (Linux; Android 6.0.1; Nexus 5X Build/MMB29P) AppleWebKit/537.36 (KHTML, like Gecko) Chrome/152.0.7977.82 Mobile Safari/537.36 (compatible; Googlebot/2.1; +http://www.google.com/bot.html)"
66.249.68.96 - - [15/Sep/2026:21:00:35 +0300] "GET /?sale/search/detail/?ITMCODE=51992093331 HTTP/1.1" 200 197794 "-" "Mozilla/5.0 (Linux; Android 6.0.1; Nexus 5X Build/MMB29P) AppleWebKit/537.36 (KHTML, like Gecko) Chrome/152.0.7977.82 Mobile Safari/537.36 (compatible; Googlebot/2.1; +http://www.google.com/bot.html)"
66.249.68.104 - - [15/Sep/2026:21:00:46 +0300] "GET /?sale/search/detail/?ITMCODE=52002837272 HTTP/1.1" 200 221294 "-" "Mozilla/5.0 (Linux; Android 6.0.1; Nexus 5X Build/MMB29P) AppleWebKit/537.36 (KHTML, like Gecko) Chrome/152.0.7977.82 Mobile Safari/537.36 (compatible; Googlebot/2.1; +http://www.google.com/bot.html)"
66.249.68.104 - - [15/Sep/2026:21:01:03 +0300] "GET /?sale/search/detail/?ITMCODE=51992084999 HTTP/1.1" 200 195830 "-" "Mozilla/5.0 (Linux; Android 6.0.1; Nexus 5X Build/MMB29P) AppleWebKit/537.36 (KHTML, like Gecko) Chrome/152.0.7977.82 Mobile Safari/537.36 (compatible; Googlebot/2.1; +http://www.google.com/bot.html)"
52.167.144.173 - - [15/Sep/2026:21:01:58 +0300] "GET /shop/c/c519510010/ HTTP/1.1" 200 267240 "-" "Mozilla/5.0 AppleWebKit/537.36 (KHTML, like Gecko; compatible; bingbot/2.0; +http://www.bing.com/bingbot.htm) Chrome/116.0.1938.76 Safari/537.36"
52.167.144.173 - - [15/Sep/2026:21:02:17 +0300] "GET /shop/c/c519510014/ HTTP/1.1" 200 266091 "-" "Mozilla/5.0 AppleWebKit/537.36 (KHTML, like Gecko; compatible; bingbot/2.0; +http://www.bing.com/bingbot.htm) Chrome/116.0.1938.76 Safari/537.36"
66.249.68.104 - - [15/Sep/2026:21:05:24 +0300] "GET /?sale/search/detail/?ITMCODE=51971066938 HTTP/1.1" 200 194524 "-" "Mozilla/5.0 (Linux; Android 6.0.1; Nexus 5X Build/MMB29P) AppleWebKit/537.36 (KHTML, like Gecko) Chrome/152.0.7977.82 Mobile Safari/537.36 (compatible; Googlebot/2.1; +http://www.google.com/bot.html)"
52.167.144.236 - - [15/Sep/2026:21:06:09 +0300] "GET /shop/pg/1021106 HTTP/1.1" 200 200378 "-" "Mozilla/5.0 AppleWebKit/537.36 (KHTML, like Gecko; compatible; bingbot/2.0; +http://www.bing.com/bingbot.htm) Chrome/116.0.1938.76 Safari/537.36"
207.46.13.141 - - [15/Sep/2026:21:07:42 +0300] "GET /shop/pg/5196917272 HTTP/1.1" 200 195767 "-" "Mozilla/5.0 AppleWebKit/537.36 (KHTML, like Gecko; compatible; bingbot/2.0; +http://www.bing.com/bingbot.htm) Chrome/116.0.1938.76 Safari/537.36"
66.249.68.104 - - [15/Sep/2026:21:12:11 +0300] "GET /sale/search/detail/?ITMCODE=52002713935 HTTP/1.1" 200 204037 "-" "Mozilla/5.0 (Linux; Android 6.0.1; Nexus 5X Build/MMB29P) AppleWebKit/537.36 (KHTML, like Gecko) Chrome/152.0.7977.82 Mobile Safari/537.36 (compatible; Googlebot/2.1; +http://www.google.com/bot.html)"
66.249.68.105 - - [15/Sep/2026:21:15:24 +0300] "GET /?sale/search/detail/?ITMCODE=5195300930 HTTP/1.1" 200 196126 "-" "Mozilla/5.0 (Linux; Android 6.0.1; Nexus 5X Build/MMB29P) AppleWebKit/537.36 (KHTML, like Gecko) Chrome/152.0.7977.82 Mobile Safari/537.36 (compatible; Googlebot/2.1; +http://www.google.com/bot.html)"
66.249.68.96 - - [15/Sep/2026:21:15:35 +0300] "GET /index.php?ID=9433.html HTTP/1.1" 200 206430 "-" "Mozilla/5.0 (Linux; Android 6.0.1; Nexus 5X Build/MMB29P) AppleWebKit/537.36 (KHTML, like Gecko) Chrome/152.0.7977.82 Mobile Safari/537.36 (compatible; Googlebot/2.1; +http://www.google.com/bot.html)"
66.249.68.104 - - [15/Sep/2026:21:15:50 +0300] "GET /?sale/search/detail/?ITMCODE=52002905852 HTTP/1.1" 200 203439 "-" "Mozilla/5.0 (Linux; Android 6.0.1; Nexus 5X Build/MMB29P) AppleWebKit/537.36 (KHTML, like Gecko) Chrome/152.0.7977.82 Mobile Safari/537.36 (compatible; Googlebot/2.1; +http://www.google.com/bot.html)"
66.249.68.105 - - [15/Sep/2026:21:16:57 +0300] "GET /index.php?sale/search/detail/?ITMCODE=5196881970 HTTP/1.1" 200 198612 "-" "Mozilla/5.0 (Linux; Android 6.0.1; Nexus 5X Build/MMB29P) AppleWebKit/537.36 (KHTML, like Gecko) Chrome/152.0.7977.82 Mobile Safari/537.36 (compatible; Googlebot/2.1; +http://www.google.com/bot.html)"
23.137.104.97 - - [15/Sep/2026:21:19:14 +0300] "GET /about.php HTTP/1.1" 404 1317 "-" "Mozlila/5.0 (Linux; Android 7.0; SM-G892A Bulid/NRD90M; wv) AppleWebKit/537.36 (KHTML, like Gecko) Version/4.0 Chrome/60.0.3112.107 Moblie Safari/537.36"
66.249.68.104 - - [15/Sep/2026:21:22:14 +0300] "GET /?sale/search/detail/?ITMCODE=5196947421 HTTP/1.1" 200 202398 "-" "Mozilla/5.0 (Linux; Android 6.0.1; Nexus 5X Build/MMB29P) AppleWebKit/537.36 (KHTML, like Gecko) Chrome/152.0.7977.82 Mobile Safari/537.36 (compatible; Googlebot/2.1; +http://www.google.com/bot.html)"
66.249.68.104 - - [15/Sep/2026:21:23:18 +0300] "GET /?sale/search/detail/?ITMCODE=51971108215 HTTP/1.1" 200 194911 "-" "Mozilla/5.0 (Linux; Android 6.0.1; Nexus 5X Build/MMB29P) AppleWebKit/537.36 (KHTML, like Gecko) Chrome/152.0.7977.82 Mobile Safari/537.36 (compatible; Googlebot/2.1; +http://www.google.com/bot.html)"
66.249.68.104 - - [15/Sep/2026:21:23:33 +0300] "GET /sale/search/detail/?ITMCODE=52002653135 HTTP/1.1" 200 197000 "-" "Mozilla/5.0 (Linux; Android 6.0.1; Nexus 5X Build/MMB29P) AppleWebKit/537.36 (KHTML, like Gecko) Chrome/152.0.7977.82 Mobile Safari/537.36 (compatible; Googlebot/2.1; +http://www.google.com/bot.html)"
52.167.144.210 - - [15/Sep/2026:21:25:31 +0300] "GET /shop/pg/2800729 HTTP/1.1" 200 198448 "-" "Mozilla/5.0 AppleWebKit/537.36 (KHTML, like Gecko; compatible; bingbot/2.0; +http://www.bing.com/bingbot.htm) Chrome/116.0.1938.76 Safari/537.36"
66.249.68.104 - - [15/Sep/2026:21:25:46 +0300] "GET /?sale/search/detail/?ITMCODE=51981805298 HTTP/1.1" 200 198933 "-" "Mozilla/5.0 (Linux; Android 6.0.1; Nexus 5X Build/MMB29P) AppleWebKit/537.36 (KHTML, like Gecko) Chrome/152.0.7977.82 Mobile Safari/537.36 (compatible; Googlebot/2.1; +http://www.google.com/bot.html)"
66.249.68.104 - - [15/Sep/2026:21:26:14 +0300] "GET /?sale/search/detail/?ITMCODE=51992480002 HTTP/1.1" 200 206538 "-" "Mozilla/5.0 (Linux; Android 6.0.1; Nexus 5X Build/MMB29P) AppleWebKit/537.36 (KHTML, like Gecko) Chrome/152.0.7977.82 Mobile Safari/537.36 (compatible; Googlebot/2.1; +http://www.google.com/bot.html)"
66.249.68.104 - - [15/Sep/2026:21:26:43 +0300] "GET /?sale/search/detail/?ITMCODE=5195325966 HTTP/1.1" 200 197237 "-" "Mozilla/5.0 (Linux; Android 6.0.1; Nexus 5X Build/MMB29P) AppleWebKit/537.36 (KHTML, like Gecko) Chrome/152.0.7977.82 Mobile Safari/537.36 (compatible; Googlebot/2.1; +http://www.google.com/bot.html)"
66.249.68.104 - - [15/Sep/2026:21:27:09 +0300] "GET /?sale/search/detail/?ITMCODE=51971150598 HTTP/1.1" 200 197973 "-" "Mozilla/5.0 (Linux; Android 6.0.1; Nexus 5X Build/MMB29P) AppleWebKit/537.36 (KHTML, like Gecko) Chrome/152.0.7977.82 Mobile Safari/537.36 (compatible; Googlebot/2.1; +http://www.google.com/bot.html)"
66.249.68.104 - - [15/Sep/2026:21:27:43 +0300] "GET /?sale/search/detail/?ITMCODE=51992032907 HTTP/1.1" 200 205462 "-" "Mozilla/5.0 (Linux; Android 6.0.1; Nexus 5X Build/MMB29P) AppleWebKit/537.36 (KHTML, like Gecko) Chrome/152.0.7977.82 Mobile Safari/537.36 (compatible; Googlebot/2.1; +http://www.google.com/bot.html)"
66.249.68.104 - - [15/Sep/2026:21:28:14 +0300] "GET /?sale/search/detail/?ITMCODE=5196942891 HTTP/1.1" 200 204848 "-" "Mozilla/5.0 (Linux; Android 6.0.1; Nexus 5X Build/MMB29P) AppleWebKit/537.36 (KHTML, like Gecko) Chrome/152.0.7977.82 Mobile Safari/537.36 (compatible; Googlebot/2.1; +http://www.google.com/bot.html)"
207.46.13.170 - - [15/Sep/2026:21:30:23 +0300] "GET /shop/pg/1304 HTTP/1.1" 200 206655 "-" "Mozilla/5.0 AppleWebKit/537.36 (KHTML, like Gecko; compatible; bingbot/2.0; +http://www.bing.com/bingbot.htm) Chrome/116.0.1938.76 Safari/537.36"
66.249.68.96 - - [15/Sep/2026:21:33:51 +0300] "GET /?sale/search/detail/?ITMCODE=5196948282 HTTP/1.1" 200 205514 "-" "Mozilla/5.0 (Linux; Android 6.0.1; Nexus 5X Build/MMB29P) AppleWebKit/537.36 (KHTML, like Gecko) Chrome/152.0.7977.82 Mobile Safari/537.36 (compatible; Googlebot/2.1; +http://www.google.com/bot.html)"
66.249.68.105 - - [15/Sep/2026:21:35:42 +0300] "GET /?sale/search/detail/?ITMCODE=51981947475 HTTP/1.1" 200 198997 "-" "Mozilla/5.0 (Linux; Android 6.0.1; Nexus 5X Build/MMB29P) AppleWebKit/537.36 (KHTML, like Gecko) Chrome/152.0.7977.82 Mobile Safari/537.36 (compatible; Googlebot/2.1; +http://www.google.com/bot.html)"
85.208.96.195 - - [15/Sep/2026:21:37:32 +0300] "GET /robots.txt HTTP/1.1" 200 836 "-" "Mozilla/5.0 (compatible; SemrushBot/7~bl; +http://www.semrush.com/bot.html)"
85.208.96.205 - - [15/Sep/2026:21:37:32 +0300] "GET /?sale%2Fsearch%2Fdetail%2F%3FITMCODE=51959070930 HTTP/1.1" 200 11138 "-" "Mozilla/5.0 (compatible; SemrushBot/7~bl; +http://www.semrush.com/bot.html)"
216.73.217.43 - - [15/Sep/2026:21:38:31 +0300] "GET /robots.txt HTTP/1.1" 200 836 "-" "Mozilla/5.0 AppleWebKit/537.36 (KHTML, like Gecko; compatible; ClaudeBot/1.0; +claudebot@anthropic.com)"
216.73.217.43 - - [15/Sep/2026:21:38:31 +0300] "GET /sitemap.xml HTTP/1.1" 200 1307 "-" "Mozilla/5.0 AppleWebKit/537.36 (KHTML, like Gecko; compatible; ClaudeBot/1.0; +claudebot@anthropic.com)"
207.46.13.153 - - [15/Sep/2026:21:39:14 +0300] "GET /shop/pg/920966 HTTP/1.1" 200 200347 "-" "Mozilla/5.0 AppleWebKit/537.36 (KHTML, like Gecko; compatible; bingbot/2.0; +http://www.bing.com/bingbot.htm) Chrome/116.0.1938.76 Safari/537.36"
85.208.96.195 - - [15/Sep/2026:21:42:11 +0300] "GET /?sale%2Fsearch%2Fdetail%2F%3FITMCODE=5198100993696 HTTP/1.1" 200 11138 "-" "Mozilla/5.0 (compatible; SemrushBot/7~bl; +http://www.semrush.com/bot.html)"
66.249.68.104 - - [15/Sep/2026:21:44:23 +0300] "GET /?sale/search/detail/?ITMCODE=52002584821 HTTP/1.1" 200 194047 "-" "Mozilla/5.0 (Linux; Android 6.0.1; Nexus 5X Build/MMB29P) AppleWebKit/537.36 (KHTML, like Gecko) Chrome/153.0.8010.36 Mobile Safari/537.36 (compatible; Googlebot/2.1; +http://www.google.com/bot.html)"
207.46.13.153 - - [15/Sep/2026:21:44:29 +0300] "GET /shop/c/c519510082/ HTTP/1.1" 200 262489 "-" "Mozilla/5.0 AppleWebKit/537.36 (KHTML, like Gecko; compatible; bingbot/2.0; +http://www.bing.com/bingbot.htm) Chrome/116.0.1938.76 Safari/537.36"
66.249.68.104 - - [15/Sep/2026:21:46:36 +0300] "GET /?sale/search/detail/?ITMCODE=52002570111 HTTP/1.1" 200 199144 "-" "Mozilla/5.0 (Linux; Android 6.0.1; Nexus 5X Build/MMB29P) AppleWebKit/537.36 (KHTML, like Gecko) Chrome/153.0.8010.36 Mobile Safari/537.36 (compatible; Googlebot/2.1; +http://www.google.com/bot.html)"
92.222.104.201 - - [15/Sep/2026:21:46:41 +0300] "GET /robots.txt HTTP/1.1" 200 836 "-" "Mozilla/5.0 (compatible; AhrefsBot/7.0; +http://ahrefs.com/robot/)"
51.89.71.156 - - [15/Sep/2026:21:46:41 +0300] "GET /index.php/meniu HTTP/1.1" 200 13026 "-" "Mozilla/5.0 (compatible; AhrefsBot/7.0; +http://ahrefs.com/robot/)"
66.249.68.96 - - [15/Sep/2026:21:48:45 +0300] "GET /?sale/search/detail/?ITMCODE=519592639 HTTP/1.1" 200 199537 "-" "Mozilla/5.0 (Linux; Android 6.0.1; Nexus 5X Build/MMB29P) AppleWebKit/537.36 (KHTML, like Gecko) Chrome/153.0.8010.36 Mobile Safari/537.36 (compatible; Googlebot/2.1; +http://www.google.com/bot.html)"
66.249.68.104 - - [15/Sep/2026:21:50:50 +0300] "GET /?sale/search/detail/?ITMCODE=5196948282 HTTP/1.1" 200 205514 "-" "Mozilla/5.0 (Linux; Android 6.0.1; Nexus 5X Build/MMB29P) AppleWebKit/537.36 (KHTML, like Gecko) Chrome/153.0.8010.36 Mobile Safari/537.36 (compatible; Googlebot/2.1; +http://www.google.com/bot.html)"
66.249.68.104 - - [15/Sep/2026:21:52:11 +0300] "GET /?sale/search/detail/?ITMCODE=51981947475 HTTP/1.1" 200 198997 "-" "Mozilla/5.0 (Linux; Android 6.0.1; Nexus 5X Build/MMB29P) AppleWebKit/537.36 (KHTML, like Gecko) Chrome/153.0.8010.36 Mobile Safari/537.36 (compatible; Googlebot/2.1; +http://www.google.com/bot.html)"
52.167.144.142 - - [15/Sep/2026:21:52:52 +0300] "GET /shop/pg/5195210255 HTTP/1.1" 200 195694 "-" "Mozilla/5.0 AppleWebKit/537.36 (KHTML, like Gecko; compatible; bingbot/2.0; +http://www.bing.com/bingbot.htm) Chrome/116.0.1938.76 Safari/537.36"
66.249.68.105 - - [15/Sep/2026:21:52:59 +0300] "GET /?sale/search/detail/?ITMCODE=51992039601 HTTP/1.1" 200 207847 "-" "Mozilla/5.0 (Linux; Android 6.0.1; Nexus 5X Build/MMB29P) AppleWebKit/537.36 (KHTML, like Gecko) Chrome/153.0.8010.36 Mobile Safari/537.36 (compatible; Googlebot/2.1; +http://www.google.com/bot.html)"
66.249.68.105 - - [15/Sep/2026:21:54:42 +0300] "GET /?sale/search/detail/?ITMCODE=5195261343 HTTP/1.1" 200 197625 "-" "Mozilla/5.0 (Linux; Android 6.0.1; Nexus 5X Build/MMB29P) AppleWebKit/537.36 (KHTML, like Gecko) Chrome/153.0.8010.36 Mobile Safari/537.36 (compatible; Googlebot/2.1; +http://www.google.com/bot.html)"
52.167.144.142 - - [15/Sep/2026:21:56:03 +0300] "GET /shop/c/c51958/ HTTP/1.1" 200 267294 "-" "Mozilla/5.0 AppleWebKit/537.36 (KHTML, like Gecko; compatible; bingbot/2.0; +http://www.bing.com/bingbot.htm) Chrome/116.0.1938.76 Safari/537.36"
66.249.68.104 - - [15/Sep/2026:21:56:27 +0300] "GET /?sale/search/detail/?ITMCODE=5195479308 HTTP/1.1" 200 199304 "-" "Mozilla/5.0 (Linux; Android 6.0.1; Nexus 5X Build/MMB29P) AppleWebKit/537.36 (KHTML, like Gecko) Chrome/153.0.8010.36 Mobile Safari/537.36 (compatible; Googlebot/2.1; +http://www.google.com/bot.html)"
66.249.68.105 - - [15/Sep/2026:21:57:09 +0300] "GET /?sale/search/detail/?ITMCODE=5196525052 HTTP/1.1" 200 198996 "-" "Mozilla/5.0 (Linux; Android 6.0.1; Nexus 5X Build/MMB29P) AppleWebKit/537.36 (KHTML, like Gecko) Chrome/153.0.8010.36 Mobile Safari/537.36 (compatible; Googlebot/2.1; +http://www.google.com/bot.html)"
66.249.68.97 - - [15/Sep/2026:21:57:55 +0300] "GET /contents/event/kansyasai HTTP/1.1" 200 192901 "-" "Mozilla/5.0 (Linux; Android 6.0.1; Nexus 5X Build/MMB29P) AppleWebKit/537.36 (KHTML, like Gecko) Chrome/153.0.8010.36 Mobile Safari/537.36 (compatible; Googlebot/2.1; +http://www.google.com/bot.html)"
52.167.144.16 - - [15/Sep/2026:21:59:43 +0300] "GET /shop/pg/971036 HTTP/1.1" 200 201604 "-" "Mozilla/5.0 AppleWebKit/537.36 (KHTML, like Gecko; compatible; bingbot/2.0; +http://www.bing.com/bingbot.htm) Chrome/116.0.1938.76 Safari/537.36"
157.55.39.56 - - [15/Sep/2026:22:00:20 +0300] "GET /shop/pg/5196807124 HTTP/1.1" 200 195954 "-" "Mozilla/5.0 AppleWebKit/537.36 (KHTML, like Gecko; compatible; bingbot/2.0; +http://www.bing.com/bingbot.htm) Chrome/116.0.1938.76 Safari/537.36"
66.249.68.105 - - [15/Sep/2026:22:02:05 +0300] "GET /?sale/search/detail/?ITMCODE=52002558278 HTTP/1.1" 200 201779 "-" "Mozilla/5.0 (Linux; Android 6.0.1; Nexus 5X Build/MMB29P) AppleWebKit/537.36 (KHTML, like Gecko) Chrome/153.0.8010.36 Mobile Safari/537.36 (compatible; Googlebot/2.1; +http://www.google.com/bot.html)"
157.55.39.201 - - [15/Sep/2026:22:03:58 +0300] "GET /?shop/c/c519718/ HTTP/1.1" 200 266661 "-" "Mozilla/5.0 AppleWebKit/537.36 (KHTML, like Gecko; compatible; bingbot/2.0; +http://www.bing.com/bingbot.htm) Chrome/116.0.1938.76 Safari/537.36"
52.167.144.16 - - [15/Sep/2026:22:05:23 +0300] "GET /shop/pg/924304 HTTP/1.1" 200 212899 "-" "Mozilla/5.0 AppleWebKit/537.36 (KHTML, like Gecko; compatible; bingbot/2.0; +http://www.bing.com/bingbot.htm) Chrome/116.0.1938.76 Safari/537.36"
66.249.68.104 - - [15/Sep/2026:22:06:24 +0300] "GET /?sale/search/detail/?ITMCODE=51971391227 HTTP/1.1" 200 201496 "-" "Mozilla/5.0 (Linux; Android 6.0.1; Nexus 5X Build/MMB29P) AppleWebKit/537.36 (KHTML, like Gecko) Chrome/153.0.8010.36 Mobile Safari/537.36 (compatible; Googlebot/2.1; +http://www.google.com/bot.html)"
66.249.68.105 - - [15/Sep/2026:22:06:41 +0300] "GET /?sale/search/detail/?ITMCODE=5196944930 HTTP/1.1" 200 195514 "-" "Mozilla/5.0 (Linux; Android 6.0.1; Nexus 5X Build/MMB29P) AppleWebKit/537.36 (KHTML, like Gecko) Chrome/153.0.8010.36 Mobile Safari/537.36 (compatible; Googlebot/2.1; +http://www.google.com/bot.html)"
66.249.68.104 - - [15/Sep/2026:22:07:17 +0300] "GET /?sale/search/detail/?ITMCODE=5196502513 HTTP/1.1" 200 202945 "-" "Mozilla/5.0 (Linux; Android 6.0.1; Nexus 5X Build/MMB29P) AppleWebKit/537.36 (KHTML, like Gecko) Chrome/153.0.8010.36 Mobile Safari/537.36 (compatible; Googlebot/2.1; +http://www.google.com/bot.html)"
66.249.68.105 - - [15/Sep/2026:22:10:01 +0300] "GET /?sale/search/detail/?ITMCODE=52002610159 HTTP/1.1" 200 203680 "-" "Mozilla/5.0 (Linux; Android 6.0.1; Nexus 5X Build/MMB29P) AppleWebKit/537.36 (KHTML, like Gecko) Chrome/153.0.8010.36 Mobile Safari/537.36 (compatible; Googlebot/2.1; +http://www.google.com/bot.html)"
159.203.11.140 - - [15/Sep/2026:22:11:24 +0300] "HEAD /old/ HTTP/1.1" 404 - "-" "Mozilla/5.0 (Linux; Android 12; TECNO CK6n) AppleWebKit/537.36 (KHTML, like Gecko) Chrome/125.0.6422.50 Mobile Safari/537.36"
159.203.11.140 - - [15/Sep/2026:22:11:24 +0300] "HEAD / HTTP/1.1" 200 - "-" "Mozilla/5.0 (iPhone; CPU iPhone OS 17_5 like Mac OS X) AppleWebKit/605.1.15 (KHTML, like Gecko) Version/17.5 Mobile/15E148 Safari/604.1"
159.203.11.140 - - [15/Sep/2026:22:11:24 +0300] "HEAD /wordpress/ HTTP/1.1" 404 - "-" "Mozilla/5.0 (X11; Linux x86_64) AppleWebKit/537.36 (KHTML, like Gecko) Chrome/125.0.6422.76 Safari/537.36"
159.203.11.140 - - [15/Sep/2026:22:11:25 +0300] "HEAD /blog/ HTTP/1.1" 404 - "-" "Mozilla/5.0 (iPad; CPU OS 17_4 like Mac OS X) AppleWebKit/605.1.15 (KHTML, like Gecko) Version/17.4 Mobile/15E148 Safari/604.1"
159.203.11.140 - - [15/Sep/2026:22:11:25 +0300] "HEAD /backup/ HTTP/1.1" 404 - "-" "Mozilla/5.0 (X11; Fedora; Linux x86_64; rv:125.0) Gecko/20100101 Firefox/125.0"
159.203.11.140 - - [15/Sep/2026:22:11:25 +0300] "HEAD /wp/ HTTP/1.1" 404 - "-" "Mozilla/5.0 (Linux; Android 13; Pixel 7a) AppleWebKit/537.36 (KHTML, like Gecko) Chrome/124.0.6367.82 Mobile Safari/537.36"
159.203.11.140 - - [15/Sep/2026:22:11:25 +0300] "HEAD /new/ HTTP/1.1" 404 - "-" "Mozilla/5.0 (Linux; Android 13; Infinix X688B) AppleWebKit/537.36 (KHTML, like Gecko) Chrome/124.0.6367.48 Mobile Safari/537.36"
52.167.144.196 - - [15/Sep/2026:22:12:04 +0300] "GET /shop/c/c519519/ HTTP/1.1" 200 268276 "-" "Mozilla/5.0 AppleWebKit/537.36 (KHTML, like Gecko; compatible; bingbot/2.0; +http://www.bing.com/bingbot.htm) Chrome/116.0.1938.76 Safari/537.36"
207.46.13.170 - - [15/Sep/2026:22:13:23 +0300] "GET /shop/pg/5196987385 HTTP/1.1" 200 194147 "-" "Mozilla/5.0 AppleWebKit/537.36 (KHTML, like Gecko; compatible; bingbot/2.0; +http://www.bing.com/bingbot.htm) Chrome/116.0.1938.76 Safari/537.36"
66.249.68.104 - - [15/Sep/2026:22:13:23 +0300] "GET /?sale/search/detail/?ITMCODE=51992126796 HTTP/1.1" 200 196945 "-" "Mozilla/5.0 (Linux; Android 6.0.1; Nexus 5X Build/MMB29P) AppleWebKit/537.36 (KHTML, like Gecko) Chrome/153.0.8010.36 Mobile Safari/537.36 (compatible; Googlebot/2.1; +http://www.google.com/bot.html)"
66.249.68.104 - - [15/Sep/2026:22:13:52 +0300] "GET /?sale/search/detail/?ITMCODE=5196817670 HTTP/1.1" 200 201571 "-" "Mozilla/5.0 (Linux; Android 6.0.1; Nexus 5X Build/MMB29P) AppleWebKit/537.36 (KHTML, like Gecko) Chrome/153.0.8010.36 Mobile Safari/537.36 (compatible; Googlebot/2.1; +http://www.google.com/bot.html)"
66.249.68.96 - - [15/Sep/2026:22:13:57 +0300] "GET /?sale/search/detail/?ITMCODE=52002513904 HTTP/1.1" 200 215609 "-" "Mozilla/5.0 (Linux; Android 6.0.1; Nexus 5X Build/MMB29P) AppleWebKit/537.36 (KHTML, like Gecko) Chrome/153.0.8010.36 Mobile Safari/537.36 (compatible; Googlebot/2.1; +http://www.google.com/bot.html)"
66.249.68.104 - - [15/Sep/2026:22:15:49 +0300] "GET /?sale/search/detail/?ITMCODE=51992467943 HTTP/1.1" 200 197038 "-" "Mozilla/5.0 (Linux; Android 6.0.1; Nexus 5X Build/MMB29P) AppleWebKit/537.36 (KHTML, like Gecko) Chrome/153.0.8010.36 Mobile Safari/537.36 (compatible; Googlebot/2.1; +http://www.google.com/bot.html)"
52.167.144.196 - - [15/Sep/2026:22:16:24 +0300] "GET /shop/pg/5196773754 HTTP/1.1" 200 194075 "-" "Mozilla/5.0 AppleWebKit/537.36 (KHTML, like Gecko; compatible; bingbot/2.0; +http://www.bing.com/bingbot.htm) Chrome/116.0.1938.76 Safari/537.36"
66.249.68.104 - - [15/Sep/2026:22:20:50 +0300] "GET /index.php?ID=1766.html HTTP/1.1" 200 203449 "-" "Mozilla/5.0 (Linux; Android 6.0.1; Nexus 5X Build/MMB29P) AppleWebKit/537.36 (KHTML, like Gecko) Chrome/153.0.8010.36 Mobile Safari/537.36 (compatible; Googlebot/2.1; +http://www.google.com/bot.html)"
66.249.68.104 - - [15/Sep/2026:22:24:03 +0300] "GET /?sale/search/detail/?ITMCODE=5196995944 HTTP/1.1" 200 193996 "-" "Mozilla/5.0 (Linux; Android 6.0.1; Nexus 5X Build/MMB29P) AppleWebKit/537.36 (KHTML, like Gecko) Chrome/153.0.8010.36 Mobile Safari/537.36 (compatible; Googlebot/2.1; +http://www.google.com/bot.html)"
66.249.68.104 - - [15/Sep/2026:22:27:40 +0300] "GET /?sale/search/detail/?ITMCODE=5195205268 HTTP/1.1" 200 217850 "-" "Mozilla/5.0 (Linux; Android 6.0.1; Nexus 5X Build/MMB29P) AppleWebKit/537.36 (KHTML, like Gecko) Chrome/153.0.8010.36 Mobile Safari/537.36 (compatible; Googlebot/2.1; +http://www.google.com/bot.html)"
66.249.68.104 - - [15/Sep/2026:22:28:05 +0300] "GET /?sale/search/detail/?ITMCODE=5195295754 HTTP/1.1" 200 196345 "-" "Mozilla/5.0 (Linux; Android 6.0.1; Nexus 5X Build/MMB29P) AppleWebKit/537.36 (KHTML, like Gecko) Chrome/153.0.8010.36 Mobile Safari/537.36 (compatible; Googlebot/2.1; +http://www.google.com/bot.html)"
66.249.68.96 - - [15/Sep/2026:22:28:58 +0300] "GET /sale/search/detail/?ITMCODE=51971449129 HTTP/1.1" 200 194358 "-" "Mozilla/5.0 (Linux; Android 6.0.1; Nexus 5X Build/MMB29P) AppleWebKit/537.36 (KHTML, like Gecko) Chrome/153.0.8010.36 Mobile Safari/537.36 (compatible; Googlebot/2.1; +http://www.google.com/bot.html)"
78.56.230.2 - - [15/Sep/2026:22:30:14 +0300] "GET /?utm_source=chatgpt.com HTTP/1.1" 200 11120 "" "Mozilla/5.0 (iPhone; CPU iPhone OS 26_3_0 like Mac OS X) AppleWebKit/605.1.15 (KHTML, like Gecko) CriOS/152.0.7977.64 Mobile/15E148 Safari/604.1"
78.56.230.2 - - [15/Sep/2026:22:30:15 +0300] "GET /plugins/content/simplepopup/simplepopup/spustyle.css HTTP/1.1" 200 529 "http://chenglong.lt/?utm_source=chatgpt.com" "Mozilla/5.0 (iPhone; CPU iPhone OS 26_3_0 like Mac OS X) AppleWebKit/605.1.15 (KHTML, like Gecko) CriOS/152.0.7977.64 Mobile/15E148 Safari/604.1"
78.56.230.2 - - [15/Sep/2026:22:30:15 +0300] "GET /media/jui/js/jquery.min.js?0c2ada6fb5fac50fc7ad43b82b14eaac HTTP/1.1" 200 97646 "http://chenglong.lt/?utm_source=chatgpt.com" "Mozilla/5.0 (iPhone; CPU iPhone OS 26_3_0 like Mac OS X) AppleWebKit/605.1.15 (KHTML, like Gecko) CriOS/152.0.7977.64 Mobile/15E148 Safari/604.1"
78.56.230.2 - - [15/Sep/2026:22:30:15 +0300] "GET /plugins/content/dearflip/dflip/css/dflip.css HTTP/1.1" 200 36921 "http://chenglong.lt/?utm_source=chatgpt.com" "Mozilla/5.0 (iPhone; CPU iPhone OS 26_3_0 like Mac OS X) AppleWebKit/605.1.15 (KHTML, like Gecko) CriOS/152.0.7977.64 Mobile/15E148 Safari/604.1"
78.56.230.2 - - [15/Sep/2026:22:30:15 +0300] "GET /plugins/content/simplepopup/simplepopup/fancybox/jquery.fancybox-1.3.4.css HTTP/1.1" 200 8963 "http://chenglong.lt/?utm_source=chatgpt.com" "Mozilla/5.0 (iPhone; CPU iPhone OS 26_3_0 like Mac OS X) AppleWebKit/605.1.15 (KHTML, like Gecko) CriOS/152.0.7977.64 Mobile/15E148 Safari/604.1"
78.56.230.2 - - [15/Sep/2026:22:30:15 +0300] "GET /plugins/content/dearflip/dflip/css/themify-icons.css HTTP/1.1" 200 16417 "http://chenglong.lt/?utm_source=chatgpt.com" "Mozilla/5.0 (iPhone; CPU iPhone OS 26_3_0 like Mac OS X) AppleWebKit/605.1.15 (KHTML, like Gecko) CriOS/152.0.7977.64 Mobile/15E148 Safari/604.1"
78.56.230.2 - - [15/Sep/2026:22:30:15 +0300] "GET /plugins/system/miniteksystemmessages/assets/css/jquery.jgrowl.css HTTP/1.1" 200 2112 "http://chenglong.lt/?utm_source=chatgpt.com" "Mozilla/5.0 (iPhone; CPU iPhone OS 26_3_0 like Mac OS X) AppleWebKit/605.1.15 (KHTML, like Gecko) CriOS/152.0.7977.64 Mobile/15E148 Safari/604.1"
78.56.230.2 - - [15/Sep/2026:22:30:15 +0300] "GET /plugins/system/miniteksystemmessages/assets/css/style.css?v=1.0.6 HTTP/1.1" 200 3576 "http://chenglong.lt/?utm_source=chatgpt.com" "Mozilla/5.0 (iPhone; CPU iPhone OS 26_3_0 like Mac OS X) AppleWebKit/605.1.15 (KHTML, like Gecko) CriOS/152.0.7977.64 Mobile/15E148 Safari/604.1"
78.56.230.2 - - [15/Sep/2026:22:30:15 +0300] "GET /media/jui/js/jquery-noconflict.js?0c2ada6fb5fac50fc7ad43b82b14eaac HTTP/1.1" 200 21 "http://chenglong.lt/?utm_source=chatgpt.com" "Mozilla/5.0 (iPhone; CPU iPhone OS 26_3_0 like Mac OS X) AppleWebKit/605.1.15 (KHTML, like Gecko) CriOS/152.0.7977.64 Mobile/15E148 Safari/604.1"
78.56.230.2 - - [15/Sep/2026:22:30:15 +0300] "GET /media/jui/js/jquery-migrate.min.js?0c2ada6fb5fac50fc7ad43b82b14eaac HTTP/1.1" 200 10056 "http://chenglong.lt/?utm_source=chatgpt.com" "Mozilla/5.0 (iPhone; CPU iPhone OS 26_3_0 like Mac OS X) AppleWebKit/605.1.15 (KHTML, like Gecko) CriOS/152.0.7977.64 Mobile/15E148 Safari/604.1"
78.56.230.2 - - [15/Sep/2026:22:30:15 +0300] "GET /plugins/content/simplepopup/simplepopup/fancybox/jquery.mousewheel-3.0.4.pack.js HTTP/1.1" 200 1292 "http://chenglong.lt/?utm_source=chatgpt.com" "Mozilla/5.0 (iPhone; CPU iPhone OS 26_3_0 like Mac OS X) AppleWebKit/605.1.15 (KHTML, like Gecko) CriOS/152.0.7977.64 Mobile/15E148 Safari/604.1"
78.56.230.2 - - [15/Sep/2026:22:30:15 +0300] "GET /plugins/content/simplepopup/simplepopup/fancybox/jquery.fancybox-1.3.4.patch.js HTTP/1.1" 200 18097 "http://chenglong.lt/?utm_source=chatgpt.com" "Mozilla/5.0 (iPhone; CPU iPhone OS 26_3_0 like Mac OS X) AppleWebKit/605.1.15 (KHTML, like Gecko) CriOS/152.0.7977.64 Mobile/15E148 Safari/604.1"
78.56.230.2 - - [15/Sep/2026:22:30:15 +0300] "GET /media/system/js/mootools-core.js?0c2ada6fb5fac50fc7ad43b82b14eaac HTTP/1.1" 200 83893 "http://chenglong.lt/?utm_source=chatgpt.com" "Mozilla/5.0 (iPhone; CPU iPhone OS 26_3_0 like Mac OS X) AppleWebKit/605.1.15 (KHTML, like Gecko) CriOS/152.0.7977.64 Mobile/15E148 Safari/604.1"
78.56.230.2 - - [15/Sep/2026:22:30:15 +0300] "GET /plugins/content/dearflip/dflip/js/dflip.min.js HTTP/1.1" 200 126454 "http://chenglong.lt/?utm_source=chatgpt.com" "Mozilla/5.0 (iPhone; CPU iPhone OS 26_3_0 like Mac OS X) AppleWebKit/605.1.15 (KHTML, like Gecko) CriOS/152.0.7977.64 Mobile/15E148 Safari/604.1"
78.56.230.2 - - [15/Sep/2026:22:30:15 +0300] "GET /media/system/js/core.js?0c2ada6fb5fac50fc7ad43b82b14eaac HTTP/1.1" 200 8735 "http://chenglong.lt/?utm_source=chatgpt.com" "Mozilla/5.0 (iPhone; CPU iPhone OS 26_3_0 like Mac OS X) AppleWebKit/605.1.15 (KHTML, like Gecko) CriOS/152.0.7977.64 Mobile/15E148 Safari/604.1"
78.56.230.2 - - [15/Sep/2026:22:30:15 +0300] "GET /media/system/js/caption.js?0c2ada6fb5fac50fc7ad43b82b14eaac HTTP/1.1" 200 491 "http://chenglong.lt/?utm_source=chatgpt.com" "Mozilla/5.0 (iPhone; CPU iPhone OS 26_3_0 like Mac OS X) AppleWebKit/605.1.15 (KHTML, like Gecko) CriOS/152.0.7977.64 Mobile/15E148 Safari/604.1"
78.56.230.2 - - [15/Sep/2026:22:30:15 +0300] "GET /plugins/system/miniteksystemmessages/assets/js/jquery.jgrowl.js HTTP/1.1" 200 16629 "http://chenglong.lt/?utm_source=chatgpt.com" "Mozilla/5.0 (iPhone; CPU iPhone OS 26_3_0 like Mac OS X) AppleWebKit/605.1.15 (KHTML, like Gecko) CriOS/152.0.7977.64 Mobile/15E148 Safari/604.1"
78.56.230.2 - - [15/Sep/2026:22:30:15 +0300] "GET /media/system/js/mootools-more.js?0c2ada6fb5fac50fc7ad43b82b14eaac HTTP/1.1" 200 236825 "http://chenglong.lt/?utm_source=chatgpt.com" "Mozilla/5.0 (iPhone; CPU iPhone OS 26_3_0 like Mac OS X) AppleWebKit/605.1.15 (KHTML, like Gecko) CriOS/152.0.7977.64 Mobile/15E148 Safari/604.1"
78.56.230.2 - - [15/Sep/2026:22:30:15 +0300] "GET /plugins/system/miniteksystemmessages/assets/js/script.js?v=1.0.6 HTTP/1.1" 200 7131 "http://chenglong.lt/?utm_source=chatgpt.com" "Mozilla/5.0 (iPhone; CPU iPhone OS 26_3_0 like Mac OS X) AppleWebKit/605.1.15 (KHTML, like Gecko) CriOS/152.0.7977.64 Mobile/15E148 Safari/604.1"
78.56.230.2 - - [15/Sep/2026:22:30:15 +0300] "GET /templates/system/css/system.css HTTP/1.1" 200 881 "http://chenglong.lt/?utm_source=chatgpt.com" "Mozilla/5.0 (iPhone; CPU iPhone OS 26_3_0 like Mac OS X) AppleWebKit/605.1.15 (KHTML, like Gecko) CriOS/152.0.7977.64 Mobile/15E148 Safari/604.1"
78.56.230.2 - - [15/Sep/2026:22:30:15 +0300] "GET /templates/system/css/general.css HTTP/1.1" 200 2717 "http://chenglong.lt/?utm_source=chatgpt.com" "Mozilla/5.0 (iPhone; CPU iPhone OS 26_3_0 like Mac OS X) AppleWebKit/605.1.15 (KHTML, like Gecko) CriOS/152.0.7977.64 Mobile/15E148 Safari/604.1"
78.56.230.2 - - [15/Sep/2026:22:30:15 +0300] "GET /templates/resto_6/css/template.css HTTP/1.1" 200 65213 "http://chenglong.lt/?utm_source=chatgpt.com" "Mozilla/5.0 (iPhone; CPU iPhone OS 26_3_0 like Mac OS X) AppleWebKit/605.1.15 (KHTML, like Gecko) CriOS/152.0.7977.64 Mobile/15E148 Safari/604.1"
78.56.230.2 - - [15/Sep/2026:22:30:15 +0300] "GET /templates/resto_6/css/template.responsive.css HTTP/1.1" 200 11640 "http://chenglong.lt/?utm_source=chatgpt.com" "Mozilla/5.0 (iPhone; CPU iPhone OS 26_3_0 like Mac OS X) AppleWebKit/605.1.15 (KHTML, like Gecko) CriOS/152.0.7977.64 Mobile/15E148 Safari/604.1"
78.56.230.2 - - [15/Sep/2026:22:30:15 +0300] "GET /templates/resto_6/jquery.js HTTP/1.1" 200 92629 "http://chenglong.lt/?utm_source=chatgpt.com" "Mozilla/5.0 (iPhone; CPU iPhone OS 26_3_0 like Mac OS X) AppleWebKit/605.1.15 (KHTML, like Gecko) CriOS/152.0.7977.64 Mobile/15E148 Safari/604.1"
78.56.230.2 - - [15/Sep/2026:22:30:15 +0300] "GET /templates/resto_6/script.js HTTP/1.1" 200 56744 "http://chenglong.lt/?utm_source=chatgpt.com" "Mozilla/5.0 (iPhone; CPU iPhone OS 26_3_0 like Mac OS X) AppleWebKit/605.1.15 (KHTML, like Gecko) CriOS/152.0.7977.64 Mobile/15E148 Safari/604.1"
78.56.230.2 - - [15/Sep/2026:22:30:15 +0300] "GET /templates/resto_6/script.responsive.js HTTP/1.1" 200 21136 "http://chenglong.lt/?utm_source=chatgpt.com" "Mozilla/5.0 (iPhone; CPU iPhone OS 26_3_0 like Mac OS X) AppleWebKit/605.1.15 (KHTML, like Gecko) CriOS/152.0.7977.64 Mobile/15E148 Safari/604.1"
78.56.230.2 - - [15/Sep/2026:22:30:15 +0300] "GET /templates/resto_6/modules.js HTTP/1.1" 200 - "http://chenglong.lt/?utm_source=chatgpt.com" "Mozilla/5.0 (iPhone; CPU iPhone OS 26_3_0 like Mac OS X) AppleWebKit/605.1.15 (KHTML, like Gecko) CriOS/152.0.7977.64 Mobile/15E148 Safari/604.1"
78.56.230.2 - - [15/Sep/2026:22:30:15 +0300] "GET /images/logo.png HTTP/1.1" 200 30174 "http://chenglong.lt/?utm_source=chatgpt.com" "Mozilla/5.0 (iPhone; CPU iPhone OS 26_3_0 like Mac OS X) AppleWebKit/605.1.15 (KHTML, like Gecko) CriOS/152.0.7977.64 Mobile/15E148 Safari/604.1"
78.56.230.2 - - [15/Sep/2026:22:30:15 +0300] "GET /images/logo_dark_small.png HTTP/1.1" 200 164696 "http://chenglong.lt/?utm_source=chatgpt.com" "Mozilla/5.0 (iPhone; CPU iPhone OS 26_3_0 like Mac OS X) AppleWebKit/605.1.15 (KHTML, like Gecko) CriOS/152.0.7977.64 Mobile/15E148 Safari/604.1"
78.56.230.2 - - [15/Sep/2026:22:30:15 +0300] "GET /images/powered.png HTTP/1.1" 200 5403 "http://chenglong.lt/?utm_source=chatgpt.com" "Mozilla/5.0 (iPhone; CPU iPhone OS 26_3_0 like Mac OS X) AppleWebKit/605.1.15 (KHTML, like Gecko) CriOS/152.0.7977.64 Mobile/15E148 Safari/604.1"
78.56.230.2 - - [15/Sep/2026:22:30:15 +0300] "GET /media/system/css/system.css HTTP/1.1" 200 1433 "http://chenglong.lt/?utm_source=chatgpt.com" "Mozilla/5.0 (iPhone; CPU iPhone OS 26_3_0 like Mac OS X) AppleWebKit/605.1.15 (KHTML, like Gecko) CriOS/152.0.7977.64 Mobile/15E148 Safari/604.1"
78.56.230.2 - - [15/Sep/2026:22:30:15 +0300] "GET /templates/resto_6/images/header.png HTTP/1.1" 200 752 "http://chenglong.lt/?utm_source=chatgpt.com" "Mozilla/5.0 (iPhone; CPU iPhone OS 26_3_0 like Mac OS X) AppleWebKit/605.1.15 (KHTML, like Gecko) CriOS/152.0.7977.64 Mobile/15E148 Safari/604.1"
78.56.230.2 - - [15/Sep/2026:22:30:15 +0300] "GET /templates/resto_6/images/page.jpeg HTTP/1.1" 200 816967 "http://chenglong.lt/?utm_source=chatgpt.com" "Mozilla/5.0 (iPhone; CPU iPhone OS 26_3_0 like Mac OS X) AppleWebKit/605.1.15 (KHTML, like Gecko) CriOS/152.0.7977.64 Mobile/15E148 Safari/604.1"
78.56.230.2 - - [15/Sep/2026:22:30:15 +0300] "GET /plugins/content/simplepopup/simplepopup/fancybox/fancybox-x.png HTTP/1.1" 200 203 "http://chenglong.lt/?utm_source=chatgpt.com" "Mozilla/5.0 (iPhone; CPU iPhone OS 26_3_0 like Mac OS X) AppleWebKit/605.1.15 (KHTML, like Gecko) CriOS/152.0.7977.64 Mobile/15E148 Safari/604.1"
78.56.230.2 - - [15/Sep/2026:22:30:15 +0300] "GET /plugins/content/simplepopup/simplepopup/fancybox/fancybox.png HTTP/1.1" 200 15287 "http://chenglong.lt/?utm_source=chatgpt.com" "Mozilla/5.0 (iPhone; CPU iPhone OS 26_3_0 like Mac OS X) AppleWebKit/605.1.15 (KHTML, like Gecko) CriOS/152.0.7977.64 Mobile/15E148 Safari/604.1"
78.56.230.2 - - [15/Sep/2026:22:30:15 +0300] "GET /plugins/content/simplepopup/simplepopup/fancybox/fancybox-y.png HTTP/1.1" 200 176 "http://chenglong.lt/?utm_source=chatgpt.com" "Mozilla/5.0 (iPhone; CPU iPhone OS 26_3_0 like Mac OS X) AppleWebKit/605.1.15 (KHTML, like Gecko) CriOS/152.0.7977.64 Mobile/15E148 Safari/604.1"
78.56.230.2 - - [15/Sep/2026:22:30:15 +0300] "GET /templates/resto_6/favicon.ico HTTP/1.1" 200 23558 "-" "Mozilla/5.0 (iPhone; CPU iPhone OS 26_3_0 like Mac OS X) AppleWebKit/605.1.15 (KHTML, like Gecko) CriOS/152.0.7977.64 Mobile/15E148 Safari/604.1"
