66.249.79.5 - - [15/Sep/2026:16:34:53 +0300] "GET /index.php/paslaugos?sale/search/detail/?ITMCODE=5196703327 HTTP/1.1" 200 201861 "-" "Mozilla/5.0 (Linux; Android 6.0.1; Nexus 5X Build/MMB29P) AppleWebKit/537.36 (KHTML, like Gecko) Chrome/152.0.7977.82 Mobile Safari/537.36 (compatible; Googlebot/2.1; +http://www.google.com/bot.html)"
52.167.144.208 - - [15/Sep/2026:16:34:55 +0300] "GET /?sale/search/detail/?ITMCODE=519858910330 HTTP/2.0" 200 205172 "-" "Mozilla/5.0 AppleWebKit/537.36 (KHTML, like Gecko; compatible; bingbot/2.0; +http://www.bing.com/bingbot.htm) Chrome/116.0.1938.76 Safari/537.36"
52.167.144.208 - - [15/Sep/2026:16:34:56 +0300] "GET /?sale/search/detail/?ITMCODE=51987601497 HTTP/2.0" 200 195111 "-" "Mozilla/5.0 AppleWebKit/537.36 (KHTML, like Gecko; compatible; bingbot/2.0; +http://www.bing.com/bingbot.htm) Chrome/116.0.1938.76 Safari/537.36"
52.167.144.208 - - [15/Sep/2026:16:34:56 +0300] "GET /?sale/search/detail/?ITMCODE=519879890611 HTTP/2.0" 200 194911 "-" "Mozilla/5.0 AppleWebKit/537.36 (KHTML, like Gecko; compatible; bingbot/2.0; +http://www.bing.com/bingbot.htm) Chrome/116.0.1938.76 Safari/537.36"
52.167.144.166 - - [15/Sep/2026:16:34:57 +0300] "GET /?sale/search/detail/?ITMCODE=5196934578 HTTP/2.0" 200 208574 "-" "Mozilla/5.0 AppleWebKit/537.36 (KHTML, like Gecko; compatible; bingbot/2.0; +http://www.bing.com/bingbot.htm) Chrome/116.0.1938.76 Safari/537.36"
52.167.144.166 - - [15/Sep/2026:16:34:58 +0300] "GET /?sale/search/detail/?ITMCODE=5196829461 HTTP/2.0" 200 204786 "-" "Mozilla/5.0 AppleWebKit/537.36 (KHTML, like Gecko; compatible; bingbot/2.0; +http://www.bing.com/bingbot.htm) Chrome/116.0.1938.76 Safari/537.36"
52.167.144.166 - - [15/Sep/2026:16:34:59 +0300] "GET /?sale/search/detail/?ITMCODE=519879702110 HTTP/2.0" 200 212644 "-" "Mozilla/5.0 AppleWebKit/537.36 (KHTML, like Gecko; compatible; bingbot/2.0; +http://www.bing.com/bingbot.htm) Chrome/116.0.1938.76 Safari/537.36"
52.167.144.208 - - [15/Sep/2026:16:34:59 +0300] "GET /?sale/search/detail/?ITMCODE=519932460210 HTTP/2.0" 200 199682 "-" "Mozilla/5.0 AppleWebKit/537.36 (KHTML, like Gecko; compatible; bingbot/2.0; +http://www.bing.com/bingbot.htm) Chrome/116.0.1938.76 Safari/537.36"
52.167.144.208 - - [15/Sep/2026:16:34:59 +0300] "GET /?sale/search/detail/?ITMCODE=5196931945 HTTP/2.0" 200 210997 "-" "Mozilla/5.0 AppleWebKit/537.36 (KHTML, like Gecko; compatible; bingbot/2.0; +http://www.bing.com/bingbot.htm) Chrome/116.0.1938.76 Safari/537.36"
52.167.144.166 - - [15/Sep/2026:16:34:59 +0300] "GET /?sale/search/detail/?ITMCODE=519998136629 HTTP/2.0" 200 219013 "-" "Mozilla/5.0 AppleWebKit/537.36 (KHTML, like Gecko; compatible; bingbot/2.0; +http://www.bing.com/bingbot.htm) Chrome/116.0.1938.76 Safari/537.36"
52.167.144.208 - - [15/Sep/2026:16:35:00 +0300] "GET /?sale/search/detail/?ITMCODE=519681672963 HTTP/2.0" 200 197095 "-" "Mozilla/5.0 AppleWebKit/537.36 (KHTML, like Gecko; compatible; bingbot/2.0; +http://www.bing.com/bingbot.htm) Chrome/116.0.1938.76 Safari/537.36"
52.167.144.208 - - [15/Sep/2026:16:35:00 +0300] "GET /?sale/search/detail/?ITMCODE=519888733212 HTTP/2.0" 200 195048 "-" "Mozilla/5.0 AppleWebKit/537.36 (KHTML, like Gecko; compatible; bingbot/2.0; +http://www.bing.com/bingbot.htm) Chrome/116.0.1938.76 Safari/537.36"
52.167.144.166 - - [15/Sep/2026:16:35:00 +0300] "GET /?sale/search/detail/?ITMCODE=519932406387 HTTP/2.0" 200 213754 "-" "Mozilla/5.0 AppleWebKit/537.36 (KHTML, like Gecko; compatible; bingbot/2.0; +http://www.bing.com/bingbot.htm) Chrome/116.0.1938.76 Safari/537.36"
52.167.144.166 - - [15/Sep/2026:16:35:01 +0300] "GET /?sale/search/detail/?ITMCODE=51981711199 HTTP/2.0" 200 208276 "-" "Mozilla/5.0 AppleWebKit/537.36 (KHTML, like Gecko; compatible; bingbot/2.0; +http://www.bing.com/bingbot.htm) Chrome/116.0.1938.76 Safari/537.36"
52.167.144.166 - - [15/Sep/2026:16:35:02 +0300] "GET /?sale/search/detail/?ITMCODE=51981636199 HTTP/2.0" 200 202100 "-" "Mozilla/5.0 AppleWebKit/537.36 (KHTML, like Gecko; compatible; bingbot/2.0; +http://www.bing.com/bingbot.htm) Chrome/116.0.1938.76 Safari/537.36"
66.249.79.2 - - [15/Sep/2026:16:35:02 +0300] "GET /?sale/search/detail/?ITMCODE=52002738274 HTTP/1.1" 200 195633 "-" "Mozilla/5.0 (Linux; Android 6.0.1; Nexus 5X Build/MMB29P) AppleWebKit/537.36 (KHTML, like Gecko) Chrome/152.0.7977.82 Mobile Safari/537.36 (compatible; Googlebot/2.1; +http://www.google.com/bot.html)"
52.167.144.166 - - [15/Sep/2026:16:35:03 +0300] "GET /?sale/search/detail/?ITMCODE=51995390656 HTTP/2.0" 200 213612 "-" "Mozilla/5.0 AppleWebKit/537.36 (KHTML, like Gecko; compatible; bingbot/2.0; +http://www.bing.com/bingbot.htm) Chrome/116.0.1938.76 Safari/537.36"
66.249.79.2 - - [15/Sep/2026:16:35:03 +0300] "GET /sale/search/detail/?ITMCODE=51992483760 HTTP/1.1" 200 196702 "-" "Mozilla/5.0 (Linux; Android 6.0.1; Nexus 5X Build/MMB29P) AppleWebKit/537.36 (KHTML, like Gecko) Chrome/152.0.7977.82 Mobile Safari/537.36 (compatible; Googlebot/2.1; +http://www.google.com/bot.html)"
52.167.144.166 - - [15/Sep/2026:16:35:04 +0300] "GET /?sale/search/detail/?ITMCODE=51995280634 HTTP/2.0" 200 201792 "-" "Mozilla/5.0 AppleWebKit/537.36 (KHTML, like Gecko; compatible; bingbot/2.0; +http://www.bing.com/bingbot.htm) Chrome/116.0.1938.76 Safari/537.36"
52.167.144.166 - - [15/Sep/2026:16:35:04 +0300] "GET /?sale/search/detail/?ITMCODE=51971074703 HTTP/2.0" 200 207253 "-" "Mozilla/5.0 AppleWebKit/537.36 (KHTML, like Gecko; compatible; bingbot/2.0; +http://www.bing.com/bingbot.htm) Chrome/116.0.1938.76 Safari/537.36"
52.167.144.166 - - [15/Sep/2026:16:35:05 +0300] "GET /?sale/search/detail/?ITMCODE=52002540785 HTTP/2.0" 200 207422 "-" "Mozilla/5.0 AppleWebKit/537.36 (KHTML, like Gecko; compatible; bingbot/2.0; +http://www.bing.com/bingbot.htm) Chrome/116.0.1938.76 Safari/537.36"
40.77.167.27 - - [15/Sep/2026:16:35:06 +0300] "GET /?sale/search/detail/?ITMCODE=51992263378 HTTP/2.0" 200 201272 "-" "Mozilla/5.0 AppleWebKit/537.36 (KHTML, like Gecko; compatible; bingbot/2.0; +http://www.bing.com/bingbot.htm) Chrome/116.0.1938.76 Safari/537.36"
40.77.167.27 - - [15/Sep/2026:16:35:08 +0300] "GET /?sale/search/detail/?ITMCODE=51963512871 HTTP/2.0" 200 200271 "-" "Mozilla/5.0 AppleWebKit/537.36 (KHTML, like Gecko; compatible; bingbot/2.0; +http://www.bing.com/bingbot.htm) Chrome/116.0.1938.76 Safari/537.36"
40.77.167.27 - - [15/Sep/2026:16:35:08 +0300] "GET /?sale/search/detail/?ITMCODE=519678784419 HTTP/2.0" 200 208223 "-" "Mozilla/5.0 AppleWebKit/537.36 (KHTML, like Gecko; compatible; bingbot/2.0; +http://www.bing.com/bingbot.htm) Chrome/116.0.1938.76 Safari/537.36"
40.77.167.27 - - [15/Sep/2026:16:35:09 +0300] "GET /?sale/search/detail/?ITMCODE=519615877943 HTTP/2.0" 200 205307 "-" "Mozilla/5.0 AppleWebKit/537.36 (KHTML, like Gecko; compatible; bingbot/2.0; +http://www.bing.com/bingbot.htm) Chrome/116.0.1938.76 Safari/537.36"
66.249.79.4 - - [15/Sep/2026:16:35:09 +0300] "GET /index.php/paslaugos?sale/search/detail/?ITMCODE=5196809110 HTTP/1.1" 200 211958 "-" "Mozilla/5.0 (Linux; Android 6.0.1; Nexus 5X Build/MMB29P) AppleWebKit/537.36 (KHTML, like Gecko) Chrome/152.0.7977.82 Mobile Safari/537.36 (compatible; Googlebot/2.1; +http://www.google.com/bot.html)"
40.77.167.27 - - [15/Sep/2026:16:35:10 +0300] "GET /?sale/search/detail/?ITMCODE=519764407759 HTTP/2.0" 200 193761 "-" "Mozilla/5.0 AppleWebKit/537.36 (KHTML, like Gecko; compatible; bingbot/2.0; +http://www.bing.com/bingbot.htm) Chrome/116.0.1938.76 Safari/537.36"
40.77.167.27 - - [15/Sep/2026:16:35:10 +0300] "GET /?sale/search/detail/?ITMCODE=51956166971 HTTP/2.0" 200 198904 "-" "Mozilla/5.0 AppleWebKit/537.36 (KHTML, like Gecko; compatible; bingbot/2.0; +http://www.bing.com/bingbot.htm) Chrome/116.0.1938.76 Safari/537.36"
52.167.144.208 - - [15/Sep/2026:16:35:17 +0300] "GET /?sale/search/detail/?ITMCODE=52008623854 HTTP/2.0" 200 196383 "-" "Mozilla/5.0 AppleWebKit/537.36 (KHTML, like Gecko; compatible; bingbot/2.0; +http://www.bing.com/bingbot.htm) Chrome/116.0.1938.76 Safari/537.36"
52.167.144.208 - - [15/Sep/2026:16:35:18 +0300] "GET /?sale/search/detail/?ITMCODE=51992203346 HTTP/2.0" 200 197512 "-" "Mozilla/5.0 AppleWebKit/537.36 (KHTML, like Gecko; compatible; bingbot/2.0; +http://www.bing.com/bingbot.htm) Chrome/116.0.1938.76 Safari/537.36"
66.249.79.3 - - [15/Sep/2026:16:35:25 +0300] "GET /?sale/search/detail/?ITMCODE=519544696 HTTP/1.1" 200 208000 "-" "Mozilla/5.0 (Linux; Android 6.0.1; Nexus 5X Build/MMB29P) AppleWebKit/537.36 (KHTML, like Gecko) Chrome/152.0.7977.82 Mobile Safari/537.36 (compatible; Googlebot/2.1; +http://www.google.com/bot.html)"
40.77.167.27 - - [15/Sep/2026:16:35:26 +0300] "GET /?sale/search/detail/?ITMCODE=519612691380 HTTP/2.0" 200 225762 "-" "Mozilla/5.0 AppleWebKit/537.36 (KHTML, like Gecko; compatible; bingbot/2.0; +http://www.bing.com/bingbot.htm) Chrome/116.0.1938.76 Safari/537.36"
40.77.167.27 - - [15/Sep/2026:16:35:27 +0300] "GET /?sale/search/detail/?ITMCODE=519678842369 HTTP/2.0" 200 200211 "-" "Mozilla/5.0 AppleWebKit/537.36 (KHTML, like Gecko; compatible; bingbot/2.0; +http://www.bing.com/bingbot.htm) Chrome/116.0.1938.76 Safari/537.36"
114.119.135.63 - - [15/Sep/2026:16:35:28 +0300] "GET /?sale/search/detail/%3FITMCODE=5196716337 HTTP/1.1" 200 31588 "https://www.keliauk-uk.lt/?sitemap-products.xml" "Mozilla/5.0 (Linux; Android 7.0;) AppleWebKit/537.36 (HTML, like Gecko) Mobile Safari/537.36 (compatible; PetalBot;+https://webmaster.petalsearch.com/site/petalbot)"
40.77.167.7 - - [15/Sep/2026:16:35:31 +0300] "GET /?sale/search/detail/?ITMCODE=519536017157 HTTP/2.0" 200 197417 "-" "Mozilla/5.0 AppleWebKit/537.36 (KHTML, like Gecko; compatible; bingbot/2.0; +http://www.bing.com/bingbot.htm) Chrome/116.0.1938.76 Safari/537.36"
40.77.167.7 - - [15/Sep/2026:16:35:31 +0300] "GET /?sale/search/detail/?ITMCODE=519843830271 HTTP/2.0" 200 217110 "-" "Mozilla/5.0 AppleWebKit/537.36 (KHTML, like Gecko; compatible; bingbot/2.0; +http://www.bing.com/bingbot.htm) Chrome/116.0.1938.76 Safari/537.36"
40.77.167.7 - - [15/Sep/2026:16:35:32 +0300] "GET /?sale/search/detail/?ITMCODE=519575408917 HTTP/2.0" 200 200199 "-" "Mozilla/5.0 AppleWebKit/537.36 (KHTML, like Gecko; compatible; bingbot/2.0; +http://www.bing.com/bingbot.htm) Chrome/116.0.1938.76 Safari/537.36"
40.77.167.7 - - [15/Sep/2026:16:35:33 +0300] "GET /?sale/search/detail/?ITMCODE=520026500456 HTTP/2.0" 200 202876 "-" "Mozilla/5.0 AppleWebKit/537.36 (KHTML, like Gecko; compatible; bingbot/2.0; +http://www.bing.com/bingbot.htm) Chrome/116.0.1938.76 Safari/537.36"
40.77.167.7 - - [15/Sep/2026:16:35:33 +0300] "GET /?sale/search/detail/?ITMCODE=51966577949 HTTP/2.0" 200 198263 "-" "Mozilla/5.0 AppleWebKit/537.36 (KHTML, like Gecko; compatible; bingbot/2.0; +http://www.bing.com/bingbot.htm) Chrome/116.0.1938.76 Safari/537.36"
40.77.167.7 - - [15/Sep/2026:16:35:35 +0300] "GET /?sale/search/detail/?ITMCODE=519843840215 HTTP/2.0" 200 205890 "-" "Mozilla/5.0 AppleWebKit/537.36 (KHTML, like Gecko; compatible; bingbot/2.0; +http://www.bing.com/bingbot.htm) Chrome/116.0.1938.76 Safari/537.36"
66.249.79.2 - - [15/Sep/2026:16:35:35 +0300] "GET /index.php/paslaugos?sale/search/detail/?ITMCODE=51981828278 HTTP/1.1" 200 218385 "-" "Mozilla/5.0 (Linux; Android 6.0.1; Nexus 5X Build/MMB29P) AppleWebKit/537.36 (KHTML, like Gecko) Chrome/152.0.7977.82 Mobile Safari/537.36 (compatible; Googlebot/2.1; +http://www.google.com/bot.html)"
52.167.144.208 - - [15/Sep/2026:16:35:36 +0300] "GET /?sale/search/detail/?ITMCODE=51987894282 HTTP/2.0" 200 197010 "-" "Mozilla/5.0 AppleWebKit/537.36 (KHTML, like Gecko; compatible; bingbot/2.0; +http://www.bing.com/bingbot.htm) Chrome/116.0.1938.76 Safari/537.36"
40.77.167.7 - - [15/Sep/2026:16:35:36 +0300] "GET /?sale/search/detail/?ITMCODE=520032997136 HTTP/2.0" 200 198117 "-" "Mozilla/5.0 AppleWebKit/537.36 (KHTML, like Gecko; compatible; bingbot/2.0; +http://www.bing.com/bingbot.htm) Chrome/116.0.1938.76 Safari/537.36"
40.77.167.7 - - [15/Sep/2026:16:35:37 +0300] "GET /?sale/search/detail/?ITMCODE=52005821535 HTTP/2.0" 200 193333 "-" "Mozilla/5.0 AppleWebKit/537.36 (KHTML, like Gecko; compatible; bingbot/2.0; +http://www.bing.com/bingbot.htm) Chrome/116.0.1938.76 Safari/537.36"
40.77.167.7 - - [15/Sep/2026:16:35:37 +0300] "GET /?sale/search/detail/?ITMCODE=51956354896 HTTP/2.0" 200 225346 "-" "Mozilla/5.0 AppleWebKit/537.36 (KHTML, like Gecko; compatible; bingbot/2.0; +http://www.bing.com/bingbot.htm) Chrome/116.0.1938.76 Safari/537.36"
40.77.167.7 - - [15/Sep/2026:16:35:38 +0300] "GET /?sale/search/detail/?ITMCODE=51953198826 HTTP/2.0" 200 194222 "-" "Mozilla/5.0 AppleWebKit/537.36 (KHTML, like Gecko; compatible; bingbot/2.0; +http://www.bing.com/bingbot.htm) Chrome/116.0.1938.76 Safari/537.36"
57.141.20.7 - - [15/Sep/2026:16:35:41 +0300] "GET /index.php/component/search/?sale/search/detail/?ITMCODE=51992096285& HTTP/2.0" 200 19806 "-" "Mozilla/5.0 (Windows NT 10.0; Win64; x64) AppleWebKit/537.36 (KHTML, like Gecko) Chrome/145.0.0.0 Safari/537.36 (compatible; meta-externalagent/1.1 (+https://developers.facebook.com/docs/sharing/webmasters/crawler))"
40.77.167.27 - - [15/Sep/2026:16:35:43 +0300] "GET /?sale/search/detail/?ITMCODE=5198100781528 HTTP/2.0" 200 203724 "-" "Mozilla/5.0 AppleWebKit/537.36 (KHTML, like Gecko; compatible; bingbot/2.0; +http://www.bing.com/bingbot.htm) Chrome/116.0.1938.76 Safari/537.36"
40.77.167.27 - - [15/Sep/2026:16:35:44 +0300] "GET /?sale/search/detail/?ITMCODE=51953371821 HTTP/2.0" 200 194305 "-" "Mozilla/5.0 AppleWebKit/537.36 (KHTML, like Gecko; compatible; bingbot/2.0; +http://www.bing.com/bingbot.htm) Chrome/116.0.1938.76 Safari/537.36"
40.77.167.27 - - [15/Sep/2026:16:35:44 +0300] "GET /?sale/search/detail/?ITMCODE=52008766451 HTTP/2.0" 200 203741 "-" "Mozilla/5.0 AppleWebKit/537.36 (KHTML, like Gecko; compatible; bingbot/2.0; +http://www.bing.com/bingbot.htm) Chrome/116.0.1938.76 Safari/537.36"
52.167.144.208 - - [15/Sep/2026:16:35:47 +0300] "GET /?sale/search/detail/?ITMCODE=519885706757 HTTP/2.0" 200 198509 "-" "Mozilla/5.0 AppleWebKit/537.36 (KHTML, like Gecko; compatible; bingbot/2.0; +http://www.bing.com/bingbot.htm) Chrome/116.0.1938.76 Safari/537.36"
57.141.20.28 - - [15/Sep/2026:16:35:48 +0300] "GET /index.php/component/search/?sale/search/detail/?ITMCODE=51992157324& HTTP/2.0" 200 19806 "-" "Mozilla/5.0 (Windows NT 10.0; Win64; x64) AppleWebKit/537.36 (KHTML, like Gecko) Chrome/145.0.0.0 Safari/537.36 (compatible; meta-externalagent/1.1 (+https://developers.facebook.com/docs/sharing/webmasters/crawler))"
40.77.167.7 - - [15/Sep/2026:16:35:52 +0300] "GET /?sale/search/detail/?ITMCODE=519587346875 HTTP/2.0" 200 231837 "-" "Mozilla/5.0 AppleWebKit/537.36 (KHTML, like Gecko; compatible; bingbot/2.0; +http://www.bing.com/bingbot.htm) Chrome/116.0.1938.76 Safari/537.36"
40.77.167.7 - - [15/Sep/2026:16:35:53 +0300] "GET /?sale/search/detail/?ITMCODE=519740129017 HTTP/2.0" 200 195415 "-" "Mozilla/5.0 AppleWebKit/537.36 (KHTML, like Gecko; compatible; bingbot/2.0; +http://www.bing.com/bingbot.htm) Chrome/116.0.1938.76 Safari/537.36"
40.77.167.7 - - [15/Sep/2026:16:35:54 +0300] "GET /?sale/search/detail/?ITMCODE=519932243192 HTTP/2.0" 200 200800 "-" "Mozilla/5.0 AppleWebKit/537.36 (KHTML, like Gecko; compatible; bingbot/2.0; +http://www.bing.com/bingbot.htm) Chrome/116.0.1938.76 Safari/537.36"
40.77.167.7 - - [15/Sep/2026:16:35:54 +0300] "GET /?sale/search/detail/?ITMCODE=52002566832 HTTP/2.0" 200 196570 "-" "Mozilla/5.0 AppleWebKit/537.36 (KHTML, like Gecko; compatible; bingbot/2.0; +http://www.bing.com/bingbot.htm) Chrome/116.0.1938.76 Safari/537.36"
40.77.167.7 - - [15/Sep/2026:16:35:55 +0300] "GET /?sale/search/detail/?ITMCODE=51963612935 HTTP/2.0" 200 208233 "-" "Mozilla/5.0 AppleWebKit/537.36 (KHTML, like Gecko; compatible; bingbot/2.0; +http://www.bing.com/bingbot.htm) Chrome/116.0.1938.76 Safari/537.36"
40.77.167.7 - - [15/Sep/2026:16:35:56 +0300] "GET /?sale/search/detail/?ITMCODE=51959411648 HTTP/2.0" 200 197170 "-" "Mozilla/5.0 AppleWebKit/537.36 (KHTML, like Gecko; compatible; bingbot/2.0; +http://www.bing.com/bingbot.htm) Chrome/116.0.1938.76 Safari/537.36"
40.77.167.7 - - [15/Sep/2026:16:35:56 +0300] "GET /?sale/search/detail/?ITMCODE=51971189030 HTTP/2.0" 200 197174 "-" "Mozilla/5.0 AppleWebKit/537.36 (KHTML, like Gecko; compatible; bingbot/2.0; +http://www.bing.com/bingbot.htm) Chrome/116.0.1938.76 Safari/537.36"
66.249.79.2 - - [15/Sep/2026:16:36:06 +0300] "GET /index.php/zinynas-keliaujantiems?sale/search/detail/?ITMCODE=51981758081 HTTP/1.1" 200 203698 "-" "Mozilla/5.0 (Linux; Android 6.0.1; Nexus 5X Build/MMB29P) AppleWebKit/537.36 (KHTML, like Gecko) Chrome/152.0.7977.82 Mobile Safari/537.36 (compatible; Googlebot/2.1; +http://www.google.com/bot.html)"
66.249.79.2 - - [15/Sep/2026:16:36:19 +0300] "GET /index.php/paslaugos?sale/search/detail/?ITMCODE=51981770411 HTTP/1.1" 200 212915 "-" "Mozilla/5.0 (Linux; Android 6.0.1; Nexus 5X Build/MMB29P) AppleWebKit/537.36 (KHTML, like Gecko) Chrome/152.0.7977.82 Mobile Safari/537.36 (compatible; Googlebot/2.1; +http://www.google.com/bot.html)"
66.249.79.1 - - [15/Sep/2026:16:36:25 +0300] "GET /index.php/zinynas-keliaujantiems?sale/search/detail/?ITMCODE=51971228466 HTTP/1.1" 200 204519 "-" "Mozilla/5.0 (Linux; Android 6.0.1; Nexus 5X Build/MMB29P) AppleWebKit/537.36 (KHTML, like Gecko) Chrome/152.0.7977.82 Mobile Safari/537.36 (compatible; Googlebot/2.1; +http://www.google.com/bot.html)"
66.249.79.1 - - [15/Sep/2026:16:36:27 +0300] "GET /index.php/paslaugos?sale/search/detail/?ITMCODE=5195470649 HTTP/1.1" 200 225262 "-" "Mozilla/5.0 (Linux; Android 6.0.1; Nexus 5X Build/MMB29P) AppleWebKit/537.36 (KHTML, like Gecko) Chrome/152.0.7977.82 Mobile Safari/537.36 (compatible; Googlebot/2.1; +http://www.google.com/bot.html)"
66.249.79.1 - - [15/Sep/2026:16:36:44 +0300] "GET /?sale/search/detail/?ITMCODE=5195116723 HTTP/1.1" 200 203849 "-" "Mozilla/5.0 (Linux; Android 6.0.1; Nexus 5X Build/MMB29P) AppleWebKit/537.36 (KHTML, like Gecko) Chrome/152.0.7977.82 Mobile Safari/537.36 (compatible; Googlebot/2.1; +http://www.google.com/bot.html)"
114.119.152.47 - - [15/Sep/2026:16:36:52 +0300] "GET /?sale/search/detail/%3FITMCODE=5196713582 HTTP/1.1" 200 31588 "https://www.keliauk-uk.lt/?sitemap-products.xml" "Mozilla/5.0 (Linux; Android 7.0;) AppleWebKit/537.36 (HTML, like Gecko) Mobile Safari/537.36 (compatible; PetalBot;+https://webmaster.petalsearch.com/site/petalbot)"
57.141.20.7 - - [15/Sep/2026:16:37:13 +0300] "GET /index.php/component/search/?sale/search/detail/?ITMCODE=51995027955& HTTP/2.0" 200 19806 "-" "Mozilla/5.0 (Macintosh; Intel Mac OS X 10_15_7) AppleWebKit/537.36 (KHTML, like Gecko) Chrome/145.0.0.0 Safari/537.36 (compatible; meta-externalagent/1.1 (+https://developers.facebook.com/docs/sharing/webmasters/crawler))"
66.249.79.1 - - [15/Sep/2026:16:37:27 +0300] "GET /?sale/search/detail/?ITMCODE=51971121659 HTTP/1.1" 200 198292 "-" "Mozilla/5.0 (Linux; Android 6.0.1; Nexus 5X Build/MMB29P) AppleWebKit/537.36 (KHTML, like Gecko) Chrome/152.0.7977.82 Mobile Safari/537.36 (compatible; Googlebot/2.1; +http://www.google.com/bot.html)"
66.249.79.3 - - [15/Sep/2026:16:37:30 +0300] "GET /index.php/paslaugos?sale/search/detail/?ITMCODE=5196625119 HTTP/1.1" 200 203107 "-" "Mozilla/5.0 (Linux; Android 6.0.1; Nexus 5X Build/MMB29P) AppleWebKit/537.36 (KHTML, like Gecko) Chrome/152.0.7977.82 Mobile Safari/537.36 (compatible; Googlebot/2.1; +http://www.google.com/bot.html)"
66.249.79.2 - - [15/Sep/2026:16:37:42 +0300] "GET /?sale/search/detail/?ITMCODE=5195280723 HTTP/1.1" 200 202667 "-" "Mozilla/5.0 (Linux; Android 6.0.1; Nexus 5X Build/MMB29P) AppleWebKit/537.36 (KHTML, like Gecko) Chrome/152.0.7977.82 Mobile Safari/537.36 (compatible; Googlebot/2.1; +http://www.google.com/bot.html)"
66.249.79.1 - - [15/Sep/2026:16:37:59 +0300] "GET /?sale/search/detail/?ITMCODE=52002713814 HTTP/1.1" 200 195783 "-" "Mozilla/5.0 (Linux; Android 6.0.1; Nexus 5X Build/MMB29P) AppleWebKit/537.36 (KHTML, like Gecko) Chrome/152.0.7977.82 Mobile Safari/537.36 (compatible; Googlebot/2.1; +http://www.google.com/bot.html)"
66.249.79.1 - - [15/Sep/2026:16:38:16 +0300] "GET /shop/pg/5196908474 HTTP/1.1" 200 201929 "-" "Mozilla/5.0 (Linux; Android 6.0.1; Nexus 5X Build/MMB29P) AppleWebKit/537.36 (KHTML, like Gecko) Chrome/152.0.7977.82 Mobile Safari/537.36 (compatible; Googlebot/2.1; +http://www.google.com/bot.html)"
114.119.148.64 - - [15/Sep/2026:16:38:17 +0300] "GET /?sale/search/detail/%3FITMCODE=5196710836 HTTP/1.1" 200 31588 "https://www.keliauk-uk.lt/?sitemap-products.xml" "Mozilla/5.0 (Linux; Android 7.0;) AppleWebKit/537.36 (HTML, like Gecko) Mobile Safari/537.36 (compatible; PetalBot;+https://webmaster.petalsearch.com/site/petalbot)"
57.141.20.9 - - [15/Sep/2026:16:38:54 +0300] "GET /?sale/search/detail/?ITMCODE=51984766346 HTTP/2.0" 200 31680 "-" "Mozilla/5.0 (Windows NT 10.0; Win64; x64) AppleWebKit/537.36 (KHTML, like Gecko) Chrome/145.0.0.0 Safari/537.36 (compatible; meta-externalagent/1.1 (+https://developers.facebook.com/docs/sharing/webmasters/crawler))"
57.141.20.27 - - [15/Sep/2026:16:38:55 +0300] "GET /presets/.css HTTP/2.0" 404 1461 "https://keliauk-uk.lt.testams.vhost.lt/?sale/search/detail/?ITMCODE=51984766346" "Mozilla/5.0 (Windows NT 10.0; Win64; x64) AppleWebKit/537.36 (KHTML, like Gecko) Chrome/145.0.0.0 Safari/537.36 (compatible; meta-externalagent/1.1 (+https://developers.facebook.com/docs/sharing/webmasters/crawler))"
57.141.20.49 - - [15/Sep/2026:16:39:07 +0300] "GET /index.php/component/search/?sale/search/detail/?ITMCODE=519876860641& HTTP/2.0" 200 19807 "-" "Mozilla/5.0 (Macintosh; Intel Mac OS X 10_15_7) AppleWebKit/537.36 (KHTML, like Gecko) Chrome/145.0.0.0 Safari/537.36 (compatible; meta-externalagent/1.1 (+https://developers.facebook.com/docs/sharing/webmasters/crawler))"
57.141.20.37 - - [15/Sep/2026:16:39:19 +0300] "GET /index.php/component/search/?sale/search/detail/?ITMCODE=519545070153& HTTP/2.0" 200 19729 "-" "Mozilla/5.0 (Windows NT 10.0; Win64; x64) AppleWebKit/537.36 (KHTML, like Gecko) Chrome/145.0.0.0 Safari/537.36 (compatible; meta-externalagent/1.1 (+https://developers.facebook.com/docs/sharing/webmasters/crawler))"
66.249.79.2 - - [15/Sep/2026:16:39:34 +0300] "GET /shop/customer/bookmark.php?sale/search/detail/?ITMCODE=5195282581 HTTP/1.1" 200 211600 "-" "Mozilla/5.0 (Linux; Android 6.0.1; Nexus 5X Build/MMB29P) AppleWebKit/537.36 (KHTML, like Gecko) Chrome/152.0.7977.82 Mobile Safari/537.36 (compatible; Googlebot/2.1; +http://www.google.com/bot.html)"
57.141.20.56 - - [15/Sep/2026:16:39:37 +0300] "GET /index.php/component/search/?sale/search/detail/?ITMCODE=51987720697& HTTP/2.0" 200 19806 "-" "Mozilla/5.0 (Windows NT 10.0; Win64; x64) AppleWebKit/537.36 (KHTML, like Gecko) Chrome/145.0.0.0 Safari/537.36 (compatible; meta-externalagent/1.1 (+https://developers.facebook.com/docs/sharing/webmasters/crawler))"
114.119.135.63 - - [15/Sep/2026:16:39:41 +0300] "GET /?sale/search/detail/%3FITMCODE=5196708099 HTTP/1.1" 200 31588 "https://www.keliauk-uk.lt/?sitemap-products.xml" "Mozilla/5.0 (Linux; Android 7.0;) AppleWebKit/537.36 (HTML, like Gecko) Mobile Safari/537.36 (compatible; PetalBot;+https://webmaster.petalsearch.com/site/petalbot)"
66.249.79.2 - - [15/Sep/2026:16:39:43 +0300] "GET /shop/customer/bookmark.php?sale/search/detail/?ITMCODE=51971407552 HTTP/1.1" 200 200364 "-" "Mozilla/5.0 (Linux; Android 6.0.1; Nexus 5X Build/MMB29P) AppleWebKit/537.36 (KHTML, like Gecko) Chrome/152.0.7977.82 Mobile Safari/537.36 (compatible; Googlebot/2.1; +http://www.google.com/bot.html)"
57.141.20.4 - - [15/Sep/2026:16:39:44 +0300] "GET /index.php/component/search/?sale/search/detail/?ITMCODE=51974241437& HTTP/2.0" 200 19728 "-" "Mozilla/5.0 (X11; Linux x86_64) AppleWebKit/537.36 (KHTML, like Gecko) Chrome/145.0.0.0 Safari/537.36 (compatible; meta-externalagent/1.1 (+https://developers.facebook.com/docs/sharing/webmasters/crawler))"
57.141.20.26 - - [15/Sep/2026:16:39:45 +0300] "GET /index.php/component/search/?sale/search/detail/?ITMCODE=52008505379& HTTP/2.0" 200 19806 "-" "Mozilla/5.0 (X11; Linux x86_64) AppleWebKit/537.36 (KHTML, like Gecko) Chrome/145.0.0.0 Safari/537.36 (compatible; meta-externalagent/1.1 (+https://developers.facebook.com/docs/sharing/webmasters/crawler))"
66.249.68.38 - - [15/Sep/2026:16:39:58 +0300] "GET /index.php?sale/search/detail/?ITMCODE=51981595236 HTTP/1.1" 200 198524 "-" "Mozilla/5.0 (Linux; Android 6.0.1; Nexus 5X Build/MMB29P) AppleWebKit/537.36 (KHTML, like Gecko) Chrome/152.0.7977.82 Mobile Safari/537.36 (compatible; Googlebot/2.1; +http://www.google.com/bot.html)"
66.249.79.1 - - [15/Sep/2026:16:40:18 +0300] "GET /?sale/search/detail/?ITMCODE=5196957275 HTTP/1.1" 200 212201 "-" "Mozilla/5.0 (Linux; Android 6.0.1; Nexus 5X Build/MMB29P) AppleWebKit/537.36 (KHTML, like Gecko) Chrome/152.0.7977.82 Mobile Safari/537.36 (compatible; Googlebot/2.1; +http://www.google.com/bot.html)"
57.141.20.17 - - [15/Sep/2026:16:40:21 +0300] "GET /index.php/component/search/?sale/search/detail/?ITMCODE=52005522435& HTTP/2.0" 200 19806 "-" "Mozilla/5.0 (X11; Linux x86_64) AppleWebKit/537.36 (KHTML, like Gecko) Chrome/145.0.0.0 Safari/537.36 (compatible; meta-externalagent/1.1 (+https://developers.facebook.com/docs/sharing/webmasters/crawler))"
57.141.20.44 - - [15/Sep/2026:16:40:31 +0300] "GET /index.php/component/search/?sale/search/detail/?ITMCODE=52008643439& HTTP/2.0" 200 19806 "-" "Mozilla/5.0 (Windows NT 10.0; Win64; x64) AppleWebKit/537.36 (KHTML, like Gecko) Chrome/145.0.0.0 Safari/537.36 (compatible; meta-externalagent/1.1 (+https://developers.facebook.com/docs/sharing/webmasters/crawler))"
66.249.79.1 - - [15/Sep/2026:16:40:48 +0300] "GET /?sale/search/detail/?ITMCODE=5195210146 HTTP/1.1" 200 195280 "-" "Mozilla/5.0 (Linux; Android 6.0.1; Nexus 5X Build/MMB29P) AppleWebKit/537.36 (KHTML, like Gecko) Chrome/152.0.7977.82 Mobile Safari/537.36 (compatible; Googlebot/2.1; +http://www.google.com/bot.html)"
66.249.79.3 - - [15/Sep/2026:16:41:08 +0300] "GET /?sale/search/detail/?ITMCODE=51992071955 HTTP/1.1" 200 206768 "-" "Mozilla/5.0 (Linux; Android 6.0.1; Nexus 5X Build/MMB29P) AppleWebKit/537.36 (KHTML, like Gecko) Chrome/152.0.7977.82 Mobile Safari/537.36 (compatible; Googlebot/2.1; +http://www.google.com/bot.html)"
66.249.79.2 - - [15/Sep/2026:16:41:30 +0300] "GET /?sale/search/detail/?ITMCODE=5195355943 HTTP/1.1" 200 195150 "-" "Mozilla/5.0 (Linux; Android 6.0.1; Nexus 5X Build/MMB29P) AppleWebKit/537.36 (KHTML, like Gecko) Chrome/152.0.7977.82 Mobile Safari/537.36 (compatible; Googlebot/2.1; +http://www.google.com/bot.html)"
104.244.72.22 - - [15/Sep/2026:16:41:37 +0300] "GET /cccsitemap.xml HTTP/1.1" 200 31 "-" "googlebot,bot,google,bing,yahoo"
66.249.79.1 - - [15/Sep/2026:16:41:49 +0300] "GET /?sale/search/detail/?ITMCODE=519540150 HTTP/1.1" 200 204959 "-" "Mozilla/5.0 (Linux; Android 6.0.1; Nexus 5X Build/MMB29P) AppleWebKit/537.36 (KHTML, like Gecko) Chrome/152.0.7977.82 Mobile Safari/537.36 (compatible; Googlebot/2.1; +http://www.google.com/bot.html)"
57.141.20.64 - - [15/Sep/2026:16:42:06 +0300] "GET /index.php/component/search/?sale/search/detail/?ITMCODE=519873945183& HTTP/2.0" 200 19729 "-" "Mozilla/5.0 (Macintosh; Intel Mac OS X 10_15_7) AppleWebKit/537.36 (KHTML, like Gecko) Chrome/145.0.0.0 Safari/537.36 (compatible; meta-externalagent/1.1 (+https://developers.facebook.com/docs/sharing/webmasters/crawler))"
57.141.20.26 - - [15/Sep/2026:16:42:07 +0300] "GET /presets/.css HTTP/2.0" 404 1448 "https://www.keliauk-uk.lt/index.php/component/search/?sale/search/detail/?ITMCODE=519873945183&" "Mozilla/5.0 (Macintosh; Intel Mac OS X 10_15_7) AppleWebKit/537.36 (KHTML, like Gecko) Chrome/145.0.0.0 Safari/537.36 (compatible; meta-externalagent/1.1 (+https://developers.facebook.com/docs/sharing/webmasters/crawler))"
66.249.79.2 - - [15/Sep/2026:16:42:10 +0300] "GET /?sale/search/detail/?ITMCODE=51992087913 HTTP/1.1" 200 199369 "-" "Mozilla/5.0 (Linux; Android 6.0.1; Nexus 5X Build/MMB29P) AppleWebKit/537.36 (KHTML, like Gecko) Chrome/152.0.7977.82 Mobile Safari/537.36 (compatible; Googlebot/2.1; +http://www.google.com/bot.html)"
3.93.136.189 - - [15/Sep/2026:16:42:12 +0300] "GET / HTTP/1.1" 200 31664 "-" "Mozilla/5.0 (Windows NT 10.0; Win64; x64) AppleWebKit/537.36 (KHTML, like Gecko) Chrome/126.0.0.0 Safari/537.36"
66.249.79.2 - - [15/Sep/2026:16:42:21 +0300] "GET /?sale/search/detail/?ITMCODE=51971172598 HTTP/1.1" 200 201006 "-" "Mozilla/5.0 (Linux; Android 6.0.1; Nexus 5X Build/MMB29P) AppleWebKit/537.36 (KHTML, like Gecko) Chrome/152.0.7977.82 Mobile Safari/537.36 (compatible; Googlebot/2.1; +http://www.google.com/bot.html)"
57.141.20.72 - - [15/Sep/2026:16:42:35 +0300] "GET /index.php/component/search/?sale/search/detail/?ITMCODE=520077791658& HTTP/2.0" 200 19807 "-" "Mozilla/5.0 (Windows NT 10.0; Win64; x64) AppleWebKit/537.36 (KHTML, like Gecko) Chrome/145.0.0.0 Safari/537.36 (compatible; meta-externalagent/1.1 (+https://developers.facebook.com/docs/sharing/webmasters/crawler))"
45.136.154.250 - - [15/Sep/2026:16:42:42 +0300] "GET /rpc/ HTTP/1.1" 400 52 "-" "Mozilla/5.0 (iPhone; CPU iPhone OS 17_5 like Mac OS X) AppleWebKit/605.1.15 (KHTML, like Gecko) Version/17.5 Mobile/15E148 Safari/604.1"
57.141.20.66 - - [15/Sep/2026:16:42:43 +0300] "GET /index.php/component/search/?sale/search/detail/?ITMCODE=51987587523& HTTP/2.0" 200 19806 "-" "Mozilla/5.0 (Windows NT 10.0; Win64; x64) AppleWebKit/537.36 (KHTML, like Gecko) Chrome/145.0.0.0 Safari/537.36 (compatible; meta-externalagent/1.1 (+https://developers.facebook.com/docs/sharing/webmasters/crawler))"
57.141.20.30 - - [15/Sep/2026:16:43:13 +0300] "GET /index.php/component/search/?sale/search/detail/?ITMCODE=520080953886& HTTP/2.0" 200 19807 "-" "Mozilla/5.0 (Windows NT 10.0; Win64; x64) AppleWebKit/537.36 (KHTML, like Gecko) Chrome/145.0.0.0 Safari/537.36 (compatible; meta-externalagent/1.1 (+https://developers.facebook.com/docs/sharing/webmasters/crawler))"
57.141.20.5 - - [15/Sep/2026:16:43:30 +0300] "GET /?sale/search/detail/?ITMCODE=51971278939 HTTP/2.0" 200 31680 "-" "Mozilla/5.0 (Windows NT 10.0; Win64; x64) AppleWebKit/537.36 (KHTML, like Gecko) Chrome/145.0.0.0 Safari/537.36 (compatible; meta-externalagent/1.1 (+https://developers.facebook.com/docs/sharing/webmasters/crawler))"
40.77.167.235 - - [15/Sep/2026:16:43:33 +0300] "GET /?sale/search/detail/?ITMCODE=51971384214 HTTP/2.0" 200 201748 "-" "Mozilla/5.0 AppleWebKit/537.36 (KHTML, like Gecko; compatible; bingbot/2.0; +http://www.bing.com/bingbot.htm) Chrome/116.0.1938.76 Safari/537.36"
40.77.167.235 - - [15/Sep/2026:16:43:35 +0300] "GET /?sale/search/detail/?ITMCODE=519971190289 HTTP/2.0" 200 194115 "-" "Mozilla/5.0 AppleWebKit/537.36 (KHTML, like Gecko; compatible; bingbot/2.0; +http://www.bing.com/bingbot.htm) Chrome/116.0.1938.76 Safari/537.36"
40.77.167.235 - - [15/Sep/2026:16:43:36 +0300] "GET /?sale/search/detail/?ITMCODE=519956047534 HTTP/2.0" 200 203918 "-" "Mozilla/5.0 AppleWebKit/537.36 (KHTML, like Gecko; compatible; bingbot/2.0; +http://www.bing.com/bingbot.htm) Chrome/116.0.1938.76 Safari/537.36"
40.77.167.235 - - [15/Sep/2026:16:43:37 +0300] "GET /?sale/search/detail/?ITMCODE=519621670496 HTTP/2.0" 200 196367 "-" "Mozilla/5.0 AppleWebKit/537.36 (KHTML, like Gecko; compatible; bingbot/2.0; +http://www.bing.com/bingbot.htm) Chrome/116.0.1938.76 Safari/537.36"
52.167.144.208 - - [15/Sep/2026:16:43:37 +0300] "GET /?sale/search/detail/?ITMCODE=51974148933 HTTP/2.0" 200 216587 "-" "Mozilla/5.0 AppleWebKit/537.36 (KHTML, like Gecko; compatible; bingbot/2.0; +http://www.bing.com/bingbot.htm) Chrome/116.0.1938.76 Safari/537.36"
52.167.144.208 - - [15/Sep/2026:16:43:38 +0300] "GET /?sale/search/detail/?ITMCODE=519693881378 HTTP/2.0" 200 198563 "-" "Mozilla/5.0 AppleWebKit/537.36 (KHTML, like Gecko; compatible; bingbot/2.0; +http://www.bing.com/bingbot.htm) Chrome/116.0.1938.76 Safari/537.36"
52.167.144.208 - - [15/Sep/2026:16:43:39 +0300] "GET /?sale/search/detail/?ITMCODE=519926028697 HTTP/2.0" 200 205248 "-" "Mozilla/5.0 AppleWebKit/537.36 (KHTML, like Gecko; compatible; bingbot/2.0; +http://www.bing.com/bingbot.htm) Chrome/116.0.1938.76 Safari/537.36"
52.167.144.208 - - [15/Sep/2026:16:43:39 +0300] "GET /?sale/search/detail/?ITMCODE=519926181748 HTTP/2.0" 200 196214 "-" "Mozilla/5.0 AppleWebKit/537.36 (KHTML, like Gecko; compatible; bingbot/2.0; +http://www.bing.com/bingbot.htm) Chrome/116.0.1938.76 Safari/537.36"
52.167.144.208 - - [15/Sep/2026:16:43:40 +0300] "GET /?sale/search/detail/?ITMCODE=519615788405 HTTP/2.0" 200 198656 "-" "Mozilla/5.0 AppleWebKit/537.36 (KHTML, like Gecko; compatible; bingbot/2.0; +http://www.bing.com/bingbot.htm) Chrome/116.0.1938.76 Safari/537.36"
52.167.144.161 - - [15/Sep/2026:16:43:40 +0300] "GET /?sale/search/detail/?ITMCODE=52008773447 HTTP/2.0" 200 206003 "-" "Mozilla/5.0 AppleWebKit/537.36 (KHTML, like Gecko; compatible; bingbot/2.0; +http://www.bing.com/bingbot.htm) Chrome/116.0.1938.76 Safari/537.36"
52.167.144.161 - - [15/Sep/2026:16:43:42 +0300] "GET /?sale/search/detail/?ITMCODE=519512331931 HTTP/2.0" 200 196205 "-" "Mozilla/5.0 AppleWebKit/537.36 (KHTML, like Gecko; compatible; bingbot/2.0; +http://www.bing.com/bingbot.htm) Chrome/116.0.1938.76 Safari/537.36"
52.167.144.161 - - [15/Sep/2026:16:43:43 +0300] "GET /?sale/search/detail/?ITMCODE=519743175470 HTTP/2.0" 200 195778 "-" "Mozilla/5.0 AppleWebKit/537.36 (KHTML, like Gecko; compatible; bingbot/2.0; +http://www.bing.com/bingbot.htm) Chrome/116.0.1938.76 Safari/537.36"
52.167.144.161 - - [15/Sep/2026:16:43:44 +0300] "GET /?sale/search/detail/?ITMCODE=519788175043 HTTP/2.0" 200 204027 "-" "Mozilla/5.0 AppleWebKit/537.36 (KHTML, like Gecko; compatible; bingbot/2.0; +http://www.bing.com/bingbot.htm) Chrome/116.0.1938.76 Safari/537.36"
52.167.144.161 - - [15/Sep/2026:16:43:45 +0300] "GET /?sale/search/detail/?ITMCODE=51981784242 HTTP/2.0" 200 194169 "-" "Mozilla/5.0 AppleWebKit/537.36 (KHTML, like Gecko; compatible; bingbot/2.0; +http://www.bing.com/bingbot.htm) Chrome/116.0.1938.76 Safari/537.36"
52.167.144.161 - - [15/Sep/2026:16:43:46 +0300] "GET /?sale/search/detail/?ITMCODE=519572391285 HTTP/2.0" 200 200862 "-" "Mozilla/5.0 AppleWebKit/537.36 (KHTML, like Gecko; compatible; bingbot/2.0; +http://www.bing.com/bingbot.htm) Chrome/116.0.1938.76 Safari/537.36"
52.167.144.161 - - [15/Sep/2026:16:43:49 +0300] "GET /?sale/search/detail/?ITMCODE=51998457811 HTTP/2.0" 200 201208 "-" "Mozilla/5.0 AppleWebKit/537.36 (KHTML, like Gecko; compatible; bingbot/2.0; +http://www.bing.com/bingbot.htm) Chrome/116.0.1938.76 Safari/537.36"
52.167.144.161 - - [15/Sep/2026:16:43:50 +0300] "GET /?sale/search/detail/?ITMCODE=52005761207 HTTP/2.0" 200 196913 "-" "Mozilla/5.0 AppleWebKit/537.36 (KHTML, like Gecko; compatible; bingbot/2.0; +http://www.bing.com/bingbot.htm) Chrome/116.0.1938.76 Safari/537.36"
40.77.167.235 - - [15/Sep/2026:16:43:54 +0300] "GET /?sale/search/detail/?ITMCODE=519855801126 HTTP/2.0" 200 199997 "-" "Mozilla/5.0 AppleWebKit/537.36 (KHTML, like Gecko; compatible; bingbot/2.0; +http://www.bing.com/bingbot.htm) Chrome/116.0.1938.76 Safari/537.36"
40.77.167.235 - - [15/Sep/2026:16:43:55 +0300] "GET /?sale/search/detail/?ITMCODE=519512268819 HTTP/2.0" 200 201585 "-" "Mozilla/5.0 AppleWebKit/537.36 (KHTML, like Gecko; compatible; bingbot/2.0; +http://www.bing.com/bingbot.htm) Chrome/116.0.1938.76 Safari/537.36"
40.77.167.235 - - [15/Sep/2026:16:43:56 +0300] "GET /?sale/search/detail/?ITMCODE=519749264642 HTTP/2.0" 200 200305 "-" "Mozilla/5.0 AppleWebKit/537.36 (KHTML, like Gecko; compatible; bingbot/2.0; +http://www.bing.com/bingbot.htm) Chrome/116.0.1938.76 Safari/537.36"
40.77.167.235 - - [15/Sep/2026:16:43:56 +0300] "GET /?sale/search/detail/?ITMCODE=520092720959 HTTP/2.0" 200 211961 "-" "Mozilla/5.0 AppleWebKit/537.36 (KHTML, like Gecko; compatible; bingbot/2.0; +http://www.bing.com/bingbot.htm) Chrome/116.0.1938.76 Safari/537.36"
57.141.20.26 - - [15/Sep/2026:16:43:57 +0300] "GET /index.php/component/search/?sale/search/detail/?ITMCODE=51963891245& HTTP/2.0" 200 19806 "-" "Mozilla/5.0 (Macintosh; Intel Mac OS X 10_15_7) AppleWebKit/537.36 (KHTML, like Gecko) Chrome/145.0.0.0 Safari/537.36 (compatible; meta-externalagent/1.1 (+https://developers.facebook.com/docs/sharing/webmasters/crawler))"
52.167.144.208 - - [15/Sep/2026:16:43:59 +0300] "GET /?sale/search/detail/?ITMCODE=519785090788 HTTP/2.0" 200 207306 "-" "Mozilla/5.0 AppleWebKit/537.36 (KHTML, like Gecko; compatible; bingbot/2.0; +http://www.bing.com/bingbot.htm) Chrome/116.0.1938.76 Safari/537.36"
52.167.144.208 - - [15/Sep/2026:16:44:00 +0300] "GET /?sale/search/detail/?ITMCODE=51984823766 HTTP/2.0" 200 202018 "-" "Mozilla/5.0 AppleWebKit/537.36 (KHTML, like Gecko; compatible; bingbot/2.0; +http://www.bing.com/bingbot.htm) Chrome/116.0.1938.76 Safari/537.36"
52.167.144.208 - - [15/Sep/2026:16:44:00 +0300] "GET /?sale/search/detail/?ITMCODE=520053762974 HTTP/2.0" 200 199499 "-" "Mozilla/5.0 AppleWebKit/537.36 (KHTML, like Gecko; compatible; bingbot/2.0; +http://www.bing.com/bingbot.htm) Chrome/116.0.1938.76 Safari/537.36"
52.167.144.208 - - [15/Sep/2026:16:44:01 +0300] "GET /?sale/search/detail/?ITMCODE=51981667031 HTTP/2.0" 200 207518 "-" "Mozilla/5.0 AppleWebKit/537.36 (KHTML, like Gecko; compatible; bingbot/2.0; +http://www.bing.com/bingbot.htm) Chrome/116.0.1938.76 Safari/537.36"
52.167.144.208 - - [15/Sep/2026:16:44:02 +0300] "GET /?sale/search/detail/?ITMCODE=5196862003 HTTP/2.0" 200 204610 "-" "Mozilla/5.0 AppleWebKit/537.36 (KHTML, like Gecko; compatible; bingbot/2.0; +http://www.bing.com/bingbot.htm) Chrome/116.0.1938.76 Safari/537.36"
52.167.144.161 - - [15/Sep/2026:16:44:10 +0300] "GET /?sale/search/detail/?ITMCODE=51959045594 HTTP/2.0" 200 197740 "-" "Mozilla/5.0 AppleWebKit/537.36 (KHTML, like Gecko; compatible; bingbot/2.0; +http://www.bing.com/bingbot.htm) Chrome/116.0.1938.76 Safari/537.36"
52.167.144.161 - - [15/Sep/2026:16:44:13 +0300] "GET /?sale/search/detail/?ITMCODE=519935325289 HTTP/2.0" 200 195423 "-" "Mozilla/5.0 AppleWebKit/537.36 (KHTML, like Gecko; compatible; bingbot/2.0; +http://www.bing.com/bingbot.htm) Chrome/116.0.1938.76 Safari/537.36"
52.167.144.161 - - [15/Sep/2026:16:44:16 +0300] "GET /?sale/search/detail/?ITMCODE=520059978631 HTTP/2.0" 200 200954 "-" "Mozilla/5.0 AppleWebKit/537.36 (KHTML, like Gecko; compatible; bingbot/2.0; +http://www.bing.com/bingbot.htm) Chrome/116.0.1938.76 Safari/537.36"
40.77.167.235 - - [15/Sep/2026:16:44:17 +0300] "GET /?sale/search/detail/?ITMCODE=51992019784 HTTP/2.0" 200 210439 "-" "Mozilla/5.0 AppleWebKit/537.36 (KHTML, like Gecko; compatible; bingbot/2.0; +http://www.bing.com/bingbot.htm) Chrome/116.0.1938.76 Safari/537.36"
52.167.144.208 - - [15/Sep/2026:16:44:17 +0300] "GET /?sale/search/detail/?ITMCODE=51977174840 HTTP/2.0" 200 201292 "-" "Mozilla/5.0 AppleWebKit/537.36 (KHTML, like Gecko; compatible; bingbot/2.0; +http://www.bing.com/bingbot.htm) Chrome/116.0.1938.76 Safari/537.36"
57.141.20.7 - - [15/Sep/2026:16:44:18 +0300] "GET /index.php/component/search/?sale/search/detail/?ITMCODE=520077964485& HTTP/2.0" 200 19807 "-" "Mozilla/5.0 (Windows NT 10.0; Win64; x64) AppleWebKit/537.36 (KHTML, like Gecko) Chrome/145.0.0.0 Safari/537.36 (compatible; meta-externalagent/1.1 (+https://developers.facebook.com/docs/sharing/webmasters/crawler))"
52.167.144.208 - - [15/Sep/2026:16:44:18 +0300] "GET /?sale/search/detail/?ITMCODE=519657881601 HTTP/2.0" 200 199156 "-" "Mozilla/5.0 AppleWebKit/537.36 (KHTML, like Gecko; compatible; bingbot/2.0; +http://www.bing.com/bingbot.htm) Chrome/116.0.1938.76 Safari/537.36"
52.167.144.208 - - [15/Sep/2026:16:44:19 +0300] "GET /?sale/search/detail/?ITMCODE=51953035273 HTTP/2.0" 200 211132 "-" "Mozilla/5.0 AppleWebKit/537.36 (KHTML, like Gecko; compatible; bingbot/2.0; +http://www.bing.com/bingbot.htm) Chrome/116.0.1938.76 Safari/537.36"
57.141.20.49 - - [15/Sep/2026:16:44:25 +0300] "GET /?sale/search/detail/?ITMCODE=519618829300 HTTP/2.0" 200 31681 "-" "Mozilla/5.0 (Macintosh; Intel Mac OS X 10_15_7) AppleWebKit/537.36 (KHTML, like Gecko) Chrome/145.0.0.0 Safari/537.36 (compatible; meta-externalagent/1.1 (+https://developers.facebook.com/docs/sharing/webmasters/crawler))"
52.167.144.181 - - [15/Sep/2026:16:44:24 +0300] "GET /?sale/search/detail/?ITMCODE=519533217762 HTTP/2.0" 200 215194 "-" "Mozilla/5.0 AppleWebKit/537.36 (KHTML, like Gecko; compatible; bingbot/2.0; +http://www.bing.com/bingbot.htm) Chrome/116.0.1938.76 Safari/537.36"
52.167.144.181 - - [15/Sep/2026:16:44:25 +0300] "GET /?sale/search/detail/?ITMCODE=5196926028 HTTP/2.0" 200 212435 "-" "Mozilla/5.0 AppleWebKit/537.36 (KHTML, like Gecko; compatible; bingbot/2.0; +http://www.bing.com/bingbot.htm) Chrome/116.0.1938.76 Safari/537.36"
52.167.144.181 - - [15/Sep/2026:16:44:26 +0300] "GET /?sale/search/detail/?ITMCODE=519583714 HTTP/2.0" 200 207331 "-" "Mozilla/5.0 AppleWebKit/537.36 (KHTML, like Gecko; compatible; bingbot/2.0; +http://www.bing.com/bingbot.htm) Chrome/116.0.1938.76 Safari/537.36"
52.167.144.181 - - [15/Sep/2026:16:44:27 +0300] "GET /?sale/search/detail/?ITMCODE=51971075508 HTTP/2.0" 200 205416 "-" "Mozilla/5.0 AppleWebKit/537.36 (KHTML, like Gecko; compatible; bingbot/2.0; +http://www.bing.com/bingbot.htm) Chrome/116.0.1938.76 Safari/537.36"
52.167.144.181 - - [15/Sep/2026:16:44:27 +0300] "GET /?sale/search/detail/?ITMCODE=51977215248 HTTP/2.0" 200 202125 "-" "Mozilla/5.0 AppleWebKit/537.36 (KHTML, like Gecko; compatible; bingbot/2.0; +http://www.bing.com/bingbot.htm) Chrome/116.0.1938.76 Safari/537.36"
40.77.167.235 - - [15/Sep/2026:16:44:28 +0300] "GET /?sale/search/detail/?ITMCODE=519612941662 HTTP/2.0" 200 232670 "-" "Mozilla/5.0 AppleWebKit/537.36 (KHTML, like Gecko; compatible; bingbot/2.0; +http://www.bing.com/bingbot.htm) Chrome/116.0.1938.76 Safari/537.36"
52.167.144.211 - - [15/Sep/2026:16:44:28 +0300] "GET /?sale/search/detail/?ITMCODE=5196907480 HTTP/2.0" 200 212885 "-" "Mozilla/5.0 AppleWebKit/537.36 (KHTML, like Gecko; compatible; bingbot/2.0; +http://www.bing.com/bingbot.htm) Chrome/116.0.1938.76 Safari/537.36"
40.77.167.235 - - [15/Sep/2026:16:44:29 +0300] "GET /?sale/search/detail/?ITMCODE=51966767008 HTTP/2.0" 200 207704 "-" "Mozilla/5.0 AppleWebKit/537.36 (KHTML, like Gecko; compatible; bingbot/2.0; +http://www.bing.com/bingbot.htm) Chrome/116.0.1938.76 Safari/537.36"
57.141.20.39 - - [15/Sep/2026:16:44:29 +0300] "GET /?sale/search/detail/?ITMCODE=5197100018236 HTTP/2.0" 200 31682 "-" "Mozilla/5.0 (Windows NT 10.0; Win64; x64) AppleWebKit/537.36 (KHTML, like Gecko) Chrome/145.0.0.0 Safari/537.36 (compatible; meta-externalagent/1.1 (+https://developers.facebook.com/docs/sharing/webmasters/crawler))"
40.77.167.235 - - [15/Sep/2026:16:44:29 +0300] "GET /?sale/search/detail/?ITMCODE=52002521287 HTTP/2.0" 200 222300 "-" "Mozilla/5.0 AppleWebKit/537.36 (KHTML, like Gecko; compatible; bingbot/2.0; +http://www.bing.com/bingbot.htm) Chrome/116.0.1938.76 Safari/537.36"
52.167.144.197 - - [15/Sep/2026:16:44:29 +0300] "GET /?sale/search/detail/?ITMCODE=5196541702 HTTP/2.0" 200 201372 "-" "Mozilla/5.0 AppleWebKit/537.36 (KHTML, like Gecko; compatible; bingbot/2.0; +http://www.bing.com/bingbot.htm) Chrome/116.0.1938.76 Safari/537.36"
40.77.167.235 - - [15/Sep/2026:16:44:30 +0300] "GET /?sale/search/detail/?ITMCODE=51953212518 HTTP/2.0" 200 217062 "-" "Mozilla/5.0 AppleWebKit/537.36 (KHTML, like Gecko; compatible; bingbot/2.0; +http://www.bing.com/bingbot.htm) Chrome/116.0.1938.76 Safari/537.36"
52.167.144.197 - - [15/Sep/2026:16:44:30 +0300] "GET /?sale/search/detail/?ITMCODE=51992281961 HTTP/2.0" 200 200784 "-" "Mozilla/5.0 AppleWebKit/537.36 (KHTML, like Gecko; compatible; bingbot/2.0; +http://www.bing.com/bingbot.htm) Chrome/116.0.1938.76 Safari/537.36"
52.167.144.197 - - [15/Sep/2026:16:44:31 +0300] "GET /?sale/search/detail/?ITMCODE=51981516666 HTTP/2.0" 200 205962 "-" "Mozilla/5.0 AppleWebKit/537.36 (KHTML, like Gecko; compatible; bingbot/2.0; +http://www.bing.com/bingbot.htm) Chrome/116.0.1938.76 Safari/537.36"
52.167.144.197 - - [15/Sep/2026:16:44:31 +0300] "GET /?sale/search/detail/?ITMCODE=51984980116 HTTP/2.0" 200 203133 "-" "Mozilla/5.0 AppleWebKit/537.36 (KHTML, like Gecko; compatible; bingbot/2.0; +http://www.bing.com/bingbot.htm) Chrome/116.0.1938.76 Safari/537.36"
52.167.144.197 - - [15/Sep/2026:16:44:32 +0300] "GET /sale/search/detail/?ITMCODE=51981804074 HTTP/2.0" 200 213276 "-" "Mozilla/5.0 AppleWebKit/537.36 (KHTML, like Gecko; compatible; bingbot/2.0; +http://www.bing.com/bingbot.htm) Chrome/116.0.1938.76 Safari/537.36"
52.167.144.161 - - [15/Sep/2026:16:44:34 +0300] "GET /?sale/search/detail/?ITMCODE=51971197929 HTTP/2.0" 200 198185 "-" "Mozilla/5.0 AppleWebKit/537.36 (KHTML, like Gecko; compatible; bingbot/2.0; +http://www.bing.com/bingbot.htm) Chrome/116.0.1938.76 Safari/537.36"
52.167.144.181 - - [15/Sep/2026:16:44:36 +0300] "GET /?sale/search/detail/?ITMCODE=52002910088 HTTP/2.0" 200 207397 "-" "Mozilla/5.0 AppleWebKit/537.36 (KHTML, like Gecko; compatible; bingbot/2.0; +http://www.bing.com/bingbot.htm) Chrome/116.0.1938.76 Safari/537.36"
52.167.144.181 - - [15/Sep/2026:16:44:36 +0300] "GET /?sale/search/detail/?ITMCODE=52002539523 HTTP/2.0" 200 208664 "-" "Mozilla/5.0 AppleWebKit/537.36 (KHTML, like Gecko; compatible; bingbot/2.0; +http://www.bing.com/bingbot.htm) Chrome/116.0.1938.76 Safari/537.36"
52.167.144.161 - - [15/Sep/2026:16:44:38 +0300] "GET /?sale/search/detail/?ITMCODE=51974481895 HTTP/2.0" 200 197482 "-" "Mozilla/5.0 AppleWebKit/537.36 (KHTML, like Gecko; compatible; bingbot/2.0; +http://www.bing.com/bingbot.htm) Chrome/116.0.1938.76 Safari/537.36"
114.119.152.47 - - [15/Sep/2026:16:44:40 +0300] "GET /?sale/search/detail/%3FITMCODE=5196699942 HTTP/1.1" 200 31588 "https://www.keliauk-uk.lt/?sitemap-products.xml" "Mozilla/5.0 (Linux; Android 7.0;) AppleWebKit/537.36 (HTML, like Gecko) Mobile Safari/537.36 (compatible; PetalBot;+https://webmaster.petalsearch.com/site/petalbot)"
52.167.144.211 - - [15/Sep/2026:16:44:49 +0300] "GET /?sale/search/detail/?ITMCODE=5195334999 HTTP/2.0" 200 213169 "-" "Mozilla/5.0 AppleWebKit/537.36 (KHTML, like Gecko; compatible; bingbot/2.0; +http://www.bing.com/bingbot.htm) Chrome/116.0.1938.76 Safari/537.36"
52.167.144.211 - - [15/Sep/2026:16:45:08 +0300] "GET /?sale/search/detail/?ITMCODE=51998486105 HTTP/2.0" 200 203409 "-" "Mozilla/5.0 AppleWebKit/537.36 (KHTML, like Gecko; compatible; bingbot/2.0; +http://www.bing.com/bingbot.htm) Chrome/116.0.1938.76 Safari/537.36"
52.167.144.211 - - [15/Sep/2026:16:45:25 +0300] "GET /sale/search/detail/?ITMCODE=52002540137 HTTP/2.0" 200 200367 "-" "Mozilla/5.0 AppleWebKit/537.36 (KHTML, like Gecko; compatible; bingbot/2.0; +http://www.bing.com/bingbot.htm) Chrome/116.0.1938.76 Safari/537.36"
52.167.144.211 - - [15/Sep/2026:16:45:25 +0300] "GET /sale/search/detail/?ITMCODE=5195217342 HTTP/2.0" 200 213894 "-" "Mozilla/5.0 AppleWebKit/537.36 (KHTML, like Gecko; compatible; bingbot/2.0; +http://www.bing.com/bingbot.htm) Chrome/116.0.1938.76 Safari/537.36"
114.119.135.63 - - [15/Sep/2026:16:45:34 +0300] "GET /?sale/search/detail/%3FITMCODE=51966997802 HTTP/1.1" 200 31589 "https://www.keliauk-uk.lt/?sitemap-products.xml" "Mozilla/5.0 (Linux; Android 7.0;) AppleWebKit/537.36 (HTML, like Gecko) Mobile Safari/537.36 (compatible; PetalBot;+https://webmaster.petalsearch.com/site/petalbot)"
66.249.79.2 - - [15/Sep/2026:16:45:44 +0300] "GET /shop/pg/1743337 HTTP/1.1" 200 210471 "-" "Mozilla/5.0 (Linux; Android 6.0.1; Nexus 5X Build/MMB29P) AppleWebKit/537.36 (KHTML, like Gecko) Chrome/152.0.7977.82 Mobile Safari/537.36 (compatible; Googlebot/2.1; +http://www.google.com/bot.html)"
57.141.20.9 - - [15/Sep/2026:16:45:54 +0300] "GET /index.php/component/search/?sale/search/detail/?ITMCODE=51977247139& HTTP/2.0" 200 19806 "-" "Mozilla/5.0 (Macintosh; Intel Mac OS X 10_15_7) AppleWebKit/537.36 (KHTML, like Gecko) Chrome/145.0.0.0 Safari/537.36 (compatible; meta-externalagent/1.1 (+https://developers.facebook.com/docs/sharing/webmasters/crawler))"
66.249.79.2 - - [15/Sep/2026:16:45:54 +0300] "GET /index.php/paslaugos?sale/search/detail/?ITMCODE=5195229569 HTTP/1.1" 200 201290 "-" "Mozilla/5.0 (Linux; Android 6.0.1; Nexus 5X Build/MMB29P) AppleWebKit/537.36 (KHTML, like Gecko) Chrome/152.0.7977.82 Mobile Safari/537.36 (compatible; Googlebot/2.1; +http://www.google.com/bot.html)"
66.249.79.1 - - [15/Sep/2026:16:45:55 +0300] "GET /index.php/paslaugos?sale/search/detail/?ITMCODE=51992249351 HTTP/1.1" 200 221718 "-" "Mozilla/5.0 (Linux; Android 6.0.1; Nexus 5X Build/MMB29P) AppleWebKit/537.36 (KHTML, like Gecko) Chrome/152.0.7977.82 Mobile Safari/537.36 (compatible; Googlebot/2.1; +http://www.google.com/bot.html)"
66.249.79.1 - - [15/Sep/2026:16:45:57 +0300] "GET /shop/pg/800359 HTTP/1.1" 200 200319 "-" "Mozilla/5.0 (Linux; Android 6.0.1; Nexus 5X Build/MMB29P) AppleWebKit/537.36 (KHTML, like Gecko) Chrome/152.0.7977.82 Mobile Safari/537.36 (compatible; Googlebot/2.1; +http://www.google.com/bot.html)"
66.249.79.1 - - [15/Sep/2026:16:45:58 +0300] "GET /index.php/paslaugos?sale/search/detail/?ITMCODE=51981997291 HTTP/1.1" 200 204132 "-" "Mozilla/5.0 (Linux; Android 6.0.1; Nexus 5X Build/MMB29P) AppleWebKit/537.36 (KHTML, like Gecko) Chrome/152.0.7977.82 Mobile Safari/537.36 (compatible; Googlebot/2.1; +http://www.google.com/bot.html)"
66.249.79.1 - - [15/Sep/2026:16:46:10 +0300] "GET /index.php/zinynas-keliaujantiems?sale/search/detail/?ITMCODE=5195119538 HTTP/1.1" 200 230889 "-" "Mozilla/5.0 (Linux; Android 6.0.1; Nexus 5X Build/MMB29P) AppleWebKit/537.36 (KHTML, like Gecko) Chrome/152.0.7977.82 Mobile Safari/537.36 (compatible; Googlebot/2.1; +http://www.google.com/bot.html)"
57.141.20.45 - - [15/Sep/2026:16:46:36 +0300] "GET /index.php/component/search/?sale/search/detail/?ITMCODE=51971009408& HTTP/2.0" 200 19806 "-" "Mozilla/5.0 (Windows NT 10.0; Win64; x64) AppleWebKit/537.36 (KHTML, like Gecko) Chrome/145.0.0.0 Safari/537.36 (compatible; meta-externalagent/1.1 (+https://developers.facebook.com/docs/sharing/webmasters/crawler))"
