66.249.79.8 - - [15/Sep/2026:16:07:55 +0300] "GET /index.php/zinynas-keliaujantiems?sale/search/detail/?ITMCODE=51992269355 HTTP/1.1" 200 220861 "-" "Mozilla/5.0 (Linux; Android 6.0.1; Nexus 5X Build/MMB29P) AppleWebKit/537.36 (KHTML, like Gecko) Chrome/152.0.7977.82 Mobile Safari/537.36 (compatible; Googlebot/2.1; +http://www.google.com/bot.html)"
66.249.79.6 - - [15/Sep/2026:16:07:55 +0300] "GET /index.php/paslaugos?sale/search/detail/?ITMCODE=51992487377 HTTP/1.1" 200 218664 "-" "Mozilla/5.0 (Linux; Android 6.0.1; Nexus 5X Build/MMB29P) AppleWebKit/537.36 (KHTML, like Gecko) Chrome/152.0.7977.82 Mobile Safari/537.36 (compatible; Googlebot/2.1; +http://www.google.com/bot.html)"
66.249.79.7 - - [15/Sep/2026:16:07:56 +0300] "GET /index.php/zinynas-keliaujantiems?sale/search/detail/?ITMCODE=51981970676 HTTP/1.1" 200 202762 "-" "Mozilla/5.0 (Linux; Android 6.0.1; Nexus 5X Build/MMB29P) AppleWebKit/537.36 (KHTML, like Gecko) Chrome/152.0.7977.82 Mobile Safari/537.36 (compatible; Googlebot/2.1; +http://www.google.com/bot.html)"
66.249.79.8 - - [15/Sep/2026:16:07:55 +0300] "GET /?sale/search/detail/?ITMCODE=51981707277 HTTP/1.1" 200 197403 "-" "Mozilla/5.0 (Linux; Android 6.0.1; Nexus 5X Build/MMB29P) AppleWebKit/537.36 (KHTML, like Gecko) Chrome/152.0.7977.82 Mobile Safari/537.36 (compatible; Googlebot/2.1; +http://www.google.com/bot.html)"
66.249.79.6 - - [15/Sep/2026:16:07:56 +0300] "GET /index.php/paslaugos?sale/search/detail/?ITMCODE=52002771397 HTTP/1.1" 200 198633 "-" "Mozilla/5.0 (Linux; Android 6.0.1; Nexus 5X Build/MMB29P) AppleWebKit/537.36 (KHTML, like Gecko) Chrome/152.0.7977.82 Mobile Safari/537.36 (compatible; Googlebot/2.1; +http://www.google.com/bot.html)"
66.249.79.7 - - [15/Sep/2026:16:07:56 +0300] "GET /index.php/zinynas-keliaujantiems?sale/search/detail/?ITMCODE=51992042924 HTTP/1.1" 200 238821 "-" "Mozilla/5.0 (Linux; Android 6.0.1; Nexus 5X Build/MMB29P) AppleWebKit/537.36 (KHTML, like Gecko) Chrome/152.0.7977.82 Mobile Safari/537.36 (compatible; Googlebot/2.1; +http://www.google.com/bot.html)"
66.249.79.4 - - [15/Sep/2026:16:07:56 +0300] "GET /?sale/search/detail/?ITMCODE=5195288660 HTTP/1.1" 200 204287 "-" "Mozilla/5.0 (Linux; Android 6.0.1; Nexus 5X Build/MMB29P) AppleWebKit/537.36 (KHTML, like Gecko) Chrome/152.0.7977.82 Mobile Safari/537.36 (compatible; Googlebot/2.1; +http://www.google.com/bot.html)"
66.249.79.8 - - [15/Sep/2026:16:07:57 +0300] "GET /index.php/zinynas-keliaujantiems?sale/search/detail/?ITMCODE=5196791780 HTTP/1.1" 200 226556 "-" "Mozilla/5.0 (Linux; Android 6.0.1; Nexus 5X Build/MMB29P) AppleWebKit/537.36 (KHTML, like Gecko) Chrome/152.0.7977.82 Mobile Safari/537.36 (compatible; Googlebot/2.1; +http://www.google.com/bot.html)"
66.249.79.8 - - [15/Sep/2026:16:07:57 +0300] "GET /?sale/search/detail/?ITMCODE=51992007017 HTTP/1.1" 200 204737 "-" "Mozilla/5.0 (Linux; Android 6.0.1; Nexus 5X Build/MMB29P) AppleWebKit/537.36 (KHTML, like Gecko) Chrome/152.0.7977.82 Mobile Safari/537.36 (compatible; Googlebot/2.1; +http://www.google.com/bot.html)"
66.249.79.6 - - [15/Sep/2026:16:07:57 +0300] "GET /?sale/search/detail/?ITMCODE=51971252177 HTTP/1.1" 200 203000 "-" "Mozilla/5.0 (Linux; Android 6.0.1; Nexus 5X Build/MMB29P) AppleWebKit/537.36 (KHTML, like Gecko) Chrome/152.0.7977.82 Mobile Safari/537.36 (compatible; Googlebot/2.1; +http://www.google.com/bot.html)"
66.249.79.1 - - [15/Sep/2026:16:07:57 +0300] "GET /index.php/zinynas-keliaujantiems?sale/search/detail/?ITMCODE=51981826638 HTTP/1.1" 200 202494 "-" "Mozilla/5.0 (Linux; Android 6.0.1; Nexus 5X Build/MMB29P) AppleWebKit/537.36 (KHTML, like Gecko) Chrome/152.0.7977.82 Mobile Safari/537.36 (compatible; Googlebot/2.1; +http://www.google.com/bot.html)"
66.249.79.6 - - [15/Sep/2026:16:07:58 +0300] "GET /index.php/zinynas-keliaujantiems?sale/search/detail/?ITMCODE=5195380872 HTTP/1.1" 200 217591 "-" "Mozilla/5.0 (Linux; Android 6.0.1; Nexus 5X Build/MMB29P) AppleWebKit/537.36 (KHTML, like Gecko) Chrome/152.0.7977.82 Mobile Safari/537.36 (compatible; Googlebot/2.1; +http://www.google.com/bot.html)"
66.249.79.4 - - [15/Sep/2026:16:07:58 +0300] "GET /?sale/search/detail/?ITMCODE=52002708195 HTTP/1.1" 200 196406 "-" "Mozilla/5.0 (Linux; Android 6.0.1; Nexus 5X Build/MMB29P) AppleWebKit/537.36 (KHTML, like Gecko) Chrome/152.0.7977.82 Mobile Safari/537.36 (compatible; Googlebot/2.1; +http://www.google.com/bot.html)"
66.249.79.4 - - [15/Sep/2026:16:07:58 +0300] "GET /?sale/search/detail/?ITMCODE=51971101377 HTTP/1.1" 200 207654 "-" "Mozilla/5.0 (Linux; Android 6.0.1; Nexus 5X Build/MMB29P) AppleWebKit/537.36 (KHTML, like Gecko) Chrome/152.0.7977.82 Mobile Safari/537.36 (compatible; Googlebot/2.1; +http://www.google.com/bot.html)"
66.249.79.7 - - [15/Sep/2026:16:07:59 +0300] "GET /index.php/zinynas-keliaujantiems?sale/search/detail/?ITMCODE=5195400654 HTTP/1.1" 200 203652 "-" "Mozilla/5.0 (Linux; Android 6.0.1; Nexus 5X Build/MMB29P) AppleWebKit/537.36 (KHTML, like Gecko) Chrome/152.0.7977.82 Mobile Safari/537.36 (compatible; Googlebot/2.1; +http://www.google.com/bot.html)"
66.249.79.5 - - [15/Sep/2026:16:07:59 +0300] "GET /index.php/zinynas-keliaujantiems?sale/search/detail/?ITMCODE=5195318080 HTTP/1.1" 200 203693 "-" "Mozilla/5.0 (Linux; Android 6.0.1; Nexus 5X Build/MMB29P) AppleWebKit/537.36 (KHTML, like Gecko) Chrome/152.0.7977.82 Mobile Safari/537.36 (compatible; Googlebot/2.1; +http://www.google.com/bot.html)"
114.119.154.166 - - [15/Sep/2026:16:08:00 +0300] "GET /?sale/search/detail/%3FITMCODE=5196773327 HTTP/1.1" 200 31588 "https://www.keliauk-uk.lt/?sitemap-products.xml" "Mozilla/5.0 (Linux; Android 7.0;) AppleWebKit/537.36 (HTML, like Gecko) Mobile Safari/537.36 (compatible; PetalBot;+https://webmaster.petalsearch.com/site/petalbot)"
66.249.79.6 - - [15/Sep/2026:16:08:01 +0300] "GET /index.php/zinynas-keliaujantiems?sale/search/detail/?ITMCODE=51981997809 HTTP/1.1" 200 203484 "-" "Mozilla/5.0 (Linux; Android 6.0.1; Nexus 5X Build/MMB29P) AppleWebKit/537.36 (KHTML, like Gecko) Chrome/152.0.7977.82 Mobile Safari/537.36 (compatible; Googlebot/2.1; +http://www.google.com/bot.html)"
66.249.79.8 - - [15/Sep/2026:16:08:01 +0300] "GET /index.php/zinynas-keliaujantiems?sale/search/detail/?ITMCODE=52002936259 HTTP/1.1" 200 210743 "-" "Mozilla/5.0 (Linux; Android 6.0.1; Nexus 5X Build/MMB29P) AppleWebKit/537.36 (KHTML, like Gecko) Chrome/152.0.7977.82 Mobile Safari/537.36 (compatible; Googlebot/2.1; +http://www.google.com/bot.html)"
66.249.79.6 - - [15/Sep/2026:16:08:01 +0300] "GET /index.php/paslaugos?sale/search/detail/?ITMCODE=52002960604 HTTP/1.1" 200 217912 "-" "Mozilla/5.0 (Linux; Android 6.0.1; Nexus 5X Build/MMB29P) AppleWebKit/537.36 (KHTML, like Gecko) Chrome/152.0.7977.82 Mobile Safari/537.36 (compatible; Googlebot/2.1; +http://www.google.com/bot.html)"
66.249.79.2 - - [15/Sep/2026:16:08:02 +0300] "GET /?sale/search/detail/?ITMCODE=5196658653 HTTP/1.1" 200 200368 "-" "Mozilla/5.0 (Linux; Android 6.0.1; Nexus 5X Build/MMB29P) AppleWebKit/537.36 (KHTML, like Gecko) Chrome/152.0.7977.82 Mobile Safari/537.36 (compatible; Googlebot/2.1; +http://www.google.com/bot.html)"
66.249.79.1 - - [15/Sep/2026:16:08:03 +0300] "GET /index.php/zinynas-keliaujantiems?sale/search/detail/?ITMCODE=52002760569 HTTP/1.1" 200 205711 "-" "Mozilla/5.0 (Linux; Android 6.0.1; Nexus 5X Build/MMB29P) AppleWebKit/537.36 (KHTML, like Gecko) Chrome/152.0.7977.82 Mobile Safari/537.36 (compatible; Googlebot/2.1; +http://www.google.com/bot.html)"
66.249.79.2 - - [15/Sep/2026:16:08:03 +0300] "GET /index.php/zinynas-keliaujantiems?sale/search/detail/?ITMCODE=51971385405 HTTP/1.1" 200 209610 "-" "Mozilla/5.0 (Linux; Android 6.0.1; Nexus 5X Build/MMB29P) AppleWebKit/537.36 (KHTML, like Gecko) Chrome/152.0.7977.82 Mobile Safari/537.36 (compatible; Googlebot/2.1; +http://www.google.com/bot.html)"
66.249.79.3 - - [15/Sep/2026:16:08:04 +0300] "GET /index.php/zinynas-keliaujantiems?sale/search/detail/?ITMCODE=51992085528 HTTP/1.1" 200 218010 "-" "Mozilla/5.0 (Linux; Android 6.0.1; Nexus 5X Build/MMB29P) AppleWebKit/537.36 (KHTML, like Gecko) Chrome/152.0.7977.82 Mobile Safari/537.36 (compatible; Googlebot/2.1; +http://www.google.com/bot.html)"
66.249.79.3 - - [15/Sep/2026:16:08:05 +0300] "GET /index.php/zinynas-keliaujantiems?sale/search/detail/?ITMCODE=51971026963 HTTP/1.1" 200 203658 "-" "Mozilla/5.0 (Linux; Android 6.0.1; Nexus 5X Build/MMB29P) AppleWebKit/537.36 (KHTML, like Gecko) Chrome/152.0.7977.82 Mobile Safari/537.36 (compatible; Googlebot/2.1; +http://www.google.com/bot.html)"
66.249.79.3 - - [15/Sep/2026:16:08:05 +0300] "GET /index.php/zinynas-keliaujantiems?sale/search/detail/?ITMCODE=51971121849 HTTP/1.1" 200 206265 "-" "Mozilla/5.0 (Linux; Android 6.0.1; Nexus 5X Build/MMB29P) AppleWebKit/537.36 (KHTML, like Gecko) Chrome/152.0.7977.82 Mobile Safari/537.36 (compatible; Googlebot/2.1; +http://www.google.com/bot.html)"
66.249.79.3 - - [15/Sep/2026:16:08:05 +0300] "GET /?sale/search/detail/?ITMCODE=51981931525 HTTP/1.1" 200 205501 "-" "Mozilla/5.0 (Linux; Android 6.0.1; Nexus 5X Build/MMB29P) AppleWebKit/537.36 (KHTML, like Gecko) Chrome/152.0.7977.82 Mobile Safari/537.36 (compatible; Googlebot/2.1; +http://www.google.com/bot.html)"
66.249.79.7 - - [15/Sep/2026:16:08:06 +0300] "GET /index.php/zinynas-keliaujantiems?sale/search/detail/?ITMCODE=5196923485 HTTP/1.1" 200 219515 "-" "Mozilla/5.0 (Linux; Android 6.0.1; Nexus 5X Build/MMB29P) AppleWebKit/537.36 (KHTML, like Gecko) Chrome/152.0.7977.82 Mobile Safari/537.36 (compatible; Googlebot/2.1; +http://www.google.com/bot.html)"
66.249.79.1 - - [15/Sep/2026:16:08:06 +0300] "GET /sale/search/detail/?ITMCODE=51981909443 HTTP/1.1" 200 203466 "-" "Mozilla/5.0 (Linux; Android 6.0.1; Nexus 5X Build/MMB29P) AppleWebKit/537.36 (KHTML, like Gecko) Chrome/152.0.7977.82 Mobile Safari/537.36 (compatible; Googlebot/2.1; +http://www.google.com/bot.html)"
66.249.79.6 - - [15/Sep/2026:16:08:07 +0300] "GET /index.php/zinynas-keliaujantiems?sale/search/detail/?ITMCODE=52002873847 HTTP/1.1" 200 227397 "-" "Mozilla/5.0 (Linux; Android 6.0.1; Nexus 5X Build/MMB29P) AppleWebKit/537.36 (KHTML, like Gecko) Chrome/152.0.7977.82 Mobile Safari/537.36 (compatible; Googlebot/2.1; +http://www.google.com/bot.html)"
66.249.79.2 - - [15/Sep/2026:16:08:07 +0300] "GET /index.php/zinynas-keliaujantiems?sale/search/detail/?ITMCODE=52002917548 HTTP/1.1" 200 206690 "-" "Mozilla/5.0 (Linux; Android 6.0.1; Nexus 5X Build/MMB29P) AppleWebKit/537.36 (KHTML, like Gecko) Chrome/152.0.7977.82 Mobile Safari/537.36 (compatible; Googlebot/2.1; +http://www.google.com/bot.html)"
66.249.79.4 - - [15/Sep/2026:16:08:07 +0300] "GET /index.php/zinynas-keliaujantiems?sale/search/detail/?ITMCODE=5196811946 HTTP/1.1" 200 207054 "-" "Mozilla/5.0 (Linux; Android 6.0.1; Nexus 5X Build/MMB29P) AppleWebKit/537.36 (KHTML, like Gecko) Chrome/152.0.7977.82 Mobile Safari/537.36 (compatible; Googlebot/2.1; +http://www.google.com/bot.html)"
66.249.79.2 - - [15/Sep/2026:16:08:08 +0300] "GET /index.php/zinynas-keliaujantiems?sale/search/detail/?ITMCODE=52002851079 HTTP/1.1" 200 212896 "-" "Mozilla/5.0 (Linux; Android 6.0.1; Nexus 5X Build/MMB29P) AppleWebKit/537.36 (KHTML, like Gecko) Chrome/152.0.7977.82 Mobile Safari/537.36 (compatible; Googlebot/2.1; +http://www.google.com/bot.html)"
66.249.79.1 - - [15/Sep/2026:16:08:08 +0300] "GET /index.php/zinynas-keliaujantiems?sale/search/detail/?ITMCODE=5195409760 HTTP/1.1" 200 218618 "-" "Mozilla/5.0 (Linux; Android 6.0.1; Nexus 5X Build/MMB29P) AppleWebKit/537.36 (KHTML, like Gecko) Chrome/152.0.7977.82 Mobile Safari/537.36 (compatible; Googlebot/2.1; +http://www.google.com/bot.html)"
66.249.79.1 - - [15/Sep/2026:16:08:09 +0300] "GET /?sale/search/detail/?ITMCODE=5195223469 HTTP/1.1" 200 194890 "-" "Mozilla/5.0 (Linux; Android 6.0.1; Nexus 5X Build/MMB29P) AppleWebKit/537.36 (KHTML, like Gecko) Chrome/152.0.7977.82 Mobile Safari/537.36 (compatible; Googlebot/2.1; +http://www.google.com/bot.html)"
66.249.79.8 - - [15/Sep/2026:16:08:10 +0300] "GET /?sale/search/detail/?ITMCODE=5196796894 HTTP/1.1" 200 214982 "-" "Mozilla/5.0 (Linux; Android 6.0.1; Nexus 5X Build/MMB29P) AppleWebKit/537.36 (KHTML, like Gecko) Chrome/152.0.7977.82 Mobile Safari/537.36 (compatible; Googlebot/2.1; +http://www.google.com/bot.html)"
66.249.79.8 - - [15/Sep/2026:16:08:13 +0300] "GET /?sale/search/detail/?ITMCODE=52002521188 HTTP/1.1" 200 199440 "-" "Mozilla/5.0 (Linux; Android 6.0.1; Nexus 5X Build/MMB29P) AppleWebKit/537.36 (KHTML, like Gecko) Chrome/152.0.7977.82 Mobile Safari/537.36 (compatible; Googlebot/2.1; +http://www.google.com/bot.html)"
66.249.79.6 - - [15/Sep/2026:16:08:17 +0300] "GET /?sale/search/detail/?ITMCODE=51971179156 HTTP/1.1" 200 193428 "-" "Mozilla/5.0 (Linux; Android 6.0.1; Nexus 5X Build/MMB29P) AppleWebKit/537.36 (KHTML, like Gecko) Chrome/152.0.7977.82 Mobile Safari/537.36 (compatible; Googlebot/2.1; +http://www.google.com/bot.html)"
66.249.79.1 - - [15/Sep/2026:16:08:24 +0300] "GET /?sale/search/detail/?ITMCODE=51971313495 HTTP/1.1" 200 201572 "-" "Mozilla/5.0 (Linux; Android 6.0.1; Nexus 5X Build/MMB29P) AppleWebKit/537.36 (KHTML, like Gecko) Chrome/152.0.7977.82 Mobile Safari/537.36 (compatible; Googlebot/2.1; +http://www.google.com/bot.html)"
66.249.79.1 - - [15/Sep/2026:16:08:25 +0300] "GET /?sale/search/detail/?ITMCODE=51971062659 HTTP/1.1" 200 195279 "-" "Mozilla/5.0 (Linux; Android 6.0.1; Nexus 5X Build/MMB29P) AppleWebKit/537.36 (KHTML, like Gecko) Chrome/152.0.7977.82 Mobile Safari/537.36 (compatible; Googlebot/2.1; +http://www.google.com/bot.html)"
57.141.20.60 - - [15/Sep/2026:16:08:28 +0300] "GET /index.php/component/search/?sale/search/detail/?ITMCODE=519575079253& HTTP/2.0" 200 19807 "-" "Mozilla/5.0 (Macintosh; Intel Mac OS X 10_15_7) AppleWebKit/537.36 (KHTML, like Gecko) Chrome/144.0.0.0 Safari/537.36 Edg/144.0.0.0 (compatible; meta-externalagent/1.1 (+https://developers.facebook.com/docs/sharing/webmasters/crawler))"
66.249.79.4 - - [15/Sep/2026:16:08:36 +0300] "GET /?sale/search/detail/?ITMCODE=51981724990 HTTP/1.1" 200 193059 "-" "Mozilla/5.0 (Linux; Android 6.0.1; Nexus 5X Build/MMB29P) AppleWebKit/537.36 (KHTML, like Gecko) Chrome/152.0.7977.82 Mobile Safari/537.36 (compatible; Googlebot/2.1; +http://www.google.com/bot.html)"
66.249.79.8 - - [15/Sep/2026:16:08:39 +0300] "GET /index.php/zinynas-keliaujantiems?sale/search/detail/?ITMCODE=51992029709 HTTP/1.1" 200 205894 "-" "Mozilla/5.0 (Linux; Android 6.0.1; Nexus 5X Build/MMB29P) AppleWebKit/537.36 (KHTML, like Gecko) Chrome/152.0.7977.82 Mobile Safari/537.36 (compatible; Googlebot/2.1; +http://www.google.com/bot.html)"
66.249.79.6 - - [15/Sep/2026:16:08:52 +0300] "GET /?sale/search/detail/?ITMCODE=5196854564 HTTP/1.1" 200 195474 "-" "Mozilla/5.0 (Linux; Android 6.0.1; Nexus 5X Build/MMB29P) AppleWebKit/537.36 (KHTML, like Gecko) Chrome/152.0.7977.82 Mobile Safari/537.36 (compatible; Googlebot/2.1; +http://www.google.com/bot.html)"
57.141.20.5 - - [15/Sep/2026:16:08:57 +0300] "GET /?sale/search/detail/?ITMCODE=52008756413 HTTP/2.0" 200 31680 "-" "Mozilla/5.0 (Windows NT 10.0; Win64; x64) AppleWebKit/537.36 (KHTML, like Gecko) Chrome/145.0.0.0 Safari/537.36 (compatible; meta-externalagent/1.1 (+https://developers.facebook.com/docs/sharing/webmasters/crawler))"
66.249.79.3 - - [15/Sep/2026:16:08:58 +0300] "GET /?sale/search/detail/?ITMCODE=5195375255 HTTP/1.1" 200 197570 "-" "Mozilla/5.0 (Linux; Android 6.0.1; Nexus 5X Build/MMB29P) AppleWebKit/537.36 (KHTML, like Gecko) Chrome/152.0.7977.82 Mobile Safari/537.36 (compatible; Googlebot/2.1; +http://www.google.com/bot.html)"
185.191.171.9 - - [15/Sep/2026:16:08:59 +0300] "GET /?sale%2Fsearch%2Fdetail%2F%3FITMCODE=51974188934 HTTP/1.1" 200 31561 "-" "Mozilla/5.0 (compatible; SemrushBot/7~bl; +http://www.semrush.com/bot.html)"
114.119.144.15 - - [15/Sep/2026:16:09:02 +0300] "GET /?sale/search/detail/%3FITMCODE=5196770392 HTTP/1.1" 200 31588 "https://www.keliauk-uk.lt/?sitemap-products.xml" "Mozilla/5.0 (Linux; Android 7.0;) AppleWebKit/537.36 (HTML, like Gecko) Mobile Safari/537.36 (compatible; PetalBot;+https://webmaster.petalsearch.com/site/petalbot)"
40.77.167.26 - - [15/Sep/2026:16:09:03 +0300] "GET /?sale/search/detail/?ITMCODE=52002595114 HTTP/2.0" 200 193869 "-" "Mozilla/5.0 AppleWebKit/537.36 (KHTML, like Gecko; compatible; bingbot/2.0; +http://www.bing.com/bingbot.htm) Chrome/116.0.1938.76 Safari/537.36"
40.77.167.55 - - [15/Sep/2026:16:09:06 +0300] "GET /?sale/search/detail/?ITMCODE=51987637974 HTTP/2.0" 200 198444 "-" "Mozilla/5.0 AppleWebKit/537.36 (KHTML, like Gecko; compatible; bingbot/2.0; +http://www.bing.com/bingbot.htm) Chrome/116.0.1938.76 Safari/537.36"
40.77.167.26 - - [15/Sep/2026:16:09:06 +0300] "GET /?sale/search/detail/?ITMCODE=519837618272 HTTP/2.0" 200 198014 "-" "Mozilla/5.0 AppleWebKit/537.36 (KHTML, like Gecko; compatible; bingbot/2.0; +http://www.bing.com/bingbot.htm) Chrome/116.0.1938.76 Safari/537.36"
52.167.144.25 - - [15/Sep/2026:16:09:07 +0300] "GET /?sale/search/detail/?ITMCODE=51987922298 HTTP/2.0" 200 199593 "-" "Mozilla/5.0 AppleWebKit/537.36 (KHTML, like Gecko; compatible; bingbot/2.0; +http://www.bing.com/bingbot.htm) Chrome/116.0.1938.76 Safari/537.36"
40.77.167.55 - - [15/Sep/2026:16:09:07 +0300] "GET /?sale/search/detail/?ITMCODE=519938358365 HTTP/2.0" 200 195448 "-" "Mozilla/5.0 AppleWebKit/537.36 (KHTML, like Gecko; compatible; bingbot/2.0; +http://www.bing.com/bingbot.htm) Chrome/116.0.1938.76 Safari/537.36"
40.77.167.55 - - [15/Sep/2026:16:09:08 +0300] "GET /?sale/search/detail/?ITMCODE=519530226606 HTTP/2.0" 200 196464 "-" "Mozilla/5.0 AppleWebKit/537.36 (KHTML, like Gecko; compatible; bingbot/2.0; +http://www.bing.com/bingbot.htm) Chrome/116.0.1938.76 Safari/537.36"
40.77.167.55 - - [15/Sep/2026:16:09:09 +0300] "GET /?sale/search/detail/?ITMCODE=51981591080 HTTP/2.0" 200 213122 "-" "Mozilla/5.0 AppleWebKit/537.36 (KHTML, like Gecko; compatible; bingbot/2.0; +http://www.bing.com/bingbot.htm) Chrome/116.0.1938.76 Safari/537.36"
40.77.167.55 - - [15/Sep/2026:16:09:10 +0300] "GET /?sale/search/detail/?ITMCODE=51977393836 HTTP/2.0" 200 227552 "-" "Mozilla/5.0 AppleWebKit/537.36 (KHTML, like Gecko; compatible; bingbot/2.0; +http://www.bing.com/bingbot.htm) Chrome/116.0.1938.76 Safari/537.36"
40.77.167.55 - - [15/Sep/2026:16:09:11 +0300] "GET /?sale/search/detail/?ITMCODE=519813954743 HTTP/2.0" 200 195503 "-" "Mozilla/5.0 AppleWebKit/537.36 (KHTML, like Gecko; compatible; bingbot/2.0; +http://www.bing.com/bingbot.htm) Chrome/116.0.1938.76 Safari/537.36"
66.249.79.3 - - [15/Sep/2026:16:09:16 +0300] "GET /?sale/search/detail/?ITMCODE=51992101179 HTTP/1.1" 200 194386 "-" "Mozilla/5.0 (Linux; Android 6.0.1; Nexus 5X Build/MMB29P) AppleWebKit/537.36 (KHTML, like Gecko) Chrome/152.0.7977.82 Mobile Safari/537.36 (compatible; Googlebot/2.1; +http://www.google.com/bot.html)"
52.167.144.25 - - [15/Sep/2026:16:09:20 +0300] "GET /?sale/search/detail/?ITMCODE=519822923251 HTTP/2.0" 200 196973 "-" "Mozilla/5.0 AppleWebKit/537.36 (KHTML, like Gecko; compatible; bingbot/2.0; +http://www.bing.com/bingbot.htm) Chrome/116.0.1938.76 Safari/537.36"
52.167.144.25 - - [15/Sep/2026:16:09:21 +0300] "GET /?sale/search/detail/?ITMCODE=51984875281 HTTP/2.0" 200 195132 "-" "Mozilla/5.0 AppleWebKit/537.36 (KHTML, like Gecko; compatible; bingbot/2.0; +http://www.bing.com/bingbot.htm) Chrome/116.0.1938.76 Safari/537.36"
52.167.144.25 - - [15/Sep/2026:16:09:21 +0300] "GET /?sale/search/detail/?ITMCODE=51987862362 HTTP/2.0" 200 199027 "-" "Mozilla/5.0 AppleWebKit/537.36 (KHTML, like Gecko; compatible; bingbot/2.0; +http://www.bing.com/bingbot.htm) Chrome/116.0.1938.76 Safari/537.36"
52.167.144.25 - - [15/Sep/2026:16:09:22 +0300] "GET /?sale/search/detail/?ITMCODE=519852901537 HTTP/2.0" 200 196511 "-" "Mozilla/5.0 AppleWebKit/537.36 (KHTML, like Gecko; compatible; bingbot/2.0; +http://www.bing.com/bingbot.htm) Chrome/116.0.1938.76 Safari/537.36"
52.167.144.25 - - [15/Sep/2026:16:09:22 +0300] "GET /?sale/search/detail/?ITMCODE=52002955008 HTTP/2.0" 200 201520 "-" "Mozilla/5.0 AppleWebKit/537.36 (KHTML, like Gecko; compatible; bingbot/2.0; +http://www.bing.com/bingbot.htm) Chrome/116.0.1938.76 Safari/537.36"
40.77.167.55 - - [15/Sep/2026:16:09:25 +0300] "GET /?sale/search/detail/?ITMCODE=51977149448 HTTP/2.0" 200 198723 "-" "Mozilla/5.0 AppleWebKit/537.36 (KHTML, like Gecko; compatible; bingbot/2.0; +http://www.bing.com/bingbot.htm) Chrome/116.0.1938.76 Safari/537.36"
40.77.167.26 - - [15/Sep/2026:16:09:26 +0300] "GET /?sale/search/detail/?ITMCODE=51956255006 HTTP/2.0" 200 231314 "-" "Mozilla/5.0 AppleWebKit/537.36 (KHTML, like Gecko; compatible; bingbot/2.0; +http://www.bing.com/bingbot.htm) Chrome/116.0.1938.76 Safari/537.36"
40.77.167.26 - - [15/Sep/2026:16:09:28 +0300] "GET /?sale/search/detail/?ITMCODE=5196945020 HTTP/2.0" 200 197267 "-" "Mozilla/5.0 AppleWebKit/537.36 (KHTML, like Gecko; compatible; bingbot/2.0; +http://www.bing.com/bingbot.htm) Chrome/116.0.1938.76 Safari/537.36"
40.77.167.26 - - [15/Sep/2026:16:09:30 +0300] "GET /?sale/search/detail/?ITMCODE=51966828438 HTTP/2.0" 200 194212 "-" "Mozilla/5.0 AppleWebKit/537.36 (KHTML, like Gecko; compatible; bingbot/2.0; +http://www.bing.com/bingbot.htm) Chrome/116.0.1938.76 Safari/537.36"
40.77.167.26 - - [15/Sep/2026:16:09:32 +0300] "GET /?sale/search/detail/?ITMCODE=51974291639 HTTP/2.0" 200 202278 "-" "Mozilla/5.0 AppleWebKit/537.36 (KHTML, like Gecko; compatible; bingbot/2.0; +http://www.bing.com/bingbot.htm) Chrome/116.0.1938.76 Safari/537.36"
52.167.144.25 - - [15/Sep/2026:16:09:40 +0300] "GET /?sale/search/detail/?ITMCODE=519776174691 HTTP/2.0" 200 196675 "-" "Mozilla/5.0 AppleWebKit/537.36 (KHTML, like Gecko; compatible; bingbot/2.0; +http://www.bing.com/bingbot.htm) Chrome/116.0.1938.76 Safari/537.36"
52.167.144.25 - - [15/Sep/2026:16:09:41 +0300] "GET /?sale/search/detail/?ITMCODE=52005612877 HTTP/2.0" 200 204461 "-" "Mozilla/5.0 AppleWebKit/537.36 (KHTML, like Gecko; compatible; bingbot/2.0; +http://www.bing.com/bingbot.htm) Chrome/116.0.1938.76 Safari/537.36"
52.167.144.25 - - [15/Sep/2026:16:09:42 +0300] "GET /?sale/search/detail/?ITMCODE=51992409900 HTTP/2.0" 200 195527 "-" "Mozilla/5.0 AppleWebKit/537.36 (KHTML, like Gecko; compatible; bingbot/2.0; +http://www.bing.com/bingbot.htm) Chrome/116.0.1938.76 Safari/537.36"
52.167.144.25 - - [15/Sep/2026:16:09:43 +0300] "GET /?sale/search/detail/?ITMCODE=520035838774 HTTP/2.0" 200 197991 "-" "Mozilla/5.0 AppleWebKit/537.36 (KHTML, like Gecko; compatible; bingbot/2.0; +http://www.bing.com/bingbot.htm) Chrome/116.0.1938.76 Safari/537.36"
52.167.144.25 - - [15/Sep/2026:16:09:43 +0300] "GET /?sale/search/detail/?ITMCODE=520017511513 HTTP/2.0" 200 219047 "-" "Mozilla/5.0 AppleWebKit/537.36 (KHTML, like Gecko; compatible; bingbot/2.0; +http://www.bing.com/bingbot.htm) Chrome/116.0.1938.76 Safari/537.36"
52.167.144.25 - - [15/Sep/2026:16:09:44 +0300] "GET /?sale/search/detail/?ITMCODE=520014806697 HTTP/2.0" 200 195772 "-" "Mozilla/5.0 AppleWebKit/537.36 (KHTML, like Gecko; compatible; bingbot/2.0; +http://www.bing.com/bingbot.htm) Chrome/116.0.1938.76 Safari/537.36"
57.141.20.45 - - [15/Sep/2026:16:09:45 +0300] "GET /index.php/component/search/?sale/search/detail/?ITMCODE=5196518452&format=opensearch HTTP/2.0" 200 533 "-" "Mozilla/5.0 (Windows NT 10.0; Win64; x64) AppleWebKit/537.36 (KHTML, like Gecko) Chrome/145.0.0.0 Safari/537.36 (compatible; meta-externalagent/1.1 (+https://developers.facebook.com/docs/sharing/webmasters/crawler))"
40.77.167.55 - - [15/Sep/2026:16:09:45 +0300] "GET /?sale/search/detail/?ITMCODE=519816846736 HTTP/2.0" 200 211102 "-" "Mozilla/5.0 AppleWebKit/537.36 (KHTML, like Gecko; compatible; bingbot/2.0; +http://www.bing.com/bingbot.htm) Chrome/116.0.1938.76 Safari/537.36"
40.77.167.26 - - [15/Sep/2026:16:09:47 +0300] "GET /?sale/search/detail/?ITMCODE=520083514435 HTTP/2.0" 200 195769 "-" "Mozilla/5.0 AppleWebKit/537.36 (KHTML, like Gecko; compatible; bingbot/2.0; +http://www.bing.com/bingbot.htm) Chrome/116.0.1938.76 Safari/537.36"
40.77.167.26 - - [15/Sep/2026:16:09:49 +0300] "GET /?sale/search/detail/?ITMCODE=51953470565 HTTP/2.0" 200 200542 "-" "Mozilla/5.0 AppleWebKit/537.36 (KHTML, like Gecko; compatible; bingbot/2.0; +http://www.bing.com/bingbot.htm) Chrome/116.0.1938.76 Safari/537.36"
40.77.167.55 - - [15/Sep/2026:16:09:53 +0300] "GET /?sale/search/detail/?ITMCODE=51984816906 HTTP/2.0" 200 194410 "-" "Mozilla/5.0 AppleWebKit/537.36 (KHTML, like Gecko; compatible; bingbot/2.0; +http://www.bing.com/bingbot.htm) Chrome/116.0.1938.76 Safari/537.36"
57.141.20.26 - - [15/Sep/2026:16:09:54 +0300] "GET /index.php/component/search/?sale/search/detail/?ITMCODE=519911186240& HTTP/2.0" 200 19807 "-" "Mozilla/5.0 (Windows NT 10.0; Win64; x64) AppleWebKit/537.36 (KHTML, like Gecko) Chrome/145.0.0.0 Safari/537.36 (compatible; meta-externalagent/1.1 (+https://developers.facebook.com/docs/sharing/webmasters/crawler))"
40.77.167.55 - - [15/Sep/2026:16:09:54 +0300] "GET /?sale/search/detail/?ITMCODE=51969811508 HTTP/2.0" 200 195374 "-" "Mozilla/5.0 AppleWebKit/537.36 (KHTML, like Gecko; compatible; bingbot/2.0; +http://www.bing.com/bingbot.htm) Chrome/116.0.1938.76 Safari/537.36"
40.77.167.28 - - [15/Sep/2026:16:10:00 +0300] "GET /?sale/search/detail/?ITMCODE=5196934990 HTTP/2.0" 200 209460 "-" "Mozilla/5.0 AppleWebKit/537.36 (KHTML, like Gecko; compatible; bingbot/2.0; +http://www.bing.com/bingbot.htm) Chrome/116.0.1938.76 Safari/537.36"
40.77.167.28 - - [15/Sep/2026:16:10:01 +0300] "GET /?sale/search/detail/?ITMCODE=5195152173 HTTP/2.0" 200 205092 "-" "Mozilla/5.0 AppleWebKit/537.36 (KHTML, like Gecko; compatible; bingbot/2.0; +http://www.bing.com/bingbot.htm) Chrome/116.0.1938.76 Safari/537.36"
217.113.194.153 - - [15/Sep/2026:16:10:02 +0300] "GET /robots.txt HTTP/1.1" 200 116 "-" "Mozilla/5.0 (compatible; Barkrowler/0.9; +https://babbar.tech/crawler)"
40.77.167.28 - - [15/Sep/2026:16:10:02 +0300] "GET /?sale/search/detail/?ITMCODE=519542675 HTTP/2.0" 200 202351 "-" "Mozilla/5.0 AppleWebKit/537.36 (KHTML, like Gecko; compatible; bingbot/2.0; +http://www.bing.com/bingbot.htm) Chrome/116.0.1938.76 Safari/537.36"
40.77.167.28 - - [15/Sep/2026:16:10:02 +0300] "GET /?sale/search/detail/?ITMCODE=51959318470 HTTP/2.0" 200 205496 "-" "Mozilla/5.0 AppleWebKit/537.36 (KHTML, like Gecko; compatible; bingbot/2.0; +http://www.bing.com/bingbot.htm) Chrome/116.0.1938.76 Safari/537.36"
40.77.167.28 - - [15/Sep/2026:16:10:03 +0300] "GET /?sale/search/detail/?ITMCODE=5196795731 HTTP/2.0" 200 218147 "-" "Mozilla/5.0 AppleWebKit/537.36 (KHTML, like Gecko; compatible; bingbot/2.0; +http://www.bing.com/bingbot.htm) Chrome/116.0.1938.76 Safari/537.36"
40.77.167.28 - - [15/Sep/2026:16:10:03 +0300] "GET /?sale/search/detail/?ITMCODE=5196958908 HTTP/2.0" 200 216686 "-" "Mozilla/5.0 AppleWebKit/537.36 (KHTML, like Gecko; compatible; bingbot/2.0; +http://www.bing.com/bingbot.htm) Chrome/116.0.1938.76 Safari/537.36"
40.77.167.28 - - [15/Sep/2026:16:10:04 +0300] "GET /?sale/search/detail/?ITMCODE=519681703663 HTTP/2.0" 200 203447 "-" "Mozilla/5.0 AppleWebKit/537.36 (KHTML, like Gecko; compatible; bingbot/2.0; +http://www.bing.com/bingbot.htm) Chrome/116.0.1938.76 Safari/537.36"
40.77.167.28 - - [15/Sep/2026:16:10:05 +0300] "GET /?sale/search/detail/?ITMCODE=519968420820 HTTP/2.0" 200 218129 "-" "Mozilla/5.0 AppleWebKit/537.36 (KHTML, like Gecko; compatible; bingbot/2.0; +http://www.bing.com/bingbot.htm) Chrome/116.0.1938.76 Safari/537.36"
40.77.167.28 - - [15/Sep/2026:16:10:05 +0300] "GET /?sale/search/detail/?ITMCODE=519852594183 HTTP/2.0" 200 205529 "-" "Mozilla/5.0 AppleWebKit/537.36 (KHTML, like Gecko; compatible; bingbot/2.0; +http://www.bing.com/bingbot.htm) Chrome/116.0.1938.76 Safari/537.36"
52.167.144.25 - - [15/Sep/2026:16:10:08 +0300] "GET /?sale/search/detail/?ITMCODE=519822876362 HTTP/2.0" 200 209089 "-" "Mozilla/5.0 AppleWebKit/537.36 (KHTML, like Gecko; compatible; bingbot/2.0; +http://www.bing.com/bingbot.htm) Chrome/116.0.1938.76 Safari/537.36"
52.167.144.25 - - [15/Sep/2026:16:10:09 +0300] "GET /?sale/search/detail/?ITMCODE=519579360 HTTP/2.0" 200 216554 "-" "Mozilla/5.0 AppleWebKit/537.36 (KHTML, like Gecko; compatible; bingbot/2.0; +http://www.bing.com/bingbot.htm) Chrome/116.0.1938.76 Safari/537.36"
52.167.144.25 - - [15/Sep/2026:16:10:10 +0300] "GET /?sale/search/detail/?ITMCODE=52002714481 HTTP/2.0" 200 217523 "-" "Mozilla/5.0 AppleWebKit/537.36 (KHTML, like Gecko; compatible; bingbot/2.0; +http://www.bing.com/bingbot.htm) Chrome/116.0.1938.76 Safari/537.36"
52.167.144.25 - - [15/Sep/2026:16:10:10 +0300] "GET /?sale/search/detail/?ITMCODE=52002721479 HTTP/2.0" 200 209207 "-" "Mozilla/5.0 AppleWebKit/537.36 (KHTML, like Gecko; compatible; bingbot/2.0; +http://www.bing.com/bingbot.htm) Chrome/116.0.1938.76 Safari/537.36"
52.167.144.25 - - [15/Sep/2026:16:10:11 +0300] "GET /?sale/search/detail/?ITMCODE=51984647148 HTTP/2.0" 200 201943 "-" "Mozilla/5.0 AppleWebKit/537.36 (KHTML, like Gecko; compatible; bingbot/2.0; +http://www.bing.com/bingbot.htm) Chrome/116.0.1938.76 Safari/537.36"
52.167.144.25 - - [15/Sep/2026:16:10:12 +0300] "GET /?sale/search/detail/?ITMCODE=51992094131 HTTP/2.0" 200 211233 "-" "Mozilla/5.0 AppleWebKit/537.36 (KHTML, like Gecko; compatible; bingbot/2.0; +http://www.bing.com/bingbot.htm) Chrome/116.0.1938.76 Safari/537.36"
57.141.20.18 - - [15/Sep/2026:16:10:14 +0300] "GET /index.php/component/search/?sale/search/detail/?ITMCODE=519914166143& HTTP/2.0" 200 19807 "-" "Mozilla/5.0 (Windows NT 10.0; Win64; x64) AppleWebKit/537.36 (KHTML, like Gecko) Chrome/145.0.0.0 Safari/537.36 (compatible; meta-externalagent/1.1 (+https://developers.facebook.com/docs/sharing/webmasters/crawler))"
40.77.167.28 - - [15/Sep/2026:16:10:14 +0300] "GET /?sale/search/detail/?ITMCODE=51971426009 HTTP/2.0" 200 209246 "-" "Mozilla/5.0 AppleWebKit/537.36 (KHTML, like Gecko; compatible; bingbot/2.0; +http://www.bing.com/bingbot.htm) Chrome/116.0.1938.76 Safari/537.36"
40.77.167.28 - - [15/Sep/2026:16:10:15 +0300] "GET /?sale/search/detail/?ITMCODE=519578183284 HTTP/2.0" 200 209464 "-" "Mozilla/5.0 AppleWebKit/537.36 (KHTML, like Gecko; compatible; bingbot/2.0; +http://www.bing.com/bingbot.htm) Chrome/116.0.1938.76 Safari/537.36"
40.77.167.28 - - [15/Sep/2026:16:10:16 +0300] "GET /?sale/search/detail/?ITMCODE=51966965910 HTTP/2.0" 200 215736 "-" "Mozilla/5.0 AppleWebKit/537.36 (KHTML, like Gecko; compatible; bingbot/2.0; +http://www.bing.com/bingbot.htm) Chrome/116.0.1938.76 Safari/537.36"
40.77.167.28 - - [15/Sep/2026:16:10:16 +0300] "GET /?sale/search/detail/?ITMCODE=51963789967 HTTP/2.0" 200 218538 "-" "Mozilla/5.0 AppleWebKit/537.36 (KHTML, like Gecko; compatible; bingbot/2.0; +http://www.bing.com/bingbot.htm) Chrome/116.0.1938.76 Safari/537.36"
217.113.194.157 - - [15/Sep/2026:16:10:17 +0300] "GET /index.php/zinynas-keliaujantiems/index.php HTTP/1.1" 200 19850 "-" "Mozilla/5.0 (compatible; Barkrowler/0.9; +https://babbar.tech/crawler)"
40.77.167.28 - - [15/Sep/2026:16:10:18 +0300] "GET /?sale/search/detail/?ITMCODE=51953032121 HTTP/2.0" 200 203050 "-" "Mozilla/5.0 AppleWebKit/537.36 (KHTML, like Gecko; compatible; bingbot/2.0; +http://www.bing.com/bingbot.htm) Chrome/116.0.1938.76 Safari/537.36"
40.77.167.28 - - [15/Sep/2026:16:10:19 +0300] "GET /?sale/search/detail/?ITMCODE=52005822455 HTTP/2.0" 200 207648 "-" "Mozilla/5.0 AppleWebKit/537.36 (KHTML, like Gecko; compatible; bingbot/2.0; +http://www.bing.com/bingbot.htm) Chrome/116.0.1938.76 Safari/537.36"
40.77.167.28 - - [15/Sep/2026:16:10:20 +0300] "GET /?sale/search/detail/?ITMCODE=52002766269 HTTP/2.0" 200 214877 "-" "Mozilla/5.0 AppleWebKit/537.36 (KHTML, like Gecko; compatible; bingbot/2.0; +http://www.bing.com/bingbot.htm) Chrome/116.0.1938.76 Safari/537.36"
40.77.167.28 - - [15/Sep/2026:16:10:21 +0300] "GET /?sale/search/detail/?ITMCODE=51977480644 HTTP/2.0" 200 207525 "-" "Mozilla/5.0 AppleWebKit/537.36 (KHTML, like Gecko; compatible; bingbot/2.0; +http://www.bing.com/bingbot.htm) Chrome/116.0.1938.76 Safari/537.36"
40.77.167.28 - - [15/Sep/2026:16:10:21 +0300] "GET /?sale/search/detail/?ITMCODE=51992270732 HTTP/2.0" 200 205217 "-" "Mozilla/5.0 AppleWebKit/537.36 (KHTML, like Gecko; compatible; bingbot/2.0; +http://www.bing.com/bingbot.htm) Chrome/116.0.1938.76 Safari/537.36"
114.119.135.63 - - [15/Sep/2026:16:10:22 +0300] "GET /?sale/search/detail/%3FITMCODE=5196767466 HTTP/1.1" 200 31588 "https://www.keliauk-uk.lt/?sitemap-products.xml" "Mozilla/5.0 (Linux; Android 7.0;) AppleWebKit/537.36 (HTML, like Gecko) Mobile Safari/537.36 (compatible; PetalBot;+https://webmaster.petalsearch.com/site/petalbot)"
40.77.167.28 - - [15/Sep/2026:16:10:22 +0300] "GET /?sale/search/detail/?ITMCODE=52002540646 HTTP/2.0" 200 221715 "-" "Mozilla/5.0 AppleWebKit/537.36 (KHTML, like Gecko; compatible; bingbot/2.0; +http://www.bing.com/bingbot.htm) Chrome/116.0.1938.76 Safari/537.36"
52.167.144.25 - - [15/Sep/2026:16:10:24 +0300] "GET /?sale/search/detail/?ITMCODE=51953231090 HTTP/2.0" 200 233366 "-" "Mozilla/5.0 AppleWebKit/537.36 (KHTML, like Gecko; compatible; bingbot/2.0; +http://www.bing.com/bingbot.htm) Chrome/116.0.1938.76 Safari/537.36"
52.167.144.25 - - [15/Sep/2026:16:10:25 +0300] "GET /?sale/search/detail/?ITMCODE=51981993151 HTTP/2.0" 200 211926 "-" "Mozilla/5.0 AppleWebKit/537.36 (KHTML, like Gecko; compatible; bingbot/2.0; +http://www.bing.com/bingbot.htm) Chrome/116.0.1938.76 Safari/537.36"
52.167.144.25 - - [15/Sep/2026:16:10:26 +0300] "GET /?sale/search/detail/?ITMCODE=51971374370 HTTP/2.0" 200 200618 "-" "Mozilla/5.0 AppleWebKit/537.36 (KHTML, like Gecko; compatible; bingbot/2.0; +http://www.bing.com/bingbot.htm) Chrome/116.0.1938.76 Safari/537.36"
216.73.216.71 - - [15/Sep/2026:16:10:27 +0300] "GET /robots.txt HTTP/2.0" 200 116 "-" "Mozilla/5.0 AppleWebKit/537.36 (KHTML, like Gecko; compatible; ClaudeBot/1.0; +claudebot@anthropic.com)"
216.73.216.71 - - [15/Sep/2026:16:10:27 +0300] "GET /sitemap.xml HTTP/2.0" 200 1186 "-" "Mozilla/5.0 AppleWebKit/537.36 (KHTML, like Gecko; compatible; ClaudeBot/1.0; +claudebot@anthropic.com)"
216.73.216.71 - - [15/Sep/2026:16:10:29 +0300] "GET / HTTP/2.0" 200 31517 "-" "Mozilla/5.0 AppleWebKit/537.36 (KHTML, like Gecko; compatible; ClaudeBot/1.0; +claudebot@anthropic.com)"
52.167.144.161 - - [15/Sep/2026:16:10:30 +0300] "GET /?sale/search/detail/?ITMCODE=51977051146 HTTP/2.0" 200 226175 "-" "Mozilla/5.0 AppleWebKit/537.36 (KHTML, like Gecko; compatible; bingbot/2.0; +http://www.bing.com/bingbot.htm) Chrome/116.0.1938.76 Safari/537.36"
52.167.144.161 - - [15/Sep/2026:16:10:31 +0300] "GET /?sale/search/detail/?ITMCODE=51992348937 HTTP/2.0" 200 203656 "-" "Mozilla/5.0 AppleWebKit/537.36 (KHTML, like Gecko; compatible; bingbot/2.0; +http://www.bing.com/bingbot.htm) Chrome/116.0.1938.76 Safari/537.36"
52.167.144.161 - - [15/Sep/2026:16:10:32 +0300] "GET /?sale/search/detail/?ITMCODE=51953497824 HTTP/2.0" 200 209861 "-" "Mozilla/5.0 AppleWebKit/537.36 (KHTML, like Gecko; compatible; bingbot/2.0; +http://www.bing.com/bingbot.htm) Chrome/116.0.1938.76 Safari/537.36"
52.167.144.161 - - [15/Sep/2026:16:10:33 +0300] "GET /?sale/search/detail/?ITMCODE=51971141947 HTTP/2.0" 200 203202 "-" "Mozilla/5.0 AppleWebKit/537.36 (KHTML, like Gecko; compatible; bingbot/2.0; +http://www.bing.com/bingbot.htm) Chrome/116.0.1938.76 Safari/537.36"
52.167.144.161 - - [15/Sep/2026:16:10:33 +0300] "GET /?sale/search/detail/?ITMCODE=51956039941 HTTP/2.0" 200 201771 "-" "Mozilla/5.0 AppleWebKit/537.36 (KHTML, like Gecko; compatible; bingbot/2.0; +http://www.bing.com/bingbot.htm) Chrome/116.0.1938.76 Safari/537.36"
52.167.144.161 - - [15/Sep/2026:16:10:34 +0300] "GET /?sale/search/detail/?ITMCODE=51971450488 HTTP/2.0" 200 200469 "-" "Mozilla/5.0 AppleWebKit/537.36 (KHTML, like Gecko; compatible; bingbot/2.0; +http://www.bing.com/bingbot.htm) Chrome/116.0.1938.76 Safari/537.36"
57.141.20.18 - - [15/Sep/2026:16:10:55 +0300] "GET /index.php/component/search/?sale/search/detail/?ITMCODE=519746269352&id=1&Itemid=437&format=opensearch HTTP/2.0" 200 559 "-" "Mozilla/5.0 (X11; Linux x86_64) AppleWebKit/537.36 (KHTML, like Gecko) Chrome/145.0.0.0 Safari/537.36 (compatible; meta-externalagent/1.1 (+https://developers.facebook.com/docs/sharing/webmasters/crawler))"
52.167.144.25 - - [15/Sep/2026:16:11:02 +0300] "GET /?sale/search/detail/?ITMCODE=51992009510 HTTP/2.0" 200 208413 "-" "Mozilla/5.0 AppleWebKit/537.36 (KHTML, like Gecko; compatible; bingbot/2.0; +http://www.bing.com/bingbot.htm) Chrome/116.0.1938.76 Safari/537.36"
52.167.144.25 - - [15/Sep/2026:16:11:03 +0300] "GET /?sale/search/detail/?ITMCODE=519911044577 HTTP/2.0" 200 211662 "-" "Mozilla/5.0 AppleWebKit/537.36 (KHTML, like Gecko; compatible; bingbot/2.0; +http://www.bing.com/bingbot.htm) Chrome/116.0.1938.76 Safari/537.36"
52.167.144.25 - - [15/Sep/2026:16:11:04 +0300] "GET /?sale/search/detail/?ITMCODE=52002731332 HTTP/2.0" 200 209156 "-" "Mozilla/5.0 AppleWebKit/537.36 (KHTML, like Gecko; compatible; bingbot/2.0; +http://www.bing.com/bingbot.htm) Chrome/116.0.1938.76 Safari/537.36"
52.167.144.25 - - [15/Sep/2026:16:11:05 +0300] "GET /?sale/search/detail/?ITMCODE=52002614986 HTTP/2.0" 200 203340 "-" "Mozilla/5.0 AppleWebKit/537.36 (KHTML, like Gecko; compatible; bingbot/2.0; +http://www.bing.com/bingbot.htm) Chrome/116.0.1938.76 Safari/537.36"
52.167.144.161 - - [15/Sep/2026:16:11:06 +0300] "GET /?sale/search/detail/?ITMCODE=51974194771 HTTP/2.0" 200 201762 "-" "Mozilla/5.0 AppleWebKit/537.36 (KHTML, like Gecko; compatible; bingbot/2.0; +http://www.bing.com/bingbot.htm) Chrome/116.0.1938.76 Safari/537.36"
52.167.144.161 - - [15/Sep/2026:16:11:07 +0300] "GET /?sale/search/detail/?ITMCODE=5196521154 HTTP/2.0" 200 209749 "-" "Mozilla/5.0 AppleWebKit/537.36 (KHTML, like Gecko; compatible; bingbot/2.0; +http://www.bing.com/bingbot.htm) Chrome/116.0.1938.76 Safari/537.36"
52.167.144.161 - - [15/Sep/2026:16:11:08 +0300] "GET /?sale/search/detail/?ITMCODE=52002836339 HTTP/2.0" 200 201127 "-" "Mozilla/5.0 AppleWebKit/537.36 (KHTML, like Gecko; compatible; bingbot/2.0; +http://www.bing.com/bingbot.htm) Chrome/116.0.1938.76 Safari/537.36"
52.167.144.161 - - [15/Sep/2026:16:11:09 +0300] "GET /?sale/search/detail/?ITMCODE=5195106202 HTTP/2.0" 200 208220 "-" "Mozilla/5.0 AppleWebKit/537.36 (KHTML, like Gecko; compatible; bingbot/2.0; +http://www.bing.com/bingbot.htm) Chrome/116.0.1938.76 Safari/537.36"
52.167.144.161 - - [15/Sep/2026:16:11:09 +0300] "GET /?sale/search/detail/?ITMCODE=519651734904 HTTP/2.0" 200 214630 "-" "Mozilla/5.0 AppleWebKit/537.36 (KHTML, like Gecko; compatible; bingbot/2.0; +http://www.bing.com/bingbot.htm) Chrome/116.0.1938.76 Safari/537.36"
172.99.119.78 - - [15/Sep/2026:16:11:10 +0300] "POST / HTTP/1.1" 401 53 "-" "Mozilla/5.0"
40.77.167.28 - - [15/Sep/2026:16:11:11 +0300] "GET /?sale/search/detail/?ITMCODE=5196555310 HTTP/2.0" 200 214966 "-" "Mozilla/5.0 AppleWebKit/537.36 (KHTML, like Gecko; compatible; bingbot/2.0; +http://www.bing.com/bingbot.htm) Chrome/116.0.1938.76 Safari/537.36"
52.167.144.25 - - [15/Sep/2026:16:11:11 +0300] "GET /?sale/search/detail/?ITMCODE=52002735054 HTTP/2.0" 200 205233 "-" "Mozilla/5.0 AppleWebKit/537.36 (KHTML, like Gecko; compatible; bingbot/2.0; +http://www.bing.com/bingbot.htm) Chrome/116.0.1938.76 Safari/537.36"
52.167.144.161 - - [15/Sep/2026:16:11:12 +0300] "GET /?sale/search/detail/?ITMCODE=5195225633 HTTP/2.0" 200 213657 "-" "Mozilla/5.0 AppleWebKit/537.36 (KHTML, like Gecko; compatible; bingbot/2.0; +http://www.bing.com/bingbot.htm) Chrome/116.0.1938.76 Safari/537.36"
52.167.144.25 - - [15/Sep/2026:16:11:12 +0300] "GET /?sale/search/detail/?ITMCODE=51981612321 HTTP/2.0" 200 216244 "-" "Mozilla/5.0 AppleWebKit/537.36 (KHTML, like Gecko; compatible; bingbot/2.0; +http://www.bing.com/bingbot.htm) Chrome/116.0.1938.76 Safari/537.36"
66.249.79.1 - - [15/Sep/2026:16:11:13 +0300] "GET /index.php/paslaugos?sale/search/detail/?ITMCODE=51992073142 HTTP/1.1" 200 208770 "-" "Mozilla/5.0 (Linux; Android 6.0.1; Nexus 5X Build/MMB29P) AppleWebKit/537.36 (KHTML, like Gecko) Chrome/152.0.7977.82 Mobile Safari/537.36 (compatible; Googlebot/2.1; +http://www.google.com/bot.html)"
66.249.68.39 - - [15/Sep/2026:16:11:14 +0300] "GET /index.php?sale/search/detail/?ITMCODE=5195387795 HTTP/1.1" 200 202835 "-" "Mozilla/5.0 (Linux; Android 6.0.1; Nexus 5X Build/MMB29P) AppleWebKit/537.36 (KHTML, like Gecko) Chrome/152.0.7977.82 Mobile Safari/537.36 (compatible; Googlebot/2.1; +http://www.google.com/bot.html)"
66.249.79.2 - - [15/Sep/2026:16:11:13 +0300] "GET /sale/search/detail/?ITMCODE=51971005982 HTTP/1.1" 200 204266 "-" "Mozilla/5.0 (Linux; Android 6.0.1; Nexus 5X Build/MMB29P) AppleWebKit/537.36 (KHTML, like Gecko) Chrome/152.0.7977.82 Mobile Safari/537.36 (compatible; Googlebot/2.1; +http://www.google.com/bot.html)"
52.167.144.25 - - [15/Sep/2026:16:11:14 +0300] "GET /?sale/search/detail/?ITMCODE=51992023064 HTTP/2.0" 200 205451 "-" "Mozilla/5.0 AppleWebKit/537.36 (KHTML, like Gecko; compatible; bingbot/2.0; +http://www.bing.com/bingbot.htm) Chrome/116.0.1938.76 Safari/537.36"
66.249.79.3 - - [15/Sep/2026:16:11:15 +0300] "GET /index.php/zinynas-keliaujantiems?sale/search/detail/?ITMCODE=52002980944 HTTP/1.1" 200 202619 "-" "Mozilla/5.0 (Linux; Android 6.0.1; Nexus 5X Build/MMB29P) AppleWebKit/537.36 (KHTML, like Gecko) Chrome/152.0.7977.82 Mobile Safari/537.36 (compatible; Googlebot/2.1; +http://www.google.com/bot.html)"
66.249.79.2 - - [15/Sep/2026:16:11:16 +0300] "GET /shop/pg/5196688370 HTTP/1.1" 200 214387 "-" "Mozilla/5.0 (Linux; Android 6.0.1; Nexus 5X Build/MMB29P) AppleWebKit/537.36 (KHTML, like Gecko) Chrome/152.0.7977.82 Mobile Safari/537.36 (compatible; Googlebot/2.1; +http://www.google.com/bot.html)"
66.249.79.3 - - [15/Sep/2026:16:11:16 +0300] "GET /index.php/paslaugos?sale/search/detail/?ITMCODE=5196864520 HTTP/1.1" 200 201011 "-" "Mozilla/5.0 (Linux; Android 6.0.1; Nexus 5X Build/MMB29P) AppleWebKit/537.36 (KHTML, like Gecko) Chrome/152.0.7977.82 Mobile Safari/537.36 (compatible; Googlebot/2.1; +http://www.google.com/bot.html)"
66.249.79.1 - - [15/Sep/2026:16:11:18 +0300] "GET /?sale/search/detail/?ITMCODE=5196806666 HTTP/1.1" 200 198549 "-" "Mozilla/5.0 (Linux; Android 6.0.1; Nexus 5X Build/MMB29P) AppleWebKit/537.36 (KHTML, like Gecko) Chrome/152.0.7977.82 Mobile Safari/537.36 (compatible; Googlebot/2.1; +http://www.google.com/bot.html)"
40.77.167.28 - - [15/Sep/2026:16:11:20 +0300] "GET /?sale/search/detail/?ITMCODE=519621738932 HTTP/2.0" 200 201181 "-" "Mozilla/5.0 AppleWebKit/537.36 (KHTML, like Gecko; compatible; bingbot/2.0; +http://www.bing.com/bingbot.htm) Chrome/116.0.1938.76 Safari/537.36"
66.249.79.2 - - [15/Sep/2026:16:11:21 +0300] "GET /index.php/paslaugos?sale/search/detail/?ITMCODE=51971355002 HTTP/1.1" 200 203358 "-" "Mozilla/5.0 (Linux; Android 6.0.1; Nexus 5X Build/MMB29P) AppleWebKit/537.36 (KHTML, like Gecko) Chrome/152.0.7977.82 Mobile Safari/537.36 (compatible; Googlebot/2.1; +http://www.google.com/bot.html)"
66.249.79.2 - - [15/Sep/2026:16:11:21 +0300] "GET /index.php/paslaugos?sale/search/detail/?ITMCODE=51981558852 HTTP/1.1" 200 198846 "-" "Mozilla/5.0 (Linux; Android 6.0.1; Nexus 5X Build/MMB29P) AppleWebKit/537.36 (KHTML, like Gecko) Chrome/152.0.7977.82 Mobile Safari/537.36 (compatible; Googlebot/2.1; +http://www.google.com/bot.html)"
40.77.167.28 - - [15/Sep/2026:16:11:22 +0300] "GET /?sale/search/detail/?ITMCODE=51981727995 HTTP/2.0" 200 208114 "-" "Mozilla/5.0 AppleWebKit/537.36 (KHTML, like Gecko; compatible; bingbot/2.0; +http://www.bing.com/bingbot.htm) Chrome/116.0.1938.76 Safari/537.36"
66.249.79.2 - - [15/Sep/2026:16:11:22 +0300] "GET /sale/search/detail/?ITMCODE=51992368281 HTTP/1.1" 200 195547 "-" "Mozilla/5.0 (Linux; Android 6.0.1; Nexus 5X Build/MMB29P) AppleWebKit/537.36 (KHTML, like Gecko) Chrome/152.0.7977.82 Mobile Safari/537.36 (compatible; Googlebot/2.1; +http://www.google.com/bot.html)"
40.77.167.28 - - [15/Sep/2026:16:11:23 +0300] "GET /?sale/search/detail/?ITMCODE=519926398653 HTTP/2.0" 200 215737 "-" "Mozilla/5.0 AppleWebKit/537.36 (KHTML, like Gecko; compatible; bingbot/2.0; +http://www.bing.com/bingbot.htm) Chrome/116.0.1938.76 Safari/537.36"
40.77.167.26 - - [15/Sep/2026:16:11:22 +0300] "GET /?sale/search/detail/?ITMCODE=51981632983 HTTP/2.0" 200 193751 "-" "Mozilla/5.0 AppleWebKit/537.36 (KHTML, like Gecko; compatible; bingbot/2.0; +http://www.bing.com/bingbot.htm) Chrome/116.0.1938.76 Safari/537.36"
66.249.79.2 - - [15/Sep/2026:16:11:23 +0300] "GET /sale/search/detail/?ITMCODE=51971424455 HTTP/1.1" 200 201179 "-" "Mozilla/5.0 (Linux; Android 6.0.1; Nexus 5X Build/MMB29P) AppleWebKit/537.36 (KHTML, like Gecko) Chrome/152.0.7977.82 Mobile Safari/537.36 (compatible; Googlebot/2.1; +http://www.google.com/bot.html)"
66.249.79.1 - - [15/Sep/2026:16:11:23 +0300] "GET /sale/search/detail/?ITMCODE=51971458302 HTTP/1.1" 200 195440 "-" "Mozilla/5.0 (Linux; Android 6.0.1; Nexus 5X Build/MMB29P) AppleWebKit/537.36 (KHTML, like Gecko) Chrome/152.0.7977.82 Mobile Safari/537.36 (compatible; Googlebot/2.1; +http://www.google.com/bot.html)"
66.249.79.1 - - [15/Sep/2026:16:11:23 +0300] "GET /sale/search/detail/?ITMCODE=51971089051 HTTP/1.1" 200 193014 "-" "Mozilla/5.0 (Linux; Android 6.0.1; Nexus 5X Build/MMB29P) AppleWebKit/537.36 (KHTML, like Gecko) Chrome/152.0.7977.82 Mobile Safari/537.36 (compatible; Googlebot/2.1; +http://www.google.com/bot.html)"
40.77.167.28 - - [15/Sep/2026:16:11:23 +0300] "GET /?sale/search/detail/?ITMCODE=519569233443 HTTP/2.0" 200 210202 "-" "Mozilla/5.0 AppleWebKit/537.36 (KHTML, like Gecko; compatible; bingbot/2.0; +http://www.bing.com/bingbot.htm) Chrome/116.0.1938.76 Safari/537.36"
66.249.79.2 - - [15/Sep/2026:16:11:24 +0300] "GET /index.php/paslaugos?sale/search/detail/?ITMCODE=51971182238 HTTP/1.1" 200 200322 "-" "Mozilla/5.0 (Linux; Android 6.0.1; Nexus 5X Build/MMB29P) AppleWebKit/537.36 (KHTML, like Gecko) Chrome/152.0.7977.82 Mobile Safari/537.36 (compatible; Googlebot/2.1; +http://www.google.com/bot.html)"
40.77.167.28 - - [15/Sep/2026:16:11:24 +0300] "GET /?sale/search/detail/?ITMCODE=52002997190 HTTP/2.0" 200 206072 "-" "Mozilla/5.0 AppleWebKit/537.36 (KHTML, like Gecko; compatible; bingbot/2.0; +http://www.bing.com/bingbot.htm) Chrome/116.0.1938.76 Safari/537.36"
66.249.79.2 - - [15/Sep/2026:16:11:24 +0300] "GET /?sale/search/detail/?ITMCODE=51992132546 HTTP/1.1" 200 195944 "-" "Mozilla/5.0 (Linux; Android 6.0.1; Nexus 5X Build/MMB29P) AppleWebKit/537.36 (KHTML, like Gecko) Chrome/152.0.7977.82 Mobile Safari/537.36 (compatible; Googlebot/2.1; +http://www.google.com/bot.html)"
40.77.167.26 - - [15/Sep/2026:16:11:24 +0300] "GET /?sale/search/detail/?ITMCODE=520011975541 HTTP/2.0" 200 200648 "-" "Mozilla/5.0 AppleWebKit/537.36 (KHTML, like Gecko; compatible; bingbot/2.0; +http://www.bing.com/bingbot.htm) Chrome/116.0.1938.76 Safari/537.36"
52.167.144.25 - - [15/Sep/2026:16:11:24 +0300] "GET /sale/search/detail/?ITMCODE=52002810442 HTTP/2.0" 200 205824 "-" "Mozilla/5.0 AppleWebKit/537.36 (KHTML, like Gecko; compatible; bingbot/2.0; +http://www.bing.com/bingbot.htm) Chrome/116.0.1938.76 Safari/537.36"
66.249.79.1 - - [15/Sep/2026:16:11:25 +0300] "GET /index.php/paslaugos?sale/search/detail/?ITMCODE=5196743051 HTTP/1.1" 200 223934 "-" "Mozilla/5.0 (Linux; Android 6.0.1; Nexus 5X Build/MMB29P) AppleWebKit/537.36 (KHTML, like Gecko) Chrome/152.0.7977.82 Mobile Safari/537.36 (compatible; Googlebot/2.1; +http://www.google.com/bot.html)"
66.249.79.1 - - [15/Sep/2026:16:11:25 +0300] "GET /?sale/search/detail/?ITMCODE=51971139241 HTTP/1.1" 200 222014 "-" "Mozilla/5.0 (Linux; Android 6.0.1; Nexus 5X Build/MMB29P) AppleWebKit/537.36 (KHTML, like Gecko) Chrome/152.0.7977.82 Mobile Safari/537.36 (compatible; Googlebot/2.1; +http://www.google.com/bot.html)"
66.249.79.1 - - [15/Sep/2026:16:11:26 +0300] "GET /index.php/paslaugos?sale/search/detail/?ITMCODE=52002545707 HTTP/1.1" 200 200782 "-" "Mozilla/5.0 (Linux; Android 6.0.1; Nexus 5X Build/MMB29P) AppleWebKit/537.36 (KHTML, like Gecko) Chrome/152.0.7977.82 Mobile Safari/537.36 (compatible; Googlebot/2.1; +http://www.google.com/bot.html)"
52.167.144.25 - - [15/Sep/2026:16:11:26 +0300] "GET /?sale/search/detail/?ITMCODE=52002953538 HTTP/2.0" 200 206755 "-" "Mozilla/5.0 AppleWebKit/537.36 (KHTML, like Gecko; compatible; bingbot/2.0; +http://www.bing.com/bingbot.htm) Chrome/116.0.1938.76 Safari/537.36"
66.249.79.1 - - [15/Sep/2026:16:11:26 +0300] "GET /index.php/paslaugos?sale/search/detail/?ITMCODE=5196559924 HTTP/1.1" 200 202326 "-" "Mozilla/5.0 (Linux; Android 6.0.1; Nexus 5X Build/MMB29P) AppleWebKit/537.36 (KHTML, like Gecko) Chrome/152.0.7977.82 Mobile Safari/537.36 (compatible; Googlebot/2.1; +http://www.google.com/bot.html)"
66.249.79.1 - - [15/Sep/2026:16:11:27 +0300] "GET /index.php/paslaugos?sale/search/detail/?ITMCODE=51981776859 HTTP/1.1" 200 207513 "-" "Mozilla/5.0 (Linux; Android 6.0.1; Nexus 5X Build/MMB29P) AppleWebKit/537.36 (KHTML, like Gecko) Chrome/152.0.7977.82 Mobile Safari/537.36 (compatible; Googlebot/2.1; +http://www.google.com/bot.html)"
66.249.79.1 - - [15/Sep/2026:16:11:26 +0300] "GET /shop/pg/51981981716 HTTP/1.1" 200 201192 "-" "Mozilla/5.0 (Linux; Android 6.0.1; Nexus 5X Build/MMB29P) AppleWebKit/537.36 (KHTML, like Gecko) Chrome/152.0.7977.82 Mobile Safari/537.36 (compatible; Googlebot/2.1; +http://www.google.com/bot.html)"
40.77.167.55 - - [15/Sep/2026:16:11:26 +0300] "GET /?sale/search/detail/?ITMCODE=519797430446 HTTP/2.0" 200 208956 "-" "Mozilla/5.0 AppleWebKit/537.36 (KHTML, like Gecko; compatible; bingbot/2.0; +http://www.bing.com/bingbot.htm) Chrome/116.0.1938.76 Safari/537.36"
52.167.144.25 - - [15/Sep/2026:16:11:27 +0300] "GET /?sale/search/detail/?ITMCODE=51992256733 HTTP/2.0" 200 214074 "-" "Mozilla/5.0 AppleWebKit/537.36 (KHTML, like Gecko; compatible; bingbot/2.0; +http://www.bing.com/bingbot.htm) Chrome/116.0.1938.76 Safari/537.36"
