74.7.227.137 - - [15/Sep/2026:17:28:50 +0300] "GET /?sale/search/detail/?ITMCODE=51974058984 HTTP/2.0" 200 31680 "https://keliauk-uk.lt.testams.vhost.lt/?sitemap-product.xml" "Mozilla/5.0 AppleWebKit/537.36 (KHTML, like Gecko; compatible; GPTBot/1.4; +https://openai.com/gptbot)"
74.7.227.137 - - [15/Sep/2026:17:28:51 +0300] "GET /?sale/search/detail/?ITMCODE=51953364184 HTTP/2.0" 200 31680 "https://keliauk-uk.lt.testams.vhost.lt/?sitemap-product.xml" "Mozilla/5.0 AppleWebKit/537.36 (KHTML, like Gecko; compatible; GPTBot/1.4; +https://openai.com/gptbot)"
74.7.227.137 - - [15/Sep/2026:17:28:51 +0300] "GET /?sale/search/detail/?ITMCODE=51963870059 HTTP/2.0" 200 31680 "https://keliauk-uk.lt.testams.vhost.lt/?sitemap-product.xml" "Mozilla/5.0 AppleWebKit/537.36 (KHTML, like Gecko; compatible; GPTBot/1.4; +https://openai.com/gptbot)"
74.7.227.137 - - [15/Sep/2026:17:28:51 +0300] "GET /?sale/search/detail/?ITMCODE=51956397364 HTTP/2.0" 200 31680 "https://keliauk-uk.lt.testams.vhost.lt/?sitemap-product.xml" "Mozilla/5.0 AppleWebKit/537.36 (KHTML, like Gecko; compatible; GPTBot/1.4; +https://openai.com/gptbot)"
74.7.227.137 - - [15/Sep/2026:17:28:52 +0300] "GET /?sale/search/detail/?ITMCODE=51966775208 HTTP/2.0" 200 31680 "https://keliauk-uk.lt.testams.vhost.lt/?sitemap-product.xml" "Mozilla/5.0 AppleWebKit/537.36 (KHTML, like Gecko; compatible; GPTBot/1.4; +https://openai.com/gptbot)"
74.7.227.137 - - [15/Sep/2026:17:28:53 +0300] "GET /?sale/search/detail/?ITMCODE=52008633918 HTTP/2.0" 200 31680 "https://keliauk-uk.lt.testams.vhost.lt/?sitemap-product.xml" "Mozilla/5.0 AppleWebKit/537.36 (KHTML, like Gecko; compatible; GPTBot/1.4; +https://openai.com/gptbot)"
74.7.227.137 - - [15/Sep/2026:17:28:53 +0300] "GET /?sale/search/detail/?ITMCODE=51987734539 HTTP/2.0" 200 31680 "https://keliauk-uk.lt.testams.vhost.lt/?sitemap-product.xml" "Mozilla/5.0 AppleWebKit/537.36 (KHTML, like Gecko; compatible; GPTBot/1.4; +https://openai.com/gptbot)"
74.7.227.137 - - [15/Sep/2026:17:28:54 +0300] "GET /?sale/search/detail/?ITMCODE=51981500974 HTTP/2.0" 200 31680 "https://keliauk-uk.lt.testams.vhost.lt/?sitemap-product.xml" "Mozilla/5.0 AppleWebKit/537.36 (KHTML, like Gecko; compatible; GPTBot/1.4; +https://openai.com/gptbot)"
74.7.227.137 - - [15/Sep/2026:17:28:54 +0300] "GET /?sale/search/detail/?ITMCODE=51981627709 HTTP/2.0" 200 31680 "https://keliauk-uk.lt.testams.vhost.lt/?sitemap-product.xml" "Mozilla/5.0 AppleWebKit/537.36 (KHTML, like Gecko; compatible; GPTBot/1.4; +https://openai.com/gptbot)"
74.7.227.137 - - [15/Sep/2026:17:28:55 +0300] "GET /?sale/search/detail/?ITMCODE=51953310028 HTTP/2.0" 200 31680 "https://keliauk-uk.lt.testams.vhost.lt/?sitemap-product.xml" "Mozilla/5.0 AppleWebKit/537.36 (KHTML, like Gecko; compatible; GPTBot/1.4; +https://openai.com/gptbot)"
66.249.79.2 - - [15/Sep/2026:17:28:54 +0300] "GET /index.php/zinynas-keliaujantiems?sale/search/detail/?ITMCODE=52002567306 HTTP/1.1" 200 212447 "-" "Mozilla/5.0 (Linux; Android 6.0.1; Nexus 5X Build/MMB29P) AppleWebKit/537.36 (KHTML, like Gecko) Chrome/152.0.7977.82 Mobile Safari/537.36 (compatible; Googlebot/2.1; +http://www.google.com/bot.html)"
74.7.227.137 - - [15/Sep/2026:17:28:55 +0300] "GET /?sale/search/detail/?ITMCODE=51998177384 HTTP/2.0" 200 31680 "https://keliauk-uk.lt.testams.vhost.lt/?sitemap-product.xml" "Mozilla/5.0 AppleWebKit/537.36 (KHTML, like Gecko; compatible; GPTBot/1.4; +https://openai.com/gptbot)"
74.7.227.137 - - [15/Sep/2026:17:28:56 +0300] "GET /?sale/search/detail/?ITMCODE=51971434683 HTTP/2.0" 200 31680 "https://keliauk-uk.lt.testams.vhost.lt/?sitemap-product.xml" "Mozilla/5.0 AppleWebKit/537.36 (KHTML, like Gecko; compatible; GPTBot/1.4; +https://openai.com/gptbot)"
74.7.227.137 - - [15/Sep/2026:17:28:56 +0300] "GET /?sale/search/detail/?ITMCODE=51966723428 HTTP/2.0" 200 31680 "https://keliauk-uk.lt.testams.vhost.lt/?sitemap-product.xml" "Mozilla/5.0 AppleWebKit/537.36 (KHTML, like Gecko; compatible; GPTBot/1.4; +https://openai.com/gptbot)"
66.249.79.3 - - [15/Sep/2026:17:28:56 +0300] "GET /?sale/search/detail/?ITMCODE=52002531941 HTTP/1.1" 200 197351 "-" "Mozilla/5.0 (Linux; Android 6.0.1; Nexus 5X Build/MMB29P) AppleWebKit/537.36 (KHTML, like Gecko) Chrome/152.0.7977.82 Mobile Safari/537.36 (compatible; Googlebot/2.1; +http://www.google.com/bot.html)"
74.7.227.137 - - [15/Sep/2026:17:28:57 +0300] "GET /?sale/search/detail/?ITMCODE=52002675849 HTTP/2.0" 200 31680 "https://keliauk-uk.lt.testams.vhost.lt/?sitemap-product.xml" "Mozilla/5.0 AppleWebKit/537.36 (KHTML, like Gecko; compatible; GPTBot/1.4; +https://openai.com/gptbot)"
74.7.227.137 - - [15/Sep/2026:17:28:57 +0300] "GET /?sale/search/detail/?ITMCODE=51995456123 HTTP/2.0" 200 31680 "https://keliauk-uk.lt.testams.vhost.lt/?sitemap-product.xml" "Mozilla/5.0 AppleWebKit/537.36 (KHTML, like Gecko; compatible; GPTBot/1.4; +https://openai.com/gptbot)"
74.7.227.137 - - [15/Sep/2026:17:28:58 +0300] "GET /?sale/search/detail/?ITMCODE=51974461833 HTTP/2.0" 200 31680 "https://keliauk-uk.lt.testams.vhost.lt/?sitemap-product.xml" "Mozilla/5.0 AppleWebKit/537.36 (KHTML, like Gecko; compatible; GPTBot/1.4; +https://openai.com/gptbot)"
74.7.227.137 - - [15/Sep/2026:17:28:58 +0300] "GET /?sale/search/detail/?ITMCODE=52008994413 HTTP/2.0" 200 31680 "https://keliauk-uk.lt.testams.vhost.lt/?sitemap-product.xml" "Mozilla/5.0 AppleWebKit/537.36 (KHTML, like Gecko; compatible; GPTBot/1.4; +https://openai.com/gptbot)"
74.7.227.137 - - [15/Sep/2026:17:28:59 +0300] "GET /?sale/search/detail/?ITMCODE=51974206329 HTTP/2.0" 200 31680 "https://keliauk-uk.lt.testams.vhost.lt/?sitemap-product.xml" "Mozilla/5.0 AppleWebKit/537.36 (KHTML, like Gecko; compatible; GPTBot/1.4; +https://openai.com/gptbot)"
74.7.227.137 - - [15/Sep/2026:17:28:59 +0300] "GET /?sale/search/detail/?ITMCODE=51998200463 HTTP/2.0" 200 31680 "https://keliauk-uk.lt.testams.vhost.lt/?sitemap-product.xml" "Mozilla/5.0 AppleWebKit/537.36 (KHTML, like Gecko; compatible; GPTBot/1.4; +https://openai.com/gptbot)"
66.249.79.1 - - [15/Sep/2026:17:28:59 +0300] "GET /?sale/search/detail/?ITMCODE=5196801782 HTTP/1.1" 200 206600 "-" "Mozilla/5.0 (Linux; Android 6.0.1; Nexus 5X Build/MMB29P) AppleWebKit/537.36 (KHTML, like Gecko) Chrome/152.0.7977.82 Mobile Safari/537.36 (compatible; Googlebot/2.1; +http://www.google.com/bot.html)"
74.7.227.137 - - [15/Sep/2026:17:29:00 +0300] "GET /?sale/search/detail/?ITMCODE=51992183084 HTTP/2.0" 200 31680 "https://keliauk-uk.lt.testams.vhost.lt/?sitemap-product.xml" "Mozilla/5.0 AppleWebKit/537.36 (KHTML, like Gecko; compatible; GPTBot/1.4; +https://openai.com/gptbot)"
74.7.227.137 - - [15/Sep/2026:17:29:00 +0300] "GET /?sale/search/detail/?ITMCODE=51981850378 HTTP/2.0" 200 31680 "https://keliauk-uk.lt.testams.vhost.lt/?sitemap-product.xml" "Mozilla/5.0 AppleWebKit/537.36 (KHTML, like Gecko; compatible; GPTBot/1.4; +https://openai.com/gptbot)"
74.7.227.137 - - [15/Sep/2026:17:29:01 +0300] "GET /?sale/search/detail/?ITMCODE=52002782148 HTTP/2.0" 200 31680 "https://keliauk-uk.lt.testams.vhost.lt/?sitemap-product.xml" "Mozilla/5.0 AppleWebKit/537.36 (KHTML, like Gecko; compatible; GPTBot/1.4; +https://openai.com/gptbot)"
74.7.227.137 - - [15/Sep/2026:17:29:01 +0300] "GET /?sale/search/detail/?ITMCODE=51966848078 HTTP/2.0" 200 31680 "https://keliauk-uk.lt.testams.vhost.lt/?sitemap-product.xml" "Mozilla/5.0 AppleWebKit/537.36 (KHTML, like Gecko; compatible; GPTBot/1.4; +https://openai.com/gptbot)"
74.7.227.137 - - [15/Sep/2026:17:29:02 +0300] "GET /?sale/search/detail/?ITMCODE=52005744516 HTTP/2.0" 200 31680 "https://keliauk-uk.lt.testams.vhost.lt/?sitemap-product.xml" "Mozilla/5.0 AppleWebKit/537.36 (KHTML, like Gecko; compatible; GPTBot/1.4; +https://openai.com/gptbot)"
74.7.227.137 - - [15/Sep/2026:17:29:02 +0300] "GET /?sale/search/detail/?ITMCODE=51956287408 HTTP/2.0" 200 31680 "https://keliauk-uk.lt.testams.vhost.lt/?sitemap-product.xml" "Mozilla/5.0 AppleWebKit/537.36 (KHTML, like Gecko; compatible; GPTBot/1.4; +https://openai.com/gptbot)"
74.7.227.137 - - [15/Sep/2026:17:29:03 +0300] "GET /?sale/search/detail/?ITMCODE=51981674923 HTTP/2.0" 200 31680 "https://keliauk-uk.lt.testams.vhost.lt/?sitemap-product.xml" "Mozilla/5.0 AppleWebKit/537.36 (KHTML, like Gecko; compatible; GPTBot/1.4; +https://openai.com/gptbot)"
74.7.227.137 - - [15/Sep/2026:17:29:03 +0300] "GET /?sale/search/detail/?ITMCODE=51963607889 HTTP/2.0" 200 31680 "https://keliauk-uk.lt.testams.vhost.lt/?sitemap-product.xml" "Mozilla/5.0 AppleWebKit/537.36 (KHTML, like Gecko; compatible; GPTBot/1.4; +https://openai.com/gptbot)"
66.249.79.2 - - [15/Sep/2026:17:29:03 +0300] "GET /?sale/search/detail/?ITMCODE=51981780382 HTTP/1.1" 200 192976 "-" "Mozilla/5.0 (Linux; Android 6.0.1; Nexus 5X Build/MMB29P) AppleWebKit/537.36 (KHTML, like Gecko) Chrome/152.0.7977.82 Mobile Safari/537.36 (compatible; Googlebot/2.1; +http://www.google.com/bot.html)"
74.7.227.137 - - [15/Sep/2026:17:29:04 +0300] "GET /?sale/search/detail/?ITMCODE=51998246729 HTTP/2.0" 200 31680 "https://keliauk-uk.lt.testams.vhost.lt/?sitemap-product.xml" "Mozilla/5.0 AppleWebKit/537.36 (KHTML, like Gecko; compatible; GPTBot/1.4; +https://openai.com/gptbot)"
74.7.227.137 - - [15/Sep/2026:17:29:04 +0300] "GET /?sale/search/detail/?ITMCODE=51984510766 HTTP/2.0" 200 31680 "https://keliauk-uk.lt.testams.vhost.lt/?sitemap-product.xml" "Mozilla/5.0 AppleWebKit/537.36 (KHTML, like Gecko; compatible; GPTBot/1.4; +https://openai.com/gptbot)"
74.7.227.137 - - [15/Sep/2026:17:29:05 +0300] "GET /?sale/search/detail/?ITMCODE=51974136129 HTTP/2.0" 200 31680 "https://keliauk-uk.lt.testams.vhost.lt/?sitemap-product.xml" "Mozilla/5.0 AppleWebKit/537.36 (KHTML, like Gecko; compatible; GPTBot/1.4; +https://openai.com/gptbot)"
74.7.227.137 - - [15/Sep/2026:17:29:05 +0300] "GET /?sale/search/detail/?ITMCODE=51971336628 HTTP/2.0" 200 31680 "https://keliauk-uk.lt.testams.vhost.lt/?sitemap-product.xml" "Mozilla/5.0 AppleWebKit/537.36 (KHTML, like Gecko; compatible; GPTBot/1.4; +https://openai.com/gptbot)"
66.249.79.1 - - [15/Sep/2026:17:29:05 +0300] "GET /index.php/zinynas-keliaujantiems?sale/search/detail/?ITMCODE=52002662154 HTTP/1.1" 200 203810 "-" "Mozilla/5.0 (Linux; Android 6.0.1; Nexus 5X Build/MMB29P) AppleWebKit/537.36 (KHTML, like Gecko) Chrome/152.0.7977.82 Mobile Safari/537.36 (compatible; Googlebot/2.1; +http://www.google.com/bot.html)"
74.7.227.137 - - [15/Sep/2026:17:29:06 +0300] "GET /?sale/search/detail/?ITMCODE=52002897516 HTTP/2.0" 200 31680 "https://keliauk-uk.lt.testams.vhost.lt/?sitemap-product.xml" "Mozilla/5.0 AppleWebKit/537.36 (KHTML, like Gecko; compatible; GPTBot/1.4; +https://openai.com/gptbot)"
66.249.79.1 - - [15/Sep/2026:17:29:06 +0300] "GET /index.php/zinynas-keliaujantiems?sale/search/detail/?ITMCODE=51971307789 HTTP/1.1" 200 202717 "-" "Mozilla/5.0 (Linux; Android 6.0.1; Nexus 5X Build/MMB29P) AppleWebKit/537.36 (KHTML, like Gecko) Chrome/152.0.7977.82 Mobile Safari/537.36 (compatible; Googlebot/2.1; +http://www.google.com/bot.html)"
74.7.227.137 - - [15/Sep/2026:17:29:06 +0300] "GET /?sale/search/detail/?ITMCODE=51956317288 HTTP/2.0" 200 31680 "https://keliauk-uk.lt.testams.vhost.lt/?sitemap-product.xml" "Mozilla/5.0 AppleWebKit/537.36 (KHTML, like Gecko; compatible; GPTBot/1.4; +https://openai.com/gptbot)"
74.7.227.137 - - [15/Sep/2026:17:29:07 +0300] "GET /?sale/search/detail/?ITMCODE=51974340918 HTTP/2.0" 200 31680 "https://keliauk-uk.lt.testams.vhost.lt/?sitemap-product.xml" "Mozilla/5.0 AppleWebKit/537.36 (KHTML, like Gecko; compatible; GPTBot/1.4; +https://openai.com/gptbot)"
74.7.227.137 - - [15/Sep/2026:17:29:07 +0300] "GET /?sale/search/detail/?ITMCODE=51984734974 HTTP/2.0" 200 31680 "https://keliauk-uk.lt.testams.vhost.lt/?sitemap-product.xml" "Mozilla/5.0 AppleWebKit/537.36 (KHTML, like Gecko; compatible; GPTBot/1.4; +https://openai.com/gptbot)"
74.7.227.137 - - [15/Sep/2026:17:29:08 +0300] "GET /?sale/search/detail/?ITMCODE=51953412043 HTTP/2.0" 200 31680 "https://keliauk-uk.lt.testams.vhost.lt/?sitemap-product.xml" "Mozilla/5.0 AppleWebKit/537.36 (KHTML, like Gecko; compatible; GPTBot/1.4; +https://openai.com/gptbot)"
74.7.227.137 - - [15/Sep/2026:17:29:08 +0300] "GET /?sale/search/detail/?ITMCODE=52002947064 HTTP/2.0" 200 31680 "https://keliauk-uk.lt.testams.vhost.lt/?sitemap-product.xml" "Mozilla/5.0 AppleWebKit/537.36 (KHTML, like Gecko; compatible; GPTBot/1.4; +https://openai.com/gptbot)"
74.7.227.137 - - [15/Sep/2026:17:29:09 +0300] "GET /?sale/search/detail/?ITMCODE=51984642838 HTTP/2.0" 200 31680 "https://keliauk-uk.lt.testams.vhost.lt/?sitemap-product.xml" "Mozilla/5.0 AppleWebKit/537.36 (KHTML, like Gecko; compatible; GPTBot/1.4; +https://openai.com/gptbot)"
74.7.227.137 - - [15/Sep/2026:17:29:09 +0300] "GET /?sale/search/detail/?ITMCODE=51974413224 HTTP/2.0" 200 31680 "https://keliauk-uk.lt.testams.vhost.lt/?sitemap-product.xml" "Mozilla/5.0 AppleWebKit/537.36 (KHTML, like Gecko; compatible; GPTBot/1.4; +https://openai.com/gptbot)"
57.141.20.16 - - [15/Sep/2026:17:29:09 +0300] "GET /index.php/component/search/?sale/search/detail/?ITMCODE=520098901666& HTTP/2.0" 200 19807 "-" "Mozilla/5.0 (Windows NT 10.0; Win64; x64) AppleWebKit/537.36 (KHTML, like Gecko) Chrome/145.0.0.0 Safari/537.36 (compatible; meta-externalagent/1.1 (+https://developers.facebook.com/docs/sharing/webmasters/crawler))"
74.7.227.137 - - [15/Sep/2026:17:29:10 +0300] "GET /?sale/search/detail/?ITMCODE=51963752099 HTTP/2.0" 200 31680 "https://keliauk-uk.lt.testams.vhost.lt/?sitemap-product.xml" "Mozilla/5.0 AppleWebKit/537.36 (KHTML, like Gecko; compatible; GPTBot/1.4; +https://openai.com/gptbot)"
74.7.227.137 - - [15/Sep/2026:17:29:10 +0300] "GET /?sale/search/detail/?ITMCODE=51995474468 HTTP/2.0" 200 31680 "https://keliauk-uk.lt.testams.vhost.lt/?sitemap-product.xml" "Mozilla/5.0 AppleWebKit/537.36 (KHTML, like Gecko; compatible; GPTBot/1.4; +https://openai.com/gptbot)"
66.249.79.1 - - [15/Sep/2026:17:29:10 +0300] "GET /index.php/zinynas-keliaujantiems?sale/search/detail/?ITMCODE=51992089637 HTTP/1.1" 200 209821 "-" "Mozilla/5.0 (Linux; Android 6.0.1; Nexus 5X Build/MMB29P) AppleWebKit/537.36 (KHTML, like Gecko) Chrome/152.0.7977.82 Mobile Safari/537.36 (compatible; Googlebot/2.1; +http://www.google.com/bot.html)"
74.7.227.137 - - [15/Sep/2026:17:29:11 +0300] "GET /?sale/search/detail/?ITMCODE=52002658416 HTTP/2.0" 200 31680 "https://keliauk-uk.lt.testams.vhost.lt/?sitemap-product.xml" "Mozilla/5.0 AppleWebKit/537.36 (KHTML, like Gecko; compatible; GPTBot/1.4; +https://openai.com/gptbot)"
74.7.227.137 - - [15/Sep/2026:17:29:11 +0300] "GET /?sale/search/detail/?ITMCODE=52008789138 HTTP/2.0" 200 31680 "https://keliauk-uk.lt.testams.vhost.lt/?sitemap-product.xml" "Mozilla/5.0 AppleWebKit/537.36 (KHTML, like Gecko; compatible; GPTBot/1.4; +https://openai.com/gptbot)"
74.7.227.137 - - [15/Sep/2026:17:29:12 +0300] "GET /?sale/search/detail/?ITMCODE=51971305743 HTTP/2.0" 200 31680 "https://keliauk-uk.lt.testams.vhost.lt/?sitemap-product.xml" "Mozilla/5.0 AppleWebKit/537.36 (KHTML, like Gecko; compatible; GPTBot/1.4; +https://openai.com/gptbot)"
74.7.227.137 - - [15/Sep/2026:17:29:12 +0300] "GET /?sale/search/detail/?ITMCODE=51963686759 HTTP/2.0" 200 31680 "https://keliauk-uk.lt.testams.vhost.lt/?sitemap-product.xml" "Mozilla/5.0 AppleWebKit/537.36 (KHTML, like Gecko; compatible; GPTBot/1.4; +https://openai.com/gptbot)"
74.7.227.137 - - [15/Sep/2026:17:29:13 +0300] "GET /index.php/component/search/?Itemid=437&format=opensearch&id=1&sale/search/detail/?ITMCODE=51971305743 HTTP/2.0" 200 584 "https://keliauk-uk.lt.testams.vhost.lt/?sale/search/detail/?ITMCODE=51971305743" "Mozilla/5.0 AppleWebKit/537.36 (KHTML, like Gecko; compatible; GPTBot/1.4; +https://openai.com/gptbot)"
74.7.227.137 - - [15/Sep/2026:17:29:13 +0300] "GET /?sale/search/detail/?ITMCODE=51992269478 HTTP/2.0" 200 31680 "https://keliauk-uk.lt.testams.vhost.lt/?sitemap-product.xml" "Mozilla/5.0 AppleWebKit/537.36 (KHTML, like Gecko; compatible; GPTBot/1.4; +https://openai.com/gptbot)"
74.7.227.137 - - [15/Sep/2026:17:29:14 +0300] "GET /?sale/search/detail/?ITMCODE=51966900398 HTTP/2.0" 200 31680 "https://keliauk-uk.lt.testams.vhost.lt/?sitemap-product.xml" "Mozilla/5.0 AppleWebKit/537.36 (KHTML, like Gecko; compatible; GPTBot/1.4; +https://openai.com/gptbot)"
74.7.227.137 - - [15/Sep/2026:17:29:14 +0300] "GET /?sale/search/detail/?ITMCODE=51998304764 HTTP/2.0" 200 31680 "https://keliauk-uk.lt.testams.vhost.lt/?sitemap-product.xml" "Mozilla/5.0 AppleWebKit/537.36 (KHTML, like Gecko; compatible; GPTBot/1.4; +https://openai.com/gptbot)"
74.7.227.137 - - [15/Sep/2026:17:29:15 +0300] "GET /?sale/search/detail/?ITMCODE=51987903244 HTTP/2.0" 200 31680 "https://keliauk-uk.lt.testams.vhost.lt/?sitemap-product.xml" "Mozilla/5.0 AppleWebKit/537.36 (KHTML, like Gecko; compatible; GPTBot/1.4; +https://openai.com/gptbot)"
74.7.227.137 - - [15/Sep/2026:17:29:15 +0300] "GET /?sale/search/detail/?ITMCODE=51981631594 HTTP/2.0" 200 31680 "https://keliauk-uk.lt.testams.vhost.lt/?sitemap-product.xml" "Mozilla/5.0 AppleWebKit/537.36 (KHTML, like Gecko; compatible; GPTBot/1.4; +https://openai.com/gptbot)"
66.249.79.1 - - [15/Sep/2026:17:29:15 +0300] "GET /?sale/search/detail/?ITMCODE=52002522807 HTTP/1.1" 200 203546 "-" "Mozilla/5.0 (Linux; Android 6.0.1; Nexus 5X Build/MMB29P) AppleWebKit/537.36 (KHTML, like Gecko) Chrome/152.0.7977.82 Mobile Safari/537.36 (compatible; Googlebot/2.1; +http://www.google.com/bot.html)"
74.7.227.137 - - [15/Sep/2026:17:29:16 +0300] "GET /?sale/search/detail/?ITMCODE=51977090613 HTTP/2.0" 200 31680 "https://keliauk-uk.lt.testams.vhost.lt/?sitemap-product.xml" "Mozilla/5.0 AppleWebKit/537.36 (KHTML, like Gecko; compatible; GPTBot/1.4; +https://openai.com/gptbot)"
57.141.20.52 - - [15/Sep/2026:17:29:16 +0300] "GET /index.php/component/search/?sale/search/detail/?ITMCODE=519776303370& HTTP/2.0" 200 19807 "-" "Mozilla/5.0 (Windows NT 10.0; Win64; x64) AppleWebKit/537.36 (KHTML, like Gecko) Chrome/145.0.0.0 Safari/537.36 (compatible; meta-externalagent/1.1 (+https://developers.facebook.com/docs/sharing/webmasters/crawler))"
74.7.227.137 - - [15/Sep/2026:17:29:16 +0300] "GET /?sale/search/detail/?ITMCODE=51987634288 HTTP/2.0" 200 31680 "https://keliauk-uk.lt.testams.vhost.lt/?sitemap-product.xml" "Mozilla/5.0 AppleWebKit/537.36 (KHTML, like Gecko; compatible; GPTBot/1.4; +https://openai.com/gptbot)"
74.7.227.137 - - [15/Sep/2026:17:29:17 +0300] "GET /?sale/search/detail/?ITMCODE=51956208124 HTTP/2.0" 200 31680 "https://keliauk-uk.lt.testams.vhost.lt/?sitemap-product.xml" "Mozilla/5.0 AppleWebKit/537.36 (KHTML, like Gecko; compatible; GPTBot/1.4; +https://openai.com/gptbot)"
74.7.227.137 - - [15/Sep/2026:17:29:17 +0300] "GET /?sale/search/detail/?ITMCODE=51956247694 HTTP/2.0" 200 31680 "https://keliauk-uk.lt.testams.vhost.lt/?sitemap-product.xml" "Mozilla/5.0 AppleWebKit/537.36 (KHTML, like Gecko; compatible; GPTBot/1.4; +https://openai.com/gptbot)"
66.249.79.1 - - [15/Sep/2026:17:29:17 +0300] "GET /?sale/search/detail/?ITMCODE=51981603247 HTTP/1.1" 200 200248 "-" "Mozilla/5.0 (Linux; Android 6.0.1; Nexus 5X Build/MMB29P) AppleWebKit/537.36 (KHTML, like Gecko) Chrome/152.0.7977.82 Mobile Safari/537.36 (compatible; Googlebot/2.1; +http://www.google.com/bot.html)"
74.7.227.137 - - [15/Sep/2026:17:29:18 +0300] "GET /?sale/search/detail/?ITMCODE=51984701344 HTTP/2.0" 200 31680 "https://keliauk-uk.lt.testams.vhost.lt/?sitemap-product.xml" "Mozilla/5.0 AppleWebKit/537.36 (KHTML, like Gecko; compatible; GPTBot/1.4; +https://openai.com/gptbot)"
74.7.227.137 - - [15/Sep/2026:17:29:18 +0300] "GET /?sale/search/detail/?ITMCODE=51956387323 HTTP/2.0" 200 31680 "https://keliauk-uk.lt.testams.vhost.lt/?sitemap-product.xml" "Mozilla/5.0 AppleWebKit/537.36 (KHTML, like Gecko; compatible; GPTBot/1.4; +https://openai.com/gptbot)"
74.7.227.137 - - [15/Sep/2026:17:29:19 +0300] "GET /?sale/search/detail/?ITMCODE=51971384643 HTTP/2.0" 200 31680 "https://keliauk-uk.lt.testams.vhost.lt/?sitemap-product.xml" "Mozilla/5.0 AppleWebKit/537.36 (KHTML, like Gecko; compatible; GPTBot/1.4; +https://openai.com/gptbot)"
74.7.227.137 - - [15/Sep/2026:17:29:19 +0300] "GET /?sale/search/detail/?ITMCODE=51974261433 HTTP/2.0" 200 31680 "https://keliauk-uk.lt.testams.vhost.lt/?sitemap-product.xml" "Mozilla/5.0 AppleWebKit/537.36 (KHTML, like Gecko; compatible; GPTBot/1.4; +https://openai.com/gptbot)"
74.7.227.137 - - [15/Sep/2026:17:29:20 +0300] "GET /?sale/search/detail/?ITMCODE=51974237763 HTTP/2.0" 200 31680 "https://keliauk-uk.lt.testams.vhost.lt/?sitemap-product.xml" "Mozilla/5.0 AppleWebKit/537.36 (KHTML, like Gecko; compatible; GPTBot/1.4; +https://openai.com/gptbot)"
74.7.227.137 - - [15/Sep/2026:17:29:20 +0300] "GET /?sale/search/detail/?ITMCODE=51956277466 HTTP/2.0" 200 31680 "https://keliauk-uk.lt.testams.vhost.lt/?sitemap-product.xml" "Mozilla/5.0 AppleWebKit/537.36 (KHTML, like Gecko; compatible; GPTBot/1.4; +https://openai.com/gptbot)"
74.7.227.137 - - [15/Sep/2026:17:29:21 +0300] "GET /?sale/search/detail/?ITMCODE=51971374878 HTTP/2.0" 200 31680 "https://keliauk-uk.lt.testams.vhost.lt/?sitemap-product.xml" "Mozilla/5.0 AppleWebKit/537.36 (KHTML, like Gecko; compatible; GPTBot/1.4; +https://openai.com/gptbot)"
74.7.227.137 - - [15/Sep/2026:17:29:21 +0300] "GET /?sale/search/detail/?ITMCODE=51956347249 HTTP/2.0" 200 31680 "https://keliauk-uk.lt.testams.vhost.lt/?sitemap-product.xml" "Mozilla/5.0 AppleWebKit/537.36 (KHTML, like Gecko; compatible; GPTBot/1.4; +https://openai.com/gptbot)"
74.7.227.137 - - [15/Sep/2026:17:29:22 +0300] "GET /?sale/search/detail/?ITMCODE=51987824263 HTTP/2.0" 200 31680 "https://keliauk-uk.lt.testams.vhost.lt/?sitemap-product.xml" "Mozilla/5.0 AppleWebKit/537.36 (KHTML, like Gecko; compatible; GPTBot/1.4; +https://openai.com/gptbot)"
74.7.227.137 - - [15/Sep/2026:17:29:22 +0300] "GET /?sale/search/detail/?ITMCODE=51984957079 HTTP/2.0" 200 31680 "https://keliauk-uk.lt.testams.vhost.lt/?sitemap-product.xml" "Mozilla/5.0 AppleWebKit/537.36 (KHTML, like Gecko; compatible; GPTBot/1.4; +https://openai.com/gptbot)"
74.7.227.137 - - [15/Sep/2026:17:29:23 +0300] "GET /?sale/search/detail/?ITMCODE=51992041709 HTTP/2.0" 200 31680 "https://keliauk-uk.lt.testams.vhost.lt/?sitemap-product.xml" "Mozilla/5.0 AppleWebKit/537.36 (KHTML, like Gecko; compatible; GPTBot/1.4; +https://openai.com/gptbot)"
74.7.227.137 - - [15/Sep/2026:17:29:23 +0300] "GET /?sale/search/detail/?ITMCODE=51984939778 HTTP/2.0" 200 31680 "https://keliauk-uk.lt.testams.vhost.lt/?sitemap-product.xml" "Mozilla/5.0 AppleWebKit/537.36 (KHTML, like Gecko; compatible; GPTBot/1.4; +https://openai.com/gptbot)"
74.7.227.137 - - [15/Sep/2026:17:29:24 +0300] "GET /?sale/search/detail/?ITMCODE=51992238689 HTTP/2.0" 200 31680 "https://keliauk-uk.lt.testams.vhost.lt/?sitemap-product.xml" "Mozilla/5.0 AppleWebKit/537.36 (KHTML, like Gecko; compatible; GPTBot/1.4; +https://openai.com/gptbot)"
74.7.227.137 - - [15/Sep/2026:17:29:24 +0300] "GET /?sale/search/detail/?ITMCODE=51984676216 HTTP/2.0" 200 31680 "https://keliauk-uk.lt.testams.vhost.lt/?sitemap-product.xml" "Mozilla/5.0 AppleWebKit/537.36 (KHTML, like Gecko; compatible; GPTBot/1.4; +https://openai.com/gptbot)"
74.7.227.137 - - [15/Sep/2026:17:29:25 +0300] "GET /?sale/search/detail/?ITMCODE=52002618054 HTTP/2.0" 200 31680 "https://keliauk-uk.lt.testams.vhost.lt/?sitemap-product.xml" "Mozilla/5.0 AppleWebKit/537.36 (KHTML, like Gecko; compatible; GPTBot/1.4; +https://openai.com/gptbot)"
74.7.227.137 - - [15/Sep/2026:17:29:25 +0300] "GET /index.php/component/search/?Itemid=437&format=opensearch&id=1&sale/search/detail/?ITMCODE=51984676216 HTTP/2.0" 200 584 "https://keliauk-uk.lt.testams.vhost.lt/?sale/search/detail/?ITMCODE=51984676216" "Mozilla/5.0 AppleWebKit/537.36 (KHTML, like Gecko; compatible; GPTBot/1.4; +https://openai.com/gptbot)"
74.7.227.137 - - [15/Sep/2026:17:29:26 +0300] "GET /?sale/search/detail/?ITMCODE=51971361984 HTTP/2.0" 200 31680 "https://keliauk-uk.lt.testams.vhost.lt/?sitemap-product.xml" "Mozilla/5.0 AppleWebKit/537.36 (KHTML, like Gecko; compatible; GPTBot/1.4; +https://openai.com/gptbot)"
74.7.227.137 - - [15/Sep/2026:17:29:26 +0300] "GET /?sale/search/detail/?ITMCODE=51966508409 HTTP/2.0" 200 31680 "https://keliauk-uk.lt.testams.vhost.lt/?sitemap-product.xml" "Mozilla/5.0 AppleWebKit/537.36 (KHTML, like Gecko; compatible; GPTBot/1.4; +https://openai.com/gptbot)"
74.7.227.137 - - [15/Sep/2026:17:29:27 +0300] "GET /?sale/search/detail/?ITMCODE=52002710958 HTTP/2.0" 200 31680 "https://keliauk-uk.lt.testams.vhost.lt/?sitemap-product.xml" "Mozilla/5.0 AppleWebKit/537.36 (KHTML, like Gecko; compatible; GPTBot/1.4; +https://openai.com/gptbot)"
74.7.227.137 - - [15/Sep/2026:17:29:27 +0300] "GET /?sale/search/detail/?ITMCODE=51971394489 HTTP/2.0" 200 31680 "https://keliauk-uk.lt.testams.vhost.lt/?sitemap-product.xml" "Mozilla/5.0 AppleWebKit/537.36 (KHTML, like Gecko; compatible; GPTBot/1.4; +https://openai.com/gptbot)"
74.7.227.137 - - [15/Sep/2026:17:29:28 +0300] "GET /?sale/search/detail/?ITMCODE=51977468823 HTTP/2.0" 200 31680 "https://keliauk-uk.lt.testams.vhost.lt/?sitemap-product.xml" "Mozilla/5.0 AppleWebKit/537.36 (KHTML, like Gecko; compatible; GPTBot/1.4; +https://openai.com/gptbot)"
74.7.227.137 - - [15/Sep/2026:17:29:28 +0300] "GET /?sale/search/detail/?ITMCODE=51966713099 HTTP/2.0" 200 31680 "https://keliauk-uk.lt.testams.vhost.lt/?sitemap-product.xml" "Mozilla/5.0 AppleWebKit/537.36 (KHTML, like Gecko; compatible; GPTBot/1.4; +https://openai.com/gptbot)"
74.7.227.137 - - [15/Sep/2026:17:29:29 +0300] "GET /?sale/search/detail/?ITMCODE=51963516083 HTTP/2.0" 200 31680 "https://keliauk-uk.lt.testams.vhost.lt/?sitemap-product.xml" "Mozilla/5.0 AppleWebKit/537.36 (KHTML, like Gecko; compatible; GPTBot/1.4; +https://openai.com/gptbot)"
74.7.227.137 - - [15/Sep/2026:17:29:29 +0300] "GET /?sale/search/detail/?ITMCODE=51974285184 HTTP/2.0" 200 31680 "https://keliauk-uk.lt.testams.vhost.lt/?sitemap-product.xml" "Mozilla/5.0 AppleWebKit/537.36 (KHTML, like Gecko; compatible; GPTBot/1.4; +https://openai.com/gptbot)"
74.7.227.137 - - [15/Sep/2026:17:29:30 +0300] "GET /?sale/search/detail/?ITMCODE=51981643303 HTTP/2.0" 200 31680 "https://keliauk-uk.lt.testams.vhost.lt/?sitemap-product.xml" "Mozilla/5.0 AppleWebKit/537.36 (KHTML, like Gecko; compatible; GPTBot/1.4; +https://openai.com/gptbot)"
74.7.227.137 - - [15/Sep/2026:17:29:30 +0300] "GET /?sale/search/detail/?ITMCODE=51984819679 HTTP/2.0" 200 31680 "https://keliauk-uk.lt.testams.vhost.lt/?sitemap-product.xml" "Mozilla/5.0 AppleWebKit/537.36 (KHTML, like Gecko; compatible; GPTBot/1.4; +https://openai.com/gptbot)"
74.7.227.137 - - [15/Sep/2026:17:29:31 +0300] "GET /?sale/search/detail/?ITMCODE=51956257609 HTTP/2.0" 200 31680 "https://keliauk-uk.lt.testams.vhost.lt/?sitemap-product.xml" "Mozilla/5.0 AppleWebKit/537.36 (KHTML, like Gecko; compatible; GPTBot/1.4; +https://openai.com/gptbot)"
74.7.227.137 - - [15/Sep/2026:17:29:31 +0300] "GET /?sale/search/detail/?ITMCODE=51992027516 HTTP/2.0" 200 31680 "https://keliauk-uk.lt.testams.vhost.lt/?sitemap-product.xml" "Mozilla/5.0 AppleWebKit/537.36 (KHTML, like Gecko; compatible; GPTBot/1.4; +https://openai.com/gptbot)"
74.7.227.137 - - [15/Sep/2026:17:29:32 +0300] "GET /?sale/search/detail/?ITMCODE=51966974024 HTTP/2.0" 200 31680 "https://keliauk-uk.lt.testams.vhost.lt/?sitemap-product.xml" "Mozilla/5.0 AppleWebKit/537.36 (KHTML, like Gecko; compatible; GPTBot/1.4; +https://openai.com/gptbot)"
74.7.227.137 - - [15/Sep/2026:17:29:32 +0300] "GET /?sale/search/detail/?ITMCODE=52005944793 HTTP/2.0" 200 31680 "https://keliauk-uk.lt.testams.vhost.lt/?sitemap-product.xml" "Mozilla/5.0 AppleWebKit/537.36 (KHTML, like Gecko; compatible; GPTBot/1.4; +https://openai.com/gptbot)"
74.7.227.137 - - [15/Sep/2026:17:29:33 +0300] "GET /?sale/search/detail/?ITMCODE=51971349234 HTTP/2.0" 200 31680 "https://keliauk-uk.lt.testams.vhost.lt/?sitemap-product.xml" "Mozilla/5.0 AppleWebKit/537.36 (KHTML, like Gecko; compatible; GPTBot/1.4; +https://openai.com/gptbot)"
66.249.79.1 - - [15/Sep/2026:17:29:33 +0300] "GET /index.php/paslaugos?sale/search/detail/?ITMCODE=51971384103 HTTP/1.1" 200 198387 "-" "Mozilla/5.0 (Linux; Android 6.0.1; Nexus 5X Build/MMB29P) AppleWebKit/537.36 (KHTML, like Gecko) Chrome/152.0.7977.82 Mobile Safari/537.36 (compatible; Googlebot/2.1; +http://www.google.com/bot.html)"
74.7.227.137 - - [15/Sep/2026:17:29:34 +0300] "GET /?sale/search/detail/?ITMCODE=51953028808 HTTP/2.0" 200 31680 "https://keliauk-uk.lt.testams.vhost.lt/?sitemap-product.xml" "Mozilla/5.0 AppleWebKit/537.36 (KHTML, like Gecko; compatible; GPTBot/1.4; +https://openai.com/gptbot)"
66.249.79.1 - - [15/Sep/2026:17:29:33 +0300] "GET /?shop/c/c51991000962/ HTTP/1.1" 200 266959 "-" "Mozilla/5.0 (Linux; Android 6.0.1; Nexus 5X Build/MMB29P) AppleWebKit/537.36 (KHTML, like Gecko) Chrome/152.0.7977.82 Mobile Safari/537.36 (compatible; Googlebot/2.1; +http://www.google.com/bot.html)"
66.249.79.2 - - [15/Sep/2026:17:29:33 +0300] "GET /index.php/paslaugos?sale/search/detail/?ITMCODE=5195353859 HTTP/1.1" 200 199759 "-" "Mozilla/5.0 (Linux; Android 6.0.1; Nexus 5X Build/MMB29P) AppleWebKit/537.36 (KHTML, like Gecko) Chrome/152.0.7977.82 Mobile Safari/537.36 (compatible; Googlebot/2.1; +http://www.google.com/bot.html)"
66.249.79.2 - - [15/Sep/2026:17:29:33 +0300] "GET /shop/customer/bookmark.php?sale/search/detail/?ITMCODE=52002533349 HTTP/1.1" 200 214433 "-" "Mozilla/5.0 (Linux; Android 6.0.1; Nexus 5X Build/MMB29P) AppleWebKit/537.36 (KHTML, like Gecko) Chrome/152.0.7977.82 Mobile Safari/537.36 (compatible; Googlebot/2.1; +http://www.google.com/bot.html)"
66.249.79.2 - - [15/Sep/2026:17:29:33 +0300] "GET /sale/search/detail/?ITMCODE=5196956291 HTTP/1.1" 200 211885 "-" "Mozilla/5.0 (Linux; Android 6.0.1; Nexus 5X Build/MMB29P) AppleWebKit/537.36 (KHTML, like Gecko) Chrome/152.0.7977.82 Mobile Safari/537.36 (compatible; Googlebot/2.1; +http://www.google.com/bot.html)"
74.7.227.137 - - [15/Sep/2026:17:29:34 +0300] "GET /?sale/search/detail/?ITMCODE=52002664218 HTTP/2.0" 200 31680 "https://keliauk-uk.lt.testams.vhost.lt/?sitemap-product.xml" "Mozilla/5.0 AppleWebKit/537.36 (KHTML, like Gecko; compatible; GPTBot/1.4; +https://openai.com/gptbot)"
66.249.79.2 - - [15/Sep/2026:17:29:33 +0300] "GET /sale/search/detail/?ITMCODE=51992001873 HTTP/1.1" 200 207953 "-" "Mozilla/5.0 (Linux; Android 6.0.1; Nexus 5X Build/MMB29P) AppleWebKit/537.36 (KHTML, like Gecko) Chrome/152.0.7977.82 Mobile Safari/537.36 (compatible; Googlebot/2.1; +http://www.google.com/bot.html)"
66.249.79.1 - - [15/Sep/2026:17:29:34 +0300] "GET /index.php/paslaugos?sale/search/detail/?ITMCODE=51992038032 HTTP/1.1" 200 201954 "-" "Mozilla/5.0 (Linux; Android 6.0.1; Nexus 5X Build/MMB29P) AppleWebKit/537.36 (KHTML, like Gecko) Chrome/152.0.7977.82 Mobile Safari/537.36 (compatible; Googlebot/2.1; +http://www.google.com/bot.html)"
66.249.79.1 - - [15/Sep/2026:17:29:34 +0300] "GET /shop/pg/51981728409 HTTP/1.1" 200 211177 "-" "Mozilla/5.0 (Linux; Android 6.0.1; Nexus 5X Build/MMB29P) AppleWebKit/537.36 (KHTML, like Gecko) Chrome/152.0.7977.82 Mobile Safari/537.36 (compatible; Googlebot/2.1; +http://www.google.com/bot.html)"
74.7.227.137 - - [15/Sep/2026:17:29:35 +0300] "GET /?sale/search/detail/?ITMCODE=51971284659 HTTP/2.0" 200 31680 "https://keliauk-uk.lt.testams.vhost.lt/?sitemap-product.xml" "Mozilla/5.0 AppleWebKit/537.36 (KHTML, like Gecko; compatible; GPTBot/1.4; +https://openai.com/gptbot)"
74.7.227.137 - - [15/Sep/2026:17:29:35 +0300] "GET /?sale/search/detail/?ITMCODE=51992305808 HTTP/2.0" 200 31680 "https://keliauk-uk.lt.testams.vhost.lt/?sitemap-product.xml" "Mozilla/5.0 AppleWebKit/537.36 (KHTML, like Gecko; compatible; GPTBot/1.4; +https://openai.com/gptbot)"
66.249.79.2 - - [15/Sep/2026:17:29:35 +0300] "GET /sale/search/detail/?ITMCODE=5196881692 HTTP/1.1" 200 195723 "-" "Mozilla/5.0 (Linux; Android 6.0.1; Nexus 5X Build/MMB29P) AppleWebKit/537.36 (KHTML, like Gecko) Chrome/152.0.7977.82 Mobile Safari/537.36 (compatible; Googlebot/2.1; +http://www.google.com/bot.html)"
74.7.227.137 - - [15/Sep/2026:17:29:36 +0300] "GET /?sale/search/detail/?ITMCODE=51984751843 HTTP/2.0" 200 31680 "https://keliauk-uk.lt.testams.vhost.lt/?sitemap-product.xml" "Mozilla/5.0 AppleWebKit/537.36 (KHTML, like Gecko; compatible; GPTBot/1.4; +https://openai.com/gptbot)"
74.7.227.137 - - [15/Sep/2026:17:29:36 +0300] "GET /?sale/search/detail/?ITMCODE=51966816794 HTTP/2.0" 200 31680 "https://keliauk-uk.lt.testams.vhost.lt/?sitemap-product.xml" "Mozilla/5.0 AppleWebKit/537.36 (KHTML, like Gecko; compatible; GPTBot/1.4; +https://openai.com/gptbot)"
74.7.227.137 - - [15/Sep/2026:17:29:37 +0300] "GET /?sale/search/detail/?ITMCODE=51992188094 HTTP/2.0" 200 31680 "https://keliauk-uk.lt.testams.vhost.lt/?sitemap-product.xml" "Mozilla/5.0 AppleWebKit/537.36 (KHTML, like Gecko; compatible; GPTBot/1.4; +https://openai.com/gptbot)"
74.7.227.137 - - [15/Sep/2026:17:29:37 +0300] "GET /?sale/search/detail/?ITMCODE=52002854634 HTTP/2.0" 200 31680 "https://keliauk-uk.lt.testams.vhost.lt/?sitemap-product.xml" "Mozilla/5.0 AppleWebKit/537.36 (KHTML, like Gecko; compatible; GPTBot/1.4; +https://openai.com/gptbot)"
66.249.79.3 - - [15/Sep/2026:17:29:37 +0300] "GET /?sale/search/detail/?ITMCODE=51971357955 HTTP/1.1" 200 201881 "-" "Mozilla/5.0 (Linux; Android 6.0.1; Nexus 5X Build/MMB29P) AppleWebKit/537.36 (KHTML, like Gecko) Chrome/152.0.7977.82 Mobile Safari/537.36 (compatible; Googlebot/2.1; +http://www.google.com/bot.html)"
74.7.227.137 - - [15/Sep/2026:17:29:38 +0300] "GET /?sale/search/detail/?ITMCODE=51953343808 HTTP/2.0" 200 31680 "https://keliauk-uk.lt.testams.vhost.lt/?sitemap-product.xml" "Mozilla/5.0 AppleWebKit/537.36 (KHTML, like Gecko; compatible; GPTBot/1.4; +https://openai.com/gptbot)"
74.7.227.137 - - [15/Sep/2026:17:29:38 +0300] "GET /?sale/search/detail/?ITMCODE=51992385143 HTTP/2.0" 200 31680 "https://keliauk-uk.lt.testams.vhost.lt/?sitemap-product.xml" "Mozilla/5.0 AppleWebKit/537.36 (KHTML, like Gecko; compatible; GPTBot/1.4; +https://openai.com/gptbot)"
66.249.79.3 - - [15/Sep/2026:17:29:38 +0300] "GET /shop/pg/1750670 HTTP/1.1" 200 209634 "-" "Mozilla/5.0 (Linux; Android 6.0.1; Nexus 5X Build/MMB29P) AppleWebKit/537.36 (KHTML, like Gecko) Chrome/152.0.7977.82 Mobile Safari/537.36 (compatible; Googlebot/2.1; +http://www.google.com/bot.html)"
74.7.227.137 - - [15/Sep/2026:17:29:39 +0300] "GET /?sale/search/detail/?ITMCODE=51966795983 HTTP/2.0" 200 31680 "https://keliauk-uk.lt.testams.vhost.lt/?sitemap-product.xml" "Mozilla/5.0 AppleWebKit/537.36 (KHTML, like Gecko; compatible; GPTBot/1.4; +https://openai.com/gptbot)"
74.7.227.137 - - [15/Sep/2026:17:29:39 +0300] "GET /?sale/search/detail/?ITMCODE=52008849243 HTTP/2.0" 200 31680 "https://keliauk-uk.lt.testams.vhost.lt/?sitemap-product.xml" "Mozilla/5.0 AppleWebKit/537.36 (KHTML, like Gecko; compatible; GPTBot/1.4; +https://openai.com/gptbot)"
74.7.227.137 - - [15/Sep/2026:17:29:40 +0300] "GET /?sale/search/detail/?ITMCODE=51974486259 HTTP/2.0" 200 31680 "https://keliauk-uk.lt.testams.vhost.lt/?sitemap-product.xml" "Mozilla/5.0 AppleWebKit/537.36 (KHTML, like Gecko; compatible; GPTBot/1.4; +https://openai.com/gptbot)"
66.249.79.2 - - [15/Sep/2026:17:29:39 +0300] "GET /index.php/paslaugos?sale/search/detail/?ITMCODE=5195400961 HTTP/1.1" 200 205691 "-" "Mozilla/5.0 (Linux; Android 6.0.1; Nexus 5X Build/MMB29P) AppleWebKit/537.36 (KHTML, like Gecko) Chrome/152.0.7977.82 Mobile Safari/537.36 (compatible; Googlebot/2.1; +http://www.google.com/bot.html)"
74.7.227.137 - - [15/Sep/2026:17:29:40 +0300] "GET /?sale/search/detail/?ITMCODE=51995256704 HTTP/2.0" 200 31680 "https://keliauk-uk.lt.testams.vhost.lt/?sitemap-product.xml" "Mozilla/5.0 AppleWebKit/537.36 (KHTML, like Gecko; compatible; GPTBot/1.4; +https://openai.com/gptbot)"
74.7.227.137 - - [15/Sep/2026:17:29:41 +0300] "GET /?sale/search/detail/?ITMCODE=51974089734 HTTP/2.0" 200 31680 "https://keliauk-uk.lt.testams.vhost.lt/?sitemap-product.xml" "Mozilla/5.0 AppleWebKit/537.36 (KHTML, like Gecko; compatible; GPTBot/1.4; +https://openai.com/gptbot)"
66.249.79.1 - - [15/Sep/2026:17:29:40 +0300] "GET /?sale/search/detail/?ITMCODE=5195149355 HTTP/1.1" 200 200412 "-" "Mozilla/5.0 (Linux; Android 6.0.1; Nexus 5X Build/MMB29P) AppleWebKit/537.36 (KHTML, like Gecko) Chrome/152.0.7977.82 Mobile Safari/537.36 (compatible; Googlebot/2.1; +http://www.google.com/bot.html)"
74.7.227.137 - - [15/Sep/2026:17:29:41 +0300] "GET /?sale/search/detail/?ITMCODE=51977069334 HTTP/2.0" 200 31680 "https://keliauk-uk.lt.testams.vhost.lt/?sitemap-product.xml" "Mozilla/5.0 AppleWebKit/537.36 (KHTML, like Gecko; compatible; GPTBot/1.4; +https://openai.com/gptbot)"
66.249.79.1 - - [15/Sep/2026:17:29:41 +0300] "GET /?shop/c/c51971000403/ HTTP/1.1" 200 267581 "-" "Mozilla/5.0 (Linux; Android 6.0.1; Nexus 5X Build/MMB29P) AppleWebKit/537.36 (KHTML, like Gecko) Chrome/152.0.7977.82 Mobile Safari/537.36 (compatible; Googlebot/2.1; +http://www.google.com/bot.html)"
66.249.79.2 - - [15/Sep/2026:17:29:41 +0300] "GET /index.php/paslaugos?sale/search/detail/?ITMCODE=5195354669 HTTP/1.1" 200 206954 "-" "Mozilla/5.0 (Linux; Android 6.0.1; Nexus 5X Build/MMB29P) AppleWebKit/537.36 (KHTML, like Gecko) Chrome/152.0.7977.82 Mobile Safari/537.36 (compatible; Googlebot/2.1; +http://www.google.com/bot.html)"
74.7.227.137 - - [15/Sep/2026:17:29:42 +0300] "GET /?sale/search/detail/?ITMCODE=51971352408 HTTP/2.0" 200 31680 "https://keliauk-uk.lt.testams.vhost.lt/?sitemap-product.xml" "Mozilla/5.0 AppleWebKit/537.36 (KHTML, like Gecko; compatible; GPTBot/1.4; +https://openai.com/gptbot)"
66.249.79.1 - - [15/Sep/2026:17:29:42 +0300] "GET /index.php/zinynas-keliaujantiems?sale/search/detail/?ITMCODE=51971270464 HTTP/1.1" 200 224380 "-" "Mozilla/5.0 (Linux; Android 6.0.1; Nexus 5X Build/MMB29P) AppleWebKit/537.36 (KHTML, like Gecko) Chrome/152.0.7977.82 Mobile Safari/537.36 (compatible; Googlebot/2.1; +http://www.google.com/bot.html)"
66.249.79.2 - - [15/Sep/2026:17:29:42 +0300] "GET /index.php/paslaugos?sale/search/detail/?ITMCODE=51981837234 HTTP/1.1" 200 209839 "-" "Mozilla/5.0 (Linux; Android 6.0.1; Nexus 5X Build/MMB29P) AppleWebKit/537.36 (KHTML, like Gecko) Chrome/152.0.7977.82 Mobile Safari/537.36 (compatible; Googlebot/2.1; +http://www.google.com/bot.html)"
74.7.227.137 - - [15/Sep/2026:17:29:42 +0300] "GET /?sale/search/detail/?ITMCODE=51984965743 HTTP/2.0" 200 31680 "https://keliauk-uk.lt.testams.vhost.lt/?sitemap-product.xml" "Mozilla/5.0 AppleWebKit/537.36 (KHTML, like Gecko; compatible; GPTBot/1.4; +https://openai.com/gptbot)"
66.249.79.3 - - [15/Sep/2026:17:29:42 +0300] "GET /index.php/paslaugos?sale/search/detail/?ITMCODE=51992145642 HTTP/1.1" 200 205487 "-" "Mozilla/5.0 (Linux; Android 6.0.1; Nexus 5X Build/MMB29P) AppleWebKit/537.36 (KHTML, like Gecko) Chrome/152.0.7977.82 Mobile Safari/537.36 (compatible; Googlebot/2.1; +http://www.google.com/bot.html)"
66.249.79.2 - - [15/Sep/2026:17:29:42 +0300] "GET /index.php/paslaugos?sale/search/detail/?ITMCODE=5195391189 HTTP/1.1" 200 200266 "-" "Mozilla/5.0 (Linux; Android 6.0.1; Nexus 5X Build/MMB29P) AppleWebKit/537.36 (KHTML, like Gecko) Chrome/152.0.7977.82 Mobile Safari/537.36 (compatible; Googlebot/2.1; +http://www.google.com/bot.html)"
66.249.79.3 - - [15/Sep/2026:17:29:42 +0300] "GET /shop/pg/2266251 HTTP/1.1" 200 195218 "-" "Mozilla/5.0 (Linux; Android 6.0.1; Nexus 5X Build/MMB29P) AppleWebKit/537.36 (KHTML, like Gecko) Chrome/152.0.7977.82 Mobile Safari/537.36 (compatible; Googlebot/2.1; +http://www.google.com/bot.html)"
74.7.227.137 - - [15/Sep/2026:17:29:43 +0300] "GET /?sale/search/detail/?ITMCODE=51995087984 HTTP/2.0" 200 31680 "https://keliauk-uk.lt.testams.vhost.lt/?sitemap-product.xml" "Mozilla/5.0 AppleWebKit/537.36 (KHTML, like Gecko; compatible; GPTBot/1.4; +https://openai.com/gptbot)"
66.249.79.2 - - [15/Sep/2026:17:29:43 +0300] "GET /shop/pg/1772695 HTTP/1.1" 200 198279 "-" "Mozilla/5.0 (Linux; Android 6.0.1; Nexus 5X Build/MMB29P) AppleWebKit/537.36 (KHTML, like Gecko) Chrome/152.0.7977.82 Mobile Safari/537.36 (compatible; Googlebot/2.1; +http://www.google.com/bot.html)"
66.249.79.3 - - [15/Sep/2026:17:29:43 +0300] "GET /shop/pg/5195242276 HTTP/1.1" 200 192674 "-" "Mozilla/5.0 (Linux; Android 6.0.1; Nexus 5X Build/MMB29P) AppleWebKit/537.36 (KHTML, like Gecko) Chrome/152.0.7977.82 Mobile Safari/537.36 (compatible; Googlebot/2.1; +http://www.google.com/bot.html)"
74.7.227.137 - - [15/Sep/2026:17:29:43 +0300] "GET /?sale/search/detail/?ITMCODE=51974182848 HTTP/2.0" 200 31680 "https://keliauk-uk.lt.testams.vhost.lt/?sitemap-product.xml" "Mozilla/5.0 AppleWebKit/537.36 (KHTML, like Gecko; compatible; GPTBot/1.4; +https://openai.com/gptbot)"
66.249.79.2 - - [15/Sep/2026:17:29:43 +0300] "GET /shop/pg/597375 HTTP/1.1" 200 201030 "-" "Mozilla/5.0 (Linux; Android 6.0.1; Nexus 5X Build/MMB29P) AppleWebKit/537.36 (KHTML, like Gecko) Chrome/152.0.7977.82 Mobile Safari/537.36 (compatible; Googlebot/2.1; +http://www.google.com/bot.html)"
74.7.227.137 - - [15/Sep/2026:17:29:44 +0300] "GET /?sale/search/detail/?ITMCODE=51992483018 HTTP/2.0" 200 31680 "https://keliauk-uk.lt.testams.vhost.lt/?sitemap-product.xml" "Mozilla/5.0 AppleWebKit/537.36 (KHTML, like Gecko; compatible; GPTBot/1.4; +https://openai.com/gptbot)"
74.7.227.137 - - [15/Sep/2026:17:29:44 +0300] "GET /?sale/search/detail/?ITMCODE=51987501754 HTTP/2.0" 200 31680 "https://keliauk-uk.lt.testams.vhost.lt/?sitemap-product.xml" "Mozilla/5.0 AppleWebKit/537.36 (KHTML, like Gecko; compatible; GPTBot/1.4; +https://openai.com/gptbot)"
74.7.227.137 - - [15/Sep/2026:17:29:45 +0300] "GET /?sale/search/detail/?ITMCODE=51995483654 HTTP/2.0" 200 31680 "https://keliauk-uk.lt.testams.vhost.lt/?sitemap-product.xml" "Mozilla/5.0 AppleWebKit/537.36 (KHTML, like Gecko; compatible; GPTBot/1.4; +https://openai.com/gptbot)"
74.7.227.137 - - [15/Sep/2026:17:29:45 +0300] "GET /?sale/search/detail/?ITMCODE=51998142833 HTTP/2.0" 200 31680 "https://keliauk-uk.lt.testams.vhost.lt/?sitemap-product.xml" "Mozilla/5.0 AppleWebKit/537.36 (KHTML, like Gecko; compatible; GPTBot/1.4; +https://openai.com/gptbot)"
74.7.227.137 - - [15/Sep/2026:17:29:46 +0300] "GET /?sale/search/detail/?ITMCODE=51981604588 HTTP/2.0" 200 31680 "https://keliauk-uk.lt.testams.vhost.lt/?sitemap-product.xml" "Mozilla/5.0 AppleWebKit/537.36 (KHTML, like Gecko; compatible; GPTBot/1.4; +https://openai.com/gptbot)"
74.7.227.137 - - [15/Sep/2026:17:29:46 +0300] "GET /?sale/search/detail/?ITMCODE=51987994048 HTTP/2.0" 200 31680 "https://keliauk-uk.lt.testams.vhost.lt/?sitemap-product.xml" "Mozilla/5.0 AppleWebKit/537.36 (KHTML, like Gecko; compatible; GPTBot/1.4; +https://openai.com/gptbot)"
66.249.79.4 - - [15/Sep/2026:17:29:46 +0300] "GET /?sale/search/detail/?ITMCODE=51971089120 HTTP/1.1" 200 204706 "-" "Mozilla/5.0 (Linux; Android 6.0.1; Nexus 5X Build/MMB29P) AppleWebKit/537.36 (KHTML, like Gecko) Chrome/152.0.7977.82 Mobile Safari/537.36 (compatible; Googlebot/2.1; +http://www.google.com/bot.html)"
74.7.227.137 - - [15/Sep/2026:17:29:47 +0300] "GET /?sale/search/detail/?ITMCODE=51953398324 HTTP/2.0" 200 31680 "https://keliauk-uk.lt.testams.vhost.lt/?sitemap-product.xml" "Mozilla/5.0 AppleWebKit/537.36 (KHTML, like Gecko; compatible; GPTBot/1.4; +https://openai.com/gptbot)"
74.7.227.137 - - [15/Sep/2026:17:29:47 +0300] "GET /?sale/search/detail/?ITMCODE=51963701216 HTTP/2.0" 200 31680 "https://keliauk-uk.lt.testams.vhost.lt/?sitemap-product.xml" "Mozilla/5.0 AppleWebKit/537.36 (KHTML, like Gecko; compatible; GPTBot/1.4; +https://openai.com/gptbot)"
74.7.227.137 - - [15/Sep/2026:17:29:48 +0300] "GET /?sale/search/detail/?ITMCODE=51992070338 HTTP/2.0" 200 31680 "https://keliauk-uk.lt.testams.vhost.lt/?sitemap-product.xml" "Mozilla/5.0 AppleWebKit/537.36 (KHTML, like Gecko; compatible; GPTBot/1.4; +https://openai.com/gptbot)"
74.7.227.137 - - [15/Sep/2026:17:29:48 +0300] "GET /?sale/search/detail/?ITMCODE=51981540838 HTTP/2.0" 200 31680 "https://keliauk-uk.lt.testams.vhost.lt/?sitemap-product.xml" "Mozilla/5.0 AppleWebKit/537.36 (KHTML, like Gecko; compatible; GPTBot/1.4; +https://openai.com/gptbot)"
74.7.227.137 - - [15/Sep/2026:17:29:49 +0300] "GET /?sale/search/detail/?ITMCODE=52002860733 HTTP/2.0" 200 31680 "https://keliauk-uk.lt.testams.vhost.lt/?sitemap-product.xml" "Mozilla/5.0 AppleWebKit/537.36 (KHTML, like Gecko; compatible; GPTBot/1.4; +https://openai.com/gptbot)"
74.7.227.137 - - [15/Sep/2026:17:29:49 +0300] "GET /?sale/search/detail/?ITMCODE=51963877508 HTTP/2.0" 200 31680 "https://keliauk-uk.lt.testams.vhost.lt/?sitemap-product.xml" "Mozilla/5.0 AppleWebKit/537.36 (KHTML, like Gecko; compatible; GPTBot/1.4; +https://openai.com/gptbot)"
66.249.79.2 - - [15/Sep/2026:17:29:49 +0300] "GET /?sale/search/detail/?ITMCODE=5195416198 HTTP/1.1" 200 211604 "-" "Mozilla/5.0 (Linux; Android 6.0.1; Nexus 5X Build/MMB29P) AppleWebKit/537.36 (KHTML, like Gecko) Chrome/152.0.7977.82 Mobile Safari/537.36 (compatible; Googlebot/2.1; +http://www.google.com/bot.html)"
74.7.227.137 - - [15/Sep/2026:17:29:50 +0300] "GET /?sale/search/detail/?ITMCODE=51992168108 HTTP/2.0" 200 31680 "https://keliauk-uk.lt.testams.vhost.lt/?sitemap-product.xml" "Mozilla/5.0 AppleWebKit/537.36 (KHTML, like Gecko; compatible; GPTBot/1.4; +https://openai.com/gptbot)"
74.7.227.137 - - [15/Sep/2026:17:29:50 +0300] "GET /?sale/search/detail/?ITMCODE=51981798628 HTTP/2.0" 200 31680 "https://keliauk-uk.lt.testams.vhost.lt/?sitemap-product.xml" "Mozilla/5.0 AppleWebKit/537.36 (KHTML, like Gecko; compatible; GPTBot/1.4; +https://openai.com/gptbot)"
74.7.227.137 - - [15/Sep/2026:17:29:51 +0300] "GET /?sale/search/detail/?ITMCODE=51956267533 HTTP/2.0" 200 31680 "https://keliauk-uk.lt.testams.vhost.lt/?sitemap-product.xml" "Mozilla/5.0 AppleWebKit/537.36 (KHTML, like Gecko; compatible; GPTBot/1.4; +https://openai.com/gptbot)"
74.7.227.137 - - [15/Sep/2026:17:29:51 +0300] "GET /?sale/search/detail/?ITMCODE=51963788714 HTTP/2.0" 200 31680 "https://keliauk-uk.lt.testams.vhost.lt/?sitemap-product.xml" "Mozilla/5.0 AppleWebKit/537.36 (KHTML, like Gecko; compatible; GPTBot/1.4; +https://openai.com/gptbot)"
74.7.227.137 - - [15/Sep/2026:17:29:52 +0300] "GET /?sale/search/detail/?ITMCODE=52002866841 HTTP/2.0" 200 31680 "https://keliauk-uk.lt.testams.vhost.lt/?sitemap-product.xml" "Mozilla/5.0 AppleWebKit/537.36 (KHTML, like Gecko; compatible; GPTBot/1.4; +https://openai.com/gptbot)"
74.7.227.137 - - [15/Sep/2026:17:29:52 +0300] "GET /?sale/search/detail/?ITMCODE=51953256448 HTTP/2.0" 200 31680 "https://keliauk-uk.lt.testams.vhost.lt/?sitemap-product.xml" "Mozilla/5.0 AppleWebKit/537.36 (KHTML, like Gecko; compatible; GPTBot/1.4; +https://openai.com/gptbot)"
74.7.227.137 - - [15/Sep/2026:17:29:53 +0300] "GET /?sale/search/detail/?ITMCODE=51981735763 HTTP/2.0" 200 31680 "https://keliauk-uk.lt.testams.vhost.lt/?sitemap-product.xml" "Mozilla/5.0 AppleWebKit/537.36 (KHTML, like Gecko; compatible; GPTBot/1.4; +https://openai.com/gptbot)"
74.7.227.137 - - [15/Sep/2026:17:29:53 +0300] "GET /?sale/search/detail/?ITMCODE=51981563041 HTTP/2.0" 200 31680 "https://keliauk-uk.lt.testams.vhost.lt/?sitemap-product.xml" "Mozilla/5.0 AppleWebKit/537.36 (KHTML, like Gecko; compatible; GPTBot/1.4; +https://openai.com/gptbot)"
74.7.227.137 - - [15/Sep/2026:17:29:54 +0300] "GET /?sale/search/detail/?ITMCODE=51977229804 HTTP/2.0" 200 31680 "https://keliauk-uk.lt.testams.vhost.lt/?sitemap-product.xml" "Mozilla/5.0 AppleWebKit/537.36 (KHTML, like Gecko; compatible; GPTBot/1.4; +https://openai.com/gptbot)"
66.249.79.6 - - [15/Sep/2026:17:29:54 +0300] "GET /index.php/paslaugos?sale/search/detail/?ITMCODE=5196883183 HTTP/1.1" 200 201402 "-" "Mozilla/5.0 (Linux; Android 6.0.1; Nexus 5X Build/MMB29P) AppleWebKit/537.36 (KHTML, like Gecko) Chrome/152.0.7977.82 Mobile Safari/537.36 (compatible; Googlebot/2.1; +http://www.google.com/bot.html)"
66.249.79.5 - - [15/Sep/2026:17:29:54 +0300] "GET /?sale/search/detail/?ITMCODE=51971470356 HTTP/1.1" 200 195582 "-" "Mozilla/5.0 (Linux; Android 6.0.1; Nexus 5X Build/MMB29P) AppleWebKit/537.36 (KHTML, like Gecko) Chrome/152.0.7977.82 Mobile Safari/537.36 (compatible; Googlebot/2.1; +http://www.google.com/bot.html)"
74.7.227.137 - - [15/Sep/2026:17:29:54 +0300] "GET /?sale/search/detail/?ITMCODE=51977403204 HTTP/2.0" 200 31680 "https://keliauk-uk.lt.testams.vhost.lt/?sitemap-product.xml" "Mozilla/5.0 AppleWebKit/537.36 (KHTML, like Gecko; compatible; GPTBot/1.4; +https://openai.com/gptbot)"
74.7.227.137 - - [15/Sep/2026:17:29:55 +0300] "GET /?sale/search/detail/?ITMCODE=51995238791 HTTP/2.0" 200 31680 "https://keliauk-uk.lt.testams.vhost.lt/?sitemap-product.xml" "Mozilla/5.0 AppleWebKit/537.36 (KHTML, like Gecko; compatible; GPTBot/1.4; +https://openai.com/gptbot)"
74.7.227.137 - - [15/Sep/2026:17:29:55 +0300] "GET /?sale/search/detail/?ITMCODE=52005810834 HTTP/2.0" 200 31680 "https://keliauk-uk.lt.testams.vhost.lt/?sitemap-product.xml" "Mozilla/5.0 AppleWebKit/537.36 (KHTML, like Gecko; compatible; GPTBot/1.4; +https://openai.com/gptbot)"
114.119.144.15 - - [15/Sep/2026:17:29:55 +0300] "GET /?sale/search/detail/%3FITMCODE=51966747516 HTTP/1.1" 200 31589 "https://www.keliauk-uk.lt/?sitemap-products.xml" "Mozilla/5.0 (Linux; Android 7.0;) AppleWebKit/537.36 (HTML, like Gecko) Mobile Safari/537.36 (compatible; PetalBot;+https://webmaster.petalsearch.com/site/petalbot)"
74.7.227.137 - - [15/Sep/2026:17:29:56 +0300] "GET /?sale/search/detail/?ITMCODE=51984576514 HTTP/2.0" 200 31680 "https://keliauk-uk.lt.testams.vhost.lt/?sitemap-product.xml" "Mozilla/5.0 AppleWebKit/537.36 (KHTML, like Gecko; compatible; GPTBot/1.4; +https://openai.com/gptbot)"
66.249.79.2 - - [15/Sep/2026:17:29:56 +0300] "GET /index.php/paslaugos?sale/search/detail/?ITMCODE=51971296607 HTTP/1.1" 200 212088 "-" "Mozilla/5.0 (Linux; Android 6.0.1; Nexus 5X Build/MMB29P) AppleWebKit/537.36 (KHTML, like Gecko) Chrome/152.0.7977.82 Mobile Safari/537.36 (compatible; Googlebot/2.1; +http://www.google.com/bot.html)"
