66.249.79.5 - - [15/Sep/2026:16:28:50 +0300] "GET /index.php/zinynas-keliaujantiems?sale/search/detail/?ITMCODE=51992164812 HTTP/1.1" 200 204641 "-" "Mozilla/5.0 (Linux; Android 6.0.1; Nexus 5X Build/MMB29P) AppleWebKit/537.36 (KHTML, like Gecko) Chrome/152.0.7977.82 Mobile Safari/537.36 (compatible; Googlebot/2.1; +http://www.google.com/bot.html)"
66.249.79.6 - - [15/Sep/2026:16:28:51 +0300] "GET /index.php/zinynas-keliaujantiems?sale/search/detail/?ITMCODE=5195352041 HTTP/1.1" 200 217823 "-" "Mozilla/5.0 (Linux; Android 6.0.1; Nexus 5X Build/MMB29P) AppleWebKit/537.36 (KHTML, like Gecko) Chrome/152.0.7977.82 Mobile Safari/537.36 (compatible; Googlebot/2.1; +http://www.google.com/bot.html)"
66.249.79.1 - - [15/Sep/2026:16:28:51 +0300] "GET /index.php/zinynas-keliaujantiems?sale/search/detail/?ITMCODE=51992445390 HTTP/1.1" 200 212536 "-" "Mozilla/5.0 (Linux; Android 6.0.1; Nexus 5X Build/MMB29P) AppleWebKit/537.36 (KHTML, like Gecko) Chrome/152.0.7977.82 Mobile Safari/537.36 (compatible; Googlebot/2.1; +http://www.google.com/bot.html)"
66.249.79.3 - - [15/Sep/2026:16:28:52 +0300] "GET /shop/pg/1334484 HTTP/1.1" 200 206559 "-" "Mozilla/5.0 (Linux; Android 6.0.1; Nexus 5X Build/MMB29P) AppleWebKit/537.36 (KHTML, like Gecko) Chrome/152.0.7977.82 Mobile Safari/537.36 (compatible; Googlebot/2.1; +http://www.google.com/bot.html)"
66.249.79.4 - - [15/Sep/2026:16:28:52 +0300] "GET /?sale/search/detail/?ITMCODE=5196689410 HTTP/1.1" 200 214723 "-" "Mozilla/5.0 (Linux; Android 6.0.1; Nexus 5X Build/MMB29P) AppleWebKit/537.36 (KHTML, like Gecko) Chrome/152.0.7977.82 Mobile Safari/537.36 (compatible; Googlebot/2.1; +http://www.google.com/bot.html)"
66.249.79.7 - - [15/Sep/2026:16:28:53 +0300] "GET /index.php/paslaugos?sale/search/detail/?ITMCODE=51971281225 HTTP/1.1" 200 198681 "-" "Mozilla/5.0 (Linux; Android 6.0.1; Nexus 5X Build/MMB29P) AppleWebKit/537.36 (KHTML, like Gecko) Chrome/152.0.7977.82 Mobile Safari/537.36 (compatible; Googlebot/2.1; +http://www.google.com/bot.html)"
66.249.79.4 - - [15/Sep/2026:16:28:53 +0300] "GET /index.php/zinynas-keliaujantiems?sale/search/detail/?ITMCODE=5195247423 HTTP/1.1" 200 214673 "-" "Mozilla/5.0 (Linux; Android 6.0.1; Nexus 5X Build/MMB29P) AppleWebKit/537.36 (KHTML, like Gecko) Chrome/152.0.7977.82 Mobile Safari/537.36 (compatible; Googlebot/2.1; +http://www.google.com/bot.html)"
66.249.79.5 - - [15/Sep/2026:16:28:54 +0300] "GET /index.php/zinynas-keliaujantiems?sale/search/detail/?ITMCODE=51992264506 HTTP/1.1" 200 215507 "-" "Mozilla/5.0 (Linux; Android 6.0.1; Nexus 5X Build/MMB29P) AppleWebKit/537.36 (KHTML, like Gecko) Chrome/152.0.7977.82 Mobile Safari/537.36 (compatible; Googlebot/2.1; +http://www.google.com/bot.html)"
66.249.79.5 - - [15/Sep/2026:16:28:55 +0300] "GET /index.php/zinynas-keliaujantiems?sale/search/detail/?ITMCODE=52002935023 HTTP/1.1" 200 202168 "-" "Mozilla/5.0 (Linux; Android 6.0.1; Nexus 5X Build/MMB29P) AppleWebKit/537.36 (KHTML, like Gecko) Chrome/152.0.7977.82 Mobile Safari/537.36 (compatible; Googlebot/2.1; +http://www.google.com/bot.html)"
66.249.79.2 - - [15/Sep/2026:16:28:55 +0300] "GET /index.php/zinynas-keliaujantiems?sale/search/detail/?ITMCODE=51981844391 HTTP/1.1" 200 206748 "-" "Mozilla/5.0 (Linux; Android 6.0.1; Nexus 5X Build/MMB29P) AppleWebKit/537.36 (KHTML, like Gecko) Chrome/152.0.7977.82 Mobile Safari/537.36 (compatible; Googlebot/2.1; +http://www.google.com/bot.html)"
66.249.79.6 - - [15/Sep/2026:16:28:56 +0300] "GET /index.php/zinynas-keliaujantiems?sale/search/detail/?ITMCODE=52002760572 HTTP/1.1" 200 225718 "-" "Mozilla/5.0 (Linux; Android 6.0.1; Nexus 5X Build/MMB29P) AppleWebKit/537.36 (KHTML, like Gecko) Chrome/152.0.7977.82 Mobile Safari/537.36 (compatible; Googlebot/2.1; +http://www.google.com/bot.html)"
66.249.79.3 - - [15/Sep/2026:16:28:56 +0300] "GET /index.php/zinynas-keliaujantiems?sale/search/detail/?ITMCODE=51981628078 HTTP/1.1" 200 205660 "-" "Mozilla/5.0 (Linux; Android 6.0.1; Nexus 5X Build/MMB29P) AppleWebKit/537.36 (KHTML, like Gecko) Chrome/152.0.7977.82 Mobile Safari/537.36 (compatible; Googlebot/2.1; +http://www.google.com/bot.html)"
66.249.79.6 - - [15/Sep/2026:16:28:58 +0300] "GET /index.php/zinynas-keliaujantiems?sale/search/detail/?ITMCODE=51971407238 HTTP/1.1" 200 210062 "-" "Mozilla/5.0 (Linux; Android 6.0.1; Nexus 5X Build/MMB29P) AppleWebKit/537.36 (KHTML, like Gecko) Chrome/152.0.7977.82 Mobile Safari/537.36 (compatible; Googlebot/2.1; +http://www.google.com/bot.html)"
66.249.79.1 - - [15/Sep/2026:16:28:59 +0300] "GET /index.php/zinynas-keliaujantiems?sale/search/detail/?ITMCODE=51992105397 HTTP/1.1" 200 203347 "-" "Mozilla/5.0 (Linux; Android 6.0.1; Nexus 5X Build/MMB29P) AppleWebKit/537.36 (KHTML, like Gecko) Chrome/152.0.7977.82 Mobile Safari/537.36 (compatible; Googlebot/2.1; +http://www.google.com/bot.html)"
66.249.79.6 - - [15/Sep/2026:16:28:59 +0300] "GET /index.php/zinynas-keliaujantiems?sale/search/detail/?ITMCODE=51992339941 HTTP/1.1" 200 212148 "-" "Mozilla/5.0 (Linux; Android 6.0.1; Nexus 5X Build/MMB29P) AppleWebKit/537.36 (KHTML, like Gecko) Chrome/152.0.7977.82 Mobile Safari/537.36 (compatible; Googlebot/2.1; +http://www.google.com/bot.html)"
66.249.79.5 - - [15/Sep/2026:16:28:59 +0300] "GET /?sale/search/detail/?ITMCODE=5196522811 HTTP/1.1" 200 195637 "-" "Mozilla/5.0 (Linux; Android 6.0.1; Nexus 5X Build/MMB29P) AppleWebKit/537.36 (KHTML, like Gecko) Chrome/152.0.7977.82 Mobile Safari/537.36 (compatible; Googlebot/2.1; +http://www.google.com/bot.html)"
66.249.79.8 - - [15/Sep/2026:16:29:01 +0300] "GET /index.php/zinynas-keliaujantiems?sale/search/detail/?ITMCODE=52002868602 HTTP/1.1" 200 211756 "-" "Mozilla/5.0 (Linux; Android 6.0.1; Nexus 5X Build/MMB29P) AppleWebKit/537.36 (KHTML, like Gecko) Chrome/152.0.7977.82 Mobile Safari/537.36 (compatible; Googlebot/2.1; +http://www.google.com/bot.html)"
66.249.79.7 - - [15/Sep/2026:16:29:01 +0300] "GET /index.php/zinynas-keliaujantiems?sale/search/detail/?ITMCODE=52002838940 HTTP/1.1" 200 211151 "-" "Mozilla/5.0 (Linux; Android 6.0.1; Nexus 5X Build/MMB29P) AppleWebKit/537.36 (KHTML, like Gecko) Chrome/152.0.7977.82 Mobile Safari/537.36 (compatible; Googlebot/2.1; +http://www.google.com/bot.html)"
66.249.79.7 - - [15/Sep/2026:16:29:02 +0300] "GET /index.php/zinynas-keliaujantiems?sale/search/detail/?ITMCODE=51981698413 HTTP/1.1" 200 207500 "-" "Mozilla/5.0 (Linux; Android 6.0.1; Nexus 5X Build/MMB29P) AppleWebKit/537.36 (KHTML, like Gecko) Chrome/152.0.7977.82 Mobile Safari/537.36 (compatible; Googlebot/2.1; +http://www.google.com/bot.html)"
66.249.79.8 - - [15/Sep/2026:16:29:02 +0300] "GET /index.php/zinynas-keliaujantiems?sale/search/detail/?ITMCODE=51992278340 HTTP/1.1" 200 210914 "-" "Mozilla/5.0 (Linux; Android 6.0.1; Nexus 5X Build/MMB29P) AppleWebKit/537.36 (KHTML, like Gecko) Chrome/152.0.7977.82 Mobile Safari/537.36 (compatible; Googlebot/2.1; +http://www.google.com/bot.html)"
66.249.79.8 - - [15/Sep/2026:16:29:03 +0300] "GET /index.php/zinynas-keliaujantiems?sale/search/detail/?ITMCODE=51981714222 HTTP/1.1" 200 206953 "-" "Mozilla/5.0 (Linux; Android 6.0.1; Nexus 5X Build/MMB29P) AppleWebKit/537.36 (KHTML, like Gecko) Chrome/152.0.7977.82 Mobile Safari/537.36 (compatible; Googlebot/2.1; +http://www.google.com/bot.html)"
66.249.79.6 - - [15/Sep/2026:16:29:06 +0300] "GET /index.php/paslaugos?sale/search/detail/?ITMCODE=5195111435 HTTP/1.1" 200 221030 "-" "Mozilla/5.0 (Linux; Android 6.0.1; Nexus 5X Build/MMB29P) AppleWebKit/537.36 (KHTML, like Gecko) Chrome/152.0.7977.82 Mobile Safari/537.36 (compatible; Googlebot/2.1; +http://www.google.com/bot.html)"
66.249.79.8 - - [15/Sep/2026:16:29:08 +0300] "GET /index.php/paslaugos?sale/search/detail/?ITMCODE=51992005470 HTTP/1.1" 200 198870 "-" "Mozilla/5.0 (Linux; Android 6.0.1; Nexus 5X Build/MMB29P) AppleWebKit/537.36 (KHTML, like Gecko) Chrome/152.0.7977.82 Mobile Safari/537.36 (compatible; Googlebot/2.1; +http://www.google.com/bot.html)"
66.249.79.2 - - [15/Sep/2026:16:29:09 +0300] "GET /index.php/zinynas-keliaujantiems?sale/search/detail/?ITMCODE=5195194570 HTTP/1.1" 200 215197 "-" "Mozilla/5.0 (Linux; Android 6.0.1; Nexus 5X Build/MMB29P) AppleWebKit/537.36 (KHTML, like Gecko) Chrome/152.0.7977.82 Mobile Safari/537.36 (compatible; Googlebot/2.1; +http://www.google.com/bot.html)"
66.249.79.2 - - [15/Sep/2026:16:29:10 +0300] "GET /?sale/search/detail/?ITMCODE=5195353848 HTTP/1.1" 200 193555 "-" "Mozilla/5.0 (Linux; Android 6.0.1; Nexus 5X Build/MMB29P) AppleWebKit/537.36 (KHTML, like Gecko) Chrome/152.0.7977.82 Mobile Safari/537.36 (compatible; Googlebot/2.1; +http://www.google.com/bot.html)"
66.249.79.3 - - [15/Sep/2026:16:29:10 +0300] "GET /index.php/paslaugos?sale/search/detail/?ITMCODE=51971270167 HTTP/1.1" 200 205694 "-" "Mozilla/5.0 (Linux; Android 6.0.1; Nexus 5X Build/MMB29P) AppleWebKit/537.36 (KHTML, like Gecko) Chrome/152.0.7977.82 Mobile Safari/537.36 (compatible; Googlebot/2.1; +http://www.google.com/bot.html)"
66.249.79.3 - - [15/Sep/2026:16:29:11 +0300] "GET /shop/customer/bookmark.php?sale/search/detail/?ITMCODE=52002523621 HTTP/1.1" 200 203492 "-" "Mozilla/5.0 (Linux; Android 6.0.1; Nexus 5X Build/MMB29P) AppleWebKit/537.36 (KHTML, like Gecko) Chrome/152.0.7977.82 Mobile Safari/537.36 (compatible; Googlebot/2.1; +http://www.google.com/bot.html)"
66.249.79.2 - - [15/Sep/2026:16:29:11 +0300] "GET /index.php/zinynas-keliaujantiems?sale/search/detail/?ITMCODE=5195459416 HTTP/1.1" 200 220737 "-" "Mozilla/5.0 (Linux; Android 6.0.1; Nexus 5X Build/MMB29P) AppleWebKit/537.36 (KHTML, like Gecko) Chrome/152.0.7977.82 Mobile Safari/537.36 (compatible; Googlebot/2.1; +http://www.google.com/bot.html)"
66.249.79.3 - - [15/Sep/2026:16:29:13 +0300] "GET /index.php/zinynas-keliaujantiems?sale/search/detail/?ITMCODE=5195262209 HTTP/1.1" 200 205259 "-" "Mozilla/5.0 (Linux; Android 6.0.1; Nexus 5X Build/MMB29P) AppleWebKit/537.36 (KHTML, like Gecko) Chrome/152.0.7977.82 Mobile Safari/537.36 (compatible; Googlebot/2.1; +http://www.google.com/bot.html)"
66.249.79.1 - - [15/Sep/2026:16:29:13 +0300] "GET /index.php/zinynas-keliaujantiems?sale/search/detail/?ITMCODE=5195362505 HTTP/1.1" 200 217731 "-" "Mozilla/5.0 (Linux; Android 6.0.1; Nexus 5X Build/MMB29P) AppleWebKit/537.36 (KHTML, like Gecko) Chrome/152.0.7977.82 Mobile Safari/537.36 (compatible; Googlebot/2.1; +http://www.google.com/bot.html)"
40.77.167.3 - - [15/Sep/2026:16:29:13 +0300] "GET /?sale/search/detail/?ITMCODE=51971132028 HTTP/2.0" 200 201960 "-" "Mozilla/5.0 AppleWebKit/537.36 (KHTML, like Gecko; compatible; bingbot/2.0; +http://www.bing.com/bingbot.htm) Chrome/116.0.1938.76 Safari/537.36"
66.249.79.1 - - [15/Sep/2026:16:29:15 +0300] "GET /index.php/zinynas-keliaujantiems?sale/search/detail/?ITMCODE=51981798380 HTTP/1.1" 200 201562 "-" "Mozilla/5.0 (Linux; Android 6.0.1; Nexus 5X Build/MMB29P) AppleWebKit/537.36 (KHTML, like Gecko) Chrome/152.0.7977.82 Mobile Safari/537.36 (compatible; Googlebot/2.1; +http://www.google.com/bot.html)"
66.249.79.4 - - [15/Sep/2026:16:29:18 +0300] "GET /index.php/zinynas-keliaujantiems?sale/search/detail/?ITMCODE=52002831092 HTTP/1.1" 200 202438 "-" "Mozilla/5.0 (Linux; Android 6.0.1; Nexus 5X Build/MMB29P) AppleWebKit/537.36 (KHTML, like Gecko) Chrome/152.0.7977.82 Mobile Safari/537.36 (compatible; Googlebot/2.1; +http://www.google.com/bot.html)"
40.77.167.3 - - [15/Sep/2026:16:29:17 +0300] "GET /?shop/c/c519610001/ HTTP/2.0" 200 270123 "-" "Mozilla/5.0 AppleWebKit/537.36 (KHTML, like Gecko; compatible; bingbot/2.0; +http://www.bing.com/bingbot.htm) Chrome/116.0.1938.76 Safari/537.36"
66.249.79.6 - - [15/Sep/2026:16:29:19 +0300] "GET /?sale/search/detail/?ITMCODE=519560162 HTTP/1.1" 200 207060 "-" "Mozilla/5.0 (Linux; Android 6.0.1; Nexus 5X Build/MMB29P) AppleWebKit/537.36 (KHTML, like Gecko) Chrome/152.0.7977.82 Mobile Safari/537.36 (compatible; Googlebot/2.1; +http://www.google.com/bot.html)"
66.249.79.2 - - [15/Sep/2026:16:29:19 +0300] "GET /index.php/zinynas-keliaujantiems?sale/search/detail/?ITMCODE=5195177836 HTTP/1.1" 200 212655 "-" "Mozilla/5.0 (Linux; Android 6.0.1; Nexus 5X Build/MMB29P) AppleWebKit/537.36 (KHTML, like Gecko) Chrome/152.0.7977.82 Mobile Safari/537.36 (compatible; Googlebot/2.1; +http://www.google.com/bot.html)"
66.249.79.2 - - [15/Sep/2026:16:29:20 +0300] "GET /index.php/zinynas-keliaujantiems?sale/search/detail/?ITMCODE=5195116916 HTTP/1.1" 200 229748 "-" "Mozilla/5.0 (Linux; Android 6.0.1; Nexus 5X Build/MMB29P) AppleWebKit/537.36 (KHTML, like Gecko) Chrome/152.0.7977.82 Mobile Safari/537.36 (compatible; Googlebot/2.1; +http://www.google.com/bot.html)"
66.249.79.1 - - [15/Sep/2026:16:29:22 +0300] "GET /index.php/zinynas-keliaujantiems?sale/search/detail/?ITMCODE=51981859166 HTTP/1.1" 200 220303 "-" "Mozilla/5.0 (Linux; Android 6.0.1; Nexus 5X Build/MMB29P) AppleWebKit/537.36 (KHTML, like Gecko) Chrome/152.0.7977.82 Mobile Safari/537.36 (compatible; Googlebot/2.1; +http://www.google.com/bot.html)"
66.249.79.5 - - [15/Sep/2026:16:29:22 +0300] "GET /?sale/search/detail/?ITMCODE=5196610401 HTTP/1.1" 200 210212 "-" "Mozilla/5.0 (Linux; Android 6.0.1; Nexus 5X Build/MMB29P) AppleWebKit/537.36 (KHTML, like Gecko) Chrome/152.0.7977.82 Mobile Safari/537.36 (compatible; Googlebot/2.1; +http://www.google.com/bot.html)"
66.249.79.3 - - [15/Sep/2026:16:29:22 +0300] "GET /index.php/zinynas-keliaujantiems?sale/search/detail/?ITMCODE=51992435142 HTTP/1.1" 200 205852 "-" "Mozilla/5.0 (Linux; Android 6.0.1; Nexus 5X Build/MMB29P) AppleWebKit/537.36 (KHTML, like Gecko) Chrome/152.0.7977.82 Mobile Safari/537.36 (compatible; Googlebot/2.1; +http://www.google.com/bot.html)"
66.249.79.3 - - [15/Sep/2026:16:29:23 +0300] "GET /index.php/zinynas-keliaujantiems?sale/search/detail/?ITMCODE=5196649965 HTTP/1.1" 200 203372 "-" "Mozilla/5.0 (Linux; Android 6.0.1; Nexus 5X Build/MMB29P) AppleWebKit/537.36 (KHTML, like Gecko) Chrome/152.0.7977.82 Mobile Safari/537.36 (compatible; Googlebot/2.1; +http://www.google.com/bot.html)"
66.249.79.3 - - [15/Sep/2026:16:29:24 +0300] "GET /index.php/zinynas-keliaujantiems?sale/search/detail/?ITMCODE=5196795511 HTTP/1.1" 200 228030 "-" "Mozilla/5.0 (Linux; Android 6.0.1; Nexus 5X Build/MMB29P) AppleWebKit/537.36 (KHTML, like Gecko) Chrome/152.0.7977.82 Mobile Safari/537.36 (compatible; Googlebot/2.1; +http://www.google.com/bot.html)"
40.77.167.3 - - [15/Sep/2026:16:29:24 +0300] "GET /?sale/search/detail/?ITMCODE=5196609636 HTTP/2.0" 200 206824 "-" "Mozilla/5.0 AppleWebKit/537.36 (KHTML, like Gecko; compatible; bingbot/2.0; +http://www.bing.com/bingbot.htm) Chrome/116.0.1938.76 Safari/537.36"
40.77.167.224 - - [15/Sep/2026:16:29:25 +0300] "GET /?sale/search/detail/?ITMCODE=51992087928 HTTP/2.0" 200 213631 "-" "Mozilla/5.0 AppleWebKit/537.36 (KHTML, like Gecko; compatible; bingbot/2.0; +http://www.bing.com/bingbot.htm) Chrome/116.0.1938.76 Safari/537.36"
66.249.79.2 - - [15/Sep/2026:16:29:29 +0300] "GET /index.php/zinynas-keliaujantiems?sale/search/detail/?ITMCODE=5196560553 HTTP/1.1" 200 207453 "-" "Mozilla/5.0 (Linux; Android 6.0.1; Nexus 5X Build/MMB29P) AppleWebKit/537.36 (KHTML, like Gecko) Chrome/152.0.7977.82 Mobile Safari/537.36 (compatible; Googlebot/2.1; +http://www.google.com/bot.html)"
66.249.79.4 - - [15/Sep/2026:16:29:30 +0300] "GET /?sale/search/detail/?ITMCODE=52002931891 HTTP/1.1" 200 194620 "-" "Mozilla/5.0 (Linux; Android 6.0.1; Nexus 5X Build/MMB29P) AppleWebKit/537.36 (KHTML, like Gecko) Chrome/152.0.7977.82 Mobile Safari/537.36 (compatible; Googlebot/2.1; +http://www.google.com/bot.html)"
66.249.79.4 - - [15/Sep/2026:16:29:31 +0300] "GET /index.php/zinynas-keliaujantiems?sale/search/detail/?ITMCODE=51992198269 HTTP/1.1" 200 207582 "-" "Mozilla/5.0 (Linux; Android 6.0.1; Nexus 5X Build/MMB29P) AppleWebKit/537.36 (KHTML, like Gecko) Chrome/152.0.7977.82 Mobile Safari/537.36 (compatible; Googlebot/2.1; +http://www.google.com/bot.html)"
40.77.167.224 - - [15/Sep/2026:16:29:30 +0300] "GET /?sale/search/detail/?ITMCODE=51971273118 HTTP/2.0" 200 202182 "-" "Mozilla/5.0 AppleWebKit/537.36 (KHTML, like Gecko; compatible; bingbot/2.0; +http://www.bing.com/bingbot.htm) Chrome/116.0.1938.76 Safari/537.36"
66.249.79.2 - - [15/Sep/2026:16:29:34 +0300] "GET /index.php/zinynas-keliaujantiems?sale/search/detail/?ITMCODE=51971229290 HTTP/1.1" 200 205029 "-" "Mozilla/5.0 (Linux; Android 6.0.1; Nexus 5X Build/MMB29P) AppleWebKit/537.36 (KHTML, like Gecko) Chrome/152.0.7977.82 Mobile Safari/537.36 (compatible; Googlebot/2.1; +http://www.google.com/bot.html)"
52.167.144.236 - - [15/Sep/2026:16:29:35 +0300] "GET /?sale/search/detail/?ITMCODE=51971187855 HTTP/2.0" 200 205990 "-" "Mozilla/5.0 AppleWebKit/537.36 (KHTML, like Gecko; compatible; bingbot/2.0; +http://www.bing.com/bingbot.htm) Chrome/116.0.1938.76 Safari/537.36"
66.249.79.6 - - [15/Sep/2026:16:29:35 +0300] "GET /?sale/search/detail/?ITMCODE=52002870430 HTTP/1.1" 200 193037 "-" "Mozilla/5.0 (Linux; Android 6.0.1; Nexus 5X Build/MMB29P) AppleWebKit/537.36 (KHTML, like Gecko) Chrome/152.0.7977.82 Mobile Safari/537.36 (compatible; Googlebot/2.1; +http://www.google.com/bot.html)"
40.77.167.224 - - [15/Sep/2026:16:29:35 +0300] "GET /?sale/search/detail/?ITMCODE=519660734837 HTTP/2.0" 200 202577 "-" "Mozilla/5.0 AppleWebKit/537.36 (KHTML, like Gecko; compatible; bingbot/2.0; +http://www.bing.com/bingbot.htm) Chrome/116.0.1938.76 Safari/537.36"
52.167.144.236 - - [15/Sep/2026:16:29:37 +0300] "GET /?sale/search/detail/?ITMCODE=5196535113 HTTP/2.0" 200 207041 "-" "Mozilla/5.0 AppleWebKit/537.36 (KHTML, like Gecko; compatible; bingbot/2.0; +http://www.bing.com/bingbot.htm) Chrome/116.0.1938.76 Safari/537.36"
52.167.144.166 - - [15/Sep/2026:16:29:39 +0300] "GET /?sale/search/detail/?ITMCODE=519654940530 HTTP/2.0" 200 212589 "-" "Mozilla/5.0 AppleWebKit/537.36 (KHTML, like Gecko; compatible; bingbot/2.0; +http://www.bing.com/bingbot.htm) Chrome/116.0.1938.76 Safari/537.36"
52.167.144.166 - - [15/Sep/2026:16:29:40 +0300] "GET /?sale/search/detail/?ITMCODE=51992364449 HTTP/2.0" 200 205749 "-" "Mozilla/5.0 AppleWebKit/537.36 (KHTML, like Gecko; compatible; bingbot/2.0; +http://www.bing.com/bingbot.htm) Chrome/116.0.1938.76 Safari/537.36"
52.167.144.166 - - [15/Sep/2026:16:29:40 +0300] "GET /?sale/search/detail/?ITMCODE=5195161691 HTTP/2.0" 200 217028 "-" "Mozilla/5.0 AppleWebKit/537.36 (KHTML, like Gecko; compatible; bingbot/2.0; +http://www.bing.com/bingbot.htm) Chrome/116.0.1938.76 Safari/537.36"
66.249.79.5 - - [15/Sep/2026:16:29:40 +0300] "GET /?sale/search/detail/?ITMCODE=51981743686 HTTP/1.1" 200 204171 "-" "Mozilla/5.0 (Linux; Android 6.0.1; Nexus 5X Build/MMB29P) AppleWebKit/537.36 (KHTML, like Gecko) Chrome/152.0.7977.82 Mobile Safari/537.36 (compatible; Googlebot/2.1; +http://www.google.com/bot.html)"
66.249.79.5 - - [15/Sep/2026:16:29:41 +0300] "GET /index.php/zinynas-keliaujantiems?sale/search/detail/?ITMCODE=51981736662 HTTP/1.1" 200 215676 "-" "Mozilla/5.0 (Linux; Android 6.0.1; Nexus 5X Build/MMB29P) AppleWebKit/537.36 (KHTML, like Gecko) Chrome/152.0.7977.82 Mobile Safari/537.36 (compatible; Googlebot/2.1; +http://www.google.com/bot.html)"
40.77.167.3 - - [15/Sep/2026:16:29:40 +0300] "GET /?sale/search/detail/?ITMCODE=52008759273 HTTP/2.0" 200 207458 "-" "Mozilla/5.0 AppleWebKit/537.36 (KHTML, like Gecko; compatible; bingbot/2.0; +http://www.bing.com/bingbot.htm) Chrome/116.0.1938.76 Safari/537.36"
66.249.79.4 - - [15/Sep/2026:16:29:42 +0300] "GET /index.php/zinynas-keliaujantiems?sale/search/detail/?ITMCODE=51981611572 HTTP/1.1" 200 205562 "-" "Mozilla/5.0 (Linux; Android 6.0.1; Nexus 5X Build/MMB29P) AppleWebKit/537.36 (KHTML, like Gecko) Chrome/152.0.7977.82 Mobile Safari/537.36 (compatible; Googlebot/2.1; +http://www.google.com/bot.html)"
66.249.79.1 - - [15/Sep/2026:16:29:44 +0300] "GET /index.php/zinynas-keliaujantiems?sale/search/detail/?ITMCODE=52002673687 HTTP/1.1" 200 212491 "-" "Mozilla/5.0 (Linux; Android 6.0.1; Nexus 5X Build/MMB29P) AppleWebKit/537.36 (KHTML, like Gecko) Chrome/152.0.7977.82 Mobile Safari/537.36 (compatible; Googlebot/2.1; +http://www.google.com/bot.html)"
66.249.79.3 - - [15/Sep/2026:16:29:45 +0300] "GET /?sale/search/detail/?ITMCODE=52002720018 HTTP/1.1" 200 195698 "-" "Mozilla/5.0 (Linux; Android 6.0.1; Nexus 5X Build/MMB29P) AppleWebKit/537.36 (KHTML, like Gecko) Chrome/152.0.7977.82 Mobile Safari/537.36 (compatible; Googlebot/2.1; +http://www.google.com/bot.html)"
40.77.167.4 - - [15/Sep/2026:16:29:45 +0300] "GET /?sale/search/detail/?ITMCODE=519696568879 HTTP/2.0" 200 195195 "-" "Mozilla/5.0 AppleWebKit/537.36 (KHTML, like Gecko; compatible; bingbot/2.0; +http://www.bing.com/bingbot.htm) Chrome/116.0.1938.76 Safari/537.36"
40.77.167.4 - - [15/Sep/2026:16:29:46 +0300] "GET /?sale/search/detail/?ITMCODE=519983112130 HTTP/2.0" 200 194456 "-" "Mozilla/5.0 AppleWebKit/537.36 (KHTML, like Gecko; compatible; bingbot/2.0; +http://www.bing.com/bingbot.htm) Chrome/116.0.1938.76 Safari/537.36"
40.77.167.4 - - [15/Sep/2026:16:29:47 +0300] "GET /?sale/search/detail/?ITMCODE=519575049937 HTTP/2.0" 200 201674 "-" "Mozilla/5.0 AppleWebKit/537.36 (KHTML, like Gecko; compatible; bingbot/2.0; +http://www.bing.com/bingbot.htm) Chrome/116.0.1938.76 Safari/537.36"
40.77.167.3 - - [15/Sep/2026:16:29:45 +0300] "GET /?sale/search/detail/?ITMCODE=5196858406 HTTP/2.0" 200 201222 "-" "Mozilla/5.0 AppleWebKit/537.36 (KHTML, like Gecko; compatible; bingbot/2.0; +http://www.bing.com/bingbot.htm) Chrome/116.0.1938.76 Safari/537.36"
40.77.167.224 - - [15/Sep/2026:16:29:47 +0300] "GET /?sale/search/detail/?ITMCODE=519828910390 HTTP/2.0" 200 226214 "-" "Mozilla/5.0 AppleWebKit/537.36 (KHTML, like Gecko; compatible; bingbot/2.0; +http://www.bing.com/bingbot.htm) Chrome/116.0.1938.76 Safari/537.36"
40.77.167.4 - - [15/Sep/2026:16:29:48 +0300] "GET /?sale/search/detail/?ITMCODE=519696767304 HTTP/2.0" 200 206983 "-" "Mozilla/5.0 AppleWebKit/537.36 (KHTML, like Gecko; compatible; bingbot/2.0; +http://www.bing.com/bingbot.htm) Chrome/116.0.1938.76 Safari/537.36"
40.77.167.4 - - [15/Sep/2026:16:29:49 +0300] "GET /?sale/search/detail/?ITMCODE=51959451350 HTTP/2.0" 200 222841 "-" "Mozilla/5.0 AppleWebKit/537.36 (KHTML, like Gecko; compatible; bingbot/2.0; +http://www.bing.com/bingbot.htm) Chrome/116.0.1938.76 Safari/537.36"
66.249.79.5 - - [15/Sep/2026:16:29:49 +0300] "GET /sale/search/detail/?ITMCODE=51992180418 HTTP/1.1" 200 197318 "-" "Mozilla/5.0 (Linux; Android 6.0.1; Nexus 5X Build/MMB29P) AppleWebKit/537.36 (KHTML, like Gecko) Chrome/152.0.7977.82 Mobile Safari/537.36 (compatible; Googlebot/2.1; +http://www.google.com/bot.html)"
40.77.167.224 - - [15/Sep/2026:16:29:50 +0300] "GET /?sale/search/detail/?ITMCODE=5195413745 HTTP/2.0" 200 224193 "-" "Mozilla/5.0 AppleWebKit/537.36 (KHTML, like Gecko; compatible; bingbot/2.0; +http://www.bing.com/bingbot.htm) Chrome/116.0.1938.76 Safari/537.36"
114.119.135.63 - - [15/Sep/2026:16:29:53 +0300] "GET /?sale/search/detail/%3FITMCODE=5196727447 HTTP/1.1" 200 31588 "https://www.keliauk-uk.lt/?sitemap-products.xml" "Mozilla/5.0 (Linux; Android 7.0;) AppleWebKit/537.36 (HTML, like Gecko) Mobile Safari/537.36 (compatible; PetalBot;+https://webmaster.petalsearch.com/site/petalbot)"
57.141.20.12 - - [15/Sep/2026:16:29:53 +0300] "GET /index.php/component/search/?sale/search/detail/?ITMCODE=519846649427& HTTP/2.0" 200 19729 "-" "Mozilla/5.0 (Macintosh; Intel Mac OS X 10_15_7) AppleWebKit/537.36 (KHTML, like Gecko) Chrome/145.0.0.0 Safari/537.36 (compatible; meta-externalagent/1.1 (+https://developers.facebook.com/docs/sharing/webmasters/crawler))"
40.77.167.224 - - [15/Sep/2026:16:29:54 +0300] "GET /?sale/search/detail/?ITMCODE=51971056383 HTTP/2.0" 200 210999 "-" "Mozilla/5.0 AppleWebKit/537.36 (KHTML, like Gecko; compatible; bingbot/2.0; +http://www.bing.com/bingbot.htm) Chrome/116.0.1938.76 Safari/537.36"
57.141.20.45 - - [15/Sep/2026:16:29:55 +0300] "GET /presets/.css HTTP/2.0" 404 1448 "https://www.keliauk-uk.lt/index.php/component/search/?sale/search/detail/?ITMCODE=519846649427&" "Mozilla/5.0 (Macintosh; Intel Mac OS X 10_15_7) AppleWebKit/537.36 (KHTML, like Gecko) Chrome/145.0.0.0 Safari/537.36 (compatible; meta-externalagent/1.1 (+https://developers.facebook.com/docs/sharing/webmasters/crawler))"
40.77.167.7 - - [15/Sep/2026:16:29:55 +0300] "GET /?sale/search/detail/?ITMCODE=5196675546 HTTP/2.0" 200 199591 "-" "Mozilla/5.0 AppleWebKit/537.36 (KHTML, like Gecko; compatible; bingbot/2.0; +http://www.bing.com/bingbot.htm) Chrome/116.0.1938.76 Safari/537.36"
66.249.79.6 - - [15/Sep/2026:16:29:56 +0300] "GET /index.php/zinynas-keliaujantiems?sale/search/detail/?ITMCODE=51981587526 HTTP/1.1" 200 210314 "-" "Mozilla/5.0 (Linux; Android 6.0.1; Nexus 5X Build/MMB29P) AppleWebKit/537.36 (KHTML, like Gecko) Chrome/152.0.7977.82 Mobile Safari/537.36 (compatible; Googlebot/2.1; +http://www.google.com/bot.html)"
40.77.167.4 - - [15/Sep/2026:16:29:56 +0300] "GET /?sale/search/detail/?ITMCODE=51956473219 HTTP/2.0" 200 217005 "-" "Mozilla/5.0 AppleWebKit/537.36 (KHTML, like Gecko; compatible; bingbot/2.0; +http://www.bing.com/bingbot.htm) Chrome/116.0.1938.76 Safari/537.36"
40.77.167.3 - - [15/Sep/2026:16:29:56 +0300] "GET /?sale/search/detail/?ITMCODE=51971042426 HTTP/2.0" 200 218451 "-" "Mozilla/5.0 AppleWebKit/537.36 (KHTML, like Gecko; compatible; bingbot/2.0; +http://www.bing.com/bingbot.htm) Chrome/116.0.1938.76 Safari/537.36"
40.77.167.7 - - [15/Sep/2026:16:29:58 +0300] "GET /?sale/search/detail/?ITMCODE=519548084127 HTTP/2.0" 200 200956 "-" "Mozilla/5.0 AppleWebKit/537.36 (KHTML, like Gecko; compatible; bingbot/2.0; +http://www.bing.com/bingbot.htm) Chrome/116.0.1938.76 Safari/537.36"
40.77.167.27 - - [15/Sep/2026:16:29:59 +0300] "GET /?sale/search/detail/?ITMCODE=519810835029 HTTP/2.0" 200 192653 "-" "Mozilla/5.0 AppleWebKit/537.36 (KHTML, like Gecko; compatible; bingbot/2.0; +http://www.bing.com/bingbot.htm) Chrome/116.0.1938.76 Safari/537.36"
66.249.79.3 - - [15/Sep/2026:16:30:00 +0300] "GET /index.php/zinynas-keliaujantiems?sale/search/detail/?ITMCODE=51971367779 HTTP/1.1" 200 206887 "-" "Mozilla/5.0 (Linux; Android 6.0.1; Nexus 5X Build/MMB29P) AppleWebKit/537.36 (KHTML, like Gecko) Chrome/152.0.7977.82 Mobile Safari/537.36 (compatible; Googlebot/2.1; +http://www.google.com/bot.html)"
40.77.167.27 - - [15/Sep/2026:16:30:00 +0300] "GET /?sale/search/detail/?ITMCODE=519959169484 HTTP/2.0" 200 202741 "-" "Mozilla/5.0 AppleWebKit/537.36 (KHTML, like Gecko; compatible; bingbot/2.0; +http://www.bing.com/bingbot.htm) Chrome/116.0.1938.76 Safari/537.36"
40.77.167.27 - - [15/Sep/2026:16:30:01 +0300] "GET /?sale/search/detail/?ITMCODE=520098759163 HTTP/2.0" 200 194648 "-" "Mozilla/5.0 AppleWebKit/537.36 (KHTML, like Gecko; compatible; bingbot/2.0; +http://www.bing.com/bingbot.htm) Chrome/116.0.1938.76 Safari/537.36"
40.77.167.27 - - [15/Sep/2026:16:30:01 +0300] "GET /?sale/search/detail/?ITMCODE=519785482843 HTTP/2.0" 200 200915 "-" "Mozilla/5.0 AppleWebKit/537.36 (KHTML, like Gecko; compatible; bingbot/2.0; +http://www.bing.com/bingbot.htm) Chrome/116.0.1938.76 Safari/537.36"
40.77.167.27 - - [15/Sep/2026:16:30:02 +0300] "GET /?sale/search/detail/?ITMCODE=519669578595 HTTP/2.0" 200 201057 "-" "Mozilla/5.0 AppleWebKit/537.36 (KHTML, like Gecko; compatible; bingbot/2.0; +http://www.bing.com/bingbot.htm) Chrome/116.0.1938.76 Safari/537.36"
40.77.167.7 - - [15/Sep/2026:16:30:01 +0300] "GET /?sale/search/detail/?ITMCODE=51998028123 HTTP/2.0" 200 195308 "-" "Mozilla/5.0 AppleWebKit/537.36 (KHTML, like Gecko; compatible; bingbot/2.0; +http://www.bing.com/bingbot.htm) Chrome/116.0.1938.76 Safari/537.36"
57.141.20.29 - - [15/Sep/2026:16:30:04 +0300] "GET /index.php/component/search/?sale/search/detail/?ITMCODE=51977155471&id=1&Itemid=437&format=opensearch HTTP/2.0" 200 584 "-" "Mozilla/5.0 (Windows NT 10.0; Win64; x64) AppleWebKit/537.36 (KHTML, like Gecko) Chrome/145.0.0.0 Safari/537.36 (compatible; meta-externalagent/1.1 (+https://developers.facebook.com/docs/sharing/webmasters/crawler))"
40.77.167.7 - - [15/Sep/2026:16:30:05 +0300] "GET /?sale/search/detail/?ITMCODE=520014865374 HTTP/2.0" 200 212664 "-" "Mozilla/5.0 AppleWebKit/537.36 (KHTML, like Gecko; compatible; bingbot/2.0; +http://www.bing.com/bingbot.htm) Chrome/116.0.1938.76 Safari/537.36"
40.77.167.4 - - [15/Sep/2026:16:30:06 +0300] "GET /?sale/search/detail/?ITMCODE=51969881966 HTTP/2.0" 200 202068 "-" "Mozilla/5.0 AppleWebKit/537.36 (KHTML, like Gecko; compatible; bingbot/2.0; +http://www.bing.com/bingbot.htm) Chrome/116.0.1938.76 Safari/537.36"
40.77.167.4 - - [15/Sep/2026:16:30:07 +0300] "GET /?sale/search/detail/?ITMCODE=52005893253 HTTP/2.0" 200 199262 "-" "Mozilla/5.0 AppleWebKit/537.36 (KHTML, like Gecko; compatible; bingbot/2.0; +http://www.bing.com/bingbot.htm) Chrome/116.0.1938.76 Safari/537.36"
52.167.144.166 - - [15/Sep/2026:16:30:10 +0300] "GET /?sale/search/detail/?ITMCODE=519710052329 HTTP/2.0" 200 211093 "-" "Mozilla/5.0 AppleWebKit/537.36 (KHTML, like Gecko; compatible; bingbot/2.0; +http://www.bing.com/bingbot.htm) Chrome/116.0.1938.76 Safari/537.36"
52.167.144.166 - - [15/Sep/2026:16:30:10 +0300] "GET /?sale/search/detail/?ITMCODE=51981805887 HTTP/2.0" 200 210807 "-" "Mozilla/5.0 AppleWebKit/537.36 (KHTML, like Gecko; compatible; bingbot/2.0; +http://www.bing.com/bingbot.htm) Chrome/116.0.1938.76 Safari/537.36"
40.77.167.3 - - [15/Sep/2026:16:30:09 +0300] "GET /?sale/search/detail/?ITMCODE=51971435354 HTTP/2.0" 200 200350 "-" "Mozilla/5.0 AppleWebKit/537.36 (KHTML, like Gecko; compatible; bingbot/2.0; +http://www.bing.com/bingbot.htm) Chrome/116.0.1938.76 Safari/537.36"
52.167.144.166 - - [15/Sep/2026:16:30:11 +0300] "GET /?sale/search/detail/?ITMCODE=52002587092 HTTP/2.0" 200 217515 "-" "Mozilla/5.0 AppleWebKit/537.36 (KHTML, like Gecko; compatible; bingbot/2.0; +http://www.bing.com/bingbot.htm) Chrome/116.0.1938.76 Safari/537.36"
52.167.144.166 - - [15/Sep/2026:16:30:12 +0300] "GET /?sale/search/detail/?ITMCODE=5199101354742 HTTP/2.0" 200 221187 "-" "Mozilla/5.0 AppleWebKit/537.36 (KHTML, like Gecko; compatible; bingbot/2.0; +http://www.bing.com/bingbot.htm) Chrome/116.0.1938.76 Safari/537.36"
52.167.144.166 - - [15/Sep/2026:16:30:12 +0300] "GET /?sale/search/detail/?ITMCODE=51981879022 HTTP/2.0" 200 202695 "-" "Mozilla/5.0 AppleWebKit/537.36 (KHTML, like Gecko; compatible; bingbot/2.0; +http://www.bing.com/bingbot.htm) Chrome/116.0.1938.76 Safari/537.36"
66.249.79.2 - - [15/Sep/2026:16:30:15 +0300] "GET /shop/customer/bookmark.php?sale/search/detail/?ITMCODE=51981961873 HTTP/1.1" 200 209116 "-" "Mozilla/5.0 (Linux; Android 6.0.1; Nexus 5X Build/MMB29P) AppleWebKit/537.36 (KHTML, like Gecko) Chrome/152.0.7977.82 Mobile Safari/537.36 (compatible; Googlebot/2.1; +http://www.google.com/bot.html)"
40.77.167.3 - - [15/Sep/2026:16:30:15 +0300] "GET /?sale/search/detail/?ITMCODE=51981705354 HTTP/2.0" 200 202430 "-" "Mozilla/5.0 AppleWebKit/537.36 (KHTML, like Gecko; compatible; bingbot/2.0; +http://www.bing.com/bingbot.htm) Chrome/116.0.1938.76 Safari/537.36"
66.249.79.3 - - [15/Sep/2026:16:30:17 +0300] "GET /index.php/paslaugos?sale/search/detail/?ITMCODE=5196886126 HTTP/1.1" 200 206287 "-" "Mozilla/5.0 (Linux; Android 6.0.1; Nexus 5X Build/MMB29P) AppleWebKit/537.36 (KHTML, like Gecko) Chrome/152.0.7977.82 Mobile Safari/537.36 (compatible; Googlebot/2.1; +http://www.google.com/bot.html)"
66.249.79.1 - - [15/Sep/2026:16:30:17 +0300] "GET /index.php/paslaugos?sale/search/detail/?ITMCODE=5196705576 HTTP/1.1" 200 215456 "-" "Mozilla/5.0 (Linux; Android 6.0.1; Nexus 5X Build/MMB29P) AppleWebKit/537.36 (KHTML, like Gecko) Chrome/152.0.7977.82 Mobile Safari/537.36 (compatible; Googlebot/2.1; +http://www.google.com/bot.html)"
40.77.167.224 - - [15/Sep/2026:16:30:17 +0300] "GET /?sale/search/detail/?ITMCODE=5195356864 HTTP/2.0" 200 202556 "-" "Mozilla/5.0 AppleWebKit/537.36 (KHTML, like Gecko; compatible; bingbot/2.0; +http://www.bing.com/bingbot.htm) Chrome/116.0.1938.76 Safari/537.36"
66.249.79.3 - - [15/Sep/2026:16:30:17 +0300] "GET /?sale/search/detail/?ITMCODE=51981757233 HTTP/1.1" 200 214815 "-" "Mozilla/5.0 (Linux; Android 6.0.1; Nexus 5X Build/MMB29P) AppleWebKit/537.36 (KHTML, like Gecko) Chrome/152.0.7977.82 Mobile Safari/537.36 (compatible; Googlebot/2.1; +http://www.google.com/bot.html)"
66.249.79.5 - - [15/Sep/2026:16:30:17 +0300] "GET /?sale/search/detail/?ITMCODE=51981547190 HTTP/1.1" 200 196212 "-" "Mozilla/5.0 (Linux; Android 6.0.1; Nexus 5X Build/MMB29P) AppleWebKit/537.36 (KHTML, like Gecko) Chrome/152.0.7977.82 Mobile Safari/537.36 (compatible; Googlebot/2.1; +http://www.google.com/bot.html)"
66.249.79.5 - - [15/Sep/2026:16:30:18 +0300] "GET /?sale/search/detail/?ITMCODE=5196862088 HTTP/1.1" 200 198095 "-" "Mozilla/5.0 (Linux; Android 6.0.1; Nexus 5X Build/MMB29P) AppleWebKit/537.36 (KHTML, like Gecko) Chrome/152.0.7977.82 Mobile Safari/537.36 (compatible; Googlebot/2.1; +http://www.google.com/bot.html)"
66.249.79.4 - - [15/Sep/2026:16:30:18 +0300] "GET /?sale/search/detail/?ITMCODE=5195258575 HTTP/1.1" 200 200595 "-" "Mozilla/5.0 (Linux; Android 6.0.1; Nexus 5X Build/MMB29P) AppleWebKit/537.36 (KHTML, like Gecko) Chrome/152.0.7977.82 Mobile Safari/537.36 (compatible; Googlebot/2.1; +http://www.google.com/bot.html)"
66.249.79.3 - - [15/Sep/2026:16:30:18 +0300] "GET /?sale/search/detail/?ITMCODE=519534608 HTTP/1.1" 200 212484 "-" "Mozilla/5.0 (Linux; Android 6.0.1; Nexus 5X Build/MMB29P) AppleWebKit/537.36 (KHTML, like Gecko) Chrome/152.0.7977.82 Mobile Safari/537.36 (compatible; Googlebot/2.1; +http://www.google.com/bot.html)"
40.77.167.27 - - [15/Sep/2026:16:30:19 +0300] "GET /?sale/search/detail/?ITMCODE=5196663347 HTTP/2.0" 200 196383 "-" "Mozilla/5.0 AppleWebKit/537.36 (KHTML, like Gecko; compatible; bingbot/2.0; +http://www.bing.com/bingbot.htm) Chrome/116.0.1938.76 Safari/537.36"
40.77.167.27 - - [15/Sep/2026:16:30:20 +0300] "GET /?sale/search/detail/?ITMCODE=51956013675 HTTP/2.0" 200 221026 "-" "Mozilla/5.0 AppleWebKit/537.36 (KHTML, like Gecko; compatible; bingbot/2.0; +http://www.bing.com/bingbot.htm) Chrome/116.0.1938.76 Safari/537.36"
66.249.79.3 - - [15/Sep/2026:16:30:20 +0300] "GET /index.php/zinynas-keliaujantiems?sale/search/detail/?ITMCODE=51992347809 HTTP/1.1" 200 212889 "-" "Mozilla/5.0 (Linux; Android 6.0.1; Nexus 5X Build/MMB29P) AppleWebKit/537.36 (KHTML, like Gecko) Chrome/152.0.7977.82 Mobile Safari/537.36 (compatible; Googlebot/2.1; +http://www.google.com/bot.html)"
66.249.79.4 - - [15/Sep/2026:16:30:20 +0300] "GET /index.php/zinynas-keliaujantiems?sale/search/detail/?ITMCODE=52002877739 HTTP/1.1" 200 207133 "-" "Mozilla/5.0 (Linux; Android 6.0.1; Nexus 5X Build/MMB29P) AppleWebKit/537.36 (KHTML, like Gecko) Chrome/152.0.7977.82 Mobile Safari/537.36 (compatible; Googlebot/2.1; +http://www.google.com/bot.html)"
40.77.167.224 - - [15/Sep/2026:16:30:19 +0300] "GET /?sale/search/detail/?ITMCODE=51992163158 HTTP/2.0" 200 200139 "-" "Mozilla/5.0 AppleWebKit/537.36 (KHTML, like Gecko; compatible; bingbot/2.0; +http://www.bing.com/bingbot.htm) Chrome/116.0.1938.76 Safari/537.36"
66.249.79.1 - - [15/Sep/2026:16:30:20 +0300] "GET /index.php/zinynas-keliaujantiems?sale/search/detail/?ITMCODE=51981872534 HTTP/1.1" 200 224901 "-" "Mozilla/5.0 (Linux; Android 6.0.1; Nexus 5X Build/MMB29P) AppleWebKit/537.36 (KHTML, like Gecko) Chrome/152.0.7977.82 Mobile Safari/537.36 (compatible; Googlebot/2.1; +http://www.google.com/bot.html)"
66.249.79.2 - - [15/Sep/2026:16:30:20 +0300] "GET /index.php/zinynas-keliaujantiems?sale/search/detail/?ITMCODE=52002701600 HTTP/1.1" 200 207117 "-" "Mozilla/5.0 (Linux; Android 6.0.1; Nexus 5X Build/MMB29P) AppleWebKit/537.36 (KHTML, like Gecko) Chrome/152.0.7977.82 Mobile Safari/537.36 (compatible; Googlebot/2.1; +http://www.google.com/bot.html)"
40.77.167.27 - - [15/Sep/2026:16:30:20 +0300] "GET /?sale/search/detail/?ITMCODE=520011645079 HTTP/2.0" 200 199755 "-" "Mozilla/5.0 AppleWebKit/537.36 (KHTML, like Gecko; compatible; bingbot/2.0; +http://www.bing.com/bingbot.htm) Chrome/116.0.1938.76 Safari/537.36"
66.249.79.2 - - [15/Sep/2026:16:30:20 +0300] "GET /index.php/zinynas-keliaujantiems?sale/search/detail/?ITMCODE=5195214070 HTTP/1.1" 200 208366 "-" "Mozilla/5.0 (Linux; Android 6.0.1; Nexus 5X Build/MMB29P) AppleWebKit/537.36 (KHTML, like Gecko) Chrome/152.0.7977.82 Mobile Safari/537.36 (compatible; Googlebot/2.1; +http://www.google.com/bot.html)"
40.77.167.27 - - [15/Sep/2026:16:30:21 +0300] "GET /?sale/search/detail/?ITMCODE=520065958174 HTTP/2.0" 200 195681 "-" "Mozilla/5.0 AppleWebKit/537.36 (KHTML, like Gecko; compatible; bingbot/2.0; +http://www.bing.com/bingbot.htm) Chrome/116.0.1938.76 Safari/537.36"
66.249.79.2 - - [15/Sep/2026:16:30:21 +0300] "GET /index.php/zinynas-keliaujantiems?sale/search/detail/?ITMCODE=51992220072 HTTP/1.1" 200 208442 "-" "Mozilla/5.0 (Linux; Android 6.0.1; Nexus 5X Build/MMB29P) AppleWebKit/537.36 (KHTML, like Gecko) Chrome/152.0.7977.82 Mobile Safari/537.36 (compatible; Googlebot/2.1; +http://www.google.com/bot.html)"
40.77.167.224 - - [15/Sep/2026:16:30:22 +0300] "GET /sale/search/detail/?ITMCODE=51981502714 HTTP/2.0" 200 202017 "-" "Mozilla/5.0 AppleWebKit/537.36 (KHTML, like Gecko; compatible; bingbot/2.0; +http://www.bing.com/bingbot.htm) Chrome/116.0.1938.76 Safari/537.36"
40.77.167.224 - - [15/Sep/2026:16:30:24 +0300] "GET /?sale/search/detail/?ITMCODE=51953034283 HTTP/2.0" 200 207944 "-" "Mozilla/5.0 AppleWebKit/537.36 (KHTML, like Gecko; compatible; bingbot/2.0; +http://www.bing.com/bingbot.htm) Chrome/116.0.1938.76 Safari/537.36"
66.249.68.38 - - [15/Sep/2026:16:30:27 +0300] "GET /index.php?sale/search/detail/?ITMCODE=5196542795 HTTP/1.1" 200 209048 "-" "Mozilla/5.0 (Linux; Android 6.0.1; Nexus 5X Build/MMB29P) AppleWebKit/537.36 (KHTML, like Gecko) Chrome/152.0.7977.82 Mobile Safari/537.36 (compatible; Googlebot/2.1; +http://www.google.com/bot.html)"
66.249.79.3 - - [15/Sep/2026:16:30:28 +0300] "GET /?sale/search/detail/?ITMCODE=52002711279 HTTP/1.1" 200 198222 "-" "Mozilla/5.0 (Linux; Android 6.0.1; Nexus 5X Build/MMB29P) AppleWebKit/537.36 (KHTML, like Gecko) Chrome/152.0.7977.82 Mobile Safari/537.36 (compatible; Googlebot/2.1; +http://www.google.com/bot.html)"
57.141.20.27 - - [15/Sep/2026:16:30:32 +0300] "GET /index.php/component/search/?sale/search/detail/?ITMCODE=519758497099&id=1&Itemid=437&format=opensearch HTTP/2.0" 200 559 "-" "Mozilla/5.0 (Macintosh; Intel Mac OS X 10_15_7) AppleWebKit/537.36 (KHTML, like Gecko) Chrome/145.0.0.0 Safari/537.36 (compatible; meta-externalagent/1.1 (+https://developers.facebook.com/docs/sharing/webmasters/crawler))"
40.77.167.3 - - [15/Sep/2026:16:30:30 +0300] "GET /?sale/search/detail/?ITMCODE=51981937410 HTTP/2.0" 200 218181 "-" "Mozilla/5.0 AppleWebKit/537.36 (KHTML, like Gecko; compatible; bingbot/2.0; +http://www.bing.com/bingbot.htm) Chrome/116.0.1938.76 Safari/537.36"
66.249.79.3 - - [15/Sep/2026:16:30:34 +0300] "GET /index.php/zinynas-keliaujantiems?sale/search/detail/?ITMCODE=51971032169 HTTP/1.1" 200 204268 "-" "Mozilla/5.0 (Linux; Android 6.0.1; Nexus 5X Build/MMB29P) AppleWebKit/537.36 (KHTML, like Gecko) Chrome/152.0.7977.82 Mobile Safari/537.36 (compatible; Googlebot/2.1; +http://www.google.com/bot.html)"
40.77.167.7 - - [15/Sep/2026:16:30:36 +0300] "GET /?sale/search/detail/?ITMCODE=51959360588 HTTP/2.0" 200 205616 "-" "Mozilla/5.0 AppleWebKit/537.36 (KHTML, like Gecko; compatible; bingbot/2.0; +http://www.bing.com/bingbot.htm) Chrome/116.0.1938.76 Safari/537.36"
66.249.79.2 - - [15/Sep/2026:16:30:37 +0300] "GET /shop/pg/1954300 HTTP/1.1" 200 195702 "-" "Mozilla/5.0 (Linux; Android 6.0.1; Nexus 5X Build/MMB29P) AppleWebKit/537.36 (KHTML, like Gecko) Chrome/152.0.7977.82 Mobile Safari/537.36 (compatible; Googlebot/2.1; +http://www.google.com/bot.html)"
40.77.167.3 - - [15/Sep/2026:16:30:36 +0300] "GET /?sale/search/detail/?ITMCODE=51974145774 HTTP/2.0" 200 202505 "-" "Mozilla/5.0 AppleWebKit/537.36 (KHTML, like Gecko; compatible; bingbot/2.0; +http://www.bing.com/bingbot.htm) Chrome/116.0.1938.76 Safari/537.36"
66.249.79.3 - - [15/Sep/2026:16:30:40 +0300] "GET /sale/search/detail/?ITMCODE=519560853 HTTP/1.1" 200 197936 "-" "Mozilla/5.0 (Linux; Android 6.0.1; Nexus 5X Build/MMB29P) AppleWebKit/537.36 (KHTML, like Gecko) Chrome/152.0.7977.82 Mobile Safari/537.36 (compatible; Googlebot/2.1; +http://www.google.com/bot.html)"
40.77.167.7 - - [15/Sep/2026:16:30:40 +0300] "GET /?sale/search/detail/?ITMCODE=51963937314 HTTP/2.0" 200 208365 "-" "Mozilla/5.0 AppleWebKit/537.36 (KHTML, like Gecko; compatible; bingbot/2.0; +http://www.bing.com/bingbot.htm) Chrome/116.0.1938.76 Safari/537.36"
66.249.79.1 - - [15/Sep/2026:16:30:41 +0300] "GET /?sale/search/detail/?ITMCODE=51971499301 HTTP/1.1" 200 200231 "-" "Mozilla/5.0 (Linux; Android 6.0.1; Nexus 5X Build/MMB29P) AppleWebKit/537.36 (KHTML, like Gecko) Chrome/152.0.7977.82 Mobile Safari/537.36 (compatible; Googlebot/2.1; +http://www.google.com/bot.html)"
40.77.167.7 - - [15/Sep/2026:16:30:44 +0300] "GET /?sale/search/detail/?ITMCODE=51977013346 HTTP/2.0" 200 195678 "-" "Mozilla/5.0 AppleWebKit/537.36 (KHTML, like Gecko; compatible; bingbot/2.0; +http://www.bing.com/bingbot.htm) Chrome/116.0.1938.76 Safari/537.36"
66.249.79.4 - - [15/Sep/2026:16:30:46 +0300] "GET /index.php/zinynas-keliaujantiems?sale/search/detail/?ITMCODE=51971461412 HTTP/1.1" 200 218729 "-" "Mozilla/5.0 (Linux; Android 6.0.1; Nexus 5X Build/MMB29P) AppleWebKit/537.36 (KHTML, like Gecko) Chrome/152.0.7977.82 Mobile Safari/537.36 (compatible; Googlebot/2.1; +http://www.google.com/bot.html)"
66.249.79.1 - - [15/Sep/2026:16:30:52 +0300] "GET /?sale/search/detail/?ITMCODE=51981931475 HTTP/1.1" 200 196642 "-" "Mozilla/5.0 (Linux; Android 6.0.1; Nexus 5X Build/MMB29P) AppleWebKit/537.36 (KHTML, like Gecko) Chrome/152.0.7977.82 Mobile Safari/537.36 (compatible; Googlebot/2.1; +http://www.google.com/bot.html)"
40.77.167.3 - - [15/Sep/2026:16:30:52 +0300] "GET /?sale/search/detail/?ITMCODE=51992261272 HTTP/2.0" 200 205717 "-" "Mozilla/5.0 AppleWebKit/537.36 (KHTML, like Gecko; compatible; bingbot/2.0; +http://www.bing.com/bingbot.htm) Chrome/116.0.1938.76 Safari/537.36"
66.249.79.2 - - [15/Sep/2026:16:30:55 +0300] "GET /?sale/search/detail/?ITMCODE=52002777569 HTTP/1.1" 200 193391 "-" "Mozilla/5.0 (Linux; Android 6.0.1; Nexus 5X Build/MMB29P) AppleWebKit/537.36 (KHTML, like Gecko) Chrome/152.0.7977.82 Mobile Safari/537.36 (compatible; Googlebot/2.1; +http://www.google.com/bot.html)"
66.249.79.3 - - [15/Sep/2026:16:30:57 +0300] "GET /index.php/zinynas-keliaujantiems?sale/search/detail/?ITMCODE=5195267686 HTTP/1.1" 200 216668 "-" "Mozilla/5.0 (Linux; Android 6.0.1; Nexus 5X Build/MMB29P) AppleWebKit/537.36 (KHTML, like Gecko) Chrome/152.0.7977.82 Mobile Safari/537.36 (compatible; Googlebot/2.1; +http://www.google.com/bot.html)"
66.249.79.1 - - [15/Sep/2026:16:30:59 +0300] "GET /?sale/search/detail/?ITMCODE=51992387408 HTTP/1.1" 200 203304 "-" "Mozilla/5.0 (Linux; Android 6.0.1; Nexus 5X Build/MMB29P) AppleWebKit/537.36 (KHTML, like Gecko) Chrome/152.0.7977.82 Mobile Safari/537.36 (compatible; Googlebot/2.1; +http://www.google.com/bot.html)"
40.77.167.4 - - [15/Sep/2026:16:31:07 +0300] "GET /?sale/search/detail/?ITMCODE=519888757113 HTTP/2.0" 200 195856 "-" "Mozilla/5.0 AppleWebKit/537.36 (KHTML, like Gecko; compatible; bingbot/2.0; +http://www.bing.com/bingbot.htm) Chrome/116.0.1938.76 Safari/537.36"
40.77.167.4 - - [15/Sep/2026:16:31:08 +0300] "GET /?sale/search/detail/?ITMCODE=51998339182 HTTP/2.0" 200 222404 "-" "Mozilla/5.0 AppleWebKit/537.36 (KHTML, like Gecko; compatible; bingbot/2.0; +http://www.bing.com/bingbot.htm) Chrome/116.0.1938.76 Safari/537.36"
40.77.167.4 - - [15/Sep/2026:16:31:09 +0300] "GET /?sale/search/detail/?ITMCODE=519770349353 HTTP/2.0" 200 195908 "-" "Mozilla/5.0 AppleWebKit/537.36 (KHTML, like Gecko; compatible; bingbot/2.0; +http://www.bing.com/bingbot.htm) Chrome/116.0.1938.76 Safari/537.36"
57.141.20.44 - - [15/Sep/2026:16:31:10 +0300] "GET /index.php/component/search/?sale/search/detail/?ITMCODE=520011923912& HTTP/2.0" 200 19807 "-" "Mozilla/5.0 (Windows NT 10.0; Win64; x64) AppleWebKit/537.36 (KHTML, like Gecko) Chrome/145.0.0.0 Safari/537.36 (compatible; meta-externalagent/1.1 (+https://developers.facebook.com/docs/sharing/webmasters/crawler))"
40.77.167.4 - - [15/Sep/2026:16:31:10 +0300] "GET /?sale/search/detail/?ITMCODE=519728468388 HTTP/2.0" 200 199640 "-" "Mozilla/5.0 AppleWebKit/537.36 (KHTML, like Gecko; compatible; bingbot/2.0; +http://www.bing.com/bingbot.htm) Chrome/116.0.1938.76 Safari/537.36"
40.77.167.4 - - [15/Sep/2026:16:31:11 +0300] "GET /?sale/search/detail/?ITMCODE=519719226261 HTTP/2.0" 200 195927 "-" "Mozilla/5.0 AppleWebKit/537.36 (KHTML, like Gecko; compatible; bingbot/2.0; +http://www.bing.com/bingbot.htm) Chrome/116.0.1938.76 Safari/537.36"
40.77.167.4 - - [15/Sep/2026:16:31:11 +0300] "GET /?sale/search/detail/?ITMCODE=519693841345 HTTP/2.0" 200 208226 "-" "Mozilla/5.0 AppleWebKit/537.36 (KHTML, like Gecko; compatible; bingbot/2.0; +http://www.bing.com/bingbot.htm) Chrome/116.0.1938.76 Safari/537.36"
114.119.142.39 - - [15/Sep/2026:16:31:16 +0300] "GET /?sale/search/detail/%3FITMCODE=5196724656 HTTP/1.1" 200 31588 "https://www.keliauk-uk.lt/?sitemap-products.xml" "Mozilla/5.0 (Linux; Android 7.0;) AppleWebKit/537.36 (HTML, like Gecko) Mobile Safari/537.36 (compatible; PetalBot;+https://webmaster.petalsearch.com/site/petalbot)"
52.167.144.166 - - [15/Sep/2026:16:31:17 +0300] "GET /?sale/search/detail/?ITMCODE=51971187764 HTTP/2.0" 200 230704 "-" "Mozilla/5.0 AppleWebKit/537.36 (KHTML, like Gecko; compatible; bingbot/2.0; +http://www.bing.com/bingbot.htm) Chrome/116.0.1938.76 Safari/537.36"
52.167.144.166 - - [15/Sep/2026:16:31:18 +0300] "GET /?sale/search/detail/?ITMCODE=519630514970 HTTP/2.0" 200 213437 "-" "Mozilla/5.0 AppleWebKit/537.36 (KHTML, like Gecko; compatible; bingbot/2.0; +http://www.bing.com/bingbot.htm) Chrome/116.0.1938.76 Safari/537.36"
52.167.144.166 - - [15/Sep/2026:16:31:19 +0300] "GET /?sale/search/detail/?ITMCODE=51953215156 HTTP/2.0" 200 207437 "-" "Mozilla/5.0 AppleWebKit/537.36 (KHTML, like Gecko; compatible; bingbot/2.0; +http://www.bing.com/bingbot.htm) Chrome/116.0.1938.76 Safari/537.36"
52.167.144.166 - - [15/Sep/2026:16:31:19 +0300] "GET /?sale/search/detail/?ITMCODE=51981559657 HTTP/2.0" 200 207648 "-" "Mozilla/5.0 AppleWebKit/537.36 (KHTML, like Gecko; compatible; bingbot/2.0; +http://www.bing.com/bingbot.htm) Chrome/116.0.1938.76 Safari/537.36"
52.167.144.166 - - [15/Sep/2026:16:31:20 +0300] "GET /?sale/search/detail/?ITMCODE=519710048170 HTTP/2.0" 200 200737 "-" "Mozilla/5.0 AppleWebKit/537.36 (KHTML, like Gecko; compatible; bingbot/2.0; +http://www.bing.com/bingbot.htm) Chrome/116.0.1938.76 Safari/537.36"
52.167.144.166 - - [15/Sep/2026:16:31:20 +0300] "GET /sale/search/detail/?ITMCODE=52002725368 HTTP/2.0" 200 215975 "-" "Mozilla/5.0 AppleWebKit/537.36 (KHTML, like Gecko; compatible; bingbot/2.0; +http://www.bing.com/bingbot.htm) Chrome/116.0.1938.76 Safari/537.36"
40.77.167.7 - - [15/Sep/2026:16:31:19 +0300] "GET /?sale/search/detail/?ITMCODE=51981798605 HTTP/2.0" 200 193326 "-" "Mozilla/5.0 AppleWebKit/537.36 (KHTML, like Gecko; compatible; bingbot/2.0; +http://www.bing.com/bingbot.htm) Chrome/116.0.1938.76 Safari/537.36"
66.249.68.38 - - [15/Sep/2026:16:31:21 +0300] "GET /index.php?sale/search/detail/?ITMCODE=51971218955 HTTP/1.1" 200 199005 "-" "Mozilla/5.0 (Linux; Android 6.0.1; Nexus 5X Build/MMB29P) AppleWebKit/537.36 (KHTML, like Gecko) Chrome/152.0.7977.82 Mobile Safari/537.36 (compatible; Googlebot/2.1; +http://www.google.com/bot.html)"
66.249.79.3 - - [15/Sep/2026:16:31:22 +0300] "GET /sale/search/detail/?ITMCODE=51981929303 HTTP/1.1" 200 226666 "-" "Mozilla/5.0 (Linux; Android 6.0.1; Nexus 5X Build/MMB29P) AppleWebKit/537.36 (KHTML, like Gecko) Chrome/152.0.7977.82 Mobile Safari/537.36 (compatible; Googlebot/2.1; +http://www.google.com/bot.html)"
57.141.20.57 - - [15/Sep/2026:16:31:25 +0300] "GET /index.php/component/search/?sale/search/detail/?ITMCODE=51992385594& HTTP/2.0" 200 19806 "-" "Mozilla/5.0 (Windows NT 10.0; Win64; x64) AppleWebKit/537.36 (KHTML, like Gecko) Chrome/145.0.0.0 Safari/537.36 (compatible; meta-externalagent/1.1 (+https://developers.facebook.com/docs/sharing/webmasters/crawler))"
40.77.167.7 - - [15/Sep/2026:16:31:25 +0300] "GET /?sale/search/detail/?ITMCODE=519539439269 HTTP/2.0" 200 206631 "-" "Mozilla/5.0 AppleWebKit/537.36 (KHTML, like Gecko; compatible; bingbot/2.0; +http://www.bing.com/bingbot.htm) Chrome/116.0.1938.76 Safari/537.36"
66.249.68.37 - - [15/Sep/2026:16:31:34 +0300] "GET /index.php?sale/search/detail/?ITMCODE=51981841756 HTTP/1.1" 200 196662 "-" "Mozilla/5.0 (Linux; Android 6.0.1; Nexus 5X Build/MMB29P) AppleWebKit/537.36 (KHTML, like Gecko) Chrome/152.0.7977.82 Mobile Safari/537.36 (compatible; Googlebot/2.1; +http://www.google.com/bot.html)"
66.249.79.2 - - [15/Sep/2026:16:31:35 +0300] "GET /index.php/paslaugos?sale/search/detail/?ITMCODE=51992427863 HTTP/1.1" 200 200126 "-" "Mozilla/5.0 (Linux; Android 6.0.1; Nexus 5X Build/MMB29P) AppleWebKit/537.36 (KHTML, like Gecko) Chrome/152.0.7977.82 Mobile Safari/537.36 (compatible; Googlebot/2.1; +http://www.google.com/bot.html)"
40.77.167.4 - - [15/Sep/2026:16:31:39 +0300] "GET /?sale/search/detail/?ITMCODE=519660889365 HTTP/2.0" 200 196291 "-" "Mozilla/5.0 AppleWebKit/537.36 (KHTML, like Gecko; compatible; bingbot/2.0; +http://www.bing.com/bingbot.htm) Chrome/116.0.1938.76 Safari/537.36"
66.249.79.1 - - [15/Sep/2026:16:31:55 +0300] "GET /index.php/zinynas-keliaujantiems?sale/search/detail/?ITMCODE=51992491712 HTTP/1.1" 200 202051 "-" "Mozilla/5.0 (Linux; Android 6.0.1; Nexus 5X Build/MMB29P) AppleWebKit/537.36 (KHTML, like Gecko) Chrome/152.0.7977.82 Mobile Safari/537.36 (compatible; Googlebot/2.1; +http://www.google.com/bot.html)"
66.249.79.1 - - [15/Sep/2026:16:31:55 +0300] "GET /index.php/zinynas-keliaujantiems?sale/search/detail/?ITMCODE=52002736015 HTTP/1.1" 200 203397 "-" "Mozilla/5.0 (Linux; Android 6.0.1; Nexus 5X Build/MMB29P) AppleWebKit/537.36 (KHTML, like Gecko) Chrome/152.0.7977.82 Mobile Safari/537.36 (compatible; Googlebot/2.1; +http://www.google.com/bot.html)"
