66.249.79.3 - - [15/Sep/2026:16:11:27 +0300] "GET /?sale/search/detail/?ITMCODE=52002575715 HTTP/1.1" 200 211457 "-" "Mozilla/5.0 (Linux; Android 6.0.1; Nexus 5X Build/MMB29P) AppleWebKit/537.36 (KHTML, like Gecko) Chrome/152.0.7977.82 Mobile Safari/537.36 (compatible; Googlebot/2.1; +http://www.google.com/bot.html)"
57.141.20.57 - - [15/Sep/2026:16:11:27 +0300] "GET /index.php/component/search/?sale/search/detail/?ITMCODE=519914360990& HTTP/2.0" 200 19807 "-" "Mozilla/5.0 (Windows NT 10.0; Win64; x64) AppleWebKit/537.36 (KHTML, like Gecko) Chrome/145.0.0.0 Safari/537.36 (compatible; meta-externalagent/1.1 (+https://developers.facebook.com/docs/sharing/webmasters/crawler))"
40.77.167.26 - - [15/Sep/2026:16:11:27 +0300] "GET /?sale/search/detail/?ITMCODE=51963650217 HTTP/2.0" 200 197800 "-" "Mozilla/5.0 AppleWebKit/537.36 (KHTML, like Gecko; compatible; bingbot/2.0; +http://www.bing.com/bingbot.htm) Chrome/116.0.1938.76 Safari/537.36"
40.77.167.55 - - [15/Sep/2026:16:11:28 +0300] "GET /?sale/search/detail/?ITMCODE=519615512858 HTTP/2.0" 200 195130 "-" "Mozilla/5.0 AppleWebKit/537.36 (KHTML, like Gecko; compatible; bingbot/2.0; +http://www.bing.com/bingbot.htm) Chrome/116.0.1938.76 Safari/537.36"
66.249.79.2 - - [15/Sep/2026:16:11:28 +0300] "GET /?sale/search/detail/?ITMCODE=51992344758 HTTP/1.1" 200 206659 "-" "Mozilla/5.0 (Linux; Android 6.0.1; Nexus 5X Build/MMB29P) AppleWebKit/537.36 (KHTML, like Gecko) Chrome/152.0.7977.82 Mobile Safari/537.36 (compatible; Googlebot/2.1; +http://www.google.com/bot.html)"
66.249.79.1 - - [15/Sep/2026:16:11:29 +0300] "GET /index.php/zinynas-keliaujantiems?sale/search/detail/?ITMCODE=52002528501 HTTP/1.1" 200 216575 "-" "Mozilla/5.0 (Linux; Android 6.0.1; Nexus 5X Build/MMB29P) AppleWebKit/537.36 (KHTML, like Gecko) Chrome/152.0.7977.82 Mobile Safari/537.36 (compatible; Googlebot/2.1; +http://www.google.com/bot.html)"
66.249.79.2 - - [15/Sep/2026:16:11:29 +0300] "GET /index.php/paslaugos?sale/search/detail/?ITMCODE=51981614054 HTTP/1.1" 200 205743 "-" "Mozilla/5.0 (Linux; Android 6.0.1; Nexus 5X Build/MMB29P) AppleWebKit/537.36 (KHTML, like Gecko) Chrome/152.0.7977.82 Mobile Safari/537.36 (compatible; Googlebot/2.1; +http://www.google.com/bot.html)"
66.249.79.3 - - [15/Sep/2026:16:11:29 +0300] "GET /index.php/paslaugos?sale/search/detail/?ITMCODE=51971333719 HTTP/1.1" 200 207666 "-" "Mozilla/5.0 (Linux; Android 6.0.1; Nexus 5X Build/MMB29P) AppleWebKit/537.36 (KHTML, like Gecko) Chrome/152.0.7977.82 Mobile Safari/537.36 (compatible; Googlebot/2.1; +http://www.google.com/bot.html)"
40.77.167.55 - - [15/Sep/2026:16:11:29 +0300] "GET /?sale/search/detail/?ITMCODE=519624526867 HTTP/2.0" 200 196847 "-" "Mozilla/5.0 AppleWebKit/537.36 (KHTML, like Gecko; compatible; bingbot/2.0; +http://www.bing.com/bingbot.htm) Chrome/116.0.1938.76 Safari/537.36"
66.249.79.2 - - [15/Sep/2026:16:11:30 +0300] "GET /?sale/search/detail/?ITMCODE=51971403070 HTTP/1.1" 200 196945 "-" "Mozilla/5.0 (Linux; Android 6.0.1; Nexus 5X Build/MMB29P) AppleWebKit/537.36 (KHTML, like Gecko) Chrome/152.0.7977.82 Mobile Safari/537.36 (compatible; Googlebot/2.1; +http://www.google.com/bot.html)"
66.249.79.2 - - [15/Sep/2026:16:11:30 +0300] "GET /index.php/paslaugos?sale/search/detail/?ITMCODE=51971125367 HTTP/1.1" 200 202580 "-" "Mozilla/5.0 (Linux; Android 6.0.1; Nexus 5X Build/MMB29P) AppleWebKit/537.36 (KHTML, like Gecko) Chrome/152.0.7977.82 Mobile Safari/537.36 (compatible; Googlebot/2.1; +http://www.google.com/bot.html)"
66.249.79.1 - - [15/Sep/2026:16:11:30 +0300] "GET /index.php/paslaugos?sale/search/detail/?ITMCODE=519585531 HTTP/1.1" 200 206247 "-" "Mozilla/5.0 (Linux; Android 6.0.1; Nexus 5X Build/MMB29P) AppleWebKit/537.36 (KHTML, like Gecko) Chrome/152.0.7977.82 Mobile Safari/537.36 (compatible; Googlebot/2.1; +http://www.google.com/bot.html)"
40.77.167.28 - - [15/Sep/2026:16:11:30 +0300] "GET /sale/search/detail/?ITMCODE=51992422638 HTTP/2.0" 200 220569 "-" "Mozilla/5.0 AppleWebKit/537.36 (KHTML, like Gecko; compatible; bingbot/2.0; +http://www.bing.com/bingbot.htm) Chrome/116.0.1938.76 Safari/537.36"
66.249.79.3 - - [15/Sep/2026:16:11:30 +0300] "GET /?sale/search/detail/?ITMCODE=51971321681 HTTP/1.1" 200 196022 "-" "Mozilla/5.0 (Linux; Android 6.0.1; Nexus 5X Build/MMB29P) AppleWebKit/537.36 (KHTML, like Gecko) Chrome/152.0.7977.82 Mobile Safari/537.36 (compatible; Googlebot/2.1; +http://www.google.com/bot.html)"
66.249.79.3 - - [15/Sep/2026:16:11:30 +0300] "GET /index.php/paslaugos?sale/search/detail/?ITMCODE=52002871099 HTTP/1.1" 200 236235 "-" "Mozilla/5.0 (Linux; Android 6.0.1; Nexus 5X Build/MMB29P) AppleWebKit/537.36 (KHTML, like Gecko) Chrome/152.0.7977.82 Mobile Safari/537.36 (compatible; Googlebot/2.1; +http://www.google.com/bot.html)"
40.77.167.55 - - [15/Sep/2026:16:11:30 +0300] "GET /?sale/search/detail/?ITMCODE=519911391276 HTTP/2.0" 200 197380 "-" "Mozilla/5.0 AppleWebKit/537.36 (KHTML, like Gecko; compatible; bingbot/2.0; +http://www.bing.com/bingbot.htm) Chrome/116.0.1938.76 Safari/537.36"
66.249.79.1 - - [15/Sep/2026:16:11:31 +0300] "GET /?sale/search/detail/?ITMCODE=51971334016 HTTP/1.1" 200 195065 "-" "Mozilla/5.0 (Linux; Android 6.0.1; Nexus 5X Build/MMB29P) AppleWebKit/537.36 (KHTML, like Gecko) Chrome/152.0.7977.82 Mobile Safari/537.36 (compatible; Googlebot/2.1; +http://www.google.com/bot.html)"
66.249.79.3 - - [15/Sep/2026:16:11:30 +0300] "GET /?sale/search/detail/?ITMCODE=5196712528 HTTP/1.1" 200 197900 "-" "Mozilla/5.0 (Linux; Android 6.0.1; Nexus 5X Build/MMB29P) AppleWebKit/537.36 (KHTML, like Gecko) Chrome/152.0.7977.82 Mobile Safari/537.36 (compatible; Googlebot/2.1; +http://www.google.com/bot.html)"
66.249.79.2 - - [15/Sep/2026:16:11:31 +0300] "GET /?sale/search/detail/?ITMCODE=51981766731 HTTP/1.1" 200 209556 "-" "Mozilla/5.0 (Linux; Android 6.0.1; Nexus 5X Build/MMB29P) AppleWebKit/537.36 (KHTML, like Gecko) Chrome/152.0.7977.82 Mobile Safari/537.36 (compatible; Googlebot/2.1; +http://www.google.com/bot.html)"
66.249.79.2 - - [15/Sep/2026:16:11:31 +0300] "GET /?sale/search/detail/?ITMCODE=51981687881 HTTP/1.1" 200 195637 "-" "Mozilla/5.0 (Linux; Android 6.0.1; Nexus 5X Build/MMB29P) AppleWebKit/537.36 (KHTML, like Gecko) Chrome/152.0.7977.82 Mobile Safari/537.36 (compatible; Googlebot/2.1; +http://www.google.com/bot.html)"
66.249.79.1 - - [15/Sep/2026:16:11:32 +0300] "GET /?sale/search/detail/?ITMCODE=51981629662 HTTP/1.1" 200 196939 "-" "Mozilla/5.0 (Linux; Android 6.0.1; Nexus 5X Build/MMB29P) AppleWebKit/537.36 (KHTML, like Gecko) Chrome/152.0.7977.82 Mobile Safari/537.36 (compatible; Googlebot/2.1; +http://www.google.com/bot.html)"
40.77.167.55 - - [15/Sep/2026:16:11:32 +0300] "GET /?sale/search/detail/?ITMCODE=519731054192 HTTP/2.0" 200 204938 "-" "Mozilla/5.0 AppleWebKit/537.36 (KHTML, like Gecko; compatible; bingbot/2.0; +http://www.bing.com/bingbot.htm) Chrome/116.0.1938.76 Safari/537.36"
40.77.167.55 - - [15/Sep/2026:16:11:32 +0300] "GET /?sale/search/detail/?ITMCODE=5196990465 HTTP/2.0" 200 210242 "-" "Mozilla/5.0 AppleWebKit/537.36 (KHTML, like Gecko; compatible; bingbot/2.0; +http://www.bing.com/bingbot.htm) Chrome/116.0.1938.76 Safari/537.36"
66.249.79.4 - - [15/Sep/2026:16:11:32 +0300] "GET /?sale/search/detail/?ITMCODE=5195116170 HTTP/1.1" 200 203685 "-" "Mozilla/5.0 (Linux; Android 6.0.1; Nexus 5X Build/MMB29P) AppleWebKit/537.36 (KHTML, like Gecko) Chrome/152.0.7977.82 Mobile Safari/537.36 (compatible; Googlebot/2.1; +http://www.google.com/bot.html)"
66.249.79.3 - - [15/Sep/2026:16:11:33 +0300] "GET /index.php/zinynas-keliaujantiems?sale/search/detail/?ITMCODE=51981611431 HTTP/1.1" 200 205964 "-" "Mozilla/5.0 (Linux; Android 6.0.1; Nexus 5X Build/MMB29P) AppleWebKit/537.36 (KHTML, like Gecko) Chrome/152.0.7977.82 Mobile Safari/537.36 (compatible; Googlebot/2.1; +http://www.google.com/bot.html)"
40.77.167.55 - - [15/Sep/2026:16:11:33 +0300] "GET /?sale/search/detail/?ITMCODE=51956072204 HTTP/2.0" 200 203535 "-" "Mozilla/5.0 AppleWebKit/537.36 (KHTML, like Gecko; compatible; bingbot/2.0; +http://www.bing.com/bingbot.htm) Chrome/116.0.1938.76 Safari/537.36"
66.249.79.5 - - [15/Sep/2026:16:11:33 +0300] "GET /?sale/search/detail/?ITMCODE=5196942851 HTTP/1.1" 200 198928 "-" "Mozilla/5.0 (Linux; Android 6.0.1; Nexus 5X Build/MMB29P) AppleWebKit/537.36 (KHTML, like Gecko) Chrome/152.0.7977.82 Mobile Safari/537.36 (compatible; Googlebot/2.1; +http://www.google.com/bot.html)"
57.141.20.30 - - [15/Sep/2026:16:11:34 +0300] "GET /index.php/component/search/?sale/search/detail/?ITMCODE=519894753421& HTTP/2.0" 200 19807 "-" "Mozilla/5.0 (Macintosh; Intel Mac OS X 10_15_7) AppleWebKit/537.36 (KHTML, like Gecko) Chrome/145.0.0.0 Safari/537.36 (compatible; meta-externalagent/1.1 (+https://developers.facebook.com/docs/sharing/webmasters/crawler))"
66.249.79.1 - - [15/Sep/2026:16:11:34 +0300] "GET /index.php/zinynas-keliaujantiems?sale/search/detail/?ITMCODE=51971045024 HTTP/1.1" 200 226765 "-" "Mozilla/5.0 (Linux; Android 6.0.1; Nexus 5X Build/MMB29P) AppleWebKit/537.36 (KHTML, like Gecko) Chrome/152.0.7977.82 Mobile Safari/537.36 (compatible; Googlebot/2.1; +http://www.google.com/bot.html)"
66.249.79.3 - - [15/Sep/2026:16:11:34 +0300] "GET /index.php/zinynas-keliaujantiems?sale/search/detail/?ITMCODE=51971214241 HTTP/1.1" 200 207317 "-" "Mozilla/5.0 (Linux; Android 6.0.1; Nexus 5X Build/MMB29P) AppleWebKit/537.36 (KHTML, like Gecko) Chrome/152.0.7977.82 Mobile Safari/537.36 (compatible; Googlebot/2.1; +http://www.google.com/bot.html)"
40.77.167.55 - - [15/Sep/2026:16:11:34 +0300] "GET /?sale/search/detail/?ITMCODE=519911427315 HTTP/2.0" 200 196306 "-" "Mozilla/5.0 AppleWebKit/537.36 (KHTML, like Gecko; compatible; bingbot/2.0; +http://www.bing.com/bingbot.htm) Chrome/116.0.1938.76 Safari/537.36"
66.249.79.1 - - [15/Sep/2026:16:11:35 +0300] "GET /index.php/zinynas-keliaujantiems?sale/search/detail/?ITMCODE=51981699457 HTTP/1.1" 200 202675 "-" "Mozilla/5.0 (Linux; Android 6.0.1; Nexus 5X Build/MMB29P) AppleWebKit/537.36 (KHTML, like Gecko) Chrome/152.0.7977.82 Mobile Safari/537.36 (compatible; Googlebot/2.1; +http://www.google.com/bot.html)"
66.249.79.1 - - [15/Sep/2026:16:11:36 +0300] "GET /index.php/zinynas-keliaujantiems?sale/search/detail/?ITMCODE=51981587916 HTTP/1.1" 200 217093 "-" "Mozilla/5.0 (Linux; Android 6.0.1; Nexus 5X Build/MMB29P) AppleWebKit/537.36 (KHTML, like Gecko) Chrome/152.0.7977.82 Mobile Safari/537.36 (compatible; Googlebot/2.1; +http://www.google.com/bot.html)"
40.77.167.55 - - [15/Sep/2026:16:11:35 +0300] "GET /?sale/search/detail/?ITMCODE=519569247740 HTTP/2.0" 200 199468 "-" "Mozilla/5.0 AppleWebKit/537.36 (KHTML, like Gecko; compatible; bingbot/2.0; +http://www.bing.com/bingbot.htm) Chrome/116.0.1938.76 Safari/537.36"
66.249.79.1 - - [15/Sep/2026:16:11:36 +0300] "GET /sale/search/detail/?ITMCODE=5196986251 HTTP/1.1" 200 221455 "-" "Mozilla/5.0 (Linux; Android 6.0.1; Nexus 5X Build/MMB29P) AppleWebKit/537.36 (KHTML, like Gecko) Chrome/152.0.7977.82 Mobile Safari/537.36 (compatible; Googlebot/2.1; +http://www.google.com/bot.html)"
66.249.79.5 - - [15/Sep/2026:16:11:37 +0300] "GET /index.php/zinynas-keliaujantiems?sale/search/detail/?ITMCODE=5195345947 HTTP/1.1" 200 207652 "-" "Mozilla/5.0 (Linux; Android 6.0.1; Nexus 5X Build/MMB29P) AppleWebKit/537.36 (KHTML, like Gecko) Chrome/152.0.7977.82 Mobile Safari/537.36 (compatible; Googlebot/2.1; +http://www.google.com/bot.html)"
40.77.167.55 - - [15/Sep/2026:16:11:37 +0300] "GET /?sale/search/detail/?ITMCODE=51995195888 HTTP/2.0" 200 200892 "-" "Mozilla/5.0 AppleWebKit/537.36 (KHTML, like Gecko; compatible; bingbot/2.0; +http://www.bing.com/bingbot.htm) Chrome/116.0.1938.76 Safari/537.36"
66.249.79.7 - - [15/Sep/2026:16:11:37 +0300] "GET /index.php/zinynas-keliaujantiems?sale/search/detail/?ITMCODE=52002527683 HTTP/1.1" 200 205573 "-" "Mozilla/5.0 (Linux; Android 6.0.1; Nexus 5X Build/MMB29P) AppleWebKit/537.36 (KHTML, like Gecko) Chrome/152.0.7977.82 Mobile Safari/537.36 (compatible; Googlebot/2.1; +http://www.google.com/bot.html)"
40.77.167.55 - - [15/Sep/2026:16:11:38 +0300] "GET /?sale/search/detail/?ITMCODE=519716375220 HTTP/2.0" 200 196478 "-" "Mozilla/5.0 AppleWebKit/537.36 (KHTML, like Gecko; compatible; bingbot/2.0; +http://www.bing.com/bingbot.htm) Chrome/116.0.1938.76 Safari/537.36"
66.249.79.5 - - [15/Sep/2026:16:11:38 +0300] "GET /index.php/zinynas-keliaujantiems?sale/search/detail/?ITMCODE=5196996244 HTTP/1.1" 200 201616 "-" "Mozilla/5.0 (Linux; Android 6.0.1; Nexus 5X Build/MMB29P) AppleWebKit/537.36 (KHTML, like Gecko) Chrome/152.0.7977.82 Mobile Safari/537.36 (compatible; Googlebot/2.1; +http://www.google.com/bot.html)"
66.249.79.2 - - [15/Sep/2026:16:11:38 +0300] "GET /index.php/zinynas-keliaujantiems?sale/search/detail/?ITMCODE=51981959920 HTTP/1.1" 200 209470 "-" "Mozilla/5.0 (Linux; Android 6.0.1; Nexus 5X Build/MMB29P) AppleWebKit/537.36 (KHTML, like Gecko) Chrome/152.0.7977.82 Mobile Safari/537.36 (compatible; Googlebot/2.1; +http://www.google.com/bot.html)"
52.167.144.25 - - [15/Sep/2026:16:11:39 +0300] "GET /?sale/search/detail/?ITMCODE=519938189568 HTTP/2.0" 200 193848 "-" "Mozilla/5.0 AppleWebKit/537.36 (KHTML, like Gecko; compatible; bingbot/2.0; +http://www.bing.com/bingbot.htm) Chrome/116.0.1938.76 Safari/537.36"
40.77.167.55 - - [15/Sep/2026:16:11:39 +0300] "GET /?sale/search/detail/?ITMCODE=520080821193 HTTP/2.0" 200 214861 "-" "Mozilla/5.0 AppleWebKit/537.36 (KHTML, like Gecko; compatible; bingbot/2.0; +http://www.bing.com/bingbot.htm) Chrome/116.0.1938.76 Safari/537.36"
52.167.144.25 - - [15/Sep/2026:16:11:40 +0300] "GET /?sale/search/detail/?ITMCODE=519788414282 HTTP/2.0" 200 198592 "-" "Mozilla/5.0 AppleWebKit/537.36 (KHTML, like Gecko; compatible; bingbot/2.0; +http://www.bing.com/bingbot.htm) Chrome/116.0.1938.76 Safari/537.36"
66.249.79.6 - - [15/Sep/2026:16:11:40 +0300] "GET /index.php/zinynas-keliaujantiems?sale/search/detail/?ITMCODE=52002950468 HTTP/1.1" 200 207672 "-" "Mozilla/5.0 (Linux; Android 6.0.1; Nexus 5X Build/MMB29P) AppleWebKit/537.36 (KHTML, like Gecko) Chrome/152.0.7977.82 Mobile Safari/537.36 (compatible; Googlebot/2.1; +http://www.google.com/bot.html)"
66.249.79.6 - - [15/Sep/2026:16:11:40 +0300] "GET /?sale/search/detail/?ITMCODE=51971300597 HTTP/1.1" 200 201954 "-" "Mozilla/5.0 (Linux; Android 6.0.1; Nexus 5X Build/MMB29P) AppleWebKit/537.36 (KHTML, like Gecko) Chrome/152.0.7977.82 Mobile Safari/537.36 (compatible; Googlebot/2.1; +http://www.google.com/bot.html)"
52.167.144.25 - - [15/Sep/2026:16:11:40 +0300] "GET /?sale/search/detail/?ITMCODE=520038576058 HTTP/2.0" 200 194340 "-" "Mozilla/5.0 AppleWebKit/537.36 (KHTML, like Gecko; compatible; bingbot/2.0; +http://www.bing.com/bingbot.htm) Chrome/116.0.1938.76 Safari/537.36"
52.167.144.25 - - [15/Sep/2026:16:11:41 +0300] "GET /?sale/search/detail/?ITMCODE=51992382760 HTTP/2.0" 200 215894 "-" "Mozilla/5.0 AppleWebKit/537.36 (KHTML, like Gecko; compatible; bingbot/2.0; +http://www.bing.com/bingbot.htm) Chrome/116.0.1938.76 Safari/537.36"
52.167.144.25 - - [15/Sep/2026:16:11:42 +0300] "GET /?sale/search/detail/?ITMCODE=519713363891 HTTP/2.0" 200 207636 "-" "Mozilla/5.0 AppleWebKit/537.36 (KHTML, like Gecko; compatible; bingbot/2.0; +http://www.bing.com/bingbot.htm) Chrome/116.0.1938.76 Safari/537.36"
66.249.79.4 - - [15/Sep/2026:16:11:42 +0300] "GET /shop/customer/bookmark.php?sale/search/detail/?ITMCODE=519514620 HTTP/1.1" 200 205878 "-" "Mozilla/5.0 (Linux; Android 6.0.1; Nexus 5X Build/MMB29P) AppleWebKit/537.36 (KHTML, like Gecko) Chrome/152.0.7977.82 Mobile Safari/537.36 (compatible; Googlebot/2.1; +http://www.google.com/bot.html)"
66.249.79.6 - - [15/Sep/2026:16:11:43 +0300] "GET /index.php/zinynas-keliaujantiems?sale/search/detail/?ITMCODE=5196561014 HTTP/1.1" 200 206026 "-" "Mozilla/5.0 (Linux; Android 6.0.1; Nexus 5X Build/MMB29P) AppleWebKit/537.36 (KHTML, like Gecko) Chrome/152.0.7977.82 Mobile Safari/537.36 (compatible; Googlebot/2.1; +http://www.google.com/bot.html)"
114.119.152.47 - - [15/Sep/2026:16:11:44 +0300] "GET /?sale/search/detail/%3FITMCODE=5196764549 HTTP/1.1" 200 31588 "https://www.keliauk-uk.lt/?sitemap-products.xml" "Mozilla/5.0 (Linux; Android 7.0;) AppleWebKit/537.36 (HTML, like Gecko) Mobile Safari/537.36 (compatible; PetalBot;+https://webmaster.petalsearch.com/site/petalbot)"
66.249.79.1 - - [15/Sep/2026:16:11:45 +0300] "GET /index.php/zinynas-keliaujantiems?sale/search/detail/?ITMCODE=5196587592 HTTP/1.1" 200 203649 "-" "Mozilla/5.0 (Linux; Android 6.0.1; Nexus 5X Build/MMB29P) AppleWebKit/537.36 (KHTML, like Gecko) Chrome/152.0.7977.82 Mobile Safari/537.36 (compatible; Googlebot/2.1; +http://www.google.com/bot.html)"
52.167.144.161 - - [15/Sep/2026:16:11:45 +0300] "GET /?sale/search/detail/?ITMCODE=51971424241 HTTP/2.0" 200 220468 "-" "Mozilla/5.0 AppleWebKit/537.36 (KHTML, like Gecko; compatible; bingbot/2.0; +http://www.bing.com/bingbot.htm) Chrome/116.0.1938.76 Safari/537.36"
52.167.144.161 - - [15/Sep/2026:16:11:46 +0300] "GET /?sale/search/detail/?ITMCODE=51981710725 HTTP/2.0" 200 202024 "-" "Mozilla/5.0 AppleWebKit/537.36 (KHTML, like Gecko; compatible; bingbot/2.0; +http://www.bing.com/bingbot.htm) Chrome/116.0.1938.76 Safari/537.36"
52.167.144.161 - - [15/Sep/2026:16:11:47 +0300] "GET /?sale/search/detail/?ITMCODE=52002571521 HTTP/2.0" 200 205043 "-" "Mozilla/5.0 AppleWebKit/537.36 (KHTML, like Gecko; compatible; bingbot/2.0; +http://www.bing.com/bingbot.htm) Chrome/116.0.1938.76 Safari/537.36"
40.77.167.55 - - [15/Sep/2026:16:11:47 +0300] "GET /?sale/search/detail/?ITMCODE=51992437252 HTTP/2.0" 200 200783 "-" "Mozilla/5.0 AppleWebKit/537.36 (KHTML, like Gecko; compatible; bingbot/2.0; +http://www.bing.com/bingbot.htm) Chrome/116.0.1938.76 Safari/537.36"
52.167.144.161 - - [15/Sep/2026:16:11:48 +0300] "GET /?sale/search/detail/?ITMCODE=51971074595 HTTP/2.0" 200 206254 "-" "Mozilla/5.0 AppleWebKit/537.36 (KHTML, like Gecko; compatible; bingbot/2.0; +http://www.bing.com/bingbot.htm) Chrome/116.0.1938.76 Safari/537.36"
93.159.230.85 - - [15/Sep/2026:16:11:49 +0300] "GET / HTTP/1.1" 200 31517 "-" "Mozilla/5.0 (Linux; arm_64; Android 12; CPH2205) AppleWebKit/537.36 (KHTML, like Gecko) Chrome/110.0.0.0 YaBrowser/23.3.3.86.00 SA/3 Mobile Safari/537.36"
52.167.144.161 - - [15/Sep/2026:16:11:49 +0300] "GET /?sale/search/detail/?ITMCODE=51992235828 HTTP/2.0" 200 222790 "-" "Mozilla/5.0 AppleWebKit/537.36 (KHTML, like Gecko; compatible; bingbot/2.0; +http://www.bing.com/bingbot.htm) Chrome/116.0.1938.76 Safari/537.36"
40.77.167.55 - - [15/Sep/2026:16:11:49 +0300] "GET /?sale/search/detail/?ITMCODE=51984647506 HTTP/2.0" 200 200234 "-" "Mozilla/5.0 AppleWebKit/537.36 (KHTML, like Gecko; compatible; bingbot/2.0; +http://www.bing.com/bingbot.htm) Chrome/116.0.1938.76 Safari/537.36"
52.167.144.161 - - [15/Sep/2026:16:11:49 +0300] "GET /?sale/search/detail/?ITMCODE=51981863862 HTTP/2.0" 200 205542 "-" "Mozilla/5.0 AppleWebKit/537.36 (KHTML, like Gecko; compatible; bingbot/2.0; +http://www.bing.com/bingbot.htm) Chrome/116.0.1938.76 Safari/537.36"
40.77.167.55 - - [15/Sep/2026:16:11:50 +0300] "GET /?sale/search/detail/?ITMCODE=51992066992 HTTP/2.0" 200 199290 "-" "Mozilla/5.0 AppleWebKit/537.36 (KHTML, like Gecko; compatible; bingbot/2.0; +http://www.bing.com/bingbot.htm) Chrome/116.0.1938.76 Safari/537.36"
52.167.144.161 - - [15/Sep/2026:16:11:50 +0300] "GET /?sale/search/detail/?ITMCODE=51971260080 HTTP/2.0" 200 220098 "-" "Mozilla/5.0 AppleWebKit/537.36 (KHTML, like Gecko; compatible; bingbot/2.0; +http://www.bing.com/bingbot.htm) Chrome/116.0.1938.76 Safari/537.36"
40.77.167.55 - - [15/Sep/2026:16:11:51 +0300] "GET /?sale/search/detail/?ITMCODE=51956327440 HTTP/2.0" 200 207068 "-" "Mozilla/5.0 AppleWebKit/537.36 (KHTML, like Gecko; compatible; bingbot/2.0; +http://www.bing.com/bingbot.htm) Chrome/116.0.1938.76 Safari/537.36"
52.167.144.25 - - [15/Sep/2026:16:11:51 +0300] "GET /?sale/search/detail/?ITMCODE=52008677832 HTTP/2.0" 200 196621 "-" "Mozilla/5.0 AppleWebKit/537.36 (KHTML, like Gecko; compatible; bingbot/2.0; +http://www.bing.com/bingbot.htm) Chrome/116.0.1938.76 Safari/537.36"
40.77.167.55 - - [15/Sep/2026:16:11:52 +0300] "GET /?sale/search/detail/?ITMCODE=52008880190 HTTP/2.0" 200 209090 "-" "Mozilla/5.0 AppleWebKit/537.36 (KHTML, like Gecko; compatible; bingbot/2.0; +http://www.bing.com/bingbot.htm) Chrome/116.0.1938.76 Safari/537.36"
66.249.79.1 - - [15/Sep/2026:16:11:52 +0300] "GET /?sale/search/detail/?ITMCODE=5195276369 HTTP/1.1" 200 205390 "-" "Mozilla/5.0 (Linux; Android 6.0.1; Nexus 5X Build/MMB29P) AppleWebKit/537.36 (KHTML, like Gecko) Chrome/152.0.7977.82 Mobile Safari/537.36 (compatible; Googlebot/2.1; +http://www.google.com/bot.html)"
52.167.144.25 - - [15/Sep/2026:16:11:52 +0300] "GET /?sale/search/detail/?ITMCODE=51971388930 HTTP/2.0" 200 203769 "-" "Mozilla/5.0 AppleWebKit/537.36 (KHTML, like Gecko; compatible; bingbot/2.0; +http://www.bing.com/bingbot.htm) Chrome/116.0.1938.76 Safari/537.36"
52.167.144.25 - - [15/Sep/2026:16:11:53 +0300] "GET /?sale/search/detail/?ITMCODE=51974219713 HTTP/2.0" 200 208307 "-" "Mozilla/5.0 AppleWebKit/537.36 (KHTML, like Gecko; compatible; bingbot/2.0; +http://www.bing.com/bingbot.htm) Chrome/116.0.1938.76 Safari/537.36"
66.249.79.7 - - [15/Sep/2026:16:11:55 +0300] "GET /?sale/search/detail/?ITMCODE=51981554897 HTTP/1.1" 200 197522 "-" "Mozilla/5.0 (Linux; Android 6.0.1; Nexus 5X Build/MMB29P) AppleWebKit/537.36 (KHTML, like Gecko) Chrome/152.0.7977.82 Mobile Safari/537.36 (compatible; Googlebot/2.1; +http://www.google.com/bot.html)"
66.249.79.4 - - [15/Sep/2026:16:11:56 +0300] "GET /?sale/search/detail/?ITMCODE=5195286356 HTTP/1.1" 200 202074 "-" "Mozilla/5.0 (Linux; Android 6.0.1; Nexus 5X Build/MMB29P) AppleWebKit/537.36 (KHTML, like Gecko) Chrome/152.0.7977.82 Mobile Safari/537.36 (compatible; Googlebot/2.1; +http://www.google.com/bot.html)"
40.77.167.26 - - [15/Sep/2026:16:11:57 +0300] "GET /?sale/search/detail/?ITMCODE=520011983663 HTTP/2.0" 200 199216 "-" "Mozilla/5.0 AppleWebKit/537.36 (KHTML, like Gecko; compatible; bingbot/2.0; +http://www.bing.com/bingbot.htm) Chrome/116.0.1938.76 Safari/537.36"
57.141.20.62 - - [15/Sep/2026:16:11:58 +0300] "GET /index.php/component/search/?sale/search/detail/?ITMCODE=520017626103& HTTP/2.0" 200 19807 "-" "Mozilla/5.0 (Windows NT 10.0; Win64; x64) AppleWebKit/537.36 (KHTML, like Gecko) Chrome/145.0.0.0 Safari/537.36 (compatible; meta-externalagent/1.1 (+https://developers.facebook.com/docs/sharing/webmasters/crawler))"
40.77.167.26 - - [15/Sep/2026:16:11:58 +0300] "GET /?sale/search/detail/?ITMCODE=51966999686 HTTP/2.0" 200 212079 "-" "Mozilla/5.0 AppleWebKit/537.36 (KHTML, like Gecko; compatible; bingbot/2.0; +http://www.bing.com/bingbot.htm) Chrome/116.0.1938.76 Safari/537.36"
40.77.167.26 - - [15/Sep/2026:16:12:00 +0300] "GET /?sale/search/detail/?ITMCODE=52002940458 HTTP/2.0" 200 213034 "-" "Mozilla/5.0 AppleWebKit/537.36 (KHTML, like Gecko; compatible; bingbot/2.0; +http://www.bing.com/bingbot.htm) Chrome/116.0.1938.76 Safari/537.36"
57.141.20.28 - - [15/Sep/2026:16:12:00 +0300] "GET /index.php/component/search/?sale/search/detail/?ITMCODE=5195458762&format=opensearch HTTP/2.0" 200 533 "-" "Mozilla/5.0 (Macintosh; Intel Mac OS X 10_15_7) AppleWebKit/537.36 (KHTML, like Gecko) Chrome/145.0.0.0 Safari/537.36 (compatible; meta-externalagent/1.1 (+https://developers.facebook.com/docs/sharing/webmasters/crawler))"
40.77.167.26 - - [15/Sep/2026:16:12:01 +0300] "GET /?sale/search/detail/?ITMCODE=51963841228 HTTP/2.0" 200 198568 "-" "Mozilla/5.0 AppleWebKit/537.36 (KHTML, like Gecko; compatible; bingbot/2.0; +http://www.bing.com/bingbot.htm) Chrome/116.0.1938.76 Safari/537.36"
40.77.167.28 - - [15/Sep/2026:16:12:01 +0300] "GET /?shop/c/c519810006/ HTTP/2.0" 200 271885 "-" "Mozilla/5.0 AppleWebKit/537.36 (KHTML, like Gecko; compatible; bingbot/2.0; +http://www.bing.com/bingbot.htm) Chrome/116.0.1938.76 Safari/537.36"
57.141.20.44 - - [15/Sep/2026:16:12:03 +0300] "GET /index.php/component/search/?sale/search/detail/?ITMCODE=520074810083&id=1&Itemid=437&format=opensearch HTTP/2.0" 200 559 "-" "Mozilla/5.0 (Windows NT 10.0; Win64; x64) AppleWebKit/537.36 (KHTML, like Gecko) Chrome/145.0.0.0 Safari/537.36 (compatible; meta-externalagent/1.1 (+https://developers.facebook.com/docs/sharing/webmasters/crawler))"
66.249.79.1 - - [15/Sep/2026:16:12:05 +0300] "GET /index.php/zinynas-keliaujantiems?sale/search/detail/?ITMCODE=51992352772 HTTP/1.1" 200 208475 "-" "Mozilla/5.0 (Linux; Android 6.0.1; Nexus 5X Build/MMB29P) AppleWebKit/537.36 (KHTML, like Gecko) Chrome/152.0.7977.82 Mobile Safari/537.36 (compatible; Googlebot/2.1; +http://www.google.com/bot.html)"
66.249.79.7 - - [15/Sep/2026:16:12:05 +0300] "GET /sale/search/detail/?ITMCODE=52002756484 HTTP/1.1" 200 194886 "-" "Mozilla/5.0 (Linux; Android 6.0.1; Nexus 5X Build/MMB29P) AppleWebKit/537.36 (KHTML, like Gecko) Chrome/152.0.7977.82 Mobile Safari/537.36 (compatible; Googlebot/2.1; +http://www.google.com/bot.html)"
57.141.20.37 - - [15/Sep/2026:16:12:11 +0300] "GET /index.php/component/search/?sale/search/detail/?ITMCODE=519843805927&format=opensearch HTTP/2.0" 200 535 "-" "Mozilla/5.0 (Windows NT 10.0; Win64; x64) AppleWebKit/537.36 (KHTML, like Gecko) Chrome/145.0.0.0 Safari/537.36 (compatible; meta-externalagent/1.1 (+https://developers.facebook.com/docs/sharing/webmasters/crawler))"
40.77.167.55 - - [15/Sep/2026:16:12:13 +0300] "GET /?sale/search/detail/?ITMCODE=519911234539 HTTP/2.0" 200 200849 "-" "Mozilla/5.0 AppleWebKit/537.36 (KHTML, like Gecko; compatible; bingbot/2.0; +http://www.bing.com/bingbot.htm) Chrome/116.0.1938.76 Safari/537.36"
57.141.20.3 - - [15/Sep/2026:16:12:14 +0300] "GET /index.php/component/search/?sale/search/detail/?ITMCODE=519810641683& HTTP/2.0" 200 19807 "-" "Mozilla/5.0 (Windows NT 10.0; Win64; x64) AppleWebKit/537.36 (KHTML, like Gecko) Chrome/145.0.0.0 Safari/537.36 (compatible; meta-externalagent/1.1 (+https://developers.facebook.com/docs/sharing/webmasters/crawler))"
57.141.20.62 - - [15/Sep/2026:16:12:15 +0300] "GET /index.php/component/search/?sale/search/detail/?ITMCODE=51987909435& HTTP/2.0" 200 19806 "-" "Mozilla/5.0 (Windows NT 10.0; Win64; x64) AppleWebKit/537.36 (KHTML, like Gecko) Chrome/145.0.0.0 Safari/537.36 (compatible; meta-externalagent/1.1 (+https://developers.facebook.com/docs/sharing/webmasters/crawler))"
57.141.20.73 - - [15/Sep/2026:16:12:16 +0300] "GET /index.php/component/search/?sale/search/detail/?ITMCODE=519716398706& HTTP/2.0" 200 19807 "-" "Mozilla/5.0 (Windows NT 10.0; Win64; x64) AppleWebKit/537.36 (KHTML, like Gecko) Chrome/145.0.0.0 Safari/537.36 (compatible; meta-externalagent/1.1 (+https://developers.facebook.com/docs/sharing/webmasters/crawler))"
66.249.79.4 - - [15/Sep/2026:16:12:48 +0300] "GET /?sale/search/detail/?ITMCODE=52002919932 HTTP/1.1" 200 209044 "-" "Mozilla/5.0 (Linux; Android 6.0.1; Nexus 5X Build/MMB29P) AppleWebKit/537.36 (KHTML, like Gecko) Chrome/152.0.7977.82 Mobile Safari/537.36 (compatible; Googlebot/2.1; +http://www.google.com/bot.html)"
57.141.20.54 - - [15/Sep/2026:16:12:57 +0300] "GET /index.php/component/search/?sale/search/detail/?ITMCODE=52005586229& HTTP/2.0" 200 19806 "-" "Mozilla/5.0 (Windows NT 10.0; Win64; x64) AppleWebKit/537.36 (KHTML, like Gecko) Chrome/145.0.0.0 Safari/537.36 (compatible; meta-externalagent/1.1 (+https://developers.facebook.com/docs/sharing/webmasters/crawler))"
57.141.20.0 - - [15/Sep/2026:16:13:04 +0300] "GET /index.php/component/search/?sale/search/detail/?ITMCODE=51995274705& HTTP/2.0" 200 19806 "-" "Mozilla/5.0 (Windows NT 10.0; Win64; x64) AppleWebKit/537.36 (KHTML, like Gecko) Chrome/145.0.0.0 Safari/537.36 (compatible; meta-externalagent/1.1 (+https://developers.facebook.com/docs/sharing/webmasters/crawler))"
66.249.79.5 - - [15/Sep/2026:16:13:05 +0300] "GET /index.php/paslaugos?sale/search/detail/?ITMCODE=51992446374 HTTP/1.1" 200 200863 "-" "Mozilla/5.0 (Linux; Android 6.0.1; Nexus 5X Build/MMB29P) AppleWebKit/537.36 (KHTML, like Gecko) Chrome/152.0.7977.82 Mobile Safari/537.36 (compatible; Googlebot/2.1; +http://www.google.com/bot.html)"
114.119.152.47 - - [15/Sep/2026:16:13:06 +0300] "GET /?sale/search/detail/%3FITMCODE=5196761641 HTTP/1.1" 200 31588 "https://www.keliauk-uk.lt/?sitemap-products.xml" "Mozilla/5.0 (Linux; Android 7.0;) AppleWebKit/537.36 (HTML, like Gecko) Mobile Safari/537.36 (compatible; PetalBot;+https://webmaster.petalsearch.com/site/petalbot)"
57.141.20.9 - - [15/Sep/2026:16:13:09 +0300] "GET /index.php/component/search/?sale/search/detail/?ITMCODE=519944076967&format=opensearch HTTP/2.0" 200 535 "-" "Mozilla/5.0 (Windows NT 10.0; Win64; x64) AppleWebKit/537.36 (KHTML, like Gecko) Chrome/145.0.0.0 Safari/537.36 (compatible; meta-externalagent/1.1 (+https://developers.facebook.com/docs/sharing/webmasters/crawler))"
66.249.79.1 - - [15/Sep/2026:16:13:10 +0300] "GET /index.php/paslaugos?sale/search/detail/?ITMCODE=5196513379 HTTP/1.1" 200 201848 "-" "Mozilla/5.0 (Linux; Android 6.0.1; Nexus 5X Build/MMB29P) AppleWebKit/537.36 (KHTML, like Gecko) Chrome/152.0.7977.82 Mobile Safari/537.36 (compatible; Googlebot/2.1; +http://www.google.com/bot.html)"
66.249.79.3 - - [15/Sep/2026:16:13:20 +0300] "GET /sale/search/detail/?ITMCODE=51992137472 HTTP/1.1" 200 218390 "-" "Mozilla/5.0 (Linux; Android 6.0.1; Nexus 5X Build/MMB29P) AppleWebKit/537.36 (KHTML, like Gecko) Chrome/152.0.7977.82 Mobile Safari/537.36 (compatible; Googlebot/2.1; +http://www.google.com/bot.html)"
66.249.79.2 - - [15/Sep/2026:16:13:34 +0300] "GET /sale/search/detail/?ITMCODE=5195230290 HTTP/1.1" 200 212093 "-" "Mozilla/5.0 (Linux; Android 6.0.1; Nexus 5X Build/MMB29P) AppleWebKit/537.36 (KHTML, like Gecko) Chrome/152.0.7977.82 Mobile Safari/537.36 (compatible; Googlebot/2.1; +http://www.google.com/bot.html)"
57.141.20.27 - - [15/Sep/2026:16:13:44 +0300] "GET /index.php/component/search/?sale/search/detail/?ITMCODE=51953072217& HTTP/2.0" 200 19806 "-" "Mozilla/5.0 (Windows NT 10.0; Win64; x64) AppleWebKit/537.36 (KHTML, like Gecko) Chrome/145.0.0.0 Safari/537.36 (compatible; meta-externalagent/1.1 (+https://developers.facebook.com/docs/sharing/webmasters/crawler))"
66.249.79.1 - - [15/Sep/2026:16:13:51 +0300] "GET /sale/search/detail/?ITMCODE=51981882011 HTTP/1.1" 200 194914 "-" "Mozilla/5.0 (Linux; Android 6.0.1; Nexus 5X Build/MMB29P) AppleWebKit/537.36 (KHTML, like Gecko) Chrome/152.0.7977.82 Mobile Safari/537.36 (compatible; Googlebot/2.1; +http://www.google.com/bot.html)"
57.141.20.60 - - [15/Sep/2026:16:14:07 +0300] "GET /index.php/component/search/?sale/search/detail/?ITMCODE=51956123407& HTTP/2.0" 200 19806 "-" "Mozilla/5.0 (X11; Linux x86_64) AppleWebKit/537.36 (KHTML, like Gecko) Chrome/145.0.0.0 Safari/537.36 (compatible; meta-externalagent/1.1 (+https://developers.facebook.com/docs/sharing/webmasters/crawler))"
66.249.79.3 - - [15/Sep/2026:16:14:08 +0300] "GET /shop/customer/bookmark.php?sale/search/detail/?ITMCODE=51981912370 HTTP/1.1" 200 213314 "-" "Mozilla/5.0 (Linux; Android 6.0.1; Nexus 5X Build/MMB29P) AppleWebKit/537.36 (KHTML, like Gecko) Chrome/152.0.7977.82 Mobile Safari/537.36 (compatible; Googlebot/2.1; +http://www.google.com/bot.html)"
66.249.79.1 - - [15/Sep/2026:16:14:25 +0300] "GET /shop/customer/bookmark.php?sale/search/detail/?ITMCODE=51971212461 HTTP/1.1" 200 206419 "-" "Mozilla/5.0 (Linux; Android 6.0.1; Nexus 5X Build/MMB29P) AppleWebKit/537.36 (KHTML, like Gecko) Chrome/152.0.7977.82 Mobile Safari/537.36 (compatible; Googlebot/2.1; +http://www.google.com/bot.html)"
57.141.20.54 - - [15/Sep/2026:16:14:27 +0300] "GET /?sale/search/detail/?ITMCODE=51977338709 HTTP/2.0" 200 31680 "-" "Mozilla/5.0 (Macintosh; Intel Mac OS X 10_15_7) AppleWebKit/537.36 (KHTML, like Gecko) Chrome/145.0.0.0 Safari/537.36 (compatible; meta-externalagent/1.1 (+https://developers.facebook.com/docs/sharing/webmasters/crawler))"
114.119.158.46 - - [15/Sep/2026:16:14:31 +0300] "GET /?sale/search/detail/%3FITMCODE=5196758742 HTTP/1.1" 200 31588 "https://www.keliauk-uk.lt/?sitemap-products.xml" "Mozilla/5.0 (Linux; Android 7.0;) AppleWebKit/537.36 (HTML, like Gecko) Mobile Safari/537.36 (compatible; PetalBot;+https://webmaster.petalsearch.com/site/petalbot)"
57.141.20.43 - - [15/Sep/2026:16:14:46 +0300] "GET /index.php/component/search/?sale/search/detail/?ITMCODE=519696894618& HTTP/2.0" 200 19807 "-" "Mozilla/5.0 (Windows NT 10.0; Win64; x64) AppleWebKit/537.36 (KHTML, like Gecko) Chrome/145.0.0.0 Safari/537.36 (compatible; meta-externalagent/1.1 (+https://developers.facebook.com/docs/sharing/webmasters/crawler))"
185.191.171.18 - - [15/Sep/2026:16:14:47 +0300] "GET /robots.txt HTTP/1.1" 200 116 "-" "Mozilla/5.0 (compatible; SemrushBot/7~bl; +http://www.semrush.com/bot.html)"
66.249.68.39 - - [15/Sep/2026:16:14:47 +0300] "GET /index.php?sale/search/detail/?ITMCODE=52002519588 HTTP/1.1" 200 198810 "-" "Mozilla/5.0 (Linux; Android 6.0.1; Nexus 5X Build/MMB29P) AppleWebKit/537.36 (KHTML, like Gecko) Chrome/152.0.7977.82 Mobile Safari/537.36 (compatible; Googlebot/2.1; +http://www.google.com/bot.html)"
185.191.171.1 - - [15/Sep/2026:16:14:48 +0300] "GET /?sale%2Fsearch%2Fdetail%2F%3FITMCODE=520017963543 HTTP/1.1" 200 31562 "-" "Mozilla/5.0 (compatible; SemrushBot/7~bl; +http://www.semrush.com/bot.html)"
66.249.68.38 - - [15/Sep/2026:16:15:13 +0300] "GET /index.php?sale/search/detail/?ITMCODE=51971109467 HTTP/1.1" 200 208306 "-" "Mozilla/5.0 (Linux; Android 6.0.1; Nexus 5X Build/MMB29P) AppleWebKit/537.36 (KHTML, like Gecko) Chrome/152.0.7977.82 Mobile Safari/537.36 (compatible; Googlebot/2.1; +http://www.google.com/bot.html)"
66.249.79.3 - - [15/Sep/2026:16:15:41 +0300] "GET /?sale/search/detail/?ITMCODE=51971026977 HTTP/1.1" 200 210248 "-" "Mozilla/5.0 (Linux; Android 6.0.1; Nexus 5X Build/MMB29P) AppleWebKit/537.36 (KHTML, like Gecko) Chrome/152.0.7977.82 Mobile Safari/537.36 (compatible; Googlebot/2.1; +http://www.google.com/bot.html)"
57.141.20.62 - - [15/Sep/2026:16:15:42 +0300] "GET /index.php/component/search/?sale/search/detail/?ITMCODE=520080626403& HTTP/2.0" 200 19807 "-" "Mozilla/5.0 (Windows NT 10.0; Win64; x64) AppleWebKit/537.36 (KHTML, like Gecko) Chrome/145.0.0.0 Safari/537.36 (compatible; meta-externalagent/1.1 (+https://developers.facebook.com/docs/sharing/webmasters/crawler))"
66.249.79.1 - - [15/Sep/2026:16:15:50 +0300] "GET /?sale/search/detail/?ITMCODE=51971241564 HTTP/1.1" 200 195939 "-" "Mozilla/5.0 (Linux; Android 6.0.1; Nexus 5X Build/MMB29P) AppleWebKit/537.36 (KHTML, like Gecko) Chrome/152.0.7977.82 Mobile Safari/537.36 (compatible; Googlebot/2.1; +http://www.google.com/bot.html)"
114.119.154.166 - - [15/Sep/2026:16:15:55 +0300] "GET /?sale/search/detail/%3FITMCODE=5196755852 HTTP/1.1" 200 31588 "https://www.keliauk-uk.lt/?sitemap-products.xml" "Mozilla/5.0 (Linux; Android 7.0;) AppleWebKit/537.36 (HTML, like Gecko) Mobile Safari/537.36 (compatible; PetalBot;+https://webmaster.petalsearch.com/site/petalbot)"
66.249.79.3 - - [15/Sep/2026:16:16:09 +0300] "GET /?sale/search/detail/?ITMCODE=5195456480 HTTP/1.1" 200 196445 "-" "Mozilla/5.0 (Linux; Android 6.0.1; Nexus 5X Build/MMB29P) AppleWebKit/537.36 (KHTML, like Gecko) Chrome/152.0.7977.82 Mobile Safari/537.36 (compatible; Googlebot/2.1; +http://www.google.com/bot.html)"
57.141.20.52 - - [15/Sep/2026:16:16:19 +0300] "GET /index.php/component/search/?sale/search/detail/?ITMCODE=5196935838& HTTP/2.0" 200 19805 "-" "Mozilla/5.0 (Macintosh; Intel Mac OS X 10_15_7) AppleWebKit/537.36 (KHTML, like Gecko) Chrome/145.0.0.0 Safari/537.36 (compatible; meta-externalagent/1.1 (+https://developers.facebook.com/docs/sharing/webmasters/crawler))"
57.141.20.45 - - [15/Sep/2026:16:16:21 +0300] "GET /templates/shaper_helix3/js/jquery.sticky.js HTTP/2.0" 200 5739 "https://keliauk-uk.lt.testams.vhost.lt/index.php/component/search/?sale/search/detail/?ITMCODE=5196935838&" "Mozilla/5.0 (Macintosh; Intel Mac OS X 10_15_7) AppleWebKit/537.36 (KHTML, like Gecko) Chrome/145.0.0.0 Safari/537.36 (compatible; meta-externalagent/1.1 (+https://developers.facebook.com/docs/sharing/webmasters/crawler))"
57.141.20.18 - - [15/Sep/2026:16:16:23 +0300] "GET /index.php/component/search/?sale/search/detail/?ITMCODE=519752316003&id=1&Itemid=437&format=opensearch HTTP/2.0" 200 559 "-" "Mozilla/5.0 (Windows NT 10.0; Win64; x64) AppleWebKit/537.36 (KHTML, like Gecko) Chrome/145.0.0.0 Safari/537.36 (compatible; meta-externalagent/1.1 (+https://developers.facebook.com/docs/sharing/webmasters/crawler))"
66.249.79.2 - - [15/Sep/2026:16:17:16 +0300] "GET /?sale/search/detail/?ITMCODE=51971153620 HTTP/1.1" 200 230039 "-" "Mozilla/5.0 (Linux; Android 6.0.1; Nexus 5X Build/MMB29P) AppleWebKit/537.36 (KHTML, like Gecko) Chrome/152.0.7977.82 Mobile Safari/537.36 (compatible; Googlebot/2.1; +http://www.google.com/bot.html)"
114.119.158.46 - - [15/Sep/2026:16:17:17 +0300] "GET /?sale/search/detail/%3FITMCODE=5196752971 HTTP/1.1" 200 31588 "https://www.keliauk-uk.lt/?sitemap-products.xml" "Mozilla/5.0 (Linux; Android 7.0;) AppleWebKit/537.36 (HTML, like Gecko) Mobile Safari/537.36 (compatible; PetalBot;+https://webmaster.petalsearch.com/site/petalbot)"
57.141.20.39 - - [15/Sep/2026:16:17:21 +0300] "GET /index.php/component/search/?sale/search/detail/?ITMCODE=51987597442& HTTP/2.0" 200 19806 "-" "Mozilla/5.0 (Windows NT 10.0; Win64; x64) AppleWebKit/537.36 (KHTML, like Gecko) Chrome/145.0.0.0 Safari/537.36 (compatible; meta-externalagent/1.1 (+https://developers.facebook.com/docs/sharing/webmasters/crawler))"
57.141.20.37 - - [15/Sep/2026:16:17:23 +0300] "GET /presets/.css HTTP/2.0" 404 1461 "https://keliauk-uk.lt.testams.vhost.lt/index.php/component/search/?sale/search/detail/?ITMCODE=51987597442&" "Mozilla/5.0 (Windows NT 10.0; Win64; x64) AppleWebKit/537.36 (KHTML, like Gecko) Chrome/145.0.0.0 Safari/537.36 (compatible; meta-externalagent/1.1 (+https://developers.facebook.com/docs/sharing/webmasters/crawler))"
57.141.20.7 - - [15/Sep/2026:16:17:25 +0300] "GET /index.php/component/search/?sale/search/detail/?ITMCODE=519950005973& HTTP/2.0" 200 19729 "-" "Mozilla/5.0 (Windows NT 10.0; Win64; x64) AppleWebKit/537.36 (KHTML, like Gecko) Chrome/145.0.0.0 Safari/537.36 (compatible; meta-externalagent/1.1 (+https://developers.facebook.com/docs/sharing/webmasters/crawler))"
57.141.20.73 - - [15/Sep/2026:16:17:27 +0300] "GET /presets/.css HTTP/2.0" 404 1448 "https://www.keliauk-uk.lt/index.php/component/search/?sale/search/detail/?ITMCODE=519950005973&" "Mozilla/5.0 (Windows NT 10.0; Win64; x64) AppleWebKit/537.36 (KHTML, like Gecko) Chrome/145.0.0.0 Safari/537.36 (compatible; meta-externalagent/1.1 (+https://developers.facebook.com/docs/sharing/webmasters/crawler))"
57.141.20.17 - - [15/Sep/2026:16:17:38 +0300] "GET /index.php/component/search/?sale/search/detail/?ITMCODE=51995116297& HTTP/2.0" 200 19806 "-" "Mozilla/5.0 (Windows NT 10.0; Win64; x64) AppleWebKit/537.36 (KHTML, like Gecko) Chrome/145.0.0.0 Safari/537.36 (compatible; meta-externalagent/1.1 (+https://developers.facebook.com/docs/sharing/webmasters/crawler))"
66.249.79.1 - - [15/Sep/2026:16:17:41 +0300] "GET /?sale/search/detail/?ITMCODE=5196960522 HTTP/1.1" 200 201232 "-" "Mozilla/5.0 (Linux; Android 6.0.1; Nexus 5X Build/MMB29P) AppleWebKit/537.36 (KHTML, like Gecko) Chrome/152.0.7977.82 Mobile Safari/537.36 (compatible; Googlebot/2.1; +http://www.google.com/bot.html)"
66.249.79.1 - - [15/Sep/2026:16:17:51 +0300] "GET /index.php/paslaugos?sale/search/detail/?ITMCODE=52002780077 HTTP/1.1" 200 202862 "-" "Mozilla/5.0 (Linux; Android 6.0.1; Nexus 5X Build/MMB29P) AppleWebKit/537.36 (KHTML, like Gecko) Chrome/152.0.7977.82 Mobile Safari/537.36 (compatible; Googlebot/2.1; +http://www.google.com/bot.html)"
52.167.144.25 - - [15/Sep/2026:16:17:56 +0300] "GET /?sale/search/detail/?ITMCODE=519612898204 HTTP/2.0" 200 203803 "-" "Mozilla/5.0 AppleWebKit/537.36 (KHTML, like Gecko; compatible; bingbot/2.0; +http://www.bing.com/bingbot.htm) Chrome/116.0.1938.76 Safari/537.36"
52.167.144.25 - - [15/Sep/2026:16:17:57 +0300] "GET /?sale/search/detail/?ITMCODE=519666685380 HTTP/2.0" 200 204164 "-" "Mozilla/5.0 AppleWebKit/537.36 (KHTML, like Gecko; compatible; bingbot/2.0; +http://www.bing.com/bingbot.htm) Chrome/116.0.1938.76 Safari/537.36"
57.141.20.53 - - [15/Sep/2026:16:17:58 +0300] "GET /index.php/component/search/?sale/search/detail/?ITMCODE=519813881448& HTTP/2.0" 200 19807 "-" "Mozilla/5.0 (Windows NT 10.0; Win64; x64) AppleWebKit/537.36 (KHTML, like Gecko) Chrome/145.0.0.0 Safari/537.36 (compatible; meta-externalagent/1.1 (+https://developers.facebook.com/docs/sharing/webmasters/crawler))"
52.167.144.25 - - [15/Sep/2026:16:17:58 +0300] "GET /?sale/search/detail/?ITMCODE=519816738812 HTTP/2.0" 200 199675 "-" "Mozilla/5.0 AppleWebKit/537.36 (KHTML, like Gecko; compatible; bingbot/2.0; +http://www.bing.com/bingbot.htm) Chrome/116.0.1938.76 Safari/537.36"
52.167.144.197 - - [15/Sep/2026:16:18:01 +0300] "GET /?sale/search/detail/?ITMCODE=519515235484 HTTP/2.0" 200 204785 "-" "Mozilla/5.0 AppleWebKit/537.36 (KHTML, like Gecko; compatible; bingbot/2.0; +http://www.bing.com/bingbot.htm) Chrome/116.0.1938.76 Safari/537.36"
52.167.144.197 - - [15/Sep/2026:16:18:02 +0300] "GET /?sale/search/detail/?ITMCODE=51971181700 HTTP/2.0" 200 196396 "-" "Mozilla/5.0 AppleWebKit/537.36 (KHTML, like Gecko; compatible; bingbot/2.0; +http://www.bing.com/bingbot.htm) Chrome/116.0.1938.76 Safari/537.36"
52.167.144.197 - - [15/Sep/2026:16:18:03 +0300] "GET /?sale/search/detail/?ITMCODE=51974145871 HTTP/2.0" 200 193529 "-" "Mozilla/5.0 AppleWebKit/537.36 (KHTML, like Gecko; compatible; bingbot/2.0; +http://www.bing.com/bingbot.htm) Chrome/116.0.1938.76 Safari/537.36"
52.167.144.197 - - [15/Sep/2026:16:18:04 +0300] "GET /?sale/search/detail/?ITMCODE=519557189253 HTTP/2.0" 200 215734 "-" "Mozilla/5.0 AppleWebKit/537.36 (KHTML, like Gecko; compatible; bingbot/2.0; +http://www.bing.com/bingbot.htm) Chrome/116.0.1938.76 Safari/537.36"
52.167.144.197 - - [15/Sep/2026:16:18:05 +0300] "GET /?sale/search/detail/?ITMCODE=51966887749 HTTP/2.0" 200 195288 "-" "Mozilla/5.0 AppleWebKit/537.36 (KHTML, like Gecko; compatible; bingbot/2.0; +http://www.bing.com/bingbot.htm) Chrome/116.0.1938.76 Safari/537.36"
52.167.144.208 - - [15/Sep/2026:16:18:06 +0300] "GET /?sale/search/detail/?ITMCODE=519962036905 HTTP/2.0" 200 194569 "-" "Mozilla/5.0 AppleWebKit/537.36 (KHTML, like Gecko; compatible; bingbot/2.0; +http://www.bing.com/bingbot.htm) Chrome/116.0.1938.76 Safari/537.36"
52.167.144.208 - - [15/Sep/2026:16:18:07 +0300] "GET /?sale/search/detail/?ITMCODE=520026841878 HTTP/2.0" 200 198296 "-" "Mozilla/5.0 AppleWebKit/537.36 (KHTML, like Gecko; compatible; bingbot/2.0; +http://www.bing.com/bingbot.htm) Chrome/116.0.1938.76 Safari/537.36"
52.167.144.208 - - [15/Sep/2026:16:18:08 +0300] "GET /?sale/search/detail/?ITMCODE=520074700506 HTTP/2.0" 200 204257 "-" "Mozilla/5.0 AppleWebKit/537.36 (KHTML, like Gecko; compatible; bingbot/2.0; +http://www.bing.com/bingbot.htm) Chrome/116.0.1938.76 Safari/537.36"
52.167.144.25 - - [15/Sep/2026:16:18:11 +0300] "GET /?sale/search/detail/?ITMCODE=519755484125 HTTP/2.0" 200 210027 "-" "Mozilla/5.0 AppleWebKit/537.36 (KHTML, like Gecko; compatible; bingbot/2.0; +http://www.bing.com/bingbot.htm) Chrome/116.0.1938.76 Safari/537.36"
52.167.144.25 - - [15/Sep/2026:16:18:12 +0300] "GET /?sale/search/detail/?ITMCODE=51963736965 HTTP/2.0" 200 195513 "-" "Mozilla/5.0 AppleWebKit/537.36 (KHTML, like Gecko; compatible; bingbot/2.0; +http://www.bing.com/bingbot.htm) Chrome/116.0.1938.76 Safari/537.36"
52.167.144.25 - - [15/Sep/2026:16:18:13 +0300] "GET /?sale/search/detail/?ITMCODE=520077563169 HTTP/2.0" 200 204474 "-" "Mozilla/5.0 AppleWebKit/537.36 (KHTML, like Gecko; compatible; bingbot/2.0; +http://www.bing.com/bingbot.htm) Chrome/116.0.1938.76 Safari/537.36"
52.167.144.25 - - [15/Sep/2026:16:18:13 +0300] "GET /?sale/search/detail/?ITMCODE=519737100140 HTTP/2.0" 200 194903 "-" "Mozilla/5.0 AppleWebKit/537.36 (KHTML, like Gecko; compatible; bingbot/2.0; +http://www.bing.com/bingbot.htm) Chrome/116.0.1938.76 Safari/537.36"
52.167.144.25 - - [15/Sep/2026:16:18:14 +0300] "GET /?sale/search/detail/?ITMCODE=51963737322 HTTP/2.0" 200 204655 "-" "Mozilla/5.0 AppleWebKit/537.36 (KHTML, like Gecko; compatible; bingbot/2.0; +http://www.bing.com/bingbot.htm) Chrome/116.0.1938.76 Safari/537.36"
66.249.79.1 - - [15/Sep/2026:16:18:15 +0300] "GET /index.php/paslaugos?sale/search/detail/?ITMCODE=51981994169 HTTP/1.1" 200 204650 "-" "Mozilla/5.0 (Linux; Android 6.0.1; Nexus 5X Build/MMB29P) AppleWebKit/537.36 (KHTML, like Gecko) Chrome/152.0.7977.82 Mobile Safari/537.36 (compatible; Googlebot/2.1; +http://www.google.com/bot.html)"
52.167.144.197 - - [15/Sep/2026:16:18:15 +0300] "GET /?sale/search/detail/?ITMCODE=51953288155 HTTP/2.0" 200 205132 "-" "Mozilla/5.0 AppleWebKit/537.36 (KHTML, like Gecko; compatible; bingbot/2.0; +http://www.bing.com/bingbot.htm) Chrome/116.0.1938.76 Safari/537.36"
52.167.144.197 - - [15/Sep/2026:16:18:16 +0300] "GET /?sale/search/detail/?ITMCODE=519911298764 HTTP/2.0" 200 199062 "-" "Mozilla/5.0 AppleWebKit/537.36 (KHTML, like Gecko; compatible; bingbot/2.0; +http://www.bing.com/bingbot.htm) Chrome/116.0.1938.76 Safari/537.36"
52.167.144.197 - - [15/Sep/2026:16:18:17 +0300] "GET /?sale/search/detail/?ITMCODE=51966682713 HTTP/2.0" 200 199589 "-" "Mozilla/5.0 AppleWebKit/537.36 (KHTML, like Gecko; compatible; bingbot/2.0; +http://www.bing.com/bingbot.htm) Chrome/116.0.1938.76 Safari/537.36"
57.141.20.34 - - [15/Sep/2026:16:18:27 +0300] "GET /index.php/component/search/?sale/search/detail/?ITMCODE=519713308977& HTTP/2.0" 200 19807 "-" "Mozilla/5.0 (Windows NT 10.0; Win64; x64) AppleWebKit/537.36 (KHTML, like Gecko) Chrome/145.0.0.0 Safari/537.36 (compatible; meta-externalagent/1.1 (+https://developers.facebook.com/docs/sharing/webmasters/crawler))"
52.167.144.208 - - [15/Sep/2026:16:18:27 +0300] "GET /?sale/search/detail/?ITMCODE=51966775556 HTTP/2.0" 200 198265 "-" "Mozilla/5.0 AppleWebKit/537.36 (KHTML, like Gecko; compatible; bingbot/2.0; +http://www.bing.com/bingbot.htm) Chrome/116.0.1938.76 Safari/537.36"
52.167.144.25 - - [15/Sep/2026:16:18:29 +0300] "GET /?sale/search/detail/?ITMCODE=51995137448 HTTP/2.0" 200 205602 "-" "Mozilla/5.0 AppleWebKit/537.36 (KHTML, like Gecko; compatible; bingbot/2.0; +http://www.bing.com/bingbot.htm) Chrome/116.0.1938.76 Safari/537.36"
52.167.144.25 - - [15/Sep/2026:16:18:30 +0300] "GET /?sale/search/detail/?ITMCODE=52002855749 HTTP/2.0" 200 194428 "-" "Mozilla/5.0 AppleWebKit/537.36 (KHTML, like Gecko; compatible; bingbot/2.0; +http://www.bing.com/bingbot.htm) Chrome/116.0.1938.76 Safari/537.36"
66.249.79.1 - - [15/Sep/2026:16:18:30 +0300] "GET /index.php/paslaugos?sale/search/detail/?ITMCODE=52002955245 HTTP/1.1" 200 209124 "-" "Mozilla/5.0 (Linux; Android 6.0.1; Nexus 5X Build/MMB29P) AppleWebKit/537.36 (KHTML, like Gecko) Chrome/152.0.7977.82 Mobile Safari/537.36 (compatible; Googlebot/2.1; +http://www.google.com/bot.html)"
52.167.144.25 - - [15/Sep/2026:16:18:31 +0300] "GET /?sale/search/detail/?ITMCODE=51981918494 HTTP/2.0" 200 198624 "-" "Mozilla/5.0 AppleWebKit/537.36 (KHTML, like Gecko; compatible; bingbot/2.0; +http://www.bing.com/bingbot.htm) Chrome/116.0.1938.76 Safari/537.36"
52.167.144.25 - - [15/Sep/2026:16:18:31 +0300] "GET /?sale/search/detail/?ITMCODE=519554238627 HTTP/2.0" 200 213422 "-" "Mozilla/5.0 AppleWebKit/537.36 (KHTML, like Gecko; compatible; bingbot/2.0; +http://www.bing.com/bingbot.htm) Chrome/116.0.1938.76 Safari/537.36"
52.167.144.208 - - [15/Sep/2026:16:18:31 +0300] "GET /?sale/search/detail/?ITMCODE=51974387237 HTTP/2.0" 200 196012 "-" "Mozilla/5.0 AppleWebKit/537.36 (KHTML, like Gecko; compatible; bingbot/2.0; +http://www.bing.com/bingbot.htm) Chrome/116.0.1938.76 Safari/537.36"
57.141.20.29 - - [15/Sep/2026:16:18:34 +0300] "GET /index.php/component/search/?sale/search/detail/?ITMCODE=519911391184& HTTP/2.0" 200 19807 "-" "Mozilla/5.0 (Windows NT 10.0; Win64; x64) AppleWebKit/537.36 (KHTML, like Gecko) Chrome/145.0.0.0 Safari/537.36 (compatible; meta-externalagent/1.1 (+https://developers.facebook.com/docs/sharing/webmasters/crawler))"
52.167.144.208 - - [15/Sep/2026:16:18:35 +0300] "GET /?sale/search/detail/?ITMCODE=51995322796 HTTP/2.0" 200 194952 "-" "Mozilla/5.0 AppleWebKit/537.36 (KHTML, like Gecko; compatible; bingbot/2.0; +http://www.bing.com/bingbot.htm) Chrome/116.0.1938.76 Safari/537.36"
52.167.144.208 - - [15/Sep/2026:16:18:37 +0300] "GET /?sale/search/detail/?ITMCODE=519917147921 HTTP/2.0" 200 196266 "-" "Mozilla/5.0 AppleWebKit/537.36 (KHTML, like Gecko; compatible; bingbot/2.0; +http://www.bing.com/bingbot.htm) Chrome/116.0.1938.76 Safari/537.36"
52.167.144.197 - - [15/Sep/2026:16:18:40 +0300] "GET /?sale/search/detail/?ITMCODE=51956103914 HTTP/2.0" 200 196075 "-" "Mozilla/5.0 AppleWebKit/537.36 (KHTML, like Gecko; compatible; bingbot/2.0; +http://www.bing.com/bingbot.htm) Chrome/116.0.1938.76 Safari/537.36"
66.249.79.1 - - [15/Sep/2026:16:18:40 +0300] "GET /index.php/paslaugos?sale/search/detail/?ITMCODE=5196955939 HTTP/1.1" 200 206316 "-" "Mozilla/5.0 (Linux; Android 6.0.1; Nexus 5X Build/MMB29P) AppleWebKit/537.36 (KHTML, like Gecko) Chrome/152.0.7977.82 Mobile Safari/537.36 (compatible; Googlebot/2.1; +http://www.google.com/bot.html)"
52.167.144.197 - - [15/Sep/2026:16:18:40 +0300] "GET /?sale/search/detail/?ITMCODE=52002963604 HTTP/2.0" 200 200348 "-" "Mozilla/5.0 AppleWebKit/537.36 (KHTML, like Gecko; compatible; bingbot/2.0; +http://www.bing.com/bingbot.htm) Chrome/116.0.1938.76 Safari/537.36"
114.119.148.64 - - [15/Sep/2026:16:18:42 +0300] "GET /?sale/search/detail/%3FITMCODE=5196750099 HTTP/1.1" 200 31588 "https://www.keliauk-uk.lt/?sitemap-products.xml" "Mozilla/5.0 (Linux; Android 7.0;) AppleWebKit/537.36 (HTML, like Gecko) Mobile Safari/537.36 (compatible; PetalBot;+https://webmaster.petalsearch.com/site/petalbot)"
52.167.144.197 - - [15/Sep/2026:16:18:42 +0300] "GET /?sale/search/detail/?ITMCODE=52005591786 HTTP/2.0" 200 211609 "-" "Mozilla/5.0 AppleWebKit/537.36 (KHTML, like Gecko; compatible; bingbot/2.0; +http://www.bing.com/bingbot.htm) Chrome/116.0.1938.76 Safari/537.36"
