57.141.20.51 - - [15/Sep/2026:15:09:35 +0300] "GET /index.php/component/search/?sale/search/detail/?ITMCODE=520077876546& HTTP/2.0" 200 19807 "-" "Mozilla/5.0 (Windows NT 10.0; Win64; x64) AppleWebKit/537.36 (KHTML, like Gecko) Chrome/145.0.0.0 Safari/537.36 Edg/145.0.0.0 (compatible; meta-externalagent/1.1 (+https://developers.facebook.com/docs/sharing/webmasters/crawler))"
66.249.79.1 - - [15/Sep/2026:15:09:35 +0300] "GET /index.php/zinynas-keliaujantiems?sale/search/detail/?ITMCODE=51992498810 HTTP/1.1" 200 203557 "-" "Mozilla/5.0 (Linux; Android 6.0.1; Nexus 5X Build/MMB29P) AppleWebKit/537.36 (KHTML, like Gecko) Chrome/152.0.7977.82 Mobile Safari/537.36 (compatible; Googlebot/2.1; +http://www.google.com/bot.html)"
66.249.79.2 - - [15/Sep/2026:15:09:36 +0300] "GET /shop/pg/52002590873 HTTP/1.1" 200 193123 "-" "Mozilla/5.0 (Linux; Android 6.0.1; Nexus 5X Build/MMB29P) AppleWebKit/537.36 (KHTML, like Gecko) Chrome/152.0.7977.82 Mobile Safari/537.36 (compatible; Googlebot/2.1; +http://www.google.com/bot.html)"
66.249.79.2 - - [15/Sep/2026:15:09:37 +0300] "GET /?sale/search/detail/?ITMCODE=51955600 HTTP/1.1" 200 198560 "-" "Mozilla/5.0 (Linux; Android 6.0.1; Nexus 5X Build/MMB29P) AppleWebKit/537.36 (KHTML, like Gecko) Chrome/152.0.7977.82 Mobile Safari/537.36 (compatible; Googlebot/2.1; +http://www.google.com/bot.html)"
66.249.79.2 - - [15/Sep/2026:15:09:38 +0300] "GET /index.php/zinynas-keliaujantiems?sale/search/detail/?ITMCODE=51981746032 HTTP/1.1" 200 214301 "-" "Mozilla/5.0 (Linux; Android 6.0.1; Nexus 5X Build/MMB29P) AppleWebKit/537.36 (KHTML, like Gecko) Chrome/152.0.7977.82 Mobile Safari/537.36 (compatible; Googlebot/2.1; +http://www.google.com/bot.html)"
66.249.79.3 - - [15/Sep/2026:15:09:40 +0300] "GET /shop/pg/5196718385 HTTP/1.1" 200 199167 "-" "Mozilla/5.0 (Linux; Android 6.0.1; Nexus 5X Build/MMB29P) AppleWebKit/537.36 (KHTML, like Gecko) Chrome/152.0.7977.82 Mobile Safari/537.36 (compatible; Googlebot/2.1; +http://www.google.com/bot.html)"
66.249.79.3 - - [15/Sep/2026:15:09:39 +0300] "GET /index.php/zinynas-keliaujantiems?sale/search/detail/?ITMCODE=51981947872 HTTP/1.1" 200 232517 "-" "Mozilla/5.0 (Linux; Android 6.0.1; Nexus 5X Build/MMB29P) AppleWebKit/537.36 (KHTML, like Gecko) Chrome/152.0.7977.82 Mobile Safari/537.36 (compatible; Googlebot/2.1; +http://www.google.com/bot.html)"
66.249.79.1 - - [15/Sep/2026:15:09:43 +0300] "GET /index.php/zinynas-keliaujantiems?sale/search/detail/?ITMCODE=51971454599 HTTP/1.1" 200 216218 "-" "Mozilla/5.0 (Linux; Android 6.0.1; Nexus 5X Build/MMB29P) AppleWebKit/537.36 (KHTML, like Gecko) Chrome/152.0.7977.82 Mobile Safari/537.36 (compatible; Googlebot/2.1; +http://www.google.com/bot.html)"
57.141.20.20 - - [15/Sep/2026:15:09:45 +0300] "GET /index.php/component/search/?sale/search/detail/?ITMCODE=52008666953& HTTP/2.0" 200 19806 "-" "Mozilla/5.0 (Windows NT 10.0; Win64; x64) AppleWebKit/537.36 (KHTML, like Gecko) Chrome/145.0.0.0 Safari/537.36 (compatible; meta-externalagent/1.1 (+https://developers.facebook.com/docs/sharing/webmasters/crawler))"
66.249.79.3 - - [15/Sep/2026:15:09:45 +0300] "GET /?sale/search/detail/?ITMCODE=51981752303 HTTP/1.1" 200 197690 "-" "Mozilla/5.0 (Linux; Android 6.0.1; Nexus 5X Build/MMB29P) AppleWebKit/537.36 (KHTML, like Gecko) Chrome/152.0.7977.82 Mobile Safari/537.36 (compatible; Googlebot/2.1; +http://www.google.com/bot.html)"
66.249.79.1 - - [15/Sep/2026:15:09:45 +0300] "GET /index.php/zinynas-keliaujantiems?sale/search/detail/?ITMCODE=51971279196 HTTP/1.1" 200 206589 "-" "Mozilla/5.0 (Linux; Android 6.0.1; Nexus 5X Build/MMB29P) AppleWebKit/537.36 (KHTML, like Gecko) Chrome/152.0.7977.82 Mobile Safari/537.36 (compatible; Googlebot/2.1; +http://www.google.com/bot.html)"
66.249.79.3 - - [15/Sep/2026:15:09:47 +0300] "GET /?sale/search/detail/?ITMCODE=52002504623 HTTP/1.1" 200 201606 "-" "Mozilla/5.0 (Linux; Android 6.0.1; Nexus 5X Build/MMB29P) AppleWebKit/537.36 (KHTML, like Gecko) Chrome/152.0.7977.82 Mobile Safari/537.36 (compatible; Googlebot/2.1; +http://www.google.com/bot.html)"
66.249.79.2 - - [15/Sep/2026:15:09:52 +0300] "GET /index.php/zinynas-keliaujantiems?sale/search/detail/?ITMCODE=51992040180 HTTP/1.1" 200 214835 "-" "Mozilla/5.0 (Linux; Android 6.0.1; Nexus 5X Build/MMB29P) AppleWebKit/537.36 (KHTML, like Gecko) Chrome/152.0.7977.82 Mobile Safari/537.36 (compatible; Googlebot/2.1; +http://www.google.com/bot.html)"
66.249.79.1 - - [15/Sep/2026:15:09:53 +0300] "GET /?sale/search/detail/?ITMCODE=519514198 HTTP/1.1" 200 196110 "-" "Mozilla/5.0 (Linux; Android 6.0.1; Nexus 5X Build/MMB29P) AppleWebKit/537.36 (KHTML, like Gecko) Chrome/152.0.7977.82 Mobile Safari/537.36 (compatible; Googlebot/2.1; +http://www.google.com/bot.html)"
66.249.79.3 - - [15/Sep/2026:15:10:02 +0300] "GET /index.php/zinynas-keliaujantiems?sale/search/detail/?ITMCODE=5196582723 HTTP/1.1" 200 208838 "-" "Mozilla/5.0 (Linux; Android 6.0.1; Nexus 5X Build/MMB29P) AppleWebKit/537.36 (KHTML, like Gecko) Chrome/152.0.7977.82 Mobile Safari/537.36 (compatible; Googlebot/2.1; +http://www.google.com/bot.html)"
66.249.79.1 - - [15/Sep/2026:15:10:12 +0300] "GET /index.php/zinynas-keliaujantiems?sale/search/detail/?ITMCODE=51992418477 HTTP/1.1" 200 203156 "-" "Mozilla/5.0 (Linux; Android 6.0.1; Nexus 5X Build/MMB29P) AppleWebKit/537.36 (KHTML, like Gecko) Chrome/152.0.7977.82 Mobile Safari/537.36 (compatible; Googlebot/2.1; +http://www.google.com/bot.html)"
114.119.144.15 - - [15/Sep/2026:15:10:17 +0300] "GET /?sale/search/detail/%3FITMCODE=5196901411 HTTP/1.1" 200 31588 "https://www.keliauk-uk.lt/?sitemap-products.xml" "Mozilla/5.0 (Linux; Android 7.0;) AppleWebKit/537.36 (HTML, like Gecko) Mobile Safari/537.36 (compatible; PetalBot;+https://webmaster.petalsearch.com/site/petalbot)"
66.249.79.1 - - [15/Sep/2026:15:10:22 +0300] "GET /shop/pg/52002888232 HTTP/1.1" 200 202732 "-" "Mozilla/5.0 (Linux; Android 6.0.1; Nexus 5X Build/MMB29P) AppleWebKit/537.36 (KHTML, like Gecko) Chrome/152.0.7977.82 Mobile Safari/537.36 (compatible; Googlebot/2.1; +http://www.google.com/bot.html)"
57.141.20.21 - - [15/Sep/2026:15:10:23 +0300] "GET /index.php/component/search/?sale/search/detail/?ITMCODE=51974154593& HTTP/2.0" 200 19806 "-" "Mozilla/5.0 (Windows NT 10.0; Win64; x64; rv:147.0) Gecko/20100101 Firefox/147.0 (compatible; meta-externalagent/1.1 (+https://developers.facebook.com/docs/sharing/webmasters/crawler))"
66.249.79.1 - - [15/Sep/2026:15:10:24 +0300] "GET /index.php/zinynas-keliaujantiems?sale/search/detail/?ITMCODE=51981682369 HTTP/1.1" 200 208733 "-" "Mozilla/5.0 (Linux; Android 6.0.1; Nexus 5X Build/MMB29P) AppleWebKit/537.36 (KHTML, like Gecko) Chrome/152.0.7977.82 Mobile Safari/537.36 (compatible; Googlebot/2.1; +http://www.google.com/bot.html)"
66.249.79.1 - - [15/Sep/2026:15:10:25 +0300] "GET /index.php/zinynas-keliaujantiems?sale/search/detail/?ITMCODE=51992388383 HTTP/1.1" 200 205297 "-" "Mozilla/5.0 (Linux; Android 6.0.1; Nexus 5X Build/MMB29P) AppleWebKit/537.36 (KHTML, like Gecko) Chrome/152.0.7977.82 Mobile Safari/537.36 (compatible; Googlebot/2.1; +http://www.google.com/bot.html)"
216.73.216.71 - - [15/Sep/2026:15:10:27 +0300] "GET /robots.txt HTTP/2.0" 200 123 "-" "Mozilla/5.0 AppleWebKit/537.36 (KHTML, like Gecko; compatible; ClaudeBot/1.0; +claudebot@anthropic.com)"
66.249.79.1 - - [15/Sep/2026:15:10:26 +0300] "GET /index.php/zinynas-keliaujantiems?sale/search/detail/?ITMCODE=5195361070 HTTP/1.1" 200 221889 "-" "Mozilla/5.0 (Linux; Android 6.0.1; Nexus 5X Build/MMB29P) AppleWebKit/537.36 (KHTML, like Gecko) Chrome/152.0.7977.82 Mobile Safari/537.36 (compatible; Googlebot/2.1; +http://www.google.com/bot.html)"
216.73.216.71 - - [15/Sep/2026:15:10:27 +0300] "GET /sitemap.xml HTTP/2.0" 200 1533 "-" "Mozilla/5.0 AppleWebKit/537.36 (KHTML, like Gecko; compatible; ClaudeBot/1.0; +claudebot@anthropic.com)"
57.141.20.29 - - [15/Sep/2026:15:10:28 +0300] "GET /index.php/component/search/?sale/search/detail/?ITMCODE=52008979379& HTTP/2.0" 200 19806 "-" "Mozilla/5.0 (Windows NT 10.0; Win64; x64) AppleWebKit/537.36 (KHTML, like Gecko) Chrome/145.0.0.0 Safari/537.36 (compatible; meta-externalagent/1.1 (+https://developers.facebook.com/docs/sharing/webmasters/crawler))"
66.249.79.1 - - [15/Sep/2026:15:10:30 +0300] "GET /index.php/zinynas-keliaujantiems?sale/search/detail/?ITMCODE=51992104587 HTTP/1.1" 200 229949 "-" "Mozilla/5.0 (Linux; Android 6.0.1; Nexus 5X Build/MMB29P) AppleWebKit/537.36 (KHTML, like Gecko) Chrome/152.0.7977.82 Mobile Safari/537.36 (compatible; Googlebot/2.1; +http://www.google.com/bot.html)"
57.141.20.69 - - [15/Sep/2026:15:10:36 +0300] "GET /index.php/component/search/?sale/search/detail/?ITMCODE=519879627040&id=1&Itemid=437&format=opensearch HTTP/2.0" 200 585 "-" "Mozilla/5.0 (Windows NT 10.0; Win64; x64) AppleWebKit/537.36 (KHTML, like Gecko) Chrome/145.0.0.0 Safari/537.36 (compatible; meta-externalagent/1.1 (+https://developers.facebook.com/docs/sharing/webmasters/crawler))"
66.249.79.2 - - [15/Sep/2026:15:10:37 +0300] "GET /index.php/zinynas-keliaujantiems?sale/search/detail/?ITMCODE=519516263 HTTP/1.1" 200 207796 "-" "Mozilla/5.0 (Linux; Android 6.0.1; Nexus 5X Build/MMB29P) AppleWebKit/537.36 (KHTML, like Gecko) Chrome/152.0.7977.82 Mobile Safari/537.36 (compatible; Googlebot/2.1; +http://www.google.com/bot.html)"
66.249.79.2 - - [15/Sep/2026:15:10:38 +0300] "GET /?sale/search/detail/?ITMCODE=51981572796 HTTP/1.1" 200 198106 "-" "Mozilla/5.0 (Linux; Android 6.0.1; Nexus 5X Build/MMB29P) AppleWebKit/537.36 (KHTML, like Gecko) Chrome/152.0.7977.82 Mobile Safari/537.36 (compatible; Googlebot/2.1; +http://www.google.com/bot.html)"
66.249.79.1 - - [15/Sep/2026:15:10:38 +0300] "GET /?sale/search/detail/?ITMCODE=5196618018 HTTP/1.1" 200 215591 "-" "Mozilla/5.0 (Linux; Android 6.0.1; Nexus 5X Build/MMB29P) AppleWebKit/537.36 (KHTML, like Gecko) Chrome/152.0.7977.82 Mobile Safari/537.36 (compatible; Googlebot/2.1; +http://www.google.com/bot.html)"
66.249.79.1 - - [15/Sep/2026:15:10:40 +0300] "GET /shop/pg/5196771880 HTTP/1.1" 200 192652 "-" "Mozilla/5.0 (Linux; Android 6.0.1; Nexus 5X Build/MMB29P) AppleWebKit/537.36 (KHTML, like Gecko) Chrome/152.0.7977.82 Mobile Safari/537.36 (compatible; Googlebot/2.1; +http://www.google.com/bot.html)"
66.249.79.1 - - [15/Sep/2026:15:10:41 +0300] "GET /index.php/zinynas-keliaujantiems?sale/search/detail/?ITMCODE=51971482617 HTTP/1.1" 200 205621 "-" "Mozilla/5.0 (Linux; Android 6.0.1; Nexus 5X Build/MMB29P) AppleWebKit/537.36 (KHTML, like Gecko) Chrome/152.0.7977.82 Mobile Safari/537.36 (compatible; Googlebot/2.1; +http://www.google.com/bot.html)"
66.249.79.2 - - [15/Sep/2026:15:10:42 +0300] "GET /index.php/zinynas-keliaujantiems?sale/search/detail/?ITMCODE=5196945102 HTTP/1.1" 200 218273 "-" "Mozilla/5.0 (Linux; Android 6.0.1; Nexus 5X Build/MMB29P) AppleWebKit/537.36 (KHTML, like Gecko) Chrome/152.0.7977.82 Mobile Safari/537.36 (compatible; Googlebot/2.1; +http://www.google.com/bot.html)"
66.249.79.1 - - [15/Sep/2026:15:10:43 +0300] "GET /?sale/search/detail/?ITMCODE=51971058351 HTTP/1.1" 200 196479 "-" "Mozilla/5.0 (Linux; Android 6.0.1; Nexus 5X Build/MMB29P) AppleWebKit/537.36 (KHTML, like Gecko) Chrome/152.0.7977.82 Mobile Safari/537.36 (compatible; Googlebot/2.1; +http://www.google.com/bot.html)"
66.249.79.1 - - [15/Sep/2026:15:10:52 +0300] "GET /shop/pg/623263 HTTP/1.1" 200 202397 "-" "Mozilla/5.0 (Linux; Android 6.0.1; Nexus 5X Build/MMB29P) AppleWebKit/537.36 (KHTML, like Gecko) Chrome/152.0.7977.82 Mobile Safari/537.36 (compatible; Googlebot/2.1; +http://www.google.com/bot.html)"
216.73.216.71 - - [15/Sep/2026:15:10:55 +0300] "GET / HTTP/2.0" 200 31545 "-" "Mozilla/5.0 AppleWebKit/537.36 (KHTML, like Gecko; compatible; ClaudeBot/1.0; +claudebot@anthropic.com)"
66.249.79.2 - - [15/Sep/2026:15:10:57 +0300] "GET /index.php/zinynas-keliaujantiems?sale/search/detail/?ITMCODE=51981808675 HTTP/1.1" 200 205093 "-" "Mozilla/5.0 (Linux; Android 6.0.1; Nexus 5X Build/MMB29P) AppleWebKit/537.36 (KHTML, like Gecko) Chrome/152.0.7977.82 Mobile Safari/537.36 (compatible; Googlebot/2.1; +http://www.google.com/bot.html)"
66.249.79.2 - - [15/Sep/2026:15:10:58 +0300] "GET /?sale/search/detail/?ITMCODE=51992464599 HTTP/1.1" 200 202846 "-" "Mozilla/5.0 (Linux; Android 6.0.1; Nexus 5X Build/MMB29P) AppleWebKit/537.36 (KHTML, like Gecko) Chrome/152.0.7977.82 Mobile Safari/537.36 (compatible; Googlebot/2.1; +http://www.google.com/bot.html)"
66.249.79.3 - - [15/Sep/2026:15:10:59 +0300] "GET /index.php/zinynas-keliaujantiems?sale/search/detail/?ITMCODE=51992046953 HTTP/1.1" 200 211540 "-" "Mozilla/5.0 (Linux; Android 6.0.1; Nexus 5X Build/MMB29P) AppleWebKit/537.36 (KHTML, like Gecko) Chrome/152.0.7977.82 Mobile Safari/537.36 (compatible; Googlebot/2.1; +http://www.google.com/bot.html)"
66.249.79.1 - - [15/Sep/2026:15:11:00 +0300] "GET /index.php/zinynas-keliaujantiems?sale/search/detail/?ITMCODE=52002794447 HTTP/1.1" 200 229347 "-" "Mozilla/5.0 (Linux; Android 6.0.1; Nexus 5X Build/MMB29P) AppleWebKit/537.36 (KHTML, like Gecko) Chrome/152.0.7977.82 Mobile Safari/537.36 (compatible; Googlebot/2.1; +http://www.google.com/bot.html)"
66.249.79.1 - - [15/Sep/2026:15:11:03 +0300] "GET /?sale/search/detail/?ITMCODE=52002742865 HTTP/1.1" 200 232585 "-" "Mozilla/5.0 (Linux; Android 6.0.1; Nexus 5X Build/MMB29P) AppleWebKit/537.36 (KHTML, like Gecko) Chrome/152.0.7977.82 Mobile Safari/537.36 (compatible; Googlebot/2.1; +http://www.google.com/bot.html)"
66.249.79.1 - - [15/Sep/2026:15:11:04 +0300] "GET /index.php/zinynas-keliaujantiems?sale/search/detail/?ITMCODE=52002548494 HTTP/1.1" 200 220171 "-" "Mozilla/5.0 (Linux; Android 6.0.1; Nexus 5X Build/MMB29P) AppleWebKit/537.36 (KHTML, like Gecko) Chrome/152.0.7977.82 Mobile Safari/537.36 (compatible; Googlebot/2.1; +http://www.google.com/bot.html)"
66.249.79.2 - - [15/Sep/2026:15:11:05 +0300] "GET /index.php/zinynas-keliaujantiems?sale/search/detail/?ITMCODE=52002825557 HTTP/1.1" 200 226940 "-" "Mozilla/5.0 (Linux; Android 6.0.1; Nexus 5X Build/MMB29P) AppleWebKit/537.36 (KHTML, like Gecko) Chrome/152.0.7977.82 Mobile Safari/537.36 (compatible; Googlebot/2.1; +http://www.google.com/bot.html)"
57.141.20.9 - - [15/Sep/2026:15:11:09 +0300] "GET /?sale/search/detail/?ITMCODE=5197103072881 HTTP/2.0" 200 31682 "-" "Mozilla/5.0 (Windows NT 10.0; Win64; x64) AppleWebKit/537.36 (KHTML, like Gecko) Chrome/145.0.0.0 Safari/537.36 (compatible; meta-externalagent/1.1 (+https://developers.facebook.com/docs/sharing/webmasters/crawler))"
66.249.79.1 - - [15/Sep/2026:15:11:09 +0300] "GET /index.php/zinynas-keliaujantiems?sale/search/detail/?ITMCODE=52002616776 HTTP/1.1" 200 206195 "-" "Mozilla/5.0 (Linux; Android 6.0.1; Nexus 5X Build/MMB29P) AppleWebKit/537.36 (KHTML, like Gecko) Chrome/152.0.7977.82 Mobile Safari/537.36 (compatible; Googlebot/2.1; +http://www.google.com/bot.html)"
66.249.79.1 - - [15/Sep/2026:15:11:13 +0300] "GET /?sale/search/detail/?ITMCODE=52002913887 HTTP/1.1" 200 205486 "-" "Mozilla/5.0 (Linux; Android 6.0.1; Nexus 5X Build/MMB29P) AppleWebKit/537.36 (KHTML, like Gecko) Chrome/152.0.7977.82 Mobile Safari/537.36 (compatible; Googlebot/2.1; +http://www.google.com/bot.html)"
66.249.79.1 - - [15/Sep/2026:15:11:14 +0300] "GET /index.php/zinynas-keliaujantiems?sale/search/detail/?ITMCODE=51992204615 HTTP/1.1" 200 220498 "-" "Mozilla/5.0 (Linux; Android 6.0.1; Nexus 5X Build/MMB29P) AppleWebKit/537.36 (KHTML, like Gecko) Chrome/152.0.7977.82 Mobile Safari/537.36 (compatible; Googlebot/2.1; +http://www.google.com/bot.html)"
66.249.79.2 - - [15/Sep/2026:15:11:18 +0300] "GET /index.php/zinynas-keliaujantiems?sale/search/detail/?ITMCODE=51992000290 HTTP/1.1" 200 207646 "-" "Mozilla/5.0 (Linux; Android 6.0.1; Nexus 5X Build/MMB29P) AppleWebKit/537.36 (KHTML, like Gecko) Chrome/152.0.7977.82 Mobile Safari/537.36 (compatible; Googlebot/2.1; +http://www.google.com/bot.html)"
57.141.20.60 - - [15/Sep/2026:15:11:18 +0300] "GET /?sale/search/detail/?ITMCODE=51998308009 HTTP/2.0" 200 31680 "-" "Mozilla/5.0 (Windows NT 10.0; Win64; x64) AppleWebKit/537.36 (KHTML, like Gecko) Chrome/145.0.0.0 Safari/537.36 (compatible; meta-externalagent/1.1 (+https://developers.facebook.com/docs/sharing/webmasters/crawler))"
66.249.79.2 - - [15/Sep/2026:15:11:18 +0300] "GET /index.php/zinynas-keliaujantiems?sale/search/detail/?ITMCODE=5195380853 HTTP/1.1" 200 216612 "-" "Mozilla/5.0 (Linux; Android 6.0.1; Nexus 5X Build/MMB29P) AppleWebKit/537.36 (KHTML, like Gecko) Chrome/152.0.7977.82 Mobile Safari/537.36 (compatible; Googlebot/2.1; +http://www.google.com/bot.html)"
66.249.79.2 - - [15/Sep/2026:15:11:19 +0300] "GET /index.php/zinynas-keliaujantiems?sale/search/detail/?ITMCODE=5195291606 HTTP/1.1" 200 217339 "-" "Mozilla/5.0 (Linux; Android 6.0.1; Nexus 5X Build/MMB29P) AppleWebKit/537.36 (KHTML, like Gecko) Chrome/152.0.7977.82 Mobile Safari/537.36 (compatible; Googlebot/2.1; +http://www.google.com/bot.html)"
66.249.79.1 - - [15/Sep/2026:15:11:19 +0300] "GET /shop/customer/bookmark.php?sale/search/detail/?ITMCODE=51992358145 HTTP/1.1" 200 202572 "-" "Mozilla/5.0 (Linux; Android 6.0.1; Nexus 5X Build/MMB29P) AppleWebKit/537.36 (KHTML, like Gecko) Chrome/152.0.7977.82 Mobile Safari/537.36 (compatible; Googlebot/2.1; +http://www.google.com/bot.html)"
66.249.79.2 - - [15/Sep/2026:15:11:22 +0300] "GET /index.php/zinynas-keliaujantiems?sale/search/detail/?ITMCODE=5195482361 HTTP/1.1" 200 201910 "-" "Mozilla/5.0 (Linux; Android 6.0.1; Nexus 5X Build/MMB29P) AppleWebKit/537.36 (KHTML, like Gecko) Chrome/152.0.7977.82 Mobile Safari/537.36 (compatible; Googlebot/2.1; +http://www.google.com/bot.html)"
66.249.79.3 - - [15/Sep/2026:15:11:23 +0300] "GET /index.php/zinynas-keliaujantiems?sale/search/detail/?ITMCODE=51981987641 HTTP/1.1" 200 203365 "-" "Mozilla/5.0 (Linux; Android 6.0.1; Nexus 5X Build/MMB29P) AppleWebKit/537.36 (KHTML, like Gecko) Chrome/152.0.7977.82 Mobile Safari/537.36 (compatible; Googlebot/2.1; +http://www.google.com/bot.html)"
66.249.79.2 - - [15/Sep/2026:15:11:24 +0300] "GET /index.php/zinynas-keliaujantiems?sale/search/detail/?ITMCODE=5196882647 HTTP/1.1" 200 204863 "-" "Mozilla/5.0 (Linux; Android 6.0.1; Nexus 5X Build/MMB29P) AppleWebKit/537.36 (KHTML, like Gecko) Chrome/152.0.7977.82 Mobile Safari/537.36 (compatible; Googlebot/2.1; +http://www.google.com/bot.html)"
66.249.79.1 - - [15/Sep/2026:15:11:24 +0300] "GET /?sale/search/detail/?ITMCODE=5195313006 HTTP/1.1" 200 200518 "-" "Mozilla/5.0 (Linux; Android 6.0.1; Nexus 5X Build/MMB29P) AppleWebKit/537.36 (KHTML, like Gecko) Chrome/152.0.7977.82 Mobile Safari/537.36 (compatible; Googlebot/2.1; +http://www.google.com/bot.html)"
66.249.79.3 - - [15/Sep/2026:15:11:29 +0300] "GET /index.php/zinynas-keliaujantiems?sale/search/detail/?ITMCODE=519539187 HTTP/1.1" 200 215795 "-" "Mozilla/5.0 (Linux; Android 6.0.1; Nexus 5X Build/MMB29P) AppleWebKit/537.36 (KHTML, like Gecko) Chrome/152.0.7977.82 Mobile Safari/537.36 (compatible; Googlebot/2.1; +http://www.google.com/bot.html)"
66.249.79.2 - - [15/Sep/2026:15:11:33 +0300] "GET /index.php/zinynas-keliaujantiems?sale/search/detail/?ITMCODE=51981512227 HTTP/1.1" 200 204830 "-" "Mozilla/5.0 (Linux; Android 6.0.1; Nexus 5X Build/MMB29P) AppleWebKit/537.36 (KHTML, like Gecko) Chrome/152.0.7977.82 Mobile Safari/537.36 (compatible; Googlebot/2.1; +http://www.google.com/bot.html)"
66.249.79.3 - - [15/Sep/2026:15:11:34 +0300] "GET /index.php/zinynas-keliaujantiems?sale/search/detail/?ITMCODE=51971033214 HTTP/1.1" 200 219747 "-" "Mozilla/5.0 (Linux; Android 6.0.1; Nexus 5X Build/MMB29P) AppleWebKit/537.36 (KHTML, like Gecko) Chrome/152.0.7977.82 Mobile Safari/537.36 (compatible; Googlebot/2.1; +http://www.google.com/bot.html)"
114.119.144.15 - - [15/Sep/2026:15:11:39 +0300] "GET /?sale/search/detail/%3FITMCODE=5196898107 HTTP/1.1" 200 31588 "https://www.keliauk-uk.lt/?sitemap-products.xml" "Mozilla/5.0 (Linux; Android 7.0;) AppleWebKit/537.36 (HTML, like Gecko) Mobile Safari/537.36 (compatible; PetalBot;+https://webmaster.petalsearch.com/site/petalbot)"
207.46.13.51 - - [15/Sep/2026:15:11:59 +0300] "GET /?sale/search/detail/?ITMCODE=52002590902 HTTP/2.0" 200 212030 "-" "Mozilla/5.0 AppleWebKit/537.36 (KHTML, like Gecko; compatible; bingbot/2.0; +http://www.bing.com/bingbot.htm) Chrome/116.0.1938.76 Safari/537.36"
66.249.79.1 - - [15/Sep/2026:15:12:06 +0300] "GET /index.php/zinynas-keliaujantiems?sale/search/detail/?ITMCODE=51971047129 HTTP/1.1" 200 224636 "-" "Mozilla/5.0 (Linux; Android 6.0.1; Nexus 5X Build/MMB29P) AppleWebKit/537.36 (KHTML, like Gecko) Chrome/152.0.7977.82 Mobile Safari/537.36 (compatible; Googlebot/2.1; +http://www.google.com/bot.html)"
66.249.79.1 - - [15/Sep/2026:15:12:08 +0300] "GET /index.php/zinynas-keliaujantiems?sale/search/detail/?ITMCODE=51992012018 HTTP/1.1" 200 210800 "-" "Mozilla/5.0 (Linux; Android 6.0.1; Nexus 5X Build/MMB29P) AppleWebKit/537.36 (KHTML, like Gecko) Chrome/152.0.7977.82 Mobile Safari/537.36 (compatible; Googlebot/2.1; +http://www.google.com/bot.html)"
66.249.79.2 - - [15/Sep/2026:15:12:09 +0300] "GET /shop/pg/1136571 HTTP/1.1" 200 203995 "-" "Mozilla/5.0 (Linux; Android 6.0.1; Nexus 5X Build/MMB29P) AppleWebKit/537.36 (KHTML, like Gecko) Chrome/152.0.7977.82 Mobile Safari/537.36 (compatible; Googlebot/2.1; +http://www.google.com/bot.html)"
66.249.79.2 - - [15/Sep/2026:15:12:10 +0300] "GET /index.php/zinynas-keliaujantiems?sale/search/detail/?ITMCODE=5195487778 HTTP/1.1" 200 209395 "-" "Mozilla/5.0 (Linux; Android 6.0.1; Nexus 5X Build/MMB29P) AppleWebKit/537.36 (KHTML, like Gecko) Chrome/152.0.7977.82 Mobile Safari/537.36 (compatible; Googlebot/2.1; +http://www.google.com/bot.html)"
57.141.20.16 - - [15/Sep/2026:15:12:13 +0300] "GET /index.php/component/search/?sale/search/detail/?ITMCODE=519843708983& HTTP/2.0" 200 19729 "-" "Mozilla/5.0 (Windows NT 10.0; Win64; x64) AppleWebKit/537.36 (KHTML, like Gecko) Chrome/145.0.0.0 Safari/537.36 (compatible; meta-externalagent/1.1 (+https://developers.facebook.com/docs/sharing/webmasters/crawler))"
57.141.20.28 - - [15/Sep/2026:15:12:14 +0300] "GET /presets/.css HTTP/2.0" 404 1448 "https://www.keliauk-uk.lt/index.php/component/search/?sale/search/detail/?ITMCODE=519843708983&" "Mozilla/5.0 (Windows NT 10.0; Win64; x64) AppleWebKit/537.36 (KHTML, like Gecko) Chrome/145.0.0.0 Safari/537.36 (compatible; meta-externalagent/1.1 (+https://developers.facebook.com/docs/sharing/webmasters/crawler))"
66.249.79.1 - - [15/Sep/2026:15:12:15 +0300] "GET /index.php/zinynas-keliaujantiems?sale/search/detail/?ITMCODE=51971250912 HTTP/1.1" 200 205684 "-" "Mozilla/5.0 (Linux; Android 6.0.1; Nexus 5X Build/MMB29P) AppleWebKit/537.36 (KHTML, like Gecko) Chrome/152.0.7977.82 Mobile Safari/537.36 (compatible; Googlebot/2.1; +http://www.google.com/bot.html)"
66.249.79.1 - - [15/Sep/2026:15:12:16 +0300] "GET /index.php/zinynas-keliaujantiems?sale/search/detail/?ITMCODE=52002836111 HTTP/1.1" 200 213531 "-" "Mozilla/5.0 (Linux; Android 6.0.1; Nexus 5X Build/MMB29P) AppleWebKit/537.36 (KHTML, like Gecko) Chrome/152.0.7977.82 Mobile Safari/537.36 (compatible; Googlebot/2.1; +http://www.google.com/bot.html)"
66.249.79.1 - - [15/Sep/2026:15:12:16 +0300] "GET /index.php/zinynas-keliaujantiems?sale/search/detail/?ITMCODE=519560520 HTTP/1.1" 200 209818 "-" "Mozilla/5.0 (Linux; Android 6.0.1; Nexus 5X Build/MMB29P) AppleWebKit/537.36 (KHTML, like Gecko) Chrome/152.0.7977.82 Mobile Safari/537.36 (compatible; Googlebot/2.1; +http://www.google.com/bot.html)"
66.249.79.2 - - [15/Sep/2026:15:12:23 +0300] "GET /index.php/zinynas-keliaujantiems?sale/search/detail/?ITMCODE=5195217008 HTTP/1.1" 200 217933 "-" "Mozilla/5.0 (Linux; Android 6.0.1; Nexus 5X Build/MMB29P) AppleWebKit/537.36 (KHTML, like Gecko) Chrome/152.0.7977.82 Mobile Safari/537.36 (compatible; Googlebot/2.1; +http://www.google.com/bot.html)"
57.141.20.13 - - [15/Sep/2026:15:12:25 +0300] "GET /index.php/component/search/?sale/search/detail/?ITMCODE=5196956342& HTTP/2.0" 200 19805 "-" "Mozilla/5.0 (Windows NT 10.0; Win64; x64) AppleWebKit/537.36 (KHTML, like Gecko) Chrome/145.0.0.0 Safari/537.36 (compatible; meta-externalagent/1.1 (+https://developers.facebook.com/docs/sharing/webmasters/crawler))"
66.249.79.2 - - [15/Sep/2026:15:12:28 +0300] "GET /index.php/zinynas-keliaujantiems?sale/search/detail/?ITMCODE=51971022515 HTTP/1.1" 200 204407 "-" "Mozilla/5.0 (Linux; Android 6.0.1; Nexus 5X Build/MMB29P) AppleWebKit/537.36 (KHTML, like Gecko) Chrome/152.0.7977.82 Mobile Safari/537.36 (compatible; Googlebot/2.1; +http://www.google.com/bot.html)"
66.249.79.1 - - [15/Sep/2026:15:12:34 +0300] "GET /?sale/search/detail/?ITMCODE=51971469496 HTTP/1.1" 200 208682 "-" "Mozilla/5.0 (Linux; Android 6.0.1; Nexus 5X Build/MMB29P) AppleWebKit/537.36 (KHTML, like Gecko) Chrome/152.0.7977.82 Mobile Safari/537.36 (compatible; Googlebot/2.1; +http://www.google.com/bot.html)"
66.249.79.2 - - [15/Sep/2026:15:12:36 +0300] "GET /shop/pg/1367053 HTTP/1.1" 200 193707 "-" "Mozilla/5.0 (Linux; Android 6.0.1; Nexus 5X Build/MMB29P) AppleWebKit/537.36 (KHTML, like Gecko) Chrome/152.0.7977.82 Mobile Safari/537.36 (compatible; Googlebot/2.1; +http://www.google.com/bot.html)"
66.249.79.1 - - [15/Sep/2026:15:12:38 +0300] "GET /index.php/zinynas-keliaujantiems?sale/search/detail/?ITMCODE=519531130 HTTP/1.1" 200 205462 "-" "Mozilla/5.0 (Linux; Android 6.0.1; Nexus 5X Build/MMB29P) AppleWebKit/537.36 (KHTML, like Gecko) Chrome/152.0.7977.82 Mobile Safari/537.36 (compatible; Googlebot/2.1; +http://www.google.com/bot.html)"
57.141.20.26 - - [15/Sep/2026:15:12:41 +0300] "GET /index.php/component/search/?sale/search/detail/?ITMCODE=51998023198& HTTP/2.0" 200 19806 "-" "Mozilla/5.0 (Macintosh; Intel Mac OS X 10_15_7) AppleWebKit/537.36 (KHTML, like Gecko) Chrome/145.0.0.0 Safari/537.36 (compatible; meta-externalagent/1.1 (+https://developers.facebook.com/docs/sharing/webmasters/crawler))"
57.141.20.72 - - [15/Sep/2026:15:12:44 +0300] "GET /index.php/component/search/?sale/search/detail/?ITMCODE=519980340021&format=opensearch HTTP/2.0" 200 561 "-" "Mozilla/5.0 (Macintosh; Intel Mac OS X 10_15_7) AppleWebKit/537.36 (KHTML, like Gecko) Chrome/145.0.0.0 Safari/537.36 (compatible; meta-externalagent/1.1 (+https://developers.facebook.com/docs/sharing/webmasters/crawler))"
66.249.79.2 - - [15/Sep/2026:15:12:44 +0300] "GET /?sale/search/detail/?ITMCODE=51992342195 HTTP/1.1" 200 199421 "-" "Mozilla/5.0 (Linux; Android 6.0.1; Nexus 5X Build/MMB29P) AppleWebKit/537.36 (KHTML, like Gecko) Chrome/152.0.7977.82 Mobile Safari/537.36 (compatible; Googlebot/2.1; +http://www.google.com/bot.html)"
66.249.79.3 - - [15/Sep/2026:15:12:44 +0300] "GET /?sale/search/detail/?ITMCODE=5195375766 HTTP/1.1" 200 195315 "-" "Mozilla/5.0 (Linux; Android 6.0.1; Nexus 5X Build/MMB29P) AppleWebKit/537.36 (KHTML, like Gecko) Chrome/152.0.7977.82 Mobile Safari/537.36 (compatible; Googlebot/2.1; +http://www.google.com/bot.html)"
66.249.79.2 - - [15/Sep/2026:15:12:45 +0300] "GET /index.php/zinynas-keliaujantiems?sale/search/detail/?ITMCODE=52002851643 HTTP/1.1" 200 213734 "-" "Mozilla/5.0 (Linux; Android 6.0.1; Nexus 5X Build/MMB29P) AppleWebKit/537.36 (KHTML, like Gecko) Chrome/152.0.7977.82 Mobile Safari/537.36 (compatible; Googlebot/2.1; +http://www.google.com/bot.html)"
66.249.79.2 - - [15/Sep/2026:15:12:47 +0300] "GET /?sale/search/detail/?ITMCODE=51971437264 HTTP/1.1" 200 201980 "-" "Mozilla/5.0 (Linux; Android 6.0.1; Nexus 5X Build/MMB29P) AppleWebKit/537.36 (KHTML, like Gecko) Chrome/152.0.7977.82 Mobile Safari/537.36 (compatible; Googlebot/2.1; +http://www.google.com/bot.html)"
66.249.79.2 - - [15/Sep/2026:15:12:48 +0300] "GET /index.php/zinynas-keliaujantiems?sale/search/detail/?ITMCODE=52002889372 HTTP/1.1" 200 209016 "-" "Mozilla/5.0 (Linux; Android 6.0.1; Nexus 5X Build/MMB29P) AppleWebKit/537.36 (KHTML, like Gecko) Chrome/152.0.7977.82 Mobile Safari/537.36 (compatible; Googlebot/2.1; +http://www.google.com/bot.html)"
57.141.20.71 - - [15/Sep/2026:15:12:52 +0300] "GET /index.php/component/search/?sale/search/detail/?ITMCODE=519599429930& HTTP/2.0" 200 19807 "-" "Mozilla/5.0 (X11; Linux x86_64) AppleWebKit/537.36 (KHTML, like Gecko) Chrome/145.0.0.0 Safari/537.36 (compatible; meta-externalagent/1.1 (+https://developers.facebook.com/docs/sharing/webmasters/crawler))"
66.249.79.1 - - [15/Sep/2026:15:12:52 +0300] "GET /index.php/zinynas-keliaujantiems?sale/search/detail/?ITMCODE=51971014143 HTTP/1.1" 200 211437 "-" "Mozilla/5.0 (Linux; Android 6.0.1; Nexus 5X Build/MMB29P) AppleWebKit/537.36 (KHTML, like Gecko) Chrome/152.0.7977.82 Mobile Safari/537.36 (compatible; Googlebot/2.1; +http://www.google.com/bot.html)"
66.249.79.3 - - [15/Sep/2026:15:12:53 +0300] "GET /?sale/search/detail/?ITMCODE=51981952879 HTTP/1.1" 200 197728 "-" "Mozilla/5.0 (Linux; Android 6.0.1; Nexus 5X Build/MMB29P) AppleWebKit/537.36 (KHTML, like Gecko) Chrome/152.0.7977.82 Mobile Safari/537.36 (compatible; Googlebot/2.1; +http://www.google.com/bot.html)"
66.249.79.3 - - [15/Sep/2026:15:12:56 +0300] "GET /index.php/zinynas-keliaujantiems?sale/search/detail/?ITMCODE=51992195211 HTTP/1.1" 200 223754 "-" "Mozilla/5.0 (Linux; Android 6.0.1; Nexus 5X Build/MMB29P) AppleWebKit/537.36 (KHTML, like Gecko) Chrome/152.0.7977.82 Mobile Safari/537.36 (compatible; Googlebot/2.1; +http://www.google.com/bot.html)"
66.249.79.4 - - [15/Sep/2026:15:12:58 +0300] "GET /index.php/zinynas-keliaujantiems?sale/search/detail/?ITMCODE=51971314745 HTTP/1.1" 200 206028 "-" "Mozilla/5.0 (Linux; Android 6.0.1; Nexus 5X Build/MMB29P) AppleWebKit/537.36 (KHTML, like Gecko) Chrome/152.0.7977.82 Mobile Safari/537.36 (compatible; Googlebot/2.1; +http://www.google.com/bot.html)"
66.249.79.2 - - [15/Sep/2026:15:12:59 +0300] "GET /index.php/zinynas-keliaujantiems?sale/search/detail/?ITMCODE=5195156114 HTTP/1.1" 200 206555 "-" "Mozilla/5.0 (Linux; Android 6.0.1; Nexus 5X Build/MMB29P) AppleWebKit/537.36 (KHTML, like Gecko) Chrome/152.0.7977.82 Mobile Safari/537.36 (compatible; Googlebot/2.1; +http://www.google.com/bot.html)"
66.249.79.2 - - [15/Sep/2026:15:12:59 +0300] "GET /index.php/zinynas-keliaujantiems?sale/search/detail/?ITMCODE=519588728 HTTP/1.1" 200 206974 "-" "Mozilla/5.0 (Linux; Android 6.0.1; Nexus 5X Build/MMB29P) AppleWebKit/537.36 (KHTML, like Gecko) Chrome/152.0.7977.82 Mobile Safari/537.36 (compatible; Googlebot/2.1; +http://www.google.com/bot.html)"
114.119.142.39 - - [15/Sep/2026:15:13:04 +0300] "GET /?sale/search/detail/%3FITMCODE=5196894812 HTTP/1.1" 200 31588 "https://www.keliauk-uk.lt/?sitemap-products.xml" "Mozilla/5.0 (Linux; Android 7.0;) AppleWebKit/537.36 (HTML, like Gecko) Mobile Safari/537.36 (compatible; PetalBot;+https://webmaster.petalsearch.com/site/petalbot)"
66.249.79.2 - - [15/Sep/2026:15:13:06 +0300] "GET /index.php/zinynas-keliaujantiems?sale/search/detail/?ITMCODE=51992358112 HTTP/1.1" 200 202080 "-" "Mozilla/5.0 (Linux; Android 6.0.1; Nexus 5X Build/MMB29P) AppleWebKit/537.36 (KHTML, like Gecko) Chrome/152.0.7977.82 Mobile Safari/537.36 (compatible; Googlebot/2.1; +http://www.google.com/bot.html)"
66.249.79.1 - - [15/Sep/2026:15:13:09 +0300] "GET /?sale/search/detail/?ITMCODE=5195188657 HTTP/1.1" 200 205238 "-" "Mozilla/5.0 (Linux; Android 6.0.1; Nexus 5X Build/MMB29P) AppleWebKit/537.36 (KHTML, like Gecko) Chrome/152.0.7977.82 Mobile Safari/537.36 (compatible; Googlebot/2.1; +http://www.google.com/bot.html)"
66.249.79.1 - - [15/Sep/2026:15:13:10 +0300] "GET /index.php/zinynas-keliaujantiems?sale/search/detail/?ITMCODE=5196777883 HTTP/1.1" 200 208831 "-" "Mozilla/5.0 (Linux; Android 6.0.1; Nexus 5X Build/MMB29P) AppleWebKit/537.36 (KHTML, like Gecko) Chrome/152.0.7977.82 Mobile Safari/537.36 (compatible; Googlebot/2.1; +http://www.google.com/bot.html)"
66.249.79.2 - - [15/Sep/2026:15:13:12 +0300] "GET /index.php/zinynas-keliaujantiems?sale/search/detail/?ITMCODE=52002629015 HTTP/1.1" 200 209158 "-" "Mozilla/5.0 (Linux; Android 6.0.1; Nexus 5X Build/MMB29P) AppleWebKit/537.36 (KHTML, like Gecko) Chrome/152.0.7977.82 Mobile Safari/537.36 (compatible; Googlebot/2.1; +http://www.google.com/bot.html)"
207.46.13.51 - - [15/Sep/2026:15:13:33 +0300] "GET /shop/pg/1389965 HTTP/2.0" 200 207474 "-" "Mozilla/5.0 AppleWebKit/537.36 (KHTML, like Gecko; compatible; bingbot/2.0; +http://www.bing.com/bingbot.htm) Chrome/116.0.1938.76 Safari/537.36"
207.46.13.51 - - [15/Sep/2026:15:13:34 +0300] "GET /sale/search/detail/?ITMCODE=51981568972 HTTP/2.0" 200 200438 "-" "Mozilla/5.0 AppleWebKit/537.36 (KHTML, like Gecko; compatible; bingbot/2.0; +http://www.bing.com/bingbot.htm) Chrome/116.0.1938.76 Safari/537.36"
207.46.13.51 - - [15/Sep/2026:15:13:34 +0300] "GET /sale/search/detail/?ITMCODE=5195472297 HTTP/2.0" 200 215792 "-" "Mozilla/5.0 AppleWebKit/537.36 (KHTML, like Gecko; compatible; bingbot/2.0; +http://www.bing.com/bingbot.htm) Chrome/116.0.1938.76 Safari/537.36"
207.46.13.51 - - [15/Sep/2026:15:13:35 +0300] "GET /sale/search/detail/?ITMCODE=51981650880 HTTP/2.0" 200 200633 "-" "Mozilla/5.0 AppleWebKit/537.36 (KHTML, like Gecko; compatible; bingbot/2.0; +http://www.bing.com/bingbot.htm) Chrome/116.0.1938.76 Safari/537.36"
66.249.79.2 - - [15/Sep/2026:15:13:35 +0300] "GET /index.php/paslaugos?sale/search/detail/?ITMCODE=5196787177 HTTP/1.1" 200 208104 "-" "Mozilla/5.0 (Linux; Android 6.0.1; Nexus 5X Build/MMB29P) AppleWebKit/537.36 (KHTML, like Gecko) Chrome/152.0.7977.82 Mobile Safari/537.36 (compatible; Googlebot/2.1; +http://www.google.com/bot.html)"
66.249.79.2 - - [15/Sep/2026:15:13:36 +0300] "GET /shop/pg/5196903088 HTTP/1.1" 200 207356 "-" "Mozilla/5.0 (Linux; Android 6.0.1; Nexus 5X Build/MMB29P) AppleWebKit/537.36 (KHTML, like Gecko) Chrome/152.0.7977.82 Mobile Safari/537.36 (compatible; Googlebot/2.1; +http://www.google.com/bot.html)"
66.249.79.2 - - [15/Sep/2026:15:13:36 +0300] "GET /index.php/paslaugos?sale/search/detail/?ITMCODE=51981680612 HTTP/1.1" 200 199299 "-" "Mozilla/5.0 (Linux; Android 6.0.1; Nexus 5X Build/MMB29P) AppleWebKit/537.36 (KHTML, like Gecko) Chrome/152.0.7977.82 Mobile Safari/537.36 (compatible; Googlebot/2.1; +http://www.google.com/bot.html)"
66.249.79.2 - - [15/Sep/2026:15:13:37 +0300] "GET /shop/customer/bookmark.php?sale/search/detail/?ITMCODE=52002852304 HTTP/1.1" 200 207973 "-" "Mozilla/5.0 (Linux; Android 6.0.1; Nexus 5X Build/MMB29P) AppleWebKit/537.36 (KHTML, like Gecko) Chrome/152.0.7977.82 Mobile Safari/537.36 (compatible; Googlebot/2.1; +http://www.google.com/bot.html)"
66.249.79.2 - - [15/Sep/2026:15:13:38 +0300] "GET /index.php/zinynas-keliaujantiems?sale/search/detail/?ITMCODE=51992470737 HTTP/1.1" 200 210956 "-" "Mozilla/5.0 (Linux; Android 6.0.1; Nexus 5X Build/MMB29P) AppleWebKit/537.36 (KHTML, like Gecko) Chrome/152.0.7977.82 Mobile Safari/537.36 (compatible; Googlebot/2.1; +http://www.google.com/bot.html)"
66.249.79.2 - - [15/Sep/2026:15:13:38 +0300] "GET /index.php/paslaugos?sale/search/detail/?ITMCODE=52002635857 HTTP/1.1" 200 208336 "-" "Mozilla/5.0 (Linux; Android 6.0.1; Nexus 5X Build/MMB29P) AppleWebKit/537.36 (KHTML, like Gecko) Chrome/152.0.7977.82 Mobile Safari/537.36 (compatible; Googlebot/2.1; +http://www.google.com/bot.html)"
66.249.79.2 - - [15/Sep/2026:15:13:38 +0300] "GET /?sale/search/detail/?ITMCODE=5196938335 HTTP/1.1" 200 218544 "-" "Mozilla/5.0 (Linux; Android 6.0.1; Nexus 5X Build/MMB29P) AppleWebKit/537.36 (KHTML, like Gecko) Chrome/152.0.7977.82 Mobile Safari/537.36 (compatible; Googlebot/2.1; +http://www.google.com/bot.html)"
66.249.79.1 - - [15/Sep/2026:15:13:38 +0300] "GET /sale/search/detail/?ITMCODE=51992481927 HTTP/1.1" 200 201379 "-" "Mozilla/5.0 (Linux; Android 6.0.1; Nexus 5X Build/MMB29P) AppleWebKit/537.36 (KHTML, like Gecko) Chrome/152.0.7977.82 Mobile Safari/537.36 (compatible; Googlebot/2.1; +http://www.google.com/bot.html)"
66.249.79.2 - - [15/Sep/2026:15:13:39 +0300] "GET /shop/customer/bookmark.php?sale/search/detail/?ITMCODE=52002987637 HTTP/1.1" 200 205321 "-" "Mozilla/5.0 (Linux; Android 6.0.1; Nexus 5X Build/MMB29P) AppleWebKit/537.36 (KHTML, like Gecko) Chrome/152.0.7977.82 Mobile Safari/537.36 (compatible; Googlebot/2.1; +http://www.google.com/bot.html)"
66.249.79.2 - - [15/Sep/2026:15:13:39 +0300] "GET /?sale/search/detail/?ITMCODE=51981574708 HTTP/1.1" 200 208159 "-" "Mozilla/5.0 (Linux; Android 6.0.1; Nexus 5X Build/MMB29P) AppleWebKit/537.36 (KHTML, like Gecko) Chrome/152.0.7977.82 Mobile Safari/537.36 (compatible; Googlebot/2.1; +http://www.google.com/bot.html)"
66.249.79.1 - - [15/Sep/2026:15:13:39 +0300] "GET /index.php/zinynas-keliaujantiems?sale/search/detail/?ITMCODE=519597037 HTTP/1.1" 200 208401 "-" "Mozilla/5.0 (Linux; Android 6.0.1; Nexus 5X Build/MMB29P) AppleWebKit/537.36 (KHTML, like Gecko) Chrome/152.0.7977.82 Mobile Safari/537.36 (compatible; Googlebot/2.1; +http://www.google.com/bot.html)"
66.249.79.2 - - [15/Sep/2026:15:13:40 +0300] "GET /index.php/zinynas-keliaujantiems?sale/search/detail/?ITMCODE=51971405824 HTTP/1.1" 200 218283 "-" "Mozilla/5.0 (Linux; Android 6.0.1; Nexus 5X Build/MMB29P) AppleWebKit/537.36 (KHTML, like Gecko) Chrome/152.0.7977.82 Mobile Safari/537.36 (compatible; Googlebot/2.1; +http://www.google.com/bot.html)"
66.249.79.2 - - [15/Sep/2026:15:13:40 +0300] "GET /index.php/zinynas-keliaujantiems?sale/search/detail/?ITMCODE=51981625333 HTTP/1.1" 200 211307 "-" "Mozilla/5.0 (Linux; Android 6.0.1; Nexus 5X Build/MMB29P) AppleWebKit/537.36 (KHTML, like Gecko) Chrome/152.0.7977.82 Mobile Safari/537.36 (compatible; Googlebot/2.1; +http://www.google.com/bot.html)"
66.249.79.2 - - [15/Sep/2026:15:13:40 +0300] "GET /index.php/zinynas-keliaujantiems?sale/search/detail/?ITMCODE=5195461634 HTTP/1.1" 200 203151 "-" "Mozilla/5.0 (Linux; Android 6.0.1; Nexus 5X Build/MMB29P) AppleWebKit/537.36 (KHTML, like Gecko) Chrome/152.0.7977.82 Mobile Safari/537.36 (compatible; Googlebot/2.1; +http://www.google.com/bot.html)"
66.249.79.1 - - [15/Sep/2026:15:13:41 +0300] "GET /index.php/paslaugos?sale/search/detail/?ITMCODE=51992446310 HTTP/1.1" 200 202238 "-" "Mozilla/5.0 (Linux; Android 6.0.1; Nexus 5X Build/MMB29P) AppleWebKit/537.36 (KHTML, like Gecko) Chrome/152.0.7977.82 Mobile Safari/537.36 (compatible; Googlebot/2.1; +http://www.google.com/bot.html)"
66.249.79.2 - - [15/Sep/2026:15:13:41 +0300] "GET /index.php/paslaugos?sale/search/detail/?ITMCODE=51992127609 HTTP/1.1" 200 209977 "-" "Mozilla/5.0 (Linux; Android 6.0.1; Nexus 5X Build/MMB29P) AppleWebKit/537.36 (KHTML, like Gecko) Chrome/152.0.7977.82 Mobile Safari/537.36 (compatible; Googlebot/2.1; +http://www.google.com/bot.html)"
66.249.79.1 - - [15/Sep/2026:15:13:41 +0300] "GET /index.php/paslaugos?sale/search/detail/?ITMCODE=51992155356 HTTP/1.1" 200 215373 "-" "Mozilla/5.0 (Linux; Android 6.0.1; Nexus 5X Build/MMB29P) AppleWebKit/537.36 (KHTML, like Gecko) Chrome/152.0.7977.82 Mobile Safari/537.36 (compatible; Googlebot/2.1; +http://www.google.com/bot.html)"
66.249.79.2 - - [15/Sep/2026:15:13:43 +0300] "GET /?sale/search/detail/?ITMCODE=5195134805 HTTP/1.1" 200 193351 "-" "Mozilla/5.0 (Linux; Android 6.0.1; Nexus 5X Build/MMB29P) AppleWebKit/537.36 (KHTML, like Gecko) Chrome/152.0.7977.82 Mobile Safari/537.36 (compatible; Googlebot/2.1; +http://www.google.com/bot.html)"
66.249.79.1 - - [15/Sep/2026:15:13:44 +0300] "GET /index.php/zinynas-keliaujantiems?sale/search/detail/?ITMCODE=52002552941 HTTP/1.1" 200 219375 "-" "Mozilla/5.0 (Linux; Android 6.0.1; Nexus 5X Build/MMB29P) AppleWebKit/537.36 (KHTML, like Gecko) Chrome/152.0.7977.82 Mobile Safari/537.36 (compatible; Googlebot/2.1; +http://www.google.com/bot.html)"
66.249.79.1 - - [15/Sep/2026:15:13:45 +0300] "GET /index.php/paslaugos?sale/search/detail/?ITMCODE=51992129292 HTTP/1.1" 200 209539 "-" "Mozilla/5.0 (Linux; Android 6.0.1; Nexus 5X Build/MMB29P) AppleWebKit/537.36 (KHTML, like Gecko) Chrome/152.0.7977.82 Mobile Safari/537.36 (compatible; Googlebot/2.1; +http://www.google.com/bot.html)"
66.249.79.1 - - [15/Sep/2026:15:13:47 +0300] "GET /index.php/paslaugos?sale/search/detail/?ITMCODE=52002911888 HTTP/1.1" 200 204559 "-" "Mozilla/5.0 (Linux; Android 6.0.1; Nexus 5X Build/MMB29P) AppleWebKit/537.36 (KHTML, like Gecko) Chrome/152.0.7977.82 Mobile Safari/537.36 (compatible; Googlebot/2.1; +http://www.google.com/bot.html)"
66.249.79.1 - - [15/Sep/2026:15:13:50 +0300] "GET /?sale/search/detail/?ITMCODE=51971216029 HTTP/1.1" 200 196269 "-" "Mozilla/5.0 (Linux; Android 6.0.1; Nexus 5X Build/MMB29P) AppleWebKit/537.36 (KHTML, like Gecko) Chrome/152.0.7977.82 Mobile Safari/537.36 (compatible; Googlebot/2.1; +http://www.google.com/bot.html)"
66.249.79.5 - - [15/Sep/2026:15:13:51 +0300] "GET /shop/pg/1899643 HTTP/1.1" 200 227843 "-" "Mozilla/5.0 (Linux; Android 6.0.1; Nexus 5X Build/MMB29P) AppleWebKit/537.36 (KHTML, like Gecko) Chrome/152.0.7977.82 Mobile Safari/537.36 (compatible; Googlebot/2.1; +http://www.google.com/bot.html)"
66.249.79.3 - - [15/Sep/2026:15:13:52 +0300] "GET /index.php/zinynas-keliaujantiems?sale/search/detail/?ITMCODE=5196860232 HTTP/1.1" 200 223731 "-" "Mozilla/5.0 (Linux; Android 6.0.1; Nexus 5X Build/MMB29P) AppleWebKit/537.36 (KHTML, like Gecko) Chrome/152.0.7977.82 Mobile Safari/537.36 (compatible; Googlebot/2.1; +http://www.google.com/bot.html)"
66.249.79.1 - - [15/Sep/2026:15:13:58 +0300] "GET /index.php/zinynas-keliaujantiems?sale/search/detail/?ITMCODE=51971460563 HTTP/1.1" 200 204505 "-" "Mozilla/5.0 (Linux; Android 6.0.1; Nexus 5X Build/MMB29P) AppleWebKit/537.36 (KHTML, like Gecko) Chrome/152.0.7977.82 Mobile Safari/537.36 (compatible; Googlebot/2.1; +http://www.google.com/bot.html)"
66.249.79.1 - - [15/Sep/2026:15:13:59 +0300] "GET /index.php/zinynas-keliaujantiems?sale/search/detail/?ITMCODE=5195288851 HTTP/1.1" 200 212206 "-" "Mozilla/5.0 (Linux; Android 6.0.1; Nexus 5X Build/MMB29P) AppleWebKit/537.36 (KHTML, like Gecko) Chrome/152.0.7977.82 Mobile Safari/537.36 (compatible; Googlebot/2.1; +http://www.google.com/bot.html)"
66.249.79.2 - - [15/Sep/2026:15:13:59 +0300] "GET /index.php/zinynas-keliaujantiems?sale/search/detail/?ITMCODE=5196970982 HTTP/1.1" 200 224365 "-" "Mozilla/5.0 (Linux; Android 6.0.1; Nexus 5X Build/MMB29P) AppleWebKit/537.36 (KHTML, like Gecko) Chrome/152.0.7977.82 Mobile Safari/537.36 (compatible; Googlebot/2.1; +http://www.google.com/bot.html)"
66.249.79.4 - - [15/Sep/2026:15:13:59 +0300] "GET /?sale/search/detail/?ITMCODE=52002737966 HTTP/1.1" 200 206638 "-" "Mozilla/5.0 (Linux; Android 6.0.1; Nexus 5X Build/MMB29P) AppleWebKit/537.36 (KHTML, like Gecko) Chrome/152.0.7977.82 Mobile Safari/537.36 (compatible; Googlebot/2.1; +http://www.google.com/bot.html)"
66.249.79.1 - - [15/Sep/2026:15:14:01 +0300] "GET /?sale/search/detail/?ITMCODE=52002570238 HTTP/1.1" 200 205636 "-" "Mozilla/5.0 (Linux; Android 6.0.1; Nexus 5X Build/MMB29P) AppleWebKit/537.36 (KHTML, like Gecko) Chrome/152.0.7977.82 Mobile Safari/537.36 (compatible; Googlebot/2.1; +http://www.google.com/bot.html)"
66.249.79.5 - - [15/Sep/2026:15:14:01 +0300] "GET /index.php/zinynas-keliaujantiems?sale/search/detail/?ITMCODE=51971448509 HTTP/1.1" 200 210225 "-" "Mozilla/5.0 (Linux; Android 6.0.1; Nexus 5X Build/MMB29P) AppleWebKit/537.36 (KHTML, like Gecko) Chrome/152.0.7977.82 Mobile Safari/537.36 (compatible; Googlebot/2.1; +http://www.google.com/bot.html)"
66.249.79.4 - - [15/Sep/2026:15:14:02 +0300] "GET /index.php/zinynas-keliaujantiems?sale/search/detail/?ITMCODE=51971208727 HTTP/1.1" 200 216141 "-" "Mozilla/5.0 (Linux; Android 6.0.1; Nexus 5X Build/MMB29P) AppleWebKit/537.36 (KHTML, like Gecko) Chrome/152.0.7977.82 Mobile Safari/537.36 (compatible; Googlebot/2.1; +http://www.google.com/bot.html)"
66.249.79.2 - - [15/Sep/2026:15:14:03 +0300] "GET /index.php/paslaugos?sale/search/detail/?ITMCODE=51992050304 HTTP/1.1" 200 203285 "-" "Mozilla/5.0 (Linux; Android 6.0.1; Nexus 5X Build/MMB29P) AppleWebKit/537.36 (KHTML, like Gecko) Chrome/152.0.7977.82 Mobile Safari/537.36 (compatible; Googlebot/2.1; +http://www.google.com/bot.html)"
66.249.79.4 - - [15/Sep/2026:15:14:07 +0300] "GET /?sale/search/detail/?ITMCODE=5195293932 HTTP/1.1" 200 211362 "-" "Mozilla/5.0 (Linux; Android 6.0.1; Nexus 5X Build/MMB29P) AppleWebKit/537.36 (KHTML, like Gecko) Chrome/152.0.7977.82 Mobile Safari/537.36 (compatible; Googlebot/2.1; +http://www.google.com/bot.html)"
66.249.79.2 - - [15/Sep/2026:15:14:08 +0300] "GET /index.php/zinynas-keliaujantiems?sale/search/detail/?ITMCODE=51971382580 HTTP/1.1" 200 207919 "-" "Mozilla/5.0 (Linux; Android 6.0.1; Nexus 5X Build/MMB29P) AppleWebKit/537.36 (KHTML, like Gecko) Chrome/152.0.7977.82 Mobile Safari/537.36 (compatible; Googlebot/2.1; +http://www.google.com/bot.html)"
66.249.79.4 - - [15/Sep/2026:15:14:08 +0300] "GET /?sale/search/detail/?ITMCODE=51981782961 HTTP/1.1" 200 199879 "-" "Mozilla/5.0 (Linux; Android 6.0.1; Nexus 5X Build/MMB29P) AppleWebKit/537.36 (KHTML, like Gecko) Chrome/152.0.7977.82 Mobile Safari/537.36 (compatible; Googlebot/2.1; +http://www.google.com/bot.html)"
66.249.79.1 - - [15/Sep/2026:15:14:08 +0300] "GET /?sale/search/detail/?ITMCODE=52002811629 HTTP/1.1" 200 205421 "-" "Mozilla/5.0 (Linux; Android 6.0.1; Nexus 5X Build/MMB29P) AppleWebKit/537.36 (KHTML, like Gecko) Chrome/152.0.7977.82 Mobile Safari/537.36 (compatible; Googlebot/2.1; +http://www.google.com/bot.html)"
66.249.79.2 - - [15/Sep/2026:15:14:08 +0300] "GET /?sale/search/detail/?ITMCODE=52002512127 HTTP/1.1" 200 192813 "-" "Mozilla/5.0 (Linux; Android 6.0.1; Nexus 5X Build/MMB29P) AppleWebKit/537.36 (KHTML, like Gecko) Chrome/152.0.7977.82 Mobile Safari/537.36 (compatible; Googlebot/2.1; +http://www.google.com/bot.html)"
66.249.79.3 - - [15/Sep/2026:15:14:11 +0300] "GET /?sale/search/detail/?ITMCODE=51992351579 HTTP/1.1" 200 199156 "-" "Mozilla/5.0 (Linux; Android 6.0.1; Nexus 5X Build/MMB29P) AppleWebKit/537.36 (KHTML, like Gecko) Chrome/152.0.7977.82 Mobile Safari/537.36 (compatible; Googlebot/2.1; +http://www.google.com/bot.html)"
66.249.79.1 - - [15/Sep/2026:15:14:13 +0300] "GET /?sale/search/detail/?ITMCODE=51992126322 HTTP/1.1" 200 211644 "-" "Mozilla/5.0 (Linux; Android 6.0.1; Nexus 5X Build/MMB29P) AppleWebKit/537.36 (KHTML, like Gecko) Chrome/152.0.7977.82 Mobile Safari/537.36 (compatible; Googlebot/2.1; +http://www.google.com/bot.html)"
66.249.79.1 - - [15/Sep/2026:15:14:16 +0300] "GET /index.php/zinynas-keliaujantiems?sale/search/detail/?ITMCODE=51992097971 HTTP/1.1" 200 212247 "-" "Mozilla/5.0 (Linux; Android 6.0.1; Nexus 5X Build/MMB29P) AppleWebKit/537.36 (KHTML, like Gecko) Chrome/152.0.7977.82 Mobile Safari/537.36 (compatible; Googlebot/2.1; +http://www.google.com/bot.html)"
66.249.79.2 - - [15/Sep/2026:15:14:18 +0300] "GET /index.php/zinynas-keliaujantiems?sale/search/detail/?ITMCODE=52002767885 HTTP/1.1" 200 207819 "-" "Mozilla/5.0 (Linux; Android 6.0.1; Nexus 5X Build/MMB29P) AppleWebKit/537.36 (KHTML, like Gecko) Chrome/152.0.7977.82 Mobile Safari/537.36 (compatible; Googlebot/2.1; +http://www.google.com/bot.html)"
66.249.79.3 - - [15/Sep/2026:15:14:20 +0300] "GET /?sale/search/detail/?ITMCODE=51981548456 HTTP/1.1" 200 199577 "-" "Mozilla/5.0 (Linux; Android 6.0.1; Nexus 5X Build/MMB29P) AppleWebKit/537.36 (KHTML, like Gecko) Chrome/152.0.7977.82 Mobile Safari/537.36 (compatible; Googlebot/2.1; +http://www.google.com/bot.html)"
66.249.79.1 - - [15/Sep/2026:15:14:21 +0300] "GET /index.php/zinynas-keliaujantiems?sale/search/detail/?ITMCODE=51992183968 HTTP/1.1" 200 226400 "-" "Mozilla/5.0 (Linux; Android 6.0.1; Nexus 5X Build/MMB29P) AppleWebKit/537.36 (KHTML, like Gecko) Chrome/152.0.7977.82 Mobile Safari/537.36 (compatible; Googlebot/2.1; +http://www.google.com/bot.html)"
66.249.79.3 - - [15/Sep/2026:15:14:25 +0300] "GET /index.php/zinynas-keliaujantiems?sale/search/detail/?ITMCODE=51981795459 HTTP/1.1" 200 223142 "-" "Mozilla/5.0 (Linux; Android 6.0.1; Nexus 5X Build/MMB29P) AppleWebKit/537.36 (KHTML, like Gecko) Chrome/152.0.7977.82 Mobile Safari/537.36 (compatible; Googlebot/2.1; +http://www.google.com/bot.html)"
66.249.79.2 - - [15/Sep/2026:15:14:27 +0300] "GET /?sale/search/detail/?ITMCODE=5196767584 HTTP/1.1" 200 207437 "-" "Mozilla/5.0 (Linux; Android 6.0.1; Nexus 5X Build/MMB29P) AppleWebKit/537.36 (KHTML, like Gecko) Chrome/152.0.7977.82 Mobile Safari/537.36 (compatible; Googlebot/2.1; +http://www.google.com/bot.html)"
114.119.158.46 - - [15/Sep/2026:15:14:27 +0300] "GET /?sale/search/detail/%3FITMCODE=5196891526 HTTP/1.1" 200 31588 "https://www.keliauk-uk.lt/?sitemap-products.xml" "Mozilla/5.0 (Linux; Android 7.0;) AppleWebKit/537.36 (HTML, like Gecko) Mobile Safari/537.36 (compatible; PetalBot;+https://webmaster.petalsearch.com/site/petalbot)"
66.249.79.2 - - [15/Sep/2026:15:14:27 +0300] "GET /index.php/zinynas-keliaujantiems?sale/search/detail/?ITMCODE=51971237289 HTTP/1.1" 200 208658 "-" "Mozilla/5.0 (Linux; Android 6.0.1; Nexus 5X Build/MMB29P) AppleWebKit/537.36 (KHTML, like Gecko) Chrome/152.0.7977.82 Mobile Safari/537.36 (compatible; Googlebot/2.1; +http://www.google.com/bot.html)"
85.208.96.196 - - [15/Sep/2026:15:14:33 +0300] "GET /robots.txt HTTP/1.1" 200 115 "-" "Mozilla/5.0 (compatible; SemrushBot/7~bl; +http://www.semrush.com/bot.html)"
66.249.79.1 - - [15/Sep/2026:15:14:33 +0300] "GET /?sale/search/detail/?ITMCODE=51981598556 HTTP/1.1" 200 201815 "-" "Mozilla/5.0 (Linux; Android 6.0.1; Nexus 5X Build/MMB29P) AppleWebKit/537.36 (KHTML, like Gecko) Chrome/152.0.7977.82 Mobile Safari/537.36 (compatible; Googlebot/2.1; +http://www.google.com/bot.html)"
185.191.171.19 - - [15/Sep/2026:15:14:34 +0300] "GET /?sale%2Fsearch%2Fdetail%2F%3FITMCODE=51992183218 HTTP/1.1" 200 31561 "-" "Mozilla/5.0 (compatible; SemrushBot/7~bl; +http://www.semrush.com/bot.html)"
57.141.20.13 - - [15/Sep/2026:15:14:35 +0300] "GET /?sale/search/detail/?ITMCODE=519968381617 HTTP/2.0" 200 31590 "-" "Mozilla/5.0 (Windows NT 10.0; Win64; x64) AppleWebKit/537.36 (KHTML, like Gecko) Chrome/145.0.0.0 Safari/537.36 (compatible; meta-externalagent/1.1 (+https://developers.facebook.com/docs/sharing/webmasters/crawler))"
