57.141.20.28 - - [15/Sep/2026:15:19:55 +0300] "GET /index.php/component/search/?sale/search/detail/?ITMCODE=519917364796&id=1&Itemid=437&format=opensearch HTTP/2.0" 200 585 "-" "Mozilla/5.0 (Windows NT 10.0; Win64; x64) AppleWebKit/537.36 (KHTML, like Gecko) Chrome/145.0.0.0 Safari/537.36 (compatible; meta-externalagent/1.1 (+https://developers.facebook.com/docs/sharing/webmasters/crawler))"
66.249.79.2 - - [15/Sep/2026:15:19:55 +0300] "GET /?sale/search/detail/?ITMCODE=51971334512 HTTP/1.1" 200 208750 "-" "Mozilla/5.0 (Linux; Android 6.0.1; Nexus 5X Build/MMB29P) AppleWebKit/537.36 (KHTML, like Gecko) Chrome/152.0.7977.82 Mobile Safari/537.36 (compatible; Googlebot/2.1; +http://www.google.com/bot.html)"
66.249.79.1 - - [15/Sep/2026:15:19:56 +0300] "GET /?sale/search/detail/?ITMCODE=51981967647 HTTP/1.1" 200 197238 "-" "Mozilla/5.0 (Linux; Android 6.0.1; Nexus 5X Build/MMB29P) AppleWebKit/537.36 (KHTML, like Gecko) Chrome/152.0.7977.82 Mobile Safari/537.36 (compatible; Googlebot/2.1; +http://www.google.com/bot.html)"
66.249.79.2 - - [15/Sep/2026:15:19:58 +0300] "GET /index.php/zinynas-keliaujantiems?sale/search/detail/?ITMCODE=51971043954 HTTP/1.1" 200 206890 "-" "Mozilla/5.0 (Linux; Android 6.0.1; Nexus 5X Build/MMB29P) AppleWebKit/537.36 (KHTML, like Gecko) Chrome/152.0.7977.82 Mobile Safari/537.36 (compatible; Googlebot/2.1; +http://www.google.com/bot.html)"
114.119.135.63 - - [15/Sep/2026:15:20:01 +0300] "GET /?sale/search/detail/%3FITMCODE=5196878472 HTTP/1.1" 200 31588 "https://www.keliauk-uk.lt/?sitemap-products.xml" "Mozilla/5.0 (Linux; Android 7.0;) AppleWebKit/537.36 (HTML, like Gecko) Mobile Safari/537.36 (compatible; PetalBot;+https://webmaster.petalsearch.com/site/petalbot)"
66.249.79.2 - - [15/Sep/2026:15:20:02 +0300] "GET /index.php/zinynas-keliaujantiems?sale/search/detail/?ITMCODE=52002639166 HTTP/1.1" 200 201971 "-" "Mozilla/5.0 (Linux; Android 6.0.1; Nexus 5X Build/MMB29P) AppleWebKit/537.36 (KHTML, like Gecko) Chrome/152.0.7977.82 Mobile Safari/537.36 (compatible; Googlebot/2.1; +http://www.google.com/bot.html)"
66.249.79.2 - - [15/Sep/2026:15:20:13 +0300] "GET /?sale/search/detail/?ITMCODE=51971218247 HTTP/1.1" 200 201151 "-" "Mozilla/5.0 (Linux; Android 6.0.1; Nexus 5X Build/MMB29P) AppleWebKit/537.36 (KHTML, like Gecko) Chrome/152.0.7977.82 Mobile Safari/537.36 (compatible; Googlebot/2.1; +http://www.google.com/bot.html)"
66.249.79.2 - - [15/Sep/2026:15:20:14 +0300] "GET /?sale/search/detail/?ITMCODE=52002512784 HTTP/1.1" 200 200682 "-" "Mozilla/5.0 (Linux; Android 6.0.1; Nexus 5X Build/MMB29P) AppleWebKit/537.36 (KHTML, like Gecko) Chrome/152.0.7977.82 Mobile Safari/537.36 (compatible; Googlebot/2.1; +http://www.google.com/bot.html)"
57.141.20.39 - - [15/Sep/2026:15:20:18 +0300] "GET /index.php/component/search/?sale/search/detail/?ITMCODE=520017778691&id=1&Itemid=437&format=opensearch HTTP/2.0" 200 585 "-" "Mozilla/5.0 (Windows NT 10.0; Win64; x64) AppleWebKit/537.36 (KHTML, like Gecko) Chrome/145.0.0.0 Safari/537.36 Edg/145.0.0.0 (compatible; meta-externalagent/1.1 (+https://developers.facebook.com/docs/sharing/webmasters/crawler))"
66.249.79.1 - - [15/Sep/2026:15:20:20 +0300] "GET /index.php/zinynas-keliaujantiems?sale/search/detail/?ITMCODE=51981920223 HTTP/1.1" 200 220495 "-" "Mozilla/5.0 (Linux; Android 6.0.1; Nexus 5X Build/MMB29P) AppleWebKit/537.36 (KHTML, like Gecko) Chrome/152.0.7977.82 Mobile Safari/537.36 (compatible; Googlebot/2.1; +http://www.google.com/bot.html)"
66.249.79.1 - - [15/Sep/2026:15:20:25 +0300] "GET /index.php/zinynas-keliaujantiems?sale/search/detail/?ITMCODE=51992101541 HTTP/1.1" 200 211255 "-" "Mozilla/5.0 (Linux; Android 6.0.1; Nexus 5X Build/MMB29P) AppleWebKit/537.36 (KHTML, like Gecko) Chrome/152.0.7977.82 Mobile Safari/537.36 (compatible; Googlebot/2.1; +http://www.google.com/bot.html)"
66.249.79.1 - - [15/Sep/2026:15:20:30 +0300] "GET /index.php/zinynas-keliaujantiems?sale/search/detail/?ITMCODE=5196729531 HTTP/1.1" 200 211310 "-" "Mozilla/5.0 (Linux; Android 6.0.1; Nexus 5X Build/MMB29P) AppleWebKit/537.36 (KHTML, like Gecko) Chrome/152.0.7977.82 Mobile Safari/537.36 (compatible; Googlebot/2.1; +http://www.google.com/bot.html)"
66.249.79.2 - - [15/Sep/2026:15:20:36 +0300] "GET /index.php/zinynas-keliaujantiems?sale/search/detail/?ITMCODE=5196611376 HTTP/1.1" 200 201849 "-" "Mozilla/5.0 (Linux; Android 6.0.1; Nexus 5X Build/MMB29P) AppleWebKit/537.36 (KHTML, like Gecko) Chrome/152.0.7977.82 Mobile Safari/537.36 (compatible; Googlebot/2.1; +http://www.google.com/bot.html)"
66.249.79.2 - - [15/Sep/2026:15:20:37 +0300] "GET /?sale/search/detail/?ITMCODE=51992457104 HTTP/1.1" 200 204597 "-" "Mozilla/5.0 (Linux; Android 6.0.1; Nexus 5X Build/MMB29P) AppleWebKit/537.36 (KHTML, like Gecko) Chrome/152.0.7977.82 Mobile Safari/537.36 (compatible; Googlebot/2.1; +http://www.google.com/bot.html)"
66.249.79.1 - - [15/Sep/2026:15:20:42 +0300] "GET /index.php/zinynas-keliaujantiems?sale/search/detail/?ITMCODE=5195159572 HTTP/1.1" 200 202775 "-" "Mozilla/5.0 (Linux; Android 6.0.1; Nexus 5X Build/MMB29P) AppleWebKit/537.36 (KHTML, like Gecko) Chrome/152.0.7977.82 Mobile Safari/537.36 (compatible; Googlebot/2.1; +http://www.google.com/bot.html)"
66.249.79.1 - - [15/Sep/2026:15:20:44 +0300] "GET /index.php/zinynas-keliaujantiems?sale/search/detail/?ITMCODE=51992040030 HTTP/1.1" 200 206756 "-" "Mozilla/5.0 (Linux; Android 6.0.1; Nexus 5X Build/MMB29P) AppleWebKit/537.36 (KHTML, like Gecko) Chrome/152.0.7977.82 Mobile Safari/537.36 (compatible; Googlebot/2.1; +http://www.google.com/bot.html)"
66.249.79.2 - - [15/Sep/2026:15:20:46 +0300] "GET /index.php/zinynas-keliaujantiems?sale/search/detail/?ITMCODE=51992227676 HTTP/1.1" 200 201937 "-" "Mozilla/5.0 (Linux; Android 6.0.1; Nexus 5X Build/MMB29P) AppleWebKit/537.36 (KHTML, like Gecko) Chrome/152.0.7977.82 Mobile Safari/537.36 (compatible; Googlebot/2.1; +http://www.google.com/bot.html)"
66.249.79.1 - - [15/Sep/2026:15:20:58 +0300] "GET /index.php/zinynas-keliaujantiems?sale/search/detail/?ITMCODE=51981593301 HTTP/1.1" 200 220723 "-" "Mozilla/5.0 (Linux; Android 6.0.1; Nexus 5X Build/MMB29P) AppleWebKit/537.36 (KHTML, like Gecko) Chrome/152.0.7977.82 Mobile Safari/537.36 (compatible; Googlebot/2.1; +http://www.google.com/bot.html)"
66.249.79.1 - - [15/Sep/2026:15:21:03 +0300] "GET /index.php/zinynas-keliaujantiems?sale/search/detail/?ITMCODE=51992139754 HTTP/1.1" 200 213261 "-" "Mozilla/5.0 (Linux; Android 6.0.1; Nexus 5X Build/MMB29P) AppleWebKit/537.36 (KHTML, like Gecko) Chrome/152.0.7977.82 Mobile Safari/537.36 (compatible; Googlebot/2.1; +http://www.google.com/bot.html)"
66.249.79.1 - - [15/Sep/2026:15:21:11 +0300] "GET /index.php/zinynas-keliaujantiems?sale/search/detail/?ITMCODE=51992248772 HTTP/1.1" 200 204261 "-" "Mozilla/5.0 (Linux; Android 6.0.1; Nexus 5X Build/MMB29P) AppleWebKit/537.36 (KHTML, like Gecko) Chrome/152.0.7977.82 Mobile Safari/537.36 (compatible; Googlebot/2.1; +http://www.google.com/bot.html)"
66.249.79.1 - - [15/Sep/2026:15:21:14 +0300] "GET /index.php/zinynas-keliaujantiems?sale/search/detail/?ITMCODE=51971011517 HTTP/1.1" 200 212552 "-" "Mozilla/5.0 (Linux; Android 6.0.1; Nexus 5X Build/MMB29P) AppleWebKit/537.36 (KHTML, like Gecko) Chrome/152.0.7977.82 Mobile Safari/537.36 (compatible; Googlebot/2.1; +http://www.google.com/bot.html)"
66.249.79.1 - - [15/Sep/2026:15:21:15 +0300] "GET /index.php/zinynas-keliaujantiems?sale/search/detail/?ITMCODE=52002601182 HTTP/1.1" 200 210277 "-" "Mozilla/5.0 (Linux; Android 6.0.1; Nexus 5X Build/MMB29P) AppleWebKit/537.36 (KHTML, like Gecko) Chrome/152.0.7977.82 Mobile Safari/537.36 (compatible; Googlebot/2.1; +http://www.google.com/bot.html)"
66.249.79.1 - - [15/Sep/2026:15:21:22 +0300] "GET /index.php/zinynas-keliaujantiems?sale/search/detail/?ITMCODE=51981950628 HTTP/1.1" 200 212062 "-" "Mozilla/5.0 (Linux; Android 6.0.1; Nexus 5X Build/MMB29P) AppleWebKit/537.36 (KHTML, like Gecko) Chrome/152.0.7977.82 Mobile Safari/537.36 (compatible; Googlebot/2.1; +http://www.google.com/bot.html)"
114.119.148.64 - - [15/Sep/2026:15:21:24 +0300] "GET /?sale/search/detail/%3FITMCODE=5196875231 HTTP/1.1" 200 31588 "https://www.keliauk-uk.lt/?sitemap-products.xml" "Mozilla/5.0 (Linux; Android 7.0;) AppleWebKit/537.36 (HTML, like Gecko) Mobile Safari/537.36 (compatible; PetalBot;+https://webmaster.petalsearch.com/site/petalbot)"
66.249.79.2 - - [15/Sep/2026:15:21:31 +0300] "GET /index.php/zinynas-keliaujantiems?sale/search/detail/?ITMCODE=51971245485 HTTP/1.1" 200 201770 "-" "Mozilla/5.0 (Linux; Android 6.0.1; Nexus 5X Build/MMB29P) AppleWebKit/537.36 (KHTML, like Gecko) Chrome/152.0.7977.82 Mobile Safari/537.36 (compatible; Googlebot/2.1; +http://www.google.com/bot.html)"
66.249.79.2 - - [15/Sep/2026:15:21:33 +0300] "GET /index.php/zinynas-keliaujantiems?sale/search/detail/?ITMCODE=52002612727 HTTP/1.1" 200 205121 "-" "Mozilla/5.0 (Linux; Android 6.0.1; Nexus 5X Build/MMB29P) AppleWebKit/537.36 (KHTML, like Gecko) Chrome/152.0.7977.82 Mobile Safari/537.36 (compatible; Googlebot/2.1; +http://www.google.com/bot.html)"
66.249.79.1 - - [15/Sep/2026:15:21:32 +0300] "GET /?sale/search/detail/?ITMCODE=51981824216 HTTP/1.1" 200 201871 "-" "Mozilla/5.0 (Linux; Android 6.0.1; Nexus 5X Build/MMB29P) AppleWebKit/537.36 (KHTML, like Gecko) Chrome/152.0.7977.82 Mobile Safari/537.36 (compatible; Googlebot/2.1; +http://www.google.com/bot.html)"
66.249.79.1 - - [15/Sep/2026:15:21:37 +0300] "GET /index.php/zinynas-keliaujantiems?sale/search/detail/?ITMCODE=519512002 HTTP/1.1" 200 203713 "-" "Mozilla/5.0 (Linux; Android 6.0.1; Nexus 5X Build/MMB29P) AppleWebKit/537.36 (KHTML, like Gecko) Chrome/152.0.7977.82 Mobile Safari/537.36 (compatible; Googlebot/2.1; +http://www.google.com/bot.html)"
66.249.79.1 - - [15/Sep/2026:15:21:40 +0300] "GET /index.php/zinynas-keliaujantiems?sale/search/detail/?ITMCODE=51971403747 HTTP/1.1" 200 204218 "-" "Mozilla/5.0 (Linux; Android 6.0.1; Nexus 5X Build/MMB29P) AppleWebKit/537.36 (KHTML, like Gecko) Chrome/152.0.7977.82 Mobile Safari/537.36 (compatible; Googlebot/2.1; +http://www.google.com/bot.html)"
57.141.20.5 - - [15/Sep/2026:15:21:40 +0300] "GET /index.php/component/search/?sale/search/detail/?ITMCODE=51977167589& HTTP/2.0" 200 19806 "-" "Mozilla/5.0 (Macintosh; Intel Mac OS X 10_15_7) AppleWebKit/537.36 (KHTML, like Gecko) Chrome/145.0.0.0 Safari/537.36 (compatible; meta-externalagent/1.1 (+https://developers.facebook.com/docs/sharing/webmasters/crawler))"
66.249.79.2 - - [15/Sep/2026:15:21:44 +0300] "GET /?sale/search/detail/?ITMCODE=51992259305 HTTP/1.1" 200 204963 "-" "Mozilla/5.0 (Linux; Android 6.0.1; Nexus 5X Build/MMB29P) AppleWebKit/537.36 (KHTML, like Gecko) Chrome/152.0.7977.82 Mobile Safari/537.36 (compatible; Googlebot/2.1; +http://www.google.com/bot.html)"
66.249.79.2 - - [15/Sep/2026:15:21:47 +0300] "GET /index.php/zinynas-keliaujantiems?sale/search/detail/?ITMCODE=52002626877 HTTP/1.1" 200 204962 "-" "Mozilla/5.0 (Linux; Android 6.0.1; Nexus 5X Build/MMB29P) AppleWebKit/537.36 (KHTML, like Gecko) Chrome/152.0.7977.82 Mobile Safari/537.36 (compatible; Googlebot/2.1; +http://www.google.com/bot.html)"
66.249.79.1 - - [15/Sep/2026:15:21:47 +0300] "GET /sale/search/detail/?ITMCODE=51971448684 HTTP/1.1" 200 199486 "-" "Mozilla/5.0 (Linux; Android 6.0.1; Nexus 5X Build/MMB29P) AppleWebKit/537.36 (KHTML, like Gecko) Chrome/152.0.7977.82 Mobile Safari/537.36 (compatible; Googlebot/2.1; +http://www.google.com/bot.html)"
66.249.79.1 - - [15/Sep/2026:15:21:50 +0300] "GET /index.php/zinynas-keliaujantiems?sale/search/detail/?ITMCODE=519543411 HTTP/1.1" 200 207869 "-" "Mozilla/5.0 (Linux; Android 6.0.1; Nexus 5X Build/MMB29P) AppleWebKit/537.36 (KHTML, like Gecko) Chrome/152.0.7977.82 Mobile Safari/537.36 (compatible; Googlebot/2.1; +http://www.google.com/bot.html)"
66.249.79.3 - - [15/Sep/2026:15:21:52 +0300] "GET /index.php/zinynas-keliaujantiems?sale/search/detail/?ITMCODE=5196744285 HTTP/1.1" 200 208202 "-" "Mozilla/5.0 (Linux; Android 6.0.1; Nexus 5X Build/MMB29P) AppleWebKit/537.36 (KHTML, like Gecko) Chrome/152.0.7977.82 Mobile Safari/537.36 (compatible; Googlebot/2.1; +http://www.google.com/bot.html)"
66.249.79.1 - - [15/Sep/2026:15:21:53 +0300] "GET /?sale/search/detail/?ITMCODE=51971461795 HTTP/1.1" 200 204279 "-" "Mozilla/5.0 (Linux; Android 6.0.1; Nexus 5X Build/MMB29P) AppleWebKit/537.36 (KHTML, like Gecko) Chrome/152.0.7977.82 Mobile Safari/537.36 (compatible; Googlebot/2.1; +http://www.google.com/bot.html)"
66.249.79.3 - - [15/Sep/2026:15:21:53 +0300] "GET /index.php/zinynas-keliaujantiems?sale/search/detail/?ITMCODE=51971312919 HTTP/1.1" 200 204372 "-" "Mozilla/5.0 (Linux; Android 6.0.1; Nexus 5X Build/MMB29P) AppleWebKit/537.36 (KHTML, like Gecko) Chrome/152.0.7977.82 Mobile Safari/537.36 (compatible; Googlebot/2.1; +http://www.google.com/bot.html)"
66.249.79.2 - - [15/Sep/2026:15:22:01 +0300] "GET /index.php/zinynas-keliaujantiems?sale/search/detail/?ITMCODE=5195421057 HTTP/1.1" 200 236632 "-" "Mozilla/5.0 (Linux; Android 6.0.1; Nexus 5X Build/MMB29P) AppleWebKit/537.36 (KHTML, like Gecko) Chrome/152.0.7977.82 Mobile Safari/537.36 (compatible; Googlebot/2.1; +http://www.google.com/bot.html)"
66.249.79.2 - - [15/Sep/2026:15:22:01 +0300] "GET /index.php/zinynas-keliaujantiems?sale/search/detail/?ITMCODE=5196901713 HTTP/1.1" 200 210899 "-" "Mozilla/5.0 (Linux; Android 6.0.1; Nexus 5X Build/MMB29P) AppleWebKit/537.36 (KHTML, like Gecko) Chrome/152.0.7977.82 Mobile Safari/537.36 (compatible; Googlebot/2.1; +http://www.google.com/bot.html)"
66.249.79.2 - - [15/Sep/2026:15:22:05 +0300] "GET /?sale/search/detail/?ITMCODE=52002676372 HTTP/1.1" 200 194471 "-" "Mozilla/5.0 (Linux; Android 6.0.1; Nexus 5X Build/MMB29P) AppleWebKit/537.36 (KHTML, like Gecko) Chrome/152.0.7977.82 Mobile Safari/537.36 (compatible; Googlebot/2.1; +http://www.google.com/bot.html)"
66.249.79.1 - - [15/Sep/2026:15:22:05 +0300] "GET /?sale/search/detail/?ITMCODE=519538051 HTTP/1.1" 200 200364 "-" "Mozilla/5.0 (Linux; Android 6.0.1; Nexus 5X Build/MMB29P) AppleWebKit/537.36 (KHTML, like Gecko) Chrome/152.0.7977.82 Mobile Safari/537.36 (compatible; Googlebot/2.1; +http://www.google.com/bot.html)"
57.141.20.1 - - [15/Sep/2026:15:22:09 +0300] "GET /index.php/component/search/?sale/search/detail/?ITMCODE=519944050122&format=opensearch HTTP/2.0" 200 535 "-" "Mozilla/5.0 (Macintosh; Intel Mac OS X 10_15_7) AppleWebKit/537.36 (KHTML, like Gecko) Chrome/145.0.0.0 Safari/537.36 (compatible; meta-externalagent/1.1 (+https://developers.facebook.com/docs/sharing/webmasters/crawler))"
66.249.79.1 - - [15/Sep/2026:15:22:08 +0300] "GET /index.php/zinynas-keliaujantiems?sale/search/detail/?ITMCODE=5196878337 HTTP/1.1" 200 208442 "-" "Mozilla/5.0 (Linux; Android 6.0.1; Nexus 5X Build/MMB29P) AppleWebKit/537.36 (KHTML, like Gecko) Chrome/152.0.7977.82 Mobile Safari/537.36 (compatible; Googlebot/2.1; +http://www.google.com/bot.html)"
66.249.79.1 - - [15/Sep/2026:15:22:13 +0300] "GET /index.php/zinynas-keliaujantiems?sale/search/detail/?ITMCODE=5196811046 HTTP/1.1" 200 206861 "-" "Mozilla/5.0 (Linux; Android 6.0.1; Nexus 5X Build/MMB29P) AppleWebKit/537.36 (KHTML, like Gecko) Chrome/152.0.7977.82 Mobile Safari/537.36 (compatible; Googlebot/2.1; +http://www.google.com/bot.html)"
57.141.20.30 - - [15/Sep/2026:15:22:18 +0300] "GET /index.php/component/search/?sale/search/detail/?ITMCODE=520056692053&format=opensearch HTTP/2.0" 200 535 "-" "Mozilla/5.0 (Macintosh; Intel Mac OS X 10_15_7) AppleWebKit/537.36 (KHTML, like Gecko) Chrome/145.0.0.0 Safari/537.36 (compatible; meta-externalagent/1.1 (+https://developers.facebook.com/docs/sharing/webmasters/crawler))"
54.37.118.84 - - [15/Sep/2026:15:22:18 +0300] "GET /sitemap.xml HTTP/2.0" 200 1533 "-" "Mozilla/5.0 (compatible; AhrefsBot/7.0; +http://ahrefs.com/robot/)"
66.249.79.2 - - [15/Sep/2026:15:22:18 +0300] "GET /?sale/search/detail/?ITMCODE=5196703099 HTTP/1.1" 200 199684 "-" "Mozilla/5.0 (Linux; Android 6.0.1; Nexus 5X Build/MMB29P) AppleWebKit/537.36 (KHTML, like Gecko) Chrome/152.0.7977.82 Mobile Safari/537.36 (compatible; Googlebot/2.1; +http://www.google.com/bot.html)"
51.68.247.200 - - [15/Sep/2026:15:22:18 +0300] "GET /?sitemap-859.xml HTTP/2.0" 200 186270 "-" "Mozilla/5.0 (compatible; AhrefsBot/7.0; +http://ahrefs.com/robot/)"
66.249.79.1 - - [15/Sep/2026:15:22:18 +0300] "GET /?sale/search/detail/?ITMCODE=51981726107 HTTP/1.1" 200 200555 "-" "Mozilla/5.0 (Linux; Android 6.0.1; Nexus 5X Build/MMB29P) AppleWebKit/537.36 (KHTML, like Gecko) Chrome/152.0.7977.82 Mobile Safari/537.36 (compatible; Googlebot/2.1; +http://www.google.com/bot.html)"
54.37.118.90 - - [15/Sep/2026:15:22:19 +0300] "GET /?sitemap-946.xml HTTP/2.0" 200 186270 "-" "Mozilla/5.0 (compatible; AhrefsBot/7.0; +http://ahrefs.com/robot/)"
51.68.247.210 - - [15/Sep/2026:15:22:20 +0300] "GET /?sitemap-782.xml HTTP/2.0" 200 186270 "-" "Mozilla/5.0 (compatible; AhrefsBot/7.0; +http://ahrefs.com/robot/)"
66.249.79.1 - - [15/Sep/2026:15:22:19 +0300] "GET /?sale/search/detail/?ITMCODE=51971395054 HTTP/1.1" 200 196325 "-" "Mozilla/5.0 (Linux; Android 6.0.1; Nexus 5X Build/MMB29P) AppleWebKit/537.36 (KHTML, like Gecko) Chrome/152.0.7977.82 Mobile Safari/537.36 (compatible; Googlebot/2.1; +http://www.google.com/bot.html)"
66.249.79.2 - - [15/Sep/2026:15:22:21 +0300] "GET /index.php/zinynas-keliaujantiems?sale/search/detail/?ITMCODE=51992322198 HTTP/1.1" 200 203560 "-" "Mozilla/5.0 (Linux; Android 6.0.1; Nexus 5X Build/MMB29P) AppleWebKit/537.36 (KHTML, like Gecko) Chrome/152.0.7977.82 Mobile Safari/537.36 (compatible; Googlebot/2.1; +http://www.google.com/bot.html)"
57.141.20.60 - - [15/Sep/2026:15:22:21 +0300] "GET /index.php/component/search/?sale/search/detail/?ITMCODE=51981950933& HTTP/2.0" 200 19806 "-" "Mozilla/5.0 (Macintosh; Intel Mac OS X 10_15_7) AppleWebKit/537.36 (KHTML, like Gecko) Chrome/145.0.0.0 Safari/537.36 (compatible; meta-externalagent/1.1 (+https://developers.facebook.com/docs/sharing/webmasters/crawler))"
66.249.79.1 - - [15/Sep/2026:15:22:24 +0300] "GET /?sale/search/detail/?ITMCODE=51992167188 HTTP/1.1" 200 194668 "-" "Mozilla/5.0 (Linux; Android 6.0.1; Nexus 5X Build/MMB29P) AppleWebKit/537.36 (KHTML, like Gecko) Chrome/152.0.7977.82 Mobile Safari/537.36 (compatible; Googlebot/2.1; +http://www.google.com/bot.html)"
66.249.79.2 - - [15/Sep/2026:15:22:29 +0300] "GET /index.php/zinynas-keliaujantiems?sale/search/detail/?ITMCODE=52002910082 HTTP/1.1" 200 203928 "-" "Mozilla/5.0 (Linux; Android 6.0.1; Nexus 5X Build/MMB29P) AppleWebKit/537.36 (KHTML, like Gecko) Chrome/152.0.7977.82 Mobile Safari/537.36 (compatible; Googlebot/2.1; +http://www.google.com/bot.html)"
66.249.79.2 - - [15/Sep/2026:15:22:30 +0300] "GET /index.php/zinynas-keliaujantiems?sale/search/detail/?ITMCODE=51971074612 HTTP/1.1" 200 205716 "-" "Mozilla/5.0 (Linux; Android 6.0.1; Nexus 5X Build/MMB29P) AppleWebKit/537.36 (KHTML, like Gecko) Chrome/152.0.7977.82 Mobile Safari/537.36 (compatible; Googlebot/2.1; +http://www.google.com/bot.html)"
57.141.20.65 - - [15/Sep/2026:15:22:31 +0300] "GET /?sale/search/detail/?ITMCODE=51974097662 HTTP/2.0" 200 31680 "-" "Mozilla/5.0 (Windows NT 10.0; Win64; x64) AppleWebKit/537.36 (KHTML, like Gecko) Chrome/144.0.0.0 Safari/537.36 Edg/144.0.0.0 (compatible; meta-externalagent/1.1 (+https://developers.facebook.com/docs/sharing/webmasters/crawler))"
66.249.79.2 - - [15/Sep/2026:15:22:31 +0300] "GET /index.php/zinynas-keliaujantiems?sale/search/detail/?ITMCODE=52002582684 HTTP/1.1" 200 207224 "-" "Mozilla/5.0 (Linux; Android 6.0.1; Nexus 5X Build/MMB29P) AppleWebKit/537.36 (KHTML, like Gecko) Chrome/152.0.7977.82 Mobile Safari/537.36 (compatible; Googlebot/2.1; +http://www.google.com/bot.html)"
66.249.79.1 - - [15/Sep/2026:15:22:34 +0300] "GET /index.php/zinynas-keliaujantiems?sale/search/detail/?ITMCODE=51971135841 HTTP/1.1" 200 211520 "-" "Mozilla/5.0 (Linux; Android 6.0.1; Nexus 5X Build/MMB29P) AppleWebKit/537.36 (KHTML, like Gecko) Chrome/152.0.7977.82 Mobile Safari/537.36 (compatible; Googlebot/2.1; +http://www.google.com/bot.html)"
66.249.79.2 - - [15/Sep/2026:15:22:37 +0300] "GET /index.php/zinynas-keliaujantiems?sale/search/detail/?ITMCODE=5196839030 HTTP/1.1" 200 205956 "-" "Mozilla/5.0 (Linux; Android 6.0.1; Nexus 5X Build/MMB29P) AppleWebKit/537.36 (KHTML, like Gecko) Chrome/152.0.7977.82 Mobile Safari/537.36 (compatible; Googlebot/2.1; +http://www.google.com/bot.html)"
66.249.79.1 - - [15/Sep/2026:15:22:40 +0300] "GET /?sale/search/detail/?ITMCODE=52002973742 HTTP/1.1" 200 200204 "-" "Mozilla/5.0 (Linux; Android 6.0.1; Nexus 5X Build/MMB29P) AppleWebKit/537.36 (KHTML, like Gecko) Chrome/152.0.7977.82 Mobile Safari/537.36 (compatible; Googlebot/2.1; +http://www.google.com/bot.html)"
57.141.20.56 - - [15/Sep/2026:15:22:46 +0300] "GET /index.php/component/search/?sale/search/detail/?ITMCODE=519794396643& HTTP/2.0" 200 19807 "-" "Mozilla/5.0 (Macintosh; Intel Mac OS X 10_15_7) AppleWebKit/537.36 (KHTML, like Gecko) Chrome/145.0.0.0 Safari/537.36 (compatible; meta-externalagent/1.1 (+https://developers.facebook.com/docs/sharing/webmasters/crawler))"
114.119.158.46 - - [15/Sep/2026:15:22:48 +0300] "GET /?sale/search/detail/%3FITMCODE=5196871999 HTTP/1.1" 200 31588 "https://www.keliauk-uk.lt/?sitemap-products.xml" "Mozilla/5.0 (Linux; Android 7.0;) AppleWebKit/537.36 (HTML, like Gecko) Mobile Safari/537.36 (compatible; PetalBot;+https://webmaster.petalsearch.com/site/petalbot)"
54.37.118.74 - - [15/Sep/2026:15:22:51 +0300] "GET /?sitemap-579.xml HTTP/2.0" 200 185230 "-" "Mozilla/5.0 (compatible; AhrefsBot/7.0; +http://ahrefs.com/robot/)"
51.75.236.139 - - [15/Sep/2026:15:22:51 +0300] "GET /?sitemap-522.xml HTTP/2.0" 200 186270 "-" "Mozilla/5.0 (compatible; AhrefsBot/7.0; +http://ahrefs.com/robot/)"
94.23.188.218 - - [15/Sep/2026:15:22:52 +0300] "GET /?sitemap-372.xml HTTP/2.0" 200 186270 "-" "Mozilla/5.0 (compatible; AhrefsBot/7.0; +http://ahrefs.com/robot/)"
92.222.108.105 - - [15/Sep/2026:15:22:52 +0300] "GET /?sitemap-599.xml HTTP/2.0" 200 185142 "-" "Mozilla/5.0 (compatible; AhrefsBot/7.0; +http://ahrefs.com/robot/)"
54.37.118.93 - - [15/Sep/2026:15:22:53 +0300] "GET /?sitemap-625.xml HTTP/2.0" 200 186270 "-" "Mozilla/5.0 (compatible; AhrefsBot/7.0; +http://ahrefs.com/robot/)"
5.39.109.175 - - [15/Sep/2026:15:22:54 +0300] "GET /?sitemap-485.xml HTTP/2.0" 200 185230 "-" "Mozilla/5.0 (compatible; AhrefsBot/7.0; +http://ahrefs.com/robot/)"
94.23.188.200 - - [15/Sep/2026:15:22:54 +0300] "GET /?sitemap-126.xml HTTP/2.0" 200 186270 "-" "Mozilla/5.0 (compatible; AhrefsBot/7.0; +http://ahrefs.com/robot/)"
5.39.109.169 - - [15/Sep/2026:15:23:02 +0300] "GET /?sitemap-987.xml HTTP/2.0" 200 186270 "-" "Mozilla/5.0 (compatible; AhrefsBot/7.0; +http://ahrefs.com/robot/)"
5.39.1.240 - - [15/Sep/2026:15:23:03 +0300] "GET /?sitemap-569.xml HTTP/2.0" 200 185541 "-" "Mozilla/5.0 (compatible; AhrefsBot/7.0; +http://ahrefs.com/robot/)"
92.222.104.222 - - [15/Sep/2026:15:23:03 +0300] "GET /?sitemap-128.xml HTTP/2.0" 200 185230 "-" "Mozilla/5.0 (compatible; AhrefsBot/7.0; +http://ahrefs.com/robot/)"
5.39.109.181 - - [15/Sep/2026:15:23:08 +0300] "GET /?sitemap-230.xml HTTP/2.0" 200 185230 "-" "Mozilla/5.0 (compatible; AhrefsBot/7.0; +http://ahrefs.com/robot/)"
66.249.79.1 - - [15/Sep/2026:15:23:16 +0300] "GET /index.php/zinynas-keliaujantiems?sale/search/detail/?ITMCODE=52002674201 HTTP/1.1" 200 202532 "-" "Mozilla/5.0 (Linux; Android 6.0.1; Nexus 5X Build/MMB29P) AppleWebKit/537.36 (KHTML, like Gecko) Chrome/152.0.7977.82 Mobile Safari/537.36 (compatible; Googlebot/2.1; +http://www.google.com/bot.html)"
66.249.79.1 - - [15/Sep/2026:15:23:18 +0300] "GET /index.php/zinynas-keliaujantiems?sale/search/detail/?ITMCODE=51992266814 HTTP/1.1" 200 227565 "-" "Mozilla/5.0 (Linux; Android 6.0.1; Nexus 5X Build/MMB29P) AppleWebKit/537.36 (KHTML, like Gecko) Chrome/152.0.7977.82 Mobile Safari/537.36 (compatible; Googlebot/2.1; +http://www.google.com/bot.html)"
66.249.79.3 - - [15/Sep/2026:15:23:19 +0300] "GET /index.php/zinynas-keliaujantiems?sale/search/detail/?ITMCODE=51992389274 HTTP/1.1" 200 207348 "-" "Mozilla/5.0 (Linux; Android 6.0.1; Nexus 5X Build/MMB29P) AppleWebKit/537.36 (KHTML, like Gecko) Chrome/152.0.7977.82 Mobile Safari/537.36 (compatible; Googlebot/2.1; +http://www.google.com/bot.html)"
66.249.79.2 - - [15/Sep/2026:15:23:24 +0300] "GET /index.php/zinynas-keliaujantiems?sale/search/detail/?ITMCODE=51971106692 HTTP/1.1" 200 214326 "-" "Mozilla/5.0 (Linux; Android 6.0.1; Nexus 5X Build/MMB29P) AppleWebKit/537.36 (KHTML, like Gecko) Chrome/152.0.7977.82 Mobile Safari/537.36 (compatible; Googlebot/2.1; +http://www.google.com/bot.html)"
66.249.79.2 - - [15/Sep/2026:15:23:24 +0300] "GET /index.php/zinynas-keliaujantiems?sale/search/detail/?ITMCODE=51992303025 HTTP/1.1" 200 202700 "-" "Mozilla/5.0 (Linux; Android 6.0.1; Nexus 5X Build/MMB29P) AppleWebKit/537.36 (KHTML, like Gecko) Chrome/152.0.7977.82 Mobile Safari/537.36 (compatible; Googlebot/2.1; +http://www.google.com/bot.html)"
66.249.79.1 - - [15/Sep/2026:15:23:32 +0300] "GET /index.php/zinynas-keliaujantiems?sale/search/detail/?ITMCODE=5196924955 HTTP/1.1" 200 226457 "-" "Mozilla/5.0 (Linux; Android 6.0.1; Nexus 5X Build/MMB29P) AppleWebKit/537.36 (KHTML, like Gecko) Chrome/152.0.7977.82 Mobile Safari/537.36 (compatible; Googlebot/2.1; +http://www.google.com/bot.html)"
66.249.79.1 - - [15/Sep/2026:15:23:32 +0300] "GET /?sale/search/detail/?ITMCODE=51992337858 HTTP/1.1" 200 193785 "-" "Mozilla/5.0 (Linux; Android 6.0.1; Nexus 5X Build/MMB29P) AppleWebKit/537.36 (KHTML, like Gecko) Chrome/152.0.7977.82 Mobile Safari/537.36 (compatible; Googlebot/2.1; +http://www.google.com/bot.html)"
57.141.20.53 - - [15/Sep/2026:15:23:34 +0300] "GET /index.php/component/search/?sale/search/detail/?ITMCODE=519518133396&id=1&Itemid=437&format=opensearch HTTP/2.0" 200 585 "-" "Mozilla/5.0 (Windows NT 10.0; Win64; x64) AppleWebKit/537.36 (KHTML, like Gecko) Chrome/145.0.0.0 Safari/537.36 Edg/145.0.0.0 (compatible; meta-externalagent/1.1 (+https://developers.facebook.com/docs/sharing/webmasters/crawler))"
66.249.79.1 - - [15/Sep/2026:15:23:33 +0300] "GET /index.php/zinynas-keliaujantiems?sale/search/detail/?ITMCODE=52002975682 HTTP/1.1" 200 221687 "-" "Mozilla/5.0 (Linux; Android 6.0.1; Nexus 5X Build/MMB29P) AppleWebKit/537.36 (KHTML, like Gecko) Chrome/152.0.7977.82 Mobile Safari/537.36 (compatible; Googlebot/2.1; +http://www.google.com/bot.html)"
57.141.20.43 - - [15/Sep/2026:15:23:38 +0300] "GET /index.php/component/search/?sale/search/detail/?ITMCODE=51971238197& HTTP/2.0" 200 19806 "-" "Mozilla/5.0 (Windows NT 10.0; Win64; x64) AppleWebKit/537.36 (KHTML, like Gecko) Chrome/145.0.0.0 Safari/537.36 (compatible; meta-externalagent/1.1 (+https://developers.facebook.com/docs/sharing/webmasters/crawler))"
66.249.79.1 - - [15/Sep/2026:15:23:44 +0300] "GET /index.php/zinynas-keliaujantiems?sale/search/detail/?ITMCODE=52002709822 HTTP/1.1" 200 212287 "-" "Mozilla/5.0 (Linux; Android 6.0.1; Nexus 5X Build/MMB29P) AppleWebKit/537.36 (KHTML, like Gecko) Chrome/152.0.7977.82 Mobile Safari/537.36 (compatible; Googlebot/2.1; +http://www.google.com/bot.html)"
66.249.79.1 - - [15/Sep/2026:15:23:45 +0300] "GET /?sale/search/detail/?ITMCODE=51981682939 HTTP/1.1" 200 208564 "-" "Mozilla/5.0 (Linux; Android 6.0.1; Nexus 5X Build/MMB29P) AppleWebKit/537.36 (KHTML, like Gecko) Chrome/152.0.7977.82 Mobile Safari/537.36 (compatible; Googlebot/2.1; +http://www.google.com/bot.html)"
66.249.79.1 - - [15/Sep/2026:15:23:46 +0300] "GET /?sale/search/detail/?ITMCODE=51992458730 HTTP/1.1" 200 195513 "-" "Mozilla/5.0 (Linux; Android 6.0.1; Nexus 5X Build/MMB29P) AppleWebKit/537.36 (KHTML, like Gecko) Chrome/152.0.7977.82 Mobile Safari/537.36 (compatible; Googlebot/2.1; +http://www.google.com/bot.html)"
66.249.79.2 - - [15/Sep/2026:15:23:52 +0300] "GET /?sale/search/detail/?ITMCODE=519530396 HTTP/1.1" 200 206676 "-" "Mozilla/5.0 (Linux; Android 6.0.1; Nexus 5X Build/MMB29P) AppleWebKit/537.36 (KHTML, like Gecko) Chrome/152.0.7977.82 Mobile Safari/537.36 (compatible; Googlebot/2.1; +http://www.google.com/bot.html)"
66.249.79.2 - - [15/Sep/2026:15:23:56 +0300] "GET /index.php/zinynas-keliaujantiems?sale/search/detail/?ITMCODE=52002762003 HTTP/1.1" 200 212029 "-" "Mozilla/5.0 (Linux; Android 6.0.1; Nexus 5X Build/MMB29P) AppleWebKit/537.36 (KHTML, like Gecko) Chrome/152.0.7977.82 Mobile Safari/537.36 (compatible; Googlebot/2.1; +http://www.google.com/bot.html)"
66.249.79.2 - - [15/Sep/2026:15:23:57 +0300] "GET /?sale/search/detail/?ITMCODE=51971224559 HTTP/1.1" 200 211967 "-" "Mozilla/5.0 (Linux; Android 6.0.1; Nexus 5X Build/MMB29P) AppleWebKit/537.36 (KHTML, like Gecko) Chrome/152.0.7977.82 Mobile Safari/537.36 (compatible; Googlebot/2.1; +http://www.google.com/bot.html)"
66.249.79.3 - - [15/Sep/2026:15:24:00 +0300] "GET /?sale/search/detail/?ITMCODE=5196533967 HTTP/1.1" 200 203792 "-" "Mozilla/5.0 (Linux; Android 6.0.1; Nexus 5X Build/MMB29P) AppleWebKit/537.36 (KHTML, like Gecko) Chrome/152.0.7977.82 Mobile Safari/537.36 (compatible; Googlebot/2.1; +http://www.google.com/bot.html)"
66.249.79.2 - - [15/Sep/2026:15:24:00 +0300] "GET /index.php/zinynas-keliaujantiems?sale/search/detail/?ITMCODE=51992319428 HTTP/1.1" 200 227452 "-" "Mozilla/5.0 (Linux; Android 6.0.1; Nexus 5X Build/MMB29P) AppleWebKit/537.36 (KHTML, like Gecko) Chrome/152.0.7977.82 Mobile Safari/537.36 (compatible; Googlebot/2.1; +http://www.google.com/bot.html)"
66.249.79.1 - - [15/Sep/2026:15:24:01 +0300] "GET /index.php/zinynas-keliaujantiems?sale/search/detail/?ITMCODE=5195406469 HTTP/1.1" 200 205771 "-" "Mozilla/5.0 (Linux; Android 6.0.1; Nexus 5X Build/MMB29P) AppleWebKit/537.36 (KHTML, like Gecko) Chrome/152.0.7977.82 Mobile Safari/537.36 (compatible; Googlebot/2.1; +http://www.google.com/bot.html)"
66.249.79.2 - - [15/Sep/2026:15:24:09 +0300] "GET /?sale/search/detail/?ITMCODE=51992308083 HTTP/1.1" 200 206064 "-" "Mozilla/5.0 (Linux; Android 6.0.1; Nexus 5X Build/MMB29P) AppleWebKit/537.36 (KHTML, like Gecko) Chrome/152.0.7977.82 Mobile Safari/537.36 (compatible; Googlebot/2.1; +http://www.google.com/bot.html)"
114.119.142.39 - - [15/Sep/2026:15:24:12 +0300] "GET /?sale/search/detail/%3FITMCODE=5196868776 HTTP/1.1" 200 31588 "https://www.keliauk-uk.lt/?sitemap-products.xml" "Mozilla/5.0 (Linux; Android 7.0;) AppleWebKit/537.36 (HTML, like Gecko) Mobile Safari/537.36 (compatible; PetalBot;+https://webmaster.petalsearch.com/site/petalbot)"
66.249.79.1 - - [15/Sep/2026:15:24:14 +0300] "GET /?sale/search/detail/?ITMCODE=51971195299 HTTP/1.1" 200 197124 "-" "Mozilla/5.0 (Linux; Android 6.0.1; Nexus 5X Build/MMB29P) AppleWebKit/537.36 (KHTML, like Gecko) Chrome/152.0.7977.82 Mobile Safari/537.36 (compatible; Googlebot/2.1; +http://www.google.com/bot.html)"
66.249.79.1 - - [15/Sep/2026:15:24:17 +0300] "GET /?sale/search/detail/?ITMCODE=52002735818 HTTP/1.1" 200 203489 "-" "Mozilla/5.0 (Linux; Android 6.0.1; Nexus 5X Build/MMB29P) AppleWebKit/537.36 (KHTML, like Gecko) Chrome/152.0.7977.82 Mobile Safari/537.36 (compatible; Googlebot/2.1; +http://www.google.com/bot.html)"
66.249.79.1 - - [15/Sep/2026:15:24:18 +0300] "GET /index.php/zinynas-keliaujantiems?sale/search/detail/?ITMCODE=5195403749 HTTP/1.1" 200 211659 "-" "Mozilla/5.0 (Linux; Android 6.0.1; Nexus 5X Build/MMB29P) AppleWebKit/537.36 (KHTML, like Gecko) Chrome/152.0.7977.82 Mobile Safari/537.36 (compatible; Googlebot/2.1; +http://www.google.com/bot.html)"
66.249.79.1 - - [15/Sep/2026:15:24:18 +0300] "GET /index.php/zinynas-keliaujantiems?sale/search/detail/?ITMCODE=51971171134 HTTP/1.1" 200 206545 "-" "Mozilla/5.0 (Linux; Android 6.0.1; Nexus 5X Build/MMB29P) AppleWebKit/537.36 (KHTML, like Gecko) Chrome/152.0.7977.82 Mobile Safari/537.36 (compatible; Googlebot/2.1; +http://www.google.com/bot.html)"
66.249.79.1 - - [15/Sep/2026:15:24:22 +0300] "GET /shop/pg/2545903 HTTP/1.1" 200 205148 "-" "Mozilla/5.0 (Linux; Android 6.0.1; Nexus 5X Build/MMB29P) AppleWebKit/537.36 (KHTML, like Gecko) Chrome/152.0.7977.82 Mobile Safari/537.36 (compatible; Googlebot/2.1; +http://www.google.com/bot.html)"
66.249.79.2 - - [15/Sep/2026:15:24:27 +0300] "GET /index.php/zinynas-keliaujantiems?sale/search/detail/?ITMCODE=52002815483 HTTP/1.1" 200 211325 "-" "Mozilla/5.0 (Linux; Android 6.0.1; Nexus 5X Build/MMB29P) AppleWebKit/537.36 (KHTML, like Gecko) Chrome/152.0.7977.82 Mobile Safari/537.36 (compatible; Googlebot/2.1; +http://www.google.com/bot.html)"
57.141.20.51 - - [15/Sep/2026:15:24:41 +0300] "GET /index.php/component/search/?sale/search/detail/?ITMCODE=519690600521&format=opensearch HTTP/2.0" 200 561 "-" "Mozilla/5.0 (Windows NT 10.0; Win64; x64) AppleWebKit/537.36 (KHTML, like Gecko) Chrome/145.0.0.0 Safari/537.36 (compatible; meta-externalagent/1.1 (+https://developers.facebook.com/docs/sharing/webmasters/crawler))"
66.249.79.2 - - [15/Sep/2026:15:24:45 +0300] "GET /?sale/search/detail/?ITMCODE=51992484599 HTTP/1.1" 200 199109 "-" "Mozilla/5.0 (Linux; Android 6.0.1; Nexus 5X Build/MMB29P) AppleWebKit/537.36 (KHTML, like Gecko) Chrome/152.0.7977.82 Mobile Safari/537.36 (compatible; Googlebot/2.1; +http://www.google.com/bot.html)"
66.249.79.2 - - [15/Sep/2026:15:24:46 +0300] "GET /index.php/zinynas-keliaujantiems?sale/search/detail/?ITMCODE=5195192654 HTTP/1.1" 200 214087 "-" "Mozilla/5.0 (Linux; Android 6.0.1; Nexus 5X Build/MMB29P) AppleWebKit/537.36 (KHTML, like Gecko) Chrome/152.0.7977.82 Mobile Safari/537.36 (compatible; Googlebot/2.1; +http://www.google.com/bot.html)"
66.249.79.1 - - [15/Sep/2026:15:24:46 +0300] "GET /index.php/zinynas-keliaujantiems?sale/search/detail/?ITMCODE=5195342024 HTTP/1.1" 200 211719 "-" "Mozilla/5.0 (Linux; Android 6.0.1; Nexus 5X Build/MMB29P) AppleWebKit/537.36 (KHTML, like Gecko) Chrome/152.0.7977.82 Mobile Safari/537.36 (compatible; Googlebot/2.1; +http://www.google.com/bot.html)"
66.249.79.3 - - [15/Sep/2026:15:24:51 +0300] "GET /?sale/search/detail/?ITMCODE=5196535433 HTTP/1.1" 200 196435 "-" "Mozilla/5.0 (Linux; Android 6.0.1; Nexus 5X Build/MMB29P) AppleWebKit/537.36 (KHTML, like Gecko) Chrome/152.0.7977.82 Mobile Safari/537.36 (compatible; Googlebot/2.1; +http://www.google.com/bot.html)"
66.249.79.1 - - [15/Sep/2026:15:24:52 +0300] "GET /?sale/search/detail/?ITMCODE=51971453158 HTTP/1.1" 200 231670 "-" "Mozilla/5.0 (Linux; Android 6.0.1; Nexus 5X Build/MMB29P) AppleWebKit/537.36 (KHTML, like Gecko) Chrome/152.0.7977.82 Mobile Safari/537.36 (compatible; Googlebot/2.1; +http://www.google.com/bot.html)"
66.249.79.3 - - [15/Sep/2026:15:24:55 +0300] "GET /?sale/search/detail/?ITMCODE=52002967857 HTTP/1.1" 200 197942 "-" "Mozilla/5.0 (Linux; Android 6.0.1; Nexus 5X Build/MMB29P) AppleWebKit/537.36 (KHTML, like Gecko) Chrome/152.0.7977.82 Mobile Safari/537.36 (compatible; Googlebot/2.1; +http://www.google.com/bot.html)"
40.77.167.15 - - [15/Sep/2026:15:24:55 +0300] "GET /?sale/search/detail/?ITMCODE=51959137458 HTTP/2.0" 200 203211 "-" "Mozilla/5.0 AppleWebKit/537.36 (KHTML, like Gecko; compatible; bingbot/2.0; +http://www.bing.com/bingbot.htm) Chrome/116.0.1938.76 Safari/537.36"
40.77.167.15 - - [15/Sep/2026:15:24:58 +0300] "GET /?sale/search/detail/?ITMCODE=519590492610 HTTP/2.0" 200 205308 "-" "Mozilla/5.0 AppleWebKit/537.36 (KHTML, like Gecko; compatible; bingbot/2.0; +http://www.bing.com/bingbot.htm) Chrome/116.0.1938.76 Safari/537.36"
66.249.79.2 - - [15/Sep/2026:15:24:58 +0300] "GET /?sale/search/detail/?ITMCODE=52002735134 HTTP/1.1" 200 193267 "-" "Mozilla/5.0 (Linux; Android 6.0.1; Nexus 5X Build/MMB29P) AppleWebKit/537.36 (KHTML, like Gecko) Chrome/152.0.7977.82 Mobile Safari/537.36 (compatible; Googlebot/2.1; +http://www.google.com/bot.html)"
40.77.167.15 - - [15/Sep/2026:15:24:59 +0300] "GET /?sale/search/detail/?ITMCODE=5196870240 HTTP/2.0" 200 197182 "-" "Mozilla/5.0 AppleWebKit/537.36 (KHTML, like Gecko; compatible; bingbot/2.0; +http://www.bing.com/bingbot.htm) Chrome/116.0.1938.76 Safari/537.36"
40.77.167.15 - - [15/Sep/2026:15:24:59 +0300] "GET /?sale/search/detail/?ITMCODE=519935482270 HTTP/2.0" 200 196754 "-" "Mozilla/5.0 AppleWebKit/537.36 (KHTML, like Gecko; compatible; bingbot/2.0; +http://www.bing.com/bingbot.htm) Chrome/116.0.1938.76 Safari/537.36"
66.249.79.3 - - [15/Sep/2026:15:25:00 +0300] "GET /index.php/zinynas-keliaujantiems?sale/search/detail/?ITMCODE=5196537468 HTTP/1.1" 200 206053 "-" "Mozilla/5.0 (Linux; Android 6.0.1; Nexus 5X Build/MMB29P) AppleWebKit/537.36 (KHTML, like Gecko) Chrome/152.0.7977.82 Mobile Safari/537.36 (compatible; Googlebot/2.1; +http://www.google.com/bot.html)"
66.249.79.3 - - [15/Sep/2026:15:25:00 +0300] "GET /index.php/zinynas-keliaujantiems?sale/search/detail/?ITMCODE=5196986804 HTTP/1.1" 200 213283 "-" "Mozilla/5.0 (Linux; Android 6.0.1; Nexus 5X Build/MMB29P) AppleWebKit/537.36 (KHTML, like Gecko) Chrome/152.0.7977.82 Mobile Safari/537.36 (compatible; Googlebot/2.1; +http://www.google.com/bot.html)"
66.249.79.1 - - [15/Sep/2026:15:25:02 +0300] "GET /?shop/c/c51981000713/ HTTP/1.1" 200 263772 "-" "Mozilla/5.0 (Linux; Android 6.0.1; Nexus 5X Build/MMB29P) AppleWebKit/537.36 (KHTML, like Gecko) Chrome/152.0.7977.82 Mobile Safari/537.36 (compatible; Googlebot/2.1; +http://www.google.com/bot.html)"
66.249.79.2 - - [15/Sep/2026:15:25:03 +0300] "GET /sale/search/detail/?ITMCODE=51992252728 HTTP/1.1" 200 196618 "-" "Mozilla/5.0 (Linux; Android 6.0.1; Nexus 5X Build/MMB29P) AppleWebKit/537.36 (KHTML, like Gecko) Chrome/152.0.7977.82 Mobile Safari/537.36 (compatible; Googlebot/2.1; +http://www.google.com/bot.html)"
66.249.79.1 - - [15/Sep/2026:15:25:04 +0300] "GET /index.php/zinynas-keliaujantiems?sale/search/detail/?ITMCODE=52002997419 HTTP/1.1" 200 209942 "-" "Mozilla/5.0 (Linux; Android 6.0.1; Nexus 5X Build/MMB29P) AppleWebKit/537.36 (KHTML, like Gecko) Chrome/152.0.7977.82 Mobile Safari/537.36 (compatible; Googlebot/2.1; +http://www.google.com/bot.html)"
66.249.79.1 - - [15/Sep/2026:15:25:04 +0300] "GET /index.php/paslaugos?sale/search/detail/?ITMCODE=5195383136 HTTP/1.1" 200 232237 "-" "Mozilla/5.0 (Linux; Android 6.0.1; Nexus 5X Build/MMB29P) AppleWebKit/537.36 (KHTML, like Gecko) Chrome/152.0.7977.82 Mobile Safari/537.36 (compatible; Googlebot/2.1; +http://www.google.com/bot.html)"
66.249.79.1 - - [15/Sep/2026:15:25:05 +0300] "GET /?sale/search/detail/?ITMCODE=52002825435 HTTP/1.1" 200 196722 "-" "Mozilla/5.0 (Linux; Android 6.0.1; Nexus 5X Build/MMB29P) AppleWebKit/537.36 (KHTML, like Gecko) Chrome/152.0.7977.82 Mobile Safari/537.36 (compatible; Googlebot/2.1; +http://www.google.com/bot.html)"
66.249.79.1 - - [15/Sep/2026:15:25:05 +0300] "GET /index.php/zinynas-keliaujantiems?sale/search/detail/?ITMCODE=5196581614 HTTP/1.1" 200 224041 "-" "Mozilla/5.0 (Linux; Android 6.0.1; Nexus 5X Build/MMB29P) AppleWebKit/537.36 (KHTML, like Gecko) Chrome/152.0.7977.82 Mobile Safari/537.36 (compatible; Googlebot/2.1; +http://www.google.com/bot.html)"
66.249.79.1 - - [15/Sep/2026:15:25:06 +0300] "GET /?sale/search/detail/?ITMCODE=52002674620 HTTP/1.1" 200 194622 "-" "Mozilla/5.0 (Linux; Android 6.0.1; Nexus 5X Build/MMB29P) AppleWebKit/537.36 (KHTML, like Gecko) Chrome/152.0.7977.82 Mobile Safari/537.36 (compatible; Googlebot/2.1; +http://www.google.com/bot.html)"
52.167.144.215 - - [15/Sep/2026:15:25:07 +0300] "GET /?sale/search/detail/?ITMCODE=52005629227 HTTP/2.0" 200 208371 "-" "Mozilla/5.0 AppleWebKit/537.36 (KHTML, like Gecko; compatible; bingbot/2.0; +http://www.bing.com/bingbot.htm) Chrome/116.0.1938.76 Safari/537.36"
52.167.144.215 - - [15/Sep/2026:15:25:07 +0300] "GET /?sale/search/detail/?ITMCODE=519911261466 HTTP/2.0" 200 194112 "-" "Mozilla/5.0 AppleWebKit/537.36 (KHTML, like Gecko; compatible; bingbot/2.0; +http://www.bing.com/bingbot.htm) Chrome/116.0.1938.76 Safari/537.36"
52.167.144.215 - - [15/Sep/2026:15:25:08 +0300] "GET /?sale/search/detail/?ITMCODE=51977083210 HTTP/2.0" 200 214017 "-" "Mozilla/5.0 AppleWebKit/537.36 (KHTML, like Gecko; compatible; bingbot/2.0; +http://www.bing.com/bingbot.htm) Chrome/116.0.1938.76 Safari/537.36"
66.249.79.1 - - [15/Sep/2026:15:25:08 +0300] "GET /index.php/paslaugos?sale/search/detail/?ITMCODE=5196616850 HTTP/1.1" 200 211025 "-" "Mozilla/5.0 (Linux; Android 6.0.1; Nexus 5X Build/MMB29P) AppleWebKit/537.36 (KHTML, like Gecko) Chrome/152.0.7977.82 Mobile Safari/537.36 (compatible; Googlebot/2.1; +http://www.google.com/bot.html)"
52.167.144.215 - - [15/Sep/2026:15:25:09 +0300] "GET /?sale/search/detail/?ITMCODE=519675645006 HTTP/2.0" 200 201561 "-" "Mozilla/5.0 AppleWebKit/537.36 (KHTML, like Gecko; compatible; bingbot/2.0; +http://www.bing.com/bingbot.htm) Chrome/116.0.1938.76 Safari/537.36"
52.167.144.215 - - [15/Sep/2026:15:25:09 +0300] "GET /?sale/search/detail/?ITMCODE=5195193828 HTTP/2.0" 200 199763 "-" "Mozilla/5.0 AppleWebKit/537.36 (KHTML, like Gecko; compatible; bingbot/2.0; +http://www.bing.com/bingbot.htm) Chrome/116.0.1938.76 Safari/537.36"
66.249.79.1 - - [15/Sep/2026:15:25:09 +0300] "GET /?sale/search/detail/?ITMCODE=51955741 HTTP/1.1" 200 194541 "-" "Mozilla/5.0 (Linux; Android 6.0.1; Nexus 5X Build/MMB29P) AppleWebKit/537.36 (KHTML, like Gecko) Chrome/152.0.7977.82 Mobile Safari/537.36 (compatible; Googlebot/2.1; +http://www.google.com/bot.html)"
66.249.79.1 - - [15/Sep/2026:15:25:09 +0300] "GET /index.php/zinynas-keliaujantiems?sale/search/detail/?ITMCODE=51992295353 HTTP/1.1" 200 226248 "-" "Mozilla/5.0 (Linux; Android 6.0.1; Nexus 5X Build/MMB29P) AppleWebKit/537.36 (KHTML, like Gecko) Chrome/152.0.7977.82 Mobile Safari/537.36 (compatible; Googlebot/2.1; +http://www.google.com/bot.html)"
20.44.221.109 - - [15/Sep/2026:15:25:10 +0300] "POST / HTTP/1.1" 401 53 "-" "Mozilla/5.0"
66.249.79.2 - - [15/Sep/2026:15:25:10 +0300] "GET /index.php/zinynas-keliaujantiems?sale/search/detail/?ITMCODE=51971285542 HTTP/1.1" 200 218274 "-" "Mozilla/5.0 (Linux; Android 6.0.1; Nexus 5X Build/MMB29P) AppleWebKit/537.36 (KHTML, like Gecko) Chrome/152.0.7977.82 Mobile Safari/537.36 (compatible; Googlebot/2.1; +http://www.google.com/bot.html)"
66.249.79.2 - - [15/Sep/2026:15:25:10 +0300] "GET /index.php/zinynas-keliaujantiems?sale/search/detail/?ITMCODE=5196744718 HTTP/1.1" 200 208634 "-" "Mozilla/5.0 (Linux; Android 6.0.1; Nexus 5X Build/MMB29P) AppleWebKit/537.36 (KHTML, like Gecko) Chrome/152.0.7977.82 Mobile Safari/537.36 (compatible; Googlebot/2.1; +http://www.google.com/bot.html)"
20.44.221.109 - - [15/Sep/2026:15:25:12 +0300] "GET / HTTP/1.1" 401 53 "http://213.226.189.253:80/" "Mozilla/5.0"
40.77.167.15 - - [15/Sep/2026:15:25:11 +0300] "GET /?sale/search/detail/?ITMCODE=519633502888 HTTP/2.0" 200 201393 "-" "Mozilla/5.0 AppleWebKit/537.36 (KHTML, like Gecko; compatible; bingbot/2.0; +http://www.bing.com/bingbot.htm) Chrome/116.0.1938.76 Safari/537.36"
40.77.167.15 - - [15/Sep/2026:15:25:12 +0300] "GET /?sale/search/detail/?ITMCODE=520065813122 HTTP/2.0" 200 193206 "-" "Mozilla/5.0 AppleWebKit/537.36 (KHTML, like Gecko; compatible; bingbot/2.0; +http://www.bing.com/bingbot.htm) Chrome/116.0.1938.76 Safari/537.36"
66.249.79.3 - - [15/Sep/2026:15:25:12 +0300] "GET /sale/search/detail/?ITMCODE=51992369201 HTTP/1.1" 200 195741 "-" "Mozilla/5.0 (Linux; Android 6.0.1; Nexus 5X Build/MMB29P) AppleWebKit/537.36 (KHTML, like Gecko) Chrome/152.0.7977.82 Mobile Safari/537.36 (compatible; Googlebot/2.1; +http://www.google.com/bot.html)"
40.77.167.15 - - [15/Sep/2026:15:25:14 +0300] "GET /?sale/search/detail/?ITMCODE=51984785778 HTTP/2.0" 200 205040 "-" "Mozilla/5.0 AppleWebKit/537.36 (KHTML, like Gecko; compatible; bingbot/2.0; +http://www.bing.com/bingbot.htm) Chrome/116.0.1938.76 Safari/537.36"
52.167.144.215 - - [15/Sep/2026:15:25:15 +0300] "GET /?sale/search/detail/?ITMCODE=51963985936 HTTP/2.0" 200 198721 "-" "Mozilla/5.0 AppleWebKit/537.36 (KHTML, like Gecko; compatible; bingbot/2.0; +http://www.bing.com/bingbot.htm) Chrome/116.0.1938.76 Safari/537.36"
52.167.144.215 - - [15/Sep/2026:15:25:16 +0300] "GET /?sale/search/detail/?ITMCODE=519941456308 HTTP/2.0" 200 199712 "-" "Mozilla/5.0 AppleWebKit/537.36 (KHTML, like Gecko; compatible; bingbot/2.0; +http://www.bing.com/bingbot.htm) Chrome/116.0.1938.76 Safari/537.36"
52.167.144.215 - - [15/Sep/2026:15:25:16 +0300] "GET /?sale/search/detail/?ITMCODE=52002925506 HTTP/2.0" 200 217332 "-" "Mozilla/5.0 AppleWebKit/537.36 (KHTML, like Gecko; compatible; bingbot/2.0; +http://www.bing.com/bingbot.htm) Chrome/116.0.1938.76 Safari/537.36"
52.167.144.215 - - [15/Sep/2026:15:25:17 +0300] "GET /?sale/search/detail/?ITMCODE=520020541671 HTTP/2.0" 200 196966 "-" "Mozilla/5.0 AppleWebKit/537.36 (KHTML, like Gecko; compatible; bingbot/2.0; +http://www.bing.com/bingbot.htm) Chrome/116.0.1938.76 Safari/537.36"
66.249.79.2 - - [15/Sep/2026:15:25:19 +0300] "GET /index.php/paslaugos?sale/search/detail/?ITMCODE=5195193152 HTTP/1.1" 200 211999 "-" "Mozilla/5.0 (Linux; Android 6.0.1; Nexus 5X Build/MMB29P) AppleWebKit/537.36 (KHTML, like Gecko) Chrome/152.0.7977.82 Mobile Safari/537.36 (compatible; Googlebot/2.1; +http://www.google.com/bot.html)"
52.167.144.173 - - [15/Sep/2026:15:25:19 +0300] "GET /?sale/search/detail/?ITMCODE=52002811737 HTTP/2.0" 200 195046 "-" "Mozilla/5.0 AppleWebKit/537.36 (KHTML, like Gecko; compatible; bingbot/2.0; +http://www.bing.com/bingbot.htm) Chrome/116.0.1938.76 Safari/537.36"
66.249.79.1 - - [15/Sep/2026:15:25:21 +0300] "GET /index.php/zinynas-keliaujantiems?sale/search/detail/?ITMCODE=51981729900 HTTP/1.1" 200 210034 "-" "Mozilla/5.0 (Linux; Android 6.0.1; Nexus 5X Build/MMB29P) AppleWebKit/537.36 (KHTML, like Gecko) Chrome/152.0.7977.82 Mobile Safari/537.36 (compatible; Googlebot/2.1; +http://www.google.com/bot.html)"
52.167.144.173 - - [15/Sep/2026:15:25:21 +0300] "GET /?sale/search/detail/?ITMCODE=519917381674 HTTP/2.0" 200 225030 "-" "Mozilla/5.0 AppleWebKit/537.36 (KHTML, like Gecko; compatible; bingbot/2.0; +http://www.bing.com/bingbot.htm) Chrome/116.0.1938.76 Safari/537.36"
66.249.79.2 - - [15/Sep/2026:15:25:22 +0300] "GET /shop/pg/2340772 HTTP/1.1" 200 201712 "-" "Mozilla/5.0 (Linux; Android 6.0.1; Nexus 5X Build/MMB29P) AppleWebKit/537.36 (KHTML, like Gecko) Chrome/152.0.7977.82 Mobile Safari/537.36 (compatible; Googlebot/2.1; +http://www.google.com/bot.html)"
52.167.144.173 - - [15/Sep/2026:15:25:22 +0300] "GET /?sale/search/detail/?ITMCODE=519713235392 HTTP/2.0" 200 201714 "-" "Mozilla/5.0 AppleWebKit/537.36 (KHTML, like Gecko; compatible; bingbot/2.0; +http://www.bing.com/bingbot.htm) Chrome/116.0.1938.76 Safari/537.36"
66.249.79.3 - - [15/Sep/2026:15:25:22 +0300] "GET /index.php/paslaugos?sale/search/detail/?ITMCODE=5195237731 HTTP/1.1" 200 225300 "-" "Mozilla/5.0 (Linux; Android 6.0.1; Nexus 5X Build/MMB29P) AppleWebKit/537.36 (KHTML, like Gecko) Chrome/152.0.7977.82 Mobile Safari/537.36 (compatible; Googlebot/2.1; +http://www.google.com/bot.html)"
52.167.144.173 - - [15/Sep/2026:15:25:23 +0300] "GET /?sale/search/detail/?ITMCODE=519773317291 HTTP/2.0" 200 197076 "-" "Mozilla/5.0 AppleWebKit/537.36 (KHTML, like Gecko; compatible; bingbot/2.0; +http://www.bing.com/bingbot.htm) Chrome/116.0.1938.76 Safari/537.36"
66.249.79.2 - - [15/Sep/2026:15:25:23 +0300] "GET /?sale/search/detail/?ITMCODE=52002546305 HTTP/1.1" 200 195399 "-" "Mozilla/5.0 (Linux; Android 6.0.1; Nexus 5X Build/MMB29P) AppleWebKit/537.36 (KHTML, like Gecko) Chrome/152.0.7977.82 Mobile Safari/537.36 (compatible; Googlebot/2.1; +http://www.google.com/bot.html)"
66.249.79.2 - - [15/Sep/2026:15:25:23 +0300] "GET /index.php/zinynas-keliaujantiems?sale/search/detail/?ITMCODE=51971365046 HTTP/1.1" 200 221323 "-" "Mozilla/5.0 (Linux; Android 6.0.1; Nexus 5X Build/MMB29P) AppleWebKit/537.36 (KHTML, like Gecko) Chrome/152.0.7977.82 Mobile Safari/537.36 (compatible; Googlebot/2.1; +http://www.google.com/bot.html)"
52.167.144.173 - - [15/Sep/2026:15:25:23 +0300] "GET /?sale/search/detail/?ITMCODE=52002854001 HTTP/2.0" 200 201469 "-" "Mozilla/5.0 AppleWebKit/537.36 (KHTML, like Gecko; compatible; bingbot/2.0; +http://www.bing.com/bingbot.htm) Chrome/116.0.1938.76 Safari/537.36"
66.249.79.3 - - [15/Sep/2026:15:25:24 +0300] "GET /index.php/zinynas-keliaujantiems?sale/search/detail/?ITMCODE=52002880482 HTTP/1.1" 200 209190 "-" "Mozilla/5.0 (Linux; Android 6.0.1; Nexus 5X Build/MMB29P) AppleWebKit/537.36 (KHTML, like Gecko) Chrome/152.0.7977.82 Mobile Safari/537.36 (compatible; Googlebot/2.1; +http://www.google.com/bot.html)"
40.77.167.68 - - [15/Sep/2026:15:25:24 +0300] "GET /?sale/search/detail/?ITMCODE=51971091956 HTTP/2.0" 200 211779 "-" "Mozilla/5.0 AppleWebKit/537.36 (KHTML, like Gecko; compatible; bingbot/2.0; +http://www.bing.com/bingbot.htm) Chrome/116.0.1938.76 Safari/537.36"
40.77.167.68 - - [15/Sep/2026:15:25:25 +0300] "GET /?sale/search/detail/?ITMCODE=5196645978 HTTP/2.0" 200 207247 "-" "Mozilla/5.0 AppleWebKit/537.36 (KHTML, like Gecko; compatible; bingbot/2.0; +http://www.bing.com/bingbot.htm) Chrome/116.0.1938.76 Safari/537.36"
40.77.167.68 - - [15/Sep/2026:15:25:26 +0300] "GET /?sale/search/detail/?ITMCODE=5195201897 HTTP/2.0" 200 214332 "-" "Mozilla/5.0 AppleWebKit/537.36 (KHTML, like Gecko; compatible; bingbot/2.0; +http://www.bing.com/bingbot.htm) Chrome/116.0.1938.76 Safari/537.36"
66.249.79.1 - - [15/Sep/2026:15:25:26 +0300] "GET /?sale/search/detail/?ITMCODE=51992080343 HTTP/1.1" 200 196043 "-" "Mozilla/5.0 (Linux; Android 6.0.1; Nexus 5X Build/MMB29P) AppleWebKit/537.36 (KHTML, like Gecko) Chrome/152.0.7977.82 Mobile Safari/537.36 (compatible; Googlebot/2.1; +http://www.google.com/bot.html)"
40.77.167.15 - - [15/Sep/2026:15:25:27 +0300] "GET /?sale/search/detail/?ITMCODE=51974197012 HTTP/2.0" 200 201088 "-" "Mozilla/5.0 AppleWebKit/537.36 (KHTML, like Gecko; compatible; bingbot/2.0; +http://www.bing.com/bingbot.htm) Chrome/116.0.1938.76 Safari/537.36"
66.249.79.2 - - [15/Sep/2026:15:25:27 +0300] "GET /index.php/zinynas-keliaujantiems?sale/search/detail/?ITMCODE=5196526358 HTTP/1.1" 200 218208 "-" "Mozilla/5.0 (Linux; Android 6.0.1; Nexus 5X Build/MMB29P) AppleWebKit/537.36 (KHTML, like Gecko) Chrome/152.0.7977.82 Mobile Safari/537.36 (compatible; Googlebot/2.1; +http://www.google.com/bot.html)"
