66.249.68.102 - - [17/Sep/2026:15:10:47 +0300] "GET /index.php/kontaktai?sale/search/detail/?ITMCODE=51971413739 HTTP/1.1" 200 203310 "-" "Mozilla/5.0 (Linux; Android 6.0.1; Nexus 5X Build/MMB29P) AppleWebKit/537.36 (KHTML, like Gecko) Chrome/153.0.8010.36 Mobile Safari/537.36 (compatible; Googlebot/2.1; +http://www.google.com/bot.html)"
92.202.234.92 - - [17/Sep/2026:15:10:47 +0300] "GET /index.php?sale/search/detail/?ITMCODE=51981729568 HTTP/2.0" 200 11134 "-" "Mozilla/5.0 (iPhone; CPU iPhone OS 26_6_2 like Mac OS X) AppleWebKit/605.1.15 (KHTML, like Gecko) GSA/437.4.973319807 Mobile/15E148 Safari/604.1"
66.249.68.104 - - [17/Sep/2026:15:10:48 +0300] "GET /index.php/meniu?sale/search/detail/?ITMCODE=5195464140 HTTP/1.1" 200 198232 "-" "Mozilla/5.0 (Linux; Android 6.0.1; Nexus 5X Build/MMB29P) AppleWebKit/537.36 (KHTML, like Gecko) Chrome/153.0.8010.36 Mobile Safari/537.36 (compatible; Googlebot/2.1; +http://www.google.com/bot.html)"
66.249.68.105 - - [17/Sep/2026:15:10:48 +0300] "GET /index.php/dienos-pietus?sale/search/detail/?ITMCODE=51971116783 HTTP/1.1" 200 199526 "-" "Mozilla/5.0 (Linux; Android 6.0.1; Nexus 5X Build/MMB29P) AppleWebKit/537.36 (KHTML, like Gecko) Chrome/153.0.8010.36 Mobile Safari/537.36 (compatible; Googlebot/2.1; +http://www.google.com/bot.html)"
92.202.234.92 - - [17/Sep/2026:15:10:48 +0300] "GET /plugins/content/simplepopup/simplepopup/spustyle.css HTTP/2.0" 200 529 "https://chenglong.lt/index.php?sale/search/detail/?ITMCODE=51981729568" "Mozilla/5.0 (iPhone; CPU iPhone OS 26_6_2 like Mac OS X) AppleWebKit/605.1.15 (KHTML, like Gecko) GSA/437.4.973319807 Mobile/15E148 Safari/604.1"
92.202.234.92 - - [17/Sep/2026:15:10:48 +0300] "GET /plugins/content/simplepopup/simplepopup/fancybox/jquery.fancybox-1.3.4.css HTTP/2.0" 200 8963 "https://chenglong.lt/index.php?sale/search/detail/?ITMCODE=51981729568" "Mozilla/5.0 (iPhone; CPU iPhone OS 26_6_2 like Mac OS X) AppleWebKit/605.1.15 (KHTML, like Gecko) GSA/437.4.973319807 Mobile/15E148 Safari/604.1"
92.202.234.92 - - [17/Sep/2026:15:10:48 +0300] "GET /plugins/system/miniteksystemmessages/assets/css/style.css?v=1.0.6 HTTP/2.0" 200 3576 "https://chenglong.lt/index.php?sale/search/detail/?ITMCODE=51981729568" "Mozilla/5.0 (iPhone; CPU iPhone OS 26_6_2 like Mac OS X) AppleWebKit/605.1.15 (KHTML, like Gecko) GSA/437.4.973319807 Mobile/15E148 Safari/604.1"
92.202.234.92 - - [17/Sep/2026:15:10:48 +0300] "GET /plugins/system/miniteksystemmessages/assets/css/jquery.jgrowl.css HTTP/2.0" 200 2112 "https://chenglong.lt/index.php?sale/search/detail/?ITMCODE=51981729568" "Mozilla/5.0 (iPhone; CPU iPhone OS 26_6_2 like Mac OS X) AppleWebKit/605.1.15 (KHTML, like Gecko) GSA/437.4.973319807 Mobile/15E148 Safari/604.1"
92.202.234.92 - - [17/Sep/2026:15:10:48 +0300] "GET /plugins/content/dearflip/dflip/css/themify-icons.css HTTP/2.0" 200 16417 "https://chenglong.lt/index.php?sale/search/detail/?ITMCODE=51981729568" "Mozilla/5.0 (iPhone; CPU iPhone OS 26_6_2 like Mac OS X) AppleWebKit/605.1.15 (KHTML, like Gecko) GSA/437.4.973319807 Mobile/15E148 Safari/604.1"
92.202.234.92 - - [17/Sep/2026:15:10:48 +0300] "GET /plugins/content/dearflip/dflip/css/dflip.css HTTP/2.0" 200 36921 "https://chenglong.lt/index.php?sale/search/detail/?ITMCODE=51981729568" "Mozilla/5.0 (iPhone; CPU iPhone OS 26_6_2 like Mac OS X) AppleWebKit/605.1.15 (KHTML, like Gecko) GSA/437.4.973319807 Mobile/15E148 Safari/604.1"
92.202.234.92 - - [17/Sep/2026:15:10:48 +0300] "GET /media/jui/js/jquery-noconflict.js?0c2ada6fb5fac50fc7ad43b82b14eaac HTTP/2.0" 200 21 "https://chenglong.lt/index.php?sale/search/detail/?ITMCODE=51981729568" "Mozilla/5.0 (iPhone; CPU iPhone OS 26_6_2 like Mac OS X) AppleWebKit/605.1.15 (KHTML, like Gecko) GSA/437.4.973319807 Mobile/15E148 Safari/604.1"
92.202.234.92 - - [17/Sep/2026:15:10:48 +0300] "GET /media/jui/js/jquery-migrate.min.js?0c2ada6fb5fac50fc7ad43b82b14eaac HTTP/2.0" 200 10056 "https://chenglong.lt/index.php?sale/search/detail/?ITMCODE=51981729568" "Mozilla/5.0 (iPhone; CPU iPhone OS 26_6_2 like Mac OS X) AppleWebKit/605.1.15 (KHTML, like Gecko) GSA/437.4.973319807 Mobile/15E148 Safari/604.1"
92.202.234.92 - - [17/Sep/2026:15:10:48 +0300] "GET /plugins/content/simplepopup/simplepopup/fancybox/jquery.mousewheel-3.0.4.pack.js HTTP/2.0" 200 1292 "https://chenglong.lt/index.php?sale/search/detail/?ITMCODE=51981729568" "Mozilla/5.0 (iPhone; CPU iPhone OS 26_6_2 like Mac OS X) AppleWebKit/605.1.15 (KHTML, like Gecko) GSA/437.4.973319807 Mobile/15E148 Safari/604.1"
92.202.234.92 - - [17/Sep/2026:15:10:48 +0300] "GET /media/jui/js/jquery.min.js?0c2ada6fb5fac50fc7ad43b82b14eaac HTTP/2.0" 200 97646 "https://chenglong.lt/index.php?sale/search/detail/?ITMCODE=51981729568" "Mozilla/5.0 (iPhone; CPU iPhone OS 26_6_2 like Mac OS X) AppleWebKit/605.1.15 (KHTML, like Gecko) GSA/437.4.973319807 Mobile/15E148 Safari/604.1"
66.249.68.104 - - [17/Sep/2026:15:10:46 +0300] "GET /index.php/kontaktai?sale/search/detail/?ITMCODE=5196601237 HTTP/1.1" 200 233950 "-" "Mozilla/5.0 (Linux; Android 6.0.1; Nexus 5X Build/MMB29P) AppleWebKit/537.36 (KHTML, like Gecko) Chrome/153.0.8010.36 Mobile Safari/537.36 (compatible; Googlebot/2.1; +http://www.google.com/bot.html)"
92.202.234.92 - - [17/Sep/2026:15:10:48 +0300] "GET /media/system/js/core.js?0c2ada6fb5fac50fc7ad43b82b14eaac HTTP/2.0" 200 8735 "https://chenglong.lt/index.php?sale/search/detail/?ITMCODE=51981729568" "Mozilla/5.0 (iPhone; CPU iPhone OS 26_6_2 like Mac OS X) AppleWebKit/605.1.15 (KHTML, like Gecko) GSA/437.4.973319807 Mobile/15E148 Safari/604.1"
92.202.234.92 - - [17/Sep/2026:15:10:48 +0300] "GET /plugins/content/simplepopup/simplepopup/fancybox/jquery.fancybox-1.3.4.patch.js HTTP/2.0" 200 18097 "https://chenglong.lt/index.php?sale/search/detail/?ITMCODE=51981729568" "Mozilla/5.0 (iPhone; CPU iPhone OS 26_6_2 like Mac OS X) AppleWebKit/605.1.15 (KHTML, like Gecko) GSA/437.4.973319807 Mobile/15E148 Safari/604.1"
92.202.234.92 - - [17/Sep/2026:15:10:48 +0300] "GET /media/system/js/mootools-core.js?0c2ada6fb5fac50fc7ad43b82b14eaac HTTP/2.0" 200 83893 "https://chenglong.lt/index.php?sale/search/detail/?ITMCODE=51981729568" "Mozilla/5.0 (iPhone; CPU iPhone OS 26_6_2 like Mac OS X) AppleWebKit/605.1.15 (KHTML, like Gecko) GSA/437.4.973319807 Mobile/15E148 Safari/604.1"
66.249.68.100 - - [17/Sep/2026:15:10:48 +0300] "GET /index.php/meniu?sale/search/detail/?ITMCODE=5195208019 HTTP/1.1" 200 205791 "-" "Mozilla/5.0 (Linux; Android 6.0.1; Nexus 5X Build/MMB29P) AppleWebKit/537.36 (KHTML, like Gecko) Chrome/153.0.8010.36 Mobile Safari/537.36 (compatible; Googlebot/2.1; +http://www.google.com/bot.html)"
92.202.234.92 - - [17/Sep/2026:15:10:48 +0300] "GET /templates/resto_6/modules.js HTTP/2.0" 200 - "https://chenglong.lt/index.php?sale/search/detail/?ITMCODE=51981729568" "Mozilla/5.0 (iPhone; CPU iPhone OS 26_6_2 like Mac OS X) AppleWebKit/605.1.15 (KHTML, like Gecko) GSA/437.4.973319807 Mobile/15E148 Safari/604.1"
92.202.234.92 - - [17/Sep/2026:15:10:48 +0300] "GET /media/system/js/caption.js?0c2ada6fb5fac50fc7ad43b82b14eaac HTTP/2.0" 200 491 "https://chenglong.lt/index.php?sale/search/detail/?ITMCODE=51981729568" "Mozilla/5.0 (iPhone; CPU iPhone OS 26_6_2 like Mac OS X) AppleWebKit/605.1.15 (KHTML, like Gecko) GSA/437.4.973319807 Mobile/15E148 Safari/604.1"
92.202.234.92 - - [17/Sep/2026:15:10:48 +0300] "GET /plugins/system/miniteksystemmessages/assets/js/script.js?v=1.0.6 HTTP/2.0" 200 7131 "https://chenglong.lt/index.php?sale/search/detail/?ITMCODE=51981729568" "Mozilla/5.0 (iPhone; CPU iPhone OS 26_6_2 like Mac OS X) AppleWebKit/605.1.15 (KHTML, like Gecko) GSA/437.4.973319807 Mobile/15E148 Safari/604.1"
92.202.234.92 - - [17/Sep/2026:15:10:48 +0300] "GET /templates/system/css/system.css HTTP/2.0" 200 881 "https://chenglong.lt/index.php?sale/search/detail/?ITMCODE=51981729568" "Mozilla/5.0 (iPhone; CPU iPhone OS 26_6_2 like Mac OS X) AppleWebKit/605.1.15 (KHTML, like Gecko) GSA/437.4.973319807 Mobile/15E148 Safari/604.1"
92.202.234.92 - - [17/Sep/2026:15:10:48 +0300] "GET /templates/system/css/general.css HTTP/2.0" 200 2717 "https://chenglong.lt/index.php?sale/search/detail/?ITMCODE=51981729568" "Mozilla/5.0 (iPhone; CPU iPhone OS 26_6_2 like Mac OS X) AppleWebKit/605.1.15 (KHTML, like Gecko) GSA/437.4.973319807 Mobile/15E148 Safari/604.1"
92.202.234.92 - - [17/Sep/2026:15:10:48 +0300] "GET /templates/resto_6/css/template.responsive.css HTTP/2.0" 200 11640 "https://chenglong.lt/index.php?sale/search/detail/?ITMCODE=51981729568" "Mozilla/5.0 (iPhone; CPU iPhone OS 26_6_2 like Mac OS X) AppleWebKit/605.1.15 (KHTML, like Gecko) GSA/437.4.973319807 Mobile/15E148 Safari/604.1"
92.202.234.92 - - [17/Sep/2026:15:10:48 +0300] "GET /plugins/system/miniteksystemmessages/assets/js/jquery.jgrowl.js HTTP/2.0" 200 16629 "https://chenglong.lt/index.php?sale/search/detail/?ITMCODE=51981729568" "Mozilla/5.0 (iPhone; CPU iPhone OS 26_6_2 like Mac OS X) AppleWebKit/605.1.15 (KHTML, like Gecko) GSA/437.4.973319807 Mobile/15E148 Safari/604.1"
92.202.234.92 - - [17/Sep/2026:15:10:48 +0300] "GET /templates/resto_6/script.responsive.js HTTP/2.0" 200 21136 "https://chenglong.lt/index.php?sale/search/detail/?ITMCODE=51981729568" "Mozilla/5.0 (iPhone; CPU iPhone OS 26_6_2 like Mac OS X) AppleWebKit/605.1.15 (KHTML, like Gecko) GSA/437.4.973319807 Mobile/15E148 Safari/604.1"
92.202.234.92 - - [17/Sep/2026:15:10:48 +0300] "GET /templates/resto_6/css/template.css HTTP/2.0" 200 65213 "https://chenglong.lt/index.php?sale/search/detail/?ITMCODE=51981729568" "Mozilla/5.0 (iPhone; CPU iPhone OS 26_6_2 like Mac OS X) AppleWebKit/605.1.15 (KHTML, like Gecko) GSA/437.4.973319807 Mobile/15E148 Safari/604.1"
92.202.234.92 - - [17/Sep/2026:15:10:48 +0300] "GET /templates/resto_6/script.js HTTP/2.0" 200 56744 "https://chenglong.lt/index.php?sale/search/detail/?ITMCODE=51981729568" "Mozilla/5.0 (iPhone; CPU iPhone OS 26_6_2 like Mac OS X) AppleWebKit/605.1.15 (KHTML, like Gecko) GSA/437.4.973319807 Mobile/15E148 Safari/604.1"
92.202.234.92 - - [17/Sep/2026:15:10:48 +0300] "GET /templates/resto_6/jquery.js HTTP/2.0" 200 92629 "https://chenglong.lt/index.php?sale/search/detail/?ITMCODE=51981729568" "Mozilla/5.0 (iPhone; CPU iPhone OS 26_6_2 like Mac OS X) AppleWebKit/605.1.15 (KHTML, like Gecko) GSA/437.4.973319807 Mobile/15E148 Safari/604.1"
92.202.234.92 - - [17/Sep/2026:15:10:48 +0300] "GET /plugins/content/dearflip/dflip/js/dflip.min.js HTTP/2.0" 200 126454 "https://chenglong.lt/index.php?sale/search/detail/?ITMCODE=51981729568" "Mozilla/5.0 (iPhone; CPU iPhone OS 26_6_2 like Mac OS X) AppleWebKit/605.1.15 (KHTML, like Gecko) GSA/437.4.973319807 Mobile/15E148 Safari/604.1"
92.202.234.92 - - [17/Sep/2026:15:10:48 +0300] "GET /media/system/js/mootools-more.js?0c2ada6fb5fac50fc7ad43b82b14eaac HTTP/2.0" 200 236825 "https://chenglong.lt/index.php?sale/search/detail/?ITMCODE=51981729568" "Mozilla/5.0 (iPhone; CPU iPhone OS 26_6_2 like Mac OS X) AppleWebKit/605.1.15 (KHTML, like Gecko) GSA/437.4.973319807 Mobile/15E148 Safari/604.1"
66.249.68.101 - - [17/Sep/2026:15:10:48 +0300] "GET /index.php/dienos-pietus?sale/search/detail/?ITMCODE=51971249368 HTTP/1.1" 200 226996 "-" "Mozilla/5.0 (Linux; Android 6.0.1; Nexus 5X Build/MMB29P) AppleWebKit/537.36 (KHTML, like Gecko) Chrome/153.0.8010.36 Mobile Safari/537.36 (compatible; Googlebot/2.1; +http://www.google.com/bot.html)"
66.249.68.97 - - [17/Sep/2026:15:10:49 +0300] "GET /index.php/maistas-i-namus?sale/search/detail/?ITMCODE=52002901361 HTTP/1.1" 200 206938 "-" "Mozilla/5.0 (Linux; Android 6.0.1; Nexus 5X Build/MMB29P) AppleWebKit/537.36 (KHTML, like Gecko) Chrome/153.0.8010.36 Mobile Safari/537.36 (compatible; Googlebot/2.1; +http://www.google.com/bot.html)"
66.249.68.105 - - [17/Sep/2026:15:10:49 +0300] "GET /index.php/maistas-i-namus?sale/search/detail/?ITMCODE=51981600019 HTTP/1.1" 200 202426 "-" "Mozilla/5.0 (Linux; Android 6.0.1; Nexus 5X Build/MMB29P) AppleWebKit/537.36 (KHTML, like Gecko) Chrome/153.0.8010.36 Mobile Safari/537.36 (compatible; Googlebot/2.1; +http://www.google.com/bot.html)"
66.249.68.96 - - [17/Sep/2026:15:10:49 +0300] "GET /index.php/kontaktai?sale/search/detail/?ITMCODE=51992135521 HTTP/1.1" 200 205303 "-" "Mozilla/5.0 (Linux; Android 6.0.1; Nexus 5X Build/MMB29P) AppleWebKit/537.36 (KHTML, like Gecko) Chrome/153.0.8010.36 Mobile Safari/537.36 (compatible; Googlebot/2.1; +http://www.google.com/bot.html)"
66.249.68.101 - - [17/Sep/2026:15:10:49 +0300] "GET /index.php/meniu?sale/search/detail/?ITMCODE=519519776 HTTP/1.1" 200 199399 "-" "Mozilla/5.0 (Linux; Android 6.0.1; Nexus 5X Build/MMB29P) AppleWebKit/537.36 (KHTML, like Gecko) Chrome/153.0.8010.36 Mobile Safari/537.36 (compatible; Googlebot/2.1; +http://www.google.com/bot.html)"
92.202.234.92 - - [17/Sep/2026:15:10:50 +0300] "GET /images/logo.png HTTP/2.0" 200 30174 "https://chenglong.lt/index.php?sale/search/detail/?ITMCODE=51981729568" "Mozilla/5.0 (iPhone; CPU iPhone OS 26_6_2 like Mac OS X) AppleWebKit/605.1.15 (KHTML, like Gecko) GSA/437.4.973319807 Mobile/15E148 Safari/604.1"
92.202.234.92 - - [17/Sep/2026:15:10:50 +0300] "GET /images/logo_dark_small.png HTTP/2.0" 200 164696 "https://chenglong.lt/index.php?sale/search/detail/?ITMCODE=51981729568" "Mozilla/5.0 (iPhone; CPU iPhone OS 26_6_2 like Mac OS X) AppleWebKit/605.1.15 (KHTML, like Gecko) GSA/437.4.973319807 Mobile/15E148 Safari/604.1"
92.202.234.92 - - [17/Sep/2026:15:10:50 +0300] "GET /media/system/css/system.css HTTP/2.0" 200 1433 "https://chenglong.lt/index.php?sale/search/detail/?ITMCODE=51981729568" "Mozilla/5.0 (iPhone; CPU iPhone OS 26_6_2 like Mac OS X) AppleWebKit/605.1.15 (KHTML, like Gecko) GSA/437.4.973319807 Mobile/15E148 Safari/604.1"
66.249.68.100 - - [17/Sep/2026:15:10:49 +0300] "GET /index.php/maistas-i-namus?sale/search/detail/?ITMCODE=51971456446 HTTP/1.1" 200 207428 "-" "Mozilla/5.0 (Linux; Android 6.0.1; Nexus 5X Build/MMB29P) AppleWebKit/537.36 (KHTML, like Gecko) Chrome/153.0.8010.36 Mobile Safari/537.36 (compatible; Googlebot/2.1; +http://www.google.com/bot.html)"
92.202.234.92 - - [17/Sep/2026:15:10:50 +0300] "GET /images/powered.png HTTP/2.0" 200 5403 "https://chenglong.lt/index.php?sale/search/detail/?ITMCODE=51981729568" "Mozilla/5.0 (iPhone; CPU iPhone OS 26_6_2 like Mac OS X) AppleWebKit/605.1.15 (KHTML, like Gecko) GSA/437.4.973319807 Mobile/15E148 Safari/604.1"
92.202.234.92 - - [17/Sep/2026:15:10:50 +0300] "GET /templates/resto_6/images/page.jpeg HTTP/2.0" 200 816967 "https://chenglong.lt/index.php?sale/search/detail/?ITMCODE=51981729568" "Mozilla/5.0 (iPhone; CPU iPhone OS 26_6_2 like Mac OS X) AppleWebKit/605.1.15 (KHTML, like Gecko) GSA/437.4.973319807 Mobile/15E148 Safari/604.1"
92.202.234.92 - - [17/Sep/2026:15:10:50 +0300] "GET /templates/resto_6/images/header.png HTTP/2.0" 200 752 "https://chenglong.lt/index.php?sale/search/detail/?ITMCODE=51981729568" "Mozilla/5.0 (iPhone; CPU iPhone OS 26_6_2 like Mac OS X) AppleWebKit/605.1.15 (KHTML, like Gecko) GSA/437.4.973319807 Mobile/15E148 Safari/604.1"
92.202.234.92 - - [17/Sep/2026:15:10:50 +0300] "GET /plugins/content/simplepopup/simplepopup/fancybox/fancybox-x.png HTTP/2.0" 200 203 "https://chenglong.lt/index.php?sale/search/detail/?ITMCODE=51981729568" "Mozilla/5.0 (iPhone; CPU iPhone OS 26_6_2 like Mac OS X) AppleWebKit/605.1.15 (KHTML, like Gecko) GSA/437.4.973319807 Mobile/15E148 Safari/604.1"
92.202.234.92 - - [17/Sep/2026:15:10:50 +0300] "GET /plugins/content/simplepopup/simplepopup/fancybox/fancybox.png HTTP/2.0" 200 15287 "https://chenglong.lt/index.php?sale/search/detail/?ITMCODE=51981729568" "Mozilla/5.0 (iPhone; CPU iPhone OS 26_6_2 like Mac OS X) AppleWebKit/605.1.15 (KHTML, like Gecko) GSA/437.4.973319807 Mobile/15E148 Safari/604.1"
92.202.234.92 - - [17/Sep/2026:15:10:50 +0300] "GET /plugins/content/simplepopup/simplepopup/fancybox/fancybox-y.png HTTP/2.0" 200 176 "https://chenglong.lt/index.php?sale/search/detail/?ITMCODE=51981729568" "Mozilla/5.0 (iPhone; CPU iPhone OS 26_6_2 like Mac OS X) AppleWebKit/605.1.15 (KHTML, like Gecko) GSA/437.4.973319807 Mobile/15E148 Safari/604.1"
66.249.68.96 - - [17/Sep/2026:15:10:50 +0300] "GET /index.php/kontaktai?sale/search/detail/?ITMCODE=51971491621 HTTP/1.1" 200 199260 "-" "Mozilla/5.0 (Linux; Android 6.0.1; Nexus 5X Build/MMB29P) AppleWebKit/537.36 (KHTML, like Gecko) Chrome/153.0.8010.36 Mobile Safari/537.36 (compatible; Googlebot/2.1; +http://www.google.com/bot.html)"
66.249.68.104 - - [17/Sep/2026:15:10:50 +0300] "GET /index.php/kontaktai?sale/search/detail/?ITMCODE=51971368892 HTTP/1.1" 200 199732 "-" "Mozilla/5.0 (Linux; Android 6.0.1; Nexus 5X Build/MMB29P) AppleWebKit/537.36 (KHTML, like Gecko) Chrome/153.0.8010.36 Mobile Safari/537.36 (compatible; Googlebot/2.1; +http://www.google.com/bot.html)"
66.249.68.102 - - [17/Sep/2026:15:10:50 +0300] "GET /?sale/search/detail/?ITMCODE=51981615266 HTTP/1.1" 200 200659 "-" "Mozilla/5.0 (compatible; Googlebot/2.1; +http://www.google.com/bot.html)"
66.249.68.98 - - [17/Sep/2026:15:10:51 +0300] "GET /index.php/maistas-i-namus?sale/search/detail/?ITMCODE=51981757144 HTTP/1.1" 200 205114 "-" "Mozilla/5.0 (Linux; Android 6.0.1; Nexus 5X Build/MMB29P) AppleWebKit/537.36 (KHTML, like Gecko) Chrome/153.0.8010.36 Mobile Safari/537.36 (compatible; Googlebot/2.1; +http://www.google.com/bot.html)"
66.249.68.96 - - [17/Sep/2026:15:10:51 +0300] "GET /index.php/kontaktai?sale/search/detail/?ITMCODE=52002643842 HTTP/1.1" 200 200666 "-" "Mozilla/5.0 (Linux; Android 6.0.1; Nexus 5X Build/MMB29P) AppleWebKit/537.36 (KHTML, like Gecko) Chrome/153.0.8010.36 Mobile Safari/537.36 (compatible; Googlebot/2.1; +http://www.google.com/bot.html)"
66.249.68.96 - - [17/Sep/2026:15:10:51 +0300] "GET /index.php/dienos-pietus?sale/search/detail/?ITMCODE=5195469587 HTTP/1.1" 200 205482 "-" "Mozilla/5.0 (Linux; Android 6.0.1; Nexus 5X Build/MMB29P) AppleWebKit/537.36 (KHTML, like Gecko) Chrome/153.0.8010.36 Mobile Safari/537.36 (compatible; Googlebot/2.1; +http://www.google.com/bot.html)"
66.249.68.99 - - [17/Sep/2026:15:10:51 +0300] "GET /index.php/meniu?sale/search/detail/?ITMCODE=519511578 HTTP/1.1" 200 213231 "-" "Mozilla/5.0 (Linux; Android 6.0.1; Nexus 5X Build/MMB29P) AppleWebKit/537.36 (KHTML, like Gecko) Chrome/153.0.8010.36 Mobile Safari/537.36 (compatible; Googlebot/2.1; +http://www.google.com/bot.html)"
66.249.68.104 - - [17/Sep/2026:15:10:52 +0300] "GET /index.php/maistas-i-namus?sale/search/detail/?ITMCODE=51981639927 HTTP/1.1" 200 205182 "-" "Mozilla/5.0 (Linux; Android 6.0.1; Nexus 5X Build/MMB29P) AppleWebKit/537.36 (KHTML, like Gecko) Chrome/153.0.8010.36 Mobile Safari/537.36 (compatible; Googlebot/2.1; +http://www.google.com/bot.html)"
66.249.68.101 - - [17/Sep/2026:15:10:52 +0300] "GET /index.php/maistas-i-namus?sale/search/detail/?ITMCODE=51981916591 HTTP/1.1" 200 207548 "-" "Mozilla/5.0 (Linux; Android 6.0.1; Nexus 5X Build/MMB29P) AppleWebKit/537.36 (KHTML, like Gecko) Chrome/153.0.8010.36 Mobile Safari/537.36 (compatible; Googlebot/2.1; +http://www.google.com/bot.html)"
66.249.68.105 - - [17/Sep/2026:15:10:53 +0300] "GET /index.php/maistas-i-namus?sale/search/detail/?ITMCODE=51971360993 HTTP/1.1" 200 213243 "-" "Mozilla/5.0 (Linux; Android 6.0.1; Nexus 5X Build/MMB29P) AppleWebKit/537.36 (KHTML, like Gecko) Chrome/153.0.8010.36 Mobile Safari/537.36 (compatible; Googlebot/2.1; +http://www.google.com/bot.html)"
66.249.68.102 - - [17/Sep/2026:15:10:53 +0300] "GET /index.php/kontaktai?sale/search/detail/?ITMCODE=51992268563 HTTP/1.1" 200 203060 "-" "Mozilla/5.0 (Linux; Android 6.0.1; Nexus 5X Build/MMB29P) AppleWebKit/537.36 (KHTML, like Gecko) Chrome/153.0.8010.36 Mobile Safari/537.36 (compatible; Googlebot/2.1; +http://www.google.com/bot.html)"
66.249.68.97 - - [17/Sep/2026:15:10:53 +0300] "GET /index.php/meniu?sale/search/detail/?ITMCODE=51981762042 HTTP/1.1" 200 200946 "-" "Mozilla/5.0 (Linux; Android 6.0.1; Nexus 5X Build/MMB29P) AppleWebKit/537.36 (KHTML, like Gecko) Chrome/153.0.8010.36 Mobile Safari/537.36 (compatible; Googlebot/2.1; +http://www.google.com/bot.html)"
66.249.68.104 - - [17/Sep/2026:15:10:54 +0300] "GET /index.php/maistas-i-namus?sale/search/detail/?ITMCODE=51992400524 HTTP/1.1" 200 206449 "-" "Mozilla/5.0 (Linux; Android 6.0.1; Nexus 5X Build/MMB29P) AppleWebKit/537.36 (KHTML, like Gecko) Chrome/153.0.8010.36 Mobile Safari/537.36 (compatible; Googlebot/2.1; +http://www.google.com/bot.html)"
66.249.68.96 - - [17/Sep/2026:15:10:54 +0300] "GET /index.php/kontaktai?sale/search/detail/?ITMCODE=52002620162 HTTP/1.1" 200 211326 "-" "Mozilla/5.0 (Linux; Android 6.0.1; Nexus 5X Build/MMB29P) AppleWebKit/537.36 (KHTML, like Gecko) Chrome/153.0.8010.36 Mobile Safari/537.36 (compatible; Googlebot/2.1; +http://www.google.com/bot.html)"
66.249.68.97 - - [17/Sep/2026:15:10:53 +0300] "GET /index.php/dienos-pietus?sale/search/detail/?ITMCODE=51992256606 HTTP/1.1" 200 203699 "-" "Mozilla/5.0 (Linux; Android 6.0.1; Nexus 5X Build/MMB29P) AppleWebKit/537.36 (KHTML, like Gecko) Chrome/153.0.8010.36 Mobile Safari/537.36 (compatible; Googlebot/2.1; +http://www.google.com/bot.html)"
66.249.68.101 - - [17/Sep/2026:15:10:54 +0300] "GET /index.php/meniu?sale/search/detail/?ITMCODE=52002877829 HTTP/1.1" 200 200130 "-" "Mozilla/5.0 (Linux; Android 6.0.1; Nexus 5X Build/MMB29P) AppleWebKit/537.36 (KHTML, like Gecko) Chrome/153.0.8010.36 Mobile Safari/537.36 (compatible; Googlebot/2.1; +http://www.google.com/bot.html)"
66.249.68.101 - - [17/Sep/2026:15:10:55 +0300] "GET /index.php/kontaktai?sale/search/detail/?ITMCODE=5196642536 HTTP/1.1" 200 204306 "-" "Mozilla/5.0 (Linux; Android 6.0.1; Nexus 5X Build/MMB29P) AppleWebKit/537.36 (KHTML, like Gecko) Chrome/153.0.8010.36 Mobile Safari/537.36 (compatible; Googlebot/2.1; +http://www.google.com/bot.html)"
66.249.68.102 - - [17/Sep/2026:15:10:55 +0300] "GET /index.php/kontaktai?sale/search/detail/?ITMCODE=51981845284 HTTP/1.1" 200 207300 "-" "Mozilla/5.0 (Linux; Android 6.0.1; Nexus 5X Build/MMB29P) AppleWebKit/537.36 (KHTML, like Gecko) Chrome/153.0.8010.36 Mobile Safari/537.36 (compatible; Googlebot/2.1; +http://www.google.com/bot.html)"
66.249.68.97 - - [17/Sep/2026:15:10:55 +0300] "GET /index.php/maistas-i-namus?sale/search/detail/?ITMCODE=51971240313 HTTP/1.1" 200 204284 "-" "Mozilla/5.0 (Linux; Android 6.0.1; Nexus 5X Build/MMB29P) AppleWebKit/537.36 (KHTML, like Gecko) Chrome/153.0.8010.36 Mobile Safari/537.36 (compatible; Googlebot/2.1; +http://www.google.com/bot.html)"
66.249.68.104 - - [17/Sep/2026:15:10:55 +0300] "GET /index.php/maistas-i-namus?sale/search/detail/?ITMCODE=51981542995 HTTP/1.1" 200 205215 "-" "Mozilla/5.0 (Linux; Android 6.0.1; Nexus 5X Build/MMB29P) AppleWebKit/537.36 (KHTML, like Gecko) Chrome/153.0.8010.36 Mobile Safari/537.36 (compatible; Googlebot/2.1; +http://www.google.com/bot.html)"
66.249.68.96 - - [17/Sep/2026:15:10:56 +0300] "GET /index.php/maistas-i-namus?sale/search/detail/?ITMCODE=51971181615 HTTP/1.1" 200 201616 "-" "Mozilla/5.0 (Linux; Android 6.0.1; Nexus 5X Build/MMB29P) AppleWebKit/537.36 (KHTML, like Gecko) Chrome/153.0.8010.36 Mobile Safari/537.36 (compatible; Googlebot/2.1; +http://www.google.com/bot.html)"
66.249.68.98 - - [17/Sep/2026:15:10:56 +0300] "GET /index.php/maistas-i-namus?sale/search/detail/?ITMCODE=51971370414 HTTP/1.1" 200 210360 "-" "Mozilla/5.0 (Linux; Android 6.0.1; Nexus 5X Build/MMB29P) AppleWebKit/537.36 (KHTML, like Gecko) Chrome/153.0.8010.36 Mobile Safari/537.36 (compatible; Googlebot/2.1; +http://www.google.com/bot.html)"
66.249.68.97 - - [17/Sep/2026:15:10:56 +0300] "GET /index.php/kontaktai?sale/search/detail/?ITMCODE=5196806526 HTTP/1.1" 200 197971 "-" "Mozilla/5.0 (Linux; Android 6.0.1; Nexus 5X Build/MMB29P) AppleWebKit/537.36 (KHTML, like Gecko) Chrome/153.0.8010.36 Mobile Safari/537.36 (compatible; Googlebot/2.1; +http://www.google.com/bot.html)"
66.249.68.101 - - [17/Sep/2026:15:10:56 +0300] "GET /index.php/maistas-i-namus?sale/search/detail/?ITMCODE=52002624967 HTTP/1.1" 200 199545 "-" "Mozilla/5.0 (Linux; Android 6.0.1; Nexus 5X Build/MMB29P) AppleWebKit/537.36 (KHTML, like Gecko) Chrome/153.0.8010.36 Mobile Safari/537.36 (compatible; Googlebot/2.1; +http://www.google.com/bot.html)"
66.249.68.98 - - [17/Sep/2026:15:10:56 +0300] "GET /index.php/meniu?sale/search/detail/?ITMCODE=51992201769 HTTP/1.1" 200 199351 "-" "Mozilla/5.0 (Linux; Android 6.0.1; Nexus 5X Build/MMB29P) AppleWebKit/537.36 (KHTML, like Gecko) Chrome/153.0.8010.36 Mobile Safari/537.36 (compatible; Googlebot/2.1; +http://www.google.com/bot.html)"
66.249.68.100 - - [17/Sep/2026:15:10:57 +0300] "GET /index.php/maistas-i-namus?sale/search/detail/?ITMCODE=5196802613 HTTP/1.1" 200 207082 "-" "Mozilla/5.0 (Linux; Android 6.0.1; Nexus 5X Build/MMB29P) AppleWebKit/537.36 (KHTML, like Gecko) Chrome/153.0.8010.36 Mobile Safari/537.36 (compatible; Googlebot/2.1; +http://www.google.com/bot.html)"
66.249.68.105 - - [17/Sep/2026:15:10:57 +0300] "GET /index.php/maistas-i-namus?sale/search/detail/?ITMCODE=52002512294 HTTP/1.1" 200 206702 "-" "Mozilla/5.0 (Linux; Android 6.0.1; Nexus 5X Build/MMB29P) AppleWebKit/537.36 (KHTML, like Gecko) Chrome/153.0.8010.36 Mobile Safari/537.36 (compatible; Googlebot/2.1; +http://www.google.com/bot.html)"
66.249.68.2 - - [17/Sep/2026:15:10:58 +0300] "GET /index.php/meniu?sale/search/detail/?ITMCODE=51981978996 HTTP/1.1" 200 213044 "-" "Mozilla/5.0 (Linux; Android 6.0.1; Nexus 5X Build/MMB29P) AppleWebKit/537.36 (KHTML, like Gecko) Chrome/153.0.8010.36 Mobile Safari/537.36 (compatible; Googlebot/2.1; +http://www.google.com/bot.html)"
66.249.79.196 - - [17/Sep/2026:15:10:58 +0300] "GET /index.php/kontaktai?sale/search/detail/?ITMCODE=5196639631 HTTP/1.1" 200 203904 "-" "Mozilla/5.0 (Linux; Android 6.0.1; Nexus 5X Build/MMB29P) AppleWebKit/537.36 (KHTML, like Gecko) Chrome/153.0.8010.36 Mobile Safari/537.36 (compatible; Googlebot/2.1; +http://www.google.com/bot.html)"
66.249.79.170 - - [17/Sep/2026:15:10:58 +0300] "GET /index.php/dienos-pietus?sale/search/detail/?ITMCODE=5196526729 HTTP/1.1" 200 199622 "-" "Mozilla/5.0 (Linux; Android 6.0.1; Nexus 5X Build/MMB29P) AppleWebKit/537.36 (KHTML, like Gecko) Chrome/153.0.8010.36 Mobile Safari/537.36 (compatible; Googlebot/2.1; +http://www.google.com/bot.html)"
66.249.68.135 - - [17/Sep/2026:15:10:58 +0300] "GET /index.php/kontaktai?sale/search/detail/?ITMCODE=51981689630 HTTP/1.1" 200 201740 "-" "Mozilla/5.0 (Linux; Android 6.0.1; Nexus 5X Build/MMB29P) AppleWebKit/537.36 (KHTML, like Gecko) Chrome/153.0.8010.36 Mobile Safari/537.36 (compatible; Googlebot/2.1; +http://www.google.com/bot.html)"
66.249.79.162 - - [17/Sep/2026:15:10:58 +0300] "GET /index.php/kontaktai?sale/search/detail/?ITMCODE=52002654037 HTTP/1.1" 200 213336 "-" "Mozilla/5.0 (Linux; Android 6.0.1; Nexus 5X Build/MMB29P) AppleWebKit/537.36 (KHTML, like Gecko) Chrome/153.0.8010.36 Mobile Safari/537.36 (compatible; Googlebot/2.1; +http://www.google.com/bot.html)"
66.249.79.203 - - [17/Sep/2026:15:10:59 +0300] "GET /index.php/meniu?sale/search/detail/?ITMCODE=51992387837 HTTP/1.1" 200 197614 "-" "Mozilla/5.0 (Linux; Android 6.0.1; Nexus 5X Build/MMB29P) AppleWebKit/537.36 (KHTML, like Gecko) Chrome/153.0.8010.36 Mobile Safari/537.36 (compatible; Googlebot/2.1; +http://www.google.com/bot.html)"
66.249.68.2 - - [17/Sep/2026:15:10:59 +0300] "GET /index.php/maistas-i-namus?sale/search/detail/?ITMCODE=51981964428 HTTP/1.1" 200 202241 "-" "Mozilla/5.0 (Linux; Android 6.0.1; Nexus 5X Build/MMB29P) AppleWebKit/537.36 (KHTML, like Gecko) Chrome/153.0.8010.36 Mobile Safari/537.36 (compatible; Googlebot/2.1; +http://www.google.com/bot.html)"
66.249.79.69 - - [17/Sep/2026:15:10:59 +0300] "GET /index.php/kontaktai?sale/search/detail/?ITMCODE=52002727853 HTTP/1.1" 200 203715 "-" "Mozilla/5.0 (Linux; Android 6.0.1; Nexus 5X Build/MMB29P) AppleWebKit/537.36 (KHTML, like Gecko) Chrome/153.0.8010.36 Mobile Safari/537.36 (compatible; Googlebot/2.1; +http://www.google.com/bot.html)"
66.249.68.132 - - [17/Sep/2026:15:11:00 +0300] "GET /index.php/maistas-i-namus?sale/search/detail/?ITMCODE=51971081306 HTTP/1.1" 200 198964 "-" "Mozilla/5.0 (Linux; Android 6.0.1; Nexus 5X Build/MMB29P) AppleWebKit/537.36 (KHTML, like Gecko) Chrome/153.0.8010.36 Mobile Safari/537.36 (compatible; Googlebot/2.1; +http://www.google.com/bot.html)"
66.249.79.173 - - [17/Sep/2026:15:11:00 +0300] "GET /index.php/maistas-i-namus?sale/search/detail/?ITMCODE=51992499102 HTTP/1.1" 200 202482 "-" "Mozilla/5.0 (Linux; Android 6.0.1; Nexus 5X Build/MMB29P) AppleWebKit/537.36 (KHTML, like Gecko) Chrome/153.0.8010.36 Mobile Safari/537.36 (compatible; Googlebot/2.1; +http://www.google.com/bot.html)"
66.249.68.134 - - [17/Sep/2026:15:11:00 +0300] "GET /index.php/kontaktai?sale/search/detail/?ITMCODE=52002767254 HTTP/1.1" 200 215863 "-" "Mozilla/5.0 (Linux; Android 6.0.1; Nexus 5X Build/MMB29P) AppleWebKit/537.36 (KHTML, like Gecko) Chrome/153.0.8010.36 Mobile Safari/537.36 (compatible; Googlebot/2.1; +http://www.google.com/bot.html)"
66.249.79.137 - - [17/Sep/2026:15:11:01 +0300] "GET /index.php/maistas-i-namus?sale/search/detail/?ITMCODE=52002504769 HTTP/1.1" 200 210621 "-" "Mozilla/5.0 (Linux; Android 6.0.1; Nexus 5X Build/MMB29P) AppleWebKit/537.36 (KHTML, like Gecko) Chrome/153.0.8010.36 Mobile Safari/537.36 (compatible; Googlebot/2.1; +http://www.google.com/bot.html)"
66.249.68.37 - - [17/Sep/2026:15:11:01 +0300] "GET /index.php/dienos-pietus?sale/search/detail/?ITMCODE=51971048449 HTTP/1.1" 200 203404 "-" "Mozilla/5.0 (Linux; Android 6.0.1; Nexus 5X Build/MMB29P) AppleWebKit/537.36 (KHTML, like Gecko) Chrome/153.0.8010.36 Mobile Safari/537.36 (compatible; Googlebot/2.1; +http://www.google.com/bot.html)"
66.249.79.72 - - [17/Sep/2026:15:11:01 +0300] "GET /index.php/meniu?sale/search/detail/?ITMCODE=5195207500 HTTP/1.1" 200 202428 "-" "Mozilla/5.0 (Linux; Android 6.0.1; Nexus 5X Build/MMB29P) AppleWebKit/537.36 (KHTML, like Gecko) Chrome/153.0.8010.36 Mobile Safari/537.36 (compatible; Googlebot/2.1; +http://www.google.com/bot.html)"
66.249.68.96 - - [17/Sep/2026:15:11:02 +0300] "GET /index.php/meniu?sale/search/detail/?ITMCODE=5196966610 HTTP/1.1" 200 229272 "-" "Mozilla/5.0 (Linux; Android 6.0.1; Nexus 5X Build/MMB29P) AppleWebKit/537.36 (KHTML, like Gecko) Chrome/153.0.8010.36 Mobile Safari/537.36 (compatible; Googlebot/2.1; +http://www.google.com/bot.html)"
66.249.68.101 - - [17/Sep/2026:15:11:02 +0300] "GET /index.php/meniu?sale/search/detail/?ITMCODE=51971147068 HTTP/1.1" 200 226899 "-" "Mozilla/5.0 (Linux; Android 6.0.1; Nexus 5X Build/MMB29P) AppleWebKit/537.36 (KHTML, like Gecko) Chrome/153.0.8010.36 Mobile Safari/537.36 (compatible; Googlebot/2.1; +http://www.google.com/bot.html)"
66.249.68.101 - - [17/Sep/2026:15:11:03 +0300] "GET /index.php/meniu?sale/search/detail/?ITMCODE=52002788798 HTTP/1.1" 200 199818 "-" "Mozilla/5.0 (Linux; Android 6.0.1; Nexus 5X Build/MMB29P) AppleWebKit/537.36 (KHTML, like Gecko) Chrome/153.0.8010.36 Mobile Safari/537.36 (compatible; Googlebot/2.1; +http://www.google.com/bot.html)"
66.249.68.105 - - [17/Sep/2026:15:11:03 +0300] "GET /index.php/maistas-i-namus?sale/search/detail/?ITMCODE=51971046761 HTTP/1.1" 200 203507 "-" "Mozilla/5.0 (Linux; Android 6.0.1; Nexus 5X Build/MMB29P) AppleWebKit/537.36 (KHTML, like Gecko) Chrome/153.0.8010.36 Mobile Safari/537.36 (compatible; Googlebot/2.1; +http://www.google.com/bot.html)"
66.249.68.98 - - [17/Sep/2026:15:11:03 +0300] "GET /index.php/maistas-i-namus?sale/search/detail/?ITMCODE=51971182866 HTTP/1.1" 200 213620 "-" "Mozilla/5.0 (Linux; Android 6.0.1; Nexus 5X Build/MMB29P) AppleWebKit/537.36 (KHTML, like Gecko) Chrome/153.0.8010.36 Mobile Safari/537.36 (compatible; Googlebot/2.1; +http://www.google.com/bot.html)"
66.249.68.96 - - [17/Sep/2026:15:11:03 +0300] "GET /index.php/maistas-i-namus?sale/search/detail/?ITMCODE=51981725735 HTTP/1.1" 200 202638 "-" "Mozilla/5.0 (Linux; Android 6.0.1; Nexus 5X Build/MMB29P) AppleWebKit/537.36 (KHTML, like Gecko) Chrome/153.0.8010.36 Mobile Safari/537.36 (compatible; Googlebot/2.1; +http://www.google.com/bot.html)"
66.249.68.100 - - [17/Sep/2026:15:11:04 +0300] "GET /index.php/dienos-pietus?sale/search/detail/?ITMCODE=51992102993 HTTP/1.1" 200 203309 "-" "Mozilla/5.0 (Linux; Android 6.0.1; Nexus 5X Build/MMB29P) AppleWebKit/537.36 (KHTML, like Gecko) Chrome/153.0.8010.36 Mobile Safari/537.36 (compatible; Googlebot/2.1; +http://www.google.com/bot.html)"
66.249.68.97 - - [17/Sep/2026:15:11:04 +0300] "GET /index.php/kontaktai?sale/search/detail/?ITMCODE=51981973682 HTTP/1.1" 200 208639 "-" "Mozilla/5.0 (Linux; Android 6.0.1; Nexus 5X Build/MMB29P) AppleWebKit/537.36 (KHTML, like Gecko) Chrome/153.0.8010.36 Mobile Safari/537.36 (compatible; Googlebot/2.1; +http://www.google.com/bot.html)"
66.249.68.100 - - [17/Sep/2026:15:11:05 +0300] "GET /index.php/maistas-i-namus?sale/search/detail/?ITMCODE=52002841597 HTTP/1.1" 200 209976 "-" "Mozilla/5.0 (Linux; Android 6.0.1; Nexus 5X Build/MMB29P) AppleWebKit/537.36 (KHTML, like Gecko) Chrome/153.0.8010.36 Mobile Safari/537.36 (compatible; Googlebot/2.1; +http://www.google.com/bot.html)"
66.249.68.105 - - [17/Sep/2026:15:11:05 +0300] "GET /index.php/kontaktai?sale/search/detail/?ITMCODE=519572388 HTTP/1.1" 200 221361 "-" "Mozilla/5.0 (Linux; Android 6.0.1; Nexus 5X Build/MMB29P) AppleWebKit/537.36 (KHTML, like Gecko) Chrome/153.0.8010.36 Mobile Safari/537.36 (compatible; Googlebot/2.1; +http://www.google.com/bot.html)"
66.249.68.102 - - [17/Sep/2026:15:11:05 +0300] "GET /index.php/meniu?sale/search/detail/?ITMCODE=51992185308 HTTP/1.1" 200 210816 "-" "Mozilla/5.0 (Linux; Android 6.0.1; Nexus 5X Build/MMB29P) AppleWebKit/537.36 (KHTML, like Gecko) Chrome/153.0.8010.36 Mobile Safari/537.36 (compatible; Googlebot/2.1; +http://www.google.com/bot.html)"
66.249.68.97 - - [17/Sep/2026:15:11:06 +0300] "GET /index.php/kontaktai?sale/search/detail/?ITMCODE=51992050035 HTTP/1.1" 200 203526 "-" "Mozilla/5.0 (Linux; Android 6.0.1; Nexus 5X Build/MMB29P) AppleWebKit/537.36 (KHTML, like Gecko) Chrome/153.0.8010.36 Mobile Safari/537.36 (compatible; Googlebot/2.1; +http://www.google.com/bot.html)"
66.249.68.98 - - [17/Sep/2026:15:11:06 +0300] "GET /index.php/dienos-pietus?sale/search/detail/?ITMCODE=5195391645 HTTP/1.1" 200 202863 "-" "Mozilla/5.0 (Linux; Android 6.0.1; Nexus 5X Build/MMB29P) AppleWebKit/537.36 (KHTML, like Gecko) Chrome/153.0.8010.36 Mobile Safari/537.36 (compatible; Googlebot/2.1; +http://www.google.com/bot.html)"
66.249.68.96 - - [17/Sep/2026:15:11:06 +0300] "GET /index.php/meniu?sale/search/detail/?ITMCODE=52002850260 HTTP/1.1" 200 202332 "-" "Mozilla/5.0 (Linux; Android 6.0.1; Nexus 5X Build/MMB29P) AppleWebKit/537.36 (KHTML, like Gecko) Chrome/153.0.8010.36 Mobile Safari/537.36 (compatible; Googlebot/2.1; +http://www.google.com/bot.html)"
66.249.68.96 - - [17/Sep/2026:15:11:06 +0300] "GET /index.php/meniu?sale/search/detail/?ITMCODE=51971264604 HTTP/1.1" 200 206429 "-" "Mozilla/5.0 (Linux; Android 6.0.1; Nexus 5X Build/MMB29P) AppleWebKit/537.36 (KHTML, like Gecko) Chrome/153.0.8010.36 Mobile Safari/537.36 (compatible; Googlebot/2.1; +http://www.google.com/bot.html)"
66.249.68.98 - - [17/Sep/2026:15:11:07 +0300] "GET /index.php/meniu?sale/search/detail/?ITMCODE=5195438756 HTTP/1.1" 200 217752 "-" "Mozilla/5.0 (Linux; Android 6.0.1; Nexus 5X Build/MMB29P) AppleWebKit/537.36 (KHTML, like Gecko) Chrome/153.0.8010.36 Mobile Safari/537.36 (compatible; Googlebot/2.1; +http://www.google.com/bot.html)"
66.249.68.96 - - [17/Sep/2026:15:11:07 +0300] "GET /index.php/meniu?sale/search/detail/?ITMCODE=51971402903 HTTP/1.1" 200 200324 "-" "Mozilla/5.0 (Linux; Android 6.0.1; Nexus 5X Build/MMB29P) AppleWebKit/537.36 (KHTML, like Gecko) Chrome/153.0.8010.36 Mobile Safari/537.36 (compatible; Googlebot/2.1; +http://www.google.com/bot.html)"
66.249.68.104 - - [17/Sep/2026:15:11:07 +0300] "GET /index.php/kontaktai?sale/search/detail/?ITMCODE=51992357834 HTTP/1.1" 200 201139 "-" "Mozilla/5.0 (Linux; Android 6.0.1; Nexus 5X Build/MMB29P) AppleWebKit/537.36 (KHTML, like Gecko) Chrome/153.0.8010.36 Mobile Safari/537.36 (compatible; Googlebot/2.1; +http://www.google.com/bot.html)"
66.249.68.100 - - [17/Sep/2026:15:11:07 +0300] "GET /index.php/maistas-i-namus?sale/search/detail/?ITMCODE=51971139359 HTTP/1.1" 200 204597 "-" "Mozilla/5.0 (Linux; Android 6.0.1; Nexus 5X Build/MMB29P) AppleWebKit/537.36 (KHTML, like Gecko) Chrome/153.0.8010.36 Mobile Safari/537.36 (compatible; Googlebot/2.1; +http://www.google.com/bot.html)"
66.249.68.104 - - [17/Sep/2026:15:11:08 +0300] "GET /index.php/meniu?sale/search/detail/?ITMCODE=5196649678 HTTP/1.1" 200 206974 "-" "Mozilla/5.0 (Linux; Android 6.0.1; Nexus 5X Build/MMB29P) AppleWebKit/537.36 (KHTML, like Gecko) Chrome/153.0.8010.36 Mobile Safari/537.36 (compatible; Googlebot/2.1; +http://www.google.com/bot.html)"
66.249.68.96 - - [17/Sep/2026:15:11:08 +0300] "GET /index.php/dienos-pietus?sale/search/detail/?ITMCODE=51981784268 HTTP/1.1" 200 202125 "-" "Mozilla/5.0 (Linux; Android 6.0.1; Nexus 5X Build/MMB29P) AppleWebKit/537.36 (KHTML, like Gecko) Chrome/153.0.8010.36 Mobile Safari/537.36 (compatible; Googlebot/2.1; +http://www.google.com/bot.html)"
66.249.68.104 - - [17/Sep/2026:15:11:08 +0300] "GET /index.php/maistas-i-namus?sale/search/detail/?ITMCODE=5196982372 HTTP/1.1" 200 204576 "-" "Mozilla/5.0 (Linux; Android 6.0.1; Nexus 5X Build/MMB29P) AppleWebKit/537.36 (KHTML, like Gecko) Chrome/153.0.8010.36 Mobile Safari/537.36 (compatible; Googlebot/2.1; +http://www.google.com/bot.html)"
66.249.68.100 - - [17/Sep/2026:15:11:08 +0300] "GET /index.php/meniu?sale/search/detail/?ITMCODE=51981687339 HTTP/1.1" 200 204778 "-" "Mozilla/5.0 (Linux; Android 6.0.1; Nexus 5X Build/MMB29P) AppleWebKit/537.36 (KHTML, like Gecko) Chrome/153.0.8010.36 Mobile Safari/537.36 (compatible; Googlebot/2.1; +http://www.google.com/bot.html)"
66.249.68.103 - - [17/Sep/2026:15:11:08 +0300] "GET /index.php/kontaktai?sale/search/detail/?ITMCODE=51981948045 HTTP/1.1" 200 201257 "-" "Mozilla/5.0 (Linux; Android 6.0.1; Nexus 5X Build/MMB29P) AppleWebKit/537.36 (KHTML, like Gecko) Chrome/153.0.8010.36 Mobile Safari/537.36 (compatible; Googlebot/2.1; +http://www.google.com/bot.html)"
66.249.68.100 - - [17/Sep/2026:15:11:09 +0300] "GET /index.php/maistas-i-namus?sale/search/detail/?ITMCODE=51992161060 HTTP/1.1" 200 207435 "-" "Mozilla/5.0 (Linux; Android 6.0.1; Nexus 5X Build/MMB29P) AppleWebKit/537.36 (KHTML, like Gecko) Chrome/153.0.8010.36 Mobile Safari/537.36 (compatible; Googlebot/2.1; +http://www.google.com/bot.html)"
66.249.68.103 - - [17/Sep/2026:15:11:10 +0300] "GET /index.php/maistas-i-namus?sale/search/detail/?ITMCODE=51981983539 HTTP/1.1" 200 199417 "-" "Mozilla/5.0 (Linux; Android 6.0.1; Nexus 5X Build/MMB29P) AppleWebKit/537.36 (KHTML, like Gecko) Chrome/153.0.8010.36 Mobile Safari/537.36 (compatible; Googlebot/2.1; +http://www.google.com/bot.html)"
66.249.68.103 - - [17/Sep/2026:15:11:10 +0300] "GET /index.php/meniu?sale/search/detail/?ITMCODE=5196655551 HTTP/1.1" 200 198311 "-" "Mozilla/5.0 (Linux; Android 6.0.1; Nexus 5X Build/MMB29P) AppleWebKit/537.36 (KHTML, like Gecko) Chrome/153.0.8010.36 Mobile Safari/537.36 (compatible; Googlebot/2.1; +http://www.google.com/bot.html)"
66.249.68.104 - - [17/Sep/2026:15:11:10 +0300] "GET /index.php/dienos-pietus?sale/search/detail/?ITMCODE=5195485866 HTTP/1.1" 200 207085 "-" "Mozilla/5.0 (Linux; Android 6.0.1; Nexus 5X Build/MMB29P) AppleWebKit/537.36 (KHTML, like Gecko) Chrome/153.0.8010.36 Mobile Safari/537.36 (compatible; Googlebot/2.1; +http://www.google.com/bot.html)"
66.249.68.100 - - [17/Sep/2026:15:11:10 +0300] "GET /index.php/maistas-i-namus?sale/search/detail/?ITMCODE=51992094829 HTTP/1.1" 200 212484 "-" "Mozilla/5.0 (Linux; Android 6.0.1; Nexus 5X Build/MMB29P) AppleWebKit/537.36 (KHTML, like Gecko) Chrome/153.0.8010.36 Mobile Safari/537.36 (compatible; Googlebot/2.1; +http://www.google.com/bot.html)"
66.249.68.96 - - [17/Sep/2026:15:11:11 +0300] "GET /index.php/meniu?sale/search/detail/?ITMCODE=5196813930 HTTP/1.1" 200 200884 "-" "Mozilla/5.0 (Linux; Android 6.0.1; Nexus 5X Build/MMB29P) AppleWebKit/537.36 (KHTML, like Gecko) Chrome/153.0.8010.36 Mobile Safari/537.36 (compatible; Googlebot/2.1; +http://www.google.com/bot.html)"
66.249.68.98 - - [17/Sep/2026:15:11:11 +0300] "GET /index.php/meniu?sale/search/detail/?ITMCODE=51971053605 HTTP/1.1" 200 222991 "-" "Mozilla/5.0 (Linux; Android 6.0.1; Nexus 5X Build/MMB29P) AppleWebKit/537.36 (KHTML, like Gecko) Chrome/153.0.8010.36 Mobile Safari/537.36 (compatible; Googlebot/2.1; +http://www.google.com/bot.html)"
66.249.68.103 - - [17/Sep/2026:15:11:11 +0300] "GET /index.php/kontaktai?sale/search/detail/?ITMCODE=5196904551 HTTP/1.1" 200 238224 "-" "Mozilla/5.0 (Linux; Android 6.0.1; Nexus 5X Build/MMB29P) AppleWebKit/537.36 (KHTML, like Gecko) Chrome/153.0.8010.36 Mobile Safari/537.36 (compatible; Googlebot/2.1; +http://www.google.com/bot.html)"
66.249.68.105 - - [17/Sep/2026:15:11:11 +0300] "GET /index.php/maistas-i-namus?sale/search/detail/?ITMCODE=51992227626 HTTP/1.1" 200 202027 "-" "Mozilla/5.0 (Linux; Android 6.0.1; Nexus 5X Build/MMB29P) AppleWebKit/537.36 (KHTML, like Gecko) Chrome/153.0.8010.36 Mobile Safari/537.36 (compatible; Googlebot/2.1; +http://www.google.com/bot.html)"
66.249.68.104 - - [17/Sep/2026:15:11:12 +0300] "GET /index.php/maistas-i-namus?sale/search/detail/?ITMCODE=51981551168 HTTP/1.1" 200 211120 "-" "Mozilla/5.0 (Linux; Android 6.0.1; Nexus 5X Build/MMB29P) AppleWebKit/537.36 (KHTML, like Gecko) Chrome/153.0.8010.36 Mobile Safari/537.36 (compatible; Googlebot/2.1; +http://www.google.com/bot.html)"
66.249.68.102 - - [17/Sep/2026:15:11:12 +0300] "GET /index.php/maistas-i-namus?sale/search/detail/?ITMCODE=51971197031 HTTP/1.1" 200 208431 "-" "Mozilla/5.0 (Linux; Android 6.0.1; Nexus 5X Build/MMB29P) AppleWebKit/537.36 (KHTML, like Gecko) Chrome/153.0.8010.36 Mobile Safari/537.36 (compatible; Googlebot/2.1; +http://www.google.com/bot.html)"
66.249.68.97 - - [17/Sep/2026:15:11:12 +0300] "GET /index.php/maistas-i-namus?sale/search/detail/?ITMCODE=51981770833 HTTP/1.1" 200 204488 "-" "Mozilla/5.0 (Linux; Android 6.0.1; Nexus 5X Build/MMB29P) AppleWebKit/537.36 (KHTML, like Gecko) Chrome/153.0.8010.36 Mobile Safari/537.36 (compatible; Googlebot/2.1; +http://www.google.com/bot.html)"
66.249.68.101 - - [17/Sep/2026:15:11:13 +0300] "GET /index.php/kontaktai?sale/search/detail/?ITMCODE=519548339 HTTP/1.1" 200 214875 "-" "Mozilla/5.0 (Linux; Android 6.0.1; Nexus 5X Build/MMB29P) AppleWebKit/537.36 (KHTML, like Gecko) Chrome/153.0.8010.36 Mobile Safari/537.36 (compatible; Googlebot/2.1; +http://www.google.com/bot.html)"
66.249.68.104 - - [17/Sep/2026:15:11:13 +0300] "GET /index.php/dienos-pietus?sale/search/detail/?ITMCODE=5196836321 HTTP/1.1" 200 212797 "-" "Mozilla/5.0 (Linux; Android 6.0.1; Nexus 5X Build/MMB29P) AppleWebKit/537.36 (KHTML, like Gecko) Chrome/153.0.8010.36 Mobile Safari/537.36 (compatible; Googlebot/2.1; +http://www.google.com/bot.html)"
66.249.68.103 - - [17/Sep/2026:15:11:13 +0300] "GET /index.php/meniu?sale/search/detail/?ITMCODE=5196740910 HTTP/1.1" 200 199411 "-" "Mozilla/5.0 (Linux; Android 6.0.1; Nexus 5X Build/MMB29P) AppleWebKit/537.36 (KHTML, like Gecko) Chrome/153.0.8010.36 Mobile Safari/537.36 (compatible; Googlebot/2.1; +http://www.google.com/bot.html)"
66.249.68.97 - - [17/Sep/2026:15:11:14 +0300] "GET /index.php/maistas-i-namus?sale/search/detail/?ITMCODE=51981670805 HTTP/1.1" 200 212431 "-" "Mozilla/5.0 (Linux; Android 6.0.1; Nexus 5X Build/MMB29P) AppleWebKit/537.36 (KHTML, like Gecko) Chrome/153.0.8010.36 Mobile Safari/537.36 (compatible; Googlebot/2.1; +http://www.google.com/bot.html)"
66.249.68.101 - - [17/Sep/2026:15:11:14 +0300] "GET /index.php/kontaktai?sale/search/detail/?ITMCODE=5196573181 HTTP/1.1" 200 219098 "-" "Mozilla/5.0 (Linux; Android 6.0.1; Nexus 5X Build/MMB29P) AppleWebKit/537.36 (KHTML, like Gecko) Chrome/153.0.8010.36 Mobile Safari/537.36 (compatible; Googlebot/2.1; +http://www.google.com/bot.html)"
185.191.171.19 - - [17/Sep/2026:15:11:15 +0300] "GET /?sale%2Fsearch%2Fdetail%2F%3FITMCODE=51995102358 HTTP/1.1" 200 11123 "-" "Mozilla/5.0 (compatible; SemrushBot/7~bl; +http://www.semrush.com/bot.html)"
66.249.68.97 - - [17/Sep/2026:15:11:14 +0300] "GET /index.php/meniu?sale/search/detail/?ITMCODE=51992341845 HTTP/1.1" 200 206999 "-" "Mozilla/5.0 (Linux; Android 6.0.1; Nexus 5X Build/MMB29P) AppleWebKit/537.36 (KHTML, like Gecko) Chrome/153.0.8010.36 Mobile Safari/537.36 (compatible; Googlebot/2.1; +http://www.google.com/bot.html)"
66.249.68.100 - - [17/Sep/2026:15:11:15 +0300] "GET /index.php/kontaktai?sale/search/detail/?ITMCODE=51971357856 HTTP/1.1" 200 204844 "-" "Mozilla/5.0 (Linux; Android 6.0.1; Nexus 5X Build/MMB29P) AppleWebKit/537.36 (KHTML, like Gecko) Chrome/153.0.8010.36 Mobile Safari/537.36 (compatible; Googlebot/2.1; +http://www.google.com/bot.html)"
66.249.68.101 - - [17/Sep/2026:15:11:15 +0300] "GET /index.php/maistas-i-namus?sale/search/detail/?ITMCODE=52002589811 HTTP/1.1" 200 205532 "-" "Mozilla/5.0 (Linux; Android 6.0.1; Nexus 5X Build/MMB29P) AppleWebKit/537.36 (KHTML, like Gecko) Chrome/153.0.8010.36 Mobile Safari/537.36 (compatible; Googlebot/2.1; +http://www.google.com/bot.html)"
66.249.68.103 - - [17/Sep/2026:15:11:16 +0300] "GET /index.php/maistas-i-namus?sale/search/detail/?ITMCODE=52002847334 HTTP/1.1" 200 217735 "-" "Mozilla/5.0 (Linux; Android 6.0.1; Nexus 5X Build/MMB29P) AppleWebKit/537.36 (KHTML, like Gecko) Chrome/153.0.8010.36 Mobile Safari/537.36 (compatible; Googlebot/2.1; +http://www.google.com/bot.html)"
66.249.68.105 - - [17/Sep/2026:15:11:15 +0300] "GET /index.php/maistas-i-namus?sale/search/detail/?ITMCODE=52002978986 HTTP/1.1" 200 224703 "-" "Mozilla/5.0 (Linux; Android 6.0.1; Nexus 5X Build/MMB29P) AppleWebKit/537.36 (KHTML, like Gecko) Chrome/153.0.8010.36 Mobile Safari/537.36 (compatible; Googlebot/2.1; +http://www.google.com/bot.html)"
66.249.68.97 - - [17/Sep/2026:15:11:16 +0300] "GET /index.php/dienos-pietus?sale/search/detail/?ITMCODE=52002665722 HTTP/1.1" 200 204619 "-" "Mozilla/5.0 (Linux; Android 6.0.1; Nexus 5X Build/MMB29P) AppleWebKit/537.36 (KHTML, like Gecko) Chrome/153.0.8010.36 Mobile Safari/537.36 (compatible; Googlebot/2.1; +http://www.google.com/bot.html)"
66.249.68.98 - - [17/Sep/2026:15:11:16 +0300] "GET /index.php/kontaktai?sale/search/detail/?ITMCODE=51992439914 HTTP/1.1" 200 217619 "-" "Mozilla/5.0 (Linux; Android 6.0.1; Nexus 5X Build/MMB29P) AppleWebKit/537.36 (KHTML, like Gecko) Chrome/153.0.8010.36 Mobile Safari/537.36 (compatible; Googlebot/2.1; +http://www.google.com/bot.html)"
66.249.68.98 - - [17/Sep/2026:15:11:16 +0300] "GET /index.php/dienos-pietus?sale/search/detail/?ITMCODE=5196657723 HTTP/1.1" 200 201853 "-" "Mozilla/5.0 (Linux; Android 6.0.1; Nexus 5X Build/MMB29P) AppleWebKit/537.36 (KHTML, like Gecko) Chrome/153.0.8010.36 Mobile Safari/537.36 (compatible; Googlebot/2.1; +http://www.google.com/bot.html)"
66.249.68.105 - - [17/Sep/2026:15:11:16 +0300] "GET /index.php/kontaktai?sale/search/detail/?ITMCODE=51981793785 HTTP/1.1" 200 221849 "-" "Mozilla/5.0 (Linux; Android 6.0.1; Nexus 5X Build/MMB29P) AppleWebKit/537.36 (KHTML, like Gecko) Chrome/153.0.8010.36 Mobile Safari/537.36 (compatible; Googlebot/2.1; +http://www.google.com/bot.html)"
66.249.68.96 - - [17/Sep/2026:15:11:17 +0300] "GET /index.php/maistas-i-namus?sale/search/detail/?ITMCODE=51981920910 HTTP/1.1" 200 212228 "-" "Mozilla/5.0 (Linux; Android 6.0.1; Nexus 5X Build/MMB29P) AppleWebKit/537.36 (KHTML, like Gecko) Chrome/153.0.8010.36 Mobile Safari/537.36 (compatible; Googlebot/2.1; +http://www.google.com/bot.html)"
66.249.68.102 - - [17/Sep/2026:15:11:17 +0300] "GET /index.php/meniu?sale/search/detail/?ITMCODE=519527815 HTTP/1.1" 200 206743 "-" "Mozilla/5.0 (Linux; Android 6.0.1; Nexus 5X Build/MMB29P) AppleWebKit/537.36 (KHTML, like Gecko) Chrome/153.0.8010.36 Mobile Safari/537.36 (compatible; Googlebot/2.1; +http://www.google.com/bot.html)"
66.249.68.105 - - [17/Sep/2026:15:11:18 +0300] "GET /index.php/kontaktai?sale/search/detail/?ITMCODE=5196616909 HTTP/1.1" 200 212253 "-" "Mozilla/5.0 (Linux; Android 6.0.1; Nexus 5X Build/MMB29P) AppleWebKit/537.36 (KHTML, like Gecko) Chrome/153.0.8010.36 Mobile Safari/537.36 (compatible; Googlebot/2.1; +http://www.google.com/bot.html)"
66.249.68.98 - - [17/Sep/2026:15:11:18 +0300] "GET /index.php/dienos-pietus?sale/search/detail/?ITMCODE=51992370734 HTTP/1.1" 200 204395 "-" "Mozilla/5.0 (Linux; Android 6.0.1; Nexus 5X Build/MMB29P) AppleWebKit/537.36 (KHTML, like Gecko) Chrome/153.0.8010.36 Mobile Safari/537.36 (compatible; Googlebot/2.1; +http://www.google.com/bot.html)"
66.249.68.102 - - [17/Sep/2026:15:11:18 +0300] "GET /index.php/maistas-i-namus?sale/search/detail/?ITMCODE=52002933410 HTTP/1.1" 200 228733 "-" "Mozilla/5.0 (Linux; Android 6.0.1; Nexus 5X Build/MMB29P) AppleWebKit/537.36 (KHTML, like Gecko) Chrome/153.0.8010.36 Mobile Safari/537.36 (compatible; Googlebot/2.1; +http://www.google.com/bot.html)"
66.249.68.98 - - [17/Sep/2026:15:11:18 +0300] "GET /index.php/kontaktai?sale/search/detail/?ITMCODE=51981650017 HTTP/1.1" 200 198534 "-" "Mozilla/5.0 (Linux; Android 6.0.1; Nexus 5X Build/MMB29P) AppleWebKit/537.36 (KHTML, like Gecko) Chrome/153.0.8010.36 Mobile Safari/537.36 (compatible; Googlebot/2.1; +http://www.google.com/bot.html)"
66.249.68.97 - - [17/Sep/2026:15:11:19 +0300] "GET /index.php/dienos-pietus?sale/search/detail/?ITMCODE=51981945748 HTTP/1.1" 200 209508 "-" "Mozilla/5.0 (Linux; Android 6.0.1; Nexus 5X Build/MMB29P) AppleWebKit/537.36 (KHTML, like Gecko) Chrome/153.0.8010.36 Mobile Safari/537.36 (compatible; Googlebot/2.1; +http://www.google.com/bot.html)"
66.249.68.105 - - [17/Sep/2026:15:11:19 +0300] "GET /index.php/meniu?sale/search/detail/?ITMCODE=519572768 HTTP/1.1" 200 200580 "-" "Mozilla/5.0 (Linux; Android 6.0.1; Nexus 5X Build/MMB29P) AppleWebKit/537.36 (KHTML, like Gecko) Chrome/153.0.8010.36 Mobile Safari/537.36 (compatible; Googlebot/2.1; +http://www.google.com/bot.html)"
