34.16.153.150 - - [13/Sep/2026:16:12:51 +0300] "GET /config/env.php HTTP/1.1" 401 53 "-" "Mozilla/5.0 (Linux; Android 14; Pixel 8) AppleWebKit/537.36 (KHTML, like Gecko; compatible; Discordbot/2.0; +https://discordapp.com) Chrome/128.0.7190.121 Mobile Safari/537.36"
34.16.153.150 - - [13/Sep/2026:16:12:51 +0300] "GET /.env.testing HTTP/1.1" 401 53 "-" "Mozilla/5.0 (compatible; ChatGPT-User/1.0; +https://openai.com/bot)"
34.16.153.150 - - [13/Sep/2026:16:12:51 +0300] "GET /credentials.ini HTTP/1.1" 401 53 "-" "Mozilla/5.0 (iPhone; CPU iPhone OS 17_0 like Mac OS X) AppleWebKit/537.36 (KHTML, like Gecko) Chrome/128.0.7622.237 Mobile Safari/537.36; compatible; Applebot/0.1; +http://www.apple.com/go/applebot"
34.39.244.162 - - [13/Sep/2026:16:12:51 +0300] "GET /qa/phpinfo.php HTTP/1.1" 404 - "-" "Mozilla/5.0 (X11; Linux x86_64) AppleWebKit/537.36 (KHTML, like Gecko) Chrome/131.0.0.0 Safari/537.36"
34.16.153.150 - - [13/Sep/2026:16:12:51 +0300] "GET /kubernetes.yml HTTP/1.1" 401 53 "-" "Mozilla/5.0 (Windows NT 10.0; Win64; x64; rv:127.17) Gecko/20100101 Firefox/127.17; compatible; GPTBot/1.4; +https://openai.com/gptbot"
34.16.153.150 - - [13/Sep/2026:16:12:51 +0300] "GET /docker-compose.prod.yml HTTP/1.1" 401 53 "-" "Mozilla/5.0 (Linux; Android 12; Pixel 6) AppleWebKit/537.36 (KHTML, like Gecko) Chrome/126.0.2080.42 Mobile Safari/537.36; compatible; Discordbot/2.0; +https://discordapp.com"
34.16.153.150 - - [13/Sep/2026:16:12:51 +0300] "GET /k8s/secrets.yaml HTTP/1.1" 401 53 "-" "Mozilla/5.0 (Windows NT 10.0; Win64; x64; rv:105.8) Gecko/20100101 Firefox/105.8; compatible; Google-Extended/1.0; +http://www.google.com/bot.html"
34.16.153.150 - - [13/Sep/2026:16:12:51 +0300] "GET /.terraform/terraform.tfstate HTTP/1.1" 401 53 "-" "Mozilla/5.0 (Linux; Android 12; Pixel 6) AppleWebKit/537.36 (KHTML, like Gecko; compatible; WhatsApp/10.0.2.1) Chrome/136.0.6767.112 Mobile Safari/537.36"
34.39.244.162 - - [13/Sep/2026:16:12:52 +0300] "GET /preview/phpinfo.php HTTP/1.1" 404 - "-" "Mozilla/5.0 (X11; Linux x86_64) AppleWebKit/537.36 (KHTML, like Gecko) Chrome/131.0.0.0 Safari/537.36"
34.16.153.150 - - [13/Sep/2026:16:12:52 +0300] "GET /terraform.tfstate.backup HTTP/1.1" 401 53 "-" "Mozilla/5.0 AppleWebKit/537.36 (KHTML, like Gecko; compatible; Applebot/0.1; +http://www.apple.com/go/applebot)"
34.16.153.150 - - [13/Sep/2026:16:12:52 +0300] "GET /dump.sql HTTP/1.1" 401 53 "-" "Mozilla/5.0 (Linux; Android 14; Pixel 8) AppleWebKit/537.36 (KHTML, like Gecko; compatible; facebookexternalhit/1.1; +http://www.facebook.com/externalhit_uatext.php) Chrome/120.0.8475.170 Mobile Safari/537.36"
34.16.153.150 - - [13/Sep/2026:16:12:52 +0300] "GET /backup.sql HTTP/1.1" 401 53 "-" "Mozilla/5.0 (iPhone; CPU iPhone OS 16_4 like Mac OS X) AppleWebKit/605.1.15 (KHTML, like Gecko) Version/18.3 Mobile/15E148 Safari/604.1; compatible; ChatGPT-User/1.0; +https://openai.com/bot"
34.16.153.150 - - [13/Sep/2026:16:12:52 +0300] "GET /secure/..;/actuator/env HTTP/1.1" 401 53 "-" "Mozilla/5.0 (Windows NT 11.0; Win64; x64) AppleWebKit/537.36 (KHTML, like Gecko) Chrome/151.0.7136.142 Safari/537.36; compatible; Claude-User/1.0; +Claude-User@anthropic.com"
34.39.244.162 - - [13/Sep/2026:16:12:52 +0300] "GET /www/phpinfo.php HTTP/1.1" 404 - "-" "Mozilla/5.0 (X11; Linux x86_64) AppleWebKit/537.36 (KHTML, like Gecko) Chrome/131.0.0.0 Safari/537.36"
34.39.244.162 - - [13/Sep/2026:16:12:52 +0300] "GET /htdocs/phpinfo.php HTTP/1.1" 404 - "-" "Mozilla/5.0 (X11; Linux x86_64) AppleWebKit/537.36 (KHTML, like Gecko) Chrome/131.0.0.0 Safari/537.36"
34.16.153.150 - - [13/Sep/2026:16:12:52 +0300] "GET /login/..;/actuator/env HTTP/1.1" 401 53 "-" "Mozilla/5.0 (compatible; Amzn-SearchBot/1.0; +https://developer.amazon.com/support/amazonbot)"
34.16.153.150 - - [13/Sep/2026:16:12:52 +0300] "GET /static../.env HTTP/1.1" 401 53 "-" "Mozilla/5.0 AppleWebKit/537.36 (KHTML, like Gecko; compatible; Claude-User/1.0; +Claude-User@anthropic.com)"
34.16.153.150 - - [13/Sep/2026:16:12:52 +0300] "GET /static../.aws/credentials HTTP/1.1" 401 53 "-" "Mozilla/5.0 AppleWebKit/537.36 (KHTML, like Gecko; compatible; OAI-SearchBot/1.4; robots.txt; +https://openai.com/searchbot)"
34.39.244.162 - - [13/Sep/2026:16:12:52 +0300] "GET /public_html/phpinfo.php HTTP/1.1" 404 - "-" "Mozilla/5.0 (X11; Linux x86_64) AppleWebKit/537.36 (KHTML, like Gecko) Chrome/131.0.0.0 Safari/537.36"
34.39.244.162 - - [13/Sep/2026:16:12:52 +0300] "GET /site/phpinfo.php HTTP/1.1" 404 - "-" "Mozilla/5.0 (X11; Linux x86_64) AppleWebKit/537.36 (KHTML, like Gecko) Chrome/131.0.0.0 Safari/537.36"
34.16.153.150 - - [13/Sep/2026:16:12:53 +0300] "GET /files../.env HTTP/1.1" 401 53 "-" "Mozilla/5.0 AppleWebKit/537.36 (KHTML, like Gecko; compatible; Amzn-SearchBot/1.0; +https://developer.amazon.com/support/amazonbot)"
34.39.244.162 - - [13/Sep/2026:16:12:53 +0300] "GET /docs/phpinfo.php HTTP/1.1" 404 - "-" "Mozilla/5.0 (X11; Linux x86_64) AppleWebKit/537.36 (KHTML, like Gecko) Chrome/131.0.0.0 Safari/537.36"
34.39.244.162 - - [13/Sep/2026:16:12:53 +0300] "GET /wp-admin/phpinfo.php HTTP/1.1" 404 - "-" "Mozilla/5.0 (X11; Linux x86_64) AppleWebKit/537.36 (KHTML, like Gecko) Chrome/131.0.0.0 Safari/537.36"
34.16.153.150 - - [13/Sep/2026:16:12:53 +0300] "GET /media../.env HTTP/1.1" 401 53 "-" "Mozilla/5.0 AppleWebKit/537.36 (KHTML, like Gecko; compatible; TelegramBot/1.0)"
34.39.244.162 - - [13/Sep/2026:16:12:53 +0300] "GET /administrator/phpinfo.php HTTP/1.1" 404 - "-" "Mozilla/5.0 (X11; Linux x86_64) AppleWebKit/537.36 (KHTML, like Gecko) Chrome/131.0.0.0 Safari/537.36"
34.16.153.150 - - [13/Sep/2026:16:12:53 +0300] "GET /assets../../../.env HTTP/1.1" 401 53 "-" "Mozilla/5.0 (compatible; Claude-SearchBot/1.0; +https://www.anthropic.com/claude-searchbot)"
34.16.153.150 - - [13/Sep/2026:16:12:53 +0300] "GET /proc/self/environ HTTP/1.1" 401 53 "-" "Mozilla/5.0 AppleWebKit/537.36 (KHTML, like Gecko); compatible; Perplexity-User/1.0; +https://perplexity.ai/perplexity-user"
34.39.244.162 - - [13/Sep/2026:16:12:53 +0300] "GET /core/phpinfo.php HTTP/1.1" 404 - "-" "Mozilla/5.0 (X11; Linux x86_64) AppleWebKit/537.36 (KHTML, like Gecko) Chrome/131.0.0.0 Safari/537.36"
34.16.153.150 - - [13/Sep/2026:16:12:53 +0300] "GET /horizon/dashboard HTTP/1.1" 401 53 "-" "Mozilla/5.0 AppleWebKit/537.36 (KHTML, like Gecko; compatible; Perplexity-User/1.0; +https://perplexity.ai/perplexity-user)"
34.16.153.150 - - [13/Sep/2026:16:12:53 +0300] "GET /log-viewer HTTP/1.1" 401 53 "-" "Mozilla/5.0 (Macintosh; Intel Mac OS X 10_15_7) AppleWebKit/537.36 (KHTML, like Gecko; compatible; GPTBot/1.2; +https://openai.com/gptbot) Chrome/91.0.4533.80 Safari/537.36"
34.16.153.150 - - [13/Sep/2026:16:12:53 +0300] "GET /service/.env HTTP/1.1" 401 53 "-" "Mozilla/5.0 (Windows NT 11.0; Win64; x64) AppleWebKit/537.36 (KHTML, like Gecko; compatible; ChatGPT-User/1.0; +https://openai.com/bot) Chrome/131.0.3558.214 Safari/537.36"
34.16.153.150 - - [13/Sep/2026:16:12:54 +0300] "GET /.env.production.bak HTTP/1.1" 401 53 "-" "Mozilla/5.0 (compatible; GPTBot/1.4; +https://openai.com/gptbot)"
34.39.244.162 - - [13/Sep/2026:16:12:54 +0300] "GET /includes/phpinfo.php HTTP/1.1" 404 - "-" "Mozilla/5.0 (X11; Linux x86_64) AppleWebKit/537.36 (KHTML, like Gecko) Chrome/131.0.0.0 Safari/537.36"
34.16.153.150 - - [13/Sep/2026:16:12:54 +0300] "GET /.env.dev HTTP/1.1" 401 53 "-" "Mozilla/5.0 (compatible; Twitterbot/1.0)"
34.39.244.162 - - [13/Sep/2026:16:12:54 +0300] "GET /service-account.json HTTP/1.1" 404 - "-" "Mozilla/5.0 (X11; Linux x86_64) AppleWebKit/537.36 (KHTML, like Gecko) Chrome/131.0.0.0 Safari/537.36"
34.16.153.150 - - [13/Sep/2026:16:12:54 +0300] "GET /.env.production.local HTTP/1.1" 401 53 "-" "Mozilla/5.0 (Macintosh; Intel Mac OS X 10_15_7) AppleWebKit/605.1.15 (KHTML, like Gecko; compatible; TelegramBot/1.0) Version/18.5 Safari/605.1.15"
34.16.153.150 - - [13/Sep/2026:16:12:54 +0300] "GET /.env.development.local HTTP/1.1" 401 53 "-" "Mozilla/5.0 (compatible; Claude-User/1.0; +https://www.anthropic.com/claude-user)"
34.16.153.150 - - [13/Sep/2026:16:12:54 +0300] "GET /.env.php HTTP/1.1" 401 53 "-" "Mozilla/5.0 (Windows NT 10.0; Win64; x64) AppleWebKit/537.36 (KHTML, like Gecko) Chrome/128.0.1659.134 Safari/537.36 Edg/128.0.1659.134; compatible; GPTBot/1.4; +https://openai.com/gptbot"
34.16.153.150 - - [13/Sep/2026:16:12:54 +0300] "GET /.env.orig HTTP/1.1" 401 53 "-" "Mozilla/5.0 (X11; Linux x86_64) AppleWebKit/537.36 (KHTML, like Gecko; compatible; Claude-SearchBot/1.0; +https://www.anthropic.com/claude-searchbot) Chrome/120.0.2889.202 Safari/537.36"
34.39.244.162 - - [13/Sep/2026:16:12:54 +0300] "GET /sa.json HTTP/1.1" 404 - "-" "Mozilla/5.0 (X11; Linux x86_64) AppleWebKit/537.36 (KHTML, like Gecko) Chrome/131.0.0.0 Safari/537.36"
34.16.153.150 - - [13/Sep/2026:16:12:54 +0300] "GET /.env.prod.local HTTP/1.1" 401 53 "-" "Mozilla/5.0 (Linux; Android 12; Pixel 6) AppleWebKit/537.36 (KHTML, like Gecko) Chrome/122.0.6005.143 Mobile Safari/537.36; compatible; Applebot/0.1; +http://www.apple.com/go/applebot"
34.16.153.150 - - [13/Sep/2026:16:12:54 +0300] "GET /config/.env.php HTTP/1.1" 401 53 "-" "Mozilla/5.0 AppleWebKit/537.36 (KHTML, like Gecko; compatible; Slackbot-LinkExpanding/1.0; +https://api.slack.com/robots)"
34.16.153.150 - - [13/Sep/2026:16:12:54 +0300] "GET /config/.env.local HTTP/1.1" 401 53 "-" "Mozilla/5.0 AppleWebKit/537.36 (KHTML, like Gecko; compatible; Perplexity-User/1.0; +https://perplexity.ai/perplexity-user)"
34.16.153.150 - - [13/Sep/2026:16:12:54 +0300] "GET /config/.env.production HTTP/1.1" 401 53 "-" "Mozilla/5.0 (compatible; GrokBot/1.0; +https://x.ai/grokbot)"
34.39.244.162 - - [13/Sep/2026:16:12:54 +0300] "GET /gcp-key.json HTTP/1.1" 404 - "-" "Mozilla/5.0 (X11; Linux x86_64) AppleWebKit/537.36 (KHTML, like Gecko) Chrome/131.0.0.0 Safari/537.36"
34.16.153.150 - - [13/Sep/2026:16:12:55 +0300] "GET /deploy/.env HTTP/1.1" 401 53 "-" "Mozilla/5.0 (Macintosh; Intel Mac OS X 10_15_7) AppleWebKit/537.36 (KHTML, like Gecko; compatible; Slackbot-LinkExpanding/1.0; +https://api.slack.com/robots) Chrome/120.0.7694.45 Safari/537.36"
34.16.153.150 - - [13/Sep/2026:16:12:55 +0300] "GET /private/.env.production HTTP/1.1" 401 53 "-" "Mozilla/5.0 (iPhone; CPU iPhone OS 17_0 like Mac OS X) AppleWebKit/537.36 (KHTML, like Gecko; compatible; ChatGPT-User/1.0; +https://openai.com/bot) Chrome/118.0.6731.66 Mobile Safari/537.36"
34.16.153.150 - - [13/Sep/2026:16:12:55 +0300] "GET /internal/.env.production HTTP/1.1" 401 53 "-" "Mozilla/5.0 (Macintosh; Intel Mac OS X 10.15; rv:121.17) Gecko/20100101 Firefox/121.17; compatible; Claude-User/1.0; +https://www.anthropic.com/claude-user"
34.39.244.162 - - [13/Sep/2026:16:12:55 +0300] "GET /gcp-credentials.json HTTP/1.1" 404 - "-" "Mozilla/5.0 (X11; Linux x86_64) AppleWebKit/537.36 (KHTML, like Gecko) Chrome/131.0.0.0 Safari/537.36"
34.16.153.150 - - [13/Sep/2026:16:12:55 +0300] "GET /app/.env.prod HTTP/1.1" 401 53 "-" "Mozilla/5.0 AppleWebKit/537.36 (KHTML, like Gecko); compatible; Perplexity-User/1.0; +https://perplexity.ai/perplexity-user"
34.39.244.162 - - [13/Sep/2026:16:12:55 +0300] "GET /gcp-sa.json HTTP/1.1" 404 - "-" "Mozilla/5.0 (X11; Linux x86_64) AppleWebKit/537.36 (KHTML, like Gecko) Chrome/131.0.0.0 Safari/537.36"
34.16.153.150 - - [13/Sep/2026:16:12:55 +0300] "GET /app/.env.backup HTTP/1.1" 401 53 "-" "Mozilla/5.0 AppleWebKit/537.36 (KHTML, like Gecko; compatible; facebookexternalhit/1.1; +http://www.facebook.com/externalhit_uatext.php)"
34.16.153.150 - - [13/Sep/2026:16:12:55 +0300] "GET /backend/.env.prod HTTP/1.1" 401 53 "-" "Mozilla/5.0 (Macintosh; Intel Mac OS X 14_6_1) AppleWebKit/537.36 (KHTML, like Gecko; compatible; Applebot/0.1; +http://www.apple.com/go/applebot) Chrome/124.0.7231.67 Safari/537.36 Edg/124.0.7231.67"
34.16.153.150 - - [13/Sep/2026:16:12:55 +0300] "GET /backend/.env.backup HTTP/1.1" 401 53 "-" "Mozilla/5.0 (Macintosh; Intel Mac OS X 14_5) AppleWebKit/605.1.15 (KHTML, like Gecko; compatible; OAI-SearchBot/1.3; +https://openai.com/searchbot) Version/18.2 Safari/605.1.15"
34.16.153.150 - - [13/Sep/2026:16:12:55 +0300] "GET /services/.env.local HTTP/1.1" 401 53 "-" "Mozilla/5.0 (Linux; Android 15; SM-S918B) AppleWebKit/537.36 (KHTML, like Gecko) Chrome/133.0.6463.23 Mobile Safari/537.36; compatible; TelegramBot/1.0"
34.39.244.162 - - [13/Sep/2026:16:12:55 +0300] "GET /credentials.json HTTP/1.1" 404 - "-" "Mozilla/5.0 (X11; Linux x86_64) AppleWebKit/537.36 (KHTML, like Gecko) Chrome/131.0.0.0 Safari/537.36"
34.16.153.150 - - [13/Sep/2026:16:12:55 +0300] "GET /services/.env.production HTTP/1.1" 401 53 "-" "Mozilla/5.0 (Macintosh; Intel Mac OS X 14_6_1) AppleWebKit/537.36 (KHTML, like Gecko; compatible; GrokBot/1.0; +https://x.ai/grokbot) Chrome/131.0.7086.166 Safari/537.36 Edg/131.0.7086.166"
34.16.153.150 - - [13/Sep/2026:16:12:55 +0300] "GET /services/api/.env HTTP/1.1" 401 53 "-" "Mozilla/5.0 (Linux; Android 14; Pixel 8) AppleWebKit/537.36 (KHTML, like Gecko; compatible; GrokBot/1.0; +https://x.ai/grokbot) Chrome/124.0.8498.91 Mobile Safari/537.36"
34.16.153.150 - - [13/Sep/2026:16:12:55 +0300] "GET /env.bak HTTP/1.1" 401 53 "-" "Mozilla/5.0 AppleWebKit/537.36 (KHTML, like Gecko; compatible; GPTBot/1.2; +https://openai.com/gptbot)"
34.16.153.150 - - [13/Sep/2026:16:12:55 +0300] "GET /env.old HTTP/1.1" 401 53 "-" "Mozilla/5.0 (Linux; Android 13; Pixel 7) AppleWebKit/537.36 (KHTML, like Gecko; compatible; LinkedInBot/1.0; +http://www.linkedin.com) Chrome/134.0.6074.155 Mobile Safari/537.36"
34.39.244.162 - - [13/Sep/2026:16:12:55 +0300] "GET /google-credentials.json HTTP/1.1" 404 - "-" "Mozilla/5.0 (X11; Linux x86_64) AppleWebKit/537.36 (KHTML, like Gecko) Chrome/131.0.0.0 Safari/537.36"
34.16.153.150 - - [13/Sep/2026:16:12:55 +0300] "GET /wp-config.php.save HTTP/1.1" 401 53 "-" "Mozilla/5.0 (iPhone; CPU iPhone OS 18_4 like Mac OS X) AppleWebKit/537.36 (KHTML, like Gecko; compatible; ChatGPT-User/1.0; +https://openai.com/bot) Chrome/130.0.5552.48 Mobile Safari/537.36"
34.16.153.150 - - [13/Sep/2026:16:12:55 +0300] "GET /config/config.php HTTP/1.1" 401 53 "-" "Mozilla/5.0 (Linux; Android 14; Pixel 8) AppleWebKit/537.36 (KHTML, like Gecko; compatible; Claude-User/1.0; +https://www.anthropic.com/claude-user) Chrome/147.0.1551.151 Mobile Safari/537.36"
34.16.153.150 - - [13/Sep/2026:16:12:55 +0300] "GET /database.php HTTP/1.1" 401 53 "-" "Mozilla/5.0 (Macintosh; Intel Mac OS X 14_5) AppleWebKit/537.36 (KHTML, like Gecko; compatible; Amzn-SearchBot/1.0; +https://developer.amazon.com/support/amazonbot) Chrome/122.0.6155.25 Safari/537.36"
34.39.244.162 - - [13/Sep/2026:16:12:56 +0300] "GET /google-key.json HTTP/1.1" 404 - "-" "Mozilla/5.0 (X11; Linux x86_64) AppleWebKit/537.36 (KHTML, like Gecko) Chrome/131.0.0.0 Safari/537.36"
34.16.153.150 - - [13/Sep/2026:16:12:56 +0300] "GET /config/credentials.json.bak HTTP/1.1" 401 53 "-" "Mozilla/5.0 (compatible; TelegramBot/1.0)"
34.39.244.162 - - [13/Sep/2026:16:12:56 +0300] "GET /.config/gcloud/application_default_credentials.json HTTP/1.1" 404 - "-" "Mozilla/5.0 (X11; Linux x86_64) AppleWebKit/537.36 (KHTML, like Gecko) Chrome/131.0.0.0 Safari/537.36"
34.16.153.150 - - [13/Sep/2026:16:12:56 +0300] "GET /config/auth.json HTTP/1.1" 401 53 "-" "Mozilla/5.0 (Macintosh; Intel Mac OS X 14_6_1) AppleWebKit/537.36 (KHTML, like Gecko; compatible; TelegramBot/1.0) Chrome/151.0.6906.210 Safari/537.36"
34.16.153.150 - - [13/Sep/2026:16:12:56 +0300] "GET /config/creds.json HTTP/1.1" 401 53 "-" "Mozilla/5.0 AppleWebKit/537.36 (KHTML, like Gecko; compatible; meta-externalagent/1.1; +https://developers.facebook.com/docs/sharing/webmasters/crawler)"
34.16.153.150 - - [13/Sep/2026:16:12:56 +0300] "GET /storage/logs/laravel.log HTTP/1.1" 401 53 "-" "Mozilla/5.0 AppleWebKit/537.36 (KHTML, like Gecko; compatible; Amazonbot/0.1; +https://developer.amazon.com/support/amazonbot)"
34.16.153.150 - - [13/Sep/2026:16:12:56 +0300] "GET /settings.local.py HTTP/1.1" 401 53 "-" "Mozilla/5.0 (X11; Ubuntu; Linux x86_64; rv:150.10) Gecko/20100101 Firefox/150.10; compatible; Claude-User/1.0; +https://www.anthropic.com/claude-user"
34.39.244.162 - - [13/Sep/2026:16:12:56 +0300] "GET /application_default_credentials.json HTTP/1.1" 404 - "-" "Mozilla/5.0 (X11; Linux x86_64) AppleWebKit/537.36 (KHTML, like Gecko) Chrome/131.0.0.0 Safari/537.36"
34.16.153.150 - - [13/Sep/2026:16:12:56 +0300] "GET /home/ec2-user/.aws/credentials HTTP/1.1" 401 53 "-" "Mozilla/5.0 (Linux; Android 13; Pixel 7) AppleWebKit/537.36 (KHTML, like Gecko) Chrome/130.0.3459.61 Mobile Safari/537.36; compatible; Google-Extended/1.0; +http://www.google.com/bot.html"
34.16.153.150 - - [13/Sep/2026:16:12:56 +0300] "GET /home/ec2-user/.aws/config HTTP/1.1" 401 53 "-" "Mozilla/5.0 (X11; Ubuntu; Linux x86_64) AppleWebKit/537.36 (KHTML, like Gecko; compatible; facebookexternalhit/1.1; +http://www.facebook.com/externalhit_uatext.php) Chrome/130.0.5410.224 Safari/537.36"
34.16.153.150 - - [13/Sep/2026:16:12:56 +0300] "GET /home/ubuntu/.aws/credentials HTTP/1.1" 401 53 "-" "Mozilla/5.0 AppleWebKit/537.36 (KHTML, like Gecko; compatible; Perplexity-User/1.0; +https://perplexity.ai/perplexity-user)"
34.16.153.150 - - [13/Sep/2026:16:12:56 +0300] "GET /home/node/.aws/credentials HTTP/1.1" 401 53 "-" "Mozilla/5.0 AppleWebKit/537.36 (KHTML, like Gecko); compatible; Amzn-SearchBot/1.0; +https://developer.amazon.com/support/amazonbot"
34.39.244.162 - - [13/Sep/2026:16:12:56 +0300] "GET /key.json HTTP/1.1" 404 - "-" "Mozilla/5.0 (X11; Linux x86_64) AppleWebKit/537.36 (KHTML, like Gecko) Chrome/131.0.0.0 Safari/537.36"
34.16.153.150 - - [13/Sep/2026:16:12:56 +0300] "GET /gcloud-service-account.json HTTP/1.1" 401 53 "-" "Mozilla/5.0 (Linux; Android 12; Pixel 6) AppleWebKit/537.36 (KHTML, like Gecko; compatible; facebookexternalhit/1.1; +http://www.facebook.com/externalhit_uatext.php) Chrome/126.0.8037.176 Mobile Safari/537.36"
34.16.153.150 - - [13/Sep/2026:16:12:56 +0300] "GET /serviceAccount.json HTTP/1.1" 401 53 "-" "Mozilla/5.0 AppleWebKit/537.36 (KHTML, like Gecko); compatible; TelegramBot/1.0"
34.16.153.150 - - [13/Sep/2026:16:12:56 +0300] "GET /keys/gcp.json HTTP/1.1" 401 53 "-" "Mozilla/5.0 (Linux; Android 12; Pixel 6) AppleWebKit/537.36 (KHTML, like Gecko; compatible; GPTBot/1.4; +https://openai.com/gptbot) Chrome/122.0.4510.173 Mobile Safari/537.36"
34.16.153.150 - - [13/Sep/2026:16:12:56 +0300] "GET /config/gcp.json HTTP/1.1" 401 53 "-" "Mozilla/5.0 (X11; Ubuntu; Linux x86_64) AppleWebKit/537.36 (KHTML, like Gecko; compatible; WhatsApp/10.0.2.1) Chrome/91.0.3250.218 Safari/537.36"
34.39.244.162 - - [13/Sep/2026:16:12:56 +0300] "GET /keyfile.json HTTP/1.1" 404 - "-" "Mozilla/5.0 (X11; Linux x86_64) AppleWebKit/537.36 (KHTML, like Gecko) Chrome/131.0.0.0 Safari/537.36"
34.16.153.150 - - [13/Sep/2026:16:12:57 +0300] "GET /root/.config/gcloud/application_default_credentials.json HTTP/1.1" 401 53 "-" "Mozilla/5.0 (Linux; Android 12; Pixel 6) AppleWebKit/537.36 (KHTML, like Gecko; compatible; LinkedInBot/1.0; +http://www.linkedin.com) Chrome/134.0.4767.209 Mobile Safari/537.36"
34.16.153.150 - - [13/Sep/2026:16:12:57 +0300] "GET /home/ubuntu/.config/gcloud/application_default_credentials.json HTTP/1.1" 401 53 "-" "Mozilla/5.0 (X11; Ubuntu; Linux x86_64) AppleWebKit/537.36 (KHTML, like Gecko) Chrome/109.0.8901.225 Safari/537.36; compatible; TelegramBot/1.0"
34.16.153.150 - - [13/Sep/2026:16:12:57 +0300] "GET /home/node/.config/gcloud/application_default_credentials.json HTTP/1.1" 401 53 "-" "Mozilla/5.0 (compatible; WhatsApp/10.0.2.1)"
34.16.153.150 - - [13/Sep/2026:16:12:57 +0300] "GET /claude.json HTTP/1.1" 401 53 "-" "Mozilla/5.0 (compatible; Bytespider; +https://zhanzhang.toutiao.com/)"
34.39.244.162 - - [13/Sep/2026:16:12:57 +0300] "GET /firebase-adminsdk.json HTTP/1.1" 404 - "-" "Mozilla/5.0 (X11; Linux x86_64) AppleWebKit/537.36 (KHTML, like Gecko) Chrome/131.0.0.0 Safari/537.36"
34.39.244.162 - - [13/Sep/2026:16:12:57 +0300] "GET /firebase-key.json HTTP/1.1" 404 - "-" "Mozilla/5.0 (X11; Linux x86_64) AppleWebKit/537.36 (KHTML, like Gecko) Chrome/131.0.0.0 Safari/537.36"
34.16.153.150 - - [13/Sep/2026:16:12:57 +0300] "GET /config/azure.json HTTP/1.1" 401 53 "-" "Mozilla/5.0 (Linux; Android 14; Pixel 8) AppleWebKit/537.36 (KHTML, like Gecko; compatible; TelegramBot/1.0) Chrome/134.0.6789.155 Mobile Safari/537.36"
34.16.153.150 - - [13/Sep/2026:16:12:57 +0300] "GET /openai_key.json HTTP/1.1" 401 53 "-" "Mozilla/5.0 AppleWebKit/537.36 (KHTML, like Gecko); compatible; Perplexity-User/1.0; +https://perplexity.ai/perplexity-user"
34.16.153.150 - - [13/Sep/2026:16:12:57 +0300] "GET /.env.save HTTP/1.1" 401 53 "-" "Mozilla/5.0 AppleWebKit/537.36 (KHTML, like Gecko; compatible; GPTBot/1.4; +https://openai.com/gptbot)"
34.16.153.150 - - [13/Sep/2026:16:12:57 +0300] "GET /.env.prod.bak HTTP/1.1" 401 53 "-" "Mozilla/5.0 (X11; Linux x86_64; rv:149.3) Gecko/20100101 Firefox/149.3; compatible; OAI-SearchBot/1.3; +https://openai.com/searchbot"
34.16.153.150 - - [13/Sep/2026:16:12:57 +0300] "GET /.env.php.bak HTTP/1.1" 401 53 "-" "Mozilla/5.0 AppleWebKit/537.36 (KHTML, like Gecko); compatible; GPTBot/1.2; +https://openai.com/gptbot"
34.16.153.150 - - [13/Sep/2026:16:12:57 +0300] "GET /front/.env HTTP/1.1" 401 53 "-" "Mozilla/5.0 (compatible; GPTBot/1.4; +https://openai.com/gptbot)"
34.16.153.150 - - [13/Sep/2026:16:12:57 +0300] "GET /public_html/.env HTTP/1.1" 401 53 "-" "Mozilla/5.0 (Linux; Android 14; Pixel 8) AppleWebKit/537.36 (KHTML, like Gecko) Chrome/131.0.4484.211 Mobile Safari/537.36; compatible; meta-externalagent/1.1; +https://developers.facebook.com/docs/sharing/webmasters/crawler"
34.16.153.150 - - [13/Sep/2026:16:12:57 +0300] "GET /html/.env HTTP/1.1" 401 53 "-" "Mozilla/5.0 AppleWebKit/537.36 (KHTML, like Gecko; compatible; ChatGPT-User/1.0; +https://openai.com/bot)"
34.16.153.150 - - [13/Sep/2026:16:12:58 +0300] "GET /htdocs/.env HTTP/1.1" 401 53 "-" "Mozilla/5.0 AppleWebKit/537.36 (KHTML, like Gecko); compatible; Discordbot/2.0; +https://discordapp.com"
34.16.153.150 - - [13/Sep/2026:16:12:58 +0300] "GET /wordpress/.env HTTP/1.1" 401 53 "-" "Mozilla/5.0 (Macintosh; Intel Mac OS X 10_15_7) AppleWebKit/537.36 (KHTML, like Gecko; compatible; Slackbot-LinkExpanding/1.0; +https://api.slack.com/robots) Chrome/128.0.5490.157 Safari/537.36 Edg/128.0.5490.157"
34.16.153.150 - - [13/Sep/2026:16:12:58 +0300] "GET /backend/.env.staging HTTP/1.1" 401 53 "-" "Mozilla/5.0 (Windows NT 10.0; rv:150.0) Gecko/20100101 Firefox/150.0; compatible; ChatGPT-User/1.0; +https://openai.com/bot"
34.16.153.150 - - [13/Sep/2026:16:12:58 +0300] "GET /symfony/.env HTTP/1.1" 401 53 "-" "Mozilla/5.0 AppleWebKit/537.36 (KHTML, like Gecko; compatible; facebookexternalhit/1.1; +http://www.facebook.com/externalhit_uatext.php)"
34.16.153.150 - - [13/Sep/2026:16:12:58 +0300] "GET /frontend/.env.prod HTTP/1.1" 401 53 "-" "Mozilla/5.0 AppleWebKit/537.36 (KHTML, like Gecko; compatible; Claude-User/1.0; +https://www.anthropic.com/claude-user)"
34.16.153.150 - - [13/Sep/2026:16:12:58 +0300] "GET /packages/api/.env HTTP/1.1" 401 53 "-" "Mozilla/5.0 (Linux; Android 15; SM-S918B) AppleWebKit/537.36 (KHTML, like Gecko; compatible; Claude-User/1.0; +Claude-User@anthropic.com) Chrome/122.0.4168.155 Mobile Safari/537.36"
34.16.153.150 - - [13/Sep/2026:16:12:58 +0300] "GET /apps/frontend/.env HTTP/1.1" 401 53 "-" "Mozilla/5.0 AppleWebKit/537.36 (KHTML, like Gecko; compatible; ClaudeBot/1.0; +claudebot@anthropic.com)"
34.16.153.150 - - [13/Sep/2026:16:12:58 +0300] "GET /config/environment.json HTTP/1.1" 401 53 "-" "Mozilla/5.0 (compatible; GPTBot/1.4; +https://openai.com/gptbot)"
34.16.153.150 - - [13/Sep/2026:16:12:58 +0300] "GET /back-end/.env HTTP/1.1" 401 53 "-" "Mozilla/5.0 AppleWebKit/537.36 (KHTML, like Gecko; compatible; ChatGPT-User/1.0; +https://openai.com/bot)"
34.16.153.150 - - [13/Sep/2026:16:12:58 +0300] "GET /.env.test HTTP/1.1" 401 53 "-" "Mozilla/5.0 AppleWebKit/537.36 (KHTML, like Gecko; compatible; meta-externalagent/1.1; +https://developers.facebook.com/docs/sharing/webmasters/crawler)"
34.16.153.150 - - [13/Sep/2026:16:12:58 +0300] "GET /cms/.env HTTP/1.1" 401 53 "-" "Mozilla/5.0 (compatible; Amazonbot/0.1; +https://developer.amazon.com/support/amazonbot)"
34.16.153.150 - - [13/Sep/2026:16:12:58 +0300] "GET /www/.env HTTP/1.1" 401 53 "-" "Mozilla/5.0 (compatible; Amzn-SearchBot/1.0; +https://developer.amazon.com/support/amazonbot)"
34.39.244.162 - - [13/Sep/2026:16:12:58 +0300] "GET / HTTP/1.1" 301 - "-" "Mozilla/5.0 (Windows NT 10.0; Win64; x64) AppleWebKit/537.36 (KHTML, like Gecko) Chrome/131.0.0.0 Safari/537.36"
34.16.153.150 - - [13/Sep/2026:16:12:58 +0300] "GET /wp/.env HTTP/1.1" 401 53 "-" "Mozilla/5.0 (compatible; LinkedInBot/1.0; +http://www.linkedin.com)"
34.16.153.150 - - [13/Sep/2026:16:12:58 +0300] "GET /shared/.env HTTP/1.1" 401 53 "-" "Mozilla/5.0 (iPhone; CPU iPhone OS 17_0 like Mac OS X) AppleWebKit/537.36 (KHTML, like Gecko; compatible; OAI-SearchBot/1.3; +https://openai.com/searchbot) Chrome/109.0.8252.88 Mobile Safari/537.36"
34.16.153.150 - - [13/Sep/2026:16:12:58 +0300] "GET /app/.env.staging HTTP/1.1" 401 53 "-" "Mozilla/5.0 (Windows NT 11.0; Win64; x64) AppleWebKit/537.36 (KHTML, like Gecko) Chrome/120.0.2873.15 Safari/537.36 Edg/120.0.2873.15; compatible; WhatsApp/10.0.2.1"
34.16.153.150 - - [13/Sep/2026:16:12:58 +0300] "GET /frontend/.env.staging HTTP/1.1" 401 53 "-" "Mozilla/5.0 AppleWebKit/537.36 (KHTML, like Gecko; compatible; Bytespider; +https://zhanzhang.toutiao.com/)"
34.16.153.150 - - [13/Sep/2026:16:12:59 +0300] "GET /env HTTP/1.1" 401 53 "-" "Mozilla/5.0 AppleWebKit/537.36 (KHTML, like Gecko; compatible; Bytespider; +https://zhanzhang.toutiao.com/)"
34.16.153.150 - - [13/Sep/2026:16:12:59 +0300] "GET /_next/../.aws/credentials HTTP/1.1" 401 53 "-" "Mozilla/5.0 (Linux; Android 13; Pixel 7) AppleWebKit/537.36 (KHTML, like Gecko) Chrome/126.0.4160.235 Mobile Safari/537.36; compatible; Claude-User/1.0; +https://www.anthropic.com/claude-user"
34.16.153.150 - - [13/Sep/2026:16:12:59 +0300] "GET /static../proc/self/environ HTTP/1.1" 401 53 "-" "Mozilla/5.0 (iPhone; CPU iPhone OS 18_4 like Mac OS X) AppleWebKit/537.36 (KHTML, like Gecko) Chrome/85.0.2994.77 Mobile Safari/537.36; compatible; meta-externalagent/1.1; +https://developers.facebook.com/docs/sharing/webmasters/crawler"
34.16.153.150 - - [13/Sep/2026:16:12:59 +0300] "GET /apps/.env HTTP/1.1" 401 53 "-" "Mozilla/5.0 (Macintosh; Intel Mac OS X 14_6_1) AppleWebKit/537.36 (KHTML, like Gecko) Chrome/151.0.4490.112 Safari/537.36 Edg/151.0.4490.112; compatible; Amazonbot/0.1; +https://developer.amazon.com/support/amazonbot"
34.16.153.150 - - [13/Sep/2026:16:12:59 +0300] "GET /api/.env.bak HTTP/1.1" 401 53 "-" "Mozilla/5.0 AppleWebKit/537.36 (KHTML, like Gecko; compatible; Google-Extended/1.0; +http://www.google.com/bot.html)"
34.16.153.150 - - [13/Sep/2026:16:12:59 +0300] "GET /static/.env HTTP/1.1" 401 53 "-" "Mozilla/5.0 (Macintosh; Intel Mac OS X 14_5) AppleWebKit/605.1.15 (KHTML, like Gecko) Version/18.6 Safari/605.1.15; compatible; GPTBot/1.4; +https://openai.com/gptbot"
34.16.153.150 - - [13/Sep/2026:16:12:59 +0300] "GET /.continue/config.json HTTP/1.1" 401 53 "-" "Mozilla/5.0 AppleWebKit/537.36 (KHTML, like Gecko; compatible; GrokBot/1.0; +https://x.ai/grokbot)"
34.39.244.162 - - [13/Sep/2026:16:12:59 +0300] "GET /index.php/pl/ HTTP/1.1" 200 54852 "-" "Mozilla/5.0 (Windows NT 10.0; Win64; x64) AppleWebKit/537.36 (KHTML, like Gecko) Chrome/131.0.0.0 Safari/537.36"
34.16.153.150 - - [13/Sep/2026:16:12:59 +0300] "GET /.npmrc HTTP/1.1" 401 53 "-" "Mozilla/5.0 (Linux; Android 15; SM-S918B) AppleWebKit/537.36 (KHTML, like Gecko; compatible; Claude-User/1.0; +https://www.anthropic.com/claude-user) Chrome/91.0.1534.217 Mobile Safari/537.36"
34.16.153.150 - - [13/Sep/2026:16:12:59 +0300] "GET /ses.env HTTP/1.1" 401 53 "-" "Mozilla/5.0 (Macintosh; Intel Mac OS X 14.5; rv:149.16) Gecko/20100101 Firefox/149.16; compatible; Claude-User/1.0; +Claude-User@anthropic.com"
34.16.153.150 - - [13/Sep/2026:16:12:59 +0300] "GET /phpinfo.php HTTP/1.1" 401 53 "-" "Mozilla/5.0 AppleWebKit/537.36 (KHTML, like Gecko); compatible; Perplexity-User/1.0; +https://perplexity.ai/perplexity-user"
34.16.153.150 - - [13/Sep/2026:16:12:59 +0300] "GET /%2eazure/credentials HTTP/1.1" 401 53 "-" "Mozilla/5.0 (Linux; Android 13; Pixel 7) AppleWebKit/537.36 (KHTML, like Gecko; compatible; PerplexityBot/1.0; +https://perplexity.ai/perplexitybot) Chrome/134.0.7809.239 Mobile Safari/537.36"
34.16.153.150 - - [13/Sep/2026:16:12:59 +0300] "GET /..;/..;/.azure/credentials HTTP/1.1" 401 53 "-" "Mozilla/5.0 AppleWebKit/537.36 (KHTML, like Gecko; compatible; OAI-SearchBot/1.4; robots.txt; +https://openai.com/searchbot)"
34.16.153.150 - - [13/Sep/2026:16:13:00 +0300] "GET /download?file=../../.azure/credentials HTTP/1.1" 401 53 "-" "Mozilla/5.0 (compatible; Google-Extended/1.0; +http://www.google.com/bot.html)"
34.16.153.150 - - [13/Sep/2026:16:13:00 +0300] "GET /?path=../../.azure/credentials HTTP/1.1" 401 53 "-" "Mozilla/5.0 (Macintosh; Intel Mac OS X 14_6_1) AppleWebKit/537.36 (KHTML, like Gecko) Chrome/109.0.4602.70 Safari/537.36; compatible; Claude-User/1.0; +https://www.anthropic.com/claude-user"
34.16.153.150 - - [13/Sep/2026:16:13:00 +0300] "GET /read?file=../../.azure/credentials HTTP/1.1" 401 53 "-" "Mozilla/5.0 AppleWebKit/537.36 (KHTML, like Gecko; compatible; PerplexityBot/1.0; +https://perplexity.ai/perplexitybot)"
34.16.153.150 - - [13/Sep/2026:16:13:00 +0300] "GET /read?url=file:///root/.azure/credentials HTTP/1.1" 401 53 "-" "Mozilla/5.0 (compatible; GrokBot/1.0; +https://x.ai/grokbot)"
34.16.153.150 - - [13/Sep/2026:16:13:00 +0300] "GET /?cmd=%3B+echo+GSCAN_CMDI+%23 HTTP/1.1" 401 53 "-" "Mozilla/5.0 (iPhone; CPU iPhone OS 18_4 like Mac OS X) AppleWebKit/537.36 (KHTML, like Gecko) Chrome/124.0.4836.41 Mobile Safari/537.36; compatible; OAI-SearchBot/1.4; robots.txt; +https://openai.com/searchbot"
34.16.153.150 - - [13/Sep/2026:16:13:00 +0300] "GET /?host=%3B+echo+GSCAN_CMDI+%23 HTTP/1.1" 401 53 "-" "Mozilla/5.0 AppleWebKit/537.36 (KHTML, like Gecko); compatible; Bytespider; +https://zhanzhang.toutiao.com/"
34.16.153.150 - - [13/Sep/2026:16:13:00 +0300] "GET /?command=%3B+echo+GSCAN_CMDI+%23 HTTP/1.1" 401 53 "-" "Mozilla/5.0 (X11; Linux x86_64) AppleWebKit/537.36 (KHTML, like Gecko; compatible; Amzn-SearchBot/1.0; +https://developer.amazon.com/support/amazonbot) Chrome/133.0.6678.234 Safari/537.36"
34.16.153.150 - - [13/Sep/2026:16:13:00 +0300] "GET /?exec=%3B+echo+GSCAN_CMDI+%23 HTTP/1.1" 401 53 "-" "Mozilla/5.0 (X11; Ubuntu; Linux x86_64) AppleWebKit/537.36 (KHTML, like Gecko; compatible; GPTBot/1.2; +https://openai.com/gptbot) Chrome/91.0.6195.226 Safari/537.36"
34.16.153.150 - - [13/Sep/2026:16:13:00 +0300] "GET /?cmd=%60echo+GSCAN_CMDI%60 HTTP/1.1" 401 53 "-" "Mozilla/5.0 (compatible; Applebot/0.1; +http://www.apple.com/go/applebot)"
34.16.153.150 - - [13/Sep/2026:16:13:00 +0300] "GET /?exec=%60echo+GSCAN_CMDI%60 HTTP/1.1" 401 53 "-" "Mozilla/5.0 (Windows NT 10.0; rv:78.4) Gecko/20100101 Firefox/78.4; compatible; Twitterbot/1.0"
34.16.153.150 - - [13/Sep/2026:16:13:00 +0300] "GET /?command=%60echo+GSCAN_CMDI%60 HTTP/1.1" 401 53 "-" "Mozilla/5.0 AppleWebKit/537.36 (KHTML, like Gecko; compatible; GrokBot/1.0; +https://x.ai/grokbot)"
34.16.153.150 - - [13/Sep/2026:16:13:00 +0300] "GET /?host=%60echo+GSCAN_CMDI%60 HTTP/1.1" 401 53 "-" "Mozilla/5.0 (Linux; Android 14; Pixel 8) AppleWebKit/537.36 (KHTML, like Gecko; compatible; ClaudeBot/1.0; +claudebot@anthropic.com) Chrome/147.0.8279.248 Mobile Safari/537.36"
34.16.153.150 - - [13/Sep/2026:16:13:01 +0300] "GET /?ip=%3B+echo+GSCAN_CMDI+%23 HTTP/1.1" 401 53 "-" "Mozilla/5.0 AppleWebKit/537.36 (KHTML, like Gecko); compatible; Slackbot-LinkExpanding/1.0; +https://api.slack.com/robots"
34.16.153.150 - - [13/Sep/2026:16:13:01 +0300] "GET /?ping=%3B+echo+GSCAN_CMDI+%23 HTTP/1.1" 401 53 "-" "Mozilla/5.0 (compatible; Claude-User/1.0; +https://www.anthropic.com/claude-user)"
34.16.153.150 - - [13/Sep/2026:16:13:01 +0300] "GET /api/ping?host=%3B+echo+GSCAN_CMDI+%23 HTTP/1.1" 401 53 "-" "Mozilla/5.0 (compatible; Claude-User/1.0; +https://www.anthropic.com/claude-user)"
34.16.153.150 - - [13/Sep/2026:16:13:01 +0300] "GET /api/exec?cmd=%3B+echo+GSCAN_CMDI+%23 HTTP/1.1" 401 53 "-" "Mozilla/5.0 (iPhone; CPU iPhone OS 18_4 like Mac OS X) AppleWebKit/605.1.15 (KHTML, like Gecko) Version/18.1 Mobile/15E148 Safari/604.1; compatible; Google-Extended/1.0; +http://www.google.com/bot.html"
34.16.153.150 - - [13/Sep/2026:16:13:01 +0300] "GET /?ip=%60echo+GSCAN_CMDI%60 HTTP/1.1" 401 53 "-" "Mozilla/5.0 (X11; Linux x86_64) AppleWebKit/537.36 (KHTML, like Gecko) Chrome/120.0.6045.93 Safari/537.36; compatible; Amazonbot/0.1; +https://developer.amazon.com/support/amazonbot"
34.16.153.150 - - [13/Sep/2026:16:13:01 +0300] "GET /api/exec?cmd=%60echo+GSCAN_CMDI%60 HTTP/1.1" 401 53 "-" "Mozilla/5.0 AppleWebKit/537.36 (KHTML, like Gecko); compatible; GrokBot/1.0; +https://x.ai/grokbot"
34.16.153.150 - - [13/Sep/2026:16:13:01 +0300] "GET /api/ping?host=%60echo+GSCAN_CMDI%60 HTTP/1.1" 401 53 "-" "Mozilla/5.0 (compatible; GrokBot/1.0; +https://x.ai/grokbot)"
34.16.153.150 - - [13/Sep/2026:16:13:01 +0300] "GET /?ping=%60echo+GSCAN_CMDI%60 HTTP/1.1" 401 53 "-" "Mozilla/5.0 (Windows NT 10.0; Win64; x64) AppleWebKit/537.36 (KHTML, like Gecko) Chrome/128.0.8900.26 Safari/537.36; compatible; facebookexternalhit/1.1; +http://www.facebook.com/externalhit_uatext.php"
34.16.153.150 - - [13/Sep/2026:16:13:01 +0300] "GET /api/system?cmd=%3B+echo+GSCAN_CMDI+%23 HTTP/1.1" 401 53 "-" "Mozilla/5.0 (compatible; TelegramBot/1.0)"
34.16.153.150 - - [13/Sep/2026:16:13:01 +0300] "GET /cgi-bin/test?cmd=%3B+echo+GSCAN_CMDI+%23 HTTP/1.1" 401 53 "-" "Mozilla/5.0 (Macintosh; Intel Mac OS X 14_6_1) AppleWebKit/537.36 (KHTML, like Gecko; compatible; Slackbot-LinkExpanding/1.0; +https://api.slack.com/robots) Chrome/109.0.5343.137 Safari/537.36"
34.16.153.150 - - [13/Sep/2026:16:13:01 +0300] "GET /admin/config?cmd=%3B+echo+GSCAN_CMDI+%23 HTTP/1.1" 401 53 "-" "Mozilla/5.0 AppleWebKit/537.36 (KHTML, like Gecko); compatible; Applebot/0.1; +http://www.apple.com/go/applebot"
34.16.153.150 - - [13/Sep/2026:16:13:01 +0300] "GET /admin?cmd=%3B+echo+GSCAN_CMDI+%23 HTTP/1.1" 401 53 "-" "Mozilla/5.0 AppleWebKit/537.36 (KHTML, like Gecko); compatible; Amzn-SearchBot/1.0; +https://developer.amazon.com/support/amazonbot"
34.16.153.150 - - [13/Sep/2026:16:13:01 +0300] "GET /api/system?cmd=%60echo+GSCAN_CMDI%60 HTTP/1.1" 401 53 "-" "Mozilla/5.0 (compatible; Claude-User/1.0; +https://www.anthropic.com/claude-user)"
34.16.153.150 - - [13/Sep/2026:16:13:01 +0300] "GET /cgi-bin/test?cmd=%60echo+GSCAN_CMDI%60 HTTP/1.1" 401 53 "-" "Mozilla/5.0 (iPhone; CPU iPhone OS 18_4 like Mac OS X) AppleWebKit/537.36 (KHTML, like Gecko; compatible; Claude-User/1.0; +https://www.anthropic.com/claude-user) Chrome/126.0.8811.93 Mobile Safari/537.36"
34.16.153.150 - - [13/Sep/2026:16:13:01 +0300] "GET /admin/config?cmd=%60echo+GSCAN_CMDI%60 HTTP/1.1" 401 53 "-" "Mozilla/5.0 AppleWebKit/537.36 (KHTML, like Gecko; compatible; Claude-SearchBot/1.0; +https://www.anthropic.com/claude-searchbot)"
34.16.153.150 - - [13/Sep/2026:16:13:01 +0300] "GET /admin?cmd=%60echo+GSCAN_CMDI%60 HTTP/1.1" 401 53 "-" "Mozilla/5.0 (X11; Linux x86_64; rv:121.18) Gecko/20100101 Firefox/121.18; compatible; Amazonbot/0.1; +https://developer.amazon.com/support/amazonbot"
34.16.153.150 - - [13/Sep/2026:16:13:02 +0300] "GET /system?cmd=%3B+echo+GSCAN_CMDI+%23 HTTP/1.1" 401 53 "-" "Mozilla/5.0 (Linux; Android 15; SM-S918B) AppleWebKit/537.36 (KHTML, like Gecko; compatible; facebookexternalhit/1.1; +http://www.facebook.com/externalhit_uatext.php) Chrome/134.0.7564.4 Mobile Safari/537.36"
34.16.153.150 - - [13/Sep/2026:16:13:02 +0300] "GET /debug?cmd=%3B+echo+GSCAN_CMDI+%23 HTTP/1.1" 401 53 "-" "Mozilla/5.0 AppleWebKit/537.36 (KHTML, like Gecko; compatible; Claude-User/1.0; +https://www.anthropic.com/claude-user)"
34.16.153.150 - - [13/Sep/2026:16:13:02 +0300] "GET /run?cmd=%3B+echo+GSCAN_CMDI+%23 HTTP/1.1" 401 53 "-" "Mozilla/5.0 AppleWebKit/537.36 (KHTML, like Gecko; compatible; ChatGPT-User/1.0; +https://openai.com/bot)"
34.16.153.150 - - [13/Sep/2026:16:13:02 +0300] "POST / HTTP/1.1" 401 53 "-" "Mozilla/5.0 (X11; Ubuntu; Linux x86_64) AppleWebKit/537.36 (KHTML, like Gecko; compatible; PerplexityBot/1.0; +https://perplexity.ai/perplexitybot) Chrome/136.0.7624.159 Safari/537.36"
34.16.153.150 - - [13/Sep/2026:16:13:02 +0300] "GET /system?cmd=%60echo+GSCAN_CMDI%60 HTTP/1.1" 401 53 "-" "Mozilla/5.0 (compatible; Perplexity-User/1.0; +https://perplexity.ai/perplexity-user)"
34.16.153.150 - - [13/Sep/2026:16:13:02 +0300] "GET /debug?cmd=%60echo+GSCAN_CMDI%60 HTTP/1.1" 401 53 "-" "Mozilla/5.0 (Macintosh; Intel Mac OS X 10_15_7) AppleWebKit/537.36 (KHTML, like Gecko; compatible; Google-Extended/1.0; +http://www.google.com/bot.html) Chrome/109.0.1936.160 Safari/537.36 Edg/109.0.1936.160"
34.16.153.150 - - [13/Sep/2026:16:13:02 +0300] "POST / HTTP/1.1" 401 53 "-" "Mozilla/5.0 (Linux; Android 12; Pixel 6) AppleWebKit/537.36 (KHTML, like Gecko; compatible; facebookexternalhit/1.1; +http://www.facebook.com/externalhit_uatext.php) Chrome/126.0.1855.182 Mobile Safari/537.36"
34.16.153.150 - - [13/Sep/2026:16:13:02 +0300] "GET /run?cmd=%60echo+GSCAN_CMDI%60 HTTP/1.1" 401 53 "-" "Mozilla/5.0 (X11; Linux x86_64) AppleWebKit/537.36 (KHTML, like Gecko; compatible; Google-Extended/1.0; +http://www.google.com/bot.html) Chrome/85.0.1846.154 Safari/537.36"
34.16.153.150 - - [13/Sep/2026:16:13:02 +0300] "POST / HTTP/1.1" 401 53 "-" "Mozilla/5.0 (Linux; Android 13; Pixel 7) AppleWebKit/537.36 (KHTML, like Gecko) Chrome/133.0.4257.89 Mobile Safari/537.36; compatible; OAI-SearchBot/1.4; robots.txt; +https://openai.com/searchbot"
34.16.153.150 - - [13/Sep/2026:16:13:02 +0300] "POST / HTTP/1.1" 401 53 "-" "Mozilla/5.0 AppleWebKit/537.36 (KHTML, like Gecko; compatible; Claude-User/1.0; +https://www.anthropic.com/claude-user)"
34.16.153.150 - - [13/Sep/2026:16:13:02 +0300] "POST / HTTP/1.1" 401 53 "-" "Mozilla/5.0 AppleWebKit/537.36 (KHTML, like Gecko; compatible; ChatGPT-User/1.0; +https://openai.com/bot)"
34.16.153.150 - - [13/Sep/2026:16:13:02 +0300] "POST /api HTTP/1.1" 401 53 "-" "Mozilla/5.0 (iPhone; CPU iPhone OS 18_4 like Mac OS X) AppleWebKit/605.1.15 (KHTML, like Gecko) Version/19.0 Mobile/15E148 Safari/604.1; compatible; TelegramBot/1.0"
34.16.153.150 - - [13/Sep/2026:16:13:03 +0300] "POST /api/exec HTTP/1.1" 401 53 "-" "Mozilla/5.0 (compatible; GPTBot/1.4; +https://openai.com/gptbot)"
34.16.153.150 - - [13/Sep/2026:16:13:03 +0300] "POST /api/run HTTP/1.1" 401 53 "-" "Mozilla/5.0 (Windows NT 10.0; Win64; x64; rv:128.12) Gecko/20100101 Firefox/128.12; compatible; Applebot/0.1; +http://www.apple.com/go/applebot"
34.16.153.150 - - [13/Sep/2026:16:13:03 +0300] "POST /api/system HTTP/1.1" 401 53 "-" "Mozilla/5.0 (compatible; Perplexity-User/1.0; +https://perplexity.ai/perplexity-user)"
34.16.153.150 - - [13/Sep/2026:16:13:03 +0300] "POST /execute HTTP/1.1" 401 53 "-" "Mozilla/5.0 AppleWebKit/537.36 (KHTML, like Gecko; compatible; Slackbot-LinkExpanding/1.0; +https://api.slack.com/robots)"
34.16.153.150 - - [13/Sep/2026:16:13:03 +0300] "POST /shell HTTP/1.1" 401 53 "-" "Mozilla/5.0 (iPhone; CPU iPhone OS 18_4 like Mac OS X) AppleWebKit/537.36 (KHTML, like Gecko; compatible; Google-Extended/1.0; +http://www.google.com/bot.html) Chrome/91.0.7606.129 Mobile Safari/537.36"
34.16.153.150 - - [13/Sep/2026:16:13:03 +0300] "POST /admin/config HTTP/1.1" 401 53 "-" "Mozilla/5.0 (Macintosh; Intel Mac OS X 14_5) AppleWebKit/537.36 (KHTML, like Gecko; compatible; Claude-User/1.0; +Claude-User@anthropic.com) Chrome/128.0.3980.163 Safari/537.36 Edg/128.0.3980.163"
34.16.153.150 - - [13/Sep/2026:16:13:03 +0300] "POST /admin HTTP/1.1" 401 53 "-" "Mozilla/5.0 (Macintosh; Intel Mac OS X 10_15_7) AppleWebKit/537.36 (KHTML, like Gecko) Chrome/130.0.6612.29 Safari/537.36; compatible; ChatGPT-User/1.0; +https://openai.com/bot"
34.16.153.150 - - [13/Sep/2026:16:13:03 +0300] "POST /debug HTTP/1.1" 401 53 "-" "Mozilla/5.0 (Macintosh; Intel Mac OS X 15_0) AppleWebKit/605.1.15 (KHTML, like Gecko; compatible; Discordbot/2.0; +https://discordapp.com) Version/17.5 Safari/605.1.15"
34.16.153.150 - - [13/Sep/2026:16:13:03 +0300] "POST /api HTTP/1.1" 401 53 "-" "Mozilla/5.0 (X11; Linux x86_64) AppleWebKit/537.36 (KHTML, like Gecko) Chrome/126.0.503.107 Safari/537.36; compatible; Google-Extended/1.0; +http://www.google.com/bot.html"
34.16.153.150 - - [13/Sep/2026:16:13:03 +0300] "POST /api HTTP/1.1" 401 53 "-" "Mozilla/5.0 (Macintosh; Intel Mac OS X 14_5) AppleWebKit/537.36 (KHTML, like Gecko; compatible; Perplexity-User/1.0; +https://perplexity.ai/perplexity-user) Chrome/136.0.8670.127 Safari/537.36"
34.16.153.150 - - [13/Sep/2026:16:13:03 +0300] "POST /api/exec HTTP/1.1" 401 53 "-" "Mozilla/5.0 AppleWebKit/537.36 (KHTML, like Gecko; compatible; Twitterbot/1.0)"
34.16.153.150 - - [13/Sep/2026:16:13:03 +0300] "POST /api/run HTTP/1.1" 401 53 "-" "Mozilla/5.0 AppleWebKit/537.36 (KHTML, like Gecko); compatible; TelegramBot/1.0"
34.16.153.150 - - [13/Sep/2026:16:13:03 +0300] "POST /api/execute HTTP/1.1" 401 53 "-" "Mozilla/5.0 AppleWebKit/537.36 (KHTML, like Gecko); compatible; ClaudeBot/1.0; +claudebot@anthropic.com"
34.16.153.150 - - [13/Sep/2026:16:13:04 +0300] "GET /?id=1' HTTP/1.1" 401 53 "-" "Mozilla/5.0 (iPhone; CPU iPhone OS 18_4 like Mac OS X) AppleWebKit/537.36 (KHTML, like Gecko) Chrome/134.0.5804.137 Mobile Safari/537.36; compatible; Bytespider; +https://zhanzhang.toutiao.com/"
34.16.153.150 - - [13/Sep/2026:16:13:04 +0300] "GET /index.php?id=1' HTTP/1.1" 401 53 "-" "Mozilla/5.0 (iPhone; CPU iPhone OS 18_4 like Mac OS X) AppleWebKit/537.36 (KHTML, like Gecko; compatible; Amzn-SearchBot/1.0; +https://developer.amazon.com/support/amazonbot) Chrome/120.0.872.193 Mobile Safari/537.36"
34.16.153.150 - - [13/Sep/2026:16:13:04 +0300] "GET /api/v0/run_sql?id=probe&sql=SELECT+1 HTTP/1.1" 401 53 "-" "Mozilla/5.0 (compatible; Claude-User/1.0; +Claude-User@anthropic.com)"
34.16.153.150 - - [13/Sep/2026:16:13:05 +0300] "POST / HTTP/1.1" 401 53 "-" "Mozilla/5.0 (iPhone; CPU iPhone OS 17_0 like Mac OS X) AppleWebKit/537.36 (KHTML, like Gecko; compatible; Claude-User/1.0; +https://www.anthropic.com/claude-user) Chrome/109.0.6265.61 Mobile Safari/537.36"
34.16.153.150 - - [13/Sep/2026:16:13:05 +0300] "POST / HTTP/1.1" 401 53 "-" "Mozilla/5.0 (Linux; Android 13; Pixel 7) AppleWebKit/537.36 (KHTML, like Gecko) Chrome/151.0.6838.97 Mobile Safari/537.36; compatible; GPTBot/1.4; +https://openai.com/gptbot"
34.16.153.150 - - [13/Sep/2026:16:13:05 +0300] "POST / HTTP/1.1" 401 53 "-" "Mozilla/5.0 (iPhone; CPU iPhone OS 17_0 like Mac OS X) AppleWebKit/537.36 (KHTML, like Gecko) Chrome/118.0.6262.161 Mobile Safari/537.36; compatible; TelegramBot/1.0"
34.16.153.150 - - [13/Sep/2026:16:13:05 +0300] "POST /graphql HTTP/1.1" 401 53 "https://cpcalendars.poznajlitwe.lt" "Mozilla/5.0 AppleWebKit/537.36 (KHTML, like Gecko; compatible; OAI-SearchBot/1.4; robots.txt; +https://openai.com/searchbot)"
34.16.153.150 - - [13/Sep/2026:16:13:05 +0300] "POST /api/graphql HTTP/1.1" 401 53 "https://cpcalendars.poznajlitwe.lt" "Mozilla/5.0 AppleWebKit/537.36 (KHTML, like Gecko; compatible; facebookexternalhit/1.1; +http://www.facebook.com/externalhit_uatext.php)"
34.16.153.150 - - [13/Sep/2026:16:13:05 +0300] "POST /v1/graphql HTTP/1.1" 401 53 "https://cpcalendars.poznajlitwe.lt" "Mozilla/5.0 (X11; Linux x86_64) AppleWebKit/537.36 (KHTML, like Gecko; compatible; Amzn-SearchBot/1.0; +https://developer.amazon.com/support/amazonbot) Chrome/109.0.6541.178 Safari/537.36"
34.16.153.150 - - [13/Sep/2026:16:13:05 +0300] "POST /graphql/console HTTP/1.1" 401 53 "https://cpcalendars.poznajlitwe.lt" "Mozilla/5.0 (compatible; WhatsApp/10.0.2.1)"
34.16.153.150 - - [13/Sep/2026:16:13:06 +0300] "POST /query HTTP/1.1" 401 53 "https://cpcalendars.poznajlitwe.lt" "Mozilla/5.0 (compatible; Perplexity-User/1.0; +https://perplexity.ai/perplexity-user)"
34.16.153.150 - - [13/Sep/2026:16:13:06 +0300] "POST /api/query HTTP/1.1" 401 53 "https://cpcalendars.poznajlitwe.lt" "Mozilla/5.0 (compatible; TelegramBot/1.0)"
34.16.153.150 - - [13/Sep/2026:16:13:06 +0300] "POST /gql HTTP/1.1" 401 53 "https://cpcalendars.poznajlitwe.lt" "Mozilla/5.0 (Macintosh; Intel Mac OS X 14_6_1) AppleWebKit/537.36 (KHTML, like Gecko; compatible; Claude-User/1.0; +Claude-User@anthropic.com) Chrome/147.0.4328.78 Safari/537.36"
34.16.153.150 - - [13/Sep/2026:16:13:06 +0300] "POST /api/gql HTTP/1.1" 401 53 "https://cpcalendars.poznajlitwe.lt" "Mozilla/5.0 (Windows NT 11.0; Win64; x64) AppleWebKit/537.36 (KHTML, like Gecko) Chrome/114.0.1942.123 Safari/537.36; compatible; ChatGPT-User/1.0; +https://openai.com/bot"
34.16.153.150 - - [13/Sep/2026:16:13:06 +0300] "GET /fetch?url=http%3A%2F%2F169.254.169.254%2Flatest%2Fmeta-data%2Fiam%2Fsecurity-credentials%2F HTTP/1.1" 401 53 "-" "Mozilla/5.0 (Windows NT 10.0; Win64; x64) AppleWebKit/537.36 (KHTML, like Gecko; compatible; Perplexity-User/1.0; +https://perplexity.ai/perplexity-user) Chrome/147.0.1702.222 Safari/537.36"
34.16.153.150 - - [13/Sep/2026:16:13:06 +0300] "GET /fetch?url=http%3A%2F%2F169.254.169.254%2Flatest%2Fmeta-data%2Fiam%2Finfo HTTP/1.1" 401 53 "-" "Mozilla/5.0 AppleWebKit/537.36 (KHTML, like Gecko); compatible; ClaudeBot/1.0; +claudebot@anthropic.com"
34.16.153.150 - - [13/Sep/2026:16:13:06 +0300] "GET /fetch?uri=http%3A%2F%2F169.254.169.254%2Flatest%2Fmeta-data%2Fiam%2Fsecurity-credentials%2F HTTP/1.1" 401 53 "-" "Mozilla/5.0 (Windows NT 10.0; Win64; x64; rv:132.19) Gecko/20100101 Firefox/132.19; compatible; WhatsApp/10.0.2.1"
34.16.153.150 - - [13/Sep/2026:16:13:06 +0300] "GET /fetch?url=http%3A%2F%2F169.254.169.254%2Flatest%2Fmeta-data%2F HTTP/1.1" 401 53 "-" "Mozilla/5.0 (X11; Ubuntu; Linux x86_64; rv:150.3) Gecko/20100101 Firefox/150.3; compatible; Claude-User/1.0; +https://www.anthropic.com/claude-user"
34.16.153.150 - - [13/Sep/2026:16:13:06 +0300] "GET /fetch?uri=http%3A%2F%2F169.254.169.254%2Flatest%2Fmeta-data%2Fiam%2Finfo HTTP/1.1" 401 53 "-" "Mozilla/5.0 (compatible; Google-Extended/1.0; +http://www.google.com/bot.html)"
34.16.153.150 - - [13/Sep/2026:16:13:06 +0300] "GET /fetch?uri=http%3A%2F%2F169.254.169.254%2Flatest%2Fmeta-data%2F HTTP/1.1" 401 53 "-" "Mozilla/5.0 (X11; Linux x86_64) AppleWebKit/537.36 (KHTML, like Gecko) Chrome/91.0.8960.25 Safari/537.36 Edg/91.0.8960.25; compatible; GPTBot/1.2; +https://openai.com/gptbot"
34.16.153.150 - - [13/Sep/2026:16:13:06 +0300] "GET /fetch?path=http%3A%2F%2F169.254.169.254%2Flatest%2Fmeta-data%2Fiam%2Fsecurity-credentials%2F HTTP/1.1" 401 53 "-" "Mozilla/5.0 (Windows NT 11.0; Win64; x64) AppleWebKit/537.36 (KHTML, like Gecko; compatible; ClaudeBot/1.0; +claudebot@anthropic.com) Chrome/91.0.4821.184 Safari/537.36"
34.16.153.150 - - [13/Sep/2026:16:13:06 +0300] "GET /fetch?path=http%3A%2F%2F169.254.169.254%2Flatest%2Fmeta-data%2Fiam%2Finfo HTTP/1.1" 401 53 "-" "Mozilla/5.0 AppleWebKit/537.36 (KHTML, like Gecko; compatible; Claude-User/1.0; +Claude-User@anthropic.com)"
34.16.153.150 - - [13/Sep/2026:16:13:07 +0300] "GET /fetch?path=http%3A%2F%2F169.254.169.254%2Flatest%2Fmeta-data%2F HTTP/1.1" 401 53 "-" "Mozilla/5.0 (X11; Ubuntu; Linux x86_64) AppleWebKit/537.36 (KHTML, like Gecko) Chrome/151.0.3761.128 Safari/537.36 Edg/151.0.3761.128; compatible; Applebot/0.1; +http://www.apple.com/go/applebot"
34.16.153.150 - - [13/Sep/2026:16:13:07 +0300] "GET /fetch?dest=http%3A%2F%2F169.254.169.254%2Flatest%2Fmeta-data%2Fiam%2Fsecurity-credentials%2F HTTP/1.1" 401 53 "-" "Mozilla/5.0 (Macintosh; Intel Mac OS X 15_0) AppleWebKit/605.1.15 (KHTML, like Gecko; compatible; Claude-User/1.0; +Claude-User@anthropic.com) Version/19.2 Safari/605.1.15"
34.16.153.150 - - [13/Sep/2026:16:13:07 +0300] "GET /fetch?dest=http%3A%2F%2F169.254.169.254%2Flatest%2Fmeta-data%2Fiam%2Finfo HTTP/1.1" 401 53 "-" "Mozilla/5.0 (compatible; WhatsApp/10.0.2.1)"
34.16.153.150 - - [13/Sep/2026:16:13:07 +0300] "GET /fetch?dest=http%3A%2F%2F169.254.169.254%2Flatest%2Fmeta-data%2F HTTP/1.1" 401 53 "-" "Mozilla/5.0 AppleWebKit/537.36 (KHTML, like Gecko); compatible; OAI-SearchBot/1.4; robots.txt; +https://openai.com/searchbot"
34.16.153.150 - - [13/Sep/2026:16:13:07 +0300] "GET /fetch?target=http%3A%2F%2F169.254.169.254%2Flatest%2Fmeta-data%2Fiam%2Fsecurity-credentials%2F HTTP/1.1" 401 53 "-" "Mozilla/5.0 (Macintosh; Intel Mac OS X 14.5; rv:133.6) Gecko/20100101 Firefox/133.6; compatible; GPTBot/1.4; +https://openai.com/gptbot"
34.16.153.150 - - [13/Sep/2026:16:13:07 +0300] "GET /fetch?target=http%3A%2F%2F169.254.169.254%2Flatest%2Fmeta-data%2Fiam%2Finfo HTTP/1.1" 401 53 "-" "Mozilla/5.0 AppleWebKit/537.36 (KHTML, like Gecko; compatible; Twitterbot/1.0)"
34.16.153.150 - - [13/Sep/2026:16:13:07 +0300] "GET /fetch?target=http%3A%2F%2F169.254.169.254%2Flatest%2Fmeta-data%2F HTTP/1.1" 401 53 "-" "Mozilla/5.0 AppleWebKit/537.36 (KHTML, like Gecko); compatible; Applebot/0.1; +http://www.apple.com/go/applebot"
34.16.153.150 - - [13/Sep/2026:16:13:07 +0300] "GET /proxy?url=http%3A%2F%2F169.254.169.254%2Flatest%2Fmeta-data%2Fiam%2Fsecurity-credentials%2F HTTP/1.1" 401 53 "-" "Mozilla/5.0 (Windows NT 11.0; Win64; x64) AppleWebKit/537.36 (KHTML, like Gecko) Chrome/126.0.1666.226 Safari/537.36; compatible; Slackbot-LinkExpanding/1.0; +https://api.slack.com/robots"
34.16.153.150 - - [13/Sep/2026:16:13:07 +0300] "GET /proxy?url=http%3A%2F%2F169.254.169.254%2Flatest%2Fmeta-data%2Fiam%2Finfo HTTP/1.1" 401 53 "-" "Mozilla/5.0 AppleWebKit/537.36 (KHTML, like Gecko); compatible; Applebot/0.1; +http://www.apple.com/go/applebot"
34.16.153.150 - - [13/Sep/2026:16:13:07 +0300] "GET /proxy?url=http%3A%2F%2F169.254.169.254%2Flatest%2Fmeta-data%2F HTTP/1.1" 401 53 "-" "Mozilla/5.0 (X11; Linux x86_64) AppleWebKit/537.36 (KHTML, like Gecko) Chrome/91.0.3401.16 Safari/537.36; compatible; GrokBot/1.0; +https://x.ai/grokbot"
