34.39.244.162 - - [13/Sep/2026:16:12:01 +0300] "GET /admin/.env HTTP/1.1" 404 - "-" "Mozilla/5.0 (X11; Linux x86_64) AppleWebKit/537.36 (KHTML, like Gecko) Chrome/131.0.0.0 Safari/537.36"
34.39.244.162 - - [13/Sep/2026:16:12:01 +0300] "GET /backend/.env HTTP/1.1" 404 - "-" "Mozilla/5.0 (X11; Linux x86_64) AppleWebKit/537.36 (KHTML, like Gecko) Chrome/131.0.0.0 Safari/537.36"
34.39.244.162 - - [13/Sep/2026:16:12:02 +0300] "GET /server/.env HTTP/1.1" 404 - "-" "Mozilla/5.0 (X11; Linux x86_64) AppleWebKit/537.36 (KHTML, like Gecko) Chrome/131.0.0.0 Safari/537.36"
34.39.244.162 - - [13/Sep/2026:16:12:02 +0300] "GET /frontend/.env HTTP/1.1" 404 - "-" "Mozilla/5.0 (X11; Linux x86_64) AppleWebKit/537.36 (KHTML, like Gecko) Chrome/131.0.0.0 Safari/537.36"
34.39.244.162 - - [13/Sep/2026:16:12:02 +0300] "GET /src/.env HTTP/1.1" 404 - "-" "Mozilla/5.0 (X11; Linux x86_64) AppleWebKit/537.36 (KHTML, like Gecko) Chrome/131.0.0.0 Safari/537.36"
34.39.244.162 - - [13/Sep/2026:16:12:02 +0300] "GET /core/.env HTTP/1.1" 404 - "-" "Mozilla/5.0 (X11; Linux x86_64) AppleWebKit/537.36 (KHTML, like Gecko) Chrome/131.0.0.0 Safari/537.36"
34.39.244.162 - - [13/Sep/2026:16:12:03 +0300] "GET /core/app/.env HTTP/1.1" 404 - "-" "Mozilla/5.0 (X11; Linux x86_64) AppleWebKit/537.36 (KHTML, like Gecko) Chrome/131.0.0.0 Safari/537.36"
34.39.244.162 - - [13/Sep/2026:16:12:03 +0300] "GET /config/.env HTTP/1.1" 404 - "-" "Mozilla/5.0 (X11; Linux x86_64) AppleWebKit/537.36 (KHTML, like Gecko) Chrome/131.0.0.0 Safari/537.36"
34.39.244.162 - - [13/Sep/2026:16:12:03 +0300] "GET /private/.env HTTP/1.1" 404 - "-" "Mozilla/5.0 (X11; Linux x86_64) AppleWebKit/537.36 (KHTML, like Gecko) Chrome/131.0.0.0 Safari/537.36"
34.39.244.162 - - [13/Sep/2026:16:12:03 +0300] "GET /application/.env HTTP/1.1" 404 - "-" "Mozilla/5.0 (X11; Linux x86_64) AppleWebKit/537.36 (KHTML, like Gecko) Chrome/131.0.0.0 Safari/537.36"
34.39.244.162 - - [13/Sep/2026:16:12:03 +0300] "GET /bootstrap/.env HTTP/1.1" 404 - "-" "Mozilla/5.0 (X11; Linux x86_64) AppleWebKit/537.36 (KHTML, like Gecko) Chrome/131.0.0.0 Safari/537.36"
34.39.244.162 - - [13/Sep/2026:16:12:04 +0300] "GET /database/.env HTTP/1.1" 404 - "-" "Mozilla/5.0 (X11; Linux x86_64) AppleWebKit/537.36 (KHTML, like Gecko) Chrome/131.0.0.0 Safari/537.36"
34.39.244.162 - - [13/Sep/2026:16:12:04 +0300] "GET /storage/.env HTTP/1.1" 404 - "-" "Mozilla/5.0 (X11; Linux x86_64) AppleWebKit/537.36 (KHTML, like Gecko) Chrome/131.0.0.0 Safari/537.36"
34.39.244.162 - - [13/Sep/2026:16:12:04 +0300] "GET /var/www/.env HTTP/1.1" 404 - "-" "Mozilla/5.0 (X11; Linux x86_64) AppleWebKit/537.36 (KHTML, like Gecko) Chrome/131.0.0.0 Safari/537.36"
34.39.244.162 - - [13/Sep/2026:16:12:04 +0300] "GET /var/www/html/.env HTTP/1.1" 404 - "-" "Mozilla/5.0 (X11; Linux x86_64) AppleWebKit/537.36 (KHTML, like Gecko) Chrome/131.0.0.0 Safari/537.36"
34.39.244.162 - - [13/Sep/2026:16:12:05 +0300] "GET /current/.env HTTP/1.1" 404 - "-" "Mozilla/5.0 (X11; Linux x86_64) AppleWebKit/537.36 (KHTML, like Gecko) Chrome/131.0.0.0 Safari/537.36"
34.39.244.162 - - [13/Sep/2026:16:12:05 +0300] "GET /release/.env HTTP/1.1" 404 - "-" "Mozilla/5.0 (X11; Linux x86_64) AppleWebKit/537.36 (KHTML, like Gecko) Chrome/131.0.0.0 Safari/537.36"
34.39.244.162 - - [13/Sep/2026:16:12:05 +0300] "GET /releases/.env HTTP/1.1" 404 - "-" "Mozilla/5.0 (X11; Linux x86_64) AppleWebKit/537.36 (KHTML, like Gecko) Chrome/131.0.0.0 Safari/537.36"
34.39.244.162 - - [13/Sep/2026:16:12:05 +0300] "GET /shared/.env HTTP/1.1" 404 - "-" "Mozilla/5.0 (X11; Linux x86_64) AppleWebKit/537.36 (KHTML, like Gecko) Chrome/131.0.0.0 Safari/537.36"
34.39.244.162 - - [13/Sep/2026:16:12:06 +0300] "GET /deploy/.env HTTP/1.1" 404 - "-" "Mozilla/5.0 (X11; Linux x86_64) AppleWebKit/537.36 (KHTML, like Gecko) Chrome/131.0.0.0 Safari/537.36"
34.39.244.162 - - [13/Sep/2026:16:12:06 +0300] "GET /build/.env HTTP/1.1" 404 - "-" "Mozilla/5.0 (X11; Linux x86_64) AppleWebKit/537.36 (KHTML, like Gecko) Chrome/131.0.0.0 Safari/537.36"
34.39.244.162 - - [13/Sep/2026:16:12:06 +0300] "GET /dist/.env HTTP/1.1" 404 - "-" "Mozilla/5.0 (X11; Linux x86_64) AppleWebKit/537.36 (KHTML, like Gecko) Chrome/131.0.0.0 Safari/537.36"
34.39.244.162 - - [13/Sep/2026:16:12:06 +0300] "GET /public_html/.env HTTP/1.1" 404 - "-" "Mozilla/5.0 (X11; Linux x86_64) AppleWebKit/537.36 (KHTML, like Gecko) Chrome/131.0.0.0 Safari/537.36"
34.39.244.162 - - [13/Sep/2026:16:12:07 +0300] "GET /htdocs/.env HTTP/1.1" 404 - "-" "Mozilla/5.0 (X11; Linux x86_64) AppleWebKit/537.36 (KHTML, like Gecko) Chrome/131.0.0.0 Safari/537.36"
34.39.244.162 - - [13/Sep/2026:16:12:07 +0300] "GET /www/.env HTTP/1.1" 404 - "-" "Mozilla/5.0 (X11; Linux x86_64) AppleWebKit/537.36 (KHTML, like Gecko) Chrome/131.0.0.0 Safari/537.36"
34.39.244.162 - - [13/Sep/2026:16:12:07 +0300] "GET /html/.env HTTP/1.1" 404 - "-" "Mozilla/5.0 (X11; Linux x86_64) AppleWebKit/537.36 (KHTML, like Gecko) Chrome/131.0.0.0 Safari/537.36"
34.39.244.162 - - [13/Sep/2026:16:12:07 +0300] "GET /live/.env HTTP/1.1" 404 - "-" "Mozilla/5.0 (X11; Linux x86_64) AppleWebKit/537.36 (KHTML, like Gecko) Chrome/131.0.0.0 Safari/537.36"
34.39.244.162 - - [13/Sep/2026:16:12:07 +0300] "GET /prod/.env HTTP/1.1" 404 - "-" "Mozilla/5.0 (X11; Linux x86_64) AppleWebKit/537.36 (KHTML, like Gecko) Chrome/131.0.0.0 Safari/537.36"
34.39.244.162 - - [13/Sep/2026:16:12:08 +0300] "GET /dev/.env HTTP/1.1" 404 - "-" "Mozilla/5.0 (X11; Linux x86_64) AppleWebKit/537.36 (KHTML, like Gecko) Chrome/131.0.0.0 Safari/537.36"
34.39.244.162 - - [13/Sep/2026:16:12:08 +0300] "GET /staging/.env HTTP/1.1" 404 - "-" "Mozilla/5.0 (X11; Linux x86_64) AppleWebKit/537.36 (KHTML, like Gecko) Chrome/131.0.0.0 Safari/537.36"
34.39.244.162 - - [13/Sep/2026:16:12:08 +0300] "GET /opt/.env HTTP/1.1" 404 - "-" "Mozilla/5.0 (X11; Linux x86_64) AppleWebKit/537.36 (KHTML, like Gecko) Chrome/131.0.0.0 Safari/537.36"
34.39.244.162 - - [13/Sep/2026:16:12:08 +0300] "GET /laravel/.env HTTP/1.1" 404 - "-" "Mozilla/5.0 (X11; Linux x86_64) AppleWebKit/537.36 (KHTML, like Gecko) Chrome/131.0.0.0 Safari/537.36"
34.39.244.162 - - [13/Sep/2026:16:12:09 +0300] "GET /symfony/.env HTTP/1.1" 404 - "-" "Mozilla/5.0 (X11; Linux x86_64) AppleWebKit/537.36 (KHTML, like Gecko) Chrome/131.0.0.0 Safari/537.36"
34.39.244.162 - - [13/Sep/2026:16:12:09 +0300] "GET /wordpress/.env HTTP/1.1" 404 - "-" "Mozilla/5.0 (X11; Linux x86_64) AppleWebKit/537.36 (KHTML, like Gecko) Chrome/131.0.0.0 Safari/537.36"
34.39.244.162 - - [13/Sep/2026:16:12:09 +0300] "GET /wp/.env HTTP/1.1" 404 - "-" "Mozilla/5.0 (X11; Linux x86_64) AppleWebKit/537.36 (KHTML, like Gecko) Chrome/131.0.0.0 Safari/537.36"
34.39.244.162 - - [13/Sep/2026:16:12:09 +0300] "GET /cms/.env HTTP/1.1" 404 - "-" "Mozilla/5.0 (X11; Linux x86_64) AppleWebKit/537.36 (KHTML, like Gecko) Chrome/131.0.0.0 Safari/537.36"
34.39.244.162 - - [13/Sep/2026:16:12:10 +0300] "GET /drupal/.env HTTP/1.1" 404 - "-" "Mozilla/5.0 (X11; Linux x86_64) AppleWebKit/537.36 (KHTML, like Gecko) Chrome/131.0.0.0 Safari/537.36"
34.39.244.162 - - [13/Sep/2026:16:12:10 +0300] "GET /joomla/.env HTTP/1.1" 404 - "-" "Mozilla/5.0 (X11; Linux x86_64) AppleWebKit/537.36 (KHTML, like Gecko) Chrome/131.0.0.0 Safari/537.36"
34.39.244.162 - - [13/Sep/2026:16:12:10 +0300] "GET /magento/.env HTTP/1.1" 404 - "-" "Mozilla/5.0 (X11; Linux x86_64) AppleWebKit/537.36 (KHTML, like Gecko) Chrome/131.0.0.0 Safari/537.36"
34.39.244.162 - - [13/Sep/2026:16:12:10 +0300] "GET /shopify/.env HTTP/1.1" 404 - "-" "Mozilla/5.0 (X11; Linux x86_64) AppleWebKit/537.36 (KHTML, like Gecko) Chrome/131.0.0.0 Safari/537.36"
34.39.244.162 - - [13/Sep/2026:16:12:10 +0300] "GET /prestashop/.env HTTP/1.1" 404 - "-" "Mozilla/5.0 (X11; Linux x86_64) AppleWebKit/537.36 (KHTML, like Gecko) Chrome/131.0.0.0 Safari/537.36"
34.39.244.162 - - [13/Sep/2026:16:12:11 +0300] "GET /codeigniter/.env HTTP/1.1" 404 - "-" "Mozilla/5.0 (X11; Linux x86_64) AppleWebKit/537.36 (KHTML, like Gecko) Chrome/131.0.0.0 Safari/537.36"
34.39.244.162 - - [13/Sep/2026:16:12:11 +0300] "GET /cakephp/.env HTTP/1.1" 404 - "-" "Mozilla/5.0 (X11; Linux x86_64) AppleWebKit/537.36 (KHTML, like Gecko) Chrome/131.0.0.0 Safari/537.36"
34.39.244.162 - - [13/Sep/2026:16:12:11 +0300] "GET /zend/.env HTTP/1.1" 404 - "-" "Mozilla/5.0 (X11; Linux x86_64) AppleWebKit/537.36 (KHTML, like Gecko) Chrome/131.0.0.0 Safari/537.36"
34.39.244.162 - - [13/Sep/2026:16:12:11 +0300] "GET /yii/.env HTTP/1.1" 404 - "-" "Mozilla/5.0 (X11; Linux x86_64) AppleWebKit/537.36 (KHTML, like Gecko) Chrome/131.0.0.0 Safari/537.36"
34.39.244.162 - - [13/Sep/2026:16:12:12 +0300] "GET /laravel5/.env HTTP/1.1" 404 - "-" "Mozilla/5.0 (X11; Linux x86_64) AppleWebKit/537.36 (KHTML, like Gecko) Chrome/131.0.0.0 Safari/537.36"
34.39.244.162 - - [13/Sep/2026:16:12:12 +0300] "GET /v1/.env HTTP/1.1" 404 - "-" "Mozilla/5.0 (X11; Linux x86_64) AppleWebKit/537.36 (KHTML, like Gecko) Chrome/131.0.0.0 Safari/537.36"
34.39.244.162 - - [13/Sep/2026:16:12:12 +0300] "GET /v2/.env HTTP/1.1" 404 - "-" "Mozilla/5.0 (X11; Linux x86_64) AppleWebKit/537.36 (KHTML, like Gecko) Chrome/131.0.0.0 Safari/537.36"
34.39.244.162 - - [13/Sep/2026:16:12:12 +0300] "GET /v3/.env HTTP/1.1" 404 - "-" "Mozilla/5.0 (X11; Linux x86_64) AppleWebKit/537.36 (KHTML, like Gecko) Chrome/131.0.0.0 Safari/537.36"
34.39.244.162 - - [13/Sep/2026:16:12:13 +0300] "GET /api/v1/.env HTTP/1.1" 404 - "-" "Mozilla/5.0 (X11; Linux x86_64) AppleWebKit/537.36 (KHTML, like Gecko) Chrome/131.0.0.0 Safari/537.36"
34.39.244.162 - - [13/Sep/2026:16:12:13 +0300] "GET /api/v2/.env HTTP/1.1" 404 - "-" "Mozilla/5.0 (X11; Linux x86_64) AppleWebKit/537.36 (KHTML, like Gecko) Chrome/131.0.0.0 Safari/537.36"
34.39.244.162 - - [13/Sep/2026:16:12:13 +0300] "GET /rest/.env HTTP/1.1" 404 - "-" "Mozilla/5.0 (X11; Linux x86_64) AppleWebKit/537.36 (KHTML, like Gecko) Chrome/131.0.0.0 Safari/537.36"
34.39.244.162 - - [13/Sep/2026:16:12:13 +0300] "GET /graphql/.env HTTP/1.1" 404 - "-" "Mozilla/5.0 (X11; Linux x86_64) AppleWebKit/537.36 (KHTML, like Gecko) Chrome/131.0.0.0 Safari/537.36"
34.39.244.162 - - [13/Sep/2026:16:12:14 +0300] "GET /gateway/.env HTTP/1.1" 404 - "-" "Mozilla/5.0 (X11; Linux x86_64) AppleWebKit/537.36 (KHTML, like Gecko) Chrome/131.0.0.0 Safari/537.36"
34.39.244.162 - - [13/Sep/2026:16:12:14 +0300] "GET /microservice/.env HTTP/1.1" 404 - "-" "Mozilla/5.0 (X11; Linux x86_64) AppleWebKit/537.36 (KHTML, like Gecko) Chrome/131.0.0.0 Safari/537.36"
34.39.244.162 - - [13/Sep/2026:16:12:14 +0300] "GET /service/.env HTTP/1.1" 404 - "-" "Mozilla/5.0 (X11; Linux x86_64) AppleWebKit/537.36 (KHTML, like Gecko) Chrome/131.0.0.0 Safari/537.36"
34.39.244.162 - - [13/Sep/2026:16:12:14 +0300] "GET /api/v3/.env HTTP/1.1" 404 - "-" "Mozilla/5.0 (X11; Linux x86_64) AppleWebKit/537.36 (KHTML, like Gecko) Chrome/131.0.0.0 Safari/537.36"
34.39.244.162 - - [13/Sep/2026:16:12:14 +0300] "GET /api/dev/.env HTTP/1.1" 404 - "-" "Mozilla/5.0 (X11; Linux x86_64) AppleWebKit/537.36 (KHTML, like Gecko) Chrome/131.0.0.0 Safari/537.36"
34.39.244.162 - - [13/Sep/2026:16:12:15 +0300] "GET /api/staging/.env HTTP/1.1" 404 - "-" "Mozilla/5.0 (X11; Linux x86_64) AppleWebKit/537.36 (KHTML, like Gecko) Chrome/131.0.0.0 Safari/537.36"
34.39.244.162 - - [13/Sep/2026:16:12:15 +0300] "GET /vendor/.env HTTP/1.1" 404 - "-" "Mozilla/5.0 (X11; Linux x86_64) AppleWebKit/537.36 (KHTML, like Gecko) Chrome/131.0.0.0 Safari/537.36"
34.39.244.162 - - [13/Sep/2026:16:12:16 +0300] "GET /lib/.env HTTP/1.1" 404 - "-" "Mozilla/5.0 (X11; Linux x86_64) AppleWebKit/537.36 (KHTML, like Gecko) Chrome/131.0.0.0 Safari/537.36"
34.16.153.150 - - [13/Sep/2026:16:12:16 +0300] "GET / HTTP/1.1" 401 53 "-" "Mozilla/5.0 (Windows NT 10.0; Win64; x64) AppleWebKit/537.36 (KHTML, like Gecko) Chrome/131.0.0.0 Safari/537.36 Edg/131.0.0.0"
34.39.244.162 - - [13/Sep/2026:16:12:16 +0300] "GET /resources/.env HTTP/1.1" 404 - "-" "Mozilla/5.0 (X11; Linux x86_64) AppleWebKit/537.36 (KHTML, like Gecko) Chrome/131.0.0.0 Safari/537.36"
34.39.244.162 - - [13/Sep/2026:16:12:16 +0300] "GET /assets/.env HTTP/1.1" 404 - "-" "Mozilla/5.0 (X11; Linux x86_64) AppleWebKit/537.36 (KHTML, like Gecko) Chrome/131.0.0.0 Safari/537.36"
34.16.153.150 - - [13/Sep/2026:16:12:16 +0300] "GET / HTTP/1.1" 401 53 "-" "Mozilla/5.0 (Macintosh; Intel Mac OS X 10_15_7) AppleWebKit/537.36 (KHTML, like Gecko) Chrome/131.0.0.0 Safari/537.36"
34.39.244.162 - - [13/Sep/2026:16:12:16 +0300] "GET /uploads/.env HTTP/1.1" 404 - "-" "Mozilla/5.0 (X11; Linux x86_64) AppleWebKit/537.36 (KHTML, like Gecko) Chrome/131.0.0.0 Safari/537.36"
34.39.244.162 - - [13/Sep/2026:16:12:17 +0300] "GET /internal/.env HTTP/1.1" 404 - "-" "Mozilla/5.0 (X11; Linux x86_64) AppleWebKit/537.36 (KHTML, like Gecko) Chrome/131.0.0.0 Safari/537.36"
34.16.153.150 - - [13/Sep/2026:16:12:17 +0300] "GET /@fs/.env?raw?? HTTP/1.1" 401 53 "-" "Mozilla/5.0 (Macintosh; Intel Mac OS X 14_6_1) AppleWebKit/537.36 (KHTML, like Gecko; compatible; WhatsApp/10.0.2.1) Chrome/118.0.1320.233 Safari/537.36"
34.16.153.150 - - [13/Sep/2026:16:12:17 +0300] "GET /@fs/root/.env?raw?? HTTP/1.1" 401 53 "-" "Mozilla/5.0 (Macintosh; Intel Mac OS X 10.15; rv:121.18) Gecko/20100101 Firefox/121.18; compatible; meta-externalagent/1.1; +https://developers.facebook.com/docs/sharing/webmasters/crawler"
34.16.153.150 - - [13/Sep/2026:16:12:17 +0300] "GET /@fs/src/.env?raw?? HTTP/1.1" 401 53 "-" "Mozilla/5.0 AppleWebKit/537.36 (KHTML, like Gecko; compatible; Claude-User/1.0; +Claude-User@anthropic.com)"
34.16.153.150 - - [13/Sep/2026:16:12:17 +0300] "GET / HTTP/1.1" 401 53 "-" "Mozilla/5.0 (X11; Linux x86_64) AppleWebKit/537.36 (KHTML, like Gecko) Chrome/124.0.0.0 Safari/537.36"
34.16.153.150 - - [13/Sep/2026:16:12:17 +0300] "GET /@fs/app/.env?raw?? HTTP/1.1" 401 53 "-" "Mozilla/5.0 (Macintosh; Intel Mac OS X 14_5) AppleWebKit/537.36 (KHTML, like Gecko; compatible; OAI-SearchBot/1.3; +https://openai.com/searchbot) Chrome/114.0.5911.174 Safari/537.36"
34.39.244.162 - - [13/Sep/2026:16:12:17 +0300] "GET /tools/.env HTTP/1.1" 404 - "-" "Mozilla/5.0 (X11; Linux x86_64) AppleWebKit/537.36 (KHTML, like Gecko) Chrome/131.0.0.0 Safari/537.36"
34.16.153.150 - - [13/Sep/2026:16:12:17 +0300] "GET /@fs/etc/passwd?raw?? HTTP/1.1" 401 53 "-" "Mozilla/5.0 AppleWebKit/537.36 (KHTML, like Gecko; compatible; Amazonbot/0.1; +https://developer.amazon.com/support/amazonbot)"
34.16.153.150 - - [13/Sep/2026:16:12:17 +0300] "GET /@fs/..%252f..%252f..%252f..%252f..%252froot/.env?raw?? HTTP/1.1" 401 53 "-" "Mozilla/5.0 (Linux; Android 13; Pixel 7) AppleWebKit/537.36 (KHTML, like Gecko) Chrome/136.0.7280.207 Mobile Safari/537.36; compatible; Perplexity-User/1.0; +https://perplexity.ai/perplexity-user"
34.16.153.150 - - [13/Sep/2026:16:12:17 +0300] "GET /@fs/proc/self/environ?raw?? HTTP/1.1" 401 53 "-" "Mozilla/5.0 (X11; Linux x86_64) AppleWebKit/537.36 (KHTML, like Gecko) Chrome/151.0.4790.6 Safari/537.36; compatible; OAI-SearchBot/1.4; robots.txt; +https://openai.com/searchbot"
34.16.153.150 - - [13/Sep/2026:16:12:17 +0300] "GET /@fs/..%252f..%252f..%252f..%252f..%252fproc/self/environ?raw?? HTTP/1.1" 401 53 "-" "Mozilla/5.0 (compatible; PerplexityBot/1.0; +https://perplexity.ai/perplexitybot)"
34.39.244.162 - - [13/Sep/2026:16:12:17 +0300] "GET /scripts/.env HTTP/1.1" 404 - "-" "Mozilla/5.0 (X11; Linux x86_64) AppleWebKit/537.36 (KHTML, like Gecko) Chrome/131.0.0.0 Safari/537.36"
34.16.153.150 - - [13/Sep/2026:16:12:17 +0300] "GET /@fs/../../.env?raw?? HTTP/1.1" 401 53 "-" "Mozilla/5.0 (X11; Linux x86_64) AppleWebKit/537.36 (KHTML, like Gecko; compatible; Discordbot/2.0; +https://discordapp.com) Chrome/109.0.3945.198 Safari/537.36"
34.16.153.150 - - [13/Sep/2026:16:12:17 +0300] "GET /@fs/root/rootkey.csv?raw?? HTTP/1.1" 401 53 "-" "Mozilla/5.0 AppleWebKit/537.36 (KHTML, like Gecko; compatible; OAI-SearchBot/1.4; robots.txt; +https://openai.com/searchbot)"
34.16.153.150 - - [13/Sep/2026:16:12:17 +0300] "GET /@fs/..%252f..%252f..%252f..%252f..%252fapp/.env?raw?? HTTP/1.1" 401 53 "-" "Mozilla/5.0 AppleWebKit/537.36 (KHTML, like Gecko); compatible; Claude-SearchBot/1.0; +https://www.anthropic.com/claude-searchbot"
34.16.153.150 - - [13/Sep/2026:16:12:17 +0300] "GET /@fs/../.env?raw?? HTTP/1.1" 401 53 "-" "Mozilla/5.0 (Macintosh; Intel Mac OS X 15_0) AppleWebKit/605.1.15 (KHTML, like Gecko) Version/17.3 Safari/605.1.15; compatible; TelegramBot/1.0"
34.39.244.162 - - [13/Sep/2026:16:12:17 +0300] "GET /bin/.env HTTP/1.1" 404 - "-" "Mozilla/5.0 (X11; Linux x86_64) AppleWebKit/537.36 (KHTML, like Gecko) Chrome/131.0.0.0 Safari/537.36"
34.16.153.150 - - [13/Sep/2026:16:12:17 +0300] "GET /@fs/app/rootkey.csv?raw?? HTTP/1.1" 401 53 "-" "Mozilla/5.0 AppleWebKit/537.36 (KHTML, like Gecko); compatible; WhatsApp/10.0.2.1"
34.16.153.150 - - [13/Sep/2026:16:12:17 +0300] "GET /@fs/.env.local?raw?? HTTP/1.1" 401 53 "-" "Mozilla/5.0 (compatible; Amazonbot/0.1; +https://developer.amazon.com/support/amazonbot)"
34.16.153.150 - - [13/Sep/2026:16:12:17 +0300] "GET /@fs/.env.production?raw?? HTTP/1.1" 401 53 "-" "Mozilla/5.0 (Windows NT 11.0; Win64; x64) AppleWebKit/537.36 (KHTML, like Gecko) Chrome/136.0.2232.3 Safari/537.36; compatible; Perplexity-User/1.0; +https://perplexity.ai/perplexity-user"
34.16.153.150 - - [13/Sep/2026:16:12:17 +0300] "GET /@fs/.env.development?raw?? HTTP/1.1" 401 53 "-" "Mozilla/5.0 AppleWebKit/537.36 (KHTML, like Gecko; compatible; Google-Extended/1.0; +http://www.google.com/bot.html)"
34.39.244.162 - - [13/Sep/2026:16:12:18 +0300] "GET /sbin/.env HTTP/1.1" 404 - "-" "Mozilla/5.0 (X11; Linux x86_64) AppleWebKit/537.36 (KHTML, like Gecko) Chrome/131.0.0.0 Safari/537.36"
34.16.153.150 - - [13/Sep/2026:16:12:18 +0300] "GET /@fs/.env.staging?raw?? HTTP/1.1" 401 53 "-" "Mozilla/5.0 (Macintosh; Intel Mac OS X 10.15; rv:128.11) Gecko/20100101 Firefox/128.11; compatible; Claude-SearchBot/1.0; +https://www.anthropic.com/claude-searchbot"
34.16.153.150 - - [13/Sep/2026:16:12:18 +0300] "GET /@fs/root/.aws/credentials?raw?? HTTP/1.1" 401 53 "-" "Mozilla/5.0 (compatible; ClaudeBot/1.0; +claudebot@anthropic.com)"
34.16.153.150 - - [13/Sep/2026:16:12:18 +0300] "GET /@fs/root/.aws/config?raw?? HTTP/1.1" 401 53 "-" "Mozilla/5.0 (Macintosh; Intel Mac OS X 14_6_1) AppleWebKit/605.1.15 (KHTML, like Gecko) Version/17.2 Safari/605.1.15; compatible; Google-Extended/1.0; +http://www.google.com/bot.html"
34.16.153.150 - - [13/Sep/2026:16:12:18 +0300] "GET /@fs/root/.aws/credentials.backup?raw?? HTTP/1.1" 401 53 "-" "Mozilla/5.0 (compatible; TelegramBot/1.0)"
34.39.244.162 - - [13/Sep/2026:16:12:18 +0300] "GET /local/.env HTTP/1.1" 404 - "-" "Mozilla/5.0 (X11; Linux x86_64) AppleWebKit/537.36 (KHTML, like Gecko) Chrome/131.0.0.0 Safari/537.36"
34.16.153.150 - - [13/Sep/2026:16:12:18 +0300] "GET /@fs/root/.aws/credentials.bak?raw?? HTTP/1.1" 401 53 "-" "Mozilla/5.0 (iPhone; CPU iPhone OS 18_4 like Mac OS X) AppleWebKit/537.36 (KHTML, like Gecko; compatible; Perplexity-User/1.0; +https://perplexity.ai/perplexity-user) Chrome/133.0.1027.238 Mobile Safari/537.36"
34.16.153.150 - - [13/Sep/2026:16:12:18 +0300] "GET /@fs/home/node/.aws/credentials?raw?? HTTP/1.1" 401 53 "-" "Mozilla/5.0 (iPhone; CPU iPhone OS 17_5 like Mac OS X) AppleWebKit/605.1.15 (KHTML, like Gecko; compatible; TelegramBot/1.0) Version/19.0 Mobile/15E148 Safari/604.1"
34.16.153.150 - - [13/Sep/2026:16:12:18 +0300] "GET /@fs/home/node/.aws/config?raw?? HTTP/1.1" 401 53 "-" "Mozilla/5.0 (compatible; Discordbot/2.0; +https://discordapp.com)"
34.16.153.150 - - [13/Sep/2026:16:12:18 +0300] "GET /@fs/home/ubuntu/.aws/credentials?raw?? HTTP/1.1" 401 53 "-" "Mozilla/5.0 AppleWebKit/537.36 (KHTML, like Gecko; compatible; OAI-SearchBot/1.4; robots.txt; +https://openai.com/searchbot)"
34.39.244.162 - - [13/Sep/2026:16:12:18 +0300] "GET /portal/.env HTTP/1.1" 404 - "-" "Mozilla/5.0 (X11; Linux x86_64) AppleWebKit/537.36 (KHTML, like Gecko) Chrome/131.0.0.0 Safari/537.36"
34.16.153.150 - - [13/Sep/2026:16:12:18 +0300] "GET /@fs/home/ubuntu/.aws/config?raw?? HTTP/1.1" 401 53 "-" "Mozilla/5.0 AppleWebKit/537.36 (KHTML, like Gecko); compatible; ClaudeBot/1.0; +claudebot@anthropic.com"
34.16.153.150 - - [13/Sep/2026:16:12:18 +0300] "GET /@fs/home/ec2-user/.aws/credentials?raw?? HTTP/1.1" 401 53 "-" "Mozilla/5.0 AppleWebKit/537.36 (KHTML, like Gecko; compatible; Perplexity-User/1.0; +https://perplexity.ai/perplexity-user)"
34.16.153.150 - - [13/Sep/2026:16:12:18 +0300] "GET /@fs/home/admin/.aws/credentials?raw?? HTTP/1.1" 401 53 "-" "Mozilla/5.0 (Windows NT 10.0; Win64; x64; rv:143.4) Gecko/20100101 Firefox/143.4; compatible; ChatGPT-User/1.0; +https://openai.com/bot"
34.16.153.150 - - [13/Sep/2026:16:12:18 +0300] "GET /@fs/home/debian/.aws/credentials?raw?? HTTP/1.1" 401 53 "-" "Mozilla/5.0 (compatible; Google-Extended/1.0; +http://www.google.com/bot.html)"
34.39.244.162 - - [13/Sep/2026:16:12:18 +0300] "GET /dashboard/.env HTTP/1.1" 404 - "-" "Mozilla/5.0 (X11; Linux x86_64) AppleWebKit/537.36 (KHTML, like Gecko) Chrome/131.0.0.0 Safari/537.36"
34.16.153.150 - - [13/Sep/2026:16:12:18 +0300] "GET /@fs/home/www-data/.aws/credentials?raw?? HTTP/1.1" 401 53 "-" "Mozilla/5.0 (iPhone; CPU iPhone OS 18_4 like Mac OS X) AppleWebKit/537.36 (KHTML, like Gecko) Chrome/122.0.8456.27 Mobile Safari/537.36; compatible; WhatsApp/10.0.2.1"
34.16.153.150 - - [13/Sep/2026:16:12:18 +0300] "GET /@fs/app/.aws/credentials?raw?? HTTP/1.1" 401 53 "-" "Mozilla/5.0 (Macintosh; Intel Mac OS X 14_5) AppleWebKit/605.1.15 (KHTML, like Gecko) Version/19.3 Safari/605.1.15; compatible; Amazonbot/0.1; +https://developer.amazon.com/support/amazonbot"
34.39.244.162 - - [13/Sep/2026:16:12:18 +0300] "GET /panel/.env HTTP/1.1" 404 - "-" "Mozilla/5.0 (X11; Linux x86_64) AppleWebKit/537.36 (KHTML, like Gecko) Chrome/131.0.0.0 Safari/537.36"
34.16.153.150 - - [13/Sep/2026:16:12:18 +0300] "GET /@fs/var/www/html/.aws/credentials?raw?? HTTP/1.1" 401 53 "-" "Mozilla/5.0 (Linux; Android 14; Pixel 8) AppleWebKit/537.36 (KHTML, like Gecko; compatible; facebookexternalhit/1.1; +http://www.facebook.com/externalhit_uatext.php) Chrome/114.0.1260.135 Mobile Safari/537.36"
34.16.153.150 - - [13/Sep/2026:16:12:18 +0300] "GET /@fs/var/www/.aws/credentials?raw?? HTTP/1.1" 401 53 "-" "Mozilla/5.0 (Linux; Android 12; Pixel 6) AppleWebKit/537.36 (KHTML, like Gecko) Chrome/126.0.1693.36 Mobile Safari/537.36; compatible; Claude-User/1.0; +https://www.anthropic.com/claude-user"
34.39.244.162 - - [13/Sep/2026:16:12:19 +0300] "GET /crm/.env HTTP/1.1" 404 - "-" "Mozilla/5.0 (X11; Linux x86_64) AppleWebKit/537.36 (KHTML, like Gecko) Chrome/131.0.0.0 Safari/537.36"
34.16.153.150 - - [13/Sep/2026:16:12:19 +0300] "GET /@fs/usr/src/app/.aws/credentials?raw?? HTTP/1.1" 401 53 "-" "Mozilla/5.0 (X11; Linux x86_64; rv:143.13) Gecko/20100101 Firefox/143.13; compatible; ClaudeBot/1.0; +claudebot@anthropic.com"
34.16.153.150 - - [13/Sep/2026:16:12:19 +0300] "GET /@fs/root/.aws/sso/cache/?raw?? HTTP/1.1" 401 53 "-" "Mozilla/5.0 (iPhone; CPU iPhone OS 17_0 like Mac OS X) AppleWebKit/605.1.15 (KHTML, like Gecko; compatible; Discordbot/2.0; +https://discordapp.com) Version/17.6 Mobile/15E148 Safari/604.1"
34.16.153.150 - - [13/Sep/2026:16:12:19 +0300] "GET /@fs/home/ubuntu/.env?raw?? HTTP/1.1" 401 53 "-" "Mozilla/5.0 AppleWebKit/537.36 (KHTML, like Gecko); compatible; Twitterbot/1.0"
34.16.153.150 - - [13/Sep/2026:16:12:19 +0300] "GET /@fs/app/.env.production?raw?? HTTP/1.1" 401 53 "-" "Mozilla/5.0 (compatible; Applebot/0.1; +http://www.apple.com/go/applebot)"
34.39.244.162 - - [13/Sep/2026:16:12:19 +0300] "GET /erp/.env HTTP/1.1" 404 - "-" "Mozilla/5.0 (X11; Linux x86_64) AppleWebKit/537.36 (KHTML, like Gecko) Chrome/131.0.0.0 Safari/537.36"
34.16.153.150 - - [13/Sep/2026:16:12:19 +0300] "GET /@fs/app/.env.local?raw?? HTTP/1.1" 401 53 "-" "Mozilla/5.0 AppleWebKit/537.36 (KHTML, like Gecko; compatible; Applebot/0.1; +http://www.apple.com/go/applebot)"
34.16.153.150 - - [13/Sep/2026:16:12:19 +0300] "GET /@fs/var/www/html/.env?raw?? HTTP/1.1" 401 53 "-" "Mozilla/5.0 (compatible; ClaudeBot/1.0; +claudebot@anthropic.com)"
34.16.153.150 - - [13/Sep/2026:16:12:19 +0300] "GET /@fs/var/www/.env?raw?? HTTP/1.1" 401 53 "-" "Mozilla/5.0 (X11; Ubuntu; Linux x86_64; rv:105.18) Gecko/20100101 Firefox/105.18; compatible; GPTBot/1.4; +https://openai.com/gptbot"
34.39.244.162 - - [13/Sep/2026:16:12:19 +0300] "GET /shop/.env HTTP/1.1" 404 - "-" "Mozilla/5.0 (X11; Linux x86_64) AppleWebKit/537.36 (KHTML, like Gecko) Chrome/131.0.0.0 Safari/537.36"
34.16.153.150 - - [13/Sep/2026:16:12:19 +0300] "GET /@fs/usr/src/app/.env?raw?? HTTP/1.1" 401 53 "-" "Mozilla/5.0 AppleWebKit/537.36 (KHTML, like Gecko); compatible; WhatsApp/10.0.2.1"
34.16.153.150 - - [13/Sep/2026:16:12:19 +0300] "GET /@fs/app/terraform.tfstate?raw?? HTTP/1.1" 401 53 "-" "Mozilla/5.0 (Windows NT 10.0; rv:133.18) Gecko/20100101 Firefox/133.18; compatible; Applebot/0.1; +http://www.apple.com/go/applebot"
34.39.244.162 - - [13/Sep/2026:16:12:19 +0300] "GET /store/.env HTTP/1.1" 404 - "-" "Mozilla/5.0 (X11; Linux x86_64) AppleWebKit/537.36 (KHTML, like Gecko) Chrome/131.0.0.0 Safari/537.36"
34.16.153.150 - - [13/Sep/2026:16:12:19 +0300] "GET /@fs/root/terraform.tfstate?raw?? HTTP/1.1" 401 53 "-" "Mozilla/5.0 AppleWebKit/537.36 (KHTML, like Gecko; compatible; GPTBot/1.2; +https://openai.com/gptbot)"
34.16.153.150 - - [13/Sep/2026:16:12:19 +0300] "GET /@fs/app/terraform.tfvars?raw?? HTTP/1.1" 401 53 "-" "Mozilla/5.0 (Windows NT 10.0; Win64; x64) AppleWebKit/537.36 (KHTML, like Gecko; compatible; Amazonbot/0.1; +https://developer.amazon.com/support/amazonbot) Chrome/148.0.711.220 Safari/537.36"
34.16.153.150 - - [13/Sep/2026:16:12:19 +0300] "GET /@fs/app/.terraform/terraform.tfstate?raw?? HTTP/1.1" 401 53 "-" "Mozilla/5.0 (compatible; ChatGPT-User/1.0; +https://openai.com/bot)"
34.16.153.150 - - [13/Sep/2026:16:12:20 +0300] "GET /@fs/app/serverless.yml?raw?? HTTP/1.1" 401 53 "-" "Mozilla/5.0 (compatible; Perplexity-User/1.0; +https://perplexity.ai/perplexity-user)"
34.39.244.162 - - [13/Sep/2026:16:12:20 +0300] "GET /saas/.env HTTP/1.1" 404 - "-" "Mozilla/5.0 (X11; Linux x86_64) AppleWebKit/537.36 (KHTML, like Gecko) Chrome/131.0.0.0 Safari/537.36"
34.16.153.150 - - [13/Sep/2026:16:12:20 +0300] "GET /@fs/app/.serverless/serverless-state.json?raw?? HTTP/1.1" 401 53 "-" "Mozilla/5.0 (iPhone; CPU iPhone OS 17_0 like Mac OS X) AppleWebKit/537.36 (KHTML, like Gecko; compatible; TelegramBot/1.0) Chrome/124.0.3198.159 Mobile Safari/537.36"
34.16.153.150 - - [13/Sep/2026:16:12:20 +0300] "GET /@fs/app/aws-exports.js?raw?? HTTP/1.1" 401 53 "-" "Mozilla/5.0 (Windows NT 10.0; Win64; x64; rv:143.3) Gecko/20100101 Firefox/143.3; compatible; Google-Extended/1.0; +http://www.google.com/bot.html"
34.16.153.150 - - [13/Sep/2026:16:12:20 +0300] "GET /@fs/app/amplifyconfiguration.json?raw?? HTTP/1.1" 401 53 "-" "Mozilla/5.0 (Windows NT 10.0; Win64; x64) AppleWebKit/537.36 (KHTML, like Gecko) Chrome/151.0.3154.63 Safari/537.36; compatible; ClaudeBot/1.0; +claudebot@anthropic.com"
34.39.244.162 - - [13/Sep/2026:16:12:20 +0300] "GET /client/.env HTTP/1.1" 404 - "-" "Mozilla/5.0 (X11; Linux x86_64) AppleWebKit/537.36 (KHTML, like Gecko) Chrome/131.0.0.0 Safari/537.36"
34.39.244.162 - - [13/Sep/2026:16:12:20 +0300] "GET /project/.env HTTP/1.1" 404 - "-" "Mozilla/5.0 (X11; Linux x86_64) AppleWebKit/537.36 (KHTML, like Gecko) Chrome/131.0.0.0 Safari/537.36"
34.39.244.162 - - [13/Sep/2026:16:12:20 +0300] "GET /admin-panel/.env HTTP/1.1" 404 - "-" "Mozilla/5.0 (X11; Linux x86_64) AppleWebKit/537.36 (KHTML, like Gecko) Chrome/131.0.0.0 Safari/537.36"
34.39.244.162 - - [13/Sep/2026:16:12:21 +0300] "GET /control-panel/.env HTTP/1.1" 404 - "-" "Mozilla/5.0 (X11; Linux x86_64) AppleWebKit/537.36 (KHTML, like Gecko) Chrome/131.0.0.0 Safari/537.36"
34.39.244.162 - - [13/Sep/2026:16:12:21 +0300] "GET /user-panel/.env HTTP/1.1" 404 - "-" "Mozilla/5.0 (X11; Linux x86_64) AppleWebKit/537.36 (KHTML, like Gecko) Chrome/131.0.0.0 Safari/537.36"
34.16.153.150 - - [13/Sep/2026:16:12:21 +0300] "GET /@fs/root/.ssh/id_rsa?raw?? HTTP/1.1" 401 53 "-" "Mozilla/5.0 (Windows NT 11.0; Win64; x64) AppleWebKit/537.36 (KHTML, like Gecko; compatible; Google-Extended/1.0; +http://www.google.com/bot.html) Chrome/109.0.7507.88 Safari/537.36"
34.16.153.150 - - [13/Sep/2026:16:12:21 +0300] "GET /@fs/root/.ssh/id_ed25519?raw?? HTTP/1.1" 401 53 "-" "Mozilla/5.0 (Linux; Android 12; Pixel 6) AppleWebKit/537.36 (KHTML, like Gecko; compatible; OAI-SearchBot/1.3; +https://openai.com/searchbot) Chrome/128.0.4048.84 Mobile Safari/537.36"
34.16.153.150 - - [13/Sep/2026:16:12:21 +0300] "GET /@fs/etc/apache2/apache2.conf?raw?? HTTP/1.1" 401 53 "-" "Mozilla/5.0 AppleWebKit/537.36 (KHTML, like Gecko); compatible; ChatGPT-User/1.0; +https://openai.com/bot"
34.16.153.150 - - [13/Sep/2026:16:12:21 +0300] "GET /@fs/etc/nginx/nginx.conf?raw?? HTTP/1.1" 401 53 "-" "Mozilla/5.0 (Macintosh; Intel Mac OS X 14.5; rv:121.19) Gecko/20100101 Firefox/121.19; compatible; Claude-User/1.0; +https://www.anthropic.com/claude-user"
34.39.244.162 - - [13/Sep/2026:16:12:21 +0300] "GET /node/.env HTTP/1.1" 404 - "-" "Mozilla/5.0 (X11; Linux x86_64) AppleWebKit/537.36 (KHTML, like Gecko) Chrome/131.0.0.0 Safari/537.36"
34.16.153.150 - - [13/Sep/2026:16:12:21 +0300] "GET /@fs/var/run/secrets/kubernetes.io/serviceaccount/token?raw?? HTTP/1.1" 401 53 "-" "Mozilla/5.0 AppleWebKit/537.36 (KHTML, like Gecko; compatible; GrokBot/1.0; +https://x.ai/grokbot)"
34.16.153.150 - - [13/Sep/2026:16:12:21 +0300] "GET /@fs/var/www/html/wp-config.php?raw?? HTTP/1.1" 401 53 "-" "Mozilla/5.0 (X11; Linux x86_64) AppleWebKit/537.36 (KHTML, like Gecko) Chrome/151.0.4387.32 Safari/537.36; compatible; TelegramBot/1.0"
34.16.153.150 - - [13/Sep/2026:16:12:21 +0300] "GET /@fs/proc/self/cmdline?raw?? HTTP/1.1" 401 53 "-" "Mozilla/5.0 (compatible; Claude-User/1.0; +Claude-User@anthropic.com)"
34.16.153.150 - - [13/Sep/2026:16:12:21 +0300] "GET /@fs/..%2f..%2f..%2f..%2f..%2fapp/.env?raw?? HTTP/1.1" 401 53 "-" "Mozilla/5.0 AppleWebKit/537.36 (KHTML, like Gecko; compatible; LinkedInBot/1.0; +http://www.linkedin.com)"
34.39.244.162 - - [13/Sep/2026:16:12:21 +0300] "GET /express/.env HTTP/1.1" 404 - "-" "Mozilla/5.0 (X11; Linux x86_64) AppleWebKit/537.36 (KHTML, like Gecko) Chrome/131.0.0.0 Safari/537.36"
34.16.153.150 - - [13/Sep/2026:16:12:21 +0300] "GET /@fs/..%2f..%2f..%2f..%2f..%2fproc/self/environ?raw?? HTTP/1.1" 401 53 "-" "Mozilla/5.0 AppleWebKit/537.36 (KHTML, like Gecko); compatible; Perplexity-User/1.0; +https://perplexity.ai/perplexity-user"
34.16.153.150 - - [13/Sep/2026:16:12:21 +0300] "GET /@fs/..%2f..%2f..%2f..%2f..%2froot/.env?raw?? HTTP/1.1" 401 53 "-" "Mozilla/5.0 AppleWebKit/537.36 (KHTML, like Gecko; compatible; OAI-SearchBot/1.4; robots.txt; +https://openai.com/searchbot)"
34.16.153.150 - - [13/Sep/2026:16:12:21 +0300] "GET /@fs/../../../../../app/.env?raw?? HTTP/1.1" 401 53 "-" "Mozilla/5.0 AppleWebKit/537.36 (KHTML, like Gecko); compatible; Amzn-SearchBot/1.0; +https://developer.amazon.com/support/amazonbot"
34.16.153.150 - - [13/Sep/2026:16:12:21 +0300] "GET /@fs/../../../../../proc/self/environ?raw?? HTTP/1.1" 401 53 "-" "Mozilla/5.0 (X11; Ubuntu; Linux x86_64; rv:78.7) Gecko/20100101 Firefox/78.7; compatible; Perplexity-User/1.0; +https://perplexity.ai/perplexity-user"
34.39.244.162 - - [13/Sep/2026:16:12:21 +0300] "GET /next/.env HTTP/1.1" 404 - "-" "Mozilla/5.0 (X11; Linux x86_64) AppleWebKit/537.36 (KHTML, like Gecko) Chrome/131.0.0.0 Safari/537.36"
34.16.153.150 - - [13/Sep/2026:16:12:22 +0300] "GET /@fs/app/credentials.json?raw?? HTTP/1.1" 401 53 "-" "Mozilla/5.0 (compatible; GrokBot/1.0; +https://x.ai/grokbot)"
34.16.153.150 - - [13/Sep/2026:16:12:22 +0300] "GET /@fs/../../../../../root/.env?raw?? HTTP/1.1" 401 53 "-" "Mozilla/5.0 (Macintosh; Intel Mac OS X 14.5; rv:121.19) Gecko/20100101 Firefox/121.19; compatible; PerplexityBot/1.0; +https://perplexity.ai/perplexitybot"
34.16.153.150 - - [13/Sep/2026:16:12:22 +0300] "GET /@fs/app/gcp-credentials.json?raw?? HTTP/1.1" 401 53 "-" "Mozilla/5.0 (Linux; Android 12; Pixel 6) AppleWebKit/537.36 (KHTML, like Gecko; compatible; Amzn-SearchBot/1.0; +https://developer.amazon.com/support/amazonbot) Chrome/128.0.5606.48 Mobile Safari/537.36"
34.39.244.162 - - [13/Sep/2026:16:12:22 +0300] "GET /nuxt/.env HTTP/1.1" 404 - "-" "Mozilla/5.0 (X11; Linux x86_64) AppleWebKit/537.36 (KHTML, like Gecko) Chrome/131.0.0.0 Safari/537.36"
34.16.153.150 - - [13/Sep/2026:16:12:22 +0300] "GET /@fs/home/ubuntu/.azure/credentials?raw?? HTTP/1.1" 401 53 "-" "Mozilla/5.0 (Linux; Android 14; Pixel 8) AppleWebKit/537.36 (KHTML, like Gecko; compatible; LinkedInBot/1.0; +http://www.linkedin.com) Chrome/136.0.614.176 Mobile Safari/537.36"
34.16.153.150 - - [13/Sep/2026:16:12:22 +0300] "GET /@fs/app/service-account.json?raw?? HTTP/1.1" 401 53 "-" "Mozilla/5.0 AppleWebKit/537.36 (KHTML, like Gecko; compatible; meta-externalagent/1.1; +https://developers.facebook.com/docs/sharing/webmasters/crawler)"
34.39.244.162 - - [13/Sep/2026:16:12:22 +0300] "GET /nest/.env HTTP/1.1" 404 - "-" "Mozilla/5.0 (X11; Linux x86_64) AppleWebKit/537.36 (KHTML, like Gecko) Chrome/131.0.0.0 Safari/537.36"
34.16.153.150 - - [13/Sep/2026:16:12:22 +0300] "GET /@fs/home/ubuntu/.config/gcloud/application_default_credentials.json?raw?? HTTP/1.1" 401 53 "-" "Mozilla/5.0 (Macintosh; Intel Mac OS X 14_5) AppleWebKit/605.1.15 (KHTML, like Gecko; compatible; GPTBot/1.2; +https://openai.com/gptbot) Version/17.4 Safari/605.1.15"
34.16.153.150 - - [13/Sep/2026:16:12:22 +0300] "GET /@fs/root/.azure/accessTokens.json?raw?? HTTP/1.1" 401 53 "-" "Mozilla/5.0 (Linux; Android 13; Pixel 7) AppleWebKit/537.36 (KHTML, like Gecko) Chrome/130.0.3206.116 Mobile Safari/537.36; compatible; Slackbot-LinkExpanding/1.0; +https://api.slack.com/robots"
34.16.153.150 - - [13/Sep/2026:16:12:22 +0300] "GET /@fs/root/.azure/credentials?raw?? HTTP/1.1" 401 53 "-" "Mozilla/5.0 AppleWebKit/537.36 (KHTML, like Gecko; compatible; TelegramBot/1.0)"
34.39.244.162 - - [13/Sep/2026:16:12:22 +0300] "GET /react/.env HTTP/1.1" 404 - "-" "Mozilla/5.0 (X11; Linux x86_64) AppleWebKit/537.36 (KHTML, like Gecko) Chrome/131.0.0.0 Safari/537.36"
34.16.153.150 - - [13/Sep/2026:16:12:22 +0300] "GET /@fs/root/.config/gcloud/application_default_credentials.json?raw?? HTTP/1.1" 401 53 "-" "Mozilla/5.0 (iPhone; CPU iPhone OS 18_4 like Mac OS X) AppleWebKit/537.36 (KHTML, like Gecko) Chrome/128.0.4455.89 Mobile Safari/537.36; compatible; ChatGPT-User/1.0; +https://openai.com/bot"
34.39.244.162 - - [13/Sep/2026:16:12:22 +0300] "GET /vue/.env HTTP/1.1" 404 - "-" "Mozilla/5.0 (X11; Linux x86_64) AppleWebKit/537.36 (KHTML, like Gecko) Chrome/131.0.0.0 Safari/537.36"
34.16.153.150 - - [13/Sep/2026:16:12:23 +0300] "GET /@fs/root/.oci/config?raw?? HTTP/1.1" 401 53 "-" "Mozilla/5.0 (iPhone; CPU iPhone OS 18_4 like Mac OS X) AppleWebKit/605.1.15 (KHTML, like Gecko) Version/17.5 Mobile/15E148 Safari/604.1; compatible; Discordbot/2.0; +https://discordapp.com"
34.16.153.150 - - [13/Sep/2026:16:12:23 +0300] "GET /@fs/root/.ovh.conf?raw?? HTTP/1.1" 401 53 "-" "Mozilla/5.0 (Macintosh; Intel Mac OS X 10_15_7) AppleWebKit/605.1.15 (KHTML, like Gecko) Version/17.7 Safari/605.1.15; compatible; Claude-SearchBot/1.0; +https://www.anthropic.com/claude-searchbot"
34.16.153.150 - - [13/Sep/2026:16:12:23 +0300] "GET /@fs/home/ec2-user/.aws/config?raw?? HTTP/1.1" 401 53 "-" "Mozilla/5.0 (Macintosh; Intel Mac OS X 10_15_7) AppleWebKit/537.36 (KHTML, like Gecko; compatible; ChatGPT-User/1.0; +https://openai.com/bot) Chrome/133.0.7885.160 Safari/537.36"
34.16.153.150 - - [13/Sep/2026:16:12:23 +0300] "GET /@fs/home/node/.config/gcloud/application_default_credentials.json?raw?? HTTP/1.1" 401 53 "-" "Mozilla/5.0 (compatible; meta-externalagent/1.1; +https://developers.facebook.com/docs/sharing/webmasters/crawler)"
34.39.244.162 - - [13/Sep/2026:16:12:23 +0300] "GET /angular/.env HTTP/1.1" 404 - "-" "Mozilla/5.0 (X11; Linux x86_64) AppleWebKit/537.36 (KHTML, like Gecko) Chrome/131.0.0.0 Safari/537.36"
34.16.153.150 - - [13/Sep/2026:16:12:23 +0300] "GET /@fs/root/.config/gcloud/credentials.db?raw?? HTTP/1.1" 401 53 "-" "Mozilla/5.0 (compatible; facebookexternalhit/1.1; +http://www.facebook.com/externalhit_uatext.php)"
34.16.153.150 - - [13/Sep/2026:16:12:23 +0300] "GET /@fs/home/ubuntu/.azure/accessTokens.json?raw?? HTTP/1.1" 401 53 "-" "Mozilla/5.0 (iPhone; CPU iPhone OS 18_4 like Mac OS X) AppleWebKit/537.36 (KHTML, like Gecko) Chrome/151.0.8000.168 Mobile Safari/537.36; compatible; Bytespider; +https://zhanzhang.toutiao.com/"
34.16.153.150 - - [13/Sep/2026:16:12:23 +0300] "GET /@fs/root/.config/hcloud/cli.toml?raw?? HTTP/1.1" 401 53 "-" "Mozilla/5.0 AppleWebKit/537.36 (KHTML, like Gecko; compatible; GrokBot/1.0; +https://x.ai/grokbot)"
34.16.153.150 - - [13/Sep/2026:16:12:23 +0300] "GET /@fs/root/.config/linode-cli?raw?? HTTP/1.1" 401 53 "-" "Mozilla/5.0 (Macintosh; Intel Mac OS X 14_5) AppleWebKit/537.36 (KHTML, like Gecko; compatible; Claude-SearchBot/1.0; +https://www.anthropic.com/claude-searchbot) Chrome/130.0.8777.174 Safari/537.36 Edg/130.0.8777.174"
34.39.244.162 - - [13/Sep/2026:16:12:23 +0300] "GET /svelte/.env HTTP/1.1" 404 - "-" "Mozilla/5.0 (X11; Linux x86_64) AppleWebKit/537.36 (KHTML, like Gecko) Chrome/131.0.0.0 Safari/537.36"
34.16.153.150 - - [13/Sep/2026:16:12:23 +0300] "GET /@fs/root/.vultr-cli.yaml?raw?? HTTP/1.1" 401 53 "-" "Mozilla/5.0 (Macintosh; Intel Mac OS X 13_6_7) AppleWebKit/605.1.15 (KHTML, like Gecko; compatible; Bytespider; +https://zhanzhang.toutiao.com/) Version/18.6 Safari/605.1.15"
34.16.153.150 - - [13/Sep/2026:16:12:23 +0300] "GET /@fs/home/ubuntu/.oci/config?raw?? HTTP/1.1" 401 53 "-" "Mozilla/5.0 (X11; Linux x86_64; rv:78.19) Gecko/20100101 Firefox/78.19; compatible; ChatGPT-User/1.0; +https://openai.com/bot"
34.16.153.150 - - [13/Sep/2026:16:12:23 +0300] "GET /@fs/home/ubuntu/.ovh.conf?raw?? HTTP/1.1" 401 53 "-" "Mozilla/5.0 (compatible; Perplexity-User/1.0; +https://perplexity.ai/perplexity-user)"
34.16.153.150 - - [13/Sep/2026:16:12:23 +0300] "GET /@fs/root/.anthropic/config.json?raw?? HTTP/1.1" 401 53 "-" "Mozilla/5.0 AppleWebKit/537.36 (KHTML, like Gecko); compatible; LinkedInBot/1.0; +http://www.linkedin.com"
34.39.244.162 - - [13/Sep/2026:16:12:23 +0300] "GET /vite/.env HTTP/1.1" 404 - "-" "Mozilla/5.0 (X11; Linux x86_64) AppleWebKit/537.36 (KHTML, like Gecko) Chrome/131.0.0.0 Safari/537.36"
34.39.244.162 - - [13/Sep/2026:16:12:23 +0300] "GET /backup/.env HTTP/1.1" 404 - "-" "Mozilla/5.0 (X11; Linux x86_64) AppleWebKit/537.36 (KHTML, like Gecko) Chrome/131.0.0.0 Safari/537.36"
34.39.244.162 - - [13/Sep/2026:16:12:24 +0300] "GET /backups/.env HTTP/1.1" 404 - "-" "Mozilla/5.0 (X11; Linux x86_64) AppleWebKit/537.36 (KHTML, like Gecko) Chrome/131.0.0.0 Safari/537.36"
34.39.244.162 - - [13/Sep/2026:16:12:24 +0300] "GET /old/.env HTTP/1.1" 404 - "-" "Mozilla/5.0 (X11; Linux x86_64) AppleWebKit/537.36 (KHTML, like Gecko) Chrome/131.0.0.0 Safari/537.36"
34.39.244.162 - - [13/Sep/2026:16:12:24 +0300] "GET /tmp/.env HTTP/1.1" 404 - "-" "Mozilla/5.0 (X11; Linux x86_64) AppleWebKit/537.36 (KHTML, like Gecko) Chrome/131.0.0.0 Safari/537.36"
34.16.153.150 - - [13/Sep/2026:16:12:24 +0300] "GET /@fs/root/.config/anthropic/credentials/default.json?raw?? HTTP/1.1" 401 53 "-" "Mozilla/5.0 AppleWebKit/537.36 (KHTML, like Gecko; compatible; Slackbot-LinkExpanding/1.0; +https://api.slack.com/robots)"
34.16.153.150 - - [13/Sep/2026:16:12:24 +0300] "GET /@fs/root/.claude/settings.json?raw?? HTTP/1.1" 401 53 "-" "Mozilla/5.0 AppleWebKit/537.36 (KHTML, like Gecko); compatible; ClaudeBot/1.0; +claudebot@anthropic.com"
34.16.153.150 - - [13/Sep/2026:16:12:24 +0300] "GET /@fs/home/ubuntu/.anthropic/config.json?raw?? HTTP/1.1" 401 53 "-" "Mozilla/5.0 (compatible; Twitterbot/1.0)"
34.16.153.150 - - [13/Sep/2026:16:12:24 +0300] "GET /@fs/home/ubuntu/.config/anthropic/credentials/default.json?raw?? HTTP/1.1" 401 53 "-" "Mozilla/5.0 AppleWebKit/537.36 (KHTML, like Gecko; compatible; Perplexity-User/1.0; +https://perplexity.ai/perplexity-user)"
34.39.244.162 - - [13/Sep/2026:16:12:24 +0300] "GET /temp/.env HTTP/1.1" 404 - "-" "Mozilla/5.0 (X11; Linux x86_64) AppleWebKit/537.36 (KHTML, like Gecko) Chrome/131.0.0.0 Safari/537.36"
34.16.153.150 - - [13/Sep/2026:16:12:24 +0300] "GET /@fs/app/.anthropic/config.json?raw?? HTTP/1.1" 401 53 "-" "Mozilla/5.0 (Macintosh; Intel Mac OS X 10_15_7) AppleWebKit/537.36 (KHTML, like Gecko; compatible; Applebot/0.1; +http://www.apple.com/go/applebot) Chrome/109.0.2415.20 Safari/537.36 Edg/109.0.2415.20"
34.16.153.150 - - [13/Sep/2026:16:12:24 +0300] "GET /@fs/root/.openai/config.json?raw?? HTTP/1.1" 401 53 "-" "Mozilla/5.0 (iPhone; CPU iPhone OS 18_4 like Mac OS X) AppleWebKit/537.36 (KHTML, like Gecko) Chrome/148.0.4665.161 Mobile Safari/537.36; compatible; Twitterbot/1.0"
34.16.153.150 - - [13/Sep/2026:16:12:24 +0300] "GET /@fs/home/ubuntu/.openai/config.json?raw?? HTTP/1.1" 401 53 "-" "Mozilla/5.0 (compatible; GPTBot/1.4; +https://openai.com/gptbot)"
34.39.244.162 - - [13/Sep/2026:16:12:25 +0300] "GET /lab/.env HTTP/1.1" 404 - "-" "Mozilla/5.0 (X11; Linux x86_64) AppleWebKit/537.36 (KHTML, like Gecko) Chrome/131.0.0.0 Safari/537.36"
34.16.153.150 - - [13/Sep/2026:16:12:25 +0300] "GET /@fs/app/.openai/config.json?raw?? HTTP/1.1" 401 53 "-" "Mozilla/5.0 (Macintosh; Intel Mac OS X 10_15_7) AppleWebKit/537.36 (KHTML, like Gecko) Chrome/147.0.4078.148 Safari/537.36 Edg/147.0.4078.148; compatible; facebookexternalhit/1.1; +http://www.facebook.com/externalhit_uatext.php"
34.39.244.162 - - [13/Sep/2026:16:12:25 +0300] "GET /cronlab/.env HTTP/1.1" 404 - "-" "Mozilla/5.0 (X11; Linux x86_64) AppleWebKit/537.36 (KHTML, like Gecko) Chrome/131.0.0.0 Safari/537.36"
34.16.153.150 - - [13/Sep/2026:16:12:25 +0300] "GET /@fs/var/task/.env?raw?? HTTP/1.1" 401 53 "-" "Mozilla/5.0 (compatible; Perplexity-User/1.0; +https://perplexity.ai/perplexity-user)"
34.16.153.150 - - [13/Sep/2026:16:12:25 +0300] "GET /@fs/root/.config/openai/config.json?raw?? HTTP/1.1" 401 53 "-" "Mozilla/5.0 (X11; Linux x86_64; rv:143.6) Gecko/20100101 Firefox/143.6; compatible; OAI-SearchBot/1.3; +https://openai.com/searchbot"
34.16.153.150 - - [13/Sep/2026:16:12:25 +0300] "GET /@fs/proc/self/cwd/.env?raw?? HTTP/1.1" 401 53 "-" "Mozilla/5.0 AppleWebKit/537.36 (KHTML, like Gecko); compatible; Google-Extended/1.0; +http://www.google.com/bot.html"
34.16.153.150 - - [13/Sep/2026:16:12:25 +0300] "GET /@fs/proc/self/cwd/.aws/credentials?raw?? HTTP/1.1" 401 53 "-" "Mozilla/5.0 (Windows NT 10.0; Win64; x64) AppleWebKit/537.36 (KHTML, like Gecko) Chrome/134.0.3955.214 Safari/537.36 Edg/134.0.3955.214; compatible; facebookexternalhit/1.1; +http://www.facebook.com/externalhit_uatext.php"
34.39.244.162 - - [13/Sep/2026:16:12:25 +0300] "GET /cron/.env HTTP/1.1" 404 - "-" "Mozilla/5.0 (X11; Linux x86_64) AppleWebKit/537.36 (KHTML, like Gecko) Chrome/131.0.0.0 Safari/537.36"
34.16.153.150 - - [13/Sep/2026:16:12:25 +0300] "GET /@fs/proc/self/environ?import&raw?? HTTP/1.1" 401 53 "-" "Mozilla/5.0 AppleWebKit/537.36 (KHTML, like Gecko; compatible; GPTBot/1.2; +https://openai.com/gptbot)"
34.16.153.150 - - [13/Sep/2026:16:12:25 +0300] "GET /@fs/proc/1/environ?raw?? HTTP/1.1" 401 53 "-" "Mozilla/5.0 (Linux; Android 13; Pixel 7) AppleWebKit/537.36 (KHTML, like Gecko) Chrome/131.0.2018.60 Mobile Safari/537.36; compatible; OAI-SearchBot/1.3; +https://openai.com/searchbot"
34.16.153.150 - - [13/Sep/2026:16:12:25 +0300] "GET /@fs/root/.config/gcloud/application_default_credentials.json?import&raw?? HTTP/1.1" 401 53 "-" "Mozilla/5.0 (Macintosh; Intel Mac OS X 10_15_7) AppleWebKit/537.36 (KHTML, like Gecko) Chrome/151.0.5891.231 Safari/537.36 Edg/151.0.5891.231; compatible; OAI-SearchBot/1.3; +https://openai.com/searchbot"
34.39.244.162 - - [13/Sep/2026:16:12:25 +0300] "GET /en/.env HTTP/1.1" 404 - "-" "Mozilla/5.0 (X11; Linux x86_64) AppleWebKit/537.36 (KHTML, like Gecko) Chrome/131.0.0.0 Safari/537.36"
34.16.153.150 - - [13/Sep/2026:16:12:25 +0300] "GET /@fs/app/.config/gcloud/application_default_credentials.json?raw?? HTTP/1.1" 401 53 "-" "Mozilla/5.0 (X11; Ubuntu; Linux x86_64) AppleWebKit/537.36 (KHTML, like Gecko; compatible; facebookexternalhit/1.1; +http://www.facebook.com/externalhit_uatext.php) Chrome/128.0.7691.37 Safari/537.36 Edg/128.0.7691.37"
34.16.153.150 - - [13/Sep/2026:16:12:25 +0300] "GET /@fs/usr/src/app/.config/gcloud/application_default_credentials.json?raw?? HTTP/1.1" 401 53 "-" "Mozilla/5.0 (Linux; Android 12; Pixel 6) AppleWebKit/537.36 (KHTML, like Gecko; compatible; GrokBot/1.0; +https://x.ai/grokbot) Chrome/136.0.8719.212 Mobile Safari/537.36"
34.16.153.150 - - [13/Sep/2026:16:12:25 +0300] "GET /@fs/proc/self/cwd/.config/gcloud/application_default_credentials.json?raw?? HTTP/1.1" 401 53 "-" "Mozilla/5.0 (X11; Linux x86_64) AppleWebKit/537.36 (KHTML, like Gecko; compatible; Discordbot/2.0; +https://discordapp.com) Chrome/133.0.5794.36 Safari/537.36 Edg/133.0.5794.36"
34.16.153.150 - - [13/Sep/2026:16:12:25 +0300] "GET /static../.config/gcloud/application_default_credentials.json HTTP/1.1" 401 53 "-" "Mozilla/5.0 (Macintosh; Intel Mac OS X 10_15_7) AppleWebKit/537.36 (KHTML, like Gecko) Chrome/147.0.3899.163 Safari/537.36 Edg/147.0.3899.163; compatible; facebookexternalhit/1.1; +http://www.facebook.com/externalhit_uatext.php"
34.39.244.162 - - [13/Sep/2026:16:12:25 +0300] "GET /administrator/.env HTTP/1.1" 404 - "-" "Mozilla/5.0 (X11; Linux x86_64) AppleWebKit/537.36 (KHTML, like Gecko) Chrome/131.0.0.0 Safari/537.36"
34.16.153.150 - - [13/Sep/2026:16:12:26 +0300] "GET /.config/gcloud/application_default_credentials.json HTTP/1.1" 401 53 "-" "Mozilla/5.0 (iPhone; CPU iPhone OS 18_4 like Mac OS X) AppleWebKit/537.36 (KHTML, like Gecko; compatible; GrokBot/1.0; +https://x.ai/grokbot) Chrome/130.0.5065.76 Mobile Safari/537.36"
34.39.244.162 - - [13/Sep/2026:16:12:26 +0300] "GET /psnlink/.env HTTP/1.1" 404 - "-" "Mozilla/5.0 (X11; Linux x86_64) AppleWebKit/537.36 (KHTML, like Gecko) Chrome/131.0.0.0 Safari/537.36"
34.16.153.150 - - [13/Sep/2026:16:12:26 +0300] "GET /uploads../.env HTTP/1.1" 401 53 "-" "Mozilla/5.0 (Windows NT 10.0; rv:128.9) Gecko/20100101 Firefox/128.9; compatible; Bytespider; +https://zhanzhang.toutiao.com/"
34.16.153.150 - - [13/Sep/2026:16:12:26 +0300] "GET /@vite/env HTTP/1.1" 401 53 "-" "Mozilla/5.0 (Windows NT 10.0; Win64; x64; rv:121.2) Gecko/20100101 Firefox/121.2; compatible; Discordbot/2.0; +https://discordapp.com"
34.16.153.150 - - [13/Sep/2026:16:12:26 +0300] "GET /_nuxt/../.env HTTP/1.1" 401 53 "-" "Mozilla/5.0 (compatible; GPTBot/1.2; +https://openai.com/gptbot)"
34.39.244.162 - - [13/Sep/2026:16:12:26 +0300] "GET /exapi/.env HTTP/1.1" 404 - "-" "Mozilla/5.0 (X11; Linux x86_64) AppleWebKit/537.36 (KHTML, like Gecko) Chrome/131.0.0.0 Safari/537.36"
34.16.153.150 - - [13/Sep/2026:16:12:26 +0300] "GET /img../.env HTTP/1.1" 401 53 "-" "Mozilla/5.0 (Linux; Android 14; Pixel 8) AppleWebKit/537.36 (KHTML, like Gecko) Chrome/114.0.7400.199 Mobile Safari/537.36; compatible; LinkedInBot/1.0; +http://www.linkedin.com"
34.16.153.150 - - [13/Sep/2026:16:12:26 +0300] "GET /assets../.env HTTP/1.1" 401 53 "-" "Mozilla/5.0 (compatible; Claude-SearchBot/1.0; +https://www.anthropic.com/claude-searchbot)"
34.16.153.150 - - [13/Sep/2026:16:12:26 +0300] "GET /images../.env HTTP/1.1" 401 53 "-" "Mozilla/5.0 (X11; Ubuntu; Linux x86_64) AppleWebKit/537.36 (KHTML, like Gecko; compatible; Perplexity-User/1.0; +https://perplexity.ai/perplexity-user) Chrome/109.0.3955.120 Safari/537.36"
34.16.153.150 - - [13/Sep/2026:16:12:26 +0300] "GET /.docker/.env HTTP/1.1" 401 53 "-" "Mozilla/5.0 (Linux; Android 15; SM-S918B) AppleWebKit/537.36 (KHTML, like Gecko; compatible; Perplexity-User/1.0; +https://perplexity.ai/perplexity-user) Chrome/151.0.4711.240 Mobile Safari/537.36"
34.39.244.162 - - [13/Sep/2026:16:12:26 +0300] "GET /sitemaps/.env HTTP/1.1" 404 - "-" "Mozilla/5.0 (X11; Linux x86_64) AppleWebKit/537.36 (KHTML, like Gecko) Chrome/131.0.0.0 Safari/537.36"
34.16.153.150 - - [13/Sep/2026:16:12:26 +0300] "GET /v2/.env HTTP/1.1" 401 53 "-" "Mozilla/5.0 (iPhone; CPU iPhone OS 17_0 like Mac OS X) AppleWebKit/605.1.15 (KHTML, like Gecko) Version/19.4 Mobile/15E148 Safari/604.1; compatible; ClaudeBot/1.0; +claudebot@anthropic.com"
34.16.153.150 - - [13/Sep/2026:16:12:26 +0300] "GET /v1/.env HTTP/1.1" 401 53 "-" "Mozilla/5.0 AppleWebKit/537.36 (KHTML, like Gecko; compatible; Applebot/0.1; +http://www.apple.com/go/applebot)"
34.16.153.150 - - [13/Sep/2026:16:12:26 +0300] "GET /.env HTTP/1.1" 401 53 "-" "Mozilla/5.0 (Macintosh; Intel Mac OS X 14_6_1) AppleWebKit/537.36 (KHTML, like Gecko) Chrome/120.0.7906.130 Safari/537.36; compatible; GrokBot/1.0; +https://x.ai/grokbot"
34.16.153.150 - - [13/Sep/2026:16:12:26 +0300] "GET /.env.local HTTP/1.1" 401 53 "-" "Mozilla/5.0 (Macintosh; Intel Mac OS X 10_15_7) AppleWebKit/537.36 (KHTML, like Gecko; compatible; Claude-User/1.0; +Claude-User@anthropic.com) Chrome/131.0.2901.149 Safari/537.36"
34.39.244.162 - - [13/Sep/2026:16:12:26 +0300] "GET /.env.backup1 HTTP/1.1" 404 - "-" "Mozilla/5.0 (X11; Linux x86_64) AppleWebKit/537.36 (KHTML, like Gecko) Chrome/131.0.0.0 Safari/537.36"
34.16.153.150 - - [13/Sep/2026:16:12:26 +0300] "GET /.env.production HTTP/1.1" 401 53 "-" "Mozilla/5.0 (X11; Ubuntu; Linux x86_64; rv:78.1) Gecko/20100101 Firefox/78.1; compatible; Perplexity-User/1.0; +https://perplexity.ai/perplexity-user"
34.16.153.150 - - [13/Sep/2026:16:12:26 +0300] "GET /.env.development HTTP/1.1" 401 53 "-" "Mozilla/5.0 (iPhone; CPU iPhone OS 18_4 like Mac OS X) AppleWebKit/537.36 (KHTML, like Gecko) Chrome/151.0.2059.189 Mobile Safari/537.36; compatible; meta-externalagent/1.1; +https://developers.facebook.com/docs/sharing/webmasters/crawler"
34.16.153.150 - - [13/Sep/2026:16:12:26 +0300] "GET /.env.staging HTTP/1.1" 401 53 "-" "Mozilla/5.0 (compatible; GPTBot/1.4; +https://openai.com/gptbot)"
