34.16.153.150 - - [13/Sep/2026:16:12:38 +0300] "GET /config/anthropic.json HTTP/1.1" 401 53 "-" "Mozilla/5.0 (iPhone; CPU iPhone OS 16_4 like Mac OS X) AppleWebKit/605.1.15 (KHTML, like Gecko) Version/19.4 Mobile/15E148 Safari/604.1; compatible; Perplexity-User/1.0; +https://perplexity.ai/perplexity-user"
34.16.153.150 - - [13/Sep/2026:16:12:38 +0300] "GET /@fs/home/azureuser/.azure/credentials?raw?? HTTP/1.1" 401 53 "-" "Mozilla/5.0 (Macintosh; Intel Mac OS X 10_15_7) AppleWebKit/605.1.15 (KHTML, like Gecko) Version/19.1 Safari/605.1.15; compatible; Claude-User/1.0; +Claude-User@anthropic.com"
34.16.153.150 - - [13/Sep/2026:16:12:38 +0300] "GET /@fs/proc/self/cwd/.azure/credentials?raw?? HTTP/1.1" 401 53 "-" "Mozilla/5.0 (compatible; Twitterbot/1.0)"
34.39.244.162 - - [13/Sep/2026:16:12:38 +0300] "GET /kafka/.env HTTP/1.1" 404 - "-" "Mozilla/5.0 (X11; Linux x86_64) AppleWebKit/537.36 (KHTML, like Gecko) Chrome/131.0.0.0 Safari/537.36"
34.16.153.150 - - [13/Sep/2026:16:12:38 +0300] "GET /static../.azure/credentials HTTP/1.1" 401 53 "-" "Mozilla/5.0 (Windows NT 10.0; Win64; x64; rv:105.10) Gecko/20100101 Firefox/105.10; compatible; PerplexityBot/1.0; +https://perplexity.ai/perplexitybot"
34.16.153.150 - - [13/Sep/2026:16:12:38 +0300] "GET /static../.azure/accessTokens.json HTTP/1.1" 401 53 "-" "Mozilla/5.0 (Windows NT 10.0; Win64; x64) AppleWebKit/537.36 (KHTML, like Gecko) Chrome/147.0.4458.216 Safari/537.36; compatible; Claude-SearchBot/1.0; +https://www.anthropic.com/claude-searchbot"
34.16.153.150 - - [13/Sep/2026:16:12:38 +0300] "GET /media../.azure/credentials HTTP/1.1" 401 53 "-" "Mozilla/5.0 (Linux; Android 12; Pixel 6) AppleWebKit/537.36 (KHTML, like Gecko; compatible; Amazonbot/0.1; +https://developer.amazon.com/support/amazonbot) Chrome/148.0.8515.64 Mobile Safari/537.36"
34.39.244.162 - - [13/Sep/2026:16:12:38 +0300] "GET /queue/.env HTTP/1.1" 404 - "-" "Mozilla/5.0 (X11; Linux x86_64) AppleWebKit/537.36 (KHTML, like Gecko) Chrome/131.0.0.0 Safari/537.36"
34.16.153.150 - - [13/Sep/2026:16:12:38 +0300] "GET /_next/../.azure/credentials HTTP/1.1" 401 53 "-" "Mozilla/5.0 (compatible; Claude-User/1.0; +https://www.anthropic.com/claude-user)"
34.39.244.162 - - [13/Sep/2026:16:12:39 +0300] "GET /worker/.env HTTP/1.1" 404 - "-" "Mozilla/5.0 (X11; Linux x86_64) AppleWebKit/537.36 (KHTML, like Gecko) Chrome/131.0.0.0 Safari/537.36"
34.16.153.150 - - [13/Sep/2026:16:12:39 +0300] "GET /.azure/config HTTP/1.1" 401 53 "-" "Mozilla/5.0 (iPhone; CPU iPhone OS 16_4 like Mac OS X) AppleWebKit/605.1.15 (KHTML, like Gecko; compatible; TelegramBot/1.0) Version/16.7 Mobile/15E148 Safari/604.1"
34.16.153.150 - - [13/Sep/2026:16:12:39 +0300] "GET /home/ubuntu/.azure/credentials HTTP/1.1" 401 53 "-" "Mozilla/5.0 (X11; Ubuntu; Linux x86_64) AppleWebKit/537.36 (KHTML, like Gecko; compatible; ChatGPT-User/1.0; +https://openai.com/bot) Chrome/114.0.3061.237 Safari/537.36 Edg/114.0.3061.237"
34.16.153.150 - - [13/Sep/2026:16:12:39 +0300] "GET /home/azureuser/.azure/credentials HTTP/1.1" 401 53 "-" "Mozilla/5.0 AppleWebKit/537.36 (KHTML, like Gecko); compatible; Claude-User/1.0; +Claude-User@anthropic.com"
34.16.153.150 - - [13/Sep/2026:16:12:39 +0300] "GET /home/ubuntu/.azure/accessTokens.json HTTP/1.1" 401 53 "-" "Mozilla/5.0 AppleWebKit/537.36 (KHTML, like Gecko; compatible; WhatsApp/10.0.2.1)"
34.16.153.150 - - [13/Sep/2026:16:12:39 +0300] "GET /azure.json HTTP/1.1" 401 53 "-" "Mozilla/5.0 AppleWebKit/537.36 (KHTML, like Gecko; compatible; Amzn-SearchBot/1.0; +https://developer.amazon.com/support/amazonbot)"
34.16.153.150 - - [13/Sep/2026:16:12:39 +0300] "GET /config.env HTTP/1.1" 401 53 "-" "Mozilla/5.0 (Macintosh; Intel Mac OS X 10.15; rv:78.1) Gecko/20100101 Firefox/78.1; compatible; TelegramBot/1.0"
34.16.153.150 - - [13/Sep/2026:16:12:39 +0300] "GET /secrets.env HTTP/1.1" 401 53 "-" "Mozilla/5.0 (iPhone; CPU iPhone OS 17_0 like Mac OS X) AppleWebKit/537.36 (KHTML, like Gecko; compatible; ChatGPT-User/1.0; +https://openai.com/bot) Chrome/120.0.8095.146 Mobile Safari/537.36"
34.16.153.150 - - [13/Sep/2026:16:12:39 +0300] "GET /sendgrid.env HTTP/1.1" 401 53 "-" "Mozilla/5.0 AppleWebKit/537.36 (KHTML, like Gecko; compatible; Applebot/0.1; +http://www.apple.com/go/applebot)"
34.39.244.162 - - [13/Sep/2026:16:12:39 +0300] "GET /job/.env HTTP/1.1" 404 - "-" "Mozilla/5.0 (X11; Linux x86_64) AppleWebKit/537.36 (KHTML, like Gecko) Chrome/131.0.0.0 Safari/537.36"
34.16.153.150 - - [13/Sep/2026:16:12:40 +0300] "GET /app/.env.local HTTP/1.1" 401 53 "-" "Mozilla/5.0 (X11; Linux x86_64) AppleWebKit/537.36 (KHTML, like Gecko) Chrome/134.0.5121.151 Safari/537.36; compatible; Google-Extended/1.0; +http://www.google.com/bot.html"
34.16.153.150 - - [13/Sep/2026:16:12:40 +0300] "GET /app/.env.production HTTP/1.1" 401 53 "-" "Mozilla/5.0 AppleWebKit/537.36 (KHTML, like Gecko); compatible; Google-Extended/1.0; +http://www.google.com/bot.html"
34.16.153.150 - - [13/Sep/2026:16:12:40 +0300] "GET /client/.env HTTP/1.1" 401 53 "-" "Mozilla/5.0 AppleWebKit/537.36 (KHTML, like Gecko; compatible; TelegramBot/1.0)"
34.39.244.162 - - [13/Sep/2026:16:12:40 +0300] "GET /test/.env HTTP/1.1" 404 - "-" "Mozilla/5.0 (X11; Linux x86_64) AppleWebKit/537.36 (KHTML, like Gecko) Chrome/131.0.0.0 Safari/537.36"
34.16.153.150 - - [13/Sep/2026:16:12:40 +0300] "GET /backup/.env HTTP/1.1" 401 53 "-" "Mozilla/5.0 (X11; Ubuntu; Linux x86_64; rv:133.1) Gecko/20100101 Firefox/133.1; compatible; Bytespider; +https://zhanzhang.toutiao.com/"
34.16.153.150 - - [13/Sep/2026:16:12:40 +0300] "GET /dev/.env HTTP/1.1" 401 53 "-" "Mozilla/5.0 (compatible; Discordbot/2.0; +https://discordapp.com)"
34.16.153.150 - - [13/Sep/2026:16:12:40 +0300] "GET /production/.env HTTP/1.1" 401 53 "-" "Mozilla/5.0 AppleWebKit/537.36 (KHTML, like Gecko; compatible; Twitterbot/1.0)"
34.16.153.150 - - [13/Sep/2026:16:12:40 +0300] "GET /staging/.env HTTP/1.1" 401 53 "-" "Mozilla/5.0 (compatible; WhatsApp/10.0.2.1)"
34.39.244.162 - - [13/Sep/2026:16:12:40 +0300] "GET /qa/.env HTTP/1.1" 404 - "-" "Mozilla/5.0 (X11; Linux x86_64) AppleWebKit/537.36 (KHTML, like Gecko) Chrome/131.0.0.0 Safari/537.36"
34.16.153.150 - - [13/Sep/2026:16:12:40 +0300] "GET /.env.docker HTTP/1.1" 401 53 "-" "Mozilla/5.0 (compatible; facebookexternalhit/1.1; +http://www.facebook.com/externalhit_uatext.php)"
34.16.153.150 - - [13/Sep/2026:16:12:40 +0300] "GET /.gitlab-ci.yml HTTP/1.1" 401 53 "-" "Mozilla/5.0 AppleWebKit/537.36 (KHTML, like Gecko); compatible; GPTBot/1.4; +https://openai.com/gptbot"
34.16.153.150 - - [13/Sep/2026:16:12:40 +0300] "GET /.github/workflows/deploy.yml HTTP/1.1" 401 53 "-" "Mozilla/5.0 AppleWebKit/537.36 (KHTML, like Gecko; compatible; LinkedInBot/1.0; +http://www.linkedin.com)"
34.16.153.150 - - [13/Sep/2026:16:12:40 +0300] "GET /.azure/accessTokens.json HTTP/1.1" 401 53 "-" "Mozilla/5.0 (iPhone; CPU iPhone OS 18_0 like Mac OS X) AppleWebKit/605.1.15 (KHTML, like Gecko; compatible; PerplexityBot/1.0; +https://perplexity.ai/perplexitybot) Version/18.5 Mobile/15E148 Safari/604.1"
34.39.244.162 - - [13/Sep/2026:16:12:40 +0300] "GET /preview/.env HTTP/1.1" 404 - "-" "Mozilla/5.0 (X11; Linux x86_64) AppleWebKit/537.36 (KHTML, like Gecko) Chrome/131.0.0.0 Safari/537.36"
34.39.244.162 - - [13/Sep/2026:16:12:40 +0300] "GET /beta/.env HTTP/1.1" 404 - "-" "Mozilla/5.0 (X11; Linux x86_64) AppleWebKit/537.36 (KHTML, like Gecko) Chrome/131.0.0.0 Safari/537.36"
34.16.153.150 - - [13/Sep/2026:16:12:40 +0300] "GET /.azure/azureProfile.json HTTP/1.1" 401 53 "-" "Mozilla/5.0 AppleWebKit/537.36 (KHTML, like Gecko; compatible; TelegramBot/1.0)"
34.16.153.150 - - [13/Sep/2026:16:12:40 +0300] "GET /creds.json HTTP/1.1" 401 53 "-" "Mozilla/5.0 (Windows NT 10.0; Win64; x64) AppleWebKit/537.36 (KHTML, like Gecko) Chrome/136.0.5328.163 Safari/537.36; compatible; Perplexity-User/1.0; +https://perplexity.ai/perplexity-user"
34.16.153.150 - - [13/Sep/2026:16:12:40 +0300] "GET /secret.json HTTP/1.1" 401 53 "-" "Mozilla/5.0 (Macintosh; Intel Mac OS X 14_6_1) AppleWebKit/537.36 (KHTML, like Gecko; compatible; Applebot/0.1; +http://www.apple.com/go/applebot) Chrome/148.0.4975.25 Safari/537.36"
34.16.153.150 - - [13/Sep/2026:16:12:40 +0300] "GET /aws-credentials.json HTTP/1.1" 401 53 "-" "Mozilla/5.0 (Windows NT 10.0; Win64; x64) AppleWebKit/537.36 (KHTML, like Gecko) Chrome/147.0.8778.158 Safari/537.36; compatible; Google-Extended/1.0; +http://www.google.com/bot.html"
34.39.244.162 - - [13/Sep/2026:16:12:41 +0300] "GET /uat/.env HTTP/1.1" 404 - "-" "Mozilla/5.0 (X11; Linux x86_64) AppleWebKit/537.36 (KHTML, like Gecko) Chrome/131.0.0.0 Safari/537.36"
34.16.153.150 - - [13/Sep/2026:16:12:41 +0300] "GET /appsettings.json HTTP/1.1" 401 53 "-" "Mozilla/5.0 (iPhone; CPU iPhone OS 17_0 like Mac OS X) AppleWebKit/537.36 (KHTML, like Gecko) Chrome/147.0.6013.51 Mobile Safari/537.36; compatible; meta-externalagent/1.1; +https://developers.facebook.com/docs/sharing/webmasters/crawler"
34.16.153.150 - - [13/Sep/2026:16:12:41 +0300] "GET /appsettings.Development.json HTTP/1.1" 401 53 "-" "Mozilla/5.0 AppleWebKit/537.36 (KHTML, like Gecko; compatible; Bytespider; +https://zhanzhang.toutiao.com/)"
34.16.153.150 - - [13/Sep/2026:16:12:41 +0300] "GET /appsettings.Production.json HTTP/1.1" 401 53 "-" "Mozilla/5.0 (Windows NT 10.0; Win64; x64) AppleWebKit/537.36 (KHTML, like Gecko) Chrome/124.0.6463.60 Safari/537.36; compatible; Bytespider; +https://zhanzhang.toutiao.com/"
34.16.153.150 - - [13/Sep/2026:16:12:41 +0300] "GET /service-account-key.json HTTP/1.1" 401 53 "-" "Mozilla/5.0 AppleWebKit/537.36 (KHTML, like Gecko; compatible; GrokBot/1.0; +https://x.ai/grokbot)"
34.39.244.162 - - [13/Sep/2026:16:12:41 +0300] "GET /stage/.env HTTP/1.1" 404 - "-" "Mozilla/5.0 (X11; Linux x86_64) AppleWebKit/537.36 (KHTML, like Gecko) Chrome/131.0.0.0 Safari/537.36"
34.16.153.150 - - [13/Sep/2026:16:12:41 +0300] "GET /service_account.json HTTP/1.1" 401 53 "-" "Mozilla/5.0 (compatible; Claude-SearchBot/1.0; +https://www.anthropic.com/claude-searchbot)"
34.16.153.150 - - [13/Sep/2026:16:12:41 +0300] "GET /client_secret.json HTTP/1.1" 401 53 "-" "Mozilla/5.0 (iPhone; CPU iPhone OS 16_4 like Mac OS X) AppleWebKit/605.1.15 (KHTML, like Gecko; compatible; LinkedInBot/1.0; +http://www.linkedin.com) Version/17.7 Mobile/15E148 Safari/604.1"
34.16.153.150 - - [13/Sep/2026:16:12:41 +0300] "GET /google-service-account.json HTTP/1.1" 401 53 "-" "Mozilla/5.0 (Macintosh; Intel Mac OS X 14_6_1) AppleWebKit/605.1.15 (KHTML, like Gecko; compatible; OAI-SearchBot/1.4; robots.txt; +https://openai.com/searchbot) Version/19.3 Safari/605.1.15"
34.16.153.150 - - [13/Sep/2026:16:12:41 +0300] "GET /keyfile.json HTTP/1.1" 401 53 "-" "Mozilla/5.0 AppleWebKit/537.36 (KHTML, like Gecko); compatible; Claude-SearchBot/1.0; +https://www.anthropic.com/claude-searchbot"
34.39.244.162 - - [13/Sep/2026:16:12:41 +0300] "GET /development/.env HTTP/1.1" 404 - "-" "Mozilla/5.0 (X11; Linux x86_64) AppleWebKit/537.36 (KHTML, like Gecko) Chrome/131.0.0.0 Safari/537.36"
34.16.153.150 - - [13/Sep/2026:16:12:41 +0300] "GET /firebase-service-account.json HTTP/1.1" 401 53 "-" "Mozilla/5.0 AppleWebKit/537.36 (KHTML, like Gecko); compatible; ClaudeBot/1.0; +claudebot@anthropic.com"
34.16.153.150 - - [13/Sep/2026:16:12:41 +0300] "GET /firebase-admin.json HTTP/1.1" 401 53 "-" "Mozilla/5.0 AppleWebKit/537.36 (KHTML, like Gecko); compatible; Claude-User/1.0; +https://www.anthropic.com/claude-user"
34.16.153.150 - - [13/Sep/2026:16:12:41 +0300] "GET /firebase.json HTTP/1.1" 401 53 "-" "Mozilla/5.0 (compatible; Discordbot/2.0; +https://discordapp.com)"
34.16.153.150 - - [13/Sep/2026:16:12:41 +0300] "GET /api-keys.json HTTP/1.1" 401 53 "-" "Mozilla/5.0 (Macintosh; Intel Mac OS X 10_15_7) AppleWebKit/537.36 (KHTML, like Gecko; compatible; Claude-SearchBot/1.0; +https://www.anthropic.com/claude-searchbot) Chrome/124.0.4445.173 Safari/537.36 Edg/124.0.4445.173"
34.39.244.162 - - [13/Sep/2026:16:12:41 +0300] "GET /production/.env HTTP/1.1" 404 - "-" "Mozilla/5.0 (X11; Linux x86_64) AppleWebKit/537.36 (KHTML, like Gecko) Chrome/131.0.0.0 Safari/537.36"
34.16.153.150 - - [13/Sep/2026:16:12:41 +0300] "GET /api/keys.json HTTP/1.1" 401 53 "-" "Mozilla/5.0 AppleWebKit/537.36 (KHTML, like Gecko); compatible; Bytespider; +https://zhanzhang.toutiao.com/"
34.16.153.150 - - [13/Sep/2026:16:12:41 +0300] "GET /api/config.json HTTP/1.1" 401 53 "-" "Mozilla/5.0 (compatible; Claude-User/1.0; +https://www.anthropic.com/claude-user)"
34.16.153.150 - - [13/Sep/2026:16:12:42 +0300] "GET /api/openapi.json HTTP/1.1" 401 53 "-" "Mozilla/5.0 (Macintosh; Intel Mac OS X 10_15_7) AppleWebKit/537.36 (KHTML, like Gecko) Chrome/133.0.2467.183 Safari/537.36; compatible; GrokBot/1.0; +https://x.ai/grokbot"
34.16.153.150 - - [13/Sep/2026:16:12:42 +0300] "GET /app/config.json HTTP/1.1" 401 53 "-" "Mozilla/5.0 AppleWebKit/537.36 (KHTML, like Gecko); compatible; OAI-SearchBot/1.3; +https://openai.com/searchbot"
34.39.244.162 - - [13/Sep/2026:16:12:42 +0300] "GET /config/app/.env HTTP/1.1" 404 - "-" "Mozilla/5.0 (X11; Linux x86_64) AppleWebKit/537.36 (KHTML, like Gecko) Chrome/131.0.0.0 Safari/537.36"
34.16.153.150 - - [13/Sep/2026:16:12:42 +0300] "GET /backend/config.json HTTP/1.1" 401 53 "-" "Mozilla/5.0 (X11; Linux x86_64) AppleWebKit/537.36 (KHTML, like Gecko; compatible; Applebot/0.1; +http://www.apple.com/go/applebot) Chrome/151.0.4669.194 Safari/537.36"
34.39.244.162 - - [13/Sep/2026:16:12:42 +0300] "GET /phpinfo.php HTTP/1.1" 404 - "-" "Mozilla/5.0 (X11; Linux x86_64) AppleWebKit/537.36 (KHTML, like Gecko) Chrome/131.0.0.0 Safari/537.36"
34.16.153.150 - - [13/Sep/2026:16:12:42 +0300] "GET /backend/aws.json HTTP/1.1" 401 53 "-" "Mozilla/5.0 (Windows NT 10.0; Win64; x64) AppleWebKit/537.36 (KHTML, like Gecko; compatible; GPTBot/1.2; +https://openai.com/gptbot) Chrome/151.0.6252.151 Safari/537.36"
34.16.153.150 - - [13/Sep/2026:16:12:42 +0300] "GET /backend/service-account.json HTTP/1.1" 401 53 "-" "Mozilla/5.0 (Windows NT 10.0; rv:132.2) Gecko/20100101 Firefox/132.2; compatible; Claude-SearchBot/1.0; +https://www.anthropic.com/claude-searchbot"
34.16.153.150 - - [13/Sep/2026:16:12:42 +0300] "GET /config/service-account.json HTTP/1.1" 401 53 "-" "Mozilla/5.0 AppleWebKit/537.36 (KHTML, like Gecko; compatible; PerplexityBot/1.0; +https://perplexity.ai/perplexitybot)"
34.16.153.150 - - [13/Sep/2026:16:12:42 +0300] "GET /config/gcp-credentials.json HTTP/1.1" 401 53 "-" "Mozilla/5.0 AppleWebKit/537.36 (KHTML, like Gecko); compatible; ClaudeBot/1.0; +claudebot@anthropic.com"
34.39.244.162 - - [13/Sep/2026:16:12:42 +0300] "GET /info.php HTTP/1.1" 404 - "-" "Mozilla/5.0 (X11; Linux x86_64) AppleWebKit/537.36 (KHTML, like Gecko) Chrome/131.0.0.0 Safari/537.36"
34.16.153.150 - - [13/Sep/2026:16:12:42 +0300] "GET /deploy/service-account.json HTTP/1.1" 401 53 "-" "Mozilla/5.0 AppleWebKit/537.36 (KHTML, like Gecko); compatible; GrokBot/1.0; +https://x.ai/grokbot"
34.16.153.150 - - [13/Sep/2026:16:12:42 +0300] "GET /config/firebase-admin.json HTTP/1.1" 401 53 "-" "Mozilla/5.0 AppleWebKit/537.36 (KHTML, like Gecko); compatible; facebookexternalhit/1.1; +http://www.facebook.com/externalhit_uatext.php"
34.39.244.162 - - [13/Sep/2026:16:12:42 +0300] "GET /php.php HTTP/1.1" 404 - "-" "Mozilla/5.0 (X11; Linux x86_64) AppleWebKit/537.36 (KHTML, like Gecko) Chrome/131.0.0.0 Safari/537.36"
34.16.153.150 - - [13/Sep/2026:16:12:42 +0300] "GET /secrets/aws.json HTTP/1.1" 401 53 "-" "Mozilla/5.0 (iPhone; CPU iPhone OS 17_5 like Mac OS X) AppleWebKit/605.1.15 (KHTML, like Gecko) Version/16.1 Mobile/15E148 Safari/604.1; compatible; OAI-SearchBot/1.3; +https://openai.com/searchbot"
34.16.153.150 - - [13/Sep/2026:16:12:42 +0300] "GET /secrets/gcp.json HTTP/1.1" 401 53 "-" "Mozilla/5.0 (Macintosh; Intel Mac OS X 10.15; rv:128.5) Gecko/20100101 Firefox/128.5; compatible; Twitterbot/1.0"
34.39.244.162 - - [13/Sep/2026:16:12:43 +0300] "GET /i.php HTTP/1.1" 404 - "-" "Mozilla/5.0 (X11; Linux x86_64) AppleWebKit/537.36 (KHTML, like Gecko) Chrome/131.0.0.0 Safari/537.36"
34.16.153.150 - - [13/Sep/2026:16:12:43 +0300] "GET /config/application.yml HTTP/1.1" 401 53 "-" "Mozilla/5.0 (Macintosh; Intel Mac OS X 14_6_1) AppleWebKit/537.36 (KHTML, like Gecko) Chrome/133.0.1708.7 Safari/537.36; compatible; Amzn-SearchBot/1.0; +https://developer.amazon.com/support/amazonbot"
34.16.153.150 - - [13/Sep/2026:16:12:43 +0300] "GET /config/application.properties HTTP/1.1" 401 53 "-" "Mozilla/5.0 (compatible; facebookexternalhit/1.1; +http://www.facebook.com/externalhit_uatext.php)"
34.16.153.150 - - [13/Sep/2026:16:12:43 +0300] "GET /config/settings.py HTTP/1.1" 401 53 "-" "Mozilla/5.0 (compatible; Claude-SearchBot/1.0; +https://www.anthropic.com/claude-searchbot)"
34.16.153.150 - - [13/Sep/2026:16:12:43 +0300] "GET /config/runtime.exs HTTP/1.1" 401 53 "-" "Mozilla/5.0 (Linux; Android 13; Pixel 7) AppleWebKit/537.36 (KHTML, like Gecko; compatible; GrokBot/1.0; +https://x.ai/grokbot) Chrome/109.0.6649.38 Mobile Safari/537.36"
34.39.244.162 - - [13/Sep/2026:16:12:43 +0300] "GET /pi.php HTTP/1.1" 404 - "-" "Mozilla/5.0 (X11; Linux x86_64) AppleWebKit/537.36 (KHTML, like Gecko) Chrome/131.0.0.0 Safari/537.36"
34.16.153.150 - - [13/Sep/2026:16:12:43 +0300] "GET /config/storage.yml HTTP/1.1" 401 53 "-" "Mozilla/5.0 (Macintosh; Intel Mac OS X 14_5) AppleWebKit/537.36 (KHTML, like Gecko) Chrome/126.0.4850.81 Safari/537.36; compatible; GrokBot/1.0; +https://x.ai/grokbot"
34.16.153.150 - - [13/Sep/2026:16:12:43 +0300] "GET /config/prod.exs HTTP/1.1" 401 53 "-" "Mozilla/5.0 (Macintosh; Intel Mac OS X 14_5) AppleWebKit/537.36 (KHTML, like Gecko; compatible; GPTBot/1.2; +https://openai.com/gptbot) Chrome/114.0.6079.138 Safari/537.36"
34.16.153.150 - - [13/Sep/2026:16:12:43 +0300] "GET /config.yaml HTTP/1.1" 401 53 "-" "Mozilla/5.0 (compatible; LinkedInBot/1.0; +http://www.linkedin.com)"
34.16.153.150 - - [13/Sep/2026:16:12:43 +0300] "GET /config.yml HTTP/1.1" 401 53 "-" "Mozilla/5.0 (compatible; Bytespider; +https://zhanzhang.toutiao.com/)"
34.39.244.162 - - [13/Sep/2026:16:12:43 +0300] "GET /pinfo.php HTTP/1.1" 404 - "-" "Mozilla/5.0 (X11; Linux x86_64) AppleWebKit/537.36 (KHTML, like Gecko) Chrome/131.0.0.0 Safari/537.36"
34.16.153.150 - - [13/Sep/2026:16:12:43 +0300] "GET /config.toml HTTP/1.1" 401 53 "-" "Mozilla/5.0 (X11; Linux x86_64; rv:78.9) Gecko/20100101 Firefox/78.9; compatible; Claude-User/1.0; +https://www.anthropic.com/claude-user"
34.16.153.150 - - [13/Sep/2026:16:12:43 +0300] "GET /config.py HTTP/1.1" 401 53 "-" "Mozilla/5.0 (Macintosh; Intel Mac OS X 14_6_1) AppleWebKit/605.1.15 (KHTML, like Gecko; compatible; GrokBot/1.0; +https://x.ai/grokbot) Version/16.2 Safari/605.1.15"
34.16.153.150 - - [13/Sep/2026:16:12:43 +0300] "GET /secrets.yml HTTP/1.1" 401 53 "-" "Mozilla/5.0 (compatible; Slackbot-LinkExpanding/1.0; +https://api.slack.com/robots)"
34.39.244.162 - - [13/Sep/2026:16:12:43 +0300] "GET /test.php HTTP/1.1" 404 - "-" "Mozilla/5.0 (X11; Linux x86_64) AppleWebKit/537.36 (KHTML, like Gecko) Chrome/131.0.0.0 Safari/537.36"
34.16.153.150 - - [13/Sep/2026:16:12:43 +0300] "GET /secrets.yaml HTTP/1.1" 401 53 "-" "Mozilla/5.0 (Windows NT 11.0; Win64; x64) AppleWebKit/537.36 (KHTML, like Gecko) Chrome/114.0.5735.31 Safari/537.36; compatible; Google-Extended/1.0; +http://www.google.com/bot.html"
34.16.153.150 - - [13/Sep/2026:16:12:43 +0300] "GET /bootstrap.yml HTTP/1.1" 401 53 "-" "Mozilla/5.0 (Windows NT 11.0; Win64; x64) AppleWebKit/537.36 (KHTML, like Gecko; compatible; GrokBot/1.0; +https://x.ai/grokbot) Chrome/91.0.1657.83 Safari/537.36"
34.16.153.150 - - [13/Sep/2026:16:12:43 +0300] "GET /application.properties HTTP/1.1" 401 53 "-" "Mozilla/5.0 (Linux; Android 12; Pixel 6) AppleWebKit/537.36 (KHTML, like Gecko) Chrome/134.0.7761.39 Mobile Safari/537.36; compatible; GrokBot/1.0; +https://x.ai/grokbot"
34.39.244.162 - - [13/Sep/2026:16:12:44 +0300] "GET /phpinfo HTTP/1.1" 404 - "-" "Mozilla/5.0 (X11; Linux x86_64) AppleWebKit/537.36 (KHTML, like Gecko) Chrome/131.0.0.0 Safari/537.36"
34.16.153.150 - - [13/Sep/2026:16:12:44 +0300] "GET /settings.py HTTP/1.1" 401 53 "-" "Mozilla/5.0 (Windows NT 11.0; Win64; x64) AppleWebKit/537.36 (KHTML, like Gecko; compatible; OAI-SearchBot/1.3; +https://openai.com/searchbot) Chrome/118.0.4767.197 Safari/537.36"
34.16.153.150 - - [13/Sep/2026:16:12:44 +0300] "GET /app/settings.py HTTP/1.1" 401 53 "-" "Mozilla/5.0 (Linux; Android 12; Pixel 6) AppleWebKit/537.36 (KHTML, like Gecko) Chrome/130.0.8596.157 Mobile Safari/537.36; compatible; Slackbot-LinkExpanding/1.0; +https://api.slack.com/robots"
34.39.244.162 - - [13/Sep/2026:16:12:44 +0300] "GET /p.php HTTP/1.1" 404 - "-" "Mozilla/5.0 (X11; Linux x86_64) AppleWebKit/537.36 (KHTML, like Gecko) Chrome/131.0.0.0 Safari/537.36"
34.16.153.150 - - [13/Sep/2026:16:12:44 +0300] "GET /backend/settings.py HTTP/1.1" 401 53 "-" "Mozilla/5.0 (compatible; Claude-SearchBot/1.0; +https://www.anthropic.com/claude-searchbot)"
34.16.153.150 - - [13/Sep/2026:16:12:44 +0300] "GET /core/settings.py HTTP/1.1" 401 53 "-" "Mozilla/5.0 (Windows NT 10.0; rv:132.8) Gecko/20100101 Firefox/132.8; compatible; GrokBot/1.0; +https://x.ai/grokbot"
34.16.153.150 - - [13/Sep/2026:16:12:44 +0300] "GET /instance/config.py HTTP/1.1" 401 53 "-" "Mozilla/5.0 (Macintosh; Intel Mac OS X 14_6_1) AppleWebKit/605.1.15 (KHTML, like Gecko) Version/17.4 Safari/605.1.15; compatible; ClaudeBot/1.0; +claudebot@anthropic.com"
34.16.153.150 - - [13/Sep/2026:16:12:44 +0300] "GET /local.settings.json HTTP/1.1" 401 53 "-" "Mozilla/5.0 (Macintosh; Intel Mac OS X 13_6_7) AppleWebKit/605.1.15 (KHTML, like Gecko; compatible; Perplexity-User/1.0; +https://perplexity.ai/perplexity-user) Version/19.4 Safari/605.1.15"
34.39.244.162 - - [13/Sep/2026:16:12:44 +0300] "GET /debug.php HTTP/1.1" 404 - "-" "Mozilla/5.0 (X11; Linux x86_64) AppleWebKit/537.36 (KHTML, like Gecko) Chrome/131.0.0.0 Safari/537.36"
34.16.153.150 - - [13/Sep/2026:16:12:44 +0300] "GET /web.config HTTP/1.1" 401 53 "-" "Mozilla/5.0 (X11; Ubuntu; Linux x86_64) AppleWebKit/537.36 (KHTML, like Gecko; compatible; GrokBot/1.0; +https://x.ai/grokbot) Chrome/126.0.3171.206 Safari/537.36 Edg/126.0.3171.206"
34.16.153.150 - - [13/Sep/2026:16:12:44 +0300] "GET /rclone.conf HTTP/1.1" 401 53 "-" "Mozilla/5.0 AppleWebKit/537.36 (KHTML, like Gecko; compatible; Google-Extended/1.0; +http://www.google.com/bot.html)"
34.16.153.150 - - [13/Sep/2026:16:12:44 +0300] "GET /.s3cfg HTTP/1.1" 401 53 "-" "Mozilla/5.0 AppleWebKit/537.36 (KHTML, like Gecko; compatible; GPTBot/1.2; +https://openai.com/gptbot)"
34.16.153.150 - - [13/Sep/2026:16:12:44 +0300] "GET /.boto HTTP/1.1" 401 53 "-" "Mozilla/5.0 (Windows NT 10.0; rv:133.0) Gecko/20100101 Firefox/133.0; compatible; LinkedInBot/1.0; +http://www.linkedin.com"
34.39.244.162 - - [13/Sep/2026:16:12:44 +0300] "GET /admin/phpinfo.php HTTP/1.1" 404 - "-" "Mozilla/5.0 (X11; Linux x86_64) AppleWebKit/537.36 (KHTML, like Gecko) Chrome/131.0.0.0 Safari/537.36"
34.16.153.150 - - [13/Sep/2026:16:12:44 +0300] "GET /.streamlit/secrets.toml HTTP/1.1" 401 53 "-" "Mozilla/5.0 (X11; Ubuntu; Linux x86_64) AppleWebKit/537.36 (KHTML, like Gecko; compatible; Discordbot/2.0; +https://discordapp.com) Chrome/126.0.6713.214 Safari/537.36"
34.16.153.150 - - [13/Sep/2026:16:12:44 +0300] "GET /ssl/localhost.key HTTP/1.1" 401 53 "-" "Mozilla/5.0 (Linux; Android 12; Pixel 6) AppleWebKit/537.36 (KHTML, like Gecko) Chrome/136.0.5164.149 Mobile Safari/537.36; compatible; meta-externalagent/1.1; +https://developers.facebook.com/docs/sharing/webmasters/crawler"
34.16.153.150 - - [13/Sep/2026:16:12:44 +0300] "GET /ssl/server.key HTTP/1.1" 401 53 "-" "Mozilla/5.0 (X11; Ubuntu; Linux x86_64; rv:78.0) Gecko/20100101 Firefox/78.0; compatible; GrokBot/1.0; +https://x.ai/grokbot"
34.16.153.150 - - [13/Sep/2026:16:12:44 +0300] "GET /localhost.key HTTP/1.1" 401 53 "-" "Mozilla/5.0 (iPhone; CPU iPhone OS 17_0 like Mac OS X) AppleWebKit/537.36 (KHTML, like Gecko; compatible; Amazonbot/0.1; +https://developer.amazon.com/support/amazonbot) Chrome/126.0.6088.5 Mobile Safari/537.36"
34.39.244.162 - - [13/Sep/2026:16:12:44 +0300] "GET /test/phpinfo.php HTTP/1.1" 404 - "-" "Mozilla/5.0 (X11; Linux x86_64) AppleWebKit/537.36 (KHTML, like Gecko) Chrome/131.0.0.0 Safari/537.36"
34.16.153.150 - - [13/Sep/2026:16:12:45 +0300] "GET /host.key HTTP/1.1" 401 53 "-" "Mozilla/5.0 AppleWebKit/537.36 (KHTML, like Gecko; compatible; meta-externalagent/1.1; +https://developers.facebook.com/docs/sharing/webmasters/crawler)"
34.16.153.150 - - [13/Sep/2026:16:12:45 +0300] "GET /configuration.js HTTP/1.1" 401 53 "-" "Mozilla/5.0 (Windows NT 11.0; Win64; x64) AppleWebKit/537.36 (KHTML, like Gecko) Chrome/134.0.1979.238 Safari/537.36; compatible; PerplexityBot/1.0; +https://perplexity.ai/perplexitybot"
34.16.153.150 - - [13/Sep/2026:16:12:45 +0300] "GET /configuration.php.bak HTTP/1.1" 401 53 "-" "Mozilla/5.0 (Windows NT 11.0; Win64; x64) AppleWebKit/537.36 (KHTML, like Gecko; compatible; Amazonbot/0.1; +https://developer.amazon.com/support/amazonbot) Chrome/85.0.808.169 Safari/537.36 Edg/85.0.808.169"
34.16.153.150 - - [13/Sep/2026:16:12:45 +0300] "GET /aws-exports.js HTTP/1.1" 401 53 "-" "Mozilla/5.0 AppleWebKit/537.36 (KHTML, like Gecko); compatible; meta-externalagent/1.1; +https://developers.facebook.com/docs/sharing/webmasters/crawler"
34.39.244.162 - - [13/Sep/2026:16:12:45 +0300] "GET /dev/phpinfo.php HTTP/1.1" 404 - "-" "Mozilla/5.0 (X11; Linux x86_64) AppleWebKit/537.36 (KHTML, like Gecko) Chrome/131.0.0.0 Safari/537.36"
34.16.153.150 - - [13/Sep/2026:16:12:45 +0300] "GET /aws-config.js HTTP/1.1" 401 53 "-" "Mozilla/5.0 (Macintosh; Intel Mac OS X 14.5; rv:133.11) Gecko/20100101 Firefox/133.11; compatible; Claude-SearchBot/1.0; +https://www.anthropic.com/claude-searchbot"
34.39.244.162 - - [13/Sep/2026:16:12:45 +0300] "GET /old/phpinfo.php HTTP/1.1" 404 - "-" "Mozilla/5.0 (X11; Linux x86_64) AppleWebKit/537.36 (KHTML, like Gecko) Chrome/131.0.0.0 Safari/537.36"
34.16.153.150 - - [13/Sep/2026:16:12:45 +0300] "GET /amplifyconfiguration.json HTTP/1.1" 401 53 "-" "Mozilla/5.0 AppleWebKit/537.36 (KHTML, like Gecko); compatible; TelegramBot/1.0"
34.16.153.150 - - [13/Sep/2026:16:12:45 +0300] "GET /runtime.js HTTP/1.1" 401 53 "-" "Mozilla/5.0 (Linux; Android 15; SM-S918B) AppleWebKit/537.36 (KHTML, like Gecko) Chrome/114.0.4113.128 Mobile Safari/537.36; compatible; Amzn-SearchBot/1.0; +https://developer.amazon.com/support/amazonbot"
34.16.153.150 - - [13/Sep/2026:16:12:45 +0300] "GET /environment.js HTTP/1.1" 401 53 "-" "Mozilla/5.0 AppleWebKit/537.36 (KHTML, like Gecko; compatible; Amazonbot/0.1; +https://developer.amazon.com/support/amazonbot)"
34.39.244.162 - - [13/Sep/2026:16:12:45 +0300] "GET /tmp/phpinfo.php HTTP/1.1" 404 - "-" "Mozilla/5.0 (X11; Linux x86_64) AppleWebKit/537.36 (KHTML, like Gecko) Chrome/131.0.0.0 Safari/537.36"
34.16.153.150 - - [13/Sep/2026:16:12:45 +0300] "GET /credentials.js HTTP/1.1" 401 53 "-" "Mozilla/5.0 AppleWebKit/537.36 (KHTML, like Gecko); compatible; TelegramBot/1.0"
34.16.153.150 - - [13/Sep/2026:16:12:45 +0300] "GET /settings.js HTTP/1.1" 401 53 "-" "Mozilla/5.0 (compatible; Amzn-SearchBot/1.0; +https://developer.amazon.com/support/amazonbot)"
34.16.153.150 - - [13/Sep/2026:16:12:45 +0300] "GET /config.json.js HTTP/1.1" 401 53 "-" "Mozilla/5.0 (Macintosh; Intel Mac OS X 14.5; rv:78.14) Gecko/20100101 Firefox/78.14; compatible; facebookexternalhit/1.1; +http://www.facebook.com/externalhit_uatext.php"
34.16.153.150 - - [13/Sep/2026:16:12:45 +0300] "GET /push_config.json HTTP/1.1" 401 53 "-" "Mozilla/5.0 AppleWebKit/537.36 (KHTML, like Gecko; compatible; GrokBot/1.0; +https://x.ai/grokbot)"
34.39.244.162 - - [13/Sep/2026:16:12:45 +0300] "GET /public/phpinfo.php HTTP/1.1" 404 - "-" "Mozilla/5.0 (X11; Linux x86_64) AppleWebKit/537.36 (KHTML, like Gecko) Chrome/131.0.0.0 Safari/537.36"
34.16.153.150 - - [13/Sep/2026:16:12:46 +0300] "GET /dist/.vite/manifest.json HTTP/1.1" 401 53 "-" "Mozilla/5.0 (Windows NT 11.0; Win64; x64) AppleWebKit/537.36 (KHTML, like Gecko) Chrome/148.0.1443.87 Safari/537.36; compatible; TelegramBot/1.0"
34.39.244.162 - - [13/Sep/2026:16:12:46 +0300] "GET /info HTTP/1.1" 404 - "-" "Mozilla/5.0 (X11; Linux x86_64) AppleWebKit/537.36 (KHTML, like Gecko) Chrome/131.0.0.0 Safari/537.36"
34.16.153.150 - - [13/Sep/2026:16:12:46 +0300] "GET /.vscode/launch.json HTTP/1.1" 401 53 "-" "Mozilla/5.0 AppleWebKit/537.36 (KHTML, like Gecko); compatible; meta-externalagent/1.1; +https://developers.facebook.com/docs/sharing/webmasters/crawler"
34.16.153.150 - - [13/Sep/2026:16:12:46 +0300] "GET /build/manifest.json HTTP/1.1" 401 53 "-" "Mozilla/5.0 (Macintosh; Intel Mac OS X 10_15_7) AppleWebKit/537.36 (KHTML, like Gecko; compatible; Bytespider; +https://zhanzhang.toutiao.com/) Chrome/128.0.6040.2 Safari/537.36"
34.16.153.150 - - [13/Sep/2026:16:12:46 +0300] "GET /dist/manifest.json HTTP/1.1" 401 53 "-" "Mozilla/5.0 (Linux; Android 14; Pixel 8) AppleWebKit/537.36 (KHTML, like Gecko) Chrome/128.0.1990.113 Mobile Safari/537.36; compatible; Slackbot-LinkExpanding/1.0; +https://api.slack.com/robots"
34.39.244.162 - - [13/Sep/2026:16:12:46 +0300] "GET /php-info.php HTTP/1.1" 404 - "-" "Mozilla/5.0 (X11; Linux x86_64) AppleWebKit/537.36 (KHTML, like Gecko) Chrome/131.0.0.0 Safari/537.36"
34.16.153.150 - - [13/Sep/2026:16:12:46 +0300] "GET /api/v2/config HTTP/1.1" 401 53 "-" "Mozilla/5.0 AppleWebKit/537.36 (KHTML, like Gecko; compatible; meta-externalagent/1.1; +https://developers.facebook.com/docs/sharing/webmasters/crawler)"
34.16.153.150 - - [13/Sep/2026:16:12:46 +0300] "GET /bootstrap.properties HTTP/1.1" 401 53 "-" "Mozilla/5.0 (Windows NT 10.0; Win64; x64; rv:78.19) Gecko/20100101 Firefox/78.19; compatible; Perplexity-User/1.0; +https://perplexity.ai/perplexity-user"
34.16.153.150 - - [13/Sep/2026:16:12:46 +0300] "GET /values.yaml HTTP/1.1" 401 53 "-" "Mozilla/5.0 (Macintosh; Intel Mac OS X 14_6_1) AppleWebKit/537.36 (KHTML, like Gecko; compatible; Amzn-SearchBot/1.0; +https://developer.amazon.com/support/amazonbot) Chrome/131.0.2554.192 Safari/537.36"
34.16.153.150 - - [13/Sep/2026:16:12:46 +0300] "GET /api/v2/settings HTTP/1.1" 401 53 "-" "Mozilla/5.0 (Macintosh; Intel Mac OS X 14_5) AppleWebKit/537.36 (KHTML, like Gecko) Chrome/91.0.4916.113 Safari/537.36; compatible; Discordbot/2.0; +https://discordapp.com"
34.39.244.162 - - [13/Sep/2026:16:12:46 +0300] "GET /phpversion.php HTTP/1.1" 404 - "-" "Mozilla/5.0 (X11; Linux x86_64) AppleWebKit/537.36 (KHTML, like Gecko) Chrome/131.0.0.0 Safari/537.36"
34.16.153.150 - - [13/Sep/2026:16:12:46 +0300] "GET /telescope/requests HTTP/1.1" 401 53 "-" "Mozilla/5.0 (X11; Linux x86_64) AppleWebKit/537.36 (KHTML, like Gecko; compatible; Bytespider; +https://zhanzhang.toutiao.com/) Chrome/131.0.3646.13 Safari/537.36 Edg/131.0.3646.13"
34.16.153.150 - - [13/Sep/2026:16:12:46 +0300] "GET /_ignition/health-check HTTP/1.1" 401 53 "-" "Mozilla/5.0 (compatible; meta-externalagent/1.1; +https://developers.facebook.com/docs/sharing/webmasters/crawler)"
34.16.153.150 - - [13/Sep/2026:16:12:46 +0300] "GET /__debug__/ HTTP/1.1" 401 53 "-" "Mozilla/5.0 (Windows NT 10.0; Win64; x64; rv:105.3) Gecko/20100101 Firefox/105.3; compatible; Claude-User/1.0; +Claude-User@anthropic.com"
34.16.153.150 - - [13/Sep/2026:16:12:46 +0300] "GET /_debugbar/open HTTP/1.1" 401 53 "-" "Mozilla/5.0 AppleWebKit/537.36 (KHTML, like Gecko; compatible; OAI-SearchBot/1.3; +https://openai.com/searchbot)"
34.39.244.162 - - [13/Sep/2026:16:12:46 +0300] "GET /_phpinfo.php HTTP/1.1" 404 - "-" "Mozilla/5.0 (X11; Linux x86_64) AppleWebKit/537.36 (KHTML, like Gecko) Chrome/131.0.0.0 Safari/537.36"
34.16.153.150 - - [13/Sep/2026:16:12:46 +0300] "GET /public/admin.json HTTP/1.1" 401 53 "-" "Mozilla/5.0 (Macintosh; Intel Mac OS X 14_5) AppleWebKit/537.36 (KHTML, like Gecko) Chrome/122.0.4427.63 Safari/537.36; compatible; WhatsApp/10.0.2.1"
34.16.153.150 - - [13/Sep/2026:16:12:46 +0300] "GET /openapi.json HTTP/1.1" 401 53 "-" "Mozilla/5.0 (iPhone; CPU iPhone OS 18_0 like Mac OS X) AppleWebKit/605.1.15 (KHTML, like Gecko; compatible; TelegramBot/1.0) Version/18.4 Mobile/15E148 Safari/604.1"
34.16.153.150 - - [13/Sep/2026:16:12:46 +0300] "GET /.aider.conf.yml HTTP/1.1" 401 53 "-" "Mozilla/5.0 AppleWebKit/537.36 (KHTML, like Gecko; compatible; LinkedInBot/1.0; +http://www.linkedin.com)"
34.16.153.150 - - [13/Sep/2026:16:12:46 +0300] "GET /.svn/entries HTTP/1.1" 401 53 "-" "Mozilla/5.0 (compatible; Claude-SearchBot/1.0; +https://www.anthropic.com/claude-searchbot)"
34.39.244.162 - - [13/Sep/2026:16:12:47 +0300] "GET /old_phpinfo.php HTTP/1.1" 404 - "-" "Mozilla/5.0 (X11; Linux x86_64) AppleWebKit/537.36 (KHTML, like Gecko) Chrome/131.0.0.0 Safari/537.36"
34.39.244.162 - - [13/Sep/2026:16:12:47 +0300] "GET /server-info.php HTTP/1.1" 404 - "-" "Mozilla/5.0 (X11; Linux x86_64) AppleWebKit/537.36 (KHTML, like Gecko) Chrome/131.0.0.0 Safari/537.36"
34.16.153.150 - - [13/Sep/2026:16:12:47 +0300] "GET /config/aws.json HTTP/1.1" 401 53 "-" "Mozilla/5.0 (X11; Ubuntu; Linux x86_64) AppleWebKit/537.36 (KHTML, like Gecko) Chrome/136.0.7833.1 Safari/537.36; compatible; Google-Extended/1.0; +http://www.google.com/bot.html"
34.16.153.150 - - [13/Sep/2026:16:12:47 +0300] "GET /config/aws.yml HTTP/1.1" 401 53 "-" "Mozilla/5.0 AppleWebKit/537.36 (KHTML, like Gecko; compatible; Amzn-SearchBot/1.0; +https://developer.amazon.com/support/amazonbot)"
34.16.153.150 - - [13/Sep/2026:16:12:47 +0300] "GET /config/aws.php HTTP/1.1" 401 53 "-" "Mozilla/5.0 (compatible; Claude-SearchBot/1.0; +https://www.anthropic.com/claude-searchbot)"
34.16.153.150 - - [13/Sep/2026:16:12:47 +0300] "GET /app/.aws/credentials HTTP/1.1" 401 53 "-" "Mozilla/5.0 (Linux; Android 15; SM-S918B) AppleWebKit/537.36 (KHTML, like Gecko; compatible; WhatsApp/10.0.2.1) Chrome/114.0.90.64 Mobile Safari/537.36"
34.39.244.162 - - [13/Sep/2026:16:12:47 +0300] "GET /server-status.php HTTP/1.1" 404 - "-" "Mozilla/5.0 (X11; Linux x86_64) AppleWebKit/537.36 (KHTML, like Gecko) Chrome/131.0.0.0 Safari/537.36"
34.16.153.150 - - [13/Sep/2026:16:12:47 +0300] "GET /api/.aws/credentials HTTP/1.1" 401 53 "-" "Mozilla/5.0 (X11; Ubuntu; Linux x86_64) AppleWebKit/537.36 (KHTML, like Gecko) Chrome/130.0.7812.177 Safari/537.36; compatible; PerplexityBot/1.0; +https://perplexity.ai/perplexitybot"
34.16.153.150 - - [13/Sep/2026:16:12:47 +0300] "GET /backend/.aws/credentials HTTP/1.1" 401 53 "-" "Mozilla/5.0 (X11; Linux x86_64) AppleWebKit/537.36 (KHTML, like Gecko) Chrome/147.0.5274.249 Safari/537.36; compatible; Slackbot-LinkExpanding/1.0; +https://api.slack.com/robots"
34.16.153.150 - - [13/Sep/2026:16:12:47 +0300] "GET /aws/credentials HTTP/1.1" 401 53 "-" "Mozilla/5.0 AppleWebKit/537.36 (KHTML, like Gecko; compatible; TelegramBot/1.0)"
34.16.153.150 - - [13/Sep/2026:16:12:47 +0300] "GET /aws/.env HTTP/1.1" 401 53 "-" "Mozilla/5.0 AppleWebKit/537.36 (KHTML, like Gecko; compatible; Perplexity-User/1.0; +https://perplexity.ai/perplexity-user)"
34.39.244.162 - - [13/Sep/2026:16:12:47 +0300] "GET /_profiler/phpinfo HTTP/1.1" 404 - "-" "Mozilla/5.0 (X11; Linux x86_64) AppleWebKit/537.36 (KHTML, like Gecko) Chrome/131.0.0.0 Safari/537.36"
34.16.153.150 - - [13/Sep/2026:16:12:47 +0300] "GET /aws/.env.production HTTP/1.1" 401 53 "-" "Mozilla/5.0 (Macintosh; Intel Mac OS X 10_15_7) AppleWebKit/537.36 (KHTML, like Gecko) Chrome/85.0.2086.145 Safari/537.36 Edg/85.0.2086.145; compatible; LinkedInBot/1.0; +http://www.linkedin.com"
34.16.153.150 - - [13/Sep/2026:16:12:47 +0300] "GET /.aws/credentials.bak HTTP/1.1" 401 53 "-" "Mozilla/5.0 (Windows NT 11.0; Win64; x64) AppleWebKit/537.36 (KHTML, like Gecko) Chrome/134.0.4698.54 Safari/537.36 Edg/134.0.4698.54; compatible; GrokBot/1.0; +https://x.ai/grokbot"
34.39.244.162 - - [13/Sep/2026:16:12:47 +0300] "GET /_environment HTTP/1.1" 404 - "-" "Mozilla/5.0 (X11; Linux x86_64) AppleWebKit/537.36 (KHTML, like Gecko) Chrome/131.0.0.0 Safari/537.36"
34.16.153.150 - - [13/Sep/2026:16:12:47 +0300] "GET /.aws/credentials.old HTTP/1.1" 401 53 "-" "Mozilla/5.0 (Windows NT 10.0; rv:133.3) Gecko/20100101 Firefox/133.3; compatible; Slackbot-LinkExpanding/1.0; +https://api.slack.com/robots"
34.16.153.150 - - [13/Sep/2026:16:12:47 +0300] "GET /s3/credentials HTTP/1.1" 401 53 "-" "Mozilla/5.0 (Macintosh; Intel Mac OS X 14_5) AppleWebKit/537.36 (KHTML, like Gecko) Chrome/133.0.4555.191 Safari/537.36 Edg/133.0.4555.191; compatible; ChatGPT-User/1.0; +https://openai.com/bot"
34.39.244.162 - - [13/Sep/2026:16:12:48 +0300] "GET /webroot/index.php/_environment HTTP/1.1" 404 - "-" "Mozilla/5.0 (X11; Linux x86_64) AppleWebKit/537.36 (KHTML, like Gecko) Chrome/131.0.0.0 Safari/537.36"
34.16.153.150 - - [13/Sep/2026:16:12:48 +0300] "GET /s3/.aws/config HTTP/1.1" 401 53 "-" "Mozilla/5.0 AppleWebKit/537.36 (KHTML, like Gecko; compatible; ChatGPT-User/1.0; +https://openai.com/bot)"
34.16.153.150 - - [13/Sep/2026:16:12:48 +0300] "GET /terraform.tfvars HTTP/1.1" 401 53 "-" "Mozilla/5.0 (X11; Linux x86_64) AppleWebKit/537.36 (KHTML, like Gecko) Chrome/120.0.4926.232 Safari/537.36; compatible; GPTBot/1.2; +https://openai.com/gptbot"
34.16.153.150 - - [13/Sep/2026:16:12:48 +0300] "GET /terraform.tfstate HTTP/1.1" 401 53 "-" "Mozilla/5.0 (iPhone; CPU iPhone OS 16_4 like Mac OS X) AppleWebKit/605.1.15 (KHTML, like Gecko; compatible; ChatGPT-User/1.0; +https://openai.com/bot) Version/19.3 Mobile/15E148 Safari/604.1"
34.16.153.150 - - [13/Sep/2026:16:12:48 +0300] "GET /serverless.yml HTTP/1.1" 401 53 "-" "Mozilla/5.0 (Macintosh; Intel Mac OS X 14_6_1) AppleWebKit/537.36 (KHTML, like Gecko; compatible; Twitterbot/1.0) Chrome/151.0.6827.30 Safari/537.36"
34.39.244.162 - - [13/Sep/2026:16:12:48 +0300] "GET /mail/phpinfo.php HTTP/1.1" 404 - "-" "Mozilla/5.0 (X11; Linux x86_64) AppleWebKit/537.36 (KHTML, like Gecko) Chrome/131.0.0.0 Safari/537.36"
34.16.153.150 - - [13/Sep/2026:16:12:48 +0300] "GET /serverless.yaml HTTP/1.1" 401 53 "-" "Mozilla/5.0 AppleWebKit/537.36 (KHTML, like Gecko); compatible; Claude-User/1.0; +https://www.anthropic.com/claude-user"
34.16.153.150 - - [13/Sep/2026:16:12:48 +0300] "GET /var/www/.env HTTP/1.1" 401 53 "-" "Mozilla/5.0 (Windows NT 10.0; rv:143.16) Gecko/20100101 Firefox/143.16; compatible; Applebot/0.1; +http://www.apple.com/go/applebot"
34.16.153.150 - - [13/Sep/2026:16:12:48 +0300] "GET /.sendgrid.env HTTP/1.1" 401 53 "-" "Mozilla/5.0 (Windows NT 10.0; Win64; x64) AppleWebKit/537.36 (KHTML, like Gecko; compatible; Perplexity-User/1.0; +https://perplexity.ai/perplexity-user) Chrome/134.0.425.109 Safari/537.36"
34.16.153.150 - - [13/Sep/2026:16:12:48 +0300] "GET /var/www/html/.env HTTP/1.1" 401 53 "-" "Mozilla/5.0 (Windows NT 11.0; Win64; x64) AppleWebKit/537.36 (KHTML, like Gecko; compatible; ChatGPT-User/1.0; +https://openai.com/bot) Chrome/126.0.6185.154 Safari/537.36 Edg/126.0.6185.154"
34.39.244.162 - - [13/Sep/2026:16:12:48 +0300] "GET /cpanel/phpinfo.php HTTP/1.1" 404 - "-" "Mozilla/5.0 (X11; Linux x86_64) AppleWebKit/537.36 (KHTML, like Gecko) Chrome/131.0.0.0 Safari/537.36"
34.16.153.150 - - [13/Sep/2026:16:12:48 +0300] "GET /sendgrid/.env HTTP/1.1" 401 53 "-" "Mozilla/5.0 (Macintosh; Intel Mac OS X 14_5) AppleWebKit/537.36 (KHTML, like Gecko; compatible; GPTBot/1.2; +https://openai.com/gptbot) Chrome/124.0.1992.240 Safari/537.36"
34.16.153.150 - - [13/Sep/2026:16:12:48 +0300] "GET /config/sendgrid.env HTTP/1.1" 401 53 "-" "Mozilla/5.0 (Windows NT 11.0; Win64; x64) AppleWebKit/537.36 (KHTML, like Gecko; compatible; Twitterbot/1.0) Chrome/120.0.7711.155 Safari/537.36"
34.39.244.162 - - [13/Sep/2026:16:12:48 +0300] "GET /hosting/phpinfo.php HTTP/1.1" 404 - "-" "Mozilla/5.0 (X11; Linux x86_64) AppleWebKit/537.36 (KHTML, like Gecko) Chrome/131.0.0.0 Safari/537.36"
34.16.153.150 - - [13/Sep/2026:16:12:48 +0300] "GET /mail/.env HTTP/1.1" 401 53 "-" "Mozilla/5.0 AppleWebKit/537.36 (KHTML, like Gecko; compatible; Perplexity-User/1.0; +https://perplexity.ai/perplexity-user)"
34.16.153.150 - - [13/Sep/2026:16:12:48 +0300] "GET /email/.env HTTP/1.1" 401 53 "-" "Mozilla/5.0 AppleWebKit/537.36 (KHTML, like Gecko); compatible; meta-externalagent/1.1; +https://developers.facebook.com/docs/sharing/webmasters/crawler"
34.16.153.150 - - [13/Sep/2026:16:12:49 +0300] "GET /stripe.env HTTP/1.1" 401 53 "-" "Mozilla/5.0 AppleWebKit/537.36 (KHTML, like Gecko; compatible; Twitterbot/1.0)"
34.16.153.150 - - [13/Sep/2026:16:12:49 +0300] "GET /stripe.json HTTP/1.1" 401 53 "-" "Mozilla/5.0 AppleWebKit/537.36 (KHTML, like Gecko); compatible; Slackbot-LinkExpanding/1.0; +https://api.slack.com/robots"
34.16.153.150 - - [13/Sep/2026:16:12:49 +0300] "GET /stripe/.env HTTP/1.1" 401 53 "-" "Mozilla/5.0 (iPhone; CPU iPhone OS 18_4 like Mac OS X) AppleWebKit/537.36 (KHTML, like Gecko; compatible; facebookexternalhit/1.1; +http://www.facebook.com/externalhit_uatext.php) Chrome/136.0.8631.237 Mobile Safari/537.36"
34.16.153.150 - - [13/Sep/2026:16:12:49 +0300] "GET /config/stripe.json HTTP/1.1" 401 53 "-" "Mozilla/5.0 AppleWebKit/537.36 (KHTML, like Gecko; compatible; ClaudeBot/1.0; +claudebot@anthropic.com)"
34.39.244.162 - - [13/Sep/2026:16:12:49 +0300] "GET /webmail/phpinfo.php HTTP/1.1" 200 34802 "-" "Mozilla/5.0 (X11; Linux x86_64) AppleWebKit/537.36 (KHTML, like Gecko) Chrome/131.0.0.0 Safari/537.36"
34.16.153.150 - - [13/Sep/2026:16:12:49 +0300] "GET /back/.env HTTP/1.1" 401 53 "-" "Mozilla/5.0 (X11; Linux x86_64) AppleWebKit/537.36 (KHTML, like Gecko; compatible; WhatsApp/10.0.2.1) Chrome/124.0.1537.208 Safari/537.36"
34.16.153.150 - - [13/Sep/2026:16:12:49 +0300] "GET /backend-api/.env HTTP/1.1" 401 53 "-" "Mozilla/5.0 (iPhone; CPU iPhone OS 18_4 like Mac OS X) AppleWebKit/605.1.15 (KHTML, like Gecko) Version/17.0 Mobile/15E148 Safari/604.1; compatible; Bytespider; +https://zhanzhang.toutiao.com/"
34.16.153.150 - - [13/Sep/2026:16:12:49 +0300] "GET /development/.env HTTP/1.1" 401 53 "-" "Mozilla/5.0 AppleWebKit/537.36 (KHTML, like Gecko; compatible; Claude-SearchBot/1.0; +https://www.anthropic.com/claude-searchbot)"
34.16.153.150 - - [13/Sep/2026:16:12:49 +0300] "GET /prod/.env HTTP/1.1" 401 53 "-" "Mozilla/5.0 AppleWebKit/537.36 (KHTML, like Gecko; compatible; WhatsApp/10.0.2.1)"
34.39.244.162 - - [13/Sep/2026:16:12:49 +0300] "GET /smtp/phpinfo.php HTTP/1.1" 404 - "-" "Mozilla/5.0 (X11; Linux x86_64) AppleWebKit/537.36 (KHTML, like Gecko) Chrome/131.0.0.0 Safari/537.36"
34.16.153.150 - - [13/Sep/2026:16:12:49 +0300] "GET /stage/.env HTTP/1.1" 401 53 "-" "Mozilla/5.0 (iPhone; CPU iPhone OS 18_4 like Mac OS X) AppleWebKit/537.36 (KHTML, like Gecko) Chrome/109.0.2371.9 Mobile Safari/537.36; compatible; Claude-SearchBot/1.0; +https://www.anthropic.com/claude-searchbot"
34.39.244.162 - - [13/Sep/2026:16:12:49 +0300] "GET /phpinfo.php.bak HTTP/1.1" 404 - "-" "Mozilla/5.0 (X11; Linux x86_64) AppleWebKit/537.36 (KHTML, like Gecko) Chrome/131.0.0.0 Safari/537.36"
34.16.153.150 - - [13/Sep/2026:16:12:49 +0300] "GET /node/.env HTTP/1.1" 401 53 "-" "Mozilla/5.0 (Linux; Android 14; Pixel 8) AppleWebKit/537.36 (KHTML, like Gecko) Chrome/133.0.5757.149 Mobile Safari/537.36; compatible; OAI-SearchBot/1.4; robots.txt; +https://openai.com/searchbot"
34.16.153.150 - - [13/Sep/2026:16:12:49 +0300] "GET /services/.env HTTP/1.1" 401 53 "-" "Mozilla/5.0 (Macintosh; Intel Mac OS X 14_6_1) AppleWebKit/537.36 (KHTML, like Gecko) Chrome/131.0.1405.86 Safari/537.36 Edg/131.0.1405.86; compatible; TelegramBot/1.0"
34.16.153.150 - - [13/Sep/2026:16:12:49 +0300] "GET /test/.env HTTP/1.1" 401 53 "-" "Mozilla/5.0 (Linux; Android 15; SM-S918B) AppleWebKit/537.36 (KHTML, like Gecko) Chrome/136.0.1321.127 Mobile Safari/537.36; compatible; GPTBot/1.4; +https://openai.com/gptbot"
34.39.244.162 - - [13/Sep/2026:16:12:50 +0300] "GET /phpinfo.php.old HTTP/1.1" 404 - "-" "Mozilla/5.0 (X11; Linux x86_64) AppleWebKit/537.36 (KHTML, like Gecko) Chrome/131.0.0.0 Safari/537.36"
34.16.153.150 - - [13/Sep/2026:16:12:50 +0300] "GET /private/.env HTTP/1.1" 401 53 "-" "Mozilla/5.0 (X11; Linux x86_64; rv:149.10) Gecko/20100101 Firefox/149.10; compatible; Amazonbot/0.1; +https://developer.amazon.com/support/amazonbot"
34.16.153.150 - - [13/Sep/2026:16:12:50 +0300] "GET /app/backend/.env HTTP/1.1" 401 53 "-" "Mozilla/5.0 AppleWebKit/537.36 (KHTML, like Gecko; compatible; Discordbot/2.0; +https://discordapp.com)"
34.16.153.150 - - [13/Sep/2026:16:12:50 +0300] "GET /internal/.env HTTP/1.1" 401 53 "-" "Mozilla/5.0 (Linux; Android 15; SM-S918B) AppleWebKit/537.36 (KHTML, like Gecko; compatible; Google-Extended/1.0; +http://www.google.com/bot.html) Chrome/151.0.3168.229 Mobile Safari/537.36"
34.16.153.150 - - [13/Sep/2026:16:12:50 +0300] "GET /app/api/.env HTTP/1.1" 401 53 "-" "Mozilla/5.0 AppleWebKit/537.36 (KHTML, like Gecko; compatible; ClaudeBot/1.0; +claudebot@anthropic.com)"
34.39.244.162 - - [13/Sep/2026:16:12:50 +0300] "GET /phpinfo.php~ HTTP/1.1" 404 - "-" "Mozilla/5.0 (X11; Linux x86_64) AppleWebKit/537.36 (KHTML, like Gecko) Chrome/131.0.0.0 Safari/537.36"
34.16.153.150 - - [13/Sep/2026:16:12:50 +0300] "GET /backend/.env.local HTTP/1.1" 401 53 "-" "Mozilla/5.0 AppleWebKit/537.36 (KHTML, like Gecko; compatible; Bytespider; +https://zhanzhang.toutiao.com/)"
34.16.153.150 - - [13/Sep/2026:16:12:50 +0300] "GET /backend/api/.env HTTP/1.1" 401 53 "-" "Mozilla/5.0 (Macintosh; Intel Mac OS X 10_15_7) AppleWebKit/537.36 (KHTML, like Gecko; compatible; Perplexity-User/1.0; +https://perplexity.ai/perplexity-user) Chrome/109.0.5308.6 Safari/537.36"
34.16.153.150 - - [13/Sep/2026:16:12:50 +0300] "GET /backend/.env.production HTTP/1.1" 401 53 "-" "Mozilla/5.0 (Windows NT 11.0; Win64; x64) AppleWebKit/537.36 (KHTML, like Gecko; compatible; Claude-User/1.0; +https://www.anthropic.com/claude-user) Chrome/151.0.1814.247 Safari/537.36"
34.16.153.150 - - [13/Sep/2026:16:12:50 +0300] "GET /frontend/.env.local HTTP/1.1" 401 53 "-" "Mozilla/5.0 AppleWebKit/537.36 (KHTML, like Gecko); compatible; Slackbot-LinkExpanding/1.0; +https://api.slack.com/robots"
34.39.244.162 - - [13/Sep/2026:16:12:50 +0300] "GET /info.php.bak HTTP/1.1" 404 - "-" "Mozilla/5.0 (X11; Linux x86_64) AppleWebKit/537.36 (KHTML, like Gecko) Chrome/131.0.0.0 Safari/537.36"
34.16.153.150 - - [13/Sep/2026:16:12:50 +0300] "GET /frontend/.env.production HTTP/1.1" 401 53 "-" "Mozilla/5.0 (iPhone; CPU iPhone OS 17_0 like Mac OS X) AppleWebKit/537.36 (KHTML, like Gecko; compatible; meta-externalagent/1.1; +https://developers.facebook.com/docs/sharing/webmasters/crawler) Chrome/91.0.7724.170 Mobile Safari/537.36"
34.16.153.150 - - [13/Sep/2026:16:12:50 +0300] "GET /src/.env.local HTTP/1.1" 401 53 "-" "Mozilla/5.0 AppleWebKit/537.36 (KHTML, like Gecko); compatible; Amazonbot/0.1; +https://developer.amazon.com/support/amazonbot"
34.16.153.150 - - [13/Sep/2026:16:12:50 +0300] "GET /src/.env.production HTTP/1.1" 401 53 "-" "Mozilla/5.0 (Linux; Android 12; Pixel 6) AppleWebKit/537.36 (KHTML, like Gecko) Chrome/91.0.5375.38 Mobile Safari/537.36; compatible; Claude-User/1.0; +https://www.anthropic.com/claude-user"
34.39.244.162 - - [13/Sep/2026:16:12:50 +0300] "GET /phpinfo.php.save HTTP/1.1" 404 - "-" "Mozilla/5.0 (X11; Linux x86_64) AppleWebKit/537.36 (KHTML, like Gecko) Chrome/131.0.0.0 Safari/537.36"
34.16.153.150 - - [13/Sep/2026:16:12:50 +0300] "GET /src/api/.env HTTP/1.1" 401 53 "-" "Mozilla/5.0 (X11; Ubuntu; Linux x86_64; rv:127.11) Gecko/20100101 Firefox/127.11; compatible; Amzn-SearchBot/1.0; +https://developer.amazon.com/support/amazonbot"
34.16.153.150 - - [13/Sep/2026:16:12:51 +0300] "GET /server/.env.local HTTP/1.1" 401 53 "-" "Mozilla/5.0 AppleWebKit/537.36 (KHTML, like Gecko); compatible; GPTBot/1.2; +https://openai.com/gptbot"
34.39.244.162 - - [13/Sep/2026:16:12:51 +0300] "GET /staging/phpinfo.php HTTP/1.1" 404 - "-" "Mozilla/5.0 (X11; Linux x86_64) AppleWebKit/537.36 (KHTML, like Gecko) Chrome/131.0.0.0 Safari/537.36"
34.16.153.150 - - [13/Sep/2026:16:12:51 +0300] "GET /server/.env.production HTTP/1.1" 401 53 "-" "Mozilla/5.0 (compatible; Claude-User/1.0; +https://www.anthropic.com/claude-user)"
34.16.153.150 - - [13/Sep/2026:16:12:51 +0300] "GET /admin/.env.local HTTP/1.1" 401 53 "-" "Mozilla/5.0 AppleWebKit/537.36 (KHTML, like Gecko); compatible; OAI-SearchBot/1.4; robots.txt; +https://openai.com/searchbot"
34.16.153.150 - - [13/Sep/2026:16:12:51 +0300] "GET /admin/.env.production HTTP/1.1" 401 53 "-" "Mozilla/5.0 AppleWebKit/537.36 (KHTML, like Gecko); compatible; Slackbot-LinkExpanding/1.0; +https://api.slack.com/robots"
34.39.244.162 - - [13/Sep/2026:16:12:51 +0300] "GET /beta/phpinfo.php HTTP/1.1" 404 - "-" "Mozilla/5.0 (X11; Linux x86_64) AppleWebKit/537.36 (KHTML, like Gecko) Chrome/131.0.0.0 Safari/537.36"
34.16.153.150 - - [13/Sep/2026:16:12:51 +0300] "GET /apps/api/.env HTTP/1.1" 401 53 "-" "Mozilla/5.0 (Macintosh; Intel Mac OS X 13_6_7) AppleWebKit/605.1.15 (KHTML, like Gecko; compatible; LinkedInBot/1.0; +http://www.linkedin.com) Version/16.4 Safari/605.1.15"
34.16.153.150 - - [13/Sep/2026:16:12:51 +0300] "GET /apps/backend/.env HTTP/1.1" 401 53 "-" "Mozilla/5.0 AppleWebKit/537.36 (KHTML, like Gecko; compatible; Perplexity-User/1.0; +https://perplexity.ai/perplexity-user)"
34.16.153.150 - - [13/Sep/2026:16:12:51 +0300] "GET /database/.env HTTP/1.1" 401 53 "-" "Mozilla/5.0 (Linux; Android 12; Pixel 6) AppleWebKit/537.36 (KHTML, like Gecko) Chrome/128.0.7190.103 Mobile Safari/537.36; compatible; Slackbot-LinkExpanding/1.0; +https://api.slack.com/robots"
34.16.153.150 - - [13/Sep/2026:16:12:51 +0300] "GET /config/credentials.json HTTP/1.1" 401 53 "-" "Mozilla/5.0 (compatible; PerplexityBot/1.0; +https://perplexity.ai/perplexitybot)"
34.39.244.162 - - [13/Sep/2026:16:12:51 +0300] "GET /uat/phpinfo.php HTTP/1.1" 404 - "-" "Mozilla/5.0 (X11; Linux x86_64) AppleWebKit/537.36 (KHTML, like Gecko) Chrome/131.0.0.0 Safari/537.36"
34.16.153.150 - - [13/Sep/2026:16:12:51 +0300] "GET /config/env.json HTTP/1.1" 401 53 "-" "Mozilla/5.0 (Windows NT 10.0; Win64; x64; rv:149.4) Gecko/20100101 Firefox/149.4; compatible; Discordbot/2.0; +https://discordapp.com"
