66.249.68.97 - - [13/Sep/2026:15:32:31 +0300] "GET /index.php/maistas-i-namus?sale/search/detail/?ITMCODE=52002669704 HTTP/1.1" 200 204097 "-" "Mozilla/5.0 (Linux; Android 6.0.1; Nexus 5X Build/MMB29P) AppleWebKit/537.36 (KHTML, like Gecko) Chrome/152.0.7977.82 Mobile Safari/537.36 (compatible; Googlebot/2.1; +http://www.google.com/bot.html)"
66.249.68.105 - - [13/Sep/2026:15:32:32 +0300] "GET /index.php/maistas-i-namus?sale/search/detail/?ITMCODE=51981579129 HTTP/1.1" 200 204254 "-" "Mozilla/5.0 (Linux; Android 6.0.1; Nexus 5X Build/MMB29P) AppleWebKit/537.36 (KHTML, like Gecko) Chrome/152.0.7977.82 Mobile Safari/537.36 (compatible; Googlebot/2.1; +http://www.google.com/bot.html)"
66.249.68.97 - - [13/Sep/2026:15:32:31 +0300] "GET /index.php/maistas-i-namus?sale/search/detail/?ITMCODE=52002777805 HTTP/1.1" 200 202788 "-" "Mozilla/5.0 (Linux; Android 6.0.1; Nexus 5X Build/MMB29P) AppleWebKit/537.36 (KHTML, like Gecko) Chrome/152.0.7977.82 Mobile Safari/537.36 (compatible; Googlebot/2.1; +http://www.google.com/bot.html)"
66.249.68.97 - - [13/Sep/2026:15:32:32 +0300] "GET /index.php/maistas-i-namus?sale/search/detail/?ITMCODE=5195172099 HTTP/1.1" 200 225354 "-" "Mozilla/5.0 (Linux; Android 6.0.1; Nexus 5X Build/MMB29P) AppleWebKit/537.36 (KHTML, like Gecko) Chrome/152.0.7977.82 Mobile Safari/537.36 (compatible; Googlebot/2.1; +http://www.google.com/bot.html)"
66.249.68.97 - - [13/Sep/2026:15:32:32 +0300] "GET /index.php/meniu?sale/search/detail/?ITMCODE=51971283986 HTTP/1.1" 200 196831 "-" "Mozilla/5.0 (Linux; Android 6.0.1; Nexus 5X Build/MMB29P) AppleWebKit/537.36 (KHTML, like Gecko) Chrome/152.0.7977.82 Mobile Safari/537.36 (compatible; Googlebot/2.1; +http://www.google.com/bot.html)"
66.249.68.98 - - [13/Sep/2026:15:32:32 +0300] "GET /index.php/kontaktai?sale/search/detail/?ITMCODE=51971327860 HTTP/1.1" 200 221787 "-" "Mozilla/5.0 (Linux; Android 6.0.1; Nexus 5X Build/MMB29P) AppleWebKit/537.36 (KHTML, like Gecko) Chrome/152.0.7977.82 Mobile Safari/537.36 (compatible; Googlebot/2.1; +http://www.google.com/bot.html)"
66.249.68.101 - - [13/Sep/2026:15:32:33 +0300] "GET /index.php/meniu?sale/search/detail/?ITMCODE=5195198192 HTTP/1.1" 200 202302 "-" "Mozilla/5.0 (Linux; Android 6.0.1; Nexus 5X Build/MMB29P) AppleWebKit/537.36 (KHTML, like Gecko) Chrome/152.0.7977.82 Mobile Safari/537.36 (compatible; Googlebot/2.1; +http://www.google.com/bot.html)"
66.249.68.98 - - [13/Sep/2026:15:32:34 +0300] "GET /index.php/kontaktai?sale/search/detail/?ITMCODE=52002503120 HTTP/1.1" 200 204310 "-" "Mozilla/5.0 (Linux; Android 6.0.1; Nexus 5X Build/MMB29P) AppleWebKit/537.36 (KHTML, like Gecko) Chrome/152.0.7977.82 Mobile Safari/537.36 (compatible; Googlebot/2.1; +http://www.google.com/bot.html)"
66.249.68.97 - - [13/Sep/2026:15:32:34 +0300] "GET /index.php/meniu?shop/c/c51971000966/ HTTP/1.1" 200 270452 "-" "Mozilla/5.0 (Linux; Android 6.0.1; Nexus 5X Build/MMB29P) AppleWebKit/537.36 (KHTML, like Gecko) Chrome/152.0.7977.82 Mobile Safari/537.36 (compatible; Googlebot/2.1; +http://www.google.com/bot.html)"
66.249.68.102 - - [13/Sep/2026:15:32:34 +0300] "GET /index.php/meniu?sale/search/detail/?ITMCODE=51981909424 HTTP/1.1" 200 209998 "-" "Mozilla/5.0 (Linux; Android 6.0.1; Nexus 5X Build/MMB29P) AppleWebKit/537.36 (KHTML, like Gecko) Chrome/152.0.7977.82 Mobile Safari/537.36 (compatible; Googlebot/2.1; +http://www.google.com/bot.html)"
66.249.68.103 - - [13/Sep/2026:15:32:34 +0300] "GET /index.php/maistas-i-namus?sale/search/detail/?ITMCODE=52002964824 HTTP/1.1" 200 202724 "-" "Mozilla/5.0 (Linux; Android 6.0.1; Nexus 5X Build/MMB29P) AppleWebKit/537.36 (KHTML, like Gecko) Chrome/152.0.7977.82 Mobile Safari/537.36 (compatible; Googlebot/2.1; +http://www.google.com/bot.html)"
66.249.68.102 - - [13/Sep/2026:15:32:35 +0300] "GET /index.php/maistas-i-namus?sale/search/detail/?ITMCODE=51981768830 HTTP/1.1" 200 204140 "-" "Mozilla/5.0 (Linux; Android 6.0.1; Nexus 5X Build/MMB29P) AppleWebKit/537.36 (KHTML, like Gecko) Chrome/152.0.7977.82 Mobile Safari/537.36 (compatible; Googlebot/2.1; +http://www.google.com/bot.html)"
66.249.68.101 - - [13/Sep/2026:15:32:35 +0300] "GET /index.php/meniu?sale/search/detail/?ITMCODE=51957574 HTTP/1.1" 200 224016 "-" "Mozilla/5.0 (Linux; Android 6.0.1; Nexus 5X Build/MMB29P) AppleWebKit/537.36 (KHTML, like Gecko) Chrome/152.0.7977.82 Mobile Safari/537.36 (compatible; Googlebot/2.1; +http://www.google.com/bot.html)"
66.249.68.105 - - [13/Sep/2026:15:32:35 +0300] "GET /index.php/meniu?sale/search/detail/?ITMCODE=51981973994 HTTP/1.1" 200 200185 "-" "Mozilla/5.0 (Linux; Android 6.0.1; Nexus 5X Build/MMB29P) AppleWebKit/537.36 (KHTML, like Gecko) Chrome/152.0.7977.82 Mobile Safari/537.36 (compatible; Googlebot/2.1; +http://www.google.com/bot.html)"
66.249.68.105 - - [13/Sep/2026:15:32:35 +0300] "GET /index.php/meniu?sale/search/detail/?ITMCODE=51992467074 HTTP/1.1" 200 199770 "-" "Mozilla/5.0 (Linux; Android 6.0.1; Nexus 5X Build/MMB29P) AppleWebKit/537.36 (KHTML, like Gecko) Chrome/152.0.7977.82 Mobile Safari/537.36 (compatible; Googlebot/2.1; +http://www.google.com/bot.html)"
66.249.68.103 - - [13/Sep/2026:15:32:36 +0300] "GET /index.php/meniu?sale/search/detail/?ITMCODE=52002972753 HTTP/1.1" 200 220770 "-" "Mozilla/5.0 (Linux; Android 6.0.1; Nexus 5X Build/MMB29P) AppleWebKit/537.36 (KHTML, like Gecko) Chrome/152.0.7977.82 Mobile Safari/537.36 (compatible; Googlebot/2.1; +http://www.google.com/bot.html)"
66.249.68.97 - - [13/Sep/2026:15:32:37 +0300] "GET /index.php/meniu?sale/search/detail/?ITMCODE=51992478380 HTTP/1.1" 200 200083 "-" "Mozilla/5.0 (Linux; Android 6.0.1; Nexus 5X Build/MMB29P) AppleWebKit/537.36 (KHTML, like Gecko) Chrome/152.0.7977.82 Mobile Safari/537.36 (compatible; Googlebot/2.1; +http://www.google.com/bot.html)"
66.249.68.103 - - [13/Sep/2026:15:32:38 +0300] "GET /index.php/meniu?sale/search/detail/?ITMCODE=51981570486 HTTP/1.1" 200 217773 "-" "Mozilla/5.0 (Linux; Android 6.0.1; Nexus 5X Build/MMB29P) AppleWebKit/537.36 (KHTML, like Gecko) Chrome/152.0.7977.82 Mobile Safari/537.36 (compatible; Googlebot/2.1; +http://www.google.com/bot.html)"
66.249.68.97 - - [13/Sep/2026:15:32:39 +0300] "GET /index.php/meniu?sale/search/detail/?ITMCODE=5195186955 HTTP/1.1" 200 202985 "-" "Mozilla/5.0 (Linux; Android 6.0.1; Nexus 5X Build/MMB29P) AppleWebKit/537.36 (KHTML, like Gecko) Chrome/152.0.7977.82 Mobile Safari/537.36 (compatible; Googlebot/2.1; +http://www.google.com/bot.html)"
74.125.150.97 - - [13/Sep/2026:15:32:39 +0300] "GET /index.php?sale/search/detail/?ITMCODE=51981995256 HTTP/1.1" 200 11152 "-" "Mozilla/5.0 (X11; Linux x86_64) AppleWebKit/537.36 (KHTML, like Gecko) Chrome/151.0.7922.71 Safari/537.36"
66.249.68.104 - - [13/Sep/2026:15:32:40 +0300] "GET /index.php/meniu?sale/search/detail/?ITMCODE=52002734783 HTTP/1.1" 200 204035 "-" "Mozilla/5.0 (Linux; Android 6.0.1; Nexus 5X Build/MMB29P) AppleWebKit/537.36 (KHTML, like Gecko) Chrome/152.0.7977.82 Mobile Safari/537.36 (compatible; Googlebot/2.1; +http://www.google.com/bot.html)"
66.249.68.96 - - [13/Sep/2026:15:32:40 +0300] "GET /index.php/meniu?sale/search/detail/?ITMCODE=51992407815 HTTP/1.1" 200 203304 "-" "Mozilla/5.0 (Linux; Android 6.0.1; Nexus 5X Build/MMB29P) AppleWebKit/537.36 (KHTML, like Gecko) Chrome/152.0.7977.82 Mobile Safari/537.36 (compatible; Googlebot/2.1; +http://www.google.com/bot.html)"
74.125.150.97 - - [13/Sep/2026:15:32:41 +0300] "GET /media/jui/js/jquery.min.js?0c2ada6fb5fac50fc7ad43b82b14eaac HTTP/1.1" 200 97646 "https://www.chenglong.lt/index.php?sale/search/detail/?ITMCODE=51981995256" "Mozilla/5.0 (X11; Linux x86_64) AppleWebKit/537.36 (KHTML, like Gecko) Chrome/151.0.7922.71 Safari/537.36"
66.249.68.96 - - [13/Sep/2026:15:32:40 +0300] "GET /index.php/kontaktai?sale/search/detail/?ITMCODE=5195230087 HTTP/1.1" 200 198456 "-" "Mozilla/5.0 (Linux; Android 6.0.1; Nexus 5X Build/MMB29P) AppleWebKit/537.36 (KHTML, like Gecko) Chrome/152.0.7977.82 Mobile Safari/537.36 (compatible; Googlebot/2.1; +http://www.google.com/bot.html)"
74.125.150.97 - - [13/Sep/2026:15:32:41 +0300] "GET /images/logo_dark_small.png HTTP/1.1" 200 164696 "https://www.chenglong.lt/index.php?sale/search/detail/?ITMCODE=51981995256" "Mozilla/5.0 (X11; Linux x86_64) AppleWebKit/537.36 (KHTML, like Gecko) Chrome/151.0.7922.71 Safari/537.36"
66.249.68.97 - - [13/Sep/2026:15:32:41 +0300] "GET /index.php/maistas-i-namus?shop/c/c51991001046/ HTTP/1.1" 200 271849 "-" "Mozilla/5.0 (Linux; Android 6.0.1; Nexus 5X Build/MMB29P) AppleWebKit/537.36 (KHTML, like Gecko) Chrome/152.0.7977.82 Mobile Safari/537.36 (compatible; Googlebot/2.1; +http://www.google.com/bot.html)"
74.125.150.97 - - [13/Sep/2026:15:32:42 +0300] "GET /plugins/system/miniteksystemmessages/assets/css/style.css?v=1.0.6 HTTP/1.1" 200 3576 "https://www.chenglong.lt/index.php?sale/search/detail/?ITMCODE=51981995256" "Mozilla/5.0 (X11; Linux x86_64) AppleWebKit/537.36 (KHTML, like Gecko) Chrome/151.0.7922.71 Safari/537.36"
66.249.68.101 - - [13/Sep/2026:15:32:42 +0300] "GET /index.php/meniu?sale/search/detail/?ITMCODE=52002867450 HTTP/1.1" 200 205613 "-" "Mozilla/5.0 (Linux; Android 6.0.1; Nexus 5X Build/MMB29P) AppleWebKit/537.36 (KHTML, like Gecko) Chrome/152.0.7977.82 Mobile Safari/537.36 (compatible; Googlebot/2.1; +http://www.google.com/bot.html)"
74.125.150.97 - - [13/Sep/2026:15:32:42 +0300] "GET /media/system/js/mootools-more.js?0c2ada6fb5fac50fc7ad43b82b14eaac HTTP/1.1" 200 236825 "https://www.chenglong.lt/index.php?sale/search/detail/?ITMCODE=51981995256" "Mozilla/5.0 (X11; Linux x86_64) AppleWebKit/537.36 (KHTML, like Gecko) Chrome/151.0.7922.71 Safari/537.36"
66.249.68.102 - - [13/Sep/2026:15:32:42 +0300] "GET /index.php/meniu?sale/search/detail/?ITMCODE=51981927034 HTTP/1.1" 200 211142 "-" "Mozilla/5.0 (Linux; Android 6.0.1; Nexus 5X Build/MMB29P) AppleWebKit/537.36 (KHTML, like Gecko) Chrome/152.0.7977.82 Mobile Safari/537.36 (compatible; Googlebot/2.1; +http://www.google.com/bot.html)"
74.125.150.97 - - [13/Sep/2026:15:32:43 +0300] "GET /media/system/js/caption.js?0c2ada6fb5fac50fc7ad43b82b14eaac HTTP/1.1" 200 491 "https://www.chenglong.lt/index.php?sale/search/detail/?ITMCODE=51981995256" "Mozilla/5.0 (X11; Linux x86_64) AppleWebKit/537.36 (KHTML, like Gecko) Chrome/151.0.7922.71 Safari/537.36"
66.249.68.96 - - [13/Sep/2026:15:32:43 +0300] "GET /index.php/maistas-i-namus?sale/search/detail/?ITMCODE=51971208521 HTTP/1.1" 200 199240 "-" "Mozilla/5.0 (Linux; Android 6.0.1; Nexus 5X Build/MMB29P) AppleWebKit/537.36 (KHTML, like Gecko) Chrome/152.0.7977.82 Mobile Safari/537.36 (compatible; Googlebot/2.1; +http://www.google.com/bot.html)"
74.125.150.97 - - [13/Sep/2026:15:32:43 +0300] "GET /plugins/system/miniteksystemmessages/assets/js/jquery.jgrowl.js HTTP/1.1" 200 16629 "https://www.chenglong.lt/index.php?sale/search/detail/?ITMCODE=51981995256" "Mozilla/5.0 (X11; Linux x86_64) AppleWebKit/537.36 (KHTML, like Gecko) Chrome/151.0.7922.71 Safari/537.36"
74.125.150.97 - - [13/Sep/2026:15:32:44 +0300] "GET /templates/resto_6/script.responsive.js HTTP/1.1" 200 21136 "https://www.chenglong.lt/index.php?sale/search/detail/?ITMCODE=51981995256" "Mozilla/5.0 (X11; Linux x86_64) AppleWebKit/537.36 (KHTML, like Gecko) Chrome/151.0.7922.71 Safari/537.36"
74.125.150.97 - - [13/Sep/2026:15:32:44 +0300] "GET /media/jui/js/jquery-migrate.min.js?0c2ada6fb5fac50fc7ad43b82b14eaac HTTP/1.1" 200 10056 "https://www.chenglong.lt/index.php?sale/search/detail/?ITMCODE=51981995256" "Mozilla/5.0 (X11; Linux x86_64) AppleWebKit/537.36 (KHTML, like Gecko) Chrome/151.0.7922.71 Safari/537.36"
74.125.150.97 - - [13/Sep/2026:15:32:45 +0300] "GET /images/logo.png HTTP/1.1" 200 30174 "https://www.chenglong.lt/index.php?sale/search/detail/?ITMCODE=51981995256" "Mozilla/5.0 (X11; Linux x86_64) AppleWebKit/537.36 (KHTML, like Gecko) Chrome/151.0.7922.71 Safari/537.36"
66.249.68.102 - - [13/Sep/2026:15:32:44 +0300] "GET /index.php/maistas-i-namus?sale/search/detail/?ITMCODE=52002872505 HTTP/1.1" 200 201247 "-" "Mozilla/5.0 (Linux; Android 6.0.1; Nexus 5X Build/MMB29P) AppleWebKit/537.36 (KHTML, like Gecko) Chrome/152.0.7977.82 Mobile Safari/537.36 (compatible; Googlebot/2.1; +http://www.google.com/bot.html)"
74.125.150.97 - - [13/Sep/2026:15:32:45 +0300] "GET /templates/system/css/system.css HTTP/1.1" 200 881 "https://www.chenglong.lt/index.php?sale/search/detail/?ITMCODE=51981995256" "Mozilla/5.0 (X11; Linux x86_64) AppleWebKit/537.36 (KHTML, like Gecko) Chrome/151.0.7922.71 Safari/537.36"
74.125.150.97 - - [13/Sep/2026:15:32:46 +0300] "GET /templates/system/css/general.css HTTP/1.1" 200 2717 "https://www.chenglong.lt/index.php?sale/search/detail/?ITMCODE=51981995256" "Mozilla/5.0 (X11; Linux x86_64) AppleWebKit/537.36 (KHTML, like Gecko) Chrome/151.0.7922.71 Safari/537.36"
66.249.68.99 - - [13/Sep/2026:15:32:45 +0300] "GET /index.php/meniu?sale/search/detail/?ITMCODE=5195186466 HTTP/1.1" 200 207979 "-" "Mozilla/5.0 (Linux; Android 6.0.1; Nexus 5X Build/MMB29P) AppleWebKit/537.36 (KHTML, like Gecko) Chrome/152.0.7977.82 Mobile Safari/537.36 (compatible; Googlebot/2.1; +http://www.google.com/bot.html)"
66.249.68.101 - - [13/Sep/2026:15:32:46 +0300] "GET /index.php/meniu?sale/search/detail/?ITMCODE=51971476383 HTTP/1.1" 200 198561 "-" "Mozilla/5.0 (Linux; Android 6.0.1; Nexus 5X Build/MMB29P) AppleWebKit/537.36 (KHTML, like Gecko) Chrome/152.0.7977.82 Mobile Safari/537.36 (compatible; Googlebot/2.1; +http://www.google.com/bot.html)"
74.125.150.97 - - [13/Sep/2026:15:32:47 +0300] "GET /templates/resto_6/jquery.js HTTP/1.1" 200 92629 "https://www.chenglong.lt/index.php?sale/search/detail/?ITMCODE=51981995256" "Mozilla/5.0 (X11; Linux x86_64) AppleWebKit/537.36 (KHTML, like Gecko) Chrome/151.0.7922.71 Safari/537.36"
74.125.150.97 - - [13/Sep/2026:15:32:48 +0300] "GET /plugins/content/simplepopup/simplepopup/spustyle.css HTTP/1.1" 200 529 "https://www.chenglong.lt/index.php?sale/search/detail/?ITMCODE=51981995256" "Mozilla/5.0 (X11; Linux x86_64) AppleWebKit/537.36 (KHTML, like Gecko) Chrome/151.0.7922.71 Safari/537.36"
66.249.68.101 - - [13/Sep/2026:15:32:47 +0300] "GET /index.php/meniu?sale/search/detail/?ITMCODE=5196843610 HTTP/1.1" 200 214511 "-" "Mozilla/5.0 (Linux; Android 6.0.1; Nexus 5X Build/MMB29P) AppleWebKit/537.36 (KHTML, like Gecko) Chrome/152.0.7977.82 Mobile Safari/537.36 (compatible; Googlebot/2.1; +http://www.google.com/bot.html)"
74.125.150.97 - - [13/Sep/2026:15:32:48 +0300] "GET /templates/resto_6/css/template.css HTTP/1.1" 200 65213 "https://www.chenglong.lt/index.php?sale/search/detail/?ITMCODE=51981995256" "Mozilla/5.0 (X11; Linux x86_64) AppleWebKit/537.36 (KHTML, like Gecko) Chrome/151.0.7922.71 Safari/537.36"
66.249.68.97 - - [13/Sep/2026:15:32:47 +0300] "GET /index.php/meniu?sale/search/detail/?ITMCODE=52002941004 HTTP/1.1" 200 200527 "-" "Mozilla/5.0 (Linux; Android 6.0.1; Nexus 5X Build/MMB29P) AppleWebKit/537.36 (KHTML, like Gecko) Chrome/152.0.7977.82 Mobile Safari/537.36 (compatible; Googlebot/2.1; +http://www.google.com/bot.html)"
74.125.150.97 - - [13/Sep/2026:15:32:49 +0300] "GET /plugins/content/dearflip/dflip/js/dflip.min.js HTTP/1.1" 200 126454 "https://www.chenglong.lt/index.php?sale/search/detail/?ITMCODE=51981995256" "Mozilla/5.0 (X11; Linux x86_64) AppleWebKit/537.36 (KHTML, like Gecko) Chrome/151.0.7922.71 Safari/537.36"
66.249.68.98 - - [13/Sep/2026:15:32:48 +0300] "GET /index.php/meniu?sale/search/detail/?ITMCODE=5195338904 HTTP/1.1" 200 199845 "-" "Mozilla/5.0 (Linux; Android 6.0.1; Nexus 5X Build/MMB29P) AppleWebKit/537.36 (KHTML, like Gecko) Chrome/152.0.7977.82 Mobile Safari/537.36 (compatible; Googlebot/2.1; +http://www.google.com/bot.html)"
74.125.150.97 - - [13/Sep/2026:15:32:49 +0300] "GET /media/system/js/mootools-core.js?0c2ada6fb5fac50fc7ad43b82b14eaac HTTP/1.1" 200 83893 "https://www.chenglong.lt/index.php?sale/search/detail/?ITMCODE=51981995256" "Mozilla/5.0 (X11; Linux x86_64) AppleWebKit/537.36 (KHTML, like Gecko) Chrome/151.0.7922.71 Safari/537.36"
74.125.150.97 - - [13/Sep/2026:15:32:49 +0300] "GET /plugins/content/simplepopup/simplepopup/fancybox/jquery.fancybox-1.3.4.css HTTP/1.1" 200 8963 "https://www.chenglong.lt/index.php?sale/search/detail/?ITMCODE=51981995256" "Mozilla/5.0 (X11; Linux x86_64) AppleWebKit/537.36 (KHTML, like Gecko) Chrome/151.0.7922.71 Safari/537.36"
66.249.68.103 - - [13/Sep/2026:15:32:49 +0300] "GET /index.php/maistas-i-namus?sale/search/detail/?ITMCODE=52002657754 HTTP/1.1" 200 204016 "-" "Mozilla/5.0 (Linux; Android 6.0.1; Nexus 5X Build/MMB29P) AppleWebKit/537.36 (KHTML, like Gecko) Chrome/152.0.7977.82 Mobile Safari/537.36 (compatible; Googlebot/2.1; +http://www.google.com/bot.html)"
66.249.68.102 - - [13/Sep/2026:15:32:49 +0300] "GET /index.php/maistas-i-namus?sale/search/detail/?ITMCODE=51971243613 HTTP/1.1" 200 207502 "-" "Mozilla/5.0 (Linux; Android 6.0.1; Nexus 5X Build/MMB29P) AppleWebKit/537.36 (KHTML, like Gecko) Chrome/152.0.7977.82 Mobile Safari/537.36 (compatible; Googlebot/2.1; +http://www.google.com/bot.html)"
74.125.150.97 - - [13/Sep/2026:15:32:50 +0300] "GET /templates/resto_6/modules.js HTTP/1.1" 200 - "https://www.chenglong.lt/index.php?sale/search/detail/?ITMCODE=51981995256" "Mozilla/5.0 (X11; Linux x86_64) AppleWebKit/537.36 (KHTML, like Gecko) Chrome/151.0.7922.71 Safari/537.36"
74.125.150.97 - - [13/Sep/2026:15:32:50 +0300] "GET /media/system/js/core.js?0c2ada6fb5fac50fc7ad43b82b14eaac HTTP/1.1" 200 8735 "https://www.chenglong.lt/index.php?sale/search/detail/?ITMCODE=51981995256" "Mozilla/5.0 (X11; Linux x86_64) AppleWebKit/537.36 (KHTML, like Gecko) Chrome/151.0.7922.71 Safari/537.36"
66.249.68.103 - - [13/Sep/2026:15:32:50 +0300] "GET /index.php/kontaktai?sale/search/detail/?ITMCODE=51992362384 HTTP/1.1" 200 200793 "-" "Mozilla/5.0 (Linux; Android 6.0.1; Nexus 5X Build/MMB29P) AppleWebKit/537.36 (KHTML, like Gecko) Chrome/152.0.7977.82 Mobile Safari/537.36 (compatible; Googlebot/2.1; +http://www.google.com/bot.html)"
74.125.150.97 - - [13/Sep/2026:15:32:51 +0300] "GET /templates/resto_6/script.js HTTP/1.1" 200 56744 "https://www.chenglong.lt/index.php?sale/search/detail/?ITMCODE=51981995256" "Mozilla/5.0 (X11; Linux x86_64) AppleWebKit/537.36 (KHTML, like Gecko) Chrome/151.0.7922.71 Safari/537.36"
66.249.68.96 - - [13/Sep/2026:15:32:51 +0300] "GET /index.php/kontaktai?sale/search/detail/?ITMCODE=51992270121 HTTP/1.1" 200 197170 "-" "Mozilla/5.0 (Linux; Android 6.0.1; Nexus 5X Build/MMB29P) AppleWebKit/537.36 (KHTML, like Gecko) Chrome/152.0.7977.82 Mobile Safari/537.36 (compatible; Googlebot/2.1; +http://www.google.com/bot.html)"
66.249.68.103 - - [13/Sep/2026:15:32:51 +0300] "GET /index.php/meniu?sale/search/detail/?ITMCODE=5195449161 HTTP/1.1" 200 205956 "-" "Mozilla/5.0 (Linux; Android 6.0.1; Nexus 5X Build/MMB29P) AppleWebKit/537.36 (KHTML, like Gecko) Chrome/152.0.7977.82 Mobile Safari/537.36 (compatible; Googlebot/2.1; +http://www.google.com/bot.html)"
74.125.150.97 - - [13/Sep/2026:15:32:52 +0300] "GET /plugins/system/miniteksystemmessages/assets/css/jquery.jgrowl.css HTTP/1.1" 200 2112 "https://www.chenglong.lt/index.php?sale/search/detail/?ITMCODE=51981995256" "Mozilla/5.0 (X11; Linux x86_64) AppleWebKit/537.36 (KHTML, like Gecko) Chrome/151.0.7922.71 Safari/537.36"
74.125.150.97 - - [13/Sep/2026:15:32:52 +0300] "GET /plugins/content/dearflip/dflip/css/dflip.css HTTP/1.1" 200 36921 "https://www.chenglong.lt/index.php?sale/search/detail/?ITMCODE=51981995256" "Mozilla/5.0 (X11; Linux x86_64) AppleWebKit/537.36 (KHTML, like Gecko) Chrome/151.0.7922.71 Safari/537.36"
66.249.68.98 - - [13/Sep/2026:15:32:52 +0300] "GET /index.php/maistas-i-namus?sale/search/detail/?ITMCODE=52002579410 HTTP/1.1" 200 213937 "-" "Mozilla/5.0 (Linux; Android 6.0.1; Nexus 5X Build/MMB29P) AppleWebKit/537.36 (KHTML, like Gecko) Chrome/152.0.7977.82 Mobile Safari/537.36 (compatible; Googlebot/2.1; +http://www.google.com/bot.html)"
74.125.150.97 - - [13/Sep/2026:15:32:53 +0300] "GET /plugins/system/miniteksystemmessages/assets/js/script.js?v=1.0.6 HTTP/1.1" 200 7131 "https://www.chenglong.lt/index.php?sale/search/detail/?ITMCODE=51981995256" "Mozilla/5.0 (X11; Linux x86_64) AppleWebKit/537.36 (KHTML, like Gecko) Chrome/151.0.7922.71 Safari/537.36"
74.125.150.97 - - [13/Sep/2026:15:32:53 +0300] "GET /plugins/content/simplepopup/simplepopup/fancybox/jquery.mousewheel-3.0.4.pack.js HTTP/1.1" 200 1292 "https://www.chenglong.lt/index.php?sale/search/detail/?ITMCODE=51981995256" "Mozilla/5.0 (X11; Linux x86_64) AppleWebKit/537.36 (KHTML, like Gecko) Chrome/151.0.7922.71 Safari/537.36"
66.249.68.99 - - [13/Sep/2026:15:32:52 +0300] "GET /index.php/meniu?sale/search/detail/?ITMCODE=5195493070 HTTP/1.1" 200 204592 "-" "Mozilla/5.0 (Linux; Android 6.0.1; Nexus 5X Build/MMB29P) AppleWebKit/537.36 (KHTML, like Gecko) Chrome/152.0.7977.82 Mobile Safari/537.36 (compatible; Googlebot/2.1; +http://www.google.com/bot.html)"
74.125.150.97 - - [13/Sep/2026:15:32:53 +0300] "GET /plugins/content/simplepopup/simplepopup/fancybox/jquery.fancybox-1.3.4.patch.js HTTP/1.1" 200 18097 "https://www.chenglong.lt/index.php?sale/search/detail/?ITMCODE=51981995256" "Mozilla/5.0 (X11; Linux x86_64) AppleWebKit/537.36 (KHTML, like Gecko) Chrome/151.0.7922.71 Safari/537.36"
66.249.68.105 - - [13/Sep/2026:15:32:53 +0300] "GET /?sale/search/detail/?ITMCODE=5195158883 HTTP/1.1" 200 201445 "-" "Mozilla/5.0 (compatible; Googlebot/2.1; +http://www.google.com/bot.html)"
74.125.150.97 - - [13/Sep/2026:15:32:54 +0300] "GET /media/jui/js/jquery-noconflict.js?0c2ada6fb5fac50fc7ad43b82b14eaac HTTP/1.1" 200 21 "https://www.chenglong.lt/index.php?sale/search/detail/?ITMCODE=51981995256" "Mozilla/5.0 (X11; Linux x86_64) AppleWebKit/537.36 (KHTML, like Gecko) Chrome/151.0.7922.71 Safari/537.36"
66.249.68.102 - - [13/Sep/2026:15:32:53 +0300] "GET /index.php/maistas-i-namus?sale/search/detail/?ITMCODE=51981721083 HTTP/1.1" 200 207934 "-" "Mozilla/5.0 (Linux; Android 6.0.1; Nexus 5X Build/MMB29P) AppleWebKit/537.36 (KHTML, like Gecko) Chrome/152.0.7977.82 Mobile Safari/537.36 (compatible; Googlebot/2.1; +http://www.google.com/bot.html)"
74.125.150.97 - - [13/Sep/2026:15:32:54 +0300] "GET /plugins/content/dearflip/dflip/css/themify-icons.css HTTP/1.1" 200 16417 "https://www.chenglong.lt/index.php?sale/search/detail/?ITMCODE=51981995256" "Mozilla/5.0 (X11; Linux x86_64) AppleWebKit/537.36 (KHTML, like Gecko) Chrome/151.0.7922.71 Safari/537.36"
74.125.150.97 - - [13/Sep/2026:15:32:55 +0300] "GET /templates/resto_6/css/template.responsive.css HTTP/1.1" 200 11640 "https://www.chenglong.lt/index.php?sale/search/detail/?ITMCODE=51981995256" "Mozilla/5.0 (X11; Linux x86_64) AppleWebKit/537.36 (KHTML, like Gecko) Chrome/151.0.7922.71 Safari/537.36"
66.249.68.101 - - [13/Sep/2026:15:32:54 +0300] "GET /index.php/meniu?sale/search/detail/?ITMCODE=52002721452 HTTP/1.1" 200 199981 "-" "Mozilla/5.0 (Linux; Android 6.0.1; Nexus 5X Build/MMB29P) AppleWebKit/537.36 (KHTML, like Gecko) Chrome/152.0.7977.82 Mobile Safari/537.36 (compatible; Googlebot/2.1; +http://www.google.com/bot.html)"
74.125.150.97 - - [13/Sep/2026:15:32:55 +0300] "GET /images/powered.png HTTP/1.1" 200 5403 "https://www.chenglong.lt/index.php?sale/search/detail/?ITMCODE=51981995256" "Mozilla/5.0 (X11; Linux x86_64) AppleWebKit/537.36 (KHTML, like Gecko) Chrome/151.0.7922.71 Safari/537.36"
66.249.68.102 - - [13/Sep/2026:15:32:55 +0300] "GET /index.php/meniu?sale/search/detail/?ITMCODE=51992026824 HTTP/1.1" 200 208699 "-" "Mozilla/5.0 (Linux; Android 6.0.1; Nexus 5X Build/MMB29P) AppleWebKit/537.36 (KHTML, like Gecko) Chrome/152.0.7977.82 Mobile Safari/537.36 (compatible; Googlebot/2.1; +http://www.google.com/bot.html)"
66.249.68.103 - - [13/Sep/2026:15:32:56 +0300] "GET /index.php/maistas-i-namus?sale/search/detail/?ITMCODE=5195397809 HTTP/1.1" 200 227677 "-" "Mozilla/5.0 (Linux; Android 6.0.1; Nexus 5X Build/MMB29P) AppleWebKit/537.36 (KHTML, like Gecko) Chrome/152.0.7977.82 Mobile Safari/537.36 (compatible; Googlebot/2.1; +http://www.google.com/bot.html)"
66.249.68.98 - - [13/Sep/2026:15:32:56 +0300] "GET /?sale/search/detail/?ITMCODE=52002678432 HTTP/1.1" 200 203765 "-" "Mozilla/5.0 (Linux; Android 6.0.1; Nexus 5X Build/MMB29P) AppleWebKit/537.36 (KHTML, like Gecko) Chrome/152.0.7977.82 Mobile Safari/537.36 (compatible; Googlebot/2.1; +http://www.google.com/bot.html)"
66.249.68.104 - - [13/Sep/2026:15:32:56 +0300] "GET /index.php/maistas-i-namus?sale/search/detail/?ITMCODE=51992281670 HTTP/1.1" 200 228851 "-" "Mozilla/5.0 (Linux; Android 6.0.1; Nexus 5X Build/MMB29P) AppleWebKit/537.36 (KHTML, like Gecko) Chrome/152.0.7977.82 Mobile Safari/537.36 (compatible; Googlebot/2.1; +http://www.google.com/bot.html)"
66.249.68.96 - - [13/Sep/2026:15:32:56 +0300] "GET /index.php/meniu?sale/search/detail/?ITMCODE=51992268599 HTTP/1.1" 200 201832 "-" "Mozilla/5.0 (Linux; Android 6.0.1; Nexus 5X Build/MMB29P) AppleWebKit/537.36 (KHTML, like Gecko) Chrome/152.0.7977.82 Mobile Safari/537.36 (compatible; Googlebot/2.1; +http://www.google.com/bot.html)"
74.125.150.98 - - [13/Sep/2026:15:32:57 +0300] "GET /media/system/css/system.css HTTP/1.1" 200 1433 "https://www.chenglong.lt/templates/system/css/system.css" "Mozilla/5.0 (X11; Linux x86_64) AppleWebKit/537.36 (KHTML, like Gecko) Chrome/151.0.7922.71 Safari/537.36"
66.249.68.103 - - [13/Sep/2026:15:32:57 +0300] "GET /index.php/maistas-i-namus?sale/search/detail/?ITMCODE=52002750423 HTTP/1.1" 200 206366 "-" "Mozilla/5.0 (Linux; Android 6.0.1; Nexus 5X Build/MMB29P) AppleWebKit/537.36 (KHTML, like Gecko) Chrome/152.0.7977.82 Mobile Safari/537.36 (compatible; Googlebot/2.1; +http://www.google.com/bot.html)"
66.249.68.104 - - [13/Sep/2026:15:32:57 +0300] "GET /index.php/meniu?sale/search/detail/?ITMCODE=5196981873 HTTP/1.1" 200 215103 "-" "Mozilla/5.0 (Linux; Android 6.0.1; Nexus 5X Build/MMB29P) AppleWebKit/537.36 (KHTML, like Gecko) Chrome/152.0.7977.82 Mobile Safari/537.36 (compatible; Googlebot/2.1; +http://www.google.com/bot.html)"
66.249.68.103 - - [13/Sep/2026:15:32:58 +0300] "GET /?sale/search/detail/?ITMCODE=51992302193 HTTP/1.1" 200 207024 "-" "Mozilla/5.0 (compatible; Googlebot/2.1; +http://www.google.com/bot.html)"
66.249.68.97 - - [13/Sep/2026:15:32:58 +0300] "GET /index.php/meniu?sale/search/detail/?ITMCODE=5196500447 HTTP/1.1" 200 220707 "-" "Mozilla/5.0 (Linux; Android 6.0.1; Nexus 5X Build/MMB29P) AppleWebKit/537.36 (KHTML, like Gecko) Chrome/152.0.7977.82 Mobile Safari/537.36 (compatible; Googlebot/2.1; +http://www.google.com/bot.html)"
66.249.68.97 - - [13/Sep/2026:15:32:58 +0300] "GET /index.php/meniu?sale/search/detail/?ITMCODE=5195128395 HTTP/1.1" 200 199406 "-" "Mozilla/5.0 (Linux; Android 6.0.1; Nexus 5X Build/MMB29P) AppleWebKit/537.36 (KHTML, like Gecko) Chrome/152.0.7977.82 Mobile Safari/537.36 (compatible; Googlebot/2.1; +http://www.google.com/bot.html)"
66.249.68.104 - - [13/Sep/2026:15:32:59 +0300] "GET /index.php/meniu?sale/search/detail/?ITMCODE=5195302345 HTTP/1.1" 200 197038 "-" "Mozilla/5.0 (Linux; Android 6.0.1; Nexus 5X Build/MMB29P) AppleWebKit/537.36 (KHTML, like Gecko) Chrome/152.0.7977.82 Mobile Safari/537.36 (compatible; Googlebot/2.1; +http://www.google.com/bot.html)"
66.249.68.97 - - [13/Sep/2026:15:32:59 +0300] "GET /index.php/meniu?sale/search/detail/?ITMCODE=5196782701 HTTP/1.1" 200 215616 "-" "Mozilla/5.0 (Linux; Android 6.0.1; Nexus 5X Build/MMB29P) AppleWebKit/537.36 (KHTML, like Gecko) Chrome/152.0.7977.82 Mobile Safari/537.36 (compatible; Googlebot/2.1; +http://www.google.com/bot.html)"
74.125.150.97 - - [13/Sep/2026:15:32:59 +0300] "GET /templates/resto_6/images/page.jpeg HTTP/1.1" 200 816967 "https://www.chenglong.lt/templates/resto_6/css/template.css" "Mozilla/5.0 (X11; Linux x86_64) AppleWebKit/537.36 (KHTML, like Gecko) Chrome/151.0.7922.71 Safari/537.36"
66.249.68.100 - - [13/Sep/2026:15:33:00 +0300] "GET /index.php/maistas-i-namus?sale/search/detail/?ITMCODE=5195498844 HTTP/1.1" 200 203553 "-" "Mozilla/5.0 (Linux; Android 6.0.1; Nexus 5X Build/MMB29P) AppleWebKit/537.36 (KHTML, like Gecko) Chrome/152.0.7977.82 Mobile Safari/537.36 (compatible; Googlebot/2.1; +http://www.google.com/bot.html)"
66.249.68.97 - - [13/Sep/2026:15:33:00 +0300] "GET /index.php/maistas-i-namus?sale/search/detail/?ITMCODE=52002583527 HTTP/1.1" 200 205660 "-" "Mozilla/5.0 (Linux; Android 6.0.1; Nexus 5X Build/MMB29P) AppleWebKit/537.36 (KHTML, like Gecko) Chrome/152.0.7977.82 Mobile Safari/537.36 (compatible; Googlebot/2.1; +http://www.google.com/bot.html)"
66.249.68.102 - - [13/Sep/2026:15:33:00 +0300] "GET /index.php/kontaktai?sale/search/detail/?ITMCODE=51992266973 HTTP/1.1" 200 200203 "-" "Mozilla/5.0 (Linux; Android 6.0.1; Nexus 5X Build/MMB29P) AppleWebKit/537.36 (KHTML, like Gecko) Chrome/152.0.7977.82 Mobile Safari/537.36 (compatible; Googlebot/2.1; +http://www.google.com/bot.html)"
66.249.68.100 - - [13/Sep/2026:15:33:01 +0300] "GET /index.php/kontaktai?sale/search/detail/?ITMCODE=51992416529 HTTP/1.1" 200 205500 "-" "Mozilla/5.0 (Linux; Android 6.0.1; Nexus 5X Build/MMB29P) AppleWebKit/537.36 (KHTML, like Gecko) Chrome/152.0.7977.82 Mobile Safari/537.36 (compatible; Googlebot/2.1; +http://www.google.com/bot.html)"
66.249.68.99 - - [13/Sep/2026:15:33:01 +0300] "GET /index.php/meniu?sale/search/detail/?ITMCODE=5195353917 HTTP/1.1" 200 210037 "-" "Mozilla/5.0 (Linux; Android 6.0.1; Nexus 5X Build/MMB29P) AppleWebKit/537.36 (KHTML, like Gecko) Chrome/152.0.7977.82 Mobile Safari/537.36 (compatible; Googlebot/2.1; +http://www.google.com/bot.html)"
66.249.68.99 - - [13/Sep/2026:15:33:01 +0300] "GET /index.php/meniu?sale/search/detail/?ITMCODE=5196594967 HTTP/1.1" 200 197480 "-" "Mozilla/5.0 (Linux; Android 6.0.1; Nexus 5X Build/MMB29P) AppleWebKit/537.36 (KHTML, like Gecko) Chrome/152.0.7977.82 Mobile Safari/537.36 (compatible; Googlebot/2.1; +http://www.google.com/bot.html)"
66.249.68.96 - - [13/Sep/2026:15:33:02 +0300] "GET /index.php/meniu?sale/search/detail/?ITMCODE=52002996504 HTTP/1.1" 200 207906 "-" "Mozilla/5.0 (Linux; Android 6.0.1; Nexus 5X Build/MMB29P) AppleWebKit/537.36 (KHTML, like Gecko) Chrome/152.0.7977.82 Mobile Safari/537.36 (compatible; Googlebot/2.1; +http://www.google.com/bot.html)"
66.249.68.101 - - [13/Sep/2026:15:33:02 +0300] "GET /index.php/meniu?sale/search/detail/?ITMCODE=5195389011 HTTP/1.1" 200 203728 "-" "Mozilla/5.0 (Linux; Android 6.0.1; Nexus 5X Build/MMB29P) AppleWebKit/537.36 (KHTML, like Gecko) Chrome/152.0.7977.82 Mobile Safari/537.36 (compatible; Googlebot/2.1; +http://www.google.com/bot.html)"
66.249.68.101 - - [13/Sep/2026:15:33:03 +0300] "GET /index.php/meniu?sale/search/detail/?ITMCODE=519567567 HTTP/1.1" 200 199496 "-" "Mozilla/5.0 (Linux; Android 6.0.1; Nexus 5X Build/MMB29P) AppleWebKit/537.36 (KHTML, like Gecko) Chrome/152.0.7977.82 Mobile Safari/537.36 (compatible; Googlebot/2.1; +http://www.google.com/bot.html)"
66.249.68.99 - - [13/Sep/2026:15:33:03 +0300] "GET /index.php/meniu?sale/search/detail/?ITMCODE=51971058043 HTTP/1.1" 200 197166 "-" "Mozilla/5.0 (Linux; Android 6.0.1; Nexus 5X Build/MMB29P) AppleWebKit/537.36 (KHTML, like Gecko) Chrome/152.0.7977.82 Mobile Safari/537.36 (compatible; Googlebot/2.1; +http://www.google.com/bot.html)"
66.249.68.105 - - [13/Sep/2026:15:33:03 +0300] "GET /index.php/maistas-i-namus?sale/search/detail/?ITMCODE=51971470217 HTTP/1.1" 200 200402 "-" "Mozilla/5.0 (Linux; Android 6.0.1; Nexus 5X Build/MMB29P) AppleWebKit/537.36 (KHTML, like Gecko) Chrome/152.0.7977.82 Mobile Safari/537.36 (compatible; Googlebot/2.1; +http://www.google.com/bot.html)"
66.249.68.101 - - [13/Sep/2026:15:33:04 +0300] "GET /index.php/meniu?sale/search/detail/?ITMCODE=5196648981 HTTP/1.1" 200 197817 "-" "Mozilla/5.0 (Linux; Android 6.0.1; Nexus 5X Build/MMB29P) AppleWebKit/537.36 (KHTML, like Gecko) Chrome/152.0.7977.82 Mobile Safari/537.36 (compatible; Googlebot/2.1; +http://www.google.com/bot.html)"
66.249.68.105 - - [13/Sep/2026:15:33:04 +0300] "GET /index.php/meniu?sale/search/detail/?ITMCODE=5196605424 HTTP/1.1" 200 212949 "-" "Mozilla/5.0 (Linux; Android 6.0.1; Nexus 5X Build/MMB29P) AppleWebKit/537.36 (KHTML, like Gecko) Chrome/152.0.7977.82 Mobile Safari/537.36 (compatible; Googlebot/2.1; +http://www.google.com/bot.html)"
66.249.68.103 - - [13/Sep/2026:15:33:05 +0300] "GET /index.php/meniu?sale/search/detail/?ITMCODE=5195297113 HTTP/1.1" 200 223378 "-" "Mozilla/5.0 (Linux; Android 6.0.1; Nexus 5X Build/MMB29P) AppleWebKit/537.36 (KHTML, like Gecko) Chrome/152.0.7977.82 Mobile Safari/537.36 (compatible; Googlebot/2.1; +http://www.google.com/bot.html)"
66.249.68.103 - - [13/Sep/2026:15:33:05 +0300] "GET /index.php/meniu?sale/search/detail/?ITMCODE=51981672858 HTTP/1.1" 200 211441 "-" "Mozilla/5.0 (Linux; Android 6.0.1; Nexus 5X Build/MMB29P) AppleWebKit/537.36 (KHTML, like Gecko) Chrome/152.0.7977.82 Mobile Safari/537.36 (compatible; Googlebot/2.1; +http://www.google.com/bot.html)"
66.249.68.96 - - [13/Sep/2026:15:33:06 +0300] "GET /index.php/maistas-i-namus?sale/search/detail/?ITMCODE=51971188436 HTTP/1.1" 200 203293 "-" "Mozilla/5.0 (Linux; Android 6.0.1; Nexus 5X Build/MMB29P) AppleWebKit/537.36 (KHTML, like Gecko) Chrome/152.0.7977.82 Mobile Safari/537.36 (compatible; Googlebot/2.1; +http://www.google.com/bot.html)"
66.249.68.103 - - [13/Sep/2026:15:33:06 +0300] "GET /index.php/kontaktai?sale/search/detail/?ITMCODE=52002505466 HTTP/1.1" 200 201646 "-" "Mozilla/5.0 (Linux; Android 6.0.1; Nexus 5X Build/MMB29P) AppleWebKit/537.36 (KHTML, like Gecko) Chrome/152.0.7977.82 Mobile Safari/537.36 (compatible; Googlebot/2.1; +http://www.google.com/bot.html)"
66.249.68.103 - - [13/Sep/2026:15:33:07 +0300] "GET /index.php/maistas-i-namus?sale/search/detail/?ITMCODE=52002953325 HTTP/1.1" 200 207733 "-" "Mozilla/5.0 (Linux; Android 6.0.1; Nexus 5X Build/MMB29P) AppleWebKit/537.36 (KHTML, like Gecko) Chrome/152.0.7977.82 Mobile Safari/537.36 (compatible; Googlebot/2.1; +http://www.google.com/bot.html)"
66.249.68.101 - - [13/Sep/2026:15:33:07 +0300] "GET /index.php/meniu?sale/search/detail/?ITMCODE=5195272667 HTTP/1.1" 200 198172 "-" "Mozilla/5.0 (Linux; Android 6.0.1; Nexus 5X Build/MMB29P) AppleWebKit/537.36 (KHTML, like Gecko) Chrome/152.0.7977.82 Mobile Safari/537.36 (compatible; Googlebot/2.1; +http://www.google.com/bot.html)"
66.249.68.98 - - [13/Sep/2026:15:33:07 +0300] "GET /index.php/maistas-i-namus?sale/search/detail/?ITMCODE=51992440433 HTTP/1.1" 200 200056 "-" "Mozilla/5.0 (Linux; Android 6.0.1; Nexus 5X Build/MMB29P) AppleWebKit/537.36 (KHTML, like Gecko) Chrome/152.0.7977.82 Mobile Safari/537.36 (compatible; Googlebot/2.1; +http://www.google.com/bot.html)"
66.249.68.103 - - [13/Sep/2026:15:33:08 +0300] "GET /index.php/maistas-i-namus?sale/search/detail/?ITMCODE=5195470392 HTTP/1.1" 200 202065 "-" "Mozilla/5.0 (Linux; Android 6.0.1; Nexus 5X Build/MMB29P) AppleWebKit/537.36 (KHTML, like Gecko) Chrome/152.0.7977.82 Mobile Safari/537.36 (compatible; Googlebot/2.1; +http://www.google.com/bot.html)"
66.249.68.104 - - [13/Sep/2026:15:33:08 +0300] "GET /index.php/maistas-i-namus?sale/search/detail/?ITMCODE=52002781133 HTTP/1.1" 200 233008 "-" "Mozilla/5.0 (Linux; Android 6.0.1; Nexus 5X Build/MMB29P) AppleWebKit/537.36 (KHTML, like Gecko) Chrome/152.0.7977.82 Mobile Safari/537.36 (compatible; Googlebot/2.1; +http://www.google.com/bot.html)"
66.249.68.102 - - [13/Sep/2026:15:33:08 +0300] "GET /index.php/maistas-i-namus?sale/search/detail/?ITMCODE=52002910599 HTTP/1.1" 200 203046 "-" "Mozilla/5.0 (Linux; Android 6.0.1; Nexus 5X Build/MMB29P) AppleWebKit/537.36 (KHTML, like Gecko) Chrome/152.0.7977.82 Mobile Safari/537.36 (compatible; Googlebot/2.1; +http://www.google.com/bot.html)"
66.249.68.98 - - [13/Sep/2026:15:33:09 +0300] "GET /index.php/maistas-i-namus?sale/search/detail/?ITMCODE=5195189972 HTTP/1.1" 200 220271 "-" "Mozilla/5.0 (Linux; Android 6.0.1; Nexus 5X Build/MMB29P) AppleWebKit/537.36 (KHTML, like Gecko) Chrome/152.0.7977.82 Mobile Safari/537.36 (compatible; Googlebot/2.1; +http://www.google.com/bot.html)"
66.249.68.104 - - [13/Sep/2026:15:33:09 +0300] "GET /index.php/meniu?sale/search/detail/?ITMCODE=5196707701 HTTP/1.1" 200 200799 "-" "Mozilla/5.0 (Linux; Android 6.0.1; Nexus 5X Build/MMB29P) AppleWebKit/537.36 (KHTML, like Gecko) Chrome/152.0.7977.82 Mobile Safari/537.36 (compatible; Googlebot/2.1; +http://www.google.com/bot.html)"
66.249.68.96 - - [13/Sep/2026:15:33:09 +0300] "GET /index.php/kontaktai?sale/search/detail/?ITMCODE=51992385079 HTTP/1.1" 200 203566 "-" "Mozilla/5.0 (Linux; Android 6.0.1; Nexus 5X Build/MMB29P) AppleWebKit/537.36 (KHTML, like Gecko) Chrome/152.0.7977.82 Mobile Safari/537.36 (compatible; Googlebot/2.1; +http://www.google.com/bot.html)"
66.249.68.98 - - [13/Sep/2026:15:33:10 +0300] "GET /index.php/maistas-i-namus?sale/search/detail/?ITMCODE=5195326333 HTTP/1.1" 200 216505 "-" "Mozilla/5.0 (Linux; Android 6.0.1; Nexus 5X Build/MMB29P) AppleWebKit/537.36 (KHTML, like Gecko) Chrome/152.0.7977.82 Mobile Safari/537.36 (compatible; Googlebot/2.1; +http://www.google.com/bot.html)"
66.249.68.96 - - [13/Sep/2026:15:33:10 +0300] "GET /index.php/meniu?sale/search/detail/?ITMCODE=51992033574 HTTP/1.1" 200 199611 "-" "Mozilla/5.0 (Linux; Android 6.0.1; Nexus 5X Build/MMB29P) AppleWebKit/537.36 (KHTML, like Gecko) Chrome/152.0.7977.82 Mobile Safari/537.36 (compatible; Googlebot/2.1; +http://www.google.com/bot.html)"
66.249.68.96 - - [13/Sep/2026:15:33:10 +0300] "GET /index.php/maistas-i-namus?sale/search/detail/?ITMCODE=5195199432 HTTP/1.1" 200 201075 "-" "Mozilla/5.0 (Linux; Android 6.0.1; Nexus 5X Build/MMB29P) AppleWebKit/537.36 (KHTML, like Gecko) Chrome/152.0.7977.82 Mobile Safari/537.36 (compatible; Googlebot/2.1; +http://www.google.com/bot.html)"
66.249.68.98 - - [13/Sep/2026:15:33:11 +0300] "GET /index.php/meniu?sale/search/detail/?ITMCODE=52002860526 HTTP/1.1" 200 201536 "-" "Mozilla/5.0 (Linux; Android 6.0.1; Nexus 5X Build/MMB29P) AppleWebKit/537.36 (KHTML, like Gecko) Chrome/152.0.7977.82 Mobile Safari/537.36 (compatible; Googlebot/2.1; +http://www.google.com/bot.html)"
66.249.68.101 - - [13/Sep/2026:15:33:11 +0300] "GET /index.php/maistas-i-namus?sale/search/detail/?ITMCODE=52002955763 HTTP/1.1" 200 204823 "-" "Mozilla/5.0 (Linux; Android 6.0.1; Nexus 5X Build/MMB29P) AppleWebKit/537.36 (KHTML, like Gecko) Chrome/152.0.7977.82 Mobile Safari/537.36 (compatible; Googlebot/2.1; +http://www.google.com/bot.html)"
66.249.68.97 - - [13/Sep/2026:15:33:11 +0300] "GET /index.php/meniu?sale/search/detail/?ITMCODE=52002922953 HTTP/1.1" 200 203880 "-" "Mozilla/5.0 (Linux; Android 6.0.1; Nexus 5X Build/MMB29P) AppleWebKit/537.36 (KHTML, like Gecko) Chrome/152.0.7977.82 Mobile Safari/537.36 (compatible; Googlebot/2.1; +http://www.google.com/bot.html)"
66.249.68.101 - - [13/Sep/2026:15:33:12 +0300] "GET /index.php/meniu?sale/search/detail/?ITMCODE=5195366427 HTTP/1.1" 200 204171 "-" "Mozilla/5.0 (Linux; Android 6.0.1; Nexus 5X Build/MMB29P) AppleWebKit/537.36 (KHTML, like Gecko) Chrome/152.0.7977.82 Mobile Safari/537.36 (compatible; Googlebot/2.1; +http://www.google.com/bot.html)"
66.249.68.104 - - [13/Sep/2026:15:33:12 +0300] "GET /index.php/kontaktai?sale/search/detail/?ITMCODE=51981845035 HTTP/1.1" 200 208185 "-" "Mozilla/5.0 (Linux; Android 6.0.1; Nexus 5X Build/MMB29P) AppleWebKit/537.36 (KHTML, like Gecko) Chrome/152.0.7977.82 Mobile Safari/537.36 (compatible; Googlebot/2.1; +http://www.google.com/bot.html)"
66.249.68.102 - - [13/Sep/2026:15:33:13 +0300] "GET /index.php/kontaktai?sale/search/detail/?ITMCODE=51981751761 HTTP/1.1" 200 203769 "-" "Mozilla/5.0 (Linux; Android 6.0.1; Nexus 5X Build/MMB29P) AppleWebKit/537.36 (KHTML, like Gecko) Chrome/152.0.7977.82 Mobile Safari/537.36 (compatible; Googlebot/2.1; +http://www.google.com/bot.html)"
66.249.68.102 - - [13/Sep/2026:15:33:12 +0300] "GET /?sale/search/detail/?ITMCODE=5196615388 HTTP/1.1" 200 195853 "-" "Mozilla/5.0 (Linux; Android 6.0.1; Nexus 5X Build/MMB29P) AppleWebKit/537.36 (KHTML, like Gecko) Chrome/152.0.7977.82 Mobile Safari/537.36 (compatible; Googlebot/2.1; +http://www.google.com/bot.html)"
66.249.68.103 - - [13/Sep/2026:15:33:13 +0300] "GET /index.php/maistas-i-namus?sale/search/detail/?ITMCODE=5195367136 HTTP/1.1" 200 214834 "-" "Mozilla/5.0 (Linux; Android 6.0.1; Nexus 5X Build/MMB29P) AppleWebKit/537.36 (KHTML, like Gecko) Chrome/152.0.7977.82 Mobile Safari/537.36 (compatible; Googlebot/2.1; +http://www.google.com/bot.html)"
66.249.68.97 - - [13/Sep/2026:15:33:13 +0300] "GET /index.php/meniu?sale/search/detail/?ITMCODE=519515801 HTTP/1.1" 200 200295 "-" "Mozilla/5.0 (Linux; Android 6.0.1; Nexus 5X Build/MMB29P) AppleWebKit/537.36 (KHTML, like Gecko) Chrome/152.0.7977.82 Mobile Safari/537.36 (compatible; Googlebot/2.1; +http://www.google.com/bot.html)"
66.249.68.104 - - [13/Sep/2026:15:33:13 +0300] "GET /index.php/maistas-i-namus?sale/search/detail/?ITMCODE=51971061904 HTTP/1.1" 200 227301 "-" "Mozilla/5.0 (Linux; Android 6.0.1; Nexus 5X Build/MMB29P) AppleWebKit/537.36 (KHTML, like Gecko) Chrome/152.0.7977.82 Mobile Safari/537.36 (compatible; Googlebot/2.1; +http://www.google.com/bot.html)"
66.249.68.103 - - [13/Sep/2026:15:33:14 +0300] "GET /index.php/maistas-i-namus?sale/search/detail/?ITMCODE=5196597214 HTTP/1.1" 200 222208 "-" "Mozilla/5.0 (Linux; Android 6.0.1; Nexus 5X Build/MMB29P) AppleWebKit/537.36 (KHTML, like Gecko) Chrome/152.0.7977.82 Mobile Safari/537.36 (compatible; Googlebot/2.1; +http://www.google.com/bot.html)"
66.249.68.104 - - [13/Sep/2026:15:33:14 +0300] "GET /index.php/maistas-i-namus?sale/search/detail/?ITMCODE=51971193102 HTTP/1.1" 200 204560 "-" "Mozilla/5.0 (Linux; Android 6.0.1; Nexus 5X Build/MMB29P) AppleWebKit/537.36 (KHTML, like Gecko) Chrome/152.0.7977.82 Mobile Safari/537.36 (compatible; Googlebot/2.1; +http://www.google.com/bot.html)"
66.249.68.96 - - [13/Sep/2026:15:33:14 +0300] "GET /index.php/maistas-i-namus?sale/search/detail/?ITMCODE=51981628494 HTTP/1.1" 200 232917 "-" "Mozilla/5.0 (Linux; Android 6.0.1; Nexus 5X Build/MMB29P) AppleWebKit/537.36 (KHTML, like Gecko) Chrome/152.0.7977.82 Mobile Safari/537.36 (compatible; Googlebot/2.1; +http://www.google.com/bot.html)"
66.249.68.103 - - [13/Sep/2026:15:33:15 +0300] "GET /index.php/meniu?sale/search/detail/?ITMCODE=5196742933 HTTP/1.1" 200 199410 "-" "Mozilla/5.0 (Linux; Android 6.0.1; Nexus 5X Build/MMB29P) AppleWebKit/537.36 (KHTML, like Gecko) Chrome/152.0.7977.82 Mobile Safari/537.36 (compatible; Googlebot/2.1; +http://www.google.com/bot.html)"
66.249.68.102 - - [13/Sep/2026:15:33:15 +0300] "GET /index.php/maistas-i-namus?sale/search/detail/?ITMCODE=5196683871 HTTP/1.1" 200 205546 "-" "Mozilla/5.0 (Linux; Android 6.0.1; Nexus 5X Build/MMB29P) AppleWebKit/537.36 (KHTML, like Gecko) Chrome/152.0.7977.82 Mobile Safari/537.36 (compatible; Googlebot/2.1; +http://www.google.com/bot.html)"
66.249.68.98 - - [13/Sep/2026:15:33:15 +0300] "GET /index.php/meniu?sale/search/detail/?ITMCODE=5195470897 HTTP/1.1" 200 199984 "-" "Mozilla/5.0 (Linux; Android 6.0.1; Nexus 5X Build/MMB29P) AppleWebKit/537.36 (KHTML, like Gecko) Chrome/152.0.7977.82 Mobile Safari/537.36 (compatible; Googlebot/2.1; +http://www.google.com/bot.html)"
66.249.68.102 - - [13/Sep/2026:15:33:16 +0300] "GET /index.php/meniu?sale/search/detail/?ITMCODE=51981966769 HTTP/1.1" 200 211157 "-" "Mozilla/5.0 (Linux; Android 6.0.1; Nexus 5X Build/MMB29P) AppleWebKit/537.36 (KHTML, like Gecko) Chrome/152.0.7977.82 Mobile Safari/537.36 (compatible; Googlebot/2.1; +http://www.google.com/bot.html)"
66.249.68.97 - - [13/Sep/2026:15:33:17 +0300] "GET /index.php/meniu?sale/search/detail/?ITMCODE=51992294614 HTTP/1.1" 200 216738 "-" "Mozilla/5.0 (Linux; Android 6.0.1; Nexus 5X Build/MMB29P) AppleWebKit/537.36 (KHTML, like Gecko) Chrome/152.0.7977.82 Mobile Safari/537.36 (compatible; Googlebot/2.1; +http://www.google.com/bot.html)"
66.249.68.97 - - [13/Sep/2026:15:33:17 +0300] "GET /index.php/kontaktai?sale/search/detail/?ITMCODE=5196934991 HTTP/1.1" 200 223928 "-" "Mozilla/5.0 (Linux; Android 6.0.1; Nexus 5X Build/MMB29P) AppleWebKit/537.36 (KHTML, like Gecko) Chrome/152.0.7977.82 Mobile Safari/537.36 (compatible; Googlebot/2.1; +http://www.google.com/bot.html)"
66.249.68.103 - - [13/Sep/2026:15:33:18 +0300] "GET /index.php/meniu?sale/search/detail/?ITMCODE=52002599616 HTTP/1.1" 200 198507 "-" "Mozilla/5.0 (Linux; Android 6.0.1; Nexus 5X Build/MMB29P) AppleWebKit/537.36 (KHTML, like Gecko) Chrome/152.0.7977.82 Mobile Safari/537.36 (compatible; Googlebot/2.1; +http://www.google.com/bot.html)"
66.249.68.97 - - [13/Sep/2026:15:33:18 +0300] "GET /index.php/meniu?sale/search/detail/?ITMCODE=51971071240 HTTP/1.1" 200 222299 "-" "Mozilla/5.0 (Linux; Android 6.0.1; Nexus 5X Build/MMB29P) AppleWebKit/537.36 (KHTML, like Gecko) Chrome/152.0.7977.82 Mobile Safari/537.36 (compatible; Googlebot/2.1; +http://www.google.com/bot.html)"
66.249.68.96 - - [13/Sep/2026:15:33:18 +0300] "GET /index.php/meniu?sale/search/detail/?ITMCODE=51971108553 HTTP/1.1" 200 210115 "-" "Mozilla/5.0 (Linux; Android 6.0.1; Nexus 5X Build/MMB29P) AppleWebKit/537.36 (KHTML, like Gecko) Chrome/152.0.7977.82 Mobile Safari/537.36 (compatible; Googlebot/2.1; +http://www.google.com/bot.html)"
66.249.68.101 - - [13/Sep/2026:15:33:19 +0300] "GET /index.php/kontaktai?sale/search/detail/?ITMCODE=51981794564 HTTP/1.1" 200 209841 "-" "Mozilla/5.0 (Linux; Android 6.0.1; Nexus 5X Build/MMB29P) AppleWebKit/537.36 (KHTML, like Gecko) Chrome/152.0.7977.82 Mobile Safari/537.36 (compatible; Googlebot/2.1; +http://www.google.com/bot.html)"
66.249.68.96 - - [13/Sep/2026:15:33:19 +0300] "GET /index.php/kontaktai?sale/search/detail/?ITMCODE=5195273724 HTTP/1.1" 200 200854 "-" "Mozilla/5.0 (Linux; Android 6.0.1; Nexus 5X Build/MMB29P) AppleWebKit/537.36 (KHTML, like Gecko) Chrome/152.0.7977.82 Mobile Safari/537.36 (compatible; Googlebot/2.1; +http://www.google.com/bot.html)"
66.249.68.105 - - [13/Sep/2026:15:33:19 +0300] "GET /index.php/maistas-i-namus?sale/search/detail/?ITMCODE=5196516530 HTTP/1.1" 200 199708 "-" "Mozilla/5.0 (Linux; Android 6.0.1; Nexus 5X Build/MMB29P) AppleWebKit/537.36 (KHTML, like Gecko) Chrome/152.0.7977.82 Mobile Safari/537.36 (compatible; Googlebot/2.1; +http://www.google.com/bot.html)"
66.249.68.96 - - [13/Sep/2026:15:33:20 +0300] "GET /index.php/meniu?sale/search/detail/?ITMCODE=5195350476 HTTP/1.1" 200 209595 "-" "Mozilla/5.0 (Linux; Android 6.0.1; Nexus 5X Build/MMB29P) AppleWebKit/537.36 (KHTML, like Gecko) Chrome/152.0.7977.82 Mobile Safari/537.36 (compatible; Googlebot/2.1; +http://www.google.com/bot.html)"
66.249.68.98 - - [13/Sep/2026:15:33:20 +0300] "GET /index.php/meniu?sale/search/detail/?ITMCODE=51981855829 HTTP/1.1" 200 200269 "-" "Mozilla/5.0 (Linux; Android 6.0.1; Nexus 5X Build/MMB29P) AppleWebKit/537.36 (KHTML, like Gecko) Chrome/152.0.7977.82 Mobile Safari/537.36 (compatible; Googlebot/2.1; +http://www.google.com/bot.html)"
66.249.68.104 - - [13/Sep/2026:15:33:20 +0300] "GET /index.php/meniu?sale/search/detail/?ITMCODE=51971223007 HTTP/1.1" 200 198738 "-" "Mozilla/5.0 (Linux; Android 6.0.1; Nexus 5X Build/MMB29P) AppleWebKit/537.36 (KHTML, like Gecko) Chrome/152.0.7977.82 Mobile Safari/537.36 (compatible; Googlebot/2.1; +http://www.google.com/bot.html)"
66.249.68.98 - - [13/Sep/2026:15:33:20 +0300] "GET /index.php/maistas-i-namus?sale/search/detail/?ITMCODE=51971407403 HTTP/1.1" 200 205877 "-" "Mozilla/5.0 (Linux; Android 6.0.1; Nexus 5X Build/MMB29P) AppleWebKit/537.36 (KHTML, like Gecko) Chrome/152.0.7977.82 Mobile Safari/537.36 (compatible; Googlebot/2.1; +http://www.google.com/bot.html)"
66.249.68.100 - - [13/Sep/2026:15:33:21 +0300] "GET /index.php/kontaktai?sale/search/detail/?ITMCODE=51981757622 HTTP/1.1" 200 198576 "-" "Mozilla/5.0 (Linux; Android 6.0.1; Nexus 5X Build/MMB29P) AppleWebKit/537.36 (KHTML, like Gecko) Chrome/152.0.7977.82 Mobile Safari/537.36 (compatible; Googlebot/2.1; +http://www.google.com/bot.html)"
66.249.68.100 - - [13/Sep/2026:15:33:22 +0300] "GET /?sale/search/detail/?ITMCODE=52002861415 HTTP/1.1" 200 205127 "-" "Mozilla/5.0 (Linux; Android 6.0.1; Nexus 5X Build/MMB29P) AppleWebKit/537.36 (KHTML, like Gecko) Chrome/152.0.7977.82 Mobile Safari/537.36 (compatible; Googlebot/2.1; +http://www.google.com/bot.html)"
66.249.68.104 - - [13/Sep/2026:15:33:23 +0300] "GET /index.php/meniu?sale/search/detail/?ITMCODE=5196602760 HTTP/1.1" 200 227295 "-" "Mozilla/5.0 (Linux; Android 6.0.1; Nexus 5X Build/MMB29P) AppleWebKit/537.36 (KHTML, like Gecko) Chrome/152.0.7977.82 Mobile Safari/537.36 (compatible; Googlebot/2.1; +http://www.google.com/bot.html)"
66.249.68.98 - - [13/Sep/2026:15:33:36 +0300] "GET /?sale/search/detail/?ITMCODE=52002992773 HTTP/1.1" 200 197231 "-" "Mozilla/5.0 (Linux; Android 6.0.1; Nexus 5X Build/MMB29P) AppleWebKit/537.36 (KHTML, like Gecko) Chrome/152.0.7977.82 Mobile Safari/537.36 (compatible; Googlebot/2.1; +http://www.google.com/bot.html)"
66.249.68.98 - - [13/Sep/2026:15:33:37 +0300] "GET /index.php/meniu?sale/search/detail/?ITMCODE=51992084076 HTTP/1.1" 200 201353 "-" "Mozilla/5.0 (Linux; Android 6.0.1; Nexus 5X Build/MMB29P) AppleWebKit/537.36 (KHTML, like Gecko) Chrome/152.0.7977.82 Mobile Safari/537.36 (compatible; Googlebot/2.1; +http://www.google.com/bot.html)"
88.163.205.198 - - [13/Sep/2026:15:33:40 +0300] "GET /?sale/search/detail/?ITMCODE=5195293820 HTTP/2.0" 200 11125 "-" "Mozilla/5.0 (Android 17; Mobile; rv:155.0) Gecko/155.0 Firefox/155.0"
88.163.205.198 - - [13/Sep/2026:15:33:40 +0300] "GET /plugins/content/simplepopup/simplepopup/spustyle.css HTTP/2.0" 200 529 "https://chenglong.lt/?sale/search/detail/?ITMCODE=5195293820" "Mozilla/5.0 (Android 17; Mobile; rv:155.0) Gecko/155.0 Firefox/155.0"
88.163.205.198 - - [13/Sep/2026:15:33:40 +0300] "GET /plugins/content/simplepopup/simplepopup/fancybox/jquery.fancybox-1.3.4.css HTTP/2.0" 200 8963 "https://chenglong.lt/?sale/search/detail/?ITMCODE=5195293820" "Mozilla/5.0 (Android 17; Mobile; rv:155.0) Gecko/155.0 Firefox/155.0"
88.163.205.198 - - [13/Sep/2026:15:33:40 +0300] "GET /plugins/content/dearflip/dflip/css/dflip.css HTTP/2.0" 200 36921 "https://chenglong.lt/?sale/search/detail/?ITMCODE=5195293820" "Mozilla/5.0 (Android 17; Mobile; rv:155.0) Gecko/155.0 Firefox/155.0"
