66.249.68.104 - - [13/Sep/2026:15:37:13 +0300] "GET /index.php/maistas-i-namus?sale/search/detail/?ITMCODE=5195301042 HTTP/1.1" 200 205530 "-" "Mozilla/5.0 (Linux; Android 6.0.1; Nexus 5X Build/MMB29P) AppleWebKit/537.36 (KHTML, like Gecko) Chrome/152.0.7977.82 Mobile Safari/537.36 (compatible; Googlebot/2.1; +http://www.google.com/bot.html)"
66.249.68.99 - - [13/Sep/2026:15:37:13 +0300] "GET /index.php/meniu?sale/search/detail/?ITMCODE=51992052645 HTTP/1.1" 200 220005 "-" "Mozilla/5.0 (Linux; Android 6.0.1; Nexus 5X Build/MMB29P) AppleWebKit/537.36 (KHTML, like Gecko) Chrome/152.0.7977.82 Mobile Safari/537.36 (compatible; Googlebot/2.1; +http://www.google.com/bot.html)"
66.249.68.102 - - [13/Sep/2026:15:37:13 +0300] "GET /index.php/kontaktai?sale/search/detail/?ITMCODE=51992464327 HTTP/1.1" 200 209781 "-" "Mozilla/5.0 (Linux; Android 6.0.1; Nexus 5X Build/MMB29P) AppleWebKit/537.36 (KHTML, like Gecko) Chrome/152.0.7977.82 Mobile Safari/537.36 (compatible; Googlebot/2.1; +http://www.google.com/bot.html)"
66.249.68.96 - - [13/Sep/2026:15:37:13 +0300] "GET /index.php/meniu?sale/search/detail/?ITMCODE=51981899760 HTTP/1.1" 200 210149 "-" "Mozilla/5.0 (Linux; Android 6.0.1; Nexus 5X Build/MMB29P) AppleWebKit/537.36 (KHTML, like Gecko) Chrome/152.0.7977.82 Mobile Safari/537.36 (compatible; Googlebot/2.1; +http://www.google.com/bot.html)"
66.249.68.102 - - [13/Sep/2026:15:37:14 +0300] "GET /index.php/meniu?sale/search/detail/?ITMCODE=5195327215 HTTP/1.1" 200 201837 "-" "Mozilla/5.0 (Linux; Android 6.0.1; Nexus 5X Build/MMB29P) AppleWebKit/537.36 (KHTML, like Gecko) Chrome/152.0.7977.82 Mobile Safari/537.36 (compatible; Googlebot/2.1; +http://www.google.com/bot.html)"
66.249.68.101 - - [13/Sep/2026:15:37:14 +0300] "GET /index.php/kontaktai?sale/search/detail/?ITMCODE=51981829908 HTTP/1.1" 200 198096 "-" "Mozilla/5.0 (Linux; Android 6.0.1; Nexus 5X Build/MMB29P) AppleWebKit/537.36 (KHTML, like Gecko) Chrome/152.0.7977.82 Mobile Safari/537.36 (compatible; Googlebot/2.1; +http://www.google.com/bot.html)"
66.249.68.96 - - [13/Sep/2026:15:37:15 +0300] "GET /index.php/kontaktai?sale/search/detail/?ITMCODE=51992347339 HTTP/1.1" 200 220187 "-" "Mozilla/5.0 (Linux; Android 6.0.1; Nexus 5X Build/MMB29P) AppleWebKit/537.36 (KHTML, like Gecko) Chrome/152.0.7977.82 Mobile Safari/537.36 (compatible; Googlebot/2.1; +http://www.google.com/bot.html)"
66.249.68.96 - - [13/Sep/2026:15:37:15 +0300] "GET /index.php/maistas-i-namus?sale/search/detail/?ITMCODE=52002784335 HTTP/1.1" 200 203412 "-" "Mozilla/5.0 (Linux; Android 6.0.1; Nexus 5X Build/MMB29P) AppleWebKit/537.36 (KHTML, like Gecko) Chrome/152.0.7977.82 Mobile Safari/537.36 (compatible; Googlebot/2.1; +http://www.google.com/bot.html)"
66.249.68.105 - - [13/Sep/2026:15:37:15 +0300] "GET /index.php/kontaktai?sale/search/detail/?ITMCODE=51992246699 HTTP/1.1" 200 204310 "-" "Mozilla/5.0 (Linux; Android 6.0.1; Nexus 5X Build/MMB29P) AppleWebKit/537.36 (KHTML, like Gecko) Chrome/152.0.7977.82 Mobile Safari/537.36 (compatible; Googlebot/2.1; +http://www.google.com/bot.html)"
66.249.68.102 - - [13/Sep/2026:15:37:16 +0300] "GET /index.php/maistas-i-namus?sale/search/detail/?ITMCODE=5195334912 HTTP/1.1" 200 204884 "-" "Mozilla/5.0 (Linux; Android 6.0.1; Nexus 5X Build/MMB29P) AppleWebKit/537.36 (KHTML, like Gecko) Chrome/152.0.7977.82 Mobile Safari/537.36 (compatible; Googlebot/2.1; +http://www.google.com/bot.html)"
66.249.68.97 - - [13/Sep/2026:15:37:16 +0300] "GET /index.php/maistas-i-namus?sale/search/detail/?ITMCODE=51981560464 HTTP/1.1" 200 203949 "-" "Mozilla/5.0 (Linux; Android 6.0.1; Nexus 5X Build/MMB29P) AppleWebKit/537.36 (KHTML, like Gecko) Chrome/152.0.7977.82 Mobile Safari/537.36 (compatible; Googlebot/2.1; +http://www.google.com/bot.html)"
66.249.68.97 - - [13/Sep/2026:15:37:17 +0300] "GET /?sale/search/detail/?ITMCODE=51971302018 HTTP/1.1" 200 213047 "-" "Mozilla/5.0 (Linux; Android 6.0.1; Nexus 5X Build/MMB29P) AppleWebKit/537.36 (KHTML, like Gecko) Chrome/152.0.7977.82 Mobile Safari/537.36 (compatible; Googlebot/2.1; +http://www.google.com/bot.html)"
66.249.68.97 - - [13/Sep/2026:15:37:16 +0300] "GET /index.php/meniu?sale/search/detail/?ITMCODE=52002579823 HTTP/1.1" 200 197028 "-" "Mozilla/5.0 (Linux; Android 6.0.1; Nexus 5X Build/MMB29P) AppleWebKit/537.36 (KHTML, like Gecko) Chrome/152.0.7977.82 Mobile Safari/537.36 (compatible; Googlebot/2.1; +http://www.google.com/bot.html)"
66.249.68.105 - - [13/Sep/2026:15:37:17 +0300] "GET /index.php/kontaktai?sale/search/detail/?ITMCODE=5196597043 HTTP/1.1" 200 202103 "-" "Mozilla/5.0 (Linux; Android 6.0.1; Nexus 5X Build/MMB29P) AppleWebKit/537.36 (KHTML, like Gecko) Chrome/152.0.7977.82 Mobile Safari/537.36 (compatible; Googlebot/2.1; +http://www.google.com/bot.html)"
66.249.68.96 - - [13/Sep/2026:15:37:17 +0300] "GET /index.php/meniu?sale/search/detail/?ITMCODE=51971124613 HTTP/1.1" 200 202796 "-" "Mozilla/5.0 (Linux; Android 6.0.1; Nexus 5X Build/MMB29P) AppleWebKit/537.36 (KHTML, like Gecko) Chrome/152.0.7977.82 Mobile Safari/537.36 (compatible; Googlebot/2.1; +http://www.google.com/bot.html)"
66.249.68.97 - - [13/Sep/2026:15:37:17 +0300] "GET /index.php/meniu?sale/search/detail/?ITMCODE=51971018917 HTTP/1.1" 200 205116 "-" "Mozilla/5.0 (Linux; Android 6.0.1; Nexus 5X Build/MMB29P) AppleWebKit/537.36 (KHTML, like Gecko) Chrome/152.0.7977.82 Mobile Safari/537.36 (compatible; Googlebot/2.1; +http://www.google.com/bot.html)"
66.249.68.104 - - [13/Sep/2026:15:37:17 +0300] "GET /index.php/maistas-i-namus?sale/search/detail/?ITMCODE=51971325463 HTTP/1.1" 200 208245 "-" "Mozilla/5.0 (Linux; Android 6.0.1; Nexus 5X Build/MMB29P) AppleWebKit/537.36 (KHTML, like Gecko) Chrome/152.0.7977.82 Mobile Safari/537.36 (compatible; Googlebot/2.1; +http://www.google.com/bot.html)"
66.249.68.97 - - [13/Sep/2026:15:37:18 +0300] "GET /index.php/meniu?sale/search/detail/?ITMCODE=52002951478 HTTP/1.1" 200 203233 "-" "Mozilla/5.0 (Linux; Android 6.0.1; Nexus 5X Build/MMB29P) AppleWebKit/537.36 (KHTML, like Gecko) Chrome/152.0.7977.82 Mobile Safari/537.36 (compatible; Googlebot/2.1; +http://www.google.com/bot.html)"
66.249.68.104 - - [13/Sep/2026:15:37:19 +0300] "GET /index.php/maistas-i-namus?sale/search/detail/?ITMCODE=51971451616 HTTP/1.1" 200 204170 "-" "Mozilla/5.0 (Linux; Android 6.0.1; Nexus 5X Build/MMB29P) AppleWebKit/537.36 (KHTML, like Gecko) Chrome/152.0.7977.82 Mobile Safari/537.36 (compatible; Googlebot/2.1; +http://www.google.com/bot.html)"
66.249.68.104 - - [13/Sep/2026:15:37:19 +0300] "GET /index.php/meniu?sale/search/detail/?ITMCODE=51992466822 HTTP/1.1" 200 197565 "-" "Mozilla/5.0 (Linux; Android 6.0.1; Nexus 5X Build/MMB29P) AppleWebKit/537.36 (KHTML, like Gecko) Chrome/152.0.7977.82 Mobile Safari/537.36 (compatible; Googlebot/2.1; +http://www.google.com/bot.html)"
66.249.68.97 - - [13/Sep/2026:15:37:20 +0300] "GET /index.php/meniu?sale/search/detail/?ITMCODE=51981674852 HTTP/1.1" 200 200084 "-" "Mozilla/5.0 (Linux; Android 6.0.1; Nexus 5X Build/MMB29P) AppleWebKit/537.36 (KHTML, like Gecko) Chrome/152.0.7977.82 Mobile Safari/537.36 (compatible; Googlebot/2.1; +http://www.google.com/bot.html)"
66.249.68.96 - - [13/Sep/2026:15:37:20 +0300] "GET /index.php/kontaktai?sale/search/detail/?ITMCODE=51992447979 HTTP/1.1" 200 228539 "-" "Mozilla/5.0 (Linux; Android 6.0.1; Nexus 5X Build/MMB29P) AppleWebKit/537.36 (KHTML, like Gecko) Chrome/152.0.7977.82 Mobile Safari/537.36 (compatible; Googlebot/2.1; +http://www.google.com/bot.html)"
66.249.68.101 - - [13/Sep/2026:15:37:20 +0300] "GET /index.php/maistas-i-namus?sale/search/detail/?ITMCODE=5196880164 HTTP/1.1" 200 210364 "-" "Mozilla/5.0 (Linux; Android 6.0.1; Nexus 5X Build/MMB29P) AppleWebKit/537.36 (KHTML, like Gecko) Chrome/152.0.7977.82 Mobile Safari/537.36 (compatible; Googlebot/2.1; +http://www.google.com/bot.html)"
66.249.68.97 - - [13/Sep/2026:15:37:21 +0300] "GET /index.php/meniu?sale/search/detail/?ITMCODE=51971083509 HTTP/1.1" 200 205100 "-" "Mozilla/5.0 (Linux; Android 6.0.1; Nexus 5X Build/MMB29P) AppleWebKit/537.36 (KHTML, like Gecko) Chrome/152.0.7977.82 Mobile Safari/537.36 (compatible; Googlebot/2.1; +http://www.google.com/bot.html)"
66.249.68.97 - - [13/Sep/2026:15:37:21 +0300] "GET /index.php/meniu?sale/search/detail/?ITMCODE=51992405926 HTTP/1.1" 200 232000 "-" "Mozilla/5.0 (Linux; Android 6.0.1; Nexus 5X Build/MMB29P) AppleWebKit/537.36 (KHTML, like Gecko) Chrome/152.0.7977.82 Mobile Safari/537.36 (compatible; Googlebot/2.1; +http://www.google.com/bot.html)"
66.249.68.97 - - [13/Sep/2026:15:37:22 +0300] "GET /index.php/maistas-i-namus?sale/search/detail/?ITMCODE=51992019116 HTTP/1.1" 200 202692 "-" "Mozilla/5.0 (Linux; Android 6.0.1; Nexus 5X Build/MMB29P) AppleWebKit/537.36 (KHTML, like Gecko) Chrome/152.0.7977.82 Mobile Safari/537.36 (compatible; Googlebot/2.1; +http://www.google.com/bot.html)"
66.249.68.103 - - [13/Sep/2026:15:37:22 +0300] "GET /index.php/meniu?sale/search/detail/?ITMCODE=51992126662 HTTP/1.1" 200 216106 "-" "Mozilla/5.0 (Linux; Android 6.0.1; Nexus 5X Build/MMB29P) AppleWebKit/537.36 (KHTML, like Gecko) Chrome/152.0.7977.82 Mobile Safari/537.36 (compatible; Googlebot/2.1; +http://www.google.com/bot.html)"
66.249.68.105 - - [13/Sep/2026:15:37:23 +0300] "GET /index.php/meniu?sale/search/detail/?ITMCODE=51992184842 HTTP/1.1" 200 204478 "-" "Mozilla/5.0 (Linux; Android 6.0.1; Nexus 5X Build/MMB29P) AppleWebKit/537.36 (KHTML, like Gecko) Chrome/152.0.7977.82 Mobile Safari/537.36 (compatible; Googlebot/2.1; +http://www.google.com/bot.html)"
66.249.68.96 - - [13/Sep/2026:15:37:23 +0300] "GET /index.php/kontaktai?sale/search/detail/?ITMCODE=51971390360 HTTP/1.1" 200 204870 "-" "Mozilla/5.0 (Linux; Android 6.0.1; Nexus 5X Build/MMB29P) AppleWebKit/537.36 (KHTML, like Gecko) Chrome/152.0.7977.82 Mobile Safari/537.36 (compatible; Googlebot/2.1; +http://www.google.com/bot.html)"
66.249.68.105 - - [13/Sep/2026:15:37:24 +0300] "GET /index.php/meniu?sale/search/detail/?ITMCODE=51971177461 HTTP/1.1" 200 199816 "-" "Mozilla/5.0 (Linux; Android 6.0.1; Nexus 5X Build/MMB29P) AppleWebKit/537.36 (KHTML, like Gecko) Chrome/152.0.7977.82 Mobile Safari/537.36 (compatible; Googlebot/2.1; +http://www.google.com/bot.html)"
66.249.68.104 - - [13/Sep/2026:15:37:24 +0300] "GET /index.php/kontaktai?sale/search/detail/?ITMCODE=51971026022 HTTP/1.1" 200 209678 "-" "Mozilla/5.0 (Linux; Android 6.0.1; Nexus 5X Build/MMB29P) AppleWebKit/537.36 (KHTML, like Gecko) Chrome/152.0.7977.82 Mobile Safari/537.36 (compatible; Googlebot/2.1; +http://www.google.com/bot.html)"
66.249.68.101 - - [13/Sep/2026:15:37:28 +0300] "GET /index.php/maistas-i-namus?sale/search/detail/?ITMCODE=52002974007 HTTP/1.1" 200 204863 "-" "Mozilla/5.0 (Linux; Android 6.0.1; Nexus 5X Build/MMB29P) AppleWebKit/537.36 (KHTML, like Gecko) Chrome/152.0.7977.82 Mobile Safari/537.36 (compatible; Googlebot/2.1; +http://www.google.com/bot.html)"
66.249.68.101 - - [13/Sep/2026:15:37:30 +0300] "GET /index.php/maistas-i-namus?sale/search/detail/?ITMCODE=51981703506 HTTP/1.1" 200 204757 "-" "Mozilla/5.0 (Linux; Android 6.0.1; Nexus 5X Build/MMB29P) AppleWebKit/537.36 (KHTML, like Gecko) Chrome/152.0.7977.82 Mobile Safari/537.36 (compatible; Googlebot/2.1; +http://www.google.com/bot.html)"
66.249.68.99 - - [13/Sep/2026:15:37:29 +0300] "GET /?sale/search/detail/?ITMCODE=51992014777 HTTP/1.1" 200 210719 "-" "Mozilla/5.0 (Linux; Android 6.0.1; Nexus 5X Build/MMB29P) AppleWebKit/537.36 (KHTML, like Gecko) Chrome/152.0.7977.82 Mobile Safari/537.36 (compatible; Googlebot/2.1; +http://www.google.com/bot.html)"
66.249.68.105 - - [13/Sep/2026:15:37:30 +0300] "GET /index.php/meniu?sale/search/detail/?ITMCODE=51981833410 HTTP/1.1" 200 198937 "-" "Mozilla/5.0 (Linux; Android 6.0.1; Nexus 5X Build/MMB29P) AppleWebKit/537.36 (KHTML, like Gecko) Chrome/152.0.7977.82 Mobile Safari/537.36 (compatible; Googlebot/2.1; +http://www.google.com/bot.html)"
66.249.68.102 - - [13/Sep/2026:15:37:30 +0300] "GET /index.php/maistas-i-namus?sale/search/detail/?ITMCODE=5196783799 HTTP/1.1" 200 211443 "-" "Mozilla/5.0 (Linux; Android 6.0.1; Nexus 5X Build/MMB29P) AppleWebKit/537.36 (KHTML, like Gecko) Chrome/152.0.7977.82 Mobile Safari/537.36 (compatible; Googlebot/2.1; +http://www.google.com/bot.html)"
66.249.68.105 - - [13/Sep/2026:15:37:30 +0300] "GET /index.php/kontaktai?sale/search/detail/?ITMCODE=51992422819 HTTP/1.1" 200 212509 "-" "Mozilla/5.0 (Linux; Android 6.0.1; Nexus 5X Build/MMB29P) AppleWebKit/537.36 (KHTML, like Gecko) Chrome/152.0.7977.82 Mobile Safari/537.36 (compatible; Googlebot/2.1; +http://www.google.com/bot.html)"
74.125.150.98 - - [13/Sep/2026:15:37:32 +0300] "GET /index.php?sale/search/detail/?ITMCODE=51981995256 HTTP/1.1" 200 11152 "-" "Mozilla/5.0 (X11; Linux x86_64) AppleWebKit/537.36 (KHTML, like Gecko) Chrome/151.0.7922.71 Safari/537.36"
74.125.150.98 - - [13/Sep/2026:15:37:33 +0300] "GET /plugins/system/miniteksystemmessages/assets/css/style.css?v=1.0.6 HTTP/1.1" 200 3576 "https://www.chenglong.lt/index.php?sale/search/detail/?ITMCODE=51981995256" "Mozilla/5.0 (X11; Linux x86_64) AppleWebKit/537.36 (KHTML, like Gecko) Chrome/151.0.7922.71 Safari/537.36"
74.125.150.98 - - [13/Sep/2026:15:37:33 +0300] "GET /plugins/system/miniteksystemmessages/assets/css/jquery.jgrowl.css HTTP/1.1" 200 2112 "https://www.chenglong.lt/index.php?sale/search/detail/?ITMCODE=51981995256" "Mozilla/5.0 (X11; Linux x86_64) AppleWebKit/537.36 (KHTML, like Gecko) Chrome/151.0.7922.71 Safari/537.36"
74.125.150.97 - - [13/Sep/2026:15:37:33 +0300] "GET /plugins/content/simplepopup/simplepopup/spustyle.css HTTP/1.1" 200 529 "https://www.chenglong.lt/index.php?sale/search/detail/?ITMCODE=51981995256" "Mozilla/5.0 (X11; Linux x86_64) AppleWebKit/537.36 (KHTML, like Gecko) Chrome/151.0.7922.71 Safari/537.36"
66.249.68.96 - - [13/Sep/2026:15:37:32 +0300] "GET /index.php/meniu?sale/search/detail/?ITMCODE=52002702644 HTTP/1.1" 200 203122 "-" "Mozilla/5.0 (Linux; Android 6.0.1; Nexus 5X Build/MMB29P) AppleWebKit/537.36 (KHTML, like Gecko) Chrome/152.0.7977.82 Mobile Safari/537.36 (compatible; Googlebot/2.1; +http://www.google.com/bot.html)"
74.125.150.98 - - [13/Sep/2026:15:37:33 +0300] "GET /templates/resto_6/css/template.responsive.css HTTP/1.1" 200 11640 "https://www.chenglong.lt/index.php?sale/search/detail/?ITMCODE=51981995256" "Mozilla/5.0 (X11; Linux x86_64) AppleWebKit/537.36 (KHTML, like Gecko) Chrome/151.0.7922.71 Safari/537.36"
74.125.150.98 - - [13/Sep/2026:15:37:33 +0300] "GET /plugins/content/dearflip/dflip/css/themify-icons.css HTTP/1.1" 200 16417 "https://www.chenglong.lt/index.php?sale/search/detail/?ITMCODE=51981995256" "Mozilla/5.0 (X11; Linux x86_64) AppleWebKit/537.36 (KHTML, like Gecko) Chrome/151.0.7922.71 Safari/537.36"
74.125.150.98 - - [13/Sep/2026:15:37:33 +0300] "GET /media/system/js/caption.js?0c2ada6fb5fac50fc7ad43b82b14eaac HTTP/1.1" 200 491 "https://www.chenglong.lt/index.php?sale/search/detail/?ITMCODE=51981995256" "Mozilla/5.0 (X11; Linux x86_64) AppleWebKit/537.36 (KHTML, like Gecko) Chrome/151.0.7922.71 Safari/537.36"
74.125.150.98 - - [13/Sep/2026:15:37:33 +0300] "GET /plugins/content/simplepopup/simplepopup/fancybox/jquery.mousewheel-3.0.4.pack.js HTTP/1.1" 200 1292 "https://www.chenglong.lt/index.php?sale/search/detail/?ITMCODE=51981995256" "Mozilla/5.0 (X11; Linux x86_64) AppleWebKit/537.36 (KHTML, like Gecko) Chrome/151.0.7922.71 Safari/537.36"
74.125.150.97 - - [13/Sep/2026:15:37:33 +0300] "GET /templates/resto_6/modules.js HTTP/1.1" 200 - "https://www.chenglong.lt/index.php?sale/search/detail/?ITMCODE=51981995256" "Mozilla/5.0 (X11; Linux x86_64) AppleWebKit/537.36 (KHTML, like Gecko) Chrome/151.0.7922.71 Safari/537.36"
74.125.150.97 - - [13/Sep/2026:15:37:33 +0300] "GET /media/jui/js/jquery.min.js?0c2ada6fb5fac50fc7ad43b82b14eaac HTTP/1.1" 200 97646 "https://www.chenglong.lt/index.php?sale/search/detail/?ITMCODE=51981995256" "Mozilla/5.0 (X11; Linux x86_64) AppleWebKit/537.36 (KHTML, like Gecko) Chrome/151.0.7922.71 Safari/537.36"
74.125.150.98 - - [13/Sep/2026:15:37:34 +0300] "GET /templates/system/css/system.css HTTP/1.1" 200 881 "https://www.chenglong.lt/index.php?sale/search/detail/?ITMCODE=51981995256" "Mozilla/5.0 (X11; Linux x86_64) AppleWebKit/537.36 (KHTML, like Gecko) Chrome/151.0.7922.71 Safari/537.36"
74.125.150.98 - - [13/Sep/2026:15:37:34 +0300] "GET /templates/resto_6/jquery.js HTTP/1.1" 200 92629 "https://www.chenglong.lt/index.php?sale/search/detail/?ITMCODE=51981995256" "Mozilla/5.0 (X11; Linux x86_64) AppleWebKit/537.36 (KHTML, like Gecko) Chrome/151.0.7922.71 Safari/537.36"
66.249.68.96 - - [13/Sep/2026:15:37:36 +0300] "GET /index.php/maistas-i-namus?sale/search/detail/?ITMCODE=51971191450 HTTP/1.1" 200 200398 "-" "Mozilla/5.0 (Linux; Android 6.0.1; Nexus 5X Build/MMB29P) AppleWebKit/537.36 (KHTML, like Gecko) Chrome/152.0.7977.82 Mobile Safari/537.36 (compatible; Googlebot/2.1; +http://www.google.com/bot.html)"
66.249.68.102 - - [13/Sep/2026:15:37:39 +0300] "GET /index.php/maistas-i-namus?sale/search/detail/?ITMCODE=51971084942 HTTP/1.1" 200 202667 "-" "Mozilla/5.0 (Linux; Android 6.0.1; Nexus 5X Build/MMB29P) AppleWebKit/537.36 (KHTML, like Gecko) Chrome/152.0.7977.82 Mobile Safari/537.36 (compatible; Googlebot/2.1; +http://www.google.com/bot.html)"
66.249.68.102 - - [13/Sep/2026:15:37:40 +0300] "GET /index.php/maistas-i-namus?sale/search/detail/?ITMCODE=52002831753 HTTP/1.1" 200 206493 "-" "Mozilla/5.0 (Linux; Android 6.0.1; Nexus 5X Build/MMB29P) AppleWebKit/537.36 (KHTML, like Gecko) Chrome/152.0.7977.82 Mobile Safari/537.36 (compatible; Googlebot/2.1; +http://www.google.com/bot.html)"
66.249.68.104 - - [13/Sep/2026:15:37:40 +0300] "GET /index.php/maistas-i-namus?sale/search/detail/?ITMCODE=51971460644 HTTP/1.1" 200 209283 "-" "Mozilla/5.0 (Linux; Android 6.0.1; Nexus 5X Build/MMB29P) AppleWebKit/537.36 (KHTML, like Gecko) Chrome/152.0.7977.82 Mobile Safari/537.36 (compatible; Googlebot/2.1; +http://www.google.com/bot.html)"
66.249.68.102 - - [13/Sep/2026:15:37:50 +0300] "GET /index.php/meniu?sale/search/detail/?ITMCODE=51971328491 HTTP/1.1" 200 221307 "-" "Mozilla/5.0 (Linux; Android 6.0.1; Nexus 5X Build/MMB29P) AppleWebKit/537.36 (KHTML, like Gecko) Chrome/152.0.7977.82 Mobile Safari/537.36 (compatible; Googlebot/2.1; +http://www.google.com/bot.html)"
66.249.68.104 - - [13/Sep/2026:15:37:50 +0300] "GET /index.php/maistas-i-namus?sale/search/detail/?ITMCODE=5196786886 HTTP/1.1" 200 200632 "-" "Mozilla/5.0 (Linux; Android 6.0.1; Nexus 5X Build/MMB29P) AppleWebKit/537.36 (KHTML, like Gecko) Chrome/152.0.7977.82 Mobile Safari/537.36 (compatible; Googlebot/2.1; +http://www.google.com/bot.html)"
66.249.68.104 - - [13/Sep/2026:15:37:50 +0300] "GET /index.php/meniu?sale/search/detail/?ITMCODE=51992089754 HTTP/1.1" 200 208427 "-" "Mozilla/5.0 (Linux; Android 6.0.1; Nexus 5X Build/MMB29P) AppleWebKit/537.36 (KHTML, like Gecko) Chrome/152.0.7977.82 Mobile Safari/537.36 (compatible; Googlebot/2.1; +http://www.google.com/bot.html)"
66.249.68.104 - - [13/Sep/2026:15:37:51 +0300] "GET /index.php/maistas-i-namus?sale/search/detail/?ITMCODE=519517670 HTTP/1.1" 200 200632 "-" "Mozilla/5.0 (Linux; Android 6.0.1; Nexus 5X Build/MMB29P) AppleWebKit/537.36 (KHTML, like Gecko) Chrome/152.0.7977.82 Mobile Safari/537.36 (compatible; Googlebot/2.1; +http://www.google.com/bot.html)"
66.249.68.102 - - [13/Sep/2026:15:37:51 +0300] "GET /index.php/meniu?sale/search/detail/?ITMCODE=5195126373 HTTP/1.1" 200 203947 "-" "Mozilla/5.0 (Linux; Android 6.0.1; Nexus 5X Build/MMB29P) AppleWebKit/537.36 (KHTML, like Gecko) Chrome/152.0.7977.82 Mobile Safari/537.36 (compatible; Googlebot/2.1; +http://www.google.com/bot.html)"
66.249.68.104 - - [13/Sep/2026:15:37:58 +0300] "GET /index.php/meniu?sale/search/detail/?ITMCODE=5196842757 HTTP/1.1" 200 207831 "-" "Mozilla/5.0 (Linux; Android 6.0.1; Nexus 5X Build/MMB29P) AppleWebKit/537.36 (KHTML, like Gecko) Chrome/152.0.7977.82 Mobile Safari/537.36 (compatible; Googlebot/2.1; +http://www.google.com/bot.html)"
66.249.68.96 - - [13/Sep/2026:15:37:58 +0300] "GET /index.php/kontaktai?sale/search/detail/?ITMCODE=5196609619 HTTP/1.1" 200 199545 "-" "Mozilla/5.0 (Linux; Android 6.0.1; Nexus 5X Build/MMB29P) AppleWebKit/537.36 (KHTML, like Gecko) Chrome/152.0.7977.82 Mobile Safari/537.36 (compatible; Googlebot/2.1; +http://www.google.com/bot.html)"
66.249.68.100 - - [13/Sep/2026:15:37:58 +0300] "GET /index.php/maistas-i-namus?sale/search/detail/?ITMCODE=51981708026 HTTP/1.1" 200 207325 "-" "Mozilla/5.0 (Linux; Android 6.0.1; Nexus 5X Build/MMB29P) AppleWebKit/537.36 (KHTML, like Gecko) Chrome/152.0.7977.82 Mobile Safari/537.36 (compatible; Googlebot/2.1; +http://www.google.com/bot.html)"
66.249.68.97 - - [13/Sep/2026:15:37:59 +0300] "GET /index.php/maistas-i-namus?sale/search/detail/?ITMCODE=51992275498 HTTP/1.1" 200 202461 "-" "Mozilla/5.0 (Linux; Android 6.0.1; Nexus 5X Build/MMB29P) AppleWebKit/537.36 (KHTML, like Gecko) Chrome/152.0.7977.82 Mobile Safari/537.36 (compatible; Googlebot/2.1; +http://www.google.com/bot.html)"
66.249.68.96 - - [13/Sep/2026:15:38:00 +0300] "GET /index.php/meniu?sale/search/detail/?ITMCODE=5196695957 HTTP/1.1" 200 197996 "-" "Mozilla/5.0 (Linux; Android 6.0.1; Nexus 5X Build/MMB29P) AppleWebKit/537.36 (KHTML, like Gecko) Chrome/152.0.7977.82 Mobile Safari/537.36 (compatible; Googlebot/2.1; +http://www.google.com/bot.html)"
66.249.68.103 - - [13/Sep/2026:15:38:01 +0300] "GET /index.php/kontaktai?sale/search/detail/?ITMCODE=52002574015 HTTP/1.1" 200 203101 "-" "Mozilla/5.0 (Linux; Android 6.0.1; Nexus 5X Build/MMB29P) AppleWebKit/537.36 (KHTML, like Gecko) Chrome/152.0.7977.82 Mobile Safari/537.36 (compatible; Googlebot/2.1; +http://www.google.com/bot.html)"
66.249.68.101 - - [13/Sep/2026:15:38:01 +0300] "GET /index.php/maistas-i-namus?sale/search/detail/?ITMCODE=51971235854 HTTP/1.1" 200 200021 "-" "Mozilla/5.0 (Linux; Android 6.0.1; Nexus 5X Build/MMB29P) AppleWebKit/537.36 (KHTML, like Gecko) Chrome/152.0.7977.82 Mobile Safari/537.36 (compatible; Googlebot/2.1; +http://www.google.com/bot.html)"
66.249.68.99 - - [13/Sep/2026:15:38:01 +0300] "GET /index.php/kontaktai?sale/search/detail/?ITMCODE=52002906396 HTTP/1.1" 200 198683 "-" "Mozilla/5.0 (Linux; Android 6.0.1; Nexus 5X Build/MMB29P) AppleWebKit/537.36 (KHTML, like Gecko) Chrome/152.0.7977.82 Mobile Safari/537.36 (compatible; Googlebot/2.1; +http://www.google.com/bot.html)"
66.249.68.96 - - [13/Sep/2026:15:38:02 +0300] "GET /index.php/meniu?sale/search/detail/?ITMCODE=51971242485 HTTP/1.1" 200 200982 "-" "Mozilla/5.0 (Linux; Android 6.0.1; Nexus 5X Build/MMB29P) AppleWebKit/537.36 (KHTML, like Gecko) Chrome/152.0.7977.82 Mobile Safari/537.36 (compatible; Googlebot/2.1; +http://www.google.com/bot.html)"
66.249.68.103 - - [13/Sep/2026:15:38:02 +0300] "GET /index.php/maistas-i-namus?sale/search/detail/?ITMCODE=51992247169 HTTP/1.1" 200 210187 "-" "Mozilla/5.0 (Linux; Android 6.0.1; Nexus 5X Build/MMB29P) AppleWebKit/537.36 (KHTML, like Gecko) Chrome/152.0.7977.82 Mobile Safari/537.36 (compatible; Googlebot/2.1; +http://www.google.com/bot.html)"
66.249.68.98 - - [13/Sep/2026:15:38:02 +0300] "GET /index.php/meniu?sale/search/detail/?ITMCODE=519595746 HTTP/1.1" 200 214607 "-" "Mozilla/5.0 (Linux; Android 6.0.1; Nexus 5X Build/MMB29P) AppleWebKit/537.36 (KHTML, like Gecko) Chrome/152.0.7977.82 Mobile Safari/537.36 (compatible; Googlebot/2.1; +http://www.google.com/bot.html)"
66.249.68.102 - - [13/Sep/2026:15:38:03 +0300] "GET /index.php/maistas-i-namus?sale/search/detail/?ITMCODE=5195368782 HTTP/1.1" 200 202272 "-" "Mozilla/5.0 (Linux; Android 6.0.1; Nexus 5X Build/MMB29P) AppleWebKit/537.36 (KHTML, like Gecko) Chrome/152.0.7977.82 Mobile Safari/537.36 (compatible; Googlebot/2.1; +http://www.google.com/bot.html)"
66.249.68.96 - - [13/Sep/2026:15:38:04 +0300] "GET /index.php/maistas-i-namus?sale/search/detail/?ITMCODE=5195163678 HTTP/1.1" 200 213849 "-" "Mozilla/5.0 (Linux; Android 6.0.1; Nexus 5X Build/MMB29P) AppleWebKit/537.36 (KHTML, like Gecko) Chrome/152.0.7977.82 Mobile Safari/537.36 (compatible; Googlebot/2.1; +http://www.google.com/bot.html)"
66.249.68.103 - - [13/Sep/2026:15:38:04 +0300] "GET /index.php/meniu?sale/search/detail/?ITMCODE=52002820018 HTTP/1.1" 200 196663 "-" "Mozilla/5.0 (Linux; Android 6.0.1; Nexus 5X Build/MMB29P) AppleWebKit/537.36 (KHTML, like Gecko) Chrome/152.0.7977.82 Mobile Safari/537.36 (compatible; Googlebot/2.1; +http://www.google.com/bot.html)"
66.249.68.98 - - [13/Sep/2026:15:38:05 +0300] "GET /index.php/kontaktai?sale/search/detail/?ITMCODE=5196510828 HTTP/1.1" 200 205308 "-" "Mozilla/5.0 (Linux; Android 6.0.1; Nexus 5X Build/MMB29P) AppleWebKit/537.36 (KHTML, like Gecko) Chrome/152.0.7977.82 Mobile Safari/537.36 (compatible; Googlebot/2.1; +http://www.google.com/bot.html)"
66.249.68.96 - - [13/Sep/2026:15:38:06 +0300] "GET /index.php/meniu?sale/search/detail/?ITMCODE=51981695464 HTTP/1.1" 200 199630 "-" "Mozilla/5.0 (Linux; Android 6.0.1; Nexus 5X Build/MMB29P) AppleWebKit/537.36 (KHTML, like Gecko) Chrome/152.0.7977.82 Mobile Safari/537.36 (compatible; Googlebot/2.1; +http://www.google.com/bot.html)"
66.249.68.103 - - [13/Sep/2026:15:38:08 +0300] "GET /index.php/maistas-i-namus?sale/search/detail/?ITMCODE=519555536 HTTP/1.1" 200 201089 "-" "Mozilla/5.0 (Linux; Android 6.0.1; Nexus 5X Build/MMB29P) AppleWebKit/537.36 (KHTML, like Gecko) Chrome/152.0.7977.82 Mobile Safari/537.36 (compatible; Googlebot/2.1; +http://www.google.com/bot.html)"
66.249.68.105 - - [13/Sep/2026:15:38:08 +0300] "GET /index.php/meniu?sale/search/detail/?ITMCODE=5195499898 HTTP/1.1" 200 215653 "-" "Mozilla/5.0 (Linux; Android 6.0.1; Nexus 5X Build/MMB29P) AppleWebKit/537.36 (KHTML, like Gecko) Chrome/152.0.7977.82 Mobile Safari/537.36 (compatible; Googlebot/2.1; +http://www.google.com/bot.html)"
66.249.68.96 - - [13/Sep/2026:15:38:08 +0300] "GET /index.php/meniu?sale/search/detail/?ITMCODE=51992328385 HTTP/1.1" 200 219803 "-" "Mozilla/5.0 (Linux; Android 6.0.1; Nexus 5X Build/MMB29P) AppleWebKit/537.36 (KHTML, like Gecko) Chrome/152.0.7977.82 Mobile Safari/537.36 (compatible; Googlebot/2.1; +http://www.google.com/bot.html)"
66.249.68.104 - - [13/Sep/2026:15:38:10 +0300] "GET /index.php/meniu?sale/search/detail/?ITMCODE=519562804 HTTP/1.1" 200 199523 "-" "Mozilla/5.0 (Linux; Android 6.0.1; Nexus 5X Build/MMB29P) AppleWebKit/537.36 (KHTML, like Gecko) Chrome/152.0.7977.82 Mobile Safari/537.36 (compatible; Googlebot/2.1; +http://www.google.com/bot.html)"
66.249.68.102 - - [13/Sep/2026:15:38:10 +0300] "GET /index.php/maistas-i-namus?sale/search/detail/?ITMCODE=51981782059 HTTP/1.1" 200 199327 "-" "Mozilla/5.0 (Linux; Android 6.0.1; Nexus 5X Build/MMB29P) AppleWebKit/537.36 (KHTML, like Gecko) Chrome/152.0.7977.82 Mobile Safari/537.36 (compatible; Googlebot/2.1; +http://www.google.com/bot.html)"
66.249.68.104 - - [13/Sep/2026:15:38:11 +0300] "GET /index.php/kontaktai?sale/search/detail/?ITMCODE=51971440588 HTTP/1.1" 200 214952 "-" "Mozilla/5.0 (Linux; Android 6.0.1; Nexus 5X Build/MMB29P) AppleWebKit/537.36 (KHTML, like Gecko) Chrome/152.0.7977.82 Mobile Safari/537.36 (compatible; Googlebot/2.1; +http://www.google.com/bot.html)"
66.249.68.96 - - [13/Sep/2026:15:38:12 +0300] "GET /index.php/kontaktai?sale/search/detail/?ITMCODE=5195269048 HTTP/1.1" 200 206166 "-" "Mozilla/5.0 (Linux; Android 6.0.1; Nexus 5X Build/MMB29P) AppleWebKit/537.36 (KHTML, like Gecko) Chrome/152.0.7977.82 Mobile Safari/537.36 (compatible; Googlebot/2.1; +http://www.google.com/bot.html)"
66.249.68.96 - - [13/Sep/2026:15:38:13 +0300] "GET /index.php/kontaktai?sale/search/detail/?ITMCODE=51981687479 HTTP/1.1" 200 198274 "-" "Mozilla/5.0 (Linux; Android 6.0.1; Nexus 5X Build/MMB29P) AppleWebKit/537.36 (KHTML, like Gecko) Chrome/152.0.7977.82 Mobile Safari/537.36 (compatible; Googlebot/2.1; +http://www.google.com/bot.html)"
66.249.68.102 - - [13/Sep/2026:15:38:15 +0300] "GET /index.php/kontaktai?sale/search/detail/?ITMCODE=5196856332 HTTP/1.1" 200 209657 "-" "Mozilla/5.0 (Linux; Android 6.0.1; Nexus 5X Build/MMB29P) AppleWebKit/537.36 (KHTML, like Gecko) Chrome/152.0.7977.82 Mobile Safari/537.36 (compatible; Googlebot/2.1; +http://www.google.com/bot.html)"
66.249.68.102 - - [13/Sep/2026:15:38:16 +0300] "GET /index.php/kontaktai?sale/search/detail/?ITMCODE=52002956644 HTTP/1.1" 200 202482 "-" "Mozilla/5.0 (Linux; Android 6.0.1; Nexus 5X Build/MMB29P) AppleWebKit/537.36 (KHTML, like Gecko) Chrome/152.0.7977.82 Mobile Safari/537.36 (compatible; Googlebot/2.1; +http://www.google.com/bot.html)"
66.249.68.103 - - [13/Sep/2026:15:38:16 +0300] "GET /index.php/meniu?sale/search/detail/?ITMCODE=5195462811 HTTP/1.1" 200 198474 "-" "Mozilla/5.0 (Linux; Android 6.0.1; Nexus 5X Build/MMB29P) AppleWebKit/537.36 (KHTML, like Gecko) Chrome/152.0.7977.82 Mobile Safari/537.36 (compatible; Googlebot/2.1; +http://www.google.com/bot.html)"
66.249.68.101 - - [13/Sep/2026:15:38:18 +0300] "GET /index.php/kontaktai?sale/search/detail/?ITMCODE=519547156 HTTP/1.1" 200 220246 "-" "Mozilla/5.0 (Linux; Android 6.0.1; Nexus 5X Build/MMB29P) AppleWebKit/537.36 (KHTML, like Gecko) Chrome/152.0.7977.82 Mobile Safari/537.36 (compatible; Googlebot/2.1; +http://www.google.com/bot.html)"
66.249.68.101 - - [13/Sep/2026:15:38:19 +0300] "GET /index.php/kontaktai?sale/search/detail/?ITMCODE=51981706364 HTTP/1.1" 200 203324 "-" "Mozilla/5.0 (Linux; Android 6.0.1; Nexus 5X Build/MMB29P) AppleWebKit/537.36 (KHTML, like Gecko) Chrome/152.0.7977.82 Mobile Safari/537.36 (compatible; Googlebot/2.1; +http://www.google.com/bot.html)"
66.249.68.104 - - [13/Sep/2026:15:38:19 +0300] "GET /index.php/maistas-i-namus?sale/search/detail/?ITMCODE=5196896894 HTTP/1.1" 200 203611 "-" "Mozilla/5.0 (Linux; Android 6.0.1; Nexus 5X Build/MMB29P) AppleWebKit/537.36 (KHTML, like Gecko) Chrome/152.0.7977.82 Mobile Safari/537.36 (compatible; Googlebot/2.1; +http://www.google.com/bot.html)"
66.249.68.105 - - [13/Sep/2026:15:38:20 +0300] "GET /index.php/meniu?sale/search/detail/?ITMCODE=5196810144 HTTP/1.1" 200 197931 "-" "Mozilla/5.0 (Linux; Android 6.0.1; Nexus 5X Build/MMB29P) AppleWebKit/537.36 (KHTML, like Gecko) Chrome/152.0.7977.82 Mobile Safari/537.36 (compatible; Googlebot/2.1; +http://www.google.com/bot.html)"
66.249.68.102 - - [13/Sep/2026:15:38:20 +0300] "GET /index.php/kontaktai?sale/search/detail/?ITMCODE=51992399863 HTTP/1.1" 200 202907 "-" "Mozilla/5.0 (Linux; Android 6.0.1; Nexus 5X Build/MMB29P) AppleWebKit/537.36 (KHTML, like Gecko) Chrome/152.0.7977.82 Mobile Safari/537.36 (compatible; Googlebot/2.1; +http://www.google.com/bot.html)"
66.249.68.103 - - [13/Sep/2026:15:38:20 +0300] "GET /index.php/maistas-i-namus?sale/search/detail/?ITMCODE=5196972751 HTTP/1.1" 200 219991 "-" "Mozilla/5.0 (Linux; Android 6.0.1; Nexus 5X Build/MMB29P) AppleWebKit/537.36 (KHTML, like Gecko) Chrome/152.0.7977.82 Mobile Safari/537.36 (compatible; Googlebot/2.1; +http://www.google.com/bot.html)"
66.249.68.104 - - [13/Sep/2026:15:38:21 +0300] "GET /index.php/meniu?sale/search/detail/?ITMCODE=51992350898 HTTP/1.1" 200 198912 "-" "Mozilla/5.0 (Linux; Android 6.0.1; Nexus 5X Build/MMB29P) AppleWebKit/537.36 (KHTML, like Gecko) Chrome/152.0.7977.82 Mobile Safari/537.36 (compatible; Googlebot/2.1; +http://www.google.com/bot.html)"
66.249.68.103 - - [13/Sep/2026:15:38:21 +0300] "GET /index.php/meniu?sale/search/detail/?ITMCODE=51971327160 HTTP/1.1" 200 214288 "-" "Mozilla/5.0 (Linux; Android 6.0.1; Nexus 5X Build/MMB29P) AppleWebKit/537.36 (KHTML, like Gecko) Chrome/152.0.7977.82 Mobile Safari/537.36 (compatible; Googlebot/2.1; +http://www.google.com/bot.html)"
66.249.68.105 - - [13/Sep/2026:15:38:22 +0300] "GET /index.php/meniu?sale/search/detail/?ITMCODE=51971464716 HTTP/1.1" 200 206592 "-" "Mozilla/5.0 (Linux; Android 6.0.1; Nexus 5X Build/MMB29P) AppleWebKit/537.36 (KHTML, like Gecko) Chrome/152.0.7977.82 Mobile Safari/537.36 (compatible; Googlebot/2.1; +http://www.google.com/bot.html)"
66.249.68.104 - - [13/Sep/2026:15:38:22 +0300] "GET /index.php/meniu?sale/search/detail/?ITMCODE=51971208316 HTTP/1.1" 200 221622 "-" "Mozilla/5.0 (Linux; Android 6.0.1; Nexus 5X Build/MMB29P) AppleWebKit/537.36 (KHTML, like Gecko) Chrome/152.0.7977.82 Mobile Safari/537.36 (compatible; Googlebot/2.1; +http://www.google.com/bot.html)"
66.249.68.102 - - [13/Sep/2026:15:38:23 +0300] "GET /index.php/maistas-i-namus?sale/search/detail/?ITMCODE=51981872211 HTTP/1.1" 200 209394 "-" "Mozilla/5.0 (Linux; Android 6.0.1; Nexus 5X Build/MMB29P) AppleWebKit/537.36 (KHTML, like Gecko) Chrome/152.0.7977.82 Mobile Safari/537.36 (compatible; Googlebot/2.1; +http://www.google.com/bot.html)"
66.249.68.105 - - [13/Sep/2026:15:38:23 +0300] "GET /index.php/kontaktai?sale/search/detail/?ITMCODE=5196772908 HTTP/1.1" 200 220559 "-" "Mozilla/5.0 (Linux; Android 6.0.1; Nexus 5X Build/MMB29P) AppleWebKit/537.36 (KHTML, like Gecko) Chrome/152.0.7977.82 Mobile Safari/537.36 (compatible; Googlebot/2.1; +http://www.google.com/bot.html)"
66.249.68.104 - - [13/Sep/2026:15:38:26 +0300] "GET /index.php/meniu?sale/search/detail/?ITMCODE=51992115213 HTTP/1.1" 200 205221 "-" "Mozilla/5.0 (Linux; Android 6.0.1; Nexus 5X Build/MMB29P) AppleWebKit/537.36 (KHTML, like Gecko) Chrome/152.0.7977.82 Mobile Safari/537.36 (compatible; Googlebot/2.1; +http://www.google.com/bot.html)"
66.249.68.103 - - [13/Sep/2026:15:38:26 +0300] "GET /index.php/kontaktai?sale/search/detail/?ITMCODE=52002631904 HTTP/1.1" 200 203355 "-" "Mozilla/5.0 (Linux; Android 6.0.1; Nexus 5X Build/MMB29P) AppleWebKit/537.36 (KHTML, like Gecko) Chrome/152.0.7977.82 Mobile Safari/537.36 (compatible; Googlebot/2.1; +http://www.google.com/bot.html)"
66.249.68.99 - - [13/Sep/2026:15:38:27 +0300] "GET /index.php?sale/search/detail/?ITMCODE=5196879698 HTTP/1.1" 200 208573 "-" "Mozilla/5.0 (compatible; Googlebot/2.1; +http://www.google.com/bot.html)"
66.249.68.101 - - [13/Sep/2026:15:38:28 +0300] "GET /index.php/kontaktai?sale/search/detail/?ITMCODE=51981552908 HTTP/1.1" 200 208616 "-" "Mozilla/5.0 (Linux; Android 6.0.1; Nexus 5X Build/MMB29P) AppleWebKit/537.36 (KHTML, like Gecko) Chrome/152.0.7977.82 Mobile Safari/537.36 (compatible; Googlebot/2.1; +http://www.google.com/bot.html)"
66.249.68.105 - - [13/Sep/2026:15:38:29 +0300] "GET /index.php/maistas-i-namus?sale/search/detail/?ITMCODE=51992432136 HTTP/1.1" 200 201479 "-" "Mozilla/5.0 (Linux; Android 6.0.1; Nexus 5X Build/MMB29P) AppleWebKit/537.36 (KHTML, like Gecko) Chrome/152.0.7977.82 Mobile Safari/537.36 (compatible; Googlebot/2.1; +http://www.google.com/bot.html)"
66.249.68.103 - - [13/Sep/2026:15:38:30 +0300] "GET /index.php/kontaktai?sale/search/detail/?ITMCODE=52002518347 HTTP/1.1" 200 205704 "-" "Mozilla/5.0 (Linux; Android 6.0.1; Nexus 5X Build/MMB29P) AppleWebKit/537.36 (KHTML, like Gecko) Chrome/152.0.7977.82 Mobile Safari/537.36 (compatible; Googlebot/2.1; +http://www.google.com/bot.html)"
66.249.68.101 - - [13/Sep/2026:15:38:31 +0300] "GET /index.php/maistas-i-namus?sale/search/detail/?ITMCODE=51992269276 HTTP/1.1" 200 204629 "-" "Mozilla/5.0 (Linux; Android 6.0.1; Nexus 5X Build/MMB29P) AppleWebKit/537.36 (KHTML, like Gecko) Chrome/152.0.7977.82 Mobile Safari/537.36 (compatible; Googlebot/2.1; +http://www.google.com/bot.html)"
66.249.68.98 - - [13/Sep/2026:15:38:31 +0300] "GET /index.php/kontaktai?sale/search/detail/?ITMCODE=5196881334 HTTP/1.1" 200 202552 "-" "Mozilla/5.0 (Linux; Android 6.0.1; Nexus 5X Build/MMB29P) AppleWebKit/537.36 (KHTML, like Gecko) Chrome/152.0.7977.82 Mobile Safari/537.36 (compatible; Googlebot/2.1; +http://www.google.com/bot.html)"
66.249.68.98 - - [13/Sep/2026:15:38:32 +0300] "GET /index.php/maistas-i-namus?sale/search/detail/?ITMCODE=5196826003 HTTP/1.1" 200 199929 "-" "Mozilla/5.0 (Linux; Android 6.0.1; Nexus 5X Build/MMB29P) AppleWebKit/537.36 (KHTML, like Gecko) Chrome/152.0.7977.82 Mobile Safari/537.36 (compatible; Googlebot/2.1; +http://www.google.com/bot.html)"
66.249.68.97 - - [13/Sep/2026:15:38:32 +0300] "GET /index.php/kontaktai?sale/search/detail/?ITMCODE=51981536399 HTTP/1.1" 200 202703 "-" "Mozilla/5.0 (Linux; Android 6.0.1; Nexus 5X Build/MMB29P) AppleWebKit/537.36 (KHTML, like Gecko) Chrome/152.0.7977.82 Mobile Safari/537.36 (compatible; Googlebot/2.1; +http://www.google.com/bot.html)"
66.249.68.97 - - [13/Sep/2026:15:38:33 +0300] "GET /index.php/kontaktai?sale/search/detail/?ITMCODE=5196550626 HTTP/1.1" 200 199854 "-" "Mozilla/5.0 (Linux; Android 6.0.1; Nexus 5X Build/MMB29P) AppleWebKit/537.36 (KHTML, like Gecko) Chrome/152.0.7977.82 Mobile Safari/537.36 (compatible; Googlebot/2.1; +http://www.google.com/bot.html)"
66.249.68.96 - - [13/Sep/2026:15:38:35 +0300] "GET /index.php/meniu?sale/search/detail/?ITMCODE=519515483 HTTP/1.1" 200 212941 "-" "Mozilla/5.0 (Linux; Android 6.0.1; Nexus 5X Build/MMB29P) AppleWebKit/537.36 (KHTML, like Gecko) Chrome/152.0.7977.82 Mobile Safari/537.36 (compatible; Googlebot/2.1; +http://www.google.com/bot.html)"
66.249.68.104 - - [13/Sep/2026:15:38:37 +0300] "GET /?sale/search/detail/?ITMCODE=5195350677 HTTP/1.1" 200 210427 "-" "Mozilla/5.0 (compatible; Googlebot/2.1; +http://www.google.com/bot.html)"
66.249.68.104 - - [13/Sep/2026:15:38:40 +0300] "GET /index.php/meniu?sale/search/detail/?ITMCODE=51992262905 HTTP/1.1" 200 209220 "-" "Mozilla/5.0 (Linux; Android 6.0.1; Nexus 5X Build/MMB29P) AppleWebKit/537.36 (KHTML, like Gecko) Chrome/152.0.7977.82 Mobile Safari/537.36 (compatible; Googlebot/2.1; +http://www.google.com/bot.html)"
66.249.68.96 - - [13/Sep/2026:15:38:40 +0300] "GET /index.php/kontaktai?sale/search/detail/?ITMCODE=51971360232 HTTP/1.1" 200 200853 "-" "Mozilla/5.0 (Linux; Android 6.0.1; Nexus 5X Build/MMB29P) AppleWebKit/537.36 (KHTML, like Gecko) Chrome/152.0.7977.82 Mobile Safari/537.36 (compatible; Googlebot/2.1; +http://www.google.com/bot.html)"
66.249.68.104 - - [13/Sep/2026:15:38:41 +0300] "GET /index.php/maistas-i-namus?sale/search/detail/?ITMCODE=52002780468 HTTP/1.1" 200 204966 "-" "Mozilla/5.0 (Linux; Android 6.0.1; Nexus 5X Build/MMB29P) AppleWebKit/537.36 (KHTML, like Gecko) Chrome/152.0.7977.82 Mobile Safari/537.36 (compatible; Googlebot/2.1; +http://www.google.com/bot.html)"
66.249.68.105 - - [13/Sep/2026:15:38:41 +0300] "GET /index.php/meniu?sale/search/detail/?ITMCODE=51971374847 HTTP/1.1" 200 203919 "-" "Mozilla/5.0 (Linux; Android 6.0.1; Nexus 5X Build/MMB29P) AppleWebKit/537.36 (KHTML, like Gecko) Chrome/152.0.7977.82 Mobile Safari/537.36 (compatible; Googlebot/2.1; +http://www.google.com/bot.html)"
66.249.68.105 - - [13/Sep/2026:15:38:42 +0300] "GET /index.php/meniu?sale/search/detail/?ITMCODE=52002564020 HTTP/1.1" 200 199184 "-" "Mozilla/5.0 (Linux; Android 6.0.1; Nexus 5X Build/MMB29P) AppleWebKit/537.36 (KHTML, like Gecko) Chrome/152.0.7977.82 Mobile Safari/537.36 (compatible; Googlebot/2.1; +http://www.google.com/bot.html)"
66.249.68.96 - - [13/Sep/2026:15:38:42 +0300] "GET /?sale/search/detail/?ITMCODE=51981542707 HTTP/1.1" 200 193428 "-" "Mozilla/5.0 (Linux; Android 6.0.1; Nexus 5X Build/MMB29P) AppleWebKit/537.36 (KHTML, like Gecko) Chrome/152.0.7977.82 Mobile Safari/537.36 (compatible; Googlebot/2.1; +http://www.google.com/bot.html)"
66.249.68.98 - - [13/Sep/2026:15:38:42 +0300] "GET /index.php/maistas-i-namus?sale/search/detail/?ITMCODE=51971081153 HTTP/1.1" 200 218374 "-" "Mozilla/5.0 (Linux; Android 6.0.1; Nexus 5X Build/MMB29P) AppleWebKit/537.36 (KHTML, like Gecko) Chrome/152.0.7977.82 Mobile Safari/537.36 (compatible; Googlebot/2.1; +http://www.google.com/bot.html)"
66.249.68.105 - - [13/Sep/2026:15:38:44 +0300] "GET /index.php/kontaktai?sale/search/detail/?ITMCODE=5195468921 HTTP/1.1" 200 206602 "-" "Mozilla/5.0 (Linux; Android 6.0.1; Nexus 5X Build/MMB29P) AppleWebKit/537.36 (KHTML, like Gecko) Chrome/152.0.7977.82 Mobile Safari/537.36 (compatible; Googlebot/2.1; +http://www.google.com/bot.html)"
66.249.68.99 - - [13/Sep/2026:15:38:43 +0300] "GET /index.php/meniu?sale/search/detail/?ITMCODE=519534190 HTTP/1.1" 200 230509 "-" "Mozilla/5.0 (Linux; Android 6.0.1; Nexus 5X Build/MMB29P) AppleWebKit/537.36 (KHTML, like Gecko) Chrome/152.0.7977.82 Mobile Safari/537.36 (compatible; Googlebot/2.1; +http://www.google.com/bot.html)"
66.249.68.105 - - [13/Sep/2026:15:38:45 +0300] "GET /index.php/meniu?sale/search/detail/?ITMCODE=51981743571 HTTP/1.1" 200 210573 "-" "Mozilla/5.0 (Linux; Android 6.0.1; Nexus 5X Build/MMB29P) AppleWebKit/537.36 (KHTML, like Gecko) Chrome/152.0.7977.82 Mobile Safari/537.36 (compatible; Googlebot/2.1; +http://www.google.com/bot.html)"
66.249.68.103 - - [13/Sep/2026:15:38:45 +0300] "GET /index.php/kontaktai?sale/search/detail/?ITMCODE=52002991262 HTTP/1.1" 200 201265 "-" "Mozilla/5.0 (Linux; Android 6.0.1; Nexus 5X Build/MMB29P) AppleWebKit/537.36 (KHTML, like Gecko) Chrome/152.0.7977.82 Mobile Safari/537.36 (compatible; Googlebot/2.1; +http://www.google.com/bot.html)"
66.249.68.104 - - [13/Sep/2026:15:38:45 +0300] "GET /index.php/kontaktai?sale/search/detail/?ITMCODE=51971129629 HTTP/1.1" 200 207028 "-" "Mozilla/5.0 (Linux; Android 6.0.1; Nexus 5X Build/MMB29P) AppleWebKit/537.36 (KHTML, like Gecko) Chrome/152.0.7977.82 Mobile Safari/537.36 (compatible; Googlebot/2.1; +http://www.google.com/bot.html)"
66.249.68.99 - - [13/Sep/2026:15:38:46 +0300] "GET /index.php/meniu?sale/search/detail/?ITMCODE=52002948000 HTTP/1.1" 200 197738 "-" "Mozilla/5.0 (Linux; Android 6.0.1; Nexus 5X Build/MMB29P) AppleWebKit/537.36 (KHTML, like Gecko) Chrome/152.0.7977.82 Mobile Safari/537.36 (compatible; Googlebot/2.1; +http://www.google.com/bot.html)"
66.249.68.102 - - [13/Sep/2026:15:38:48 +0300] "GET /index.php/maistas-i-namus?sale/search/detail/?ITMCODE=51992420731 HTTP/1.1" 200 212438 "-" "Mozilla/5.0 (Linux; Android 6.0.1; Nexus 5X Build/MMB29P) AppleWebKit/537.36 (KHTML, like Gecko) Chrome/152.0.7977.82 Mobile Safari/537.36 (compatible; Googlebot/2.1; +http://www.google.com/bot.html)"
66.249.68.101 - - [13/Sep/2026:15:38:48 +0300] "GET /index.php/maistas-i-namus?sale/search/detail/?ITMCODE=51992055893 HTTP/1.1" 200 201375 "-" "Mozilla/5.0 (Linux; Android 6.0.1; Nexus 5X Build/MMB29P) AppleWebKit/537.36 (KHTML, like Gecko) Chrome/152.0.7977.82 Mobile Safari/537.36 (compatible; Googlebot/2.1; +http://www.google.com/bot.html)"
66.249.68.100 - - [13/Sep/2026:15:38:48 +0300] "GET /index.php/meniu?sale/search/detail/?ITMCODE=51992356649 HTTP/1.1" 200 202411 "-" "Mozilla/5.0 (Linux; Android 6.0.1; Nexus 5X Build/MMB29P) AppleWebKit/537.36 (KHTML, like Gecko) Chrome/152.0.7977.82 Mobile Safari/537.36 (compatible; Googlebot/2.1; +http://www.google.com/bot.html)"
66.249.68.98 - - [13/Sep/2026:15:38:52 +0300] "GET /?sale/search/detail/?ITMCODE=51992303034 HTTP/1.1" 200 195578 "-" "Mozilla/5.0 (compatible; Googlebot/2.1; +http://www.google.com/bot.html)"
66.249.68.99 - - [13/Sep/2026:15:38:54 +0300] "GET /index.php/maistas-i-namus?sale/search/detail/?ITMCODE=51981919853 HTTP/1.1" 200 205229 "-" "Mozilla/5.0 (Linux; Android 6.0.1; Nexus 5X Build/MMB29P) AppleWebKit/537.36 (KHTML, like Gecko) Chrome/152.0.7977.82 Mobile Safari/537.36 (compatible; Googlebot/2.1; +http://www.google.com/bot.html)"
66.249.68.96 - - [13/Sep/2026:15:38:54 +0300] "GET /index.php/kontaktai?sale/search/detail/?ITMCODE=51971034813 HTTP/1.1" 200 199014 "-" "Mozilla/5.0 (Linux; Android 6.0.1; Nexus 5X Build/MMB29P) AppleWebKit/537.36 (KHTML, like Gecko) Chrome/152.0.7977.82 Mobile Safari/537.36 (compatible; Googlebot/2.1; +http://www.google.com/bot.html)"
66.249.68.104 - - [13/Sep/2026:15:38:55 +0300] "GET /index.php/kontaktai?sale/search/detail/?ITMCODE=5195204951 HTTP/1.1" 200 234905 "-" "Mozilla/5.0 (Linux; Android 6.0.1; Nexus 5X Build/MMB29P) AppleWebKit/537.36 (KHTML, like Gecko) Chrome/152.0.7977.82 Mobile Safari/537.36 (compatible; Googlebot/2.1; +http://www.google.com/bot.html)"
66.249.68.96 - - [13/Sep/2026:15:38:57 +0300] "GET /index.php/maistas-i-namus?sale/search/detail/?ITMCODE=51981699110 HTTP/1.1" 200 206522 "-" "Mozilla/5.0 (Linux; Android 6.0.1; Nexus 5X Build/MMB29P) AppleWebKit/537.36 (KHTML, like Gecko) Chrome/152.0.7977.82 Mobile Safari/537.36 (compatible; Googlebot/2.1; +http://www.google.com/bot.html)"
66.249.68.103 - - [13/Sep/2026:15:39:05 +0300] "GET /index.php/meniu?sale/search/detail/?ITMCODE=5196899150 HTTP/1.1" 200 214028 "-" "Mozilla/5.0 (Linux; Android 6.0.1; Nexus 5X Build/MMB29P) AppleWebKit/537.36 (KHTML, like Gecko) Chrome/152.0.7977.82 Mobile Safari/537.36 (compatible; Googlebot/2.1; +http://www.google.com/bot.html)"
66.249.68.97 - - [13/Sep/2026:15:39:13 +0300] "GET /index.php/maistas-i-namus?sale/search/detail/?ITMCODE=51971393420 HTTP/1.1" 200 225408 "-" "Mozilla/5.0 (Linux; Android 6.0.1; Nexus 5X Build/MMB29P) AppleWebKit/537.36 (KHTML, like Gecko) Chrome/152.0.7977.82 Mobile Safari/537.36 (compatible; Googlebot/2.1; +http://www.google.com/bot.html)"
66.249.68.104 - - [13/Sep/2026:15:39:14 +0300] "GET /index.php/kontaktai?sale/search/detail/?ITMCODE=51981625581 HTTP/1.1" 200 198216 "-" "Mozilla/5.0 (Linux; Android 6.0.1; Nexus 5X Build/MMB29P) AppleWebKit/537.36 (KHTML, like Gecko) Chrome/152.0.7977.82 Mobile Safari/537.36 (compatible; Googlebot/2.1; +http://www.google.com/bot.html)"
66.249.68.102 - - [13/Sep/2026:15:39:14 +0300] "GET /index.php/meniu?sale/search/detail/?ITMCODE=5196625661 HTTP/1.1" 200 206066 "-" "Mozilla/5.0 (Linux; Android 6.0.1; Nexus 5X Build/MMB29P) AppleWebKit/537.36 (KHTML, like Gecko) Chrome/152.0.7977.82 Mobile Safari/537.36 (compatible; Googlebot/2.1; +http://www.google.com/bot.html)"
66.249.68.102 - - [13/Sep/2026:15:39:20 +0300] "GET /index.php/maistas-i-namus?sale/search/detail/?ITMCODE=52002574110 HTTP/1.1" 200 217575 "-" "Mozilla/5.0 (Linux; Android 6.0.1; Nexus 5X Build/MMB29P) AppleWebKit/537.36 (KHTML, like Gecko) Chrome/152.0.7977.82 Mobile Safari/537.36 (compatible; Googlebot/2.1; +http://www.google.com/bot.html)"
66.249.68.102 - - [13/Sep/2026:15:39:22 +0300] "GET /index.php/maistas-i-namus?sale/search/detail/?ITMCODE=5196997987 HTTP/1.1" 200 204666 "-" "Mozilla/5.0 (Linux; Android 6.0.1; Nexus 5X Build/MMB29P) AppleWebKit/537.36 (KHTML, like Gecko) Chrome/152.0.7977.82 Mobile Safari/537.36 (compatible; Googlebot/2.1; +http://www.google.com/bot.html)"
66.249.68.105 - - [13/Sep/2026:15:39:23 +0300] "GET /index.php/kontaktai?sale/search/detail/?ITMCODE=5196739176 HTTP/1.1" 200 201370 "-" "Mozilla/5.0 (Linux; Android 6.0.1; Nexus 5X Build/MMB29P) AppleWebKit/537.36 (KHTML, like Gecko) Chrome/152.0.7977.82 Mobile Safari/537.36 (compatible; Googlebot/2.1; +http://www.google.com/bot.html)"
66.249.68.96 - - [13/Sep/2026:15:39:23 +0300] "GET /index.php/meniu?sale/search/detail/?ITMCODE=51992460937 HTTP/1.1" 200 220177 "-" "Mozilla/5.0 (Linux; Android 6.0.1; Nexus 5X Build/MMB29P) AppleWebKit/537.36 (KHTML, like Gecko) Chrome/152.0.7977.82 Mobile Safari/537.36 (compatible; Googlebot/2.1; +http://www.google.com/bot.html)"
66.249.68.101 - - [13/Sep/2026:15:39:23 +0300] "GET /index.php/meniu?sale/search/detail/?ITMCODE=51971047605 HTTP/1.1" 200 202314 "-" "Mozilla/5.0 (Linux; Android 6.0.1; Nexus 5X Build/MMB29P) AppleWebKit/537.36 (KHTML, like Gecko) Chrome/152.0.7977.82 Mobile Safari/537.36 (compatible; Googlebot/2.1; +http://www.google.com/bot.html)"
66.249.68.104 - - [13/Sep/2026:15:39:23 +0300] "GET /index.php/meniu?sale/search/detail/?ITMCODE=51992288647 HTTP/1.1" 200 213075 "-" "Mozilla/5.0 (Linux; Android 6.0.1; Nexus 5X Build/MMB29P) AppleWebKit/537.36 (KHTML, like Gecko) Chrome/152.0.7977.82 Mobile Safari/537.36 (compatible; Googlebot/2.1; +http://www.google.com/bot.html)"
66.249.68.102 - - [13/Sep/2026:15:39:24 +0300] "GET /index.php/maistas-i-namus?sale/search/detail/?ITMCODE=51992409597 HTTP/1.1" 200 206837 "-" "Mozilla/5.0 (Linux; Android 6.0.1; Nexus 5X Build/MMB29P) AppleWebKit/537.36 (KHTML, like Gecko) Chrome/152.0.7977.82 Mobile Safari/537.36 (compatible; Googlebot/2.1; +http://www.google.com/bot.html)"
66.249.68.104 - - [13/Sep/2026:15:39:24 +0300] "GET /index.php/meniu?sale/search/detail/?ITMCODE=5196669242 HTTP/1.1" 200 210138 "-" "Mozilla/5.0 (Linux; Android 6.0.1; Nexus 5X Build/MMB29P) AppleWebKit/537.36 (KHTML, like Gecko) Chrome/152.0.7977.82 Mobile Safari/537.36 (compatible; Googlebot/2.1; +http://www.google.com/bot.html)"
66.249.68.105 - - [13/Sep/2026:15:39:24 +0300] "GET /index.php/maistas-i-namus?sale/search/detail/?ITMCODE=51981672076 HTTP/1.1" 200 203073 "-" "Mozilla/5.0 (Linux; Android 6.0.1; Nexus 5X Build/MMB29P) AppleWebKit/537.36 (KHTML, like Gecko) Chrome/152.0.7977.82 Mobile Safari/537.36 (compatible; Googlebot/2.1; +http://www.google.com/bot.html)"
66.249.68.102 - - [13/Sep/2026:15:39:25 +0300] "GET /index.php/meniu?sale/search/detail/?ITMCODE=5195481705 HTTP/1.1" 200 204842 "-" "Mozilla/5.0 (Linux; Android 6.0.1; Nexus 5X Build/MMB29P) AppleWebKit/537.36 (KHTML, like Gecko) Chrome/152.0.7977.82 Mobile Safari/537.36 (compatible; Googlebot/2.1; +http://www.google.com/bot.html)"
66.249.68.104 - - [13/Sep/2026:15:39:25 +0300] "GET /index.php/maistas-i-namus?sale/search/detail/?ITMCODE=52002797311 HTTP/1.1" 200 199600 "-" "Mozilla/5.0 (Linux; Android 6.0.1; Nexus 5X Build/MMB29P) AppleWebKit/537.36 (KHTML, like Gecko) Chrome/152.0.7977.82 Mobile Safari/537.36 (compatible; Googlebot/2.1; +http://www.google.com/bot.html)"
66.249.68.104 - - [13/Sep/2026:15:39:25 +0300] "GET /index.php/maistas-i-namus?sale/search/detail/?ITMCODE=5195115543 HTTP/1.1" 200 213479 "-" "Mozilla/5.0 (Linux; Android 6.0.1; Nexus 5X Build/MMB29P) AppleWebKit/537.36 (KHTML, like Gecko) Chrome/152.0.7977.82 Mobile Safari/537.36 (compatible; Googlebot/2.1; +http://www.google.com/bot.html)"
66.249.68.104 - - [13/Sep/2026:15:39:26 +0300] "GET /index.php/maistas-i-namus?sale/search/detail/?ITMCODE=52002722489 HTTP/1.1" 200 202917 "-" "Mozilla/5.0 (Linux; Android 6.0.1; Nexus 5X Build/MMB29P) AppleWebKit/537.36 (KHTML, like Gecko) Chrome/152.0.7977.82 Mobile Safari/537.36 (compatible; Googlebot/2.1; +http://www.google.com/bot.html)"
