66.249.68.103 - - [13/Sep/2026:15:47:26 +0300] "GET /?sale/search/detail/?ITMCODE=51971109823 HTTP/1.1" 200 206687 "-" "Mozilla/5.0 (Linux; Android 6.0.1; Nexus 5X Build/MMB29P) AppleWebKit/537.36 (KHTML, like Gecko) Chrome/152.0.7977.82 Mobile Safari/537.36 (compatible; Googlebot/2.1; +http://www.google.com/bot.html)"
66.249.68.98 - - [13/Sep/2026:15:47:27 +0300] "GET /?sale/search/detail/?ITMCODE=51992489197 HTTP/1.1" 200 194968 "-" "Mozilla/5.0 (Linux; Android 6.0.1; Nexus 5X Build/MMB29P) AppleWebKit/537.36 (KHTML, like Gecko) Chrome/152.0.7977.82 Mobile Safari/537.36 (compatible; Googlebot/2.1; +http://www.google.com/bot.html)"
66.249.68.105 - - [13/Sep/2026:15:47:27 +0300] "GET /?sale/search/detail/?ITMCODE=52002730795 HTTP/1.1" 200 205847 "-" "Mozilla/5.0 (Linux; Android 6.0.1; Nexus 5X Build/MMB29P) AppleWebKit/537.36 (KHTML, like Gecko) Chrome/152.0.7977.82 Mobile Safari/537.36 (compatible; Googlebot/2.1; +http://www.google.com/bot.html)"
66.249.68.96 - - [13/Sep/2026:15:47:27 +0300] "GET /?sale/search/detail/?ITMCODE=52002737567 HTTP/1.1" 200 209321 "-" "Mozilla/5.0 (Linux; Android 6.0.1; Nexus 5X Build/MMB29P) AppleWebKit/537.36 (KHTML, like Gecko) Chrome/152.0.7977.82 Mobile Safari/537.36 (compatible; Googlebot/2.1; +http://www.google.com/bot.html)"
66.249.68.104 - - [13/Sep/2026:15:47:27 +0300] "GET /?sale/search/detail/?ITMCODE=51971312232 HTTP/1.1" 200 196068 "-" "Mozilla/5.0 (Linux; Android 6.0.1; Nexus 5X Build/MMB29P) AppleWebKit/537.36 (KHTML, like Gecko) Chrome/152.0.7977.82 Mobile Safari/537.36 (compatible; Googlebot/2.1; +http://www.google.com/bot.html)"
66.249.68.97 - - [13/Sep/2026:15:47:28 +0300] "GET /?sale/search/detail/?ITMCODE=52002597072 HTTP/1.1" 200 225189 "-" "Mozilla/5.0 (Linux; Android 6.0.1; Nexus 5X Build/MMB29P) AppleWebKit/537.36 (KHTML, like Gecko) Chrome/152.0.7977.82 Mobile Safari/537.36 (compatible; Googlebot/2.1; +http://www.google.com/bot.html)"
66.249.68.105 - - [13/Sep/2026:15:47:29 +0300] "GET /?sale/search/detail/?ITMCODE=52002525922 HTTP/1.1" 200 201626 "-" "Mozilla/5.0 (Linux; Android 6.0.1; Nexus 5X Build/MMB29P) AppleWebKit/537.36 (KHTML, like Gecko) Chrome/152.0.7977.82 Mobile Safari/537.36 (compatible; Googlebot/2.1; +http://www.google.com/bot.html)"
66.249.68.105 - - [13/Sep/2026:15:47:29 +0300] "GET /?sale/search/detail/?ITMCODE=51992202241 HTTP/1.1" 200 196888 "-" "Mozilla/5.0 (Linux; Android 6.0.1; Nexus 5X Build/MMB29P) AppleWebKit/537.36 (KHTML, like Gecko) Chrome/152.0.7977.82 Mobile Safari/537.36 (compatible; Googlebot/2.1; +http://www.google.com/bot.html)"
66.249.68.105 - - [13/Sep/2026:15:47:29 +0300] "GET /?sale/search/detail/?ITMCODE=51971284019 HTTP/1.1" 200 203035 "-" "Mozilla/5.0 (Linux; Android 6.0.1; Nexus 5X Build/MMB29P) AppleWebKit/537.36 (KHTML, like Gecko) Chrome/152.0.7977.82 Mobile Safari/537.36 (compatible; Googlebot/2.1; +http://www.google.com/bot.html)"
66.249.68.97 - - [13/Sep/2026:15:47:30 +0300] "GET /?sale/search/detail/?ITMCODE=51981677860 HTTP/1.1" 200 198283 "-" "Mozilla/5.0 (Linux; Android 6.0.1; Nexus 5X Build/MMB29P) AppleWebKit/537.36 (KHTML, like Gecko) Chrome/152.0.7977.82 Mobile Safari/537.36 (compatible; Googlebot/2.1; +http://www.google.com/bot.html)"
66.249.68.105 - - [13/Sep/2026:15:47:30 +0300] "GET /?sale/search/detail/?ITMCODE=52002900796 HTTP/1.1" 200 201850 "-" "Mozilla/5.0 (Linux; Android 6.0.1; Nexus 5X Build/MMB29P) AppleWebKit/537.36 (KHTML, like Gecko) Chrome/152.0.7977.82 Mobile Safari/537.36 (compatible; Googlebot/2.1; +http://www.google.com/bot.html)"
66.249.68.105 - - [13/Sep/2026:15:47:30 +0300] "GET /?sale/search/detail/?ITMCODE=52002939215 HTTP/1.1" 200 194440 "-" "Mozilla/5.0 (Linux; Android 6.0.1; Nexus 5X Build/MMB29P) AppleWebKit/537.36 (KHTML, like Gecko) Chrome/152.0.7977.82 Mobile Safari/537.36 (compatible; Googlebot/2.1; +http://www.google.com/bot.html)"
78.61.59.125 - - [13/Sep/2026:15:47:31 +0300] "GET /?ved=2ahUKEwie5OCoy-uWAxXMRPEDHYAIOE4QgU96BAhBEAM HTTP/2.0" 200 11125 "https://www.google.com/" "Mozilla/5.0 (Linux; Android 10; K) AppleWebKit/537.36 (KHTML, like Gecko) Chrome/153.0.0.0 Mobile Safari/537.36"
66.249.68.101 - - [13/Sep/2026:15:47:31 +0300] "GET /index.php/maistas-i-namus?sale/search/detail/?ITMCODE=51971171258 HTTP/1.1" 200 211330 "-" "Mozilla/5.0 (Linux; Android 6.0.1; Nexus 5X Build/MMB29P) AppleWebKit/537.36 (KHTML, like Gecko) Chrome/152.0.7977.82 Mobile Safari/537.36 (compatible; Googlebot/2.1; +http://www.google.com/bot.html)"
66.249.68.99 - - [13/Sep/2026:15:47:31 +0300] "GET /?sale/search/detail/?ITMCODE=5196895019 HTTP/1.1" 200 195870 "-" "Mozilla/5.0 (Linux; Android 6.0.1; Nexus 5X Build/MMB29P) AppleWebKit/537.36 (KHTML, like Gecko) Chrome/152.0.7977.82 Mobile Safari/537.36 (compatible; Googlebot/2.1; +http://www.google.com/bot.html)"
78.61.59.125 - - [13/Sep/2026:15:47:31 +0300] "GET /plugins/content/simplepopup/simplepopup/spustyle.css HTTP/2.0" 200 529 "https://chenglong.lt/?ved=2ahUKEwie5OCoy-uWAxXMRPEDHYAIOE4QgU96BAhBEAM" "Mozilla/5.0 (Linux; Android 10; K) AppleWebKit/537.36 (KHTML, like Gecko) Chrome/153.0.0.0 Mobile Safari/537.36"
78.61.59.125 - - [13/Sep/2026:15:47:31 +0300] "GET /plugins/content/simplepopup/simplepopup/fancybox/jquery.fancybox-1.3.4.css HTTP/2.0" 200 8963 "https://chenglong.lt/?ved=2ahUKEwie5OCoy-uWAxXMRPEDHYAIOE4QgU96BAhBEAM" "Mozilla/5.0 (Linux; Android 10; K) AppleWebKit/537.36 (KHTML, like Gecko) Chrome/153.0.0.0 Mobile Safari/537.36"
78.61.59.125 - - [13/Sep/2026:15:47:31 +0300] "GET /plugins/content/dearflip/dflip/css/themify-icons.css HTTP/2.0" 200 16417 "https://chenglong.lt/?ved=2ahUKEwie5OCoy-uWAxXMRPEDHYAIOE4QgU96BAhBEAM" "Mozilla/5.0 (Linux; Android 10; K) AppleWebKit/537.36 (KHTML, like Gecko) Chrome/153.0.0.0 Mobile Safari/537.36"
78.61.59.125 - - [13/Sep/2026:15:47:31 +0300] "GET /plugins/content/dearflip/dflip/css/dflip.css HTTP/2.0" 200 36921 "https://chenglong.lt/?ved=2ahUKEwie5OCoy-uWAxXMRPEDHYAIOE4QgU96BAhBEAM" "Mozilla/5.0 (Linux; Android 10; K) AppleWebKit/537.36 (KHTML, like Gecko) Chrome/153.0.0.0 Mobile Safari/537.36"
78.61.59.125 - - [13/Sep/2026:15:47:31 +0300] "GET /templates/system/css/system.css HTTP/2.0" 200 881 "https://chenglong.lt/?ved=2ahUKEwie5OCoy-uWAxXMRPEDHYAIOE4QgU96BAhBEAM" "Mozilla/5.0 (Linux; Android 10; K) AppleWebKit/537.36 (KHTML, like Gecko) Chrome/153.0.0.0 Mobile Safari/537.36"
78.61.59.125 - - [13/Sep/2026:15:47:31 +0300] "GET /templates/system/css/general.css HTTP/2.0" 200 2717 "https://chenglong.lt/?ved=2ahUKEwie5OCoy-uWAxXMRPEDHYAIOE4QgU96BAhBEAM" "Mozilla/5.0 (Linux; Android 10; K) AppleWebKit/537.36 (KHTML, like Gecko) Chrome/153.0.0.0 Mobile Safari/537.36"
78.61.59.125 - - [13/Sep/2026:15:47:31 +0300] "GET /templates/resto_6/css/template.css HTTP/2.0" 200 65213 "https://chenglong.lt/?ved=2ahUKEwie5OCoy-uWAxXMRPEDHYAIOE4QgU96BAhBEAM" "Mozilla/5.0 (Linux; Android 10; K) AppleWebKit/537.36 (KHTML, like Gecko) Chrome/153.0.0.0 Mobile Safari/537.36"
78.61.59.125 - - [13/Sep/2026:15:47:31 +0300] "GET /plugins/system/miniteksystemmessages/assets/css/style.css?v=1.0.6 HTTP/2.0" 200 3576 "https://chenglong.lt/?ved=2ahUKEwie5OCoy-uWAxXMRPEDHYAIOE4QgU96BAhBEAM" "Mozilla/5.0 (Linux; Android 10; K) AppleWebKit/537.36 (KHTML, like Gecko) Chrome/153.0.0.0 Mobile Safari/537.36"
78.61.59.125 - - [13/Sep/2026:15:47:31 +0300] "GET /plugins/system/miniteksystemmessages/assets/css/jquery.jgrowl.css HTTP/2.0" 200 2112 "https://chenglong.lt/?ved=2ahUKEwie5OCoy-uWAxXMRPEDHYAIOE4QgU96BAhBEAM" "Mozilla/5.0 (Linux; Android 10; K) AppleWebKit/537.36 (KHTML, like Gecko) Chrome/153.0.0.0 Mobile Safari/537.36"
78.61.59.125 - - [13/Sep/2026:15:47:31 +0300] "GET /templates/resto_6/css/template.responsive.css HTTP/2.0" 200 11640 "https://chenglong.lt/?ved=2ahUKEwie5OCoy-uWAxXMRPEDHYAIOE4QgU96BAhBEAM" "Mozilla/5.0 (Linux; Android 10; K) AppleWebKit/537.36 (KHTML, like Gecko) Chrome/153.0.0.0 Mobile Safari/537.36"
78.61.59.125 - - [13/Sep/2026:15:47:31 +0300] "GET /media/jui/js/jquery.min.js?0c2ada6fb5fac50fc7ad43b82b14eaac HTTP/2.0" 200 97646 "https://chenglong.lt/?ved=2ahUKEwie5OCoy-uWAxXMRPEDHYAIOE4QgU96BAhBEAM" "Mozilla/5.0 (Linux; Android 10; K) AppleWebKit/537.36 (KHTML, like Gecko) Chrome/153.0.0.0 Mobile Safari/537.36"
78.61.59.125 - - [13/Sep/2026:15:47:31 +0300] "GET /media/jui/js/jquery-noconflict.js?0c2ada6fb5fac50fc7ad43b82b14eaac HTTP/2.0" 200 21 "https://chenglong.lt/?ved=2ahUKEwie5OCoy-uWAxXMRPEDHYAIOE4QgU96BAhBEAM" "Mozilla/5.0 (Linux; Android 10; K) AppleWebKit/537.36 (KHTML, like Gecko) Chrome/153.0.0.0 Mobile Safari/537.36"
78.61.59.125 - - [13/Sep/2026:15:47:31 +0300] "GET /media/jui/js/jquery-migrate.min.js?0c2ada6fb5fac50fc7ad43b82b14eaac HTTP/2.0" 200 10056 "https://chenglong.lt/?ved=2ahUKEwie5OCoy-uWAxXMRPEDHYAIOE4QgU96BAhBEAM" "Mozilla/5.0 (Linux; Android 10; K) AppleWebKit/537.36 (KHTML, like Gecko) Chrome/153.0.0.0 Mobile Safari/537.36"
78.61.59.125 - - [13/Sep/2026:15:47:31 +0300] "GET /plugins/content/simplepopup/simplepopup/fancybox/jquery.mousewheel-3.0.4.pack.js HTTP/2.0" 200 1292 "https://chenglong.lt/?ved=2ahUKEwie5OCoy-uWAxXMRPEDHYAIOE4QgU96BAhBEAM" "Mozilla/5.0 (Linux; Android 10; K) AppleWebKit/537.36 (KHTML, like Gecko) Chrome/153.0.0.0 Mobile Safari/537.36"
78.61.59.125 - - [13/Sep/2026:15:47:31 +0300] "GET /plugins/content/simplepopup/simplepopup/fancybox/jquery.fancybox-1.3.4.patch.js HTTP/2.0" 200 18097 "https://chenglong.lt/?ved=2ahUKEwie5OCoy-uWAxXMRPEDHYAIOE4QgU96BAhBEAM" "Mozilla/5.0 (Linux; Android 10; K) AppleWebKit/537.36 (KHTML, like Gecko) Chrome/153.0.0.0 Mobile Safari/537.36"
78.61.59.125 - - [13/Sep/2026:15:47:31 +0300] "GET /plugins/content/dearflip/dflip/js/dflip.min.js HTTP/2.0" 200 126454 "https://chenglong.lt/?ved=2ahUKEwie5OCoy-uWAxXMRPEDHYAIOE4QgU96BAhBEAM" "Mozilla/5.0 (Linux; Android 10; K) AppleWebKit/537.36 (KHTML, like Gecko) Chrome/153.0.0.0 Mobile Safari/537.36"
78.61.59.125 - - [13/Sep/2026:15:47:31 +0300] "GET /media/system/js/mootools-core.js?0c2ada6fb5fac50fc7ad43b82b14eaac HTTP/2.0" 200 83893 "https://chenglong.lt/?ved=2ahUKEwie5OCoy-uWAxXMRPEDHYAIOE4QgU96BAhBEAM" "Mozilla/5.0 (Linux; Android 10; K) AppleWebKit/537.36 (KHTML, like Gecko) Chrome/153.0.0.0 Mobile Safari/537.36"
78.61.59.125 - - [13/Sep/2026:15:47:31 +0300] "GET /media/system/js/core.js?0c2ada6fb5fac50fc7ad43b82b14eaac HTTP/2.0" 200 8735 "https://chenglong.lt/?ved=2ahUKEwie5OCoy-uWAxXMRPEDHYAIOE4QgU96BAhBEAM" "Mozilla/5.0 (Linux; Android 10; K) AppleWebKit/537.36 (KHTML, like Gecko) Chrome/153.0.0.0 Mobile Safari/537.36"
78.61.59.125 - - [13/Sep/2026:15:47:31 +0300] "GET /media/system/js/mootools-more.js?0c2ada6fb5fac50fc7ad43b82b14eaac HTTP/2.0" 200 236825 "https://chenglong.lt/?ved=2ahUKEwie5OCoy-uWAxXMRPEDHYAIOE4QgU96BAhBEAM" "Mozilla/5.0 (Linux; Android 10; K) AppleWebKit/537.36 (KHTML, like Gecko) Chrome/153.0.0.0 Mobile Safari/537.36"
78.61.59.125 - - [13/Sep/2026:15:47:31 +0300] "GET /templates/resto_6/modules.js HTTP/2.0" 200 - "https://chenglong.lt/?ved=2ahUKEwie5OCoy-uWAxXMRPEDHYAIOE4QgU96BAhBEAM" "Mozilla/5.0 (Linux; Android 10; K) AppleWebKit/537.36 (KHTML, like Gecko) Chrome/153.0.0.0 Mobile Safari/537.36"
78.61.59.125 - - [13/Sep/2026:15:47:31 +0300] "GET /media/system/js/caption.js?0c2ada6fb5fac50fc7ad43b82b14eaac HTTP/2.0" 200 491 "https://chenglong.lt/?ved=2ahUKEwie5OCoy-uWAxXMRPEDHYAIOE4QgU96BAhBEAM" "Mozilla/5.0 (Linux; Android 10; K) AppleWebKit/537.36 (KHTML, like Gecko) Chrome/153.0.0.0 Mobile Safari/537.36"
78.61.59.125 - - [13/Sep/2026:15:47:31 +0300] "GET /plugins/system/miniteksystemmessages/assets/js/jquery.jgrowl.js HTTP/2.0" 200 16629 "https://chenglong.lt/?ved=2ahUKEwie5OCoy-uWAxXMRPEDHYAIOE4QgU96BAhBEAM" "Mozilla/5.0 (Linux; Android 10; K) AppleWebKit/537.36 (KHTML, like Gecko) Chrome/153.0.0.0 Mobile Safari/537.36"
78.61.59.125 - - [13/Sep/2026:15:47:31 +0300] "GET /plugins/system/miniteksystemmessages/assets/js/script.js?v=1.0.6 HTTP/2.0" 200 7131 "https://chenglong.lt/?ved=2ahUKEwie5OCoy-uWAxXMRPEDHYAIOE4QgU96BAhBEAM" "Mozilla/5.0 (Linux; Android 10; K) AppleWebKit/537.36 (KHTML, like Gecko) Chrome/153.0.0.0 Mobile Safari/537.36"
78.61.59.125 - - [13/Sep/2026:15:47:31 +0300] "GET /templates/resto_6/jquery.js HTTP/2.0" 200 92629 "https://chenglong.lt/?ved=2ahUKEwie5OCoy-uWAxXMRPEDHYAIOE4QgU96BAhBEAM" "Mozilla/5.0 (Linux; Android 10; K) AppleWebKit/537.36 (KHTML, like Gecko) Chrome/153.0.0.0 Mobile Safari/537.36"
78.61.59.125 - - [13/Sep/2026:15:47:31 +0300] "GET /templates/resto_6/script.js HTTP/2.0" 200 56744 "https://chenglong.lt/?ved=2ahUKEwie5OCoy-uWAxXMRPEDHYAIOE4QgU96BAhBEAM" "Mozilla/5.0 (Linux; Android 10; K) AppleWebKit/537.36 (KHTML, like Gecko) Chrome/153.0.0.0 Mobile Safari/537.36"
78.61.59.125 - - [13/Sep/2026:15:47:31 +0300] "GET /templates/resto_6/script.responsive.js HTTP/2.0" 200 21136 "https://chenglong.lt/?ved=2ahUKEwie5OCoy-uWAxXMRPEDHYAIOE4QgU96BAhBEAM" "Mozilla/5.0 (Linux; Android 10; K) AppleWebKit/537.36 (KHTML, like Gecko) Chrome/153.0.0.0 Mobile Safari/537.36"
78.61.59.125 - - [13/Sep/2026:15:47:31 +0300] "GET /images/logo.png HTTP/2.0" 200 30174 "https://chenglong.lt/?ved=2ahUKEwie5OCoy-uWAxXMRPEDHYAIOE4QgU96BAhBEAM" "Mozilla/5.0 (Linux; Android 10; K) AppleWebKit/537.36 (KHTML, like Gecko) Chrome/153.0.0.0 Mobile Safari/537.36"
78.61.59.125 - - [13/Sep/2026:15:47:31 +0300] "GET /images/logo_dark_small.png HTTP/2.0" 200 164696 "https://chenglong.lt/?ved=2ahUKEwie5OCoy-uWAxXMRPEDHYAIOE4QgU96BAhBEAM" "Mozilla/5.0 (Linux; Android 10; K) AppleWebKit/537.36 (KHTML, like Gecko) Chrome/153.0.0.0 Mobile Safari/537.36"
78.61.59.125 - - [13/Sep/2026:15:47:31 +0300] "GET /images/powered.png HTTP/2.0" 200 5403 "https://chenglong.lt/?ved=2ahUKEwie5OCoy-uWAxXMRPEDHYAIOE4QgU96BAhBEAM" "Mozilla/5.0 (Linux; Android 10; K) AppleWebKit/537.36 (KHTML, like Gecko) Chrome/153.0.0.0 Mobile Safari/537.36"
78.61.59.125 - - [13/Sep/2026:15:47:31 +0300] "GET /media/system/css/system.css HTTP/2.0" 200 1433 "https://chenglong.lt/templates/system/css/system.css" "Mozilla/5.0 (Linux; Android 10; K) AppleWebKit/537.36 (KHTML, like Gecko) Chrome/153.0.0.0 Mobile Safari/537.36"
78.61.59.125 - - [13/Sep/2026:15:47:31 +0300] "GET /templates/resto_6/images/header.png HTTP/2.0" 200 752 "https://chenglong.lt/templates/resto_6/css/template.css" "Mozilla/5.0 (Linux; Android 10; K) AppleWebKit/537.36 (KHTML, like Gecko) Chrome/153.0.0.0 Mobile Safari/537.36"
78.61.59.125 - - [13/Sep/2026:15:47:31 +0300] "GET /templates/resto_6/images/page.jpeg HTTP/2.0" 200 816967 "https://chenglong.lt/templates/resto_6/css/template.css" "Mozilla/5.0 (Linux; Android 10; K) AppleWebKit/537.36 (KHTML, like Gecko) Chrome/153.0.0.0 Mobile Safari/537.36"
78.61.59.125 - - [13/Sep/2026:15:47:32 +0300] "GET /plugins/content/simplepopup/simplepopup/fancybox/fancybox-x.png HTTP/2.0" 200 203 "https://chenglong.lt/plugins/content/simplepopup/simplepopup/fancybox/jquery.fancybox-1.3.4.css" "Mozilla/5.0 (Linux; Android 10; K) AppleWebKit/537.36 (KHTML, like Gecko) Chrome/153.0.0.0 Mobile Safari/537.36"
78.61.59.125 - - [13/Sep/2026:15:47:32 +0300] "GET /plugins/content/simplepopup/simplepopup/fancybox/fancybox.png HTTP/2.0" 200 15287 "https://chenglong.lt/plugins/content/simplepopup/simplepopup/fancybox/jquery.fancybox-1.3.4.css" "Mozilla/5.0 (Linux; Android 10; K) AppleWebKit/537.36 (KHTML, like Gecko) Chrome/153.0.0.0 Mobile Safari/537.36"
78.61.59.125 - - [13/Sep/2026:15:47:32 +0300] "GET /plugins/content/simplepopup/simplepopup/fancybox/fancybox-y.png HTTP/2.0" 200 176 "https://chenglong.lt/plugins/content/simplepopup/simplepopup/fancybox/jquery.fancybox-1.3.4.css" "Mozilla/5.0 (Linux; Android 10; K) AppleWebKit/537.36 (KHTML, like Gecko) Chrome/153.0.0.0 Mobile Safari/537.36"
78.61.59.125 - - [13/Sep/2026:15:47:32 +0300] "GET /templates/resto_6/favicon.ico HTTP/2.0" 200 23558 "https://chenglong.lt/?ved=2ahUKEwie5OCoy-uWAxXMRPEDHYAIOE4QgU96BAhBEAM" "Mozilla/5.0 (Linux; Android 10; K) AppleWebKit/537.36 (KHTML, like Gecko) Chrome/153.0.0.0 Mobile Safari/537.36"
66.249.68.104 - - [13/Sep/2026:15:47:31 +0300] "GET /?sale/search/detail/?ITMCODE=51992304743 HTTP/1.1" 200 200990 "-" "Mozilla/5.0 (Linux; Android 6.0.1; Nexus 5X Build/MMB29P) AppleWebKit/537.36 (KHTML, like Gecko) Chrome/152.0.7977.82 Mobile Safari/537.36 (compatible; Googlebot/2.1; +http://www.google.com/bot.html)"
66.249.68.99 - - [13/Sep/2026:15:47:32 +0300] "GET /?sale/search/detail/?ITMCODE=5196595421 HTTP/1.1" 200 201898 "-" "Mozilla/5.0 (Linux; Android 6.0.1; Nexus 5X Build/MMB29P) AppleWebKit/537.36 (KHTML, like Gecko) Chrome/152.0.7977.82 Mobile Safari/537.36 (compatible; Googlebot/2.1; +http://www.google.com/bot.html)"
66.249.68.103 - - [13/Sep/2026:15:47:32 +0300] "GET /?sale/search/detail/?ITMCODE=5196565189 HTTP/1.1" 200 196172 "-" "Mozilla/5.0 (Linux; Android 6.0.1; Nexus 5X Build/MMB29P) AppleWebKit/537.36 (KHTML, like Gecko) Chrome/152.0.7977.82 Mobile Safari/537.36 (compatible; Googlebot/2.1; +http://www.google.com/bot.html)"
66.249.68.103 - - [13/Sep/2026:15:47:33 +0300] "GET /?sale/search/detail/?ITMCODE=5196939487 HTTP/1.1" 200 200824 "-" "Mozilla/5.0 (Linux; Android 6.0.1; Nexus 5X Build/MMB29P) AppleWebKit/537.36 (KHTML, like Gecko) Chrome/152.0.7977.82 Mobile Safari/537.36 (compatible; Googlebot/2.1; +http://www.google.com/bot.html)"
66.249.68.103 - - [13/Sep/2026:15:47:33 +0300] "GET /?sale/search/detail/?ITMCODE=52002829461 HTTP/1.1" 200 197214 "-" "Mozilla/5.0 (Linux; Android 6.0.1; Nexus 5X Build/MMB29P) AppleWebKit/537.36 (KHTML, like Gecko) Chrome/152.0.7977.82 Mobile Safari/537.36 (compatible; Googlebot/2.1; +http://www.google.com/bot.html)"
66.249.68.96 - - [13/Sep/2026:15:47:34 +0300] "GET /?sale/search/detail/?ITMCODE=51992344622 HTTP/1.1" 200 211870 "-" "Mozilla/5.0 (Linux; Android 6.0.1; Nexus 5X Build/MMB29P) AppleWebKit/537.36 (KHTML, like Gecko) Chrome/152.0.7977.82 Mobile Safari/537.36 (compatible; Googlebot/2.1; +http://www.google.com/bot.html)"
66.249.68.99 - - [13/Sep/2026:15:47:35 +0300] "GET /?sale/search/detail/?ITMCODE=51992373357 HTTP/1.1" 200 202199 "-" "Mozilla/5.0 (Linux; Android 6.0.1; Nexus 5X Build/MMB29P) AppleWebKit/537.36 (KHTML, like Gecko) Chrome/152.0.7977.82 Mobile Safari/537.36 (compatible; Googlebot/2.1; +http://www.google.com/bot.html)"
66.249.68.97 - - [13/Sep/2026:15:47:36 +0300] "GET /?sale/search/detail/?ITMCODE=52002526728 HTTP/1.1" 200 195344 "-" "Mozilla/5.0 (Linux; Android 6.0.1; Nexus 5X Build/MMB29P) AppleWebKit/537.36 (KHTML, like Gecko) Chrome/152.0.7977.82 Mobile Safari/537.36 (compatible; Googlebot/2.1; +http://www.google.com/bot.html)"
66.249.68.99 - - [13/Sep/2026:15:47:36 +0300] "GET /?sale/search/detail/?ITMCODE=519571475 HTTP/1.1" 200 206735 "-" "Mozilla/5.0 (Linux; Android 6.0.1; Nexus 5X Build/MMB29P) AppleWebKit/537.36 (KHTML, like Gecko) Chrome/152.0.7977.82 Mobile Safari/537.36 (compatible; Googlebot/2.1; +http://www.google.com/bot.html)"
66.249.68.100 - - [13/Sep/2026:15:47:36 +0300] "GET /?sale/search/detail/?ITMCODE=52002602273 HTTP/1.1" 200 203644 "-" "Mozilla/5.0 (Linux; Android 6.0.1; Nexus 5X Build/MMB29P) AppleWebKit/537.36 (KHTML, like Gecko) Chrome/152.0.7977.82 Mobile Safari/537.36 (compatible; Googlebot/2.1; +http://www.google.com/bot.html)"
66.249.68.97 - - [13/Sep/2026:15:47:36 +0300] "GET /index.php/meniu?sale/search/detail/?ITMCODE=5196842763 HTTP/1.1" 200 203738 "-" "Mozilla/5.0 (Linux; Android 6.0.1; Nexus 5X Build/MMB29P) AppleWebKit/537.36 (KHTML, like Gecko) Chrome/152.0.7977.82 Mobile Safari/537.36 (compatible; Googlebot/2.1; +http://www.google.com/bot.html)"
66.249.68.97 - - [13/Sep/2026:15:47:37 +0300] "GET /?sale/search/detail/?ITMCODE=5196824922 HTTP/1.1" 200 194785 "-" "Mozilla/5.0 (Linux; Android 6.0.1; Nexus 5X Build/MMB29P) AppleWebKit/537.36 (KHTML, like Gecko) Chrome/152.0.7977.82 Mobile Safari/537.36 (compatible; Googlebot/2.1; +http://www.google.com/bot.html)"
66.249.68.105 - - [13/Sep/2026:15:47:37 +0300] "GET /?sale/search/detail/?ITMCODE=5196606272 HTTP/1.1" 200 196722 "-" "Mozilla/5.0 (Linux; Android 6.0.1; Nexus 5X Build/MMB29P) AppleWebKit/537.36 (KHTML, like Gecko) Chrome/152.0.7977.82 Mobile Safari/537.36 (compatible; Googlebot/2.1; +http://www.google.com/bot.html)"
66.249.68.102 - - [13/Sep/2026:15:47:37 +0300] "GET /?sale/search/detail/?ITMCODE=51971073068 HTTP/1.1" 200 194840 "-" "Mozilla/5.0 (Linux; Android 6.0.1; Nexus 5X Build/MMB29P) AppleWebKit/537.36 (KHTML, like Gecko) Chrome/152.0.7977.82 Mobile Safari/537.36 (compatible; Googlebot/2.1; +http://www.google.com/bot.html)"
66.249.68.97 - - [13/Sep/2026:15:47:38 +0300] "GET /?sale/search/detail/?ITMCODE=52002789510 HTTP/1.1" 200 196084 "-" "Mozilla/5.0 (Linux; Android 6.0.1; Nexus 5X Build/MMB29P) AppleWebKit/537.36 (KHTML, like Gecko) Chrome/152.0.7977.82 Mobile Safari/537.36 (compatible; Googlebot/2.1; +http://www.google.com/bot.html)"
66.249.68.98 - - [13/Sep/2026:15:47:38 +0300] "GET /?sale/search/detail/?ITMCODE=5196970556 HTTP/1.1" 200 204987 "-" "Mozilla/5.0 (Linux; Android 6.0.1; Nexus 5X Build/MMB29P) AppleWebKit/537.36 (KHTML, like Gecko) Chrome/152.0.7977.82 Mobile Safari/537.36 (compatible; Googlebot/2.1; +http://www.google.com/bot.html)"
66.249.68.104 - - [13/Sep/2026:15:47:39 +0300] "GET /?sale/search/detail/?ITMCODE=5196505693 HTTP/1.1" 200 204520 "-" "Mozilla/5.0 (Linux; Android 6.0.1; Nexus 5X Build/MMB29P) AppleWebKit/537.36 (KHTML, like Gecko) Chrome/152.0.7977.82 Mobile Safari/537.36 (compatible; Googlebot/2.1; +http://www.google.com/bot.html)"
66.249.68.96 - - [13/Sep/2026:15:47:39 +0300] "GET /?sale/search/detail/?ITMCODE=5196947366 HTTP/1.1" 200 200250 "-" "Mozilla/5.0 (Linux; Android 6.0.1; Nexus 5X Build/MMB29P) AppleWebKit/537.36 (KHTML, like Gecko) Chrome/152.0.7977.82 Mobile Safari/537.36 (compatible; Googlebot/2.1; +http://www.google.com/bot.html)"
66.249.68.97 - - [13/Sep/2026:15:47:40 +0300] "GET /?sale/search/detail/?ITMCODE=51971371547 HTTP/1.1" 200 194941 "-" "Mozilla/5.0 (Linux; Android 6.0.1; Nexus 5X Build/MMB29P) AppleWebKit/537.36 (KHTML, like Gecko) Chrome/152.0.7977.82 Mobile Safari/537.36 (compatible; Googlebot/2.1; +http://www.google.com/bot.html)"
66.249.68.99 - - [13/Sep/2026:15:47:39 +0300] "GET /index.php?sale/search/detail/?ITMCODE=52002885004 HTTP/1.1" 200 207386 "-" "Mozilla/5.0 (Linux; Android 6.0.1; Nexus 5X Build/MMB29P) AppleWebKit/537.36 (KHTML, like Gecko) Chrome/152.0.7977.82 Mobile Safari/537.36 (compatible; Googlebot/2.1; +http://www.google.com/bot.html)"
66.249.68.101 - - [13/Sep/2026:15:47:40 +0300] "GET /?sale/search/detail/?ITMCODE=51971314698 HTTP/1.1" 200 204168 "-" "Mozilla/5.0 (Linux; Android 6.0.1; Nexus 5X Build/MMB29P) AppleWebKit/537.36 (KHTML, like Gecko) Chrome/152.0.7977.82 Mobile Safari/537.36 (compatible; Googlebot/2.1; +http://www.google.com/bot.html)"
66.249.68.104 - - [13/Sep/2026:15:47:40 +0300] "GET /index.php/kontaktai?sale/search/detail/?ITMCODE=5196842438 HTTP/1.1" 200 200919 "-" "Mozilla/5.0 (Linux; Android 6.0.1; Nexus 5X Build/MMB29P) AppleWebKit/537.36 (KHTML, like Gecko) Chrome/152.0.7977.82 Mobile Safari/537.36 (compatible; Googlebot/2.1; +http://www.google.com/bot.html)"
66.249.68.97 - - [13/Sep/2026:15:47:41 +0300] "GET /?shop/c/c51951000019/ HTTP/1.1" 200 266174 "-" "Mozilla/5.0 (Linux; Android 6.0.1; Nexus 5X Build/MMB29P) AppleWebKit/537.36 (KHTML, like Gecko) Chrome/152.0.7977.82 Mobile Safari/537.36 (compatible; Googlebot/2.1; +http://www.google.com/bot.html)"
66.249.68.103 - - [13/Sep/2026:15:47:41 +0300] "GET /?sale/search/detail/?ITMCODE=51971304433 HTTP/1.1" 200 195120 "-" "Mozilla/5.0 (Linux; Android 6.0.1; Nexus 5X Build/MMB29P) AppleWebKit/537.36 (KHTML, like Gecko) Chrome/152.0.7977.82 Mobile Safari/537.36 (compatible; Googlebot/2.1; +http://www.google.com/bot.html)"
66.249.68.103 - - [13/Sep/2026:15:47:41 +0300] "GET /?sale/search/detail/?ITMCODE=51981849016 HTTP/1.1" 200 193850 "-" "Mozilla/5.0 (Linux; Android 6.0.1; Nexus 5X Build/MMB29P) AppleWebKit/537.36 (KHTML, like Gecko) Chrome/152.0.7977.82 Mobile Safari/537.36 (compatible; Googlebot/2.1; +http://www.google.com/bot.html)"
66.249.68.105 - - [13/Sep/2026:15:47:42 +0300] "GET /?sale/search/detail/?ITMCODE=51971182213 HTTP/1.1" 200 194377 "-" "Mozilla/5.0 (Linux; Android 6.0.1; Nexus 5X Build/MMB29P) AppleWebKit/537.36 (KHTML, like Gecko) Chrome/152.0.7977.82 Mobile Safari/537.36 (compatible; Googlebot/2.1; +http://www.google.com/bot.html)"
66.249.68.102 - - [13/Sep/2026:15:47:42 +0300] "GET /index.php/kontaktai?sale/search/detail/?ITMCODE=51971200136 HTTP/1.1" 200 202161 "-" "Mozilla/5.0 (Linux; Android 6.0.1; Nexus 5X Build/MMB29P) AppleWebKit/537.36 (KHTML, like Gecko) Chrome/152.0.7977.82 Mobile Safari/537.36 (compatible; Googlebot/2.1; +http://www.google.com/bot.html)"
66.249.68.102 - - [13/Sep/2026:15:47:42 +0300] "GET /?sale/search/detail/?ITMCODE=52002547909 HTTP/1.1" 200 210806 "-" "Mozilla/5.0 (Linux; Android 6.0.1; Nexus 5X Build/MMB29P) AppleWebKit/537.36 (KHTML, like Gecko) Chrome/152.0.7977.82 Mobile Safari/537.36 (compatible; Googlebot/2.1; +http://www.google.com/bot.html)"
66.249.68.96 - - [13/Sep/2026:15:47:43 +0300] "GET /?sale/search/detail/?ITMCODE=5195257536 HTTP/1.1" 200 195764 "-" "Mozilla/5.0 (Linux; Android 6.0.1; Nexus 5X Build/MMB29P) AppleWebKit/537.36 (KHTML, like Gecko) Chrome/152.0.7977.82 Mobile Safari/537.36 (compatible; Googlebot/2.1; +http://www.google.com/bot.html)"
66.249.68.99 - - [13/Sep/2026:15:47:43 +0300] "GET /?sale/search/detail/?ITMCODE=51971308798 HTTP/1.1" 200 195235 "-" "Mozilla/5.0 (Linux; Android 6.0.1; Nexus 5X Build/MMB29P) AppleWebKit/537.36 (KHTML, like Gecko) Chrome/152.0.7977.82 Mobile Safari/537.36 (compatible; Googlebot/2.1; +http://www.google.com/bot.html)"
66.249.68.99 - - [13/Sep/2026:15:47:43 +0300] "GET /?sale/search/detail/?ITMCODE=51981606364 HTTP/1.1" 200 194650 "-" "Mozilla/5.0 (Linux; Android 6.0.1; Nexus 5X Build/MMB29P) AppleWebKit/537.36 (KHTML, like Gecko) Chrome/152.0.7977.82 Mobile Safari/537.36 (compatible; Googlebot/2.1; +http://www.google.com/bot.html)"
66.249.68.97 - - [13/Sep/2026:15:47:44 +0300] "GET /?sale/search/detail/?ITMCODE=51992215281 HTTP/1.1" 200 212754 "-" "Mozilla/5.0 (Linux; Android 6.0.1; Nexus 5X Build/MMB29P) AppleWebKit/537.36 (KHTML, like Gecko) Chrome/152.0.7977.82 Mobile Safari/537.36 (compatible; Googlebot/2.1; +http://www.google.com/bot.html)"
66.249.68.98 - - [13/Sep/2026:15:47:45 +0300] "GET /?sale/search/detail/?ITMCODE=51981757020 HTTP/1.1" 200 206986 "-" "Mozilla/5.0 (Linux; Android 6.0.1; Nexus 5X Build/MMB29P) AppleWebKit/537.36 (KHTML, like Gecko) Chrome/152.0.7977.82 Mobile Safari/537.36 (compatible; Googlebot/2.1; +http://www.google.com/bot.html)"
66.249.68.104 - - [13/Sep/2026:15:47:45 +0300] "GET /?sale/search/detail/?ITMCODE=51971297540 HTTP/1.1" 200 195406 "-" "Mozilla/5.0 (Linux; Android 6.0.1; Nexus 5X Build/MMB29P) AppleWebKit/537.36 (KHTML, like Gecko) Chrome/152.0.7977.82 Mobile Safari/537.36 (compatible; Googlebot/2.1; +http://www.google.com/bot.html)"
66.249.68.104 - - [13/Sep/2026:15:47:46 +0300] "GET /index.php/meniu?sale/search/detail/?ITMCODE=51971024073 HTTP/1.1" 200 206513 "-" "Mozilla/5.0 (Linux; Android 6.0.1; Nexus 5X Build/MMB29P) AppleWebKit/537.36 (KHTML, like Gecko) Chrome/152.0.7977.82 Mobile Safari/537.36 (compatible; Googlebot/2.1; +http://www.google.com/bot.html)"
78.61.59.125 - - [13/Sep/2026:15:47:47 +0300] "GET /index.php/meniu HTTP/2.0" 200 13053 "https://chenglong.lt/?ved=2ahUKEwie5OCoy-uWAxXMRPEDHYAIOE4QgU96BAhBEAM" "Mozilla/5.0 (Linux; Android 10; K) AppleWebKit/537.36 (KHTML, like Gecko) Chrome/153.0.0.0 Mobile Safari/537.36"
78.61.59.125 - - [13/Sep/2026:15:47:47 +0300] "GET /templates/resto_6/modules.js HTTP/2.0" 200 - "https://chenglong.lt/index.php/meniu" "Mozilla/5.0 (Linux; Android 10; K) AppleWebKit/537.36 (KHTML, like Gecko) Chrome/153.0.0.0 Mobile Safari/537.36"
66.249.68.100 - - [13/Sep/2026:15:47:46 +0300] "GET /?sale/search/detail/?ITMCODE=5195333268 HTTP/1.1" 200 195582 "-" "Mozilla/5.0 (Linux; Android 6.0.1; Nexus 5X Build/MMB29P) AppleWebKit/537.36 (KHTML, like Gecko) Chrome/152.0.7977.82 Mobile Safari/537.36 (compatible; Googlebot/2.1; +http://www.google.com/bot.html)"
78.61.59.125 - - [13/Sep/2026:15:47:47 +0300] "GET /images/meniu/001.jpg HTTP/2.0" 200 1423077 "https://chenglong.lt/index.php/meniu" "Mozilla/5.0 (Linux; Android 10; K) AppleWebKit/537.36 (KHTML, like Gecko) Chrome/153.0.0.0 Mobile Safari/537.36"
66.249.68.101 - - [13/Sep/2026:15:47:46 +0300] "GET /?sale/search/detail/?ITMCODE=5196987858 HTTP/1.1" 200 195659 "-" "Mozilla/5.0 (Linux; Android 6.0.1; Nexus 5X Build/MMB29P) AppleWebKit/537.36 (KHTML, like Gecko) Chrome/152.0.7977.82 Mobile Safari/537.36 (compatible; Googlebot/2.1; +http://www.google.com/bot.html)"
66.249.68.103 - - [13/Sep/2026:15:47:46 +0300] "GET /?sale/search/detail/?ITMCODE=5195255313 HTTP/1.1" 200 193780 "-" "Mozilla/5.0 (Linux; Android 6.0.1; Nexus 5X Build/MMB29P) AppleWebKit/537.36 (KHTML, like Gecko) Chrome/152.0.7977.82 Mobile Safari/537.36 (compatible; Googlebot/2.1; +http://www.google.com/bot.html)"
66.249.68.98 - - [13/Sep/2026:15:47:47 +0300] "GET /?sale/search/detail/?ITMCODE=51981655647 HTTP/1.1" 200 194159 "-" "Mozilla/5.0 (Linux; Android 6.0.1; Nexus 5X Build/MMB29P) AppleWebKit/537.36 (KHTML, like Gecko) Chrome/152.0.7977.82 Mobile Safari/537.36 (compatible; Googlebot/2.1; +http://www.google.com/bot.html)"
66.249.68.99 - - [13/Sep/2026:15:47:47 +0300] "GET /index.php/meniu?sale/search/detail/?ITMCODE=51992133257 HTTP/1.1" 200 204780 "-" "Mozilla/5.0 (Linux; Android 6.0.1; Nexus 5X Build/MMB29P) AppleWebKit/537.36 (KHTML, like Gecko) Chrome/152.0.7977.82 Mobile Safari/537.36 (compatible; Googlebot/2.1; +http://www.google.com/bot.html)"
66.249.68.103 - - [13/Sep/2026:15:47:47 +0300] "GET /?sale/search/detail/?ITMCODE=51971359443 HTTP/1.1" 200 210722 "-" "Mozilla/5.0 (Linux; Android 6.0.1; Nexus 5X Build/MMB29P) AppleWebKit/537.36 (KHTML, like Gecko) Chrome/152.0.7977.82 Mobile Safari/537.36 (compatible; Googlebot/2.1; +http://www.google.com/bot.html)"
66.249.68.99 - - [13/Sep/2026:15:47:48 +0300] "GET /?sale/search/detail/?ITMCODE=52002620327 HTTP/1.1" 200 197701 "-" "Mozilla/5.0 (Linux; Android 6.0.1; Nexus 5X Build/MMB29P) AppleWebKit/537.36 (KHTML, like Gecko) Chrome/152.0.7977.82 Mobile Safari/537.36 (compatible; Googlebot/2.1; +http://www.google.com/bot.html)"
78.61.59.125 - - [13/Sep/2026:15:47:48 +0300] "GET /plugins/content/dearflip/dflip/fonts/themify.woff HTTP/2.0" 200 56108 "https://chenglong.lt/plugins/content/dearflip/dflip/css/themify-icons.css" "Mozilla/5.0 (Linux; Android 10; K) AppleWebKit/537.36 (KHTML, like Gecko) Chrome/153.0.0.0 Mobile Safari/537.36"
78.61.59.125 - - [13/Sep/2026:15:47:48 +0300] "GET /plugins/content/dearflip/dflip/images/loading.gif HTTP/2.0" 200 2767 "https://chenglong.lt/plugins/content/dearflip/dflip/css/dflip.css" "Mozilla/5.0 (Linux; Android 10; K) AppleWebKit/537.36 (KHTML, like Gecko) Chrome/153.0.0.0 Mobile Safari/537.36"
78.61.59.125 - - [13/Sep/2026:15:47:48 +0300] "GET /plugins/content/dearflip/dflip/sound/turn2.mp3?ver=1.7.15 HTTP/2.0" 206 30039 "https://chenglong.lt/index.php/meniu" "Mozilla/5.0 (Linux; Android 10; K) AppleWebKit/537.36 (KHTML, like Gecko) Chrome/153.0.0.0 Mobile Safari/537.36"
78.61.59.125 - - [13/Sep/2026:15:47:48 +0300] "GET /images/meniu/002.jpg HTTP/2.0" 200 871973 "https://chenglong.lt/index.php/meniu" "Mozilla/5.0 (Linux; Android 10; K) AppleWebKit/537.36 (KHTML, like Gecko) Chrome/153.0.0.0 Mobile Safari/537.36"
78.61.59.125 - - [13/Sep/2026:15:47:48 +0300] "GET / HTTP/2.0" 200 11125 "https://chenglong.lt/index.php/meniu" "Mozilla/5.0 (Linux; Android 10; K) AppleWebKit/537.36 (KHTML, like Gecko) Chrome/153.0.0.0 Mobile Safari/537.36"
66.249.68.98 - - [13/Sep/2026:15:47:48 +0300] "GET /index.php/maistas-i-namus?sale/search/detail/?ITMCODE=51992470809 HTTP/1.1" 200 204478 "-" "Mozilla/5.0 (Linux; Android 6.0.1; Nexus 5X Build/MMB29P) AppleWebKit/537.36 (KHTML, like Gecko) Chrome/152.0.7977.82 Mobile Safari/537.36 (compatible; Googlebot/2.1; +http://www.google.com/bot.html)"
66.249.68.104 - - [13/Sep/2026:15:47:48 +0300] "GET /?sale/search/detail/?ITMCODE=51981555831 HTTP/1.1" 200 196134 "-" "Mozilla/5.0 (Linux; Android 6.0.1; Nexus 5X Build/MMB29P) AppleWebKit/537.36 (KHTML, like Gecko) Chrome/152.0.7977.82 Mobile Safari/537.36 (compatible; Googlebot/2.1; +http://www.google.com/bot.html)"
66.249.68.97 - - [13/Sep/2026:15:47:49 +0300] "GET /?sale/search/detail/?ITMCODE=5195185327 HTTP/1.1" 200 209166 "-" "Mozilla/5.0 (Linux; Android 6.0.1; Nexus 5X Build/MMB29P) AppleWebKit/537.36 (KHTML, like Gecko) Chrome/152.0.7977.82 Mobile Safari/537.36 (compatible; Googlebot/2.1; +http://www.google.com/bot.html)"
66.249.68.102 - - [13/Sep/2026:15:47:49 +0300] "GET /?sale/search/detail/?ITMCODE=51971332653 HTTP/1.1" 200 194489 "-" "Mozilla/5.0 (Linux; Android 6.0.1; Nexus 5X Build/MMB29P) AppleWebKit/537.36 (KHTML, like Gecko) Chrome/152.0.7977.82 Mobile Safari/537.36 (compatible; Googlebot/2.1; +http://www.google.com/bot.html)"
66.249.68.105 - - [13/Sep/2026:15:47:49 +0300] "GET /?sale/search/detail/?ITMCODE=5195424564 HTTP/1.1" 200 200773 "-" "Mozilla/5.0 (Linux; Android 6.0.1; Nexus 5X Build/MMB29P) AppleWebKit/537.36 (KHTML, like Gecko) Chrome/152.0.7977.82 Mobile Safari/537.36 (compatible; Googlebot/2.1; +http://www.google.com/bot.html)"
66.249.68.97 - - [13/Sep/2026:15:47:50 +0300] "GET /?sale/search/detail/?ITMCODE=52002725474 HTTP/1.1" 200 204146 "-" "Mozilla/5.0 (Linux; Android 6.0.1; Nexus 5X Build/MMB29P) AppleWebKit/537.36 (KHTML, like Gecko) Chrome/152.0.7977.82 Mobile Safari/537.36 (compatible; Googlebot/2.1; +http://www.google.com/bot.html)"
66.249.68.97 - - [13/Sep/2026:15:47:50 +0300] "GET /?sale/search/detail/?ITMCODE=51971017922 HTTP/1.1" 200 205639 "-" "Mozilla/5.0 (Linux; Android 6.0.1; Nexus 5X Build/MMB29P) AppleWebKit/537.36 (KHTML, like Gecko) Chrome/152.0.7977.82 Mobile Safari/537.36 (compatible; Googlebot/2.1; +http://www.google.com/bot.html)"
66.249.68.102 - - [13/Sep/2026:15:47:50 +0300] "GET /?sale/search/detail/?ITMCODE=5195397858 HTTP/1.1" 200 200266 "-" "Mozilla/5.0 (Linux; Android 6.0.1; Nexus 5X Build/MMB29P) AppleWebKit/537.36 (KHTML, like Gecko) Chrome/152.0.7977.82 Mobile Safari/537.36 (compatible; Googlebot/2.1; +http://www.google.com/bot.html)"
78.61.59.125 - - [13/Sep/2026:15:47:51 +0300] "GET /images/meniu/003.jpg HTTP/2.0" 200 1038970 "https://chenglong.lt/index.php/meniu" "Mozilla/5.0 (Linux; Android 10; K) AppleWebKit/537.36 (KHTML, like Gecko) Chrome/153.0.0.0 Mobile Safari/537.36"
66.249.68.102 - - [13/Sep/2026:15:47:50 +0300] "GET /?sale/search/detail/?ITMCODE=5196667293 HTTP/1.1" 200 195085 "-" "Mozilla/5.0 (Linux; Android 6.0.1; Nexus 5X Build/MMB29P) AppleWebKit/537.36 (KHTML, like Gecko) Chrome/152.0.7977.82 Mobile Safari/537.36 (compatible; Googlebot/2.1; +http://www.google.com/bot.html)"
66.249.68.102 - - [13/Sep/2026:15:47:51 +0300] "GET /?sale/search/detail/?ITMCODE=5196702478 HTTP/1.1" 200 197627 "-" "Mozilla/5.0 (Linux; Android 6.0.1; Nexus 5X Build/MMB29P) AppleWebKit/537.36 (KHTML, like Gecko) Chrome/152.0.7977.82 Mobile Safari/537.36 (compatible; Googlebot/2.1; +http://www.google.com/bot.html)"
66.249.68.105 - - [13/Sep/2026:15:47:51 +0300] "GET /?sale/search/detail/?ITMCODE=52002914587 HTTP/1.1" 200 202311 "-" "Mozilla/5.0 (Linux; Android 6.0.1; Nexus 5X Build/MMB29P) AppleWebKit/537.36 (KHTML, like Gecko) Chrome/152.0.7977.82 Mobile Safari/537.36 (compatible; Googlebot/2.1; +http://www.google.com/bot.html)"
66.249.68.99 - - [13/Sep/2026:15:47:51 +0300] "GET /?sale/search/detail/?ITMCODE=51981724633 HTTP/1.1" 200 213427 "-" "Mozilla/5.0 (Linux; Android 6.0.1; Nexus 5X Build/MMB29P) AppleWebKit/537.36 (KHTML, like Gecko) Chrome/152.0.7977.82 Mobile Safari/537.36 (compatible; Googlebot/2.1; +http://www.google.com/bot.html)"
66.249.68.96 - - [13/Sep/2026:15:47:52 +0300] "GET /?sale/search/detail/?ITMCODE=5195387346 HTTP/1.1" 200 223750 "-" "Mozilla/5.0 (Linux; Android 6.0.1; Nexus 5X Build/MMB29P) AppleWebKit/537.36 (KHTML, like Gecko) Chrome/152.0.7977.82 Mobile Safari/537.36 (compatible; Googlebot/2.1; +http://www.google.com/bot.html)"
66.249.68.96 - - [13/Sep/2026:15:47:52 +0300] "GET /?sale/search/detail/?ITMCODE=51992105656 HTTP/1.1" 200 193815 "-" "Mozilla/5.0 (Linux; Android 6.0.1; Nexus 5X Build/MMB29P) AppleWebKit/537.36 (KHTML, like Gecko) Chrome/152.0.7977.82 Mobile Safari/537.36 (compatible; Googlebot/2.1; +http://www.google.com/bot.html)"
66.249.68.99 - - [13/Sep/2026:15:47:53 +0300] "GET /?sale/search/detail/?ITMCODE=5196878432 HTTP/1.1" 200 204865 "-" "Mozilla/5.0 (Linux; Android 6.0.1; Nexus 5X Build/MMB29P) AppleWebKit/537.36 (KHTML, like Gecko) Chrome/152.0.7977.82 Mobile Safari/537.36 (compatible; Googlebot/2.1; +http://www.google.com/bot.html)"
66.249.68.97 - - [13/Sep/2026:15:47:53 +0300] "GET /index.php?sale/search/detail/?ITMCODE=52002809602 HTTP/1.1" 200 199487 "-" "Mozilla/5.0 (Linux; Android 6.0.1; Nexus 5X Build/MMB29P) AppleWebKit/537.36 (KHTML, like Gecko) Chrome/152.0.7977.82 Mobile Safari/537.36 (compatible; Googlebot/2.1; +http://www.google.com/bot.html)"
66.249.68.101 - - [13/Sep/2026:15:47:53 +0300] "GET /?sale/search/detail/?ITMCODE=51971198513 HTTP/1.1" 200 199520 "-" "Mozilla/5.0 (Linux; Android 6.0.1; Nexus 5X Build/MMB29P) AppleWebKit/537.36 (KHTML, like Gecko) Chrome/152.0.7977.82 Mobile Safari/537.36 (compatible; Googlebot/2.1; +http://www.google.com/bot.html)"
66.249.68.98 - - [13/Sep/2026:15:47:53 +0300] "GET /?sale/search/detail/?ITMCODE=5195147596 HTTP/1.1" 200 209749 "-" "Mozilla/5.0 (Linux; Android 6.0.1; Nexus 5X Build/MMB29P) AppleWebKit/537.36 (KHTML, like Gecko) Chrome/152.0.7977.82 Mobile Safari/537.36 (compatible; Googlebot/2.1; +http://www.google.com/bot.html)"
66.249.68.101 - - [13/Sep/2026:15:47:54 +0300] "GET /index.php/meniu?sale/search/detail/?ITMCODE=5195186131 HTTP/1.1" 200 220666 "-" "Mozilla/5.0 (Linux; Android 6.0.1; Nexus 5X Build/MMB29P) AppleWebKit/537.36 (KHTML, like Gecko) Chrome/152.0.7977.82 Mobile Safari/537.36 (compatible; Googlebot/2.1; +http://www.google.com/bot.html)"
66.249.68.102 - - [13/Sep/2026:15:47:54 +0300] "GET /?sale/search/detail/?ITMCODE=5196865633 HTTP/1.1" 200 194640 "-" "Mozilla/5.0 (Linux; Android 6.0.1; Nexus 5X Build/MMB29P) AppleWebKit/537.36 (KHTML, like Gecko) Chrome/152.0.7977.82 Mobile Safari/537.36 (compatible; Googlebot/2.1; +http://www.google.com/bot.html)"
66.249.68.103 - - [13/Sep/2026:15:47:54 +0300] "GET /?sale/search/detail/?ITMCODE=51971242313 HTTP/1.1" 200 203269 "-" "Mozilla/5.0 (Linux; Android 6.0.1; Nexus 5X Build/MMB29P) AppleWebKit/537.36 (KHTML, like Gecko) Chrome/152.0.7977.82 Mobile Safari/537.36 (compatible; Googlebot/2.1; +http://www.google.com/bot.html)"
66.249.68.97 - - [13/Sep/2026:15:47:54 +0300] "GET /?sale/search/detail/?ITMCODE=5196769007 HTTP/1.1" 200 201590 "-" "Mozilla/5.0 (Linux; Android 6.0.1; Nexus 5X Build/MMB29P) AppleWebKit/537.36 (KHTML, like Gecko) Chrome/152.0.7977.82 Mobile Safari/537.36 (compatible; Googlebot/2.1; +http://www.google.com/bot.html)"
78.61.59.125 - - [13/Sep/2026:15:47:55 +0300] "GET /images/meniu/004.jpg HTTP/2.0" 200 718567 "https://chenglong.lt/index.php/meniu" "Mozilla/5.0 (Linux; Android 10; K) AppleWebKit/537.36 (KHTML, like Gecko) Chrome/153.0.0.0 Mobile Safari/537.36"
66.249.68.99 - - [13/Sep/2026:15:47:55 +0300] "GET /?sale/search/detail/?ITMCODE=5195309422 HTTP/1.1" 200 194883 "-" "Mozilla/5.0 (Linux; Android 6.0.1; Nexus 5X Build/MMB29P) AppleWebKit/537.36 (KHTML, like Gecko) Chrome/152.0.7977.82 Mobile Safari/537.36 (compatible; Googlebot/2.1; +http://www.google.com/bot.html)"
66.249.68.104 - - [13/Sep/2026:15:47:55 +0300] "GET /?sale/search/detail/?ITMCODE=5196926953 HTTP/1.1" 200 228466 "-" "Mozilla/5.0 (Linux; Android 6.0.1; Nexus 5X Build/MMB29P) AppleWebKit/537.36 (KHTML, like Gecko) Chrome/152.0.7977.82 Mobile Safari/537.36 (compatible; Googlebot/2.1; +http://www.google.com/bot.html)"
66.249.68.101 - - [13/Sep/2026:15:47:56 +0300] "GET /index.php/kontaktai?sale/search/detail/?ITMCODE=5196819817 HTTP/1.1" 200 198517 "-" "Mozilla/5.0 (Linux; Android 6.0.1; Nexus 5X Build/MMB29P) AppleWebKit/537.36 (KHTML, like Gecko) Chrome/152.0.7977.82 Mobile Safari/537.36 (compatible; Googlebot/2.1; +http://www.google.com/bot.html)"
66.249.68.96 - - [13/Sep/2026:15:47:56 +0300] "GET /?sale/search/detail/?ITMCODE=5196979103 HTTP/1.1" 200 196256 "-" "Mozilla/5.0 (Linux; Android 6.0.1; Nexus 5X Build/MMB29P) AppleWebKit/537.36 (KHTML, like Gecko) Chrome/152.0.7977.82 Mobile Safari/537.36 (compatible; Googlebot/2.1; +http://www.google.com/bot.html)"
66.249.68.100 - - [13/Sep/2026:15:47:56 +0300] "GET /?sale/search/detail/?ITMCODE=5195458240 HTTP/1.1" 200 200476 "-" "Mozilla/5.0 (Linux; Android 6.0.1; Nexus 5X Build/MMB29P) AppleWebKit/537.36 (KHTML, like Gecko) Chrome/152.0.7977.82 Mobile Safari/537.36 (compatible; Googlebot/2.1; +http://www.google.com/bot.html)"
66.249.68.96 - - [13/Sep/2026:15:47:57 +0300] "GET /?sale/search/detail/?ITMCODE=51971211084 HTTP/1.1" 200 207023 "-" "Mozilla/5.0 (Linux; Android 6.0.1; Nexus 5X Build/MMB29P) AppleWebKit/537.36 (KHTML, like Gecko) Chrome/152.0.7977.82 Mobile Safari/537.36 (compatible; Googlebot/2.1; +http://www.google.com/bot.html)"
66.249.68.96 - - [13/Sep/2026:15:47:57 +0300] "GET /?sale/search/detail/?ITMCODE=51981708223 HTTP/1.1" 200 204744 "-" "Mozilla/5.0 (Linux; Android 6.0.1; Nexus 5X Build/MMB29P) AppleWebKit/537.36 (KHTML, like Gecko) Chrome/152.0.7977.82 Mobile Safari/537.36 (compatible; Googlebot/2.1; +http://www.google.com/bot.html)"
66.249.68.105 - - [13/Sep/2026:15:47:57 +0300] "GET /?sale/search/detail/?ITMCODE=5196754607 HTTP/1.1" 200 194897 "-" "Mozilla/5.0 (Linux; Android 6.0.1; Nexus 5X Build/MMB29P) AppleWebKit/537.36 (KHTML, like Gecko) Chrome/152.0.7977.82 Mobile Safari/537.36 (compatible; Googlebot/2.1; +http://www.google.com/bot.html)"
66.249.68.99 - - [13/Sep/2026:15:47:57 +0300] "GET /?sale/search/detail/?ITMCODE=519541387 HTTP/1.1" 200 195132 "-" "Mozilla/5.0 (Linux; Android 6.0.1; Nexus 5X Build/MMB29P) AppleWebKit/537.36 (KHTML, like Gecko) Chrome/152.0.7977.82 Mobile Safari/537.36 (compatible; Googlebot/2.1; +http://www.google.com/bot.html)"
66.249.68.105 - - [13/Sep/2026:15:47:58 +0300] "GET /?sale/search/detail/?ITMCODE=51971385206 HTTP/1.1" 200 194018 "-" "Mozilla/5.0 (Linux; Android 6.0.1; Nexus 5X Build/MMB29P) AppleWebKit/537.36 (KHTML, like Gecko) Chrome/152.0.7977.82 Mobile Safari/537.36 (compatible; Googlebot/2.1; +http://www.google.com/bot.html)"
78.61.59.125 - - [13/Sep/2026:15:47:58 +0300] "GET /images/meniu/005.jpg HTTP/2.0" 200 629250 "https://chenglong.lt/index.php/meniu" "Mozilla/5.0 (Linux; Android 10; K) AppleWebKit/537.36 (KHTML, like Gecko) Chrome/153.0.0.0 Mobile Safari/537.36"
66.249.68.105 - - [13/Sep/2026:15:47:58 +0300] "GET /?sale/search/detail/?ITMCODE=51981510457 HTTP/1.1" 200 204718 "-" "Mozilla/5.0 (Linux; Android 6.0.1; Nexus 5X Build/MMB29P) AppleWebKit/537.36 (KHTML, like Gecko) Chrome/152.0.7977.82 Mobile Safari/537.36 (compatible; Googlebot/2.1; +http://www.google.com/bot.html)"
66.249.68.101 - - [13/Sep/2026:15:47:59 +0300] "GET /?sale/search/detail/?ITMCODE=5196585313 HTTP/1.1" 200 192703 "-" "Mozilla/5.0 (Linux; Android 6.0.1; Nexus 5X Build/MMB29P) AppleWebKit/537.36 (KHTML, like Gecko) Chrome/152.0.7977.82 Mobile Safari/537.36 (compatible; Googlebot/2.1; +http://www.google.com/bot.html)"
66.249.68.104 - - [13/Sep/2026:15:47:59 +0300] "GET /?sale/search/detail/?ITMCODE=51971049593 HTTP/1.1" 200 197452 "-" "Mozilla/5.0 (Linux; Android 6.0.1; Nexus 5X Build/MMB29P) AppleWebKit/537.36 (KHTML, like Gecko) Chrome/152.0.7977.82 Mobile Safari/537.36 (compatible; Googlebot/2.1; +http://www.google.com/bot.html)"
66.249.68.100 - - [13/Sep/2026:15:48:00 +0300] "GET /?sale/search/detail/?ITMCODE=5196847320 HTTP/1.1" 200 230997 "-" "Mozilla/5.0 (Linux; Android 6.0.1; Nexus 5X Build/MMB29P) AppleWebKit/537.36 (KHTML, like Gecko) Chrome/152.0.7977.82 Mobile Safari/537.36 (compatible; Googlebot/2.1; +http://www.google.com/bot.html)"
66.249.68.101 - - [13/Sep/2026:15:48:00 +0300] "GET /?sale/search/detail/?ITMCODE=51992404877 HTTP/1.1" 200 193340 "-" "Mozilla/5.0 (Linux; Android 6.0.1; Nexus 5X Build/MMB29P) AppleWebKit/537.36 (KHTML, like Gecko) Chrome/152.0.7977.82 Mobile Safari/537.36 (compatible; Googlebot/2.1; +http://www.google.com/bot.html)"
66.249.68.104 - - [13/Sep/2026:15:48:01 +0300] "GET /index.php/maistas-i-namus?sale/search/detail/?ITMCODE=51992134286 HTTP/1.1" 200 205407 "-" "Mozilla/5.0 (Linux; Android 6.0.1; Nexus 5X Build/MMB29P) AppleWebKit/537.36 (KHTML, like Gecko) Chrome/152.0.7977.82 Mobile Safari/537.36 (compatible; Googlebot/2.1; +http://www.google.com/bot.html)"
66.249.68.105 - - [13/Sep/2026:15:48:01 +0300] "GET /?sale/search/detail/?ITMCODE=51971088528 HTTP/1.1" 200 194117 "-" "Mozilla/5.0 (Linux; Android 6.0.1; Nexus 5X Build/MMB29P) AppleWebKit/537.36 (KHTML, like Gecko) Chrome/152.0.7977.82 Mobile Safari/537.36 (compatible; Googlebot/2.1; +http://www.google.com/bot.html)"
66.249.68.99 - - [13/Sep/2026:15:48:01 +0300] "GET /?sale/search/detail/?ITMCODE=5196764630 HTTP/1.1" 200 199933 "-" "Mozilla/5.0 (Linux; Android 6.0.1; Nexus 5X Build/MMB29P) AppleWebKit/537.36 (KHTML, like Gecko) Chrome/152.0.7977.82 Mobile Safari/537.36 (compatible; Googlebot/2.1; +http://www.google.com/bot.html)"
66.249.68.100 - - [13/Sep/2026:15:48:02 +0300] "GET /?sale/search/detail/?ITMCODE=51981596619 HTTP/1.1" 200 202538 "-" "Mozilla/5.0 (Linux; Android 6.0.1; Nexus 5X Build/MMB29P) AppleWebKit/537.36 (KHTML, like Gecko) Chrome/152.0.7977.82 Mobile Safari/537.36 (compatible; Googlebot/2.1; +http://www.google.com/bot.html)"
66.249.68.102 - - [13/Sep/2026:15:48:02 +0300] "GET /?sale/search/detail/?ITMCODE=51971134565 HTTP/1.1" 200 205131 "-" "Mozilla/5.0 (Linux; Android 6.0.1; Nexus 5X Build/MMB29P) AppleWebKit/537.36 (KHTML, like Gecko) Chrome/152.0.7977.82 Mobile Safari/537.36 (compatible; Googlebot/2.1; +http://www.google.com/bot.html)"
66.249.68.105 - - [13/Sep/2026:15:48:02 +0300] "GET /?sale/search/detail/?ITMCODE=52002986363 HTTP/1.1" 200 196472 "-" "Mozilla/5.0 (Linux; Android 6.0.1; Nexus 5X Build/MMB29P) AppleWebKit/537.36 (KHTML, like Gecko) Chrome/152.0.7977.82 Mobile Safari/537.36 (compatible; Googlebot/2.1; +http://www.google.com/bot.html)"
66.249.68.100 - - [13/Sep/2026:15:48:02 +0300] "GET /?sale/search/detail/?ITMCODE=51971123544 HTTP/1.1" 200 198365 "-" "Mozilla/5.0 (Linux; Android 6.0.1; Nexus 5X Build/MMB29P) AppleWebKit/537.36 (KHTML, like Gecko) Chrome/152.0.7977.82 Mobile Safari/537.36 (compatible; Googlebot/2.1; +http://www.google.com/bot.html)"
66.249.68.99 - - [13/Sep/2026:15:48:03 +0300] "GET /?sale/search/detail/?ITMCODE=5196856547 HTTP/1.1" 200 210815 "-" "Mozilla/5.0 (Linux; Android 6.0.1; Nexus 5X Build/MMB29P) AppleWebKit/537.36 (KHTML, like Gecko) Chrome/152.0.7977.82 Mobile Safari/537.36 (compatible; Googlebot/2.1; +http://www.google.com/bot.html)"
66.249.68.102 - - [13/Sep/2026:15:48:03 +0300] "GET /?sale/search/detail/?ITMCODE=51981865707 HTTP/1.1" 200 198442 "-" "Mozilla/5.0 (Linux; Android 6.0.1; Nexus 5X Build/MMB29P) AppleWebKit/537.36 (KHTML, like Gecko) Chrome/152.0.7977.82 Mobile Safari/537.36 (compatible; Googlebot/2.1; +http://www.google.com/bot.html)"
78.61.59.125 - - [13/Sep/2026:15:48:03 +0300] "GET /images/meniu/006.jpg HTTP/2.0" 200 1014253 "https://chenglong.lt/index.php/meniu" "Mozilla/5.0 (Linux; Android 10; K) AppleWebKit/537.36 (KHTML, like Gecko) Chrome/153.0.0.0 Mobile Safari/537.36"
66.249.68.96 - - [13/Sep/2026:15:48:03 +0300] "GET /?sale/search/detail/?ITMCODE=5195207192 HTTP/1.1" 200 196110 "-" "Mozilla/5.0 (Linux; Android 6.0.1; Nexus 5X Build/MMB29P) AppleWebKit/537.36 (KHTML, like Gecko) Chrome/152.0.7977.82 Mobile Safari/537.36 (compatible; Googlebot/2.1; +http://www.google.com/bot.html)"
66.249.68.100 - - [13/Sep/2026:15:48:04 +0300] "GET /?sale/search/detail/?ITMCODE=5195176882 HTTP/1.1" 200 206190 "-" "Mozilla/5.0 (Linux; Android 6.0.1; Nexus 5X Build/MMB29P) AppleWebKit/537.36 (KHTML, like Gecko) Chrome/152.0.7977.82 Mobile Safari/537.36 (compatible; Googlebot/2.1; +http://www.google.com/bot.html)"
66.249.68.100 - - [13/Sep/2026:15:48:04 +0300] "GET /?sale/search/detail/?ITMCODE=5196794928 HTTP/1.1" 200 202374 "-" "Mozilla/5.0 (compatible; Googlebot/2.1; +http://www.google.com/bot.html)"
66.249.68.99 - - [13/Sep/2026:15:48:04 +0300] "GET /?sale/search/detail/?ITMCODE=519559972 HTTP/1.1" 200 197315 "-" "Mozilla/5.0 (Linux; Android 6.0.1; Nexus 5X Build/MMB29P) AppleWebKit/537.36 (KHTML, like Gecko) Chrome/152.0.7977.82 Mobile Safari/537.36 (compatible; Googlebot/2.1; +http://www.google.com/bot.html)"
66.249.68.104 - - [13/Sep/2026:15:48:04 +0300] "GET /?sale/search/detail/?ITMCODE=5195240936 HTTP/1.1" 200 193266 "-" "Mozilla/5.0 (Linux; Android 6.0.1; Nexus 5X Build/MMB29P) AppleWebKit/537.36 (KHTML, like Gecko) Chrome/152.0.7977.82 Mobile Safari/537.36 (compatible; Googlebot/2.1; +http://www.google.com/bot.html)"
66.249.68.96 - - [13/Sep/2026:15:48:05 +0300] "GET /?sale/search/detail/?ITMCODE=52002865123 HTTP/1.1" 200 198819 "-" "Mozilla/5.0 (Linux; Android 6.0.1; Nexus 5X Build/MMB29P) AppleWebKit/537.36 (KHTML, like Gecko) Chrome/152.0.7977.82 Mobile Safari/537.36 (compatible; Googlebot/2.1; +http://www.google.com/bot.html)"
66.249.68.99 - - [13/Sep/2026:15:48:05 +0300] "GET /?sale/search/detail/?ITMCODE=5195449486 HTTP/1.1" 200 197028 "-" "Mozilla/5.0 (Linux; Android 6.0.1; Nexus 5X Build/MMB29P) AppleWebKit/537.36 (KHTML, like Gecko) Chrome/152.0.7977.82 Mobile Safari/537.36 (compatible; Googlebot/2.1; +http://www.google.com/bot.html)"
66.249.68.99 - - [13/Sep/2026:15:48:05 +0300] "GET /?sale/search/detail/?ITMCODE=51971043301 HTTP/1.1" 200 207112 "-" "Mozilla/5.0 (compatible; Googlebot/2.1; +http://www.google.com/bot.html)"
66.249.68.96 - - [13/Sep/2026:15:48:05 +0300] "GET /?sale/search/detail/?ITMCODE=52002921413 HTTP/1.1" 200 196208 "-" "Mozilla/5.0 (Linux; Android 6.0.1; Nexus 5X Build/MMB29P) AppleWebKit/537.36 (KHTML, like Gecko) Chrome/152.0.7977.82 Mobile Safari/537.36 (compatible; Googlebot/2.1; +http://www.google.com/bot.html)"
