66.249.68.105 - - [13/Sep/2026:15:19:14 +0300] "GET /index.php/meniu?sale/search/detail/?ITMCODE=5196571638 HTTP/1.1" 200 198819 "-" "Mozilla/5.0 (Linux; Android 6.0.1; Nexus 5X Build/MMB29P) AppleWebKit/537.36 (KHTML, like Gecko) Chrome/152.0.7977.82 Mobile Safari/537.36 (compatible; Googlebot/2.1; +http://www.google.com/bot.html)"
66.249.68.97 - - [13/Sep/2026:15:19:14 +0300] "GET /index.php/meniu?sale/search/detail/?ITMCODE=5196942763 HTTP/1.1" 200 205915 "-" "Mozilla/5.0 (Linux; Android 6.0.1; Nexus 5X Build/MMB29P) AppleWebKit/537.36 (KHTML, like Gecko) Chrome/152.0.7977.82 Mobile Safari/537.36 (compatible; Googlebot/2.1; +http://www.google.com/bot.html)"
66.249.68.103 - - [13/Sep/2026:15:19:14 +0300] "GET /index.php/kontaktai?sale/search/detail/?ITMCODE=51971062957 HTTP/1.1" 200 202052 "-" "Mozilla/5.0 (Linux; Android 6.0.1; Nexus 5X Build/MMB29P) AppleWebKit/537.36 (KHTML, like Gecko) Chrome/152.0.7977.82 Mobile Safari/537.36 (compatible; Googlebot/2.1; +http://www.google.com/bot.html)"
66.249.68.104 - - [13/Sep/2026:15:19:14 +0300] "GET /index.php/maistas-i-namus?sale/search/detail/?ITMCODE=51971214243 HTTP/1.1" 200 203043 "-" "Mozilla/5.0 (Linux; Android 6.0.1; Nexus 5X Build/MMB29P) AppleWebKit/537.36 (KHTML, like Gecko) Chrome/152.0.7977.82 Mobile Safari/537.36 (compatible; Googlebot/2.1; +http://www.google.com/bot.html)"
66.249.68.105 - - [13/Sep/2026:15:19:15 +0300] "GET /index.php/kontaktai?sale/search/detail/?ITMCODE=52002848230 HTTP/1.1" 200 202269 "-" "Mozilla/5.0 (Linux; Android 6.0.1; Nexus 5X Build/MMB29P) AppleWebKit/537.36 (KHTML, like Gecko) Chrome/152.0.7977.82 Mobile Safari/537.36 (compatible; Googlebot/2.1; +http://www.google.com/bot.html)"
66.249.68.103 - - [13/Sep/2026:15:19:15 +0300] "GET /index.php/meniu?sale/search/detail/?ITMCODE=51992492789 HTTP/1.1" 200 204960 "-" "Mozilla/5.0 (Linux; Android 6.0.1; Nexus 5X Build/MMB29P) AppleWebKit/537.36 (KHTML, like Gecko) Chrome/152.0.7977.82 Mobile Safari/537.36 (compatible; Googlebot/2.1; +http://www.google.com/bot.html)"
66.249.68.96 - - [13/Sep/2026:15:19:16 +0300] "GET /index.php/meniu?sale/search/detail/?ITMCODE=52002707120 HTTP/1.1" 200 199374 "-" "Mozilla/5.0 (Linux; Android 6.0.1; Nexus 5X Build/MMB29P) AppleWebKit/537.36 (KHTML, like Gecko) Chrome/152.0.7977.82 Mobile Safari/537.36 (compatible; Googlebot/2.1; +http://www.google.com/bot.html)"
66.249.68.96 - - [13/Sep/2026:15:19:17 +0300] "GET /index.php/meniu?sale/search/detail/?ITMCODE=52002589837 HTTP/1.1" 200 202330 "-" "Mozilla/5.0 (Linux; Android 6.0.1; Nexus 5X Build/MMB29P) AppleWebKit/537.36 (KHTML, like Gecko) Chrome/152.0.7977.82 Mobile Safari/537.36 (compatible; Googlebot/2.1; +http://www.google.com/bot.html)"
66.249.68.97 - - [13/Sep/2026:15:19:18 +0300] "GET /index.php/kontaktai?sale/search/detail/?ITMCODE=52002784629 HTTP/1.1" 200 201986 "-" "Mozilla/5.0 (Linux; Android 6.0.1; Nexus 5X Build/MMB29P) AppleWebKit/537.36 (KHTML, like Gecko) Chrome/152.0.7977.82 Mobile Safari/537.36 (compatible; Googlebot/2.1; +http://www.google.com/bot.html)"
66.249.68.96 - - [13/Sep/2026:15:19:18 +0300] "GET /index.php/kontaktai?sale/search/detail/?ITMCODE=5196524135 HTTP/1.1" 200 226985 "-" "Mozilla/5.0 (Linux; Android 6.0.1; Nexus 5X Build/MMB29P) AppleWebKit/537.36 (KHTML, like Gecko) Chrome/152.0.7977.82 Mobile Safari/537.36 (compatible; Googlebot/2.1; +http://www.google.com/bot.html)"
66.249.68.97 - - [13/Sep/2026:15:19:18 +0300] "GET /index.php/kontaktai?sale/search/detail/?ITMCODE=51971417633 HTTP/1.1" 200 200816 "-" "Mozilla/5.0 (Linux; Android 6.0.1; Nexus 5X Build/MMB29P) AppleWebKit/537.36 (KHTML, like Gecko) Chrome/152.0.7977.82 Mobile Safari/537.36 (compatible; Googlebot/2.1; +http://www.google.com/bot.html)"
66.249.68.103 - - [13/Sep/2026:15:19:19 +0300] "GET /index.php/kontaktai?sale/search/detail/?ITMCODE=5196548327 HTTP/1.1" 200 212436 "-" "Mozilla/5.0 (Linux; Android 6.0.1; Nexus 5X Build/MMB29P) AppleWebKit/537.36 (KHTML, like Gecko) Chrome/152.0.7977.82 Mobile Safari/537.36 (compatible; Googlebot/2.1; +http://www.google.com/bot.html)"
66.249.68.104 - - [13/Sep/2026:15:19:19 +0300] "GET /index.php/maistas-i-namus?sale/search/detail/?ITMCODE=51971111044 HTTP/1.1" 200 213922 "-" "Mozilla/5.0 (Linux; Android 6.0.1; Nexus 5X Build/MMB29P) AppleWebKit/537.36 (KHTML, like Gecko) Chrome/152.0.7977.82 Mobile Safari/537.36 (compatible; Googlebot/2.1; +http://www.google.com/bot.html)"
66.249.68.103 - - [13/Sep/2026:15:19:20 +0300] "GET /index.php/maistas-i-namus?sale/search/detail/?ITMCODE=5196778628 HTTP/1.1" 200 207523 "-" "Mozilla/5.0 (Linux; Android 6.0.1; Nexus 5X Build/MMB29P) AppleWebKit/537.36 (KHTML, like Gecko) Chrome/152.0.7977.82 Mobile Safari/537.36 (compatible; Googlebot/2.1; +http://www.google.com/bot.html)"
66.249.68.103 - - [13/Sep/2026:15:19:20 +0300] "GET /index.php/meniu?sale/search/detail/?ITMCODE=5195289681 HTTP/1.1" 200 218457 "-" "Mozilla/5.0 (Linux; Android 6.0.1; Nexus 5X Build/MMB29P) AppleWebKit/537.36 (KHTML, like Gecko) Chrome/152.0.7977.82 Mobile Safari/537.36 (compatible; Googlebot/2.1; +http://www.google.com/bot.html)"
66.249.68.97 - - [13/Sep/2026:15:19:21 +0300] "GET /?sale/search/detail/?ITMCODE=51992110758 HTTP/1.1" 200 196189 "-" "Mozilla/5.0 (Linux; Android 6.0.1; Nexus 5X Build/MMB29P) AppleWebKit/537.36 (KHTML, like Gecko) Chrome/152.0.7977.82 Mobile Safari/537.36 (compatible; Googlebot/2.1; +http://www.google.com/bot.html)"
66.249.68.101 - - [13/Sep/2026:15:19:21 +0300] "GET /index.php/kontaktai?sale/search/detail/?ITMCODE=51981910319 HTTP/1.1" 200 204604 "-" "Mozilla/5.0 (Linux; Android 6.0.1; Nexus 5X Build/MMB29P) AppleWebKit/537.36 (KHTML, like Gecko) Chrome/152.0.7977.82 Mobile Safari/537.36 (compatible; Googlebot/2.1; +http://www.google.com/bot.html)"
66.249.68.97 - - [13/Sep/2026:15:19:21 +0300] "GET /index.php?sale/search/detail/?ITMCODE=5195393332 HTTP/1.1" 200 199463 "-" "Mozilla/5.0 (Linux; Android 6.0.1; Nexus 5X Build/MMB29P) AppleWebKit/537.36 (KHTML, like Gecko) Chrome/152.0.7977.82 Mobile Safari/537.36 (compatible; Googlebot/2.1; +http://www.google.com/bot.html)"
66.249.68.102 - - [13/Sep/2026:15:19:22 +0300] "GET /index.php/meniu?sale/search/detail/?ITMCODE=51971058422 HTTP/1.1" 200 202087 "-" "Mozilla/5.0 (Linux; Android 6.0.1; Nexus 5X Build/MMB29P) AppleWebKit/537.36 (KHTML, like Gecko) Chrome/152.0.7977.82 Mobile Safari/537.36 (compatible; Googlebot/2.1; +http://www.google.com/bot.html)"
66.249.68.98 - - [13/Sep/2026:15:19:22 +0300] "GET /index.php/maistas-i-namus?sale/search/detail/?ITMCODE=5196764560 HTTP/1.1" 200 202221 "-" "Mozilla/5.0 (Linux; Android 6.0.1; Nexus 5X Build/MMB29P) AppleWebKit/537.36 (KHTML, like Gecko) Chrome/152.0.7977.82 Mobile Safari/537.36 (compatible; Googlebot/2.1; +http://www.google.com/bot.html)"
66.249.68.98 - - [13/Sep/2026:15:19:23 +0300] "GET /index.php/meniu?sale/search/detail/?ITMCODE=5196791927 HTTP/1.1" 200 222383 "-" "Mozilla/5.0 (Linux; Android 6.0.1; Nexus 5X Build/MMB29P) AppleWebKit/537.36 (KHTML, like Gecko) Chrome/152.0.7977.82 Mobile Safari/537.36 (compatible; Googlebot/2.1; +http://www.google.com/bot.html)"
66.249.68.96 - - [13/Sep/2026:15:19:23 +0300] "GET /index.php/meniu?sale/search/detail/?ITMCODE=51981893499 HTTP/1.1" 200 202798 "-" "Mozilla/5.0 (Linux; Android 6.0.1; Nexus 5X Build/MMB29P) AppleWebKit/537.36 (KHTML, like Gecko) Chrome/152.0.7977.82 Mobile Safari/537.36 (compatible; Googlebot/2.1; +http://www.google.com/bot.html)"
66.249.68.97 - - [13/Sep/2026:15:19:24 +0300] "GET /?sale/search/detail/?ITMCODE=52002944310 HTTP/1.1" 200 195184 "-" "Mozilla/5.0 (Linux; Android 6.0.1; Nexus 5X Build/MMB29P) AppleWebKit/537.36 (KHTML, like Gecko) Chrome/152.0.7977.82 Mobile Safari/537.36 (compatible; Googlebot/2.1; +http://www.google.com/bot.html)"
66.249.68.98 - - [13/Sep/2026:15:19:24 +0300] "GET /index.php/meniu?sale/search/detail/?ITMCODE=5196585838 HTTP/1.1" 200 217028 "-" "Mozilla/5.0 (Linux; Android 6.0.1; Nexus 5X Build/MMB29P) AppleWebKit/537.36 (KHTML, like Gecko) Chrome/152.0.7977.82 Mobile Safari/537.36 (compatible; Googlebot/2.1; +http://www.google.com/bot.html)"
66.249.68.103 - - [13/Sep/2026:15:19:24 +0300] "GET /index.php/maistas-i-namus?sale/search/detail/?ITMCODE=5196505477 HTTP/1.1" 200 213848 "-" "Mozilla/5.0 (Linux; Android 6.0.1; Nexus 5X Build/MMB29P) AppleWebKit/537.36 (KHTML, like Gecko) Chrome/152.0.7977.82 Mobile Safari/537.36 (compatible; Googlebot/2.1; +http://www.google.com/bot.html)"
66.249.68.97 - - [13/Sep/2026:15:19:25 +0300] "GET /?sale/search/detail/?ITMCODE=519546004 HTTP/1.1" 200 203646 "-" "Mozilla/5.0 (Linux; Android 6.0.1; Nexus 5X Build/MMB29P) AppleWebKit/537.36 (KHTML, like Gecko) Chrome/152.0.7977.82 Mobile Safari/537.36 (compatible; Googlebot/2.1; +http://www.google.com/bot.html)"
66.249.68.101 - - [13/Sep/2026:15:19:25 +0300] "GET /index.php/maistas-i-namus?sale/search/detail/?ITMCODE=51971032402 HTTP/1.1" 200 202329 "-" "Mozilla/5.0 (Linux; Android 6.0.1; Nexus 5X Build/MMB29P) AppleWebKit/537.36 (KHTML, like Gecko) Chrome/152.0.7977.82 Mobile Safari/537.36 (compatible; Googlebot/2.1; +http://www.google.com/bot.html)"
66.249.68.98 - - [13/Sep/2026:15:19:32 +0300] "GET /?sale/search/detail/?ITMCODE=51992160489 HTTP/1.1" 200 193963 "-" "Mozilla/5.0 (compatible; Googlebot/2.1; +http://www.google.com/bot.html)"
66.249.68.99 - - [13/Sep/2026:15:19:39 +0300] "GET /index.php/kontaktai?sale/search/detail/?ITMCODE=5196598359 HTTP/1.1" 200 217253 "-" "Mozilla/5.0 (Linux; Android 6.0.1; Nexus 5X Build/MMB29P) AppleWebKit/537.36 (KHTML, like Gecko) Chrome/152.0.7977.82 Mobile Safari/537.36 (compatible; Googlebot/2.1; +http://www.google.com/bot.html)"
66.249.68.97 - - [13/Sep/2026:15:19:40 +0300] "GET /?sale/search/detail/?ITMCODE=5196932511 HTTP/1.1" 200 206741 "-" "Mozilla/5.0 (Linux; Android 6.0.1; Nexus 5X Build/MMB29P) AppleWebKit/537.36 (KHTML, like Gecko) Chrome/152.0.7977.82 Mobile Safari/537.36 (compatible; Googlebot/2.1; +http://www.google.com/bot.html)"
66.249.68.101 - - [13/Sep/2026:15:19:51 +0300] "GET /?sale/search/detail/?ITMCODE=51992299611 HTTP/1.1" 200 196587 "-" "Mozilla/5.0 (compatible; Googlebot/2.1; +http://www.google.com/bot.html)"
66.249.68.103 - - [13/Sep/2026:15:19:52 +0300] "GET /index.php/meniu?sale/search/detail/?ITMCODE=51981636642 HTTP/1.1" 200 197060 "-" "Mozilla/5.0 (compatible; Googlebot/2.1; +http://www.google.com/bot.html)"
66.249.68.97 - - [13/Sep/2026:15:19:56 +0300] "GET /?sale/search/detail/?ITMCODE=5196501780 HTTP/1.1" 200 212920 "-" "Mozilla/5.0 (Linux; Android 6.0.1; Nexus 5X Build/MMB29P) AppleWebKit/537.36 (KHTML, like Gecko) Chrome/152.0.7977.82 Mobile Safari/537.36 (compatible; Googlebot/2.1; +http://www.google.com/bot.html)"
66.249.68.97 - - [13/Sep/2026:15:19:58 +0300] "GET /index.php/maistas-i-namus?sale/search/detail/?ITMCODE=5196737924 HTTP/1.1" 200 205820 "-" "Mozilla/5.0 (Linux; Android 6.0.1; Nexus 5X Build/MMB29P) AppleWebKit/537.36 (KHTML, like Gecko) Chrome/152.0.7977.82 Mobile Safari/537.36 (compatible; Googlebot/2.1; +http://www.google.com/bot.html)"
66.249.68.102 - - [13/Sep/2026:15:19:58 +0300] "GET /index.php/maistas-i-namus?sale/search/detail/?ITMCODE=51992480582 HTTP/1.1" 200 205190 "-" "Mozilla/5.0 (Linux; Android 6.0.1; Nexus 5X Build/MMB29P) AppleWebKit/537.36 (KHTML, like Gecko) Chrome/152.0.7977.82 Mobile Safari/537.36 (compatible; Googlebot/2.1; +http://www.google.com/bot.html)"
66.249.68.100 - - [13/Sep/2026:15:20:00 +0300] "GET /index.php/maistas-i-namus?sale/search/detail/?ITMCODE=5195329033 HTTP/1.1" 200 203367 "-" "Mozilla/5.0 (Linux; Android 6.0.1; Nexus 5X Build/MMB29P) AppleWebKit/537.36 (KHTML, like Gecko) Chrome/152.0.7977.82 Mobile Safari/537.36 (compatible; Googlebot/2.1; +http://www.google.com/bot.html)"
66.249.68.97 - - [13/Sep/2026:15:20:01 +0300] "GET /index.php/meniu?sale/search/detail/?ITMCODE=5196519173 HTTP/1.1" 200 198651 "-" "Mozilla/5.0 (Linux; Android 6.0.1; Nexus 5X Build/MMB29P) AppleWebKit/537.36 (KHTML, like Gecko) Chrome/152.0.7977.82 Mobile Safari/537.36 (compatible; Googlebot/2.1; +http://www.google.com/bot.html)"
66.249.68.105 - - [13/Sep/2026:15:20:01 +0300] "GET /index.php/meniu?sale/search/detail/?ITMCODE=51981986462 HTTP/1.1" 200 227180 "-" "Mozilla/5.0 (Linux; Android 6.0.1; Nexus 5X Build/MMB29P) AppleWebKit/537.36 (KHTML, like Gecko) Chrome/152.0.7977.82 Mobile Safari/537.36 (compatible; Googlebot/2.1; +http://www.google.com/bot.html)"
66.249.68.105 - - [13/Sep/2026:15:20:02 +0300] "GET /index.php/meniu?sale/search/detail/?ITMCODE=519567344 HTTP/1.1" 200 205571 "-" "Mozilla/5.0 (Linux; Android 6.0.1; Nexus 5X Build/MMB29P) AppleWebKit/537.36 (KHTML, like Gecko) Chrome/152.0.7977.82 Mobile Safari/537.36 (compatible; Googlebot/2.1; +http://www.google.com/bot.html)"
66.249.68.103 - - [13/Sep/2026:15:20:02 +0300] "GET /index.php/meniu?sale/search/detail/?ITMCODE=52002842543 HTTP/1.1" 200 202285 "-" "Mozilla/5.0 (Linux; Android 6.0.1; Nexus 5X Build/MMB29P) AppleWebKit/537.36 (KHTML, like Gecko) Chrome/152.0.7977.82 Mobile Safari/537.36 (compatible; Googlebot/2.1; +http://www.google.com/bot.html)"
66.249.68.103 - - [13/Sep/2026:15:20:03 +0300] "GET /index.php/maistas-i-namus?sale/search/detail/?ITMCODE=51981809560 HTTP/1.1" 200 206197 "-" "Mozilla/5.0 (Linux; Android 6.0.1; Nexus 5X Build/MMB29P) AppleWebKit/537.36 (KHTML, like Gecko) Chrome/152.0.7977.82 Mobile Safari/537.36 (compatible; Googlebot/2.1; +http://www.google.com/bot.html)"
66.249.68.98 - - [13/Sep/2026:15:20:03 +0300] "GET /index.php/maistas-i-namus?sale/search/detail/?ITMCODE=5196632523 HTTP/1.1" 200 201528 "-" "Mozilla/5.0 (Linux; Android 6.0.1; Nexus 5X Build/MMB29P) AppleWebKit/537.36 (KHTML, like Gecko) Chrome/152.0.7977.82 Mobile Safari/537.36 (compatible; Googlebot/2.1; +http://www.google.com/bot.html)"
66.249.68.104 - - [13/Sep/2026:15:20:04 +0300] "GET /index.php/kontaktai?sale/search/detail/?ITMCODE=5195322503 HTTP/1.1" 200 220340 "-" "Mozilla/5.0 (Linux; Android 6.0.1; Nexus 5X Build/MMB29P) AppleWebKit/537.36 (KHTML, like Gecko) Chrome/152.0.7977.82 Mobile Safari/537.36 (compatible; Googlebot/2.1; +http://www.google.com/bot.html)"
66.249.68.96 - - [13/Sep/2026:15:20:04 +0300] "GET /index.php/meniu?sale/search/detail/?ITMCODE=51981865297 HTTP/1.1" 200 214245 "-" "Mozilla/5.0 (Linux; Android 6.0.1; Nexus 5X Build/MMB29P) AppleWebKit/537.36 (KHTML, like Gecko) Chrome/152.0.7977.82 Mobile Safari/537.36 (compatible; Googlebot/2.1; +http://www.google.com/bot.html)"
66.249.68.103 - - [13/Sep/2026:15:20:05 +0300] "GET /index.php/meniu?sale/search/detail/?ITMCODE=51992121914 HTTP/1.1" 200 200941 "-" "Mozilla/5.0 (Linux; Android 6.0.1; Nexus 5X Build/MMB29P) AppleWebKit/537.36 (KHTML, like Gecko) Chrome/152.0.7977.82 Mobile Safari/537.36 (compatible; Googlebot/2.1; +http://www.google.com/bot.html)"
66.249.68.96 - - [13/Sep/2026:15:20:05 +0300] "GET /index.php/meniu?sale/search/detail/?ITMCODE=51992334655 HTTP/1.1" 200 198036 "-" "Mozilla/5.0 (Linux; Android 6.0.1; Nexus 5X Build/MMB29P) AppleWebKit/537.36 (KHTML, like Gecko) Chrome/152.0.7977.82 Mobile Safari/537.36 (compatible; Googlebot/2.1; +http://www.google.com/bot.html)"
66.249.68.103 - - [13/Sep/2026:15:20:05 +0300] "GET /index.php/meniu?sale/search/detail/?ITMCODE=51981664233 HTTP/1.1" 200 213252 "-" "Mozilla/5.0 (Linux; Android 6.0.1; Nexus 5X Build/MMB29P) AppleWebKit/537.36 (KHTML, like Gecko) Chrome/152.0.7977.82 Mobile Safari/537.36 (compatible; Googlebot/2.1; +http://www.google.com/bot.html)"
66.249.68.103 - - [13/Sep/2026:15:20:05 +0300] "GET /index.php/meniu?sale/search/detail/?ITMCODE=51992151469 HTTP/1.1" 200 202241 "-" "Mozilla/5.0 (Linux; Android 6.0.1; Nexus 5X Build/MMB29P) AppleWebKit/537.36 (KHTML, like Gecko) Chrome/152.0.7977.82 Mobile Safari/537.36 (compatible; Googlebot/2.1; +http://www.google.com/bot.html)"
66.249.68.102 - - [13/Sep/2026:15:20:06 +0300] "GET /index.php/meniu?sale/search/detail/?ITMCODE=51971205644 HTTP/1.1" 200 198329 "-" "Mozilla/5.0 (Linux; Android 6.0.1; Nexus 5X Build/MMB29P) AppleWebKit/537.36 (KHTML, like Gecko) Chrome/152.0.7977.82 Mobile Safari/537.36 (compatible; Googlebot/2.1; +http://www.google.com/bot.html)"
66.249.68.104 - - [13/Sep/2026:15:20:06 +0300] "GET /index.php/maistas-i-namus?sale/search/detail/?ITMCODE=52002991444 HTTP/1.1" 200 209511 "-" "Mozilla/5.0 (Linux; Android 6.0.1; Nexus 5X Build/MMB29P) AppleWebKit/537.36 (KHTML, like Gecko) Chrome/152.0.7977.82 Mobile Safari/537.36 (compatible; Googlebot/2.1; +http://www.google.com/bot.html)"
66.249.68.96 - - [13/Sep/2026:15:20:06 +0300] "GET /index.php/meniu?sale/search/detail/?ITMCODE=51992318948 HTTP/1.1" 200 197372 "-" "Mozilla/5.0 (Linux; Android 6.0.1; Nexus 5X Build/MMB29P) AppleWebKit/537.36 (KHTML, like Gecko) Chrome/152.0.7977.82 Mobile Safari/537.36 (compatible; Googlebot/2.1; +http://www.google.com/bot.html)"
66.249.68.102 - - [13/Sep/2026:15:20:07 +0300] "GET /index.php/kontaktai?sale/search/detail/?ITMCODE=51992432389 HTTP/1.1" 200 203617 "-" "Mozilla/5.0 (Linux; Android 6.0.1; Nexus 5X Build/MMB29P) AppleWebKit/537.36 (KHTML, like Gecko) Chrome/152.0.7977.82 Mobile Safari/537.36 (compatible; Googlebot/2.1; +http://www.google.com/bot.html)"
66.249.68.103 - - [13/Sep/2026:15:20:08 +0300] "GET /index.php/maistas-i-namus?sale/search/detail/?ITMCODE=5195455203 HTTP/1.1" 200 214707 "-" "Mozilla/5.0 (Linux; Android 6.0.1; Nexus 5X Build/MMB29P) AppleWebKit/537.36 (KHTML, like Gecko) Chrome/152.0.7977.82 Mobile Safari/537.36 (compatible; Googlebot/2.1; +http://www.google.com/bot.html)"
66.249.68.104 - - [13/Sep/2026:15:20:09 +0300] "GET /index.php/kontaktai?sale/search/detail/?ITMCODE=51992136982 HTTP/1.1" 200 212705 "-" "Mozilla/5.0 (Linux; Android 6.0.1; Nexus 5X Build/MMB29P) AppleWebKit/537.36 (KHTML, like Gecko) Chrome/152.0.7977.82 Mobile Safari/537.36 (compatible; Googlebot/2.1; +http://www.google.com/bot.html)"
66.249.68.103 - - [13/Sep/2026:15:20:09 +0300] "GET /index.php/kontaktai?sale/search/detail/?ITMCODE=5196769412 HTTP/1.1" 200 203018 "-" "Mozilla/5.0 (Linux; Android 6.0.1; Nexus 5X Build/MMB29P) AppleWebKit/537.36 (KHTML, like Gecko) Chrome/152.0.7977.82 Mobile Safari/537.36 (compatible; Googlebot/2.1; +http://www.google.com/bot.html)"
66.249.68.101 - - [13/Sep/2026:15:20:09 +0300] "GET /index.php/meniu?sale/search/detail/?ITMCODE=5196909381 HTTP/1.1" 200 208463 "-" "Mozilla/5.0 (Linux; Android 6.0.1; Nexus 5X Build/MMB29P) AppleWebKit/537.36 (KHTML, like Gecko) Chrome/152.0.7977.82 Mobile Safari/537.36 (compatible; Googlebot/2.1; +http://www.google.com/bot.html)"
66.249.68.102 - - [13/Sep/2026:15:20:09 +0300] "GET /index.php/meniu?sale/search/detail/?ITMCODE=52002838376 HTTP/1.1" 200 215290 "-" "Mozilla/5.0 (Linux; Android 6.0.1; Nexus 5X Build/MMB29P) AppleWebKit/537.36 (KHTML, like Gecko) Chrome/152.0.7977.82 Mobile Safari/537.36 (compatible; Googlebot/2.1; +http://www.google.com/bot.html)"
66.249.68.104 - - [13/Sep/2026:15:20:09 +0300] "GET /index.php/kontaktai?sale/search/detail/?ITMCODE=51971217505 HTTP/1.1" 200 202659 "-" "Mozilla/5.0 (Linux; Android 6.0.1; Nexus 5X Build/MMB29P) AppleWebKit/537.36 (KHTML, like Gecko) Chrome/152.0.7977.82 Mobile Safari/537.36 (compatible; Googlebot/2.1; +http://www.google.com/bot.html)"
66.249.68.102 - - [13/Sep/2026:15:20:11 +0300] "GET /index.php/kontaktai?sale/search/detail/?ITMCODE=52002709149 HTTP/1.1" 200 200571 "-" "Mozilla/5.0 (Linux; Android 6.0.1; Nexus 5X Build/MMB29P) AppleWebKit/537.36 (KHTML, like Gecko) Chrome/152.0.7977.82 Mobile Safari/537.36 (compatible; Googlebot/2.1; +http://www.google.com/bot.html)"
66.249.68.105 - - [13/Sep/2026:15:20:10 +0300] "GET /index.php/maistas-i-namus?sale/search/detail/?ITMCODE=51981590869 HTTP/1.1" 200 205316 "-" "Mozilla/5.0 (Linux; Android 6.0.1; Nexus 5X Build/MMB29P) AppleWebKit/537.36 (KHTML, like Gecko) Chrome/152.0.7977.82 Mobile Safari/537.36 (compatible; Googlebot/2.1; +http://www.google.com/bot.html)"
66.249.68.105 - - [13/Sep/2026:15:20:10 +0300] "GET /index.php/kontaktai?sale/search/detail/?ITMCODE=5195121388 HTTP/1.1" 200 219304 "-" "Mozilla/5.0 (Linux; Android 6.0.1; Nexus 5X Build/MMB29P) AppleWebKit/537.36 (KHTML, like Gecko) Chrome/152.0.7977.82 Mobile Safari/537.36 (compatible; Googlebot/2.1; +http://www.google.com/bot.html)"
66.249.68.104 - - [13/Sep/2026:15:20:11 +0300] "GET /index.php/maistas-i-namus?sale/search/detail/?ITMCODE=51981823116 HTTP/1.1" 200 212201 "-" "Mozilla/5.0 (Linux; Android 6.0.1; Nexus 5X Build/MMB29P) AppleWebKit/537.36 (KHTML, like Gecko) Chrome/152.0.7977.82 Mobile Safari/537.36 (compatible; Googlebot/2.1; +http://www.google.com/bot.html)"
66.249.68.103 - - [13/Sep/2026:15:20:11 +0300] "GET /index.php/meniu?sale/search/detail/?ITMCODE=52002958683 HTTP/1.1" 200 205099 "-" "Mozilla/5.0 (Linux; Android 6.0.1; Nexus 5X Build/MMB29P) AppleWebKit/537.36 (KHTML, like Gecko) Chrome/152.0.7977.82 Mobile Safari/537.36 (compatible; Googlebot/2.1; +http://www.google.com/bot.html)"
66.249.68.101 - - [13/Sep/2026:15:20:12 +0300] "GET /index.php/meniu?sale/search/detail/?ITMCODE=5196712104 HTTP/1.1" 200 214422 "-" "Mozilla/5.0 (Linux; Android 6.0.1; Nexus 5X Build/MMB29P) AppleWebKit/537.36 (KHTML, like Gecko) Chrome/152.0.7977.82 Mobile Safari/537.36 (compatible; Googlebot/2.1; +http://www.google.com/bot.html)"
66.249.68.97 - - [13/Sep/2026:15:20:12 +0300] "GET /shop/customer/bookmark.php?sale/search/detail/?ITMCODE=51992333572 HTTP/1.1" 200 203022 "-" "Mozilla/5.0 (Linux; Android 6.0.1; Nexus 5X Build/MMB29P) AppleWebKit/537.36 (KHTML, like Gecko) Chrome/152.0.7977.82 Mobile Safari/537.36 (compatible; Googlebot/2.1; +http://www.google.com/bot.html)"
66.249.68.104 - - [13/Sep/2026:15:20:13 +0300] "GET /index.php/kontaktai?sale/search/detail/?ITMCODE=5196714873 HTTP/1.1" 200 199363 "-" "Mozilla/5.0 (Linux; Android 6.0.1; Nexus 5X Build/MMB29P) AppleWebKit/537.36 (KHTML, like Gecko) Chrome/152.0.7977.82 Mobile Safari/537.36 (compatible; Googlebot/2.1; +http://www.google.com/bot.html)"
66.249.68.105 - - [13/Sep/2026:15:20:13 +0300] "GET /index.php/kontaktai?sale/search/detail/?ITMCODE=5195429501 HTTP/1.1" 200 214065 "-" "Mozilla/5.0 (Linux; Android 6.0.1; Nexus 5X Build/MMB29P) AppleWebKit/537.36 (KHTML, like Gecko) Chrome/152.0.7977.82 Mobile Safari/537.36 (compatible; Googlebot/2.1; +http://www.google.com/bot.html)"
66.249.68.104 - - [13/Sep/2026:15:20:13 +0300] "GET /index.php/kontaktai?sale/search/detail/?ITMCODE=51992105309 HTTP/1.1" 200 198372 "-" "Mozilla/5.0 (Linux; Android 6.0.1; Nexus 5X Build/MMB29P) AppleWebKit/537.36 (KHTML, like Gecko) Chrome/152.0.7977.82 Mobile Safari/537.36 (compatible; Googlebot/2.1; +http://www.google.com/bot.html)"
66.249.68.103 - - [13/Sep/2026:15:20:13 +0300] "GET /index.php/kontaktai?sale/search/detail/?ITMCODE=5196579597 HTTP/1.1" 200 200022 "-" "Mozilla/5.0 (Linux; Android 6.0.1; Nexus 5X Build/MMB29P) AppleWebKit/537.36 (KHTML, like Gecko) Chrome/152.0.7977.82 Mobile Safari/537.36 (compatible; Googlebot/2.1; +http://www.google.com/bot.html)"
66.249.68.97 - - [13/Sep/2026:15:20:14 +0300] "GET /?sale/search/detail/?ITMCODE=51981858231 HTTP/1.1" 200 196954 "-" "Mozilla/5.0 (Linux; Android 6.0.1; Nexus 5X Build/MMB29P) AppleWebKit/537.36 (KHTML, like Gecko) Chrome/152.0.7977.82 Mobile Safari/537.36 (compatible; Googlebot/2.1; +http://www.google.com/bot.html)"
66.249.68.104 - - [13/Sep/2026:15:20:15 +0300] "GET /?sale/search/detail/?ITMCODE=5195405774 HTTP/1.1" 200 205888 "-" "Mozilla/5.0 (Linux; Android 6.0.1; Nexus 5X Build/MMB29P) AppleWebKit/537.36 (KHTML, like Gecko) Chrome/152.0.7977.82 Mobile Safari/537.36 (compatible; Googlebot/2.1; +http://www.google.com/bot.html)"
66.249.68.102 - - [13/Sep/2026:15:20:15 +0300] "GET /index.php/meniu?sale/search/detail/?ITMCODE=5195225972 HTTP/1.1" 200 202901 "-" "Mozilla/5.0 (Linux; Android 6.0.1; Nexus 5X Build/MMB29P) AppleWebKit/537.36 (KHTML, like Gecko) Chrome/152.0.7977.82 Mobile Safari/537.36 (compatible; Googlebot/2.1; +http://www.google.com/bot.html)"
66.249.68.105 - - [13/Sep/2026:15:20:15 +0300] "GET /index.php/meniu?sale/search/detail/?ITMCODE=5195425989 HTTP/1.1" 200 213937 "-" "Mozilla/5.0 (Linux; Android 6.0.1; Nexus 5X Build/MMB29P) AppleWebKit/537.36 (KHTML, like Gecko) Chrome/152.0.7977.82 Mobile Safari/537.36 (compatible; Googlebot/2.1; +http://www.google.com/bot.html)"
66.249.68.105 - - [13/Sep/2026:15:20:17 +0300] "GET /index.php/meniu?sale/search/detail/?ITMCODE=5195185720 HTTP/1.1" 200 203302 "-" "Mozilla/5.0 (Linux; Android 6.0.1; Nexus 5X Build/MMB29P) AppleWebKit/537.36 (KHTML, like Gecko) Chrome/152.0.7977.82 Mobile Safari/537.36 (compatible; Googlebot/2.1; +http://www.google.com/bot.html)"
66.249.68.103 - - [13/Sep/2026:15:20:17 +0300] "GET /index.php/meniu?sale/search/detail/?ITMCODE=5196805240 HTTP/1.1" 200 203910 "-" "Mozilla/5.0 (Linux; Android 6.0.1; Nexus 5X Build/MMB29P) AppleWebKit/537.36 (KHTML, like Gecko) Chrome/152.0.7977.82 Mobile Safari/537.36 (compatible; Googlebot/2.1; +http://www.google.com/bot.html)"
66.249.68.105 - - [13/Sep/2026:15:20:17 +0300] "GET /index.php/maistas-i-namus?sale/search/detail/?ITMCODE=51971395169 HTTP/1.1" 200 204753 "-" "Mozilla/5.0 (Linux; Android 6.0.1; Nexus 5X Build/MMB29P) AppleWebKit/537.36 (KHTML, like Gecko) Chrome/152.0.7977.82 Mobile Safari/537.36 (compatible; Googlebot/2.1; +http://www.google.com/bot.html)"
66.249.68.103 - - [13/Sep/2026:15:20:18 +0300] "GET /index.php/meniu?sale/search/detail/?ITMCODE=5196711365 HTTP/1.1" 200 202156 "-" "Mozilla/5.0 (Linux; Android 6.0.1; Nexus 5X Build/MMB29P) AppleWebKit/537.36 (KHTML, like Gecko) Chrome/152.0.7977.82 Mobile Safari/537.36 (compatible; Googlebot/2.1; +http://www.google.com/bot.html)"
66.249.68.103 - - [13/Sep/2026:15:20:18 +0300] "GET /?sale/search/detail/?ITMCODE=5196507470 HTTP/1.1" 200 195912 "-" "Mozilla/5.0 (Linux; Android 6.0.1; Nexus 5X Build/MMB29P) AppleWebKit/537.36 (KHTML, like Gecko) Chrome/152.0.7977.82 Mobile Safari/537.36 (compatible; Googlebot/2.1; +http://www.google.com/bot.html)"
66.249.68.96 - - [13/Sep/2026:15:20:19 +0300] "GET /index.php/maistas-i-namus?sale/search/detail/?ITMCODE=5196651680 HTTP/1.1" 200 217017 "-" "Mozilla/5.0 (Linux; Android 6.0.1; Nexus 5X Build/MMB29P) AppleWebKit/537.36 (KHTML, like Gecko) Chrome/152.0.7977.82 Mobile Safari/537.36 (compatible; Googlebot/2.1; +http://www.google.com/bot.html)"
66.249.68.97 - - [13/Sep/2026:15:20:19 +0300] "GET /index.php?sale/search/detail/?ITMCODE=5196882061 HTTP/1.1" 200 211719 "-" "Mozilla/5.0 (Linux; Android 6.0.1; Nexus 5X Build/MMB29P) AppleWebKit/537.36 (KHTML, like Gecko) Chrome/152.0.7977.82 Mobile Safari/537.36 (compatible; Googlebot/2.1; +http://www.google.com/bot.html)"
66.249.68.104 - - [13/Sep/2026:15:20:19 +0300] "GET /index.php/meniu?sale/search/detail/?ITMCODE=5196944043 HTTP/1.1" 200 205986 "-" "Mozilla/5.0 (Linux; Android 6.0.1; Nexus 5X Build/MMB29P) AppleWebKit/537.36 (KHTML, like Gecko) Chrome/152.0.7977.82 Mobile Safari/537.36 (compatible; Googlebot/2.1; +http://www.google.com/bot.html)"
66.249.68.96 - - [13/Sep/2026:15:20:20 +0300] "GET /index.php/maistas-i-namus?sale/search/detail/?ITMCODE=51971066676 HTTP/1.1" 200 199987 "-" "Mozilla/5.0 (Linux; Android 6.0.1; Nexus 5X Build/MMB29P) AppleWebKit/537.36 (KHTML, like Gecko) Chrome/152.0.7977.82 Mobile Safari/537.36 (compatible; Googlebot/2.1; +http://www.google.com/bot.html)"
66.249.68.97 - - [13/Sep/2026:15:20:20 +0300] "GET /index.php/maistas-i-namus?sale/search/detail/?ITMCODE=51971172100 HTTP/1.1" 200 202890 "-" "Mozilla/5.0 (Linux; Android 6.0.1; Nexus 5X Build/MMB29P) AppleWebKit/537.36 (KHTML, like Gecko) Chrome/152.0.7977.82 Mobile Safari/537.36 (compatible; Googlebot/2.1; +http://www.google.com/bot.html)"
66.249.68.101 - - [13/Sep/2026:15:20:20 +0300] "GET /index.php/meniu?sale/search/detail/?ITMCODE=51992453330 HTTP/1.1" 200 201497 "-" "Mozilla/5.0 (Linux; Android 6.0.1; Nexus 5X Build/MMB29P) AppleWebKit/537.36 (KHTML, like Gecko) Chrome/152.0.7977.82 Mobile Safari/537.36 (compatible; Googlebot/2.1; +http://www.google.com/bot.html)"
66.249.68.97 - - [13/Sep/2026:15:20:20 +0300] "GET /index.php/meniu?sale/search/detail/?ITMCODE=51971125395 HTTP/1.1" 200 198159 "-" "Mozilla/5.0 (Linux; Android 6.0.1; Nexus 5X Build/MMB29P) AppleWebKit/537.36 (KHTML, like Gecko) Chrome/152.0.7977.82 Mobile Safari/537.36 (compatible; Googlebot/2.1; +http://www.google.com/bot.html)"
66.249.68.104 - - [13/Sep/2026:15:20:21 +0300] "GET /index.php/kontaktai?sale/search/detail/?ITMCODE=52002941879 HTTP/1.1" 200 201618 "-" "Mozilla/5.0 (Linux; Android 6.0.1; Nexus 5X Build/MMB29P) AppleWebKit/537.36 (KHTML, like Gecko) Chrome/152.0.7977.82 Mobile Safari/537.36 (compatible; Googlebot/2.1; +http://www.google.com/bot.html)"
66.249.68.104 - - [13/Sep/2026:15:20:22 +0300] "GET /index.php/meniu?sale/search/detail/?ITMCODE=52002574227 HTTP/1.1" 200 198872 "-" "Mozilla/5.0 (Linux; Android 6.0.1; Nexus 5X Build/MMB29P) AppleWebKit/537.36 (KHTML, like Gecko) Chrome/152.0.7977.82 Mobile Safari/537.36 (compatible; Googlebot/2.1; +http://www.google.com/bot.html)"
66.249.68.105 - - [13/Sep/2026:15:20:22 +0300] "GET /?sale/search/detail/?ITMCODE=5196710060 HTTP/1.1" 200 209484 "-" "Mozilla/5.0 (Linux; Android 6.0.1; Nexus 5X Build/MMB29P) AppleWebKit/537.36 (KHTML, like Gecko) Chrome/152.0.7977.82 Mobile Safari/537.36 (compatible; Googlebot/2.1; +http://www.google.com/bot.html)"
66.249.68.105 - - [13/Sep/2026:15:20:22 +0300] "GET /index.php/kontaktai?sale/search/detail/?ITMCODE=5196979853 HTTP/1.1" 200 224698 "-" "Mozilla/5.0 (Linux; Android 6.0.1; Nexus 5X Build/MMB29P) AppleWebKit/537.36 (KHTML, like Gecko) Chrome/152.0.7977.82 Mobile Safari/537.36 (compatible; Googlebot/2.1; +http://www.google.com/bot.html)"
66.249.68.105 - - [13/Sep/2026:15:20:23 +0300] "GET /index.php/meniu?sale/search/detail/?ITMCODE=52002549523 HTTP/1.1" 200 207106 "-" "Mozilla/5.0 (Linux; Android 6.0.1; Nexus 5X Build/MMB29P) AppleWebKit/537.36 (KHTML, like Gecko) Chrome/152.0.7977.82 Mobile Safari/537.36 (compatible; Googlebot/2.1; +http://www.google.com/bot.html)"
66.249.68.103 - - [13/Sep/2026:15:20:23 +0300] "GET /index.php/kontaktai?sale/search/detail/?ITMCODE=5196666906 HTTP/1.1" 200 202120 "-" "Mozilla/5.0 (Linux; Android 6.0.1; Nexus 5X Build/MMB29P) AppleWebKit/537.36 (KHTML, like Gecko) Chrome/152.0.7977.82 Mobile Safari/537.36 (compatible; Googlebot/2.1; +http://www.google.com/bot.html)"
66.249.68.101 - - [13/Sep/2026:15:20:23 +0300] "GET /index.php/meniu?sale/search/detail/?ITMCODE=51971048929 HTTP/1.1" 200 210193 "-" "Mozilla/5.0 (Linux; Android 6.0.1; Nexus 5X Build/MMB29P) AppleWebKit/537.36 (KHTML, like Gecko) Chrome/152.0.7977.82 Mobile Safari/537.36 (compatible; Googlebot/2.1; +http://www.google.com/bot.html)"
66.249.68.103 - - [13/Sep/2026:15:20:24 +0300] "GET /index.php/maistas-i-namus?sale/search/detail/?ITMCODE=51971030423 HTTP/1.1" 200 219444 "-" "Mozilla/5.0 (Linux; Android 6.0.1; Nexus 5X Build/MMB29P) AppleWebKit/537.36 (KHTML, like Gecko) Chrome/152.0.7977.82 Mobile Safari/537.36 (compatible; Googlebot/2.1; +http://www.google.com/bot.html)"
66.249.68.104 - - [13/Sep/2026:15:20:25 +0300] "GET /index.php/kontaktai?sale/search/detail/?ITMCODE=51971239872 HTTP/1.1" 200 207341 "-" "Mozilla/5.0 (Linux; Android 6.0.1; Nexus 5X Build/MMB29P) AppleWebKit/537.36 (KHTML, like Gecko) Chrome/152.0.7977.82 Mobile Safari/537.36 (compatible; Googlebot/2.1; +http://www.google.com/bot.html)"
66.249.68.101 - - [13/Sep/2026:15:20:25 +0300] "GET /index.php/meniu?sale/search/detail/?ITMCODE=51981997569 HTTP/1.1" 200 207352 "-" "Mozilla/5.0 (Linux; Android 6.0.1; Nexus 5X Build/MMB29P) AppleWebKit/537.36 (KHTML, like Gecko) Chrome/152.0.7977.82 Mobile Safari/537.36 (compatible; Googlebot/2.1; +http://www.google.com/bot.html)"
66.249.68.103 - - [13/Sep/2026:15:20:26 +0300] "GET /index.php/meniu?sale/search/detail/?ITMCODE=52002840040 HTTP/1.1" 200 204656 "-" "Mozilla/5.0 (Linux; Android 6.0.1; Nexus 5X Build/MMB29P) AppleWebKit/537.36 (KHTML, like Gecko) Chrome/152.0.7977.82 Mobile Safari/537.36 (compatible; Googlebot/2.1; +http://www.google.com/bot.html)"
66.249.68.104 - - [13/Sep/2026:15:20:25 +0300] "GET /index.php/kontaktai?shop/c/c51961000618/ HTTP/1.1" 200 184321 "-" "Mozilla/5.0 (Linux; Android 6.0.1; Nexus 5X Build/MMB29P) AppleWebKit/537.36 (KHTML, like Gecko) Chrome/152.0.7977.82 Mobile Safari/537.36 (compatible; Googlebot/2.1; +http://www.google.com/bot.html)"
66.249.68.104 - - [13/Sep/2026:15:20:26 +0300] "GET /index.php/maistas-i-namus?sale/search/detail/?ITMCODE=5195358020 HTTP/1.1" 200 208268 "-" "Mozilla/5.0 (Linux; Android 6.0.1; Nexus 5X Build/MMB29P) AppleWebKit/537.36 (KHTML, like Gecko) Chrome/152.0.7977.82 Mobile Safari/537.36 (compatible; Googlebot/2.1; +http://www.google.com/bot.html)"
66.249.68.101 - - [13/Sep/2026:15:20:27 +0300] "GET /index.php/meniu?sale/search/detail/?ITMCODE=52002986515 HTTP/1.1" 200 206789 "-" "Mozilla/5.0 (Linux; Android 6.0.1; Nexus 5X Build/MMB29P) AppleWebKit/537.36 (KHTML, like Gecko) Chrome/152.0.7977.82 Mobile Safari/537.36 (compatible; Googlebot/2.1; +http://www.google.com/bot.html)"
66.249.68.105 - - [13/Sep/2026:15:20:26 +0300] "GET /index.php/kontaktai?sale/search/detail/?ITMCODE=51971052343 HTTP/1.1" 200 207768 "-" "Mozilla/5.0 (Linux; Android 6.0.1; Nexus 5X Build/MMB29P) AppleWebKit/537.36 (KHTML, like Gecko) Chrome/152.0.7977.82 Mobile Safari/537.36 (compatible; Googlebot/2.1; +http://www.google.com/bot.html)"
66.249.68.103 - - [13/Sep/2026:15:20:27 +0300] "GET /index.php/meniu?sale/search/detail/?ITMCODE=52002995014 HTTP/1.1" 200 201417 "-" "Mozilla/5.0 (Linux; Android 6.0.1; Nexus 5X Build/MMB29P) AppleWebKit/537.36 (KHTML, like Gecko) Chrome/152.0.7977.82 Mobile Safari/537.36 (compatible; Googlebot/2.1; +http://www.google.com/bot.html)"
66.249.68.96 - - [13/Sep/2026:15:20:27 +0300] "GET /index.php/maistas-i-namus?sale/search/detail/?ITMCODE=51971462799 HTTP/1.1" 200 199220 "-" "Mozilla/5.0 (Linux; Android 6.0.1; Nexus 5X Build/MMB29P) AppleWebKit/537.36 (KHTML, like Gecko) Chrome/152.0.7977.82 Mobile Safari/537.36 (compatible; Googlebot/2.1; +http://www.google.com/bot.html)"
66.249.68.96 - - [13/Sep/2026:15:20:28 +0300] "GET /?sale/search/detail/?ITMCODE=51992049413 HTTP/1.1" 200 205896 "-" "Mozilla/5.0 (Linux; Android 6.0.1; Nexus 5X Build/MMB29P) AppleWebKit/537.36 (KHTML, like Gecko) Chrome/152.0.7977.82 Mobile Safari/537.36 (compatible; Googlebot/2.1; +http://www.google.com/bot.html)"
66.249.68.100 - - [13/Sep/2026:15:20:29 +0300] "GET /index.php/meniu?sale/search/detail/?ITMCODE=51971140686 HTTP/1.1" 200 200998 "-" "Mozilla/5.0 (Linux; Android 6.0.1; Nexus 5X Build/MMB29P) AppleWebKit/537.36 (KHTML, like Gecko) Chrome/152.0.7977.82 Mobile Safari/537.36 (compatible; Googlebot/2.1; +http://www.google.com/bot.html)"
66.249.68.99 - - [13/Sep/2026:15:20:29 +0300] "GET /index.php/meniu?sale/search/detail/?ITMCODE=51992424051 HTTP/1.1" 200 207780 "-" "Mozilla/5.0 (Linux; Android 6.0.1; Nexus 5X Build/MMB29P) AppleWebKit/537.36 (KHTML, like Gecko) Chrome/152.0.7977.82 Mobile Safari/537.36 (compatible; Googlebot/2.1; +http://www.google.com/bot.html)"
66.249.68.101 - - [13/Sep/2026:15:20:30 +0300] "GET /index.php/meniu?sale/search/detail/?ITMCODE=5196524997 HTTP/1.1" 200 204319 "-" "Mozilla/5.0 (Linux; Android 6.0.1; Nexus 5X Build/MMB29P) AppleWebKit/537.36 (KHTML, like Gecko) Chrome/152.0.7977.82 Mobile Safari/537.36 (compatible; Googlebot/2.1; +http://www.google.com/bot.html)"
66.249.68.97 - - [13/Sep/2026:15:20:31 +0300] "GET /?sale/search/detail/?ITMCODE=51971248352 HTTP/1.1" 200 200169 "-" "Mozilla/5.0 (Linux; Android 6.0.1; Nexus 5X Build/MMB29P) AppleWebKit/537.36 (KHTML, like Gecko) Chrome/152.0.7977.82 Mobile Safari/537.36 (compatible; Googlebot/2.1; +http://www.google.com/bot.html)"
66.249.68.96 - - [13/Sep/2026:15:20:31 +0300] "GET /index.php/meniu?sale/search/detail/?ITMCODE=51981977926 HTTP/1.1" 200 206486 "-" "Mozilla/5.0 (Linux; Android 6.0.1; Nexus 5X Build/MMB29P) AppleWebKit/537.36 (KHTML, like Gecko) Chrome/152.0.7977.82 Mobile Safari/537.36 (compatible; Googlebot/2.1; +http://www.google.com/bot.html)"
66.249.68.99 - - [13/Sep/2026:15:20:32 +0300] "GET /index.php/meniu?sale/search/detail/?ITMCODE=519545614 HTTP/1.1" 200 211395 "-" "Mozilla/5.0 (Linux; Android 6.0.1; Nexus 5X Build/MMB29P) AppleWebKit/537.36 (KHTML, like Gecko) Chrome/152.0.7977.82 Mobile Safari/537.36 (compatible; Googlebot/2.1; +http://www.google.com/bot.html)"
66.249.68.101 - - [13/Sep/2026:15:20:32 +0300] "GET /index.php/meniu?sale/search/detail/?ITMCODE=52002828322 HTTP/1.1" 200 209991 "-" "Mozilla/5.0 (Linux; Android 6.0.1; Nexus 5X Build/MMB29P) AppleWebKit/537.36 (KHTML, like Gecko) Chrome/152.0.7977.82 Mobile Safari/537.36 (compatible; Googlebot/2.1; +http://www.google.com/bot.html)"
66.249.68.104 - - [13/Sep/2026:15:20:32 +0300] "GET /index.php/kontaktai?sale/search/detail/?ITMCODE=51981973219 HTTP/1.1" 200 211829 "-" "Mozilla/5.0 (Linux; Android 6.0.1; Nexus 5X Build/MMB29P) AppleWebKit/537.36 (KHTML, like Gecko) Chrome/152.0.7977.82 Mobile Safari/537.36 (compatible; Googlebot/2.1; +http://www.google.com/bot.html)"
66.249.68.104 - - [13/Sep/2026:15:20:34 +0300] "GET /?sale/search/detail/?ITMCODE=51981996098 HTTP/1.1" 200 202436 "-" "Mozilla/5.0 (Linux; Android 6.0.1; Nexus 5X Build/MMB29P) AppleWebKit/537.36 (KHTML, like Gecko) Chrome/152.0.7977.82 Mobile Safari/537.36 (compatible; Googlebot/2.1; +http://www.google.com/bot.html)"
66.249.68.103 - - [13/Sep/2026:15:20:34 +0300] "GET /index.php/maistas-i-namus?sale/search/detail/?ITMCODE=5196835847 HTTP/1.1" 200 207330 "-" "Mozilla/5.0 (Linux; Android 6.0.1; Nexus 5X Build/MMB29P) AppleWebKit/537.36 (KHTML, like Gecko) Chrome/152.0.7977.82 Mobile Safari/537.36 (compatible; Googlebot/2.1; +http://www.google.com/bot.html)"
66.249.68.103 - - [13/Sep/2026:15:20:34 +0300] "GET /index.php/kontaktai?sale/search/detail/?ITMCODE=5196719564 HTTP/1.1" 200 204223 "-" "Mozilla/5.0 (Linux; Android 6.0.1; Nexus 5X Build/MMB29P) AppleWebKit/537.36 (KHTML, like Gecko) Chrome/152.0.7977.82 Mobile Safari/537.36 (compatible; Googlebot/2.1; +http://www.google.com/bot.html)"
66.249.68.103 - - [13/Sep/2026:15:20:35 +0300] "GET /index.php/meniu?sale/search/detail/?ITMCODE=51971148165 HTTP/1.1" 200 202190 "-" "Mozilla/5.0 (Linux; Android 6.0.1; Nexus 5X Build/MMB29P) AppleWebKit/537.36 (KHTML, like Gecko) Chrome/152.0.7977.82 Mobile Safari/537.36 (compatible; Googlebot/2.1; +http://www.google.com/bot.html)"
66.249.68.105 - - [13/Sep/2026:15:20:35 +0300] "GET /index.php/maistas-i-namus?sale/search/detail/?ITMCODE=5195278547 HTTP/1.1" 200 218593 "-" "Mozilla/5.0 (Linux; Android 6.0.1; Nexus 5X Build/MMB29P) AppleWebKit/537.36 (KHTML, like Gecko) Chrome/152.0.7977.82 Mobile Safari/537.36 (compatible; Googlebot/2.1; +http://www.google.com/bot.html)"
66.249.68.102 - - [13/Sep/2026:15:20:35 +0300] "GET /index.php/kontaktai?sale/search/detail/?ITMCODE=52002616678 HTTP/1.1" 200 201501 "-" "Mozilla/5.0 (Linux; Android 6.0.1; Nexus 5X Build/MMB29P) AppleWebKit/537.36 (KHTML, like Gecko) Chrome/152.0.7977.82 Mobile Safari/537.36 (compatible; Googlebot/2.1; +http://www.google.com/bot.html)"
66.249.68.98 - - [13/Sep/2026:15:20:39 +0300] "GET /shop/pg/1019996 HTTP/1.1" 200 193977 "-" "Mozilla/5.0 (Linux; Android 6.0.1; Nexus 5X Build/MMB29P) AppleWebKit/537.36 (KHTML, like Gecko) Chrome/152.0.7977.82 Mobile Safari/537.36 (compatible; Googlebot/2.1; +http://www.google.com/bot.html)"
66.249.68.105 - - [13/Sep/2026:15:20:42 +0300] "GET /index.php/kontaktai?sale/search/detail/?ITMCODE=51981672577 HTTP/1.1" 200 209800 "-" "Mozilla/5.0 (Linux; Android 6.0.1; Nexus 5X Build/MMB29P) AppleWebKit/537.36 (KHTML, like Gecko) Chrome/152.0.7977.82 Mobile Safari/537.36 (compatible; Googlebot/2.1; +http://www.google.com/bot.html)"
66.249.68.105 - - [13/Sep/2026:15:20:47 +0300] "GET /shop/js/cart.aspx?_=1788480000000 HTTP/1.1" 200 206014 "https://chenglong.lt/index.php/kontaktai?shop/c/c51961000618/" "Mozilla/5.0 (Linux; Android 6.0.1; Nexus 5X Build/MMB29P) AppleWebKit/537.36 (KHTML, like Gecko) Chrome/152.0.7977.82 Mobile Safari/537.36 (compatible; Googlebot/2.1; +http://www.google.com/bot.html)"
66.249.68.105 - - [13/Sep/2026:15:21:00 +0300] "GET /?sale/search/detail/?ITMCODE=51981560998 HTTP/1.1" 200 212244 "-" "Mozilla/5.0 (Linux; Android 6.0.1; Nexus 5X Build/MMB29P) AppleWebKit/537.36 (KHTML, like Gecko) Chrome/152.0.7977.82 Mobile Safari/537.36 (compatible; Googlebot/2.1; +http://www.google.com/bot.html)"
66.249.68.96 - - [13/Sep/2026:15:21:00 +0300] "GET /index.php/maistas-i-namus?sale/search/detail/?ITMCODE=51971337785 HTTP/1.1" 200 203164 "-" "Mozilla/5.0 (Linux; Android 6.0.1; Nexus 5X Build/MMB29P) AppleWebKit/537.36 (KHTML, like Gecko) Chrome/152.0.7977.82 Mobile Safari/537.36 (compatible; Googlebot/2.1; +http://www.google.com/bot.html)"
66.249.68.98 - - [13/Sep/2026:15:21:01 +0300] "GET /index.php/kontaktai?sale/search/detail/?ITMCODE=51971053419 HTTP/1.1" 200 204755 "-" "Mozilla/5.0 (Linux; Android 6.0.1; Nexus 5X Build/MMB29P) AppleWebKit/537.36 (KHTML, like Gecko) Chrome/152.0.7977.82 Mobile Safari/537.36 (compatible; Googlebot/2.1; +http://www.google.com/bot.html)"
66.249.68.100 - - [13/Sep/2026:15:21:02 +0300] "GET /index.php/kontaktai?sale/search/detail/?ITMCODE=5195209085 HTTP/1.1" 200 200650 "-" "Mozilla/5.0 (Linux; Android 6.0.1; Nexus 5X Build/MMB29P) AppleWebKit/537.36 (KHTML, like Gecko) Chrome/152.0.7977.82 Mobile Safari/537.36 (compatible; Googlebot/2.1; +http://www.google.com/bot.html)"
66.249.68.104 - - [13/Sep/2026:15:21:04 +0300] "GET /index.php/meniu?sale/search/detail/?ITMCODE=51971118853 HTTP/1.1" 200 209548 "-" "Mozilla/5.0 (Linux; Android 6.0.1; Nexus 5X Build/MMB29P) AppleWebKit/537.36 (KHTML, like Gecko) Chrome/152.0.7977.82 Mobile Safari/537.36 (compatible; Googlebot/2.1; +http://www.google.com/bot.html)"
66.249.68.105 - - [13/Sep/2026:15:21:05 +0300] "GET /index.php/kontaktai?sale/search/detail/?ITMCODE=51971067409 HTTP/1.1" 200 226633 "-" "Mozilla/5.0 (Linux; Android 6.0.1; Nexus 5X Build/MMB29P) AppleWebKit/537.36 (KHTML, like Gecko) Chrome/152.0.7977.82 Mobile Safari/537.36 (compatible; Googlebot/2.1; +http://www.google.com/bot.html)"
66.249.68.105 - - [13/Sep/2026:15:21:05 +0300] "GET /index.php/meniu?sale/search/detail/?ITMCODE=5195313009 HTTP/1.1" 200 198897 "-" "Mozilla/5.0 (Linux; Android 6.0.1; Nexus 5X Build/MMB29P) AppleWebKit/537.36 (KHTML, like Gecko) Chrome/152.0.7977.82 Mobile Safari/537.36 (compatible; Googlebot/2.1; +http://www.google.com/bot.html)"
66.249.68.104 - - [13/Sep/2026:15:21:05 +0300] "GET /index.php/meniu?sale/search/detail/?ITMCODE=519541521 HTTP/1.1" 200 218069 "-" "Mozilla/5.0 (Linux; Android 6.0.1; Nexus 5X Build/MMB29P) AppleWebKit/537.36 (KHTML, like Gecko) Chrome/152.0.7977.82 Mobile Safari/537.36 (compatible; Googlebot/2.1; +http://www.google.com/bot.html)"
66.249.68.101 - - [13/Sep/2026:15:21:05 +0300] "GET /?sale/search/detail/?ITMCODE=5195258471 HTTP/1.1" 200 199327 "-" "Mozilla/5.0 (Linux; Android 6.0.1; Nexus 5X Build/MMB29P) AppleWebKit/537.36 (KHTML, like Gecko) Chrome/152.0.7977.82 Mobile Safari/537.36 (compatible; Googlebot/2.1; +http://www.google.com/bot.html)"
66.249.68.105 - - [13/Sep/2026:15:21:10 +0300] "GET /index.php/kontaktai?sale/search/detail/?ITMCODE=52002809789 HTTP/1.1" 200 203161 "-" "Mozilla/5.0 (Linux; Android 6.0.1; Nexus 5X Build/MMB29P) AppleWebKit/537.36 (KHTML, like Gecko) Chrome/152.0.7977.82 Mobile Safari/537.36 (compatible; Googlebot/2.1; +http://www.google.com/bot.html)"
66.249.68.97 - - [13/Sep/2026:15:21:11 +0300] "GET /?sale/search/detail/?ITMCODE=51981779257 HTTP/1.1" 200 193397 "-" "Mozilla/5.0 (Linux; Android 6.0.1; Nexus 5X Build/MMB29P) AppleWebKit/537.36 (KHTML, like Gecko) Chrome/152.0.7977.82 Mobile Safari/537.36 (compatible; Googlebot/2.1; +http://www.google.com/bot.html)"
66.249.68.97 - - [13/Sep/2026:15:21:12 +0300] "GET /index.php/meniu?sale/search/detail/?ITMCODE=5195394034 HTTP/1.1" 200 208546 "-" "Mozilla/5.0 (Linux; Android 6.0.1; Nexus 5X Build/MMB29P) AppleWebKit/537.36 (KHTML, like Gecko) Chrome/152.0.7977.82 Mobile Safari/537.36 (compatible; Googlebot/2.1; +http://www.google.com/bot.html)"
66.249.68.105 - - [13/Sep/2026:15:21:12 +0300] "GET /index.php/kontaktai?sale/search/detail/?ITMCODE=5196523311 HTTP/1.1" 200 216287 "-" "Mozilla/5.0 (Linux; Android 6.0.1; Nexus 5X Build/MMB29P) AppleWebKit/537.36 (KHTML, like Gecko) Chrome/152.0.7977.82 Mobile Safari/537.36 (compatible; Googlebot/2.1; +http://www.google.com/bot.html)"
66.249.68.99 - - [13/Sep/2026:15:21:12 +0300] "GET /index.php/kontaktai?sale/search/detail/?ITMCODE=51992054989 HTTP/1.1" 200 201273 "-" "Mozilla/5.0 (Linux; Android 6.0.1; Nexus 5X Build/MMB29P) AppleWebKit/537.36 (KHTML, like Gecko) Chrome/152.0.7977.82 Mobile Safari/537.36 (compatible; Googlebot/2.1; +http://www.google.com/bot.html)"
66.249.68.103 - - [13/Sep/2026:15:21:13 +0300] "GET /index.php/kontaktai?sale/search/detail/?ITMCODE=51971136203 HTTP/1.1" 200 205034 "-" "Mozilla/5.0 (Linux; Android 6.0.1; Nexus 5X Build/MMB29P) AppleWebKit/537.36 (KHTML, like Gecko) Chrome/152.0.7977.82 Mobile Safari/537.36 (compatible; Googlebot/2.1; +http://www.google.com/bot.html)"
66.249.68.96 - - [13/Sep/2026:15:21:13 +0300] "GET /index.php/maistas-i-namus?sale/search/detail/?ITMCODE=52002862249 HTTP/1.1" 200 202131 "-" "Mozilla/5.0 (Linux; Android 6.0.1; Nexus 5X Build/MMB29P) AppleWebKit/537.36 (KHTML, like Gecko) Chrome/152.0.7977.82 Mobile Safari/537.36 (compatible; Googlebot/2.1; +http://www.google.com/bot.html)"
66.249.68.105 - - [13/Sep/2026:15:21:14 +0300] "GET /index.php/meniu?sale/search/detail/?ITMCODE=5195300702 HTTP/1.1" 200 204165 "-" "Mozilla/5.0 (Linux; Android 6.0.1; Nexus 5X Build/MMB29P) AppleWebKit/537.36 (KHTML, like Gecko) Chrome/152.0.7977.82 Mobile Safari/537.36 (compatible; Googlebot/2.1; +http://www.google.com/bot.html)"
66.249.68.99 - - [13/Sep/2026:15:21:14 +0300] "GET /index.php/meniu?sale/search/detail/?ITMCODE=51992059314 HTTP/1.1" 200 198705 "-" "Mozilla/5.0 (Linux; Android 6.0.1; Nexus 5X Build/MMB29P) AppleWebKit/537.36 (KHTML, like Gecko) Chrome/152.0.7977.82 Mobile Safari/537.36 (compatible; Googlebot/2.1; +http://www.google.com/bot.html)"
66.249.68.103 - - [13/Sep/2026:15:21:13 +0300] "GET /index.php/meniu?shop/c/c51981001720/ HTTP/1.1" 200 272271 "-" "Mozilla/5.0 (Linux; Android 6.0.1; Nexus 5X Build/MMB29P) AppleWebKit/537.36 (KHTML, like Gecko) Chrome/152.0.7977.82 Mobile Safari/537.36 (compatible; Googlebot/2.1; +http://www.google.com/bot.html)"
66.249.68.98 - - [13/Sep/2026:15:21:14 +0300] "GET /?sale/search/detail/?ITMCODE=51981599484 HTTP/1.1" 200 223405 "-" "Mozilla/5.0 (Linux; Android 6.0.1; Nexus 5X Build/MMB29P) AppleWebKit/537.36 (KHTML, like Gecko) Chrome/152.0.7977.82 Mobile Safari/537.36 (compatible; Googlebot/2.1; +http://www.google.com/bot.html)"
66.249.68.105 - - [13/Sep/2026:15:21:15 +0300] "GET /index.php/meniu?sale/search/detail/?ITMCODE=5195336137 HTTP/1.1" 200 206454 "-" "Mozilla/5.0 (Linux; Android 6.0.1; Nexus 5X Build/MMB29P) AppleWebKit/537.36 (KHTML, like Gecko) Chrome/152.0.7977.82 Mobile Safari/537.36 (compatible; Googlebot/2.1; +http://www.google.com/bot.html)"
66.249.68.103 - - [13/Sep/2026:15:21:15 +0300] "GET /index.php/meniu?sale/search/detail/?ITMCODE=51971012568 HTTP/1.1" 200 226468 "-" "Mozilla/5.0 (Linux; Android 6.0.1; Nexus 5X Build/MMB29P) AppleWebKit/537.36 (KHTML, like Gecko) Chrome/152.0.7977.82 Mobile Safari/537.36 (compatible; Googlebot/2.1; +http://www.google.com/bot.html)"
66.249.68.102 - - [13/Sep/2026:15:21:15 +0300] "GET /index.php/maistas-i-namus?sale/search/detail/?ITMCODE=5195496123 HTTP/1.1" 200 201339 "-" "Mozilla/5.0 (Linux; Android 6.0.1; Nexus 5X Build/MMB29P) AppleWebKit/537.36 (KHTML, like Gecko) Chrome/152.0.7977.82 Mobile Safari/537.36 (compatible; Googlebot/2.1; +http://www.google.com/bot.html)"
66.249.68.101 - - [13/Sep/2026:15:21:15 +0300] "GET /?sale/search/detail/?ITMCODE=51981844518 HTTP/1.1" 200 193011 "-" "Mozilla/5.0 (Linux; Android 6.0.1; Nexus 5X Build/MMB29P) AppleWebKit/537.36 (KHTML, like Gecko) Chrome/152.0.7977.82 Mobile Safari/537.36 (compatible; Googlebot/2.1; +http://www.google.com/bot.html)"
66.249.68.102 - - [13/Sep/2026:15:21:16 +0300] "GET /index.php/kontaktai?sale/search/detail/?ITMCODE=51971323823 HTTP/1.1" 200 200055 "-" "Mozilla/5.0 (Linux; Android 6.0.1; Nexus 5X Build/MMB29P) AppleWebKit/537.36 (KHTML, like Gecko) Chrome/152.0.7977.82 Mobile Safari/537.36 (compatible; Googlebot/2.1; +http://www.google.com/bot.html)"
66.249.68.104 - - [13/Sep/2026:15:21:16 +0300] "GET /index.php/meniu?sale/search/detail/?ITMCODE=51981675402 HTTP/1.1" 200 199887 "-" "Mozilla/5.0 (Linux; Android 6.0.1; Nexus 5X Build/MMB29P) AppleWebKit/537.36 (KHTML, like Gecko) Chrome/152.0.7977.82 Mobile Safari/537.36 (compatible; Googlebot/2.1; +http://www.google.com/bot.html)"
66.249.68.97 - - [13/Sep/2026:15:21:17 +0300] "GET /index.php/kontaktai?sale/search/detail/?ITMCODE=51971003011 HTTP/1.1" 200 201486 "-" "Mozilla/5.0 (Linux; Android 6.0.1; Nexus 5X Build/MMB29P) AppleWebKit/537.36 (KHTML, like Gecko) Chrome/152.0.7977.82 Mobile Safari/537.36 (compatible; Googlebot/2.1; +http://www.google.com/bot.html)"
66.249.68.104 - - [13/Sep/2026:15:21:17 +0300] "GET /?sale/search/detail/?ITMCODE=52002691231 HTTP/1.1" 200 195126 "-" "Mozilla/5.0 (Linux; Android 6.0.1; Nexus 5X Build/MMB29P) AppleWebKit/537.36 (KHTML, like Gecko) Chrome/152.0.7977.82 Mobile Safari/537.36 (compatible; Googlebot/2.1; +http://www.google.com/bot.html)"
66.249.68.104 - - [13/Sep/2026:15:21:18 +0300] "GET /index.php/maistas-i-namus?sale/search/detail/?ITMCODE=5196505482 HTTP/1.1" 200 211476 "-" "Mozilla/5.0 (Linux; Android 6.0.1; Nexus 5X Build/MMB29P) AppleWebKit/537.36 (KHTML, like Gecko) Chrome/152.0.7977.82 Mobile Safari/537.36 (compatible; Googlebot/2.1; +http://www.google.com/bot.html)"
