74.7.243.247 - - [13/Sep/2026:17:27:05 +0300] "GET /?sale/search/detail/?ITMCODE=520014626596 HTTP/2.0" 200 31682 "https://keliauk-uk.lt.testams.vhost.lt/?sitemap-product.xml" "Mozilla/5.0 AppleWebKit/537.36 (KHTML, like Gecko; compatible; GPTBot/1.4; +https://openai.com/gptbot)"
74.7.243.247 - - [13/Sep/2026:17:27:05 +0300] "GET /?sale/search/detail/?ITMCODE=519615671730 HTTP/2.0" 200 31682 "https://keliauk-uk.lt.testams.vhost.lt/?sitemap-product.xml" "Mozilla/5.0 AppleWebKit/537.36 (KHTML, like Gecko; compatible; GPTBot/1.4; +https://openai.com/gptbot)"
74.7.243.247 - - [13/Sep/2026:17:27:06 +0300] "GET /?sale/search/detail/?ITMCODE=519512024996 HTTP/2.0" 200 31682 "https://keliauk-uk.lt.testams.vhost.lt/?sitemap-product.xml" "Mozilla/5.0 AppleWebKit/537.36 (KHTML, like Gecko; compatible; GPTBot/1.4; +https://openai.com/gptbot)"
74.7.243.247 - - [13/Sep/2026:17:27:06 +0300] "GET /?sale/search/detail/?ITMCODE=519710229553 HTTP/2.0" 200 31682 "https://keliauk-uk.lt.testams.vhost.lt/?sitemap-product.xml" "Mozilla/5.0 AppleWebKit/537.36 (KHTML, like Gecko; compatible; GPTBot/1.4; +https://openai.com/gptbot)"
74.7.243.247 - - [13/Sep/2026:17:27:07 +0300] "GET /?sale/search/detail/?ITMCODE=519810778535 HTTP/2.0" 200 31682 "https://keliauk-uk.lt.testams.vhost.lt/?sitemap-product.xml" "Mozilla/5.0 AppleWebKit/537.36 (KHTML, like Gecko; compatible; GPTBot/1.4; +https://openai.com/gptbot)"
74.7.243.247 - - [13/Sep/2026:17:27:07 +0300] "GET /?sale/search/detail/?ITMCODE=519813830306 HTTP/2.0" 200 31682 "https://keliauk-uk.lt.testams.vhost.lt/?sitemap-product.xml" "Mozilla/5.0 AppleWebKit/537.36 (KHTML, like Gecko; compatible; GPTBot/1.4; +https://openai.com/gptbot)"
74.7.243.247 - - [13/Sep/2026:17:27:08 +0300] "GET /?sale/search/detail/?ITMCODE=519710204995 HTTP/2.0" 200 31682 "https://keliauk-uk.lt.testams.vhost.lt/?sitemap-product.xml" "Mozilla/5.0 AppleWebKit/537.36 (KHTML, like Gecko; compatible; GPTBot/1.4; +https://openai.com/gptbot)"
74.7.243.247 - - [13/Sep/2026:17:27:08 +0300] "GET /?sale/search/detail/?ITMCODE=519810528896 HTTP/2.0" 200 31682 "https://keliauk-uk.lt.testams.vhost.lt/?sitemap-product.xml" "Mozilla/5.0 AppleWebKit/537.36 (KHTML, like Gecko; compatible; GPTBot/1.4; +https://openai.com/gptbot)"
57.141.20.7 - - [13/Sep/2026:17:27:09 +0300] "GET /index.php/component/search/?sale/search/detail/?ITMCODE=519810740844&id=1&Itemid=437&format=opensearch HTTP/2.0" 200 585 "-" "Mozilla/5.0 (Macintosh; Intel Mac OS X 10_15_7) AppleWebKit/537.36 (KHTML, like Gecko) Chrome/145.0.0.0 Safari/537.36 (compatible; meta-externalagent/1.1 (+https://developers.facebook.com/docs/sharing/webmasters/crawler))"
66.249.79.1 - - [13/Sep/2026:17:27:08 +0300] "GET /index.php/zinynas-keliaujantiems?sale/search/detail/?ITMCODE=5196756507 HTTP/1.1" 200 204831 "-" "Mozilla/5.0 (Linux; Android 6.0.1; Nexus 5X Build/MMB29P) AppleWebKit/537.36 (KHTML, like Gecko) Chrome/152.0.7977.82 Mobile Safari/537.36 (compatible; Googlebot/2.1; +http://www.google.com/bot.html)"
74.7.243.247 - - [13/Sep/2026:17:27:09 +0300] "GET /?sale/search/detail/?ITMCODE=519911004375 HTTP/2.0" 200 31682 "https://keliauk-uk.lt.testams.vhost.lt/?sitemap-product.xml" "Mozilla/5.0 AppleWebKit/537.36 (KHTML, like Gecko; compatible; GPTBot/1.4; +https://openai.com/gptbot)"
74.7.243.247 - - [13/Sep/2026:17:27:09 +0300] "GET /?sale/search/detail/?ITMCODE=519710042995 HTTP/2.0" 200 31682 "https://keliauk-uk.lt.testams.vhost.lt/?sitemap-product.xml" "Mozilla/5.0 AppleWebKit/537.36 (KHTML, like Gecko; compatible; GPTBot/1.4; +https://openai.com/gptbot)"
74.7.243.247 - - [13/Sep/2026:17:27:10 +0300] "GET /?sale/search/detail/?ITMCODE=519710048878 HTTP/2.0" 200 31682 "https://keliauk-uk.lt.testams.vhost.lt/?sitemap-product.xml" "Mozilla/5.0 AppleWebKit/537.36 (KHTML, like Gecko; compatible; GPTBot/1.4; +https://openai.com/gptbot)"
74.7.243.247 - - [13/Sep/2026:17:27:10 +0300] "GET /?sale/search/detail/?ITMCODE=519813530291 HTTP/2.0" 200 31682 "https://keliauk-uk.lt.testams.vhost.lt/?sitemap-product.xml" "Mozilla/5.0 AppleWebKit/537.36 (KHTML, like Gecko; compatible; GPTBot/1.4; +https://openai.com/gptbot)"
74.7.243.247 - - [13/Sep/2026:17:27:11 +0300] "GET /?sale/search/detail/?ITMCODE=520011561928 HTTP/2.0" 200 31682 "https://keliauk-uk.lt.testams.vhost.lt/?sitemap-product.xml" "Mozilla/5.0 AppleWebKit/537.36 (KHTML, like Gecko; compatible; GPTBot/1.4; +https://openai.com/gptbot)"
74.7.243.247 - - [13/Sep/2026:17:27:11 +0300] "GET /?sale/search/detail/?ITMCODE=519612769851 HTTP/2.0" 200 31682 "https://keliauk-uk.lt.testams.vhost.lt/?sitemap-product.xml" "Mozilla/5.0 AppleWebKit/537.36 (KHTML, like Gecko; compatible; GPTBot/1.4; +https://openai.com/gptbot)"
66.249.79.2 - - [13/Sep/2026:17:27:11 +0300] "GET /index.php/zinynas-keliaujantiems?sale/search/detail/?ITMCODE=51992357454 HTTP/1.1" 200 210149 "-" "Mozilla/5.0 (Linux; Android 6.0.1; Nexus 5X Build/MMB29P) AppleWebKit/537.36 (KHTML, like Gecko) Chrome/152.0.7977.82 Mobile Safari/537.36 (compatible; Googlebot/2.1; +http://www.google.com/bot.html)"
74.7.243.247 - - [13/Sep/2026:17:27:12 +0300] "GET /?sale/search/detail/?ITMCODE=519713305765 HTTP/2.0" 200 31682 "https://keliauk-uk.lt.testams.vhost.lt/?sitemap-product.xml" "Mozilla/5.0 AppleWebKit/537.36 (KHTML, like Gecko; compatible; GPTBot/1.4; +https://openai.com/gptbot)"
74.7.243.247 - - [13/Sep/2026:17:27:12 +0300] "GET /?sale/search/detail/?ITMCODE=519810744080 HTTP/2.0" 200 31682 "https://keliauk-uk.lt.testams.vhost.lt/?sitemap-product.xml" "Mozilla/5.0 AppleWebKit/537.36 (KHTML, like Gecko; compatible; GPTBot/1.4; +https://openai.com/gptbot)"
74.7.243.247 - - [13/Sep/2026:17:27:13 +0300] "GET /?sale/search/detail/?ITMCODE=519710329225 HTTP/2.0" 200 31682 "https://keliauk-uk.lt.testams.vhost.lt/?sitemap-product.xml" "Mozilla/5.0 AppleWebKit/537.36 (KHTML, like Gecko; compatible; GPTBot/1.4; +https://openai.com/gptbot)"
66.249.79.2 - - [13/Sep/2026:17:27:12 +0300] "GET /shop/js/cart.aspx?_=1788480000000 HTTP/1.1" 200 206361 "https://keliauk-uk.lt/index.php/zinynas-keliaujantiems?shop/c/c519719/" "Mozilla/5.0 (Linux; Android 6.0.1; Nexus 5X Build/MMB29P) AppleWebKit/537.36 (KHTML, like Gecko) Chrome/152.0.7977.82 Mobile Safari/537.36 (compatible; Googlebot/2.1; +http://www.google.com/bot.html)"
185.191.171.11 - - [13/Sep/2026:17:27:13 +0300] "GET /?sale%2Fsearch%2Fdetail%2F%3FITMCODE=519569218771 HTTP/1.1" 200 31563 "-" "Mozilla/5.0 (compatible; SemrushBot/7~bl; +http://www.semrush.com/bot.html)"
74.7.243.247 - - [13/Sep/2026:17:27:13 +0300] "GET /?sale/search/detail/?ITMCODE=520014508126 HTTP/2.0" 200 31682 "https://keliauk-uk.lt.testams.vhost.lt/?sitemap-product.xml" "Mozilla/5.0 AppleWebKit/537.36 (KHTML, like Gecko; compatible; GPTBot/1.4; +https://openai.com/gptbot)"
74.7.243.247 - - [13/Sep/2026:17:27:14 +0300] "GET /?sale/search/detail/?ITMCODE=519710496106 HTTP/2.0" 200 31682 "https://keliauk-uk.lt.testams.vhost.lt/?sitemap-product.xml" "Mozilla/5.0 AppleWebKit/537.36 (KHTML, like Gecko; compatible; GPTBot/1.4; +https://openai.com/gptbot)"
74.7.243.247 - - [13/Sep/2026:17:27:14 +0300] "GET /?sale/search/detail/?ITMCODE=519716472916 HTTP/2.0" 200 31682 "https://keliauk-uk.lt.testams.vhost.lt/?sitemap-product.xml" "Mozilla/5.0 AppleWebKit/537.36 (KHTML, like Gecko; compatible; GPTBot/1.4; +https://openai.com/gptbot)"
66.249.79.3 - - [13/Sep/2026:17:27:14 +0300] "GET /index.php/zinynas-keliaujantiems?sale/search/detail/?ITMCODE=52002932302 HTTP/1.1" 200 210332 "-" "Mozilla/5.0 (Linux; Android 6.0.1; Nexus 5X Build/MMB29P) AppleWebKit/537.36 (KHTML, like Gecko) Chrome/152.0.7977.82 Mobile Safari/537.36 (compatible; Googlebot/2.1; +http://www.google.com/bot.html)"
66.249.79.3 - - [13/Sep/2026:17:27:14 +0300] "GET /index.php/zinynas-keliaujantiems?sale/search/detail/?ITMCODE=519597383 HTTP/1.1" 200 211443 "-" "Mozilla/5.0 (Linux; Android 6.0.1; Nexus 5X Build/MMB29P) AppleWebKit/537.36 (KHTML, like Gecko) Chrome/152.0.7977.82 Mobile Safari/537.36 (compatible; Googlebot/2.1; +http://www.google.com/bot.html)"
74.7.243.247 - - [13/Sep/2026:17:27:15 +0300] "GET /?sale/search/detail/?ITMCODE=519710096266 HTTP/2.0" 200 31682 "https://keliauk-uk.lt.testams.vhost.lt/?sitemap-product.xml" "Mozilla/5.0 AppleWebKit/537.36 (KHTML, like Gecko; compatible; GPTBot/1.4; +https://openai.com/gptbot)"
74.7.243.247 - - [13/Sep/2026:17:27:15 +0300] "GET /?sale/search/detail/?ITMCODE=519512472950 HTTP/2.0" 200 31682 "https://keliauk-uk.lt.testams.vhost.lt/?sitemap-product.xml" "Mozilla/5.0 AppleWebKit/537.36 (KHTML, like Gecko; compatible; GPTBot/1.4; +https://openai.com/gptbot)"
74.7.243.247 - - [13/Sep/2026:17:27:16 +0300] "GET /?sale/search/detail/?ITMCODE=519911224470 HTTP/2.0" 200 31682 "https://keliauk-uk.lt.testams.vhost.lt/?sitemap-product.xml" "Mozilla/5.0 AppleWebKit/537.36 (KHTML, like Gecko; compatible; GPTBot/1.4; +https://openai.com/gptbot)"
74.7.243.247 - - [13/Sep/2026:17:27:16 +0300] "GET /?sale/search/detail/?ITMCODE=519512160236 HTTP/2.0" 200 31682 "https://keliauk-uk.lt.testams.vhost.lt/?sitemap-product.xml" "Mozilla/5.0 AppleWebKit/537.36 (KHTML, like Gecko; compatible; GPTBot/1.4; +https://openai.com/gptbot)"
74.7.243.247 - - [13/Sep/2026:17:27:17 +0300] "GET /?sale/search/detail/?ITMCODE=520011842803 HTTP/2.0" 200 31682 "https://keliauk-uk.lt.testams.vhost.lt/?sitemap-product.xml" "Mozilla/5.0 AppleWebKit/537.36 (KHTML, like Gecko; compatible; GPTBot/1.4; +https://openai.com/gptbot)"
74.7.243.247 - - [13/Sep/2026:17:27:17 +0300] "GET /?sale/search/detail/?ITMCODE=519813619445 HTTP/2.0" 200 31682 "https://keliauk-uk.lt.testams.vhost.lt/?sitemap-product.xml" "Mozilla/5.0 AppleWebKit/537.36 (KHTML, like Gecko; compatible; GPTBot/1.4; +https://openai.com/gptbot)"
74.7.243.247 - - [13/Sep/2026:17:27:18 +0300] "GET /?sale/search/detail/?ITMCODE=519810827150 HTTP/2.0" 200 31682 "https://keliauk-uk.lt.testams.vhost.lt/?sitemap-product.xml" "Mozilla/5.0 AppleWebKit/537.36 (KHTML, like Gecko; compatible; GPTBot/1.4; +https://openai.com/gptbot)"
74.7.243.247 - - [13/Sep/2026:17:27:18 +0300] "GET /?sale/search/detail/?ITMCODE=519512323826 HTTP/2.0" 200 31682 "https://keliauk-uk.lt.testams.vhost.lt/?sitemap-product.xml" "Mozilla/5.0 AppleWebKit/537.36 (KHTML, like Gecko; compatible; GPTBot/1.4; +https://openai.com/gptbot)"
74.7.243.247 - - [13/Sep/2026:17:27:19 +0300] "GET /?sale/search/detail/?ITMCODE=520014572611 HTTP/2.0" 200 31682 "https://keliauk-uk.lt.testams.vhost.lt/?sitemap-product.xml" "Mozilla/5.0 AppleWebKit/537.36 (KHTML, like Gecko; compatible; GPTBot/1.4; +https://openai.com/gptbot)"
74.7.243.247 - - [13/Sep/2026:17:27:19 +0300] "GET /?sale/search/detail/?ITMCODE=520011818296 HTTP/2.0" 200 31682 "https://keliauk-uk.lt.testams.vhost.lt/?sitemap-product.xml" "Mozilla/5.0 AppleWebKit/537.36 (KHTML, like Gecko; compatible; GPTBot/1.4; +https://openai.com/gptbot)"
74.7.243.247 - - [13/Sep/2026:17:27:20 +0300] "GET /?sale/search/detail/?ITMCODE=519512092328 HTTP/2.0" 200 31682 "https://keliauk-uk.lt.testams.vhost.lt/?sitemap-product.xml" "Mozilla/5.0 AppleWebKit/537.36 (KHTML, like Gecko; compatible; GPTBot/1.4; +https://openai.com/gptbot)"
74.7.243.247 - - [13/Sep/2026:17:27:20 +0300] "GET /?sale/search/detail/?ITMCODE=519810883250 HTTP/2.0" 200 31682 "https://keliauk-uk.lt.testams.vhost.lt/?sitemap-product.xml" "Mozilla/5.0 AppleWebKit/537.36 (KHTML, like Gecko; compatible; GPTBot/1.4; +https://openai.com/gptbot)"
74.7.243.247 - - [13/Sep/2026:17:27:21 +0300] "GET /?sale/search/detail/?ITMCODE=519713076553 HTTP/2.0" 200 31682 "https://keliauk-uk.lt.testams.vhost.lt/?sitemap-product.xml" "Mozilla/5.0 AppleWebKit/537.36 (KHTML, like Gecko; compatible; GPTBot/1.4; +https://openai.com/gptbot)"
66.249.79.2 - - [13/Sep/2026:17:27:21 +0300] "GET /index.php/zinynas-keliaujantiems?sale/search/detail/?ITMCODE=519579350 HTTP/1.1" 200 214962 "-" "Mozilla/5.0 (Linux; Android 6.0.1; Nexus 5X Build/MMB29P) AppleWebKit/537.36 (KHTML, like Gecko) Chrome/152.0.7977.82 Mobile Safari/537.36 (compatible; Googlebot/2.1; +http://www.google.com/bot.html)"
74.7.243.247 - - [13/Sep/2026:17:27:21 +0300] "GET /?sale/search/detail/?ITMCODE=519713363878 HTTP/2.0" 200 31682 "https://keliauk-uk.lt.testams.vhost.lt/?sitemap-product.xml" "Mozilla/5.0 AppleWebKit/537.36 (KHTML, like Gecko; compatible; GPTBot/1.4; +https://openai.com/gptbot)"
74.7.243.247 - - [13/Sep/2026:17:27:22 +0300] "GET /?sale/search/detail/?ITMCODE=519813942341 HTTP/2.0" 200 31682 "https://keliauk-uk.lt.testams.vhost.lt/?sitemap-product.xml" "Mozilla/5.0 AppleWebKit/537.36 (KHTML, like Gecko; compatible; GPTBot/1.4; +https://openai.com/gptbot)"
66.249.79.1 - - [13/Sep/2026:17:27:22 +0300] "GET /index.php/zinynas-keliaujantiems?sale/search/detail/?ITMCODE=51992225186 HTTP/1.1" 200 206295 "-" "Mozilla/5.0 (Linux; Android 6.0.1; Nexus 5X Build/MMB29P) AppleWebKit/537.36 (KHTML, like Gecko) Chrome/152.0.7977.82 Mobile Safari/537.36 (compatible; Googlebot/2.1; +http://www.google.com/bot.html)"
74.7.243.247 - - [13/Sep/2026:17:27:22 +0300] "GET /?sale/search/detail/?ITMCODE=519615660078 HTTP/2.0" 200 31682 "https://keliauk-uk.lt.testams.vhost.lt/?sitemap-product.xml" "Mozilla/5.0 AppleWebKit/537.36 (KHTML, like Gecko; compatible; GPTBot/1.4; +https://openai.com/gptbot)"
74.7.243.247 - - [13/Sep/2026:17:27:23 +0300] "GET /?sale/search/detail/?ITMCODE=519813952580 HTTP/2.0" 200 31682 "https://keliauk-uk.lt.testams.vhost.lt/?sitemap-product.xml" "Mozilla/5.0 AppleWebKit/537.36 (KHTML, like Gecko; compatible; GPTBot/1.4; +https://openai.com/gptbot)"
74.7.243.247 - - [13/Sep/2026:17:27:23 +0300] "GET /?sale/search/detail/?ITMCODE=519615765270 HTTP/2.0" 200 31682 "https://keliauk-uk.lt.testams.vhost.lt/?sitemap-product.xml" "Mozilla/5.0 AppleWebKit/537.36 (KHTML, like Gecko; compatible; GPTBot/1.4; +https://openai.com/gptbot)"
74.7.243.247 - - [13/Sep/2026:17:27:24 +0300] "GET /?sale/search/detail/?ITMCODE=519911047746 HTTP/2.0" 200 31682 "https://keliauk-uk.lt.testams.vhost.lt/?sitemap-product.xml" "Mozilla/5.0 AppleWebKit/537.36 (KHTML, like Gecko; compatible; GPTBot/1.4; +https://openai.com/gptbot)"
74.7.243.247 - - [13/Sep/2026:17:27:24 +0300] "GET /?sale/search/detail/?ITMCODE=519813739451 HTTP/2.0" 200 31682 "https://keliauk-uk.lt.testams.vhost.lt/?sitemap-product.xml" "Mozilla/5.0 AppleWebKit/537.36 (KHTML, like Gecko; compatible; GPTBot/1.4; +https://openai.com/gptbot)"
74.7.243.247 - - [13/Sep/2026:17:27:25 +0300] "GET /?sale/search/detail/?ITMCODE=519813769655 HTTP/2.0" 200 31682 "https://keliauk-uk.lt.testams.vhost.lt/?sitemap-product.xml" "Mozilla/5.0 AppleWebKit/537.36 (KHTML, like Gecko; compatible; GPTBot/1.4; +https://openai.com/gptbot)"
74.7.243.247 - - [13/Sep/2026:17:27:25 +0300] "GET /?sale/search/detail/?ITMCODE=520011769525 HTTP/2.0" 200 31682 "https://keliauk-uk.lt.testams.vhost.lt/?sitemap-product.xml" "Mozilla/5.0 AppleWebKit/537.36 (KHTML, like Gecko; compatible; GPTBot/1.4; +https://openai.com/gptbot)"
74.7.243.247 - - [13/Sep/2026:17:27:26 +0300] "GET /?sale/search/detail/?ITMCODE=519710217256 HTTP/2.0" 200 31682 "https://keliauk-uk.lt.testams.vhost.lt/?sitemap-product.xml" "Mozilla/5.0 AppleWebKit/537.36 (KHTML, like Gecko; compatible; GPTBot/1.4; +https://openai.com/gptbot)"
66.249.79.2 - - [13/Sep/2026:17:27:26 +0300] "GET /index.php/zinynas-keliaujantiems?sale/search/detail/?ITMCODE=51981816590 HTTP/1.1" 200 209999 "-" "Mozilla/5.0 (Linux; Android 6.0.1; Nexus 5X Build/MMB29P) AppleWebKit/537.36 (KHTML, like Gecko) Chrome/152.0.7977.82 Mobile Safari/537.36 (compatible; Googlebot/2.1; +http://www.google.com/bot.html)"
74.7.243.247 - - [13/Sep/2026:17:27:26 +0300] "GET /?sale/search/detail/?ITMCODE=519512490665 HTTP/2.0" 200 31682 "https://keliauk-uk.lt.testams.vhost.lt/?sitemap-product.xml" "Mozilla/5.0 AppleWebKit/537.36 (KHTML, like Gecko; compatible; GPTBot/1.4; +https://openai.com/gptbot)"
74.7.243.247 - - [13/Sep/2026:17:27:27 +0300] "GET /?sale/search/detail/?ITMCODE=519615977841 HTTP/2.0" 200 31682 "https://keliauk-uk.lt.testams.vhost.lt/?sitemap-product.xml" "Mozilla/5.0 AppleWebKit/537.36 (KHTML, like Gecko; compatible; GPTBot/1.4; +https://openai.com/gptbot)"
74.7.243.247 - - [13/Sep/2026:17:27:27 +0300] "GET /?sale/search/detail/?ITMCODE=519612935928 HTTP/2.0" 200 31682 "https://keliauk-uk.lt.testams.vhost.lt/?sitemap-product.xml" "Mozilla/5.0 AppleWebKit/537.36 (KHTML, like Gecko; compatible; GPTBot/1.4; +https://openai.com/gptbot)"
74.7.243.247 - - [13/Sep/2026:17:27:28 +0300] "GET /?sale/search/detail/?ITMCODE=519810682628 HTTP/2.0" 200 31682 "https://keliauk-uk.lt.testams.vhost.lt/?sitemap-product.xml" "Mozilla/5.0 AppleWebKit/537.36 (KHTML, like Gecko; compatible; GPTBot/1.4; +https://openai.com/gptbot)"
66.249.79.1 - - [13/Sep/2026:17:27:27 +0300] "GET /?sale/search/detail/?ITMCODE=51992091483 HTTP/1.1" 200 206161 "-" "Mozilla/5.0 (Linux; Android 6.0.1; Nexus 5X Build/MMB29P) AppleWebKit/537.36 (KHTML, like Gecko) Chrome/152.0.7977.82 Mobile Safari/537.36 (compatible; Googlebot/2.1; +http://www.google.com/bot.html)"
74.7.243.247 - - [13/Sep/2026:17:27:28 +0300] "GET /?sale/search/detail/?ITMCODE=520014955231 HTTP/2.0" 200 31682 "https://keliauk-uk.lt.testams.vhost.lt/?sitemap-product.xml" "Mozilla/5.0 AppleWebKit/537.36 (KHTML, like Gecko; compatible; GPTBot/1.4; +https://openai.com/gptbot)"
74.7.243.247 - - [13/Sep/2026:17:27:29 +0300] "GET /?sale/search/detail/?ITMCODE=519515246600 HTTP/2.0" 200 31682 "https://keliauk-uk.lt.testams.vhost.lt/?sitemap-product.xml" "Mozilla/5.0 AppleWebKit/537.36 (KHTML, like Gecko; compatible; GPTBot/1.4; +https://openai.com/gptbot)"
74.7.243.247 - - [13/Sep/2026:17:27:29 +0300] "GET /?sale/search/detail/?ITMCODE=519713461453 HTTP/2.0" 200 31682 "https://keliauk-uk.lt.testams.vhost.lt/?sitemap-product.xml" "Mozilla/5.0 AppleWebKit/537.36 (KHTML, like Gecko; compatible; GPTBot/1.4; +https://openai.com/gptbot)"
74.7.243.247 - - [13/Sep/2026:17:27:30 +0300] "GET /?sale/search/detail/?ITMCODE=520011656986 HTTP/2.0" 200 31682 "https://keliauk-uk.lt.testams.vhost.lt/?sitemap-product.xml" "Mozilla/5.0 AppleWebKit/537.36 (KHTML, like Gecko; compatible; GPTBot/1.4; +https://openai.com/gptbot)"
74.7.243.247 - - [13/Sep/2026:17:27:30 +0300] "GET /?sale/search/detail/?ITMCODE=519810750953 HTTP/2.0" 200 31682 "https://keliauk-uk.lt.testams.vhost.lt/?sitemap-product.xml" "Mozilla/5.0 AppleWebKit/537.36 (KHTML, like Gecko; compatible; GPTBot/1.4; +https://openai.com/gptbot)"
74.7.243.247 - - [13/Sep/2026:17:27:31 +0300] "GET /?sale/search/detail/?ITMCODE=519914263935 HTTP/2.0" 200 31682 "https://keliauk-uk.lt.testams.vhost.lt/?sitemap-product.xml" "Mozilla/5.0 AppleWebKit/537.36 (KHTML, like Gecko; compatible; GPTBot/1.4; +https://openai.com/gptbot)"
74.7.243.247 - - [13/Sep/2026:17:27:31 +0300] "GET /?sale/search/detail/?ITMCODE=520014540328 HTTP/2.0" 200 31682 "https://keliauk-uk.lt.testams.vhost.lt/?sitemap-product.xml" "Mozilla/5.0 AppleWebKit/537.36 (KHTML, like Gecko; compatible; GPTBot/1.4; +https://openai.com/gptbot)"
185.191.171.14 - - [13/Sep/2026:17:27:32 +0300] "GET /?sale%2Fsearch%2Fdetail%2F%3FITMCODE=519521127223 HTTP/1.1" 200 31563 "-" "Mozilla/5.0 (compatible; SemrushBot/7~bl; +http://www.semrush.com/bot.html)"
74.7.243.247 - - [13/Sep/2026:17:27:32 +0300] "GET /?sale/search/detail/?ITMCODE=519615989736 HTTP/2.0" 200 31682 "https://keliauk-uk.lt.testams.vhost.lt/?sitemap-product.xml" "Mozilla/5.0 AppleWebKit/537.36 (KHTML, like Gecko; compatible; GPTBot/1.4; +https://openai.com/gptbot)"
52.167.144.165 - - [13/Sep/2026:17:27:32 +0300] "GET /shop/c/c519810099/ HTTP/2.0" 200 273573 "-" "Mozilla/5.0 AppleWebKit/537.36 (KHTML, like Gecko; compatible; bingbot/2.0; +http://www.bing.com/bingbot.htm) Chrome/116.0.1938.76 Safari/537.36"
74.7.243.247 - - [13/Sep/2026:17:27:32 +0300] "GET /?sale/search/detail/?ITMCODE=519615835803 HTTP/2.0" 200 31682 "https://keliauk-uk.lt.testams.vhost.lt/?sitemap-product.xml" "Mozilla/5.0 AppleWebKit/537.36 (KHTML, like Gecko; compatible; GPTBot/1.4; +https://openai.com/gptbot)"
74.7.243.247 - - [13/Sep/2026:17:27:33 +0300] "GET /?sale/search/detail/?ITMCODE=519512083880 HTTP/2.0" 200 31682 "https://keliauk-uk.lt.testams.vhost.lt/?sitemap-product.xml" "Mozilla/5.0 AppleWebKit/537.36 (KHTML, like Gecko; compatible; GPTBot/1.4; +https://openai.com/gptbot)"
66.249.79.2 - - [13/Sep/2026:17:27:33 +0300] "GET /index.php/zinynas-keliaujantiems?sale/search/detail/?ITMCODE=5196768759 HTTP/1.1" 200 224935 "-" "Mozilla/5.0 (Linux; Android 6.0.1; Nexus 5X Build/MMB29P) AppleWebKit/537.36 (KHTML, like Gecko) Chrome/152.0.7977.82 Mobile Safari/537.36 (compatible; Googlebot/2.1; +http://www.google.com/bot.html)"
74.7.243.247 - - [13/Sep/2026:17:27:33 +0300] "GET /?sale/search/detail/?ITMCODE=519813569825 HTTP/2.0" 200 31682 "https://keliauk-uk.lt.testams.vhost.lt/?sitemap-product.xml" "Mozilla/5.0 AppleWebKit/537.36 (KHTML, like Gecko; compatible; GPTBot/1.4; +https://openai.com/gptbot)"
74.7.243.247 - - [13/Sep/2026:17:27:34 +0300] "GET /?sale/search/detail/?ITMCODE=520011745261 HTTP/2.0" 200 31682 "https://keliauk-uk.lt.testams.vhost.lt/?sitemap-product.xml" "Mozilla/5.0 AppleWebKit/537.36 (KHTML, like Gecko; compatible; GPTBot/1.4; +https://openai.com/gptbot)"
74.7.243.247 - - [13/Sep/2026:17:27:34 +0300] "GET /?sale/search/detail/?ITMCODE=519914390745 HTTP/2.0" 200 31682 "https://keliauk-uk.lt.testams.vhost.lt/?sitemap-product.xml" "Mozilla/5.0 AppleWebKit/537.36 (KHTML, like Gecko; compatible; GPTBot/1.4; +https://openai.com/gptbot)"
74.7.243.247 - - [13/Sep/2026:17:27:35 +0300] "GET /?sale/search/detail/?ITMCODE=519914412006 HTTP/2.0" 200 31682 "https://keliauk-uk.lt.testams.vhost.lt/?sitemap-product.xml" "Mozilla/5.0 AppleWebKit/537.36 (KHTML, like Gecko; compatible; GPTBot/1.4; +https://openai.com/gptbot)"
74.7.243.247 - - [13/Sep/2026:17:27:35 +0300] "GET /?sale/search/detail/?ITMCODE=519914045136 HTTP/2.0" 200 31682 "https://keliauk-uk.lt.testams.vhost.lt/?sitemap-product.xml" "Mozilla/5.0 AppleWebKit/537.36 (KHTML, like Gecko; compatible; GPTBot/1.4; +https://openai.com/gptbot)"
85.208.96.197 - - [13/Sep/2026:17:27:36 +0300] "GET /?sale%2Fsearch%2Fdetail%2F%3FITMCODE=51998389775 HTTP/1.1" 200 31562 "-" "Mozilla/5.0 (compatible; SemrushBot/7~bl; +http://www.semrush.com/bot.html)"
74.7.243.247 - - [13/Sep/2026:17:27:36 +0300] "GET /?sale/search/detail/?ITMCODE=519515337476 HTTP/2.0" 200 31682 "https://keliauk-uk.lt.testams.vhost.lt/?sitemap-product.xml" "Mozilla/5.0 AppleWebKit/537.36 (KHTML, like Gecko; compatible; GPTBot/1.4; +https://openai.com/gptbot)"
74.7.243.247 - - [13/Sep/2026:17:27:36 +0300] "GET /?sale/search/detail/?ITMCODE=519710354503 HTTP/2.0" 200 31682 "https://keliauk-uk.lt.testams.vhost.lt/?sitemap-product.xml" "Mozilla/5.0 AppleWebKit/537.36 (KHTML, like Gecko; compatible; GPTBot/1.4; +https://openai.com/gptbot)"
74.7.243.247 - - [13/Sep/2026:17:27:37 +0300] "GET /?sale/search/detail/?ITMCODE=519810947051 HTTP/2.0" 200 31682 "https://keliauk-uk.lt.testams.vhost.lt/?sitemap-product.xml" "Mozilla/5.0 AppleWebKit/537.36 (KHTML, like Gecko; compatible; GPTBot/1.4; +https://openai.com/gptbot)"
74.7.243.247 - - [13/Sep/2026:17:27:37 +0300] "GET /?sale/search/detail/?ITMCODE=519813500735 HTTP/2.0" 200 31682 "https://keliauk-uk.lt.testams.vhost.lt/?sitemap-product.xml" "Mozilla/5.0 AppleWebKit/537.36 (KHTML, like Gecko; compatible; GPTBot/1.4; +https://openai.com/gptbot)"
74.7.243.247 - - [13/Sep/2026:17:27:38 +0300] "GET /?sale/search/detail/?ITMCODE=520014746155 HTTP/2.0" 200 31682 "https://keliauk-uk.lt.testams.vhost.lt/?sitemap-product.xml" "Mozilla/5.0 AppleWebKit/537.36 (KHTML, like Gecko; compatible; GPTBot/1.4; +https://openai.com/gptbot)"
74.7.243.247 - - [13/Sep/2026:17:27:38 +0300] "GET /?sale/search/detail/?ITMCODE=520011688960 HTTP/2.0" 200 31682 "https://keliauk-uk.lt.testams.vhost.lt/?sitemap-product.xml" "Mozilla/5.0 AppleWebKit/537.36 (KHTML, like Gecko; compatible; GPTBot/1.4; +https://openai.com/gptbot)"
74.7.243.247 - - [13/Sep/2026:17:27:39 +0300] "GET /?sale/search/detail/?ITMCODE=520011966553 HTTP/2.0" 200 31682 "https://keliauk-uk.lt.testams.vhost.lt/?sitemap-product.xml" "Mozilla/5.0 AppleWebKit/537.36 (KHTML, like Gecko; compatible; GPTBot/1.4; +https://openai.com/gptbot)"
74.7.243.247 - - [13/Sep/2026:17:27:39 +0300] "GET /?sale/search/detail/?ITMCODE=519710450578 HTTP/2.0" 200 31682 "https://keliauk-uk.lt.testams.vhost.lt/?sitemap-product.xml" "Mozilla/5.0 AppleWebKit/537.36 (KHTML, like Gecko; compatible; GPTBot/1.4; +https://openai.com/gptbot)"
74.7.243.247 - - [13/Sep/2026:17:27:40 +0300] "GET /?sale/search/detail/?ITMCODE=519515474870 HTTP/2.0" 200 31682 "https://keliauk-uk.lt.testams.vhost.lt/?sitemap-product.xml" "Mozilla/5.0 AppleWebKit/537.36 (KHTML, like Gecko; compatible; GPTBot/1.4; +https://openai.com/gptbot)"
114.119.148.64 - - [13/Sep/2026:17:27:40 +0300] "GET /?sale/search/detail/%3FITMCODE=51977141036 HTTP/1.1" 200 31590 "https://www.keliauk-uk.lt/?sitemap-items.xml" "Mozilla/5.0 (Linux; Android 7.0;) AppleWebKit/537.36 (HTML, like Gecko) Mobile Safari/537.36 (compatible; PetalBot;+https://webmaster.petalsearch.com/site/petalbot)"
74.7.243.247 - - [13/Sep/2026:17:27:40 +0300] "GET /?sale/search/detail/?ITMCODE=519615894828 HTTP/2.0" 200 31682 "https://keliauk-uk.lt.testams.vhost.lt/?sitemap-product.xml" "Mozilla/5.0 AppleWebKit/537.36 (KHTML, like Gecko; compatible; GPTBot/1.4; +https://openai.com/gptbot)"
74.7.243.247 - - [13/Sep/2026:17:27:41 +0300] "GET /?sale/search/detail/?ITMCODE=519810806261 HTTP/2.0" 200 31682 "https://keliauk-uk.lt.testams.vhost.lt/?sitemap-product.xml" "Mozilla/5.0 AppleWebKit/537.36 (KHTML, like Gecko; compatible; GPTBot/1.4; +https://openai.com/gptbot)"
74.7.243.247 - - [13/Sep/2026:17:27:41 +0300] "GET /?sale/search/detail/?ITMCODE=519911062275 HTTP/2.0" 200 31682 "https://keliauk-uk.lt.testams.vhost.lt/?sitemap-product.xml" "Mozilla/5.0 AppleWebKit/537.36 (KHTML, like Gecko; compatible; GPTBot/1.4; +https://openai.com/gptbot)"
74.7.243.247 - - [13/Sep/2026:17:27:42 +0300] "GET /?sale/search/detail/?ITMCODE=519914306061 HTTP/2.0" 200 31682 "https://keliauk-uk.lt.testams.vhost.lt/?sitemap-product.xml" "Mozilla/5.0 AppleWebKit/537.36 (KHTML, like Gecko; compatible; GPTBot/1.4; +https://openai.com/gptbot)"
74.7.243.247 - - [13/Sep/2026:17:27:42 +0300] "GET /?sale/search/detail/?ITMCODE=519512194406 HTTP/2.0" 200 31682 "https://keliauk-uk.lt.testams.vhost.lt/?sitemap-product.xml" "Mozilla/5.0 AppleWebKit/537.36 (KHTML, like Gecko; compatible; GPTBot/1.4; +https://openai.com/gptbot)"
74.7.243.247 - - [13/Sep/2026:17:27:43 +0300] "GET /?sale/search/detail/?ITMCODE=519612742455 HTTP/2.0" 200 31682 "https://keliauk-uk.lt.testams.vhost.lt/?sitemap-product.xml" "Mozilla/5.0 AppleWebKit/537.36 (KHTML, like Gecko; compatible; GPTBot/1.4; +https://openai.com/gptbot)"
185.191.171.9 - - [13/Sep/2026:17:27:43 +0300] "GET /?sale%2Fsearch%2Fdetail%2F%3FITMCODE=51981747235 HTTP/1.1" 200 31562 "-" "Mozilla/5.0 (compatible; SemrushBot/7~bl; +http://www.semrush.com/bot.html)"
66.249.79.2 - - [13/Sep/2026:17:27:43 +0300] "GET /index.php/zinynas-keliaujantiems?sale/search/detail/?ITMCODE=51981883765 HTTP/1.1" 200 206254 "-" "Mozilla/5.0 (Linux; Android 6.0.1; Nexus 5X Build/MMB29P) AppleWebKit/537.36 (KHTML, like Gecko) Chrome/152.0.7977.82 Mobile Safari/537.36 (compatible; Googlebot/2.1; +http://www.google.com/bot.html)"
66.249.79.1 - - [13/Sep/2026:17:27:43 +0300] "GET /index.php/zinynas-keliaujantiems?sale/search/detail/?ITMCODE=5195123035 HTTP/1.1" 200 215330 "-" "Mozilla/5.0 (Linux; Android 6.0.1; Nexus 5X Build/MMB29P) AppleWebKit/537.36 (KHTML, like Gecko) Chrome/152.0.7977.82 Mobile Safari/537.36 (compatible; Googlebot/2.1; +http://www.google.com/bot.html)"
74.7.243.247 - - [13/Sep/2026:17:27:43 +0300] "GET /?sale/search/detail/?ITMCODE=519911322360 HTTP/2.0" 200 31682 "https://keliauk-uk.lt.testams.vhost.lt/?sitemap-product.xml" "Mozilla/5.0 AppleWebKit/537.36 (KHTML, like Gecko; compatible; GPTBot/1.4; +https://openai.com/gptbot)"
74.7.243.247 - - [13/Sep/2026:17:27:44 +0300] "GET /?sale/search/detail/?ITMCODE=519612526203 HTTP/2.0" 200 31682 "https://keliauk-uk.lt.testams.vhost.lt/?sitemap-product.xml" "Mozilla/5.0 AppleWebKit/537.36 (KHTML, like Gecko; compatible; GPTBot/1.4; +https://openai.com/gptbot)"
74.7.243.247 - - [13/Sep/2026:17:27:44 +0300] "GET /?sale/search/detail/?ITMCODE=519515033078 HTTP/2.0" 200 31682 "https://keliauk-uk.lt.testams.vhost.lt/?sitemap-product.xml" "Mozilla/5.0 AppleWebKit/537.36 (KHTML, like Gecko; compatible; GPTBot/1.4; +https://openai.com/gptbot)"
74.7.243.247 - - [13/Sep/2026:17:27:45 +0300] "GET /?sale/search/detail/?ITMCODE=519615788745 HTTP/2.0" 200 31682 "https://keliauk-uk.lt.testams.vhost.lt/?sitemap-product.xml" "Mozilla/5.0 AppleWebKit/537.36 (KHTML, like Gecko; compatible; GPTBot/1.4; +https://openai.com/gptbot)"
74.7.243.247 - - [13/Sep/2026:17:27:46 +0300] "GET /?sale/search/detail/?ITMCODE=519810723515 HTTP/2.0" 200 31682 "https://keliauk-uk.lt.testams.vhost.lt/?sitemap-product.xml" "Mozilla/5.0 AppleWebKit/537.36 (KHTML, like Gecko; compatible; GPTBot/1.4; +https://openai.com/gptbot)"
74.7.243.247 - - [13/Sep/2026:17:27:46 +0300] "GET /?sale/search/detail/?ITMCODE=519515201378 HTTP/2.0" 200 31682 "https://keliauk-uk.lt.testams.vhost.lt/?sitemap-product.xml" "Mozilla/5.0 AppleWebKit/537.36 (KHTML, like Gecko; compatible; GPTBot/1.4; +https://openai.com/gptbot)"
74.7.243.247 - - [13/Sep/2026:17:27:47 +0300] "GET /?sale/search/detail/?ITMCODE=520014877825 HTTP/2.0" 200 31682 "https://keliauk-uk.lt.testams.vhost.lt/?sitemap-product.xml" "Mozilla/5.0 AppleWebKit/537.36 (KHTML, like Gecko; compatible; GPTBot/1.4; +https://openai.com/gptbot)"
74.7.243.247 - - [13/Sep/2026:17:27:47 +0300] "GET /?sale/search/detail/?ITMCODE=520014855790 HTTP/2.0" 200 31682 "https://keliauk-uk.lt.testams.vhost.lt/?sitemap-product.xml" "Mozilla/5.0 AppleWebKit/537.36 (KHTML, like Gecko; compatible; GPTBot/1.4; +https://openai.com/gptbot)"
74.7.243.247 - - [13/Sep/2026:17:27:48 +0300] "GET /?sale/search/detail/?ITMCODE=519710108203 HTTP/2.0" 200 31682 "https://keliauk-uk.lt.testams.vhost.lt/?sitemap-product.xml" "Mozilla/5.0 AppleWebKit/537.36 (KHTML, like Gecko; compatible; GPTBot/1.4; +https://openai.com/gptbot)"
66.249.79.2 - - [13/Sep/2026:17:27:47 +0300] "GET /index.php/paslaugos?sale/search/detail/?ITMCODE=52002613635 HTTP/1.1" 200 209233 "-" "Mozilla/5.0 (Linux; Android 6.0.1; Nexus 5X Build/MMB29P) AppleWebKit/537.36 (KHTML, like Gecko) Chrome/152.0.7977.82 Mobile Safari/537.36 (compatible; Googlebot/2.1; +http://www.google.com/bot.html)"
74.7.243.247 - - [13/Sep/2026:17:27:48 +0300] "GET /?sale/search/detail/?ITMCODE=519716241610 HTTP/2.0" 200 31682 "https://keliauk-uk.lt.testams.vhost.lt/?sitemap-product.xml" "Mozilla/5.0 AppleWebKit/537.36 (KHTML, like Gecko; compatible; GPTBot/1.4; +https://openai.com/gptbot)"
74.7.243.247 - - [13/Sep/2026:17:27:49 +0300] "GET /?sale/search/detail/?ITMCODE=519615706740 HTTP/2.0" 200 31682 "https://keliauk-uk.lt.testams.vhost.lt/?sitemap-product.xml" "Mozilla/5.0 AppleWebKit/537.36 (KHTML, like Gecko; compatible; GPTBot/1.4; +https://openai.com/gptbot)"
74.7.243.247 - - [13/Sep/2026:17:27:49 +0300] "GET /?sale/search/detail/?ITMCODE=519914096871 HTTP/2.0" 200 31682 "https://keliauk-uk.lt.testams.vhost.lt/?sitemap-product.xml" "Mozilla/5.0 AppleWebKit/537.36 (KHTML, like Gecko; compatible; GPTBot/1.4; +https://openai.com/gptbot)"
74.7.243.247 - - [13/Sep/2026:17:27:50 +0300] "GET /?sale/search/detail/?ITMCODE=519914253426 HTTP/2.0" 200 31682 "https://keliauk-uk.lt.testams.vhost.lt/?sitemap-product.xml" "Mozilla/5.0 AppleWebKit/537.36 (KHTML, like Gecko; compatible; GPTBot/1.4; +https://openai.com/gptbot)"
74.7.243.247 - - [13/Sep/2026:17:27:50 +0300] "GET /?sale/search/detail/?ITMCODE=519710476540 HTTP/2.0" 200 31682 "https://keliauk-uk.lt.testams.vhost.lt/?sitemap-product.xml" "Mozilla/5.0 AppleWebKit/537.36 (KHTML, like Gecko; compatible; GPTBot/1.4; +https://openai.com/gptbot)"
74.7.243.247 - - [13/Sep/2026:17:27:51 +0300] "GET /?sale/search/detail/?ITMCODE=520011826456 HTTP/2.0" 200 31682 "https://keliauk-uk.lt.testams.vhost.lt/?sitemap-product.xml" "Mozilla/5.0 AppleWebKit/537.36 (KHTML, like Gecko; compatible; GPTBot/1.4; +https://openai.com/gptbot)"
74.7.243.247 - - [13/Sep/2026:17:27:51 +0300] "GET /?sale/search/detail/?ITMCODE=520011601378 HTTP/2.0" 200 31682 "https://keliauk-uk.lt.testams.vhost.lt/?sitemap-product.xml" "Mozilla/5.0 AppleWebKit/537.36 (KHTML, like Gecko; compatible; GPTBot/1.4; +https://openai.com/gptbot)"
74.7.243.247 - - [13/Sep/2026:17:27:52 +0300] "GET /?sale/search/detail/?ITMCODE=519813609503 HTTP/2.0" 200 31682 "https://keliauk-uk.lt.testams.vhost.lt/?sitemap-product.xml" "Mozilla/5.0 AppleWebKit/537.36 (KHTML, like Gecko; compatible; GPTBot/1.4; +https://openai.com/gptbot)"
74.7.243.247 - - [13/Sep/2026:17:27:52 +0300] "GET /?sale/search/detail/?ITMCODE=519515360285 HTTP/2.0" 200 31682 "https://keliauk-uk.lt.testams.vhost.lt/?sitemap-product.xml" "Mozilla/5.0 AppleWebKit/537.36 (KHTML, like Gecko; compatible; GPTBot/1.4; +https://openai.com/gptbot)"
74.7.243.247 - - [13/Sep/2026:17:27:53 +0300] "GET /?sale/search/detail/?ITMCODE=519612715140 HTTP/2.0" 200 31682 "https://keliauk-uk.lt.testams.vhost.lt/?sitemap-product.xml" "Mozilla/5.0 AppleWebKit/537.36 (KHTML, like Gecko; compatible; GPTBot/1.4; +https://openai.com/gptbot)"
74.7.243.247 - - [13/Sep/2026:17:27:53 +0300] "GET /?sale/search/detail/?ITMCODE=519612517305 HTTP/2.0" 200 31682 "https://keliauk-uk.lt.testams.vhost.lt/?sitemap-product.xml" "Mozilla/5.0 AppleWebKit/537.36 (KHTML, like Gecko; compatible; GPTBot/1.4; +https://openai.com/gptbot)"
74.7.243.247 - - [13/Sep/2026:17:27:54 +0300] "GET /?sale/search/detail/?ITMCODE=519710132185 HTTP/2.0" 200 31682 "https://keliauk-uk.lt.testams.vhost.lt/?sitemap-product.xml" "Mozilla/5.0 AppleWebKit/537.36 (KHTML, like Gecko; compatible; GPTBot/1.4; +https://openai.com/gptbot)"
74.7.243.247 - - [13/Sep/2026:17:27:54 +0300] "GET /?sale/search/detail/?ITMCODE=519713142871 HTTP/2.0" 200 31682 "https://keliauk-uk.lt.testams.vhost.lt/?sitemap-product.xml" "Mozilla/5.0 AppleWebKit/537.36 (KHTML, like Gecko; compatible; GPTBot/1.4; +https://openai.com/gptbot)"
74.7.243.247 - - [13/Sep/2026:17:27:55 +0300] "GET /?sale/search/detail/?ITMCODE=519612982578 HTTP/2.0" 200 31682 "https://keliauk-uk.lt.testams.vhost.lt/?sitemap-product.xml" "Mozilla/5.0 AppleWebKit/537.36 (KHTML, like Gecko; compatible; GPTBot/1.4; +https://openai.com/gptbot)"
74.7.243.247 - - [13/Sep/2026:17:27:55 +0300] "GET /?sale/search/detail/?ITMCODE=519813540161 HTTP/2.0" 200 31682 "https://keliauk-uk.lt.testams.vhost.lt/?sitemap-product.xml" "Mozilla/5.0 AppleWebKit/537.36 (KHTML, like Gecko; compatible; GPTBot/1.4; +https://openai.com/gptbot)"
74.7.243.247 - - [13/Sep/2026:17:27:56 +0300] "GET /?sale/search/detail/?ITMCODE=520011538366 HTTP/2.0" 200 31682 "https://keliauk-uk.lt.testams.vhost.lt/?sitemap-product.xml" "Mozilla/5.0 AppleWebKit/537.36 (KHTML, like Gecko; compatible; GPTBot/1.4; +https://openai.com/gptbot)"
74.7.243.247 - - [13/Sep/2026:17:27:56 +0300] "GET /?sale/search/detail/?ITMCODE=519716181280 HTTP/2.0" 200 31682 "https://keliauk-uk.lt.testams.vhost.lt/?sitemap-product.xml" "Mozilla/5.0 AppleWebKit/537.36 (KHTML, like Gecko; compatible; GPTBot/1.4; +https://openai.com/gptbot)"
74.7.243.247 - - [13/Sep/2026:17:27:57 +0300] "GET /?sale/search/detail/?ITMCODE=519512297780 HTTP/2.0" 200 31682 "https://keliauk-uk.lt.testams.vhost.lt/?sitemap-product.xml" "Mozilla/5.0 AppleWebKit/537.36 (KHTML, like Gecko; compatible; GPTBot/1.4; +https://openai.com/gptbot)"
74.7.243.247 - - [13/Sep/2026:17:27:57 +0300] "GET /?sale/search/detail/?ITMCODE=519914337750 HTTP/2.0" 200 31682 "https://keliauk-uk.lt.testams.vhost.lt/?sitemap-product.xml" "Mozilla/5.0 AppleWebKit/537.36 (KHTML, like Gecko; compatible; GPTBot/1.4; +https://openai.com/gptbot)"
74.7.243.247 - - [13/Sep/2026:17:27:58 +0300] "GET /?sale/search/detail/?ITMCODE=519615741831 HTTP/2.0" 200 31682 "https://keliauk-uk.lt.testams.vhost.lt/?sitemap-product.xml" "Mozilla/5.0 AppleWebKit/537.36 (KHTML, like Gecko; compatible; GPTBot/1.4; +https://openai.com/gptbot)"
74.7.243.247 - - [13/Sep/2026:17:27:58 +0300] "GET /?sale/search/detail/?ITMCODE=519914476005 HTTP/2.0" 200 31682 "https://keliauk-uk.lt.testams.vhost.lt/?sitemap-product.xml" "Mozilla/5.0 AppleWebKit/537.36 (KHTML, like Gecko; compatible; GPTBot/1.4; +https://openai.com/gptbot)"
74.7.243.247 - - [13/Sep/2026:17:27:59 +0300] "GET /?sale/search/detail/?ITMCODE=520014735241 HTTP/2.0" 200 31682 "https://keliauk-uk.lt.testams.vhost.lt/?sitemap-product.xml" "Mozilla/5.0 AppleWebKit/537.36 (KHTML, like Gecko; compatible; GPTBot/1.4; +https://openai.com/gptbot)"
66.249.79.2 - - [13/Sep/2026:17:27:59 +0300] "GET /index.php/zinynas-keliaujantiems?sale/search/detail/?ITMCODE=51992117843 HTTP/1.1" 200 205941 "-" "Mozilla/5.0 (Linux; Android 6.0.1; Nexus 5X Build/MMB29P) AppleWebKit/537.36 (KHTML, like Gecko) Chrome/152.0.7977.82 Mobile Safari/537.36 (compatible; Googlebot/2.1; +http://www.google.com/bot.html)"
74.7.243.247 - - [13/Sep/2026:17:27:59 +0300] "GET /?sale/search/detail/?ITMCODE=519713228785 HTTP/2.0" 200 31682 "https://keliauk-uk.lt.testams.vhost.lt/?sitemap-product.xml" "Mozilla/5.0 AppleWebKit/537.36 (KHTML, like Gecko; compatible; GPTBot/1.4; +https://openai.com/gptbot)"
74.7.243.247 - - [13/Sep/2026:17:28:00 +0300] "GET /?sale/search/detail/?ITMCODE=519914117628 HTTP/2.0" 200 31682 "https://keliauk-uk.lt.testams.vhost.lt/?sitemap-product.xml" "Mozilla/5.0 AppleWebKit/537.36 (KHTML, like Gecko; compatible; GPTBot/1.4; +https://openai.com/gptbot)"
74.7.243.247 - - [13/Sep/2026:17:28:00 +0300] "GET /?sale/search/detail/?ITMCODE=519914086506 HTTP/2.0" 200 31682 "https://keliauk-uk.lt.testams.vhost.lt/?sitemap-product.xml" "Mozilla/5.0 AppleWebKit/537.36 (KHTML, like Gecko; compatible; GPTBot/1.4; +https://openai.com/gptbot)"
66.249.79.2 - - [13/Sep/2026:17:28:00 +0300] "GET /index.php/zinynas-keliaujantiems?sale/search/detail/?ITMCODE=5196784850 HTTP/1.1" 200 218413 "-" "Mozilla/5.0 (Linux; Android 6.0.1; Nexus 5X Build/MMB29P) AppleWebKit/537.36 (KHTML, like Gecko) Chrome/152.0.7977.82 Mobile Safari/537.36 (compatible; Googlebot/2.1; +http://www.google.com/bot.html)"
74.7.243.247 - - [13/Sep/2026:17:28:01 +0300] "GET /?sale/search/detail/?ITMCODE=519810799316 HTTP/2.0" 200 31682 "https://keliauk-uk.lt.testams.vhost.lt/?sitemap-product.xml" "Mozilla/5.0 AppleWebKit/537.36 (KHTML, like Gecko; compatible; GPTBot/1.4; +https://openai.com/gptbot)"
74.7.243.247 - - [13/Sep/2026:17:28:01 +0300] "GET /?sale/search/detail/?ITMCODE=519813973085 HTTP/2.0" 200 31682 "https://keliauk-uk.lt.testams.vhost.lt/?sitemap-product.xml" "Mozilla/5.0 AppleWebKit/537.36 (KHTML, like Gecko; compatible; GPTBot/1.4; +https://openai.com/gptbot)"
74.7.243.247 - - [13/Sep/2026:17:28:02 +0300] "GET /?sale/search/detail/?ITMCODE=520014933070 HTTP/2.0" 200 31682 "https://keliauk-uk.lt.testams.vhost.lt/?sitemap-product.xml" "Mozilla/5.0 AppleWebKit/537.36 (KHTML, like Gecko; compatible; GPTBot/1.4; +https://openai.com/gptbot)"
74.7.243.247 - - [13/Sep/2026:17:28:02 +0300] "GET /?sale/search/detail/?ITMCODE=519713171428 HTTP/2.0" 200 31682 "https://keliauk-uk.lt.testams.vhost.lt/?sitemap-product.xml" "Mozilla/5.0 AppleWebKit/537.36 (KHTML, like Gecko; compatible; GPTBot/1.4; +https://openai.com/gptbot)"
74.7.243.247 - - [13/Sep/2026:17:28:03 +0300] "GET /?sale/search/detail/?ITMCODE=519810939926 HTTP/2.0" 200 31682 "https://keliauk-uk.lt.testams.vhost.lt/?sitemap-product.xml" "Mozilla/5.0 AppleWebKit/537.36 (KHTML, like Gecko; compatible; GPTBot/1.4; +https://openai.com/gptbot)"
74.7.243.247 - - [13/Sep/2026:17:28:03 +0300] "GET /?sale/search/detail/?ITMCODE=519914422650 HTTP/2.0" 200 31682 "https://keliauk-uk.lt.testams.vhost.lt/?sitemap-product.xml" "Mozilla/5.0 AppleWebKit/537.36 (KHTML, like Gecko; compatible; GPTBot/1.4; +https://openai.com/gptbot)"
74.7.243.247 - - [13/Sep/2026:17:28:04 +0300] "GET /?sale/search/detail/?ITMCODE=519713020060 HTTP/2.0" 200 31682 "https://keliauk-uk.lt.testams.vhost.lt/?sitemap-product.xml" "Mozilla/5.0 AppleWebKit/537.36 (KHTML, like Gecko; compatible; GPTBot/1.4; +https://openai.com/gptbot)"
74.7.243.247 - - [13/Sep/2026:17:28:04 +0300] "GET /?sale/search/detail/?ITMCODE=519612945240 HTTP/2.0" 200 31682 "https://keliauk-uk.lt.testams.vhost.lt/?sitemap-product.xml" "Mozilla/5.0 AppleWebKit/537.36 (KHTML, like Gecko; compatible; GPTBot/1.4; +https://openai.com/gptbot)"
74.7.243.247 - - [13/Sep/2026:17:28:05 +0300] "GET /?sale/search/detail/?ITMCODE=519713104921 HTTP/2.0" 200 31682 "https://keliauk-uk.lt.testams.vhost.lt/?sitemap-product.xml" "Mozilla/5.0 AppleWebKit/537.36 (KHTML, like Gecko; compatible; GPTBot/1.4; +https://openai.com/gptbot)"
74.7.243.247 - - [13/Sep/2026:17:28:05 +0300] "GET /?sale/search/detail/?ITMCODE=519612544026 HTTP/2.0" 200 31682 "https://keliauk-uk.lt.testams.vhost.lt/?sitemap-product.xml" "Mozilla/5.0 AppleWebKit/537.36 (KHTML, like Gecko; compatible; GPTBot/1.4; +https://openai.com/gptbot)"
66.249.79.2 - - [13/Sep/2026:17:28:05 +0300] "GET /index.php/zinynas-keliaujantiems?sale/search/detail/?ITMCODE=51971483726 HTTP/1.1" 200 204802 "-" "Mozilla/5.0 (Linux; Android 6.0.1; Nexus 5X Build/MMB29P) AppleWebKit/537.36 (KHTML, like Gecko) Chrome/152.0.7977.82 Mobile Safari/537.36 (compatible; Googlebot/2.1; +http://www.google.com/bot.html)"
74.7.243.247 - - [13/Sep/2026:17:28:06 +0300] "GET /?sale/search/detail/?ITMCODE=519615800496 HTTP/2.0" 200 31682 "https://keliauk-uk.lt.testams.vhost.lt/?sitemap-product.xml" "Mozilla/5.0 AppleWebKit/537.36 (KHTML, like Gecko; compatible; GPTBot/1.4; +https://openai.com/gptbot)"
74.7.243.247 - - [13/Sep/2026:17:28:06 +0300] "GET /?sale/search/detail/?ITMCODE=519716314303 HTTP/2.0" 200 31682 "https://keliauk-uk.lt.testams.vhost.lt/?sitemap-product.xml" "Mozilla/5.0 AppleWebKit/537.36 (KHTML, like Gecko; compatible; GPTBot/1.4; +https://openai.com/gptbot)"
66.249.79.1 - - [13/Sep/2026:17:28:06 +0300] "GET /sale/search/detail/?ITMCODE=52002997694 HTTP/1.1" 200 202370 "-" "Mozilla/5.0 (Linux; Android 6.0.1; Nexus 5X Build/MMB29P) AppleWebKit/537.36 (KHTML, like Gecko) Chrome/152.0.7977.82 Mobile Safari/537.36 (compatible; Googlebot/2.1; +http://www.google.com/bot.html)"
74.7.243.247 - - [13/Sep/2026:17:28:07 +0300] "GET /?sale/search/detail/?ITMCODE=519813589646 HTTP/2.0" 200 31682 "https://keliauk-uk.lt.testams.vhost.lt/?sitemap-product.xml" "Mozilla/5.0 AppleWebKit/537.36 (KHTML, like Gecko; compatible; GPTBot/1.4; +https://openai.com/gptbot)"
66.249.79.1 - - [13/Sep/2026:17:28:07 +0300] "GET /?sale/search/detail/?ITMCODE=5195228368 HTTP/1.1" 200 230497 "-" "Mozilla/5.0 (Linux; Android 6.0.1; Nexus 5X Build/MMB29P) AppleWebKit/537.36 (KHTML, like Gecko) Chrome/152.0.7977.82 Mobile Safari/537.36 (compatible; Googlebot/2.1; +http://www.google.com/bot.html)"
74.7.243.247 - - [13/Sep/2026:17:28:07 +0300] "GET /?sale/search/detail/?ITMCODE=519615730125 HTTP/2.0" 200 31682 "https://keliauk-uk.lt.testams.vhost.lt/?sitemap-product.xml" "Mozilla/5.0 AppleWebKit/537.36 (KHTML, like Gecko; compatible; GPTBot/1.4; +https://openai.com/gptbot)"
74.7.243.247 - - [13/Sep/2026:17:28:08 +0300] "GET /?sale/search/detail/?ITMCODE=519911084136 HTTP/2.0" 200 31682 "https://keliauk-uk.lt.testams.vhost.lt/?sitemap-product.xml" "Mozilla/5.0 AppleWebKit/537.36 (KHTML, like Gecko; compatible; GPTBot/1.4; +https://openai.com/gptbot)"
185.191.171.1 - - [13/Sep/2026:17:28:08 +0300] "GET /?sale%2Fsearch%2Fdetail%2F%3FITMCODE=52002825951 HTTP/1.1" 200 31562 "-" "Mozilla/5.0 (compatible; SemrushBot/7~bl; +http://www.semrush.com/bot.html)"
74.7.243.247 - - [13/Sep/2026:17:28:08 +0300] "GET /?sale/search/detail/?ITMCODE=520014768010 HTTP/2.0" 200 31682 "https://keliauk-uk.lt.testams.vhost.lt/?sitemap-product.xml" "Mozilla/5.0 AppleWebKit/537.36 (KHTML, like Gecko; compatible; GPTBot/1.4; +https://openai.com/gptbot)"
74.7.243.247 - - [13/Sep/2026:17:28:09 +0300] "GET /?sale/search/detail/?ITMCODE=519615555615 HTTP/2.0" 200 31682 "https://keliauk-uk.lt.testams.vhost.lt/?sitemap-product.xml" "Mozilla/5.0 AppleWebKit/537.36 (KHTML, like Gecko; compatible; GPTBot/1.4; +https://openai.com/gptbot)"
74.7.243.247 - - [13/Sep/2026:17:28:09 +0300] "GET /?sale/search/detail/?ITMCODE=52008952003 HTTP/2.0" 200 31681 "https://keliauk-uk.lt.testams.vhost.lt/?sitemap-product.xml" "Mozilla/5.0 AppleWebKit/537.36 (KHTML, like Gecko; compatible; GPTBot/1.4; +https://openai.com/gptbot)"
74.7.243.247 - - [13/Sep/2026:17:28:10 +0300] "GET /sitemap.xml HTTP/2.0" 200 1943 "-" "Mozilla/5.0 AppleWebKit/537.36 (KHTML, like Gecko; compatible; GPTBot/1.4; +https://openai.com/gptbot)"
74.7.243.247 - - [13/Sep/2026:17:28:10 +0300] "GET /?sale/search/detail/?ITMCODE=51959195555 HTTP/2.0" 200 31681 "https://keliauk-uk.lt.testams.vhost.lt/?sitemap-product.xml" "Mozilla/5.0 AppleWebKit/537.36 (KHTML, like Gecko; compatible; GPTBot/1.4; +https://openai.com/gptbot)"
74.7.243.247 - - [13/Sep/2026:17:28:11 +0300] "GET /index.php/component/search/?Itemid=437&format=opensearch&id=1&sale/search/detail/?ITMCODE=519713441866 HTTP/2.0" 200 585 "https://keliauk-uk.lt.testams.vhost.lt/?sale/search/detail/?ITMCODE=519713441866" "Mozilla/5.0 AppleWebKit/537.36 (KHTML, like Gecko; compatible; GPTBot/1.4; +https://openai.com/gptbot)"
74.7.243.247 - - [13/Sep/2026:17:28:11 +0300] "GET /index.php/component/search/?Itemid=437&format=opensearch&id=1&sale/search/detail/?ITMCODE=51969915846 HTTP/2.0" 200 584 "https://keliauk-uk.lt.testams.vhost.lt/?sale/search/detail/?ITMCODE=51969915846" "Mozilla/5.0 AppleWebKit/537.36 (KHTML, like Gecko; compatible; GPTBot/1.4; +https://openai.com/gptbot)"
74.7.243.247 - - [13/Sep/2026:17:28:12 +0300] "GET /index.php/component/search/?Itemid=437&format=opensearch&id=1&sale/search/detail/?ITMCODE=52008794236 HTTP/2.0" 200 584 "https://keliauk-uk.lt.testams.vhost.lt/?sale/search/detail/?ITMCODE=52008794236" "Mozilla/5.0 AppleWebKit/537.36 (KHTML, like Gecko; compatible; GPTBot/1.4; +https://openai.com/gptbot)"
74.7.243.247 - - [13/Sep/2026:17:28:12 +0300] "GET /index.php/component/search/?Itemid=437&format=opensearch&id=1&sale/search/detail/?ITMCODE=519710496106 HTTP/2.0" 200 585 "https://keliauk-uk.lt.testams.vhost.lt/?sale/search/detail/?ITMCODE=519710496106" "Mozilla/5.0 AppleWebKit/537.36 (KHTML, like Gecko; compatible; GPTBot/1.4; +https://openai.com/gptbot)"
74.7.243.247 - - [13/Sep/2026:17:28:13 +0300] "GET /index.php/component/search/?Itemid=437&format=opensearch&id=1&sale/search/detail/?ITMCODE=519615730125 HTTP/2.0" 200 585 "https://keliauk-uk.lt.testams.vhost.lt/?sale/search/detail/?ITMCODE=519615730125" "Mozilla/5.0 AppleWebKit/537.36 (KHTML, like Gecko; compatible; GPTBot/1.4; +https://openai.com/gptbot)"
74.7.243.247 - - [13/Sep/2026:17:28:13 +0300] "GET /index.php/component/search/?Itemid=437&format=opensearch&id=1&sale/search/detail/?ITMCODE=51959002976 HTTP/2.0" 200 584 "https://keliauk-uk.lt.testams.vhost.lt/?sale/search/detail/?ITMCODE=51959002976" "Mozilla/5.0 AppleWebKit/537.36 (KHTML, like Gecko; compatible; GPTBot/1.4; +https://openai.com/gptbot)"
74.7.243.247 - - [13/Sep/2026:17:28:14 +0300] "GET /index.php/component/search/?Itemid=437&format=opensearch&id=1&sale/search/detail/?ITMCODE=51969520131 HTTP/2.0" 200 584 "https://keliauk-uk.lt.testams.vhost.lt/?sale/search/detail/?ITMCODE=51969520131" "Mozilla/5.0 AppleWebKit/537.36 (KHTML, like Gecko; compatible; GPTBot/1.4; +https://openai.com/gptbot)"
74.7.243.247 - - [13/Sep/2026:17:28:14 +0300] "GET /index.php/component/search/?Itemid=437&format=opensearch&id=1&sale/search/detail/?ITMCODE=519515463371 HTTP/2.0" 200 585 "https://keliauk-uk.lt.testams.vhost.lt/?sale/search/detail/?ITMCODE=519515463371" "Mozilla/5.0 AppleWebKit/537.36 (KHTML, like Gecko; compatible; GPTBot/1.4; +https://openai.com/gptbot)"
74.7.243.247 - - [13/Sep/2026:17:28:15 +0300] "GET /index.php/component/search/?Itemid=437&format=opensearch&id=1&sale/search/detail/?ITMCODE=520011802003 HTTP/2.0" 200 585 "https://keliauk-uk.lt.testams.vhost.lt/?sale/search/detail/?ITMCODE=520011802003" "Mozilla/5.0 AppleWebKit/537.36 (KHTML, like Gecko; compatible; GPTBot/1.4; +https://openai.com/gptbot)"
66.249.79.1 - - [13/Sep/2026:17:28:15 +0300] "GET /index.php/zinynas-keliaujantiems?sale/search/detail/?ITMCODE=52002917709 HTTP/1.1" 200 206452 "-" "Mozilla/5.0 (Linux; Android 6.0.1; Nexus 5X Build/MMB29P) AppleWebKit/537.36 (KHTML, like Gecko) Chrome/152.0.7977.82 Mobile Safari/537.36 (compatible; Googlebot/2.1; +http://www.google.com/bot.html)"
74.7.243.247 - - [13/Sep/2026:17:28:15 +0300] "GET /?sitemap-181.xml HTTP/2.0" 200 197263 "https://keliauk-uk.lt.testams.vhost.lt/sitemap.xml" "Mozilla/5.0 AppleWebKit/537.36 (KHTML, like Gecko; compatible; GPTBot/1.4; +https://openai.com/gptbot)"
74.7.243.247 - - [13/Sep/2026:17:28:16 +0300] "GET /?sitemap-303.xml HTTP/2.0" 200 197225 "https://keliauk-uk.lt.testams.vhost.lt/sitemap.xml" "Mozilla/5.0 AppleWebKit/537.36 (KHTML, like Gecko; compatible; GPTBot/1.4; +https://openai.com/gptbot)"
74.7.243.247 - - [13/Sep/2026:17:28:17 +0300] "GET /?sitemap-699.xml HTTP/2.0" 200 198005 "https://keliauk-uk.lt.testams.vhost.lt/sitemap.xml" "Mozilla/5.0 AppleWebKit/537.36 (KHTML, like Gecko; compatible; GPTBot/1.4; +https://openai.com/gptbot)"
74.7.243.247 - - [13/Sep/2026:17:28:18 +0300] "GET /?sitemap-955.xml HTTP/2.0" 200 198804 "https://keliauk-uk.lt.testams.vhost.lt/sitemap.xml" "Mozilla/5.0 AppleWebKit/537.36 (KHTML, like Gecko; compatible; GPTBot/1.4; +https://openai.com/gptbot)"
74.7.243.247 - - [13/Sep/2026:17:28:19 +0300] "GET /?sitemap-707.xml HTTP/2.0" 200 197222 "https://keliauk-uk.lt.testams.vhost.lt/sitemap.xml" "Mozilla/5.0 AppleWebKit/537.36 (KHTML, like Gecko; compatible; GPTBot/1.4; +https://openai.com/gptbot)"
