85.208.96.205 - - [13/Sep/2026:17:01:23 +0300] "GET /?sale%2Fsearch%2Fdetail%2F%3FITMCODE=519956186138 HTTP/1.1" 200 31563 "-" "Mozilla/5.0 (compatible; SemrushBot/7~bl; +http://www.semrush.com/bot.html)"
66.249.79.1 - - [13/Sep/2026:17:01:24 +0300] "GET /index.php/zinynas-keliaujantiems?sale/search/detail/?ITMCODE=51981945357 HTTP/1.1" 200 202418 "-" "Mozilla/5.0 (Linux; Android 6.0.1; Nexus 5X Build/MMB29P) AppleWebKit/537.36 (KHTML, like Gecko) Chrome/152.0.7977.82 Mobile Safari/537.36 (compatible; Googlebot/2.1; +http://www.google.com/bot.html)"
66.249.79.2 - - [13/Sep/2026:17:01:29 +0300] "GET /index.php/zinynas-keliaujantiems?sale/search/detail/?ITMCODE=51971239769 HTTP/1.1" 200 216144 "-" "Mozilla/5.0 (Linux; Android 6.0.1; Nexus 5X Build/MMB29P) AppleWebKit/537.36 (KHTML, like Gecko) Chrome/152.0.7977.82 Mobile Safari/537.36 (compatible; Googlebot/2.1; +http://www.google.com/bot.html)"
57.141.20.5 - - [13/Sep/2026:17:01:32 +0300] "GET /index.php/component/search/?sale/search/detail/?ITMCODE=519971168251& HTTP/2.0" 200 19729 "-" "Mozilla/5.0 (Macintosh; Intel Mac OS X 10_15_7) AppleWebKit/537.36 (KHTML, like Gecko) Chrome/145.0.0.0 Safari/537.36 Edg/145.0.0.0 (compatible; meta-externalagent/1.1 (+https://developers.facebook.com/docs/sharing/webmasters/crawler))"
66.249.79.2 - - [13/Sep/2026:17:01:33 +0300] "GET /index.php/zinynas-keliaujantiems?sale/search/detail/?ITMCODE=5195152540 HTTP/1.1" 200 212944 "-" "Mozilla/5.0 (Linux; Android 6.0.1; Nexus 5X Build/MMB29P) AppleWebKit/537.36 (KHTML, like Gecko) Chrome/152.0.7977.82 Mobile Safari/537.36 (compatible; Googlebot/2.1; +http://www.google.com/bot.html)"
40.77.167.143 - - [13/Sep/2026:17:01:36 +0300] "GET /?sale/search/detail/?ITMCODE=51984695373 HTTP/2.0" 200 206485 "-" "Mozilla/5.0 AppleWebKit/537.36 (KHTML, like Gecko; compatible; bingbot/2.0; +http://www.bing.com/bingbot.htm) Chrome/116.0.1938.76 Safari/537.36"
66.249.79.2 - - [13/Sep/2026:17:01:37 +0300] "GET /index.php/zinynas-keliaujantiems?sale/search/detail/?ITMCODE=52002571506 HTTP/1.1" 200 212894 "-" "Mozilla/5.0 (Linux; Android 6.0.1; Nexus 5X Build/MMB29P) AppleWebKit/537.36 (KHTML, like Gecko) Chrome/152.0.7977.82 Mobile Safari/537.36 (compatible; Googlebot/2.1; +http://www.google.com/bot.html)"
85.208.96.198 - - [13/Sep/2026:17:01:37 +0300] "GET /?sale%2Fsearch%2Fdetail%2F%3FITMCODE=51987761213 HTTP/1.1" 200 31562 "-" "Mozilla/5.0 (compatible; SemrushBot/7~bl; +http://www.semrush.com/bot.html)"
40.77.167.143 - - [13/Sep/2026:17:01:39 +0300] "GET /?sale/search/detail/?ITMCODE=519678935126 HTTP/2.0" 200 201245 "-" "Mozilla/5.0 AppleWebKit/537.36 (KHTML, like Gecko; compatible; bingbot/2.0; +http://www.bing.com/bingbot.htm) Chrome/116.0.1938.76 Safari/537.36"
66.249.79.1 - - [13/Sep/2026:17:01:39 +0300] "GET /index.php/zinynas-keliaujantiems?sale/search/detail/?ITMCODE=5195112583 HTTP/1.1" 200 213509 "-" "Mozilla/5.0 (Linux; Android 6.0.1; Nexus 5X Build/MMB29P) AppleWebKit/537.36 (KHTML, like Gecko) Chrome/152.0.7977.82 Mobile Safari/537.36 (compatible; Googlebot/2.1; +http://www.google.com/bot.html)"
66.249.79.1 - - [13/Sep/2026:17:01:41 +0300] "GET /index.php/zinynas-keliaujantiems?sale/search/detail/?ITMCODE=51981938229 HTTP/1.1" 200 215785 "-" "Mozilla/5.0 (Linux; Android 6.0.1; Nexus 5X Build/MMB29P) AppleWebKit/537.36 (KHTML, like Gecko) Chrome/152.0.7977.82 Mobile Safari/537.36 (compatible; Googlebot/2.1; +http://www.google.com/bot.html)"
40.77.167.143 - - [13/Sep/2026:17:01:41 +0300] "GET /?sale/search/detail/?ITMCODE=519542466540 HTTP/2.0" 200 205175 "-" "Mozilla/5.0 AppleWebKit/537.36 (KHTML, like Gecko; compatible; bingbot/2.0; +http://www.bing.com/bingbot.htm) Chrome/116.0.1938.76 Safari/537.36"
66.249.79.2 - - [13/Sep/2026:17:01:42 +0300] "GET /index.php/zinynas-keliaujantiems?sale/search/detail/?ITMCODE=5196641279 HTTP/1.1" 200 211574 "-" "Mozilla/5.0 (Linux; Android 6.0.1; Nexus 5X Build/MMB29P) AppleWebKit/537.36 (KHTML, like Gecko) Chrome/152.0.7977.82 Mobile Safari/537.36 (compatible; Googlebot/2.1; +http://www.google.com/bot.html)"
85.208.96.200 - - [13/Sep/2026:17:01:47 +0300] "GET /?sale%2Fsearch%2Fdetail%2F%3FITMCODE=52005806700 HTTP/1.1" 200 31562 "-" "Mozilla/5.0 (compatible; SemrushBot/7~bl; +http://www.semrush.com/bot.html)"
66.249.79.3 - - [13/Sep/2026:17:01:49 +0300] "GET /index.php/zinynas-keliaujantiems?sale/search/detail/?ITMCODE=5196744322 HTTP/1.1" 200 203328 "-" "Mozilla/5.0 (Linux; Android 6.0.1; Nexus 5X Build/MMB29P) AppleWebKit/537.36 (KHTML, like Gecko) Chrome/152.0.7977.82 Mobile Safari/537.36 (compatible; Googlebot/2.1; +http://www.google.com/bot.html)"
57.141.20.32 - - [13/Sep/2026:17:01:51 +0300] "GET /index.php/component/search/?sale/search/detail/?ITMCODE=519873569290& HTTP/2.0" 200 19807 "-" "Mozilla/5.0 (Windows NT 10.0; Win64; x64) AppleWebKit/537.36 (KHTML, like Gecko) Chrome/145.0.0.0 Safari/537.36 (compatible; meta-externalagent/1.1 (+https://developers.facebook.com/docs/sharing/webmasters/crawler))"
66.249.79.1 - - [13/Sep/2026:17:01:57 +0300] "GET /index.php/zinynas-keliaujantiems?sale/search/detail/?ITMCODE=5196781100 HTTP/1.1" 200 220400 "-" "Mozilla/5.0 (Linux; Android 6.0.1; Nexus 5X Build/MMB29P) AppleWebKit/537.36 (KHTML, like Gecko) Chrome/152.0.7977.82 Mobile Safari/537.36 (compatible; Googlebot/2.1; +http://www.google.com/bot.html)"
66.249.79.2 - - [13/Sep/2026:17:02:04 +0300] "GET /index.php/zinynas-keliaujantiems?sale/search/detail/?ITMCODE=51971236908 HTTP/1.1" 200 205192 "-" "Mozilla/5.0 (Linux; Android 6.0.1; Nexus 5X Build/MMB29P) AppleWebKit/537.36 (KHTML, like Gecko) Chrome/152.0.7977.82 Mobile Safari/537.36 (compatible; Googlebot/2.1; +http://www.google.com/bot.html)"
52.167.144.176 - - [13/Sep/2026:17:02:04 +0300] "GET /?sale/search/detail/?ITMCODE=5196586612 HTTP/2.0" 200 202407 "-" "Mozilla/5.0 AppleWebKit/537.36 (KHTML, like Gecko; compatible; bingbot/2.0; +http://www.bing.com/bingbot.htm) Chrome/116.0.1938.76 Safari/537.36"
52.167.144.176 - - [13/Sep/2026:17:02:05 +0300] "GET /?sale/search/detail/?ITMCODE=51974361283 HTTP/2.0" 200 222582 "-" "Mozilla/5.0 AppleWebKit/537.36 (KHTML, like Gecko; compatible; bingbot/2.0; +http://www.bing.com/bingbot.htm) Chrome/116.0.1938.76 Safari/537.36"
52.167.144.176 - - [13/Sep/2026:17:02:06 +0300] "GET /?sale/search/detail/?ITMCODE=52002619105 HTTP/2.0" 200 204812 "-" "Mozilla/5.0 AppleWebKit/537.36 (KHTML, like Gecko; compatible; bingbot/2.0; +http://www.bing.com/bingbot.htm) Chrome/116.0.1938.76 Safari/537.36"
66.249.79.3 - - [13/Sep/2026:17:02:05 +0300] "GET /index.php/zinynas-keliaujantiems?sale/search/detail/?ITMCODE=52002903966 HTTP/1.1" 200 202754 "-" "Mozilla/5.0 (Linux; Android 6.0.1; Nexus 5X Build/MMB29P) AppleWebKit/537.36 (KHTML, like Gecko) Chrome/152.0.7977.82 Mobile Safari/537.36 (compatible; Googlebot/2.1; +http://www.google.com/bot.html)"
52.167.144.176 - - [13/Sep/2026:17:02:06 +0300] "GET /?sale/search/detail/?ITMCODE=51956361620 HTTP/2.0" 200 202363 "-" "Mozilla/5.0 AppleWebKit/537.36 (KHTML, like Gecko; compatible; bingbot/2.0; +http://www.bing.com/bingbot.htm) Chrome/116.0.1938.76 Safari/537.36"
52.167.144.176 - - [13/Sep/2026:17:02:07 +0300] "GET /?sale/search/detail/?ITMCODE=51971225161 HTTP/2.0" 200 202516 "-" "Mozilla/5.0 AppleWebKit/537.36 (KHTML, like Gecko; compatible; bingbot/2.0; +http://www.bing.com/bingbot.htm) Chrome/116.0.1938.76 Safari/537.36"
52.167.144.176 - - [13/Sep/2026:17:02:07 +0300] "GET /?sale/search/detail/?ITMCODE=51992337494 HTTP/2.0" 200 206519 "-" "Mozilla/5.0 AppleWebKit/537.36 (KHTML, like Gecko; compatible; bingbot/2.0; +http://www.bing.com/bingbot.htm) Chrome/116.0.1938.76 Safari/537.36"
66.249.79.2 - - [13/Sep/2026:17:02:07 +0300] "GET /index.php/zinynas-keliaujantiems?sale/search/detail/?ITMCODE=5196963622 HTTP/1.1" 200 205915 "-" "Mozilla/5.0 (Linux; Android 6.0.1; Nexus 5X Build/MMB29P) AppleWebKit/537.36 (KHTML, like Gecko) Chrome/152.0.7977.82 Mobile Safari/537.36 (compatible; Googlebot/2.1; +http://www.google.com/bot.html)"
52.167.144.176 - - [13/Sep/2026:17:02:08 +0300] "GET /?sale/search/detail/?ITMCODE=51992286921 HTTP/2.0" 200 216949 "-" "Mozilla/5.0 AppleWebKit/537.36 (KHTML, like Gecko; compatible; bingbot/2.0; +http://www.bing.com/bingbot.htm) Chrome/116.0.1938.76 Safari/537.36"
52.167.144.176 - - [13/Sep/2026:17:02:08 +0300] "GET /?sale/search/detail/?ITMCODE=51981704990 HTTP/2.0" 200 207204 "-" "Mozilla/5.0 AppleWebKit/537.36 (KHTML, like Gecko; compatible; bingbot/2.0; +http://www.bing.com/bingbot.htm) Chrome/116.0.1938.76 Safari/537.36"
52.167.144.176 - - [13/Sep/2026:17:02:09 +0300] "GET /?sale/search/detail/?ITMCODE=51966750684 HTTP/2.0" 200 217113 "-" "Mozilla/5.0 AppleWebKit/537.36 (KHTML, like Gecko; compatible; bingbot/2.0; +http://www.bing.com/bingbot.htm) Chrome/116.0.1938.76 Safari/537.36"
157.55.39.202 - - [13/Sep/2026:17:02:09 +0300] "GET /?sale/search/detail/?ITMCODE=51981937266 HTTP/2.0" 200 196048 "-" "Mozilla/5.0 AppleWebKit/537.36 (KHTML, like Gecko; compatible; bingbot/2.0; +http://www.bing.com/bingbot.htm) Chrome/116.0.1938.76 Safari/537.36"
52.167.144.176 - - [13/Sep/2026:17:02:10 +0300] "GET /?sale/search/detail/?ITMCODE=520056743712 HTTP/2.0" 200 218691 "-" "Mozilla/5.0 AppleWebKit/537.36 (KHTML, like Gecko; compatible; bingbot/2.0; +http://www.bing.com/bingbot.htm) Chrome/116.0.1938.76 Safari/537.36"
52.167.144.176 - - [13/Sep/2026:17:02:10 +0300] "GET /?sale/search/detail/?ITMCODE=51971440991 HTTP/2.0" 200 204243 "-" "Mozilla/5.0 AppleWebKit/537.36 (KHTML, like Gecko; compatible; bingbot/2.0; +http://www.bing.com/bingbot.htm) Chrome/116.0.1938.76 Safari/537.36"
52.167.144.176 - - [13/Sep/2026:17:02:11 +0300] "GET /?sale/search/detail/?ITMCODE=51981835631 HTTP/2.0" 200 222325 "-" "Mozilla/5.0 AppleWebKit/537.36 (KHTML, like Gecko; compatible; bingbot/2.0; +http://www.bing.com/bingbot.htm) Chrome/116.0.1938.76 Safari/537.36"
52.167.144.176 - - [13/Sep/2026:17:02:11 +0300] "GET /?sale/search/detail/?ITMCODE=51971498539 HTTP/2.0" 200 207462 "-" "Mozilla/5.0 AppleWebKit/537.36 (KHTML, like Gecko; compatible; bingbot/2.0; +http://www.bing.com/bingbot.htm) Chrome/116.0.1938.76 Safari/537.36"
57.141.20.54 - - [13/Sep/2026:17:02:12 +0300] "GET /index.php/component/search/?sale/search/detail/?ITMCODE=519612667648&id=1&Itemid=437&format=opensearch HTTP/2.0" 200 585 "-" "Mozilla/5.0 (Windows NT 10.0; Win64; x64) AppleWebKit/537.36 (KHTML, like Gecko) Chrome/145.0.0.0 Safari/537.36 (compatible; meta-externalagent/1.1 (+https://developers.facebook.com/docs/sharing/webmasters/crawler))"
157.55.39.202 - - [13/Sep/2026:17:02:11 +0300] "GET /?sale/search/detail/?ITMCODE=519947134892 HTTP/2.0" 200 200676 "-" "Mozilla/5.0 AppleWebKit/537.36 (KHTML, like Gecko; compatible; bingbot/2.0; +http://www.bing.com/bingbot.htm) Chrome/116.0.1938.76 Safari/537.36"
66.249.79.2 - - [13/Sep/2026:17:02:12 +0300] "GET /index.php/zinynas-keliaujantiems?sale/search/detail/?ITMCODE=5196612586 HTTP/1.1" 200 207856 "-" "Mozilla/5.0 (Linux; Android 6.0.1; Nexus 5X Build/MMB29P) AppleWebKit/537.36 (KHTML, like Gecko) Chrome/152.0.7977.82 Mobile Safari/537.36 (compatible; Googlebot/2.1; +http://www.google.com/bot.html)"
66.249.79.2 - - [13/Sep/2026:17:02:14 +0300] "GET /index.php/zinynas-keliaujantiems?sale/search/detail/?ITMCODE=51992101865 HTTP/1.1" 200 240126 "-" "Mozilla/5.0 (Linux; Android 6.0.1; Nexus 5X Build/MMB29P) AppleWebKit/537.36 (KHTML, like Gecko) Chrome/152.0.7977.82 Mobile Safari/537.36 (compatible; Googlebot/2.1; +http://www.google.com/bot.html)"
157.55.39.202 - - [13/Sep/2026:17:02:14 +0300] "GET /?sale/search/detail/?ITMCODE=519530257407 HTTP/2.0" 200 192817 "-" "Mozilla/5.0 AppleWebKit/537.36 (KHTML, like Gecko; compatible; bingbot/2.0; +http://www.bing.com/bingbot.htm) Chrome/116.0.1938.76 Safari/537.36"
157.55.39.202 - - [13/Sep/2026:17:02:16 +0300] "GET /?sale/search/detail/?ITMCODE=51966866858 HTTP/2.0" 200 199126 "-" "Mozilla/5.0 AppleWebKit/537.36 (KHTML, like Gecko; compatible; bingbot/2.0; +http://www.bing.com/bingbot.htm) Chrome/116.0.1938.76 Safari/537.36"
52.167.144.25 - - [13/Sep/2026:17:02:18 +0300] "GET /?sale/search/detail/?ITMCODE=51992374150 HTTP/2.0" 200 201855 "-" "Mozilla/5.0 AppleWebKit/537.36 (KHTML, like Gecko; compatible; bingbot/2.0; +http://www.bing.com/bingbot.htm) Chrome/116.0.1938.76 Safari/537.36"
52.167.144.25 - - [13/Sep/2026:17:02:19 +0300] "GET /?sale/search/detail/?ITMCODE=52008774284 HTTP/2.0" 200 206113 "-" "Mozilla/5.0 AppleWebKit/537.36 (KHTML, like Gecko; compatible; bingbot/2.0; +http://www.bing.com/bingbot.htm) Chrome/116.0.1938.76 Safari/537.36"
52.167.144.25 - - [13/Sep/2026:17:02:20 +0300] "GET /?sale/search/detail/?ITMCODE=5196990959 HTTP/2.0" 200 202009 "-" "Mozilla/5.0 AppleWebKit/537.36 (KHTML, like Gecko; compatible; bingbot/2.0; +http://www.bing.com/bingbot.htm) Chrome/116.0.1938.76 Safari/537.36"
66.249.79.1 - - [13/Sep/2026:17:02:20 +0300] "GET /index.php/zinynas-keliaujantiems?sale/search/detail/?ITMCODE=5196742339 HTTP/1.1" 200 211362 "-" "Mozilla/5.0 (Linux; Android 6.0.1; Nexus 5X Build/MMB29P) AppleWebKit/537.36 (KHTML, like Gecko) Chrome/152.0.7977.82 Mobile Safari/537.36 (compatible; Googlebot/2.1; +http://www.google.com/bot.html)"
52.167.144.25 - - [13/Sep/2026:17:02:21 +0300] "GET /?sale/search/detail/?ITMCODE=5196978345 HTTP/2.0" 200 201262 "-" "Mozilla/5.0 AppleWebKit/537.36 (KHTML, like Gecko; compatible; bingbot/2.0; +http://www.bing.com/bingbot.htm) Chrome/116.0.1938.76 Safari/537.36"
66.249.79.1 - - [13/Sep/2026:17:02:21 +0300] "GET /?sale/search/detail/?ITMCODE=5196712026 HTTP/1.1" 200 194568 "-" "Mozilla/5.0 (Linux; Android 6.0.1; Nexus 5X Build/MMB29P) AppleWebKit/537.36 (KHTML, like Gecko) Chrome/152.0.7977.82 Mobile Safari/537.36 (compatible; Googlebot/2.1; +http://www.google.com/bot.html)"
40.77.167.68 - - [13/Sep/2026:17:02:21 +0300] "GET /?sale/search/detail/?ITMCODE=519788408005 HTTP/2.0" 200 194203 "-" "Mozilla/5.0 AppleWebKit/537.36 (KHTML, like Gecko; compatible; bingbot/2.0; +http://www.bing.com/bingbot.htm) Chrome/116.0.1938.76 Safari/537.36"
66.249.79.1 - - [13/Sep/2026:17:02:21 +0300] "GET /index.php/zinynas-keliaujantiems?sale/search/detail/?ITMCODE=5196710816 HTTP/1.1" 200 211813 "-" "Mozilla/5.0 (Linux; Android 6.0.1; Nexus 5X Build/MMB29P) AppleWebKit/537.36 (KHTML, like Gecko) Chrome/152.0.7977.82 Mobile Safari/537.36 (compatible; Googlebot/2.1; +http://www.google.com/bot.html)"
52.167.144.25 - - [13/Sep/2026:17:02:21 +0300] "GET /?sale/search/detail/?ITMCODE=5195103199 HTTP/2.0" 200 203785 "-" "Mozilla/5.0 AppleWebKit/537.36 (KHTML, like Gecko; compatible; bingbot/2.0; +http://www.bing.com/bingbot.htm) Chrome/116.0.1938.76 Safari/537.36"
40.77.167.68 - - [13/Sep/2026:17:02:21 +0300] "GET /?sale/search/detail/?ITMCODE=51971203143 HTTP/2.0" 200 195763 "-" "Mozilla/5.0 AppleWebKit/537.36 (KHTML, like Gecko; compatible; bingbot/2.0; +http://www.bing.com/bingbot.htm) Chrome/116.0.1938.76 Safari/537.36"
52.167.144.25 - - [13/Sep/2026:17:02:22 +0300] "GET /?sale/search/detail/?ITMCODE=52002626759 HTTP/2.0" 200 204734 "-" "Mozilla/5.0 AppleWebKit/537.36 (KHTML, like Gecko; compatible; bingbot/2.0; +http://www.bing.com/bingbot.htm) Chrome/116.0.1938.76 Safari/537.36"
40.77.167.68 - - [13/Sep/2026:17:02:22 +0300] "GET /?sale/search/detail/?ITMCODE=519512183346 HTTP/2.0" 200 202008 "-" "Mozilla/5.0 AppleWebKit/537.36 (KHTML, like Gecko; compatible; bingbot/2.0; +http://www.bing.com/bingbot.htm) Chrome/116.0.1938.76 Safari/537.36"
52.167.144.25 - - [13/Sep/2026:17:02:22 +0300] "GET /?sale/search/detail/?ITMCODE=5195118320 HTTP/2.0" 200 217969 "-" "Mozilla/5.0 AppleWebKit/537.36 (KHTML, like Gecko; compatible; bingbot/2.0; +http://www.bing.com/bingbot.htm) Chrome/116.0.1938.76 Safari/537.36"
40.77.167.68 - - [13/Sep/2026:17:02:23 +0300] "GET /?sale/search/detail/?ITMCODE=51984641030 HTTP/2.0" 200 200962 "-" "Mozilla/5.0 AppleWebKit/537.36 (KHTML, like Gecko; compatible; bingbot/2.0; +http://www.bing.com/bingbot.htm) Chrome/116.0.1938.76 Safari/537.36"
66.249.79.1 - - [13/Sep/2026:17:02:23 +0300] "GET /index.php/zinynas-keliaujantiems?sale/search/detail/?ITMCODE=5196738824 HTTP/1.1" 200 202268 "-" "Mozilla/5.0 (Linux; Android 6.0.1; Nexus 5X Build/MMB29P) AppleWebKit/537.36 (KHTML, like Gecko) Chrome/152.0.7977.82 Mobile Safari/537.36 (compatible; Googlebot/2.1; +http://www.google.com/bot.html)"
52.167.144.25 - - [13/Sep/2026:17:02:23 +0300] "GET /?sale/search/detail/?ITMCODE=51992149093 HTTP/2.0" 200 209767 "-" "Mozilla/5.0 AppleWebKit/537.36 (KHTML, like Gecko; compatible; bingbot/2.0; +http://www.bing.com/bingbot.htm) Chrome/116.0.1938.76 Safari/537.36"
40.77.167.68 - - [13/Sep/2026:17:02:23 +0300] "GET /?sale/search/detail/?ITMCODE=51984643760 HTTP/2.0" 200 195277 "-" "Mozilla/5.0 AppleWebKit/537.36 (KHTML, like Gecko; compatible; bingbot/2.0; +http://www.bing.com/bingbot.htm) Chrome/116.0.1938.76 Safari/537.36"
52.167.144.25 - - [13/Sep/2026:17:02:24 +0300] "GET /?sale/search/detail/?ITMCODE=51959158971 HTTP/2.0" 200 202028 "-" "Mozilla/5.0 AppleWebKit/537.36 (KHTML, like Gecko; compatible; bingbot/2.0; +http://www.bing.com/bingbot.htm) Chrome/116.0.1938.76 Safari/537.36"
40.77.167.68 - - [13/Sep/2026:17:02:24 +0300] "GET /?sale/search/detail/?ITMCODE=51981629150 HTTP/2.0" 200 195061 "-" "Mozilla/5.0 AppleWebKit/537.36 (KHTML, like Gecko; compatible; bingbot/2.0; +http://www.bing.com/bingbot.htm) Chrome/116.0.1938.76 Safari/537.36"
52.167.144.25 - - [13/Sep/2026:17:02:24 +0300] "GET /?sale/search/detail/?ITMCODE=52002851748 HTTP/2.0" 200 207841 "-" "Mozilla/5.0 AppleWebKit/537.36 (KHTML, like Gecko; compatible; bingbot/2.0; +http://www.bing.com/bingbot.htm) Chrome/116.0.1938.76 Safari/537.36"
40.77.167.68 - - [13/Sep/2026:17:02:25 +0300] "GET /?sale/search/detail/?ITMCODE=519627552740 HTTP/2.0" 200 196388 "-" "Mozilla/5.0 AppleWebKit/537.36 (KHTML, like Gecko; compatible; bingbot/2.0; +http://www.bing.com/bingbot.htm) Chrome/116.0.1938.76 Safari/537.36"
52.167.144.25 - - [13/Sep/2026:17:02:25 +0300] "GET /?sale/search/detail/?ITMCODE=5196662840 HTTP/2.0" 200 209509 "-" "Mozilla/5.0 AppleWebKit/537.36 (KHTML, like Gecko; compatible; bingbot/2.0; +http://www.bing.com/bingbot.htm) Chrome/116.0.1938.76 Safari/537.36"
40.77.167.68 - - [13/Sep/2026:17:02:25 +0300] "GET /?sale/search/detail/?ITMCODE=51956470139 HTTP/2.0" 200 228698 "-" "Mozilla/5.0 AppleWebKit/537.36 (KHTML, like Gecko; compatible; bingbot/2.0; +http://www.bing.com/bingbot.htm) Chrome/116.0.1938.76 Safari/537.36"
52.167.144.25 - - [13/Sep/2026:17:02:25 +0300] "GET /?sale/search/detail/?ITMCODE=51992027364 HTTP/2.0" 200 204568 "-" "Mozilla/5.0 AppleWebKit/537.36 (KHTML, like Gecko; compatible; bingbot/2.0; +http://www.bing.com/bingbot.htm) Chrome/116.0.1938.76 Safari/537.36"
40.77.167.68 - - [13/Sep/2026:17:02:26 +0300] "GET /?sale/search/detail/?ITMCODE=51995187675 HTTP/2.0" 200 197029 "-" "Mozilla/5.0 AppleWebKit/537.36 (KHTML, like Gecko; compatible; bingbot/2.0; +http://www.bing.com/bingbot.htm) Chrome/116.0.1938.76 Safari/537.36"
52.167.144.25 - - [13/Sep/2026:17:02:26 +0300] "GET /?sale/search/detail/?ITMCODE=51981775931 HTTP/2.0" 200 203245 "-" "Mozilla/5.0 AppleWebKit/537.36 (KHTML, like Gecko; compatible; bingbot/2.0; +http://www.bing.com/bingbot.htm) Chrome/116.0.1938.76 Safari/537.36"
40.77.167.68 - - [13/Sep/2026:17:02:26 +0300] "GET /?sale/search/detail/?ITMCODE=52005825904 HTTP/2.0" 200 192474 "-" "Mozilla/5.0 AppleWebKit/537.36 (KHTML, like Gecko; compatible; bingbot/2.0; +http://www.bing.com/bingbot.htm) Chrome/116.0.1938.76 Safari/537.36"
52.167.144.25 - - [13/Sep/2026:17:02:27 +0300] "GET /?sale/search/detail/?ITMCODE=5196844286 HTTP/2.0" 200 214321 "-" "Mozilla/5.0 AppleWebKit/537.36 (KHTML, like Gecko; compatible; bingbot/2.0; +http://www.bing.com/bingbot.htm) Chrome/116.0.1938.76 Safari/537.36"
40.77.167.68 - - [13/Sep/2026:17:02:27 +0300] "GET /?sale/search/detail/?ITMCODE=51953484530 HTTP/2.0" 200 197156 "-" "Mozilla/5.0 AppleWebKit/537.36 (KHTML, like Gecko; compatible; bingbot/2.0; +http://www.bing.com/bingbot.htm) Chrome/116.0.1938.76 Safari/537.36"
40.77.167.68 - - [13/Sep/2026:17:02:28 +0300] "GET /?sale/search/detail/?ITMCODE=51992263069 HTTP/2.0" 200 193072 "-" "Mozilla/5.0 AppleWebKit/537.36 (KHTML, like Gecko; compatible; bingbot/2.0; +http://www.bing.com/bingbot.htm) Chrome/116.0.1938.76 Safari/537.36"
52.167.144.25 - - [13/Sep/2026:17:02:28 +0300] "GET /?sale/search/detail/?ITMCODE=51956316880 HTTP/2.0" 200 207124 "-" "Mozilla/5.0 AppleWebKit/537.36 (KHTML, like Gecko; compatible; bingbot/2.0; +http://www.bing.com/bingbot.htm) Chrome/116.0.1938.76 Safari/537.36"
40.77.167.68 - - [13/Sep/2026:17:02:28 +0300] "GET /?sale/search/detail/?ITMCODE=520017977374 HTTP/2.0" 200 194971 "-" "Mozilla/5.0 AppleWebKit/537.36 (KHTML, like Gecko; compatible; bingbot/2.0; +http://www.bing.com/bingbot.htm) Chrome/116.0.1938.76 Safari/537.36"
52.167.144.25 - - [13/Sep/2026:17:02:28 +0300] "GET /sale/search/detail/?ITMCODE=5196581974 HTTP/2.0" 200 203503 "-" "Mozilla/5.0 AppleWebKit/537.36 (KHTML, like Gecko; compatible; bingbot/2.0; +http://www.bing.com/bingbot.htm) Chrome/116.0.1938.76 Safari/537.36"
40.77.167.68 - - [13/Sep/2026:17:02:29 +0300] "GET /?sale/search/detail/?ITMCODE=51953136455 HTTP/2.0" 200 195551 "-" "Mozilla/5.0 AppleWebKit/537.36 (KHTML, like Gecko; compatible; bingbot/2.0; +http://www.bing.com/bingbot.htm) Chrome/116.0.1938.76 Safari/537.36"
52.167.144.25 - - [13/Sep/2026:17:02:29 +0300] "GET /sale/search/detail/?ITMCODE=5196717297 HTTP/2.0" 200 210289 "-" "Mozilla/5.0 AppleWebKit/537.36 (KHTML, like Gecko; compatible; bingbot/2.0; +http://www.bing.com/bingbot.htm) Chrome/116.0.1938.76 Safari/537.36"
40.77.167.68 - - [13/Sep/2026:17:02:29 +0300] "GET /?sale/search/detail/?ITMCODE=51977338364 HTTP/2.0" 200 194624 "-" "Mozilla/5.0 AppleWebKit/537.36 (KHTML, like Gecko; compatible; bingbot/2.0; +http://www.bing.com/bingbot.htm) Chrome/116.0.1938.76 Safari/537.36"
52.167.144.25 - - [13/Sep/2026:17:02:29 +0300] "GET /?sale/search/detail/?ITMCODE=51992288818 HTTP/2.0" 200 220858 "-" "Mozilla/5.0 AppleWebKit/537.36 (KHTML, like Gecko; compatible; bingbot/2.0; +http://www.bing.com/bingbot.htm) Chrome/116.0.1938.76 Safari/537.36"
66.249.79.2 - - [13/Sep/2026:17:02:29 +0300] "GET /index.php/zinynas-keliaujantiems?sale/search/detail/?ITMCODE=5195497041 HTTP/1.1" 200 224246 "-" "Mozilla/5.0 (Linux; Android 6.0.1; Nexus 5X Build/MMB29P) AppleWebKit/537.36 (KHTML, like Gecko) Chrome/152.0.7977.82 Mobile Safari/537.36 (compatible; Googlebot/2.1; +http://www.google.com/bot.html)"
40.77.167.68 - - [13/Sep/2026:17:02:30 +0300] "GET /?sale/search/detail/?ITMCODE=51981949118 HTTP/2.0" 200 198630 "-" "Mozilla/5.0 AppleWebKit/537.36 (KHTML, like Gecko; compatible; bingbot/2.0; +http://www.bing.com/bingbot.htm) Chrome/116.0.1938.76 Safari/537.36"
52.167.144.25 - - [13/Sep/2026:17:02:30 +0300] "GET /?sale/search/detail/?ITMCODE=51971441236 HTTP/2.0" 200 202649 "-" "Mozilla/5.0 AppleWebKit/537.36 (KHTML, like Gecko; compatible; bingbot/2.0; +http://www.bing.com/bingbot.htm) Chrome/116.0.1938.76 Safari/537.36"
40.77.167.68 - - [13/Sep/2026:17:02:30 +0300] "GET /?sale/search/detail/?ITMCODE=51966817786 HTTP/2.0" 200 228180 "-" "Mozilla/5.0 AppleWebKit/537.36 (KHTML, like Gecko; compatible; bingbot/2.0; +http://www.bing.com/bingbot.htm) Chrome/116.0.1938.76 Safari/537.36"
52.167.144.25 - - [13/Sep/2026:17:02:31 +0300] "GET /shop/pg/700850 HTTP/2.0" 200 200645 "-" "Mozilla/5.0 AppleWebKit/537.36 (KHTML, like Gecko; compatible; bingbot/2.0; +http://www.bing.com/bingbot.htm) Chrome/116.0.1938.76 Safari/537.36"
40.77.167.68 - - [13/Sep/2026:17:02:31 +0300] "GET /?sale/search/detail/?ITMCODE=519545151810 HTTP/2.0" 200 202673 "-" "Mozilla/5.0 AppleWebKit/537.36 (KHTML, like Gecko; compatible; bingbot/2.0; +http://www.bing.com/bingbot.htm) Chrome/116.0.1938.76 Safari/537.36"
40.77.167.68 - - [13/Sep/2026:17:02:32 +0300] "GET /?sale/search/detail/?ITMCODE=51987627491 HTTP/2.0" 200 193557 "-" "Mozilla/5.0 AppleWebKit/537.36 (KHTML, like Gecko; compatible; bingbot/2.0; +http://www.bing.com/bingbot.htm) Chrome/116.0.1938.76 Safari/537.36"
66.249.79.2 - - [13/Sep/2026:17:02:32 +0300] "GET /index.php/zinynas-keliaujantiems?sale/search/detail/?ITMCODE=5196920583 HTTP/1.1" 200 209196 "-" "Mozilla/5.0 (Linux; Android 6.0.1; Nexus 5X Build/MMB29P) AppleWebKit/537.36 (KHTML, like Gecko) Chrome/152.0.7977.82 Mobile Safari/537.36 (compatible; Googlebot/2.1; +http://www.google.com/bot.html)"
114.119.135.63 - - [13/Sep/2026:17:02:35 +0300] "GET /?sale/search/detail/%3FITMCODE=51977170712 HTTP/1.1" 200 31590 "https://www.keliauk-uk.lt/?sitemap-shopdetail.xml" "Mozilla/5.0 (Linux; Android 7.0;) AppleWebKit/537.36 (HTML, like Gecko) Mobile Safari/537.36 (compatible; PetalBot;+https://webmaster.petalsearch.com/site/petalbot)"
52.167.144.203 - - [13/Sep/2026:17:02:38 +0300] "GET /?sale/search/detail/?ITMCODE=51981804653 HTTP/2.0" 200 207616 "-" "Mozilla/5.0 AppleWebKit/537.36 (KHTML, like Gecko; compatible; bingbot/2.0; +http://www.bing.com/bingbot.htm) Chrome/116.0.1938.76 Safari/537.36"
52.167.144.203 - - [13/Sep/2026:17:02:39 +0300] "GET /?sale/search/detail/?ITMCODE=51971153652 HTTP/2.0" 200 214789 "-" "Mozilla/5.0 AppleWebKit/537.36 (KHTML, like Gecko; compatible; bingbot/2.0; +http://www.bing.com/bingbot.htm) Chrome/116.0.1938.76 Safari/537.36"
52.167.144.203 - - [13/Sep/2026:17:02:40 +0300] "GET /?sale/search/detail/?ITMCODE=519654619117 HTTP/2.0" 200 213787 "-" "Mozilla/5.0 AppleWebKit/537.36 (KHTML, like Gecko; compatible; bingbot/2.0; +http://www.bing.com/bingbot.htm) Chrome/116.0.1938.76 Safari/537.36"
66.249.79.1 - - [13/Sep/2026:17:02:40 +0300] "GET /index.php/zinynas-keliaujantiems?sale/search/detail/?ITMCODE=51992150457 HTTP/1.1" 200 205345 "-" "Mozilla/5.0 (Linux; Android 6.0.1; Nexus 5X Build/MMB29P) AppleWebKit/537.36 (KHTML, like Gecko) Chrome/152.0.7977.82 Mobile Safari/537.36 (compatible; Googlebot/2.1; +http://www.google.com/bot.html)"
52.167.144.203 - - [13/Sep/2026:17:02:40 +0300] "GET /?sale/search/detail/?ITMCODE=51992207723 HTTP/2.0" 200 200237 "-" "Mozilla/5.0 AppleWebKit/537.36 (KHTML, like Gecko; compatible; bingbot/2.0; +http://www.bing.com/bingbot.htm) Chrome/116.0.1938.76 Safari/537.36"
52.167.144.203 - - [13/Sep/2026:17:02:41 +0300] "GET /?sale/search/detail/?ITMCODE=51981512931 HTTP/2.0" 200 219474 "-" "Mozilla/5.0 AppleWebKit/537.36 (KHTML, like Gecko; compatible; bingbot/2.0; +http://www.bing.com/bingbot.htm) Chrome/116.0.1938.76 Safari/537.36"
52.167.144.203 - - [13/Sep/2026:17:02:41 +0300] "GET /?sale/search/detail/?ITMCODE=51971359019 HTTP/2.0" 200 201414 "-" "Mozilla/5.0 AppleWebKit/537.36 (KHTML, like Gecko; compatible; bingbot/2.0; +http://www.bing.com/bingbot.htm) Chrome/116.0.1938.76 Safari/537.36"
52.167.144.203 - - [13/Sep/2026:17:02:42 +0300] "GET /?sale/search/detail/?ITMCODE=51981989078 HTTP/2.0" 200 201614 "-" "Mozilla/5.0 AppleWebKit/537.36 (KHTML, like Gecko; compatible; bingbot/2.0; +http://www.bing.com/bingbot.htm) Chrome/116.0.1938.76 Safari/537.36"
52.167.144.203 - - [13/Sep/2026:17:02:42 +0300] "GET /?sale/search/detail/?ITMCODE=51981849954 HTTP/2.0" 200 217914 "-" "Mozilla/5.0 AppleWebKit/537.36 (KHTML, like Gecko; compatible; bingbot/2.0; +http://www.bing.com/bingbot.htm) Chrome/116.0.1938.76 Safari/537.36"
66.249.79.1 - - [13/Sep/2026:17:02:43 +0300] "GET /index.php/zinynas-keliaujantiems?sale/search/detail/?ITMCODE=52002919740 HTTP/1.1" 200 203108 "-" "Mozilla/5.0 (Linux; Android 6.0.1; Nexus 5X Build/MMB29P) AppleWebKit/537.36 (KHTML, like Gecko) Chrome/152.0.7977.82 Mobile Safari/537.36 (compatible; Googlebot/2.1; +http://www.google.com/bot.html)"
52.167.144.203 - - [13/Sep/2026:17:02:43 +0300] "GET /?sale/search/detail/?ITMCODE=5196705521 HTTP/2.0" 200 201788 "-" "Mozilla/5.0 AppleWebKit/537.36 (KHTML, like Gecko; compatible; bingbot/2.0; +http://www.bing.com/bingbot.htm) Chrome/116.0.1938.76 Safari/537.36"
52.167.144.203 - - [13/Sep/2026:17:02:44 +0300] "GET /?sale/search/detail/?ITMCODE=51992017276 HTTP/2.0" 200 217346 "-" "Mozilla/5.0 AppleWebKit/537.36 (KHTML, like Gecko; compatible; bingbot/2.0; +http://www.bing.com/bingbot.htm) Chrome/116.0.1938.76 Safari/537.36"
52.167.144.203 - - [13/Sep/2026:17:02:44 +0300] "GET /?sale/search/detail/?ITMCODE=51992353639 HTTP/2.0" 200 202379 "-" "Mozilla/5.0 AppleWebKit/537.36 (KHTML, like Gecko; compatible; bingbot/2.0; +http://www.bing.com/bingbot.htm) Chrome/116.0.1938.76 Safari/537.36"
52.167.144.203 - - [13/Sep/2026:17:02:45 +0300] "GET /?sale/search/detail/?ITMCODE=51971210609 HTTP/2.0" 200 203438 "-" "Mozilla/5.0 AppleWebKit/537.36 (KHTML, like Gecko; compatible; bingbot/2.0; +http://www.bing.com/bingbot.htm) Chrome/116.0.1938.76 Safari/537.36"
52.167.144.203 - - [13/Sep/2026:17:02:46 +0300] "GET /?sale/search/detail/?ITMCODE=52002766912 HTTP/2.0" 200 215430 "-" "Mozilla/5.0 AppleWebKit/537.36 (KHTML, like Gecko; compatible; bingbot/2.0; +http://www.bing.com/bingbot.htm) Chrome/116.0.1938.76 Safari/537.36"
66.249.79.3 - - [13/Sep/2026:17:02:46 +0300] "GET /index.php/zinynas-keliaujantiems?sale/search/detail/?ITMCODE=5196882035 HTTP/1.1" 200 202984 "-" "Mozilla/5.0 (Linux; Android 6.0.1; Nexus 5X Build/MMB29P) AppleWebKit/537.36 (KHTML, like Gecko) Chrome/152.0.7977.82 Mobile Safari/537.36 (compatible; Googlebot/2.1; +http://www.google.com/bot.html)"
52.167.144.203 - - [13/Sep/2026:17:02:47 +0300] "GET /?sale/search/detail/?ITMCODE=52008823082 HTTP/2.0" 200 209342 "-" "Mozilla/5.0 AppleWebKit/537.36 (KHTML, like Gecko; compatible; bingbot/2.0; +http://www.bing.com/bingbot.htm) Chrome/116.0.1938.76 Safari/537.36"
52.167.144.203 - - [13/Sep/2026:17:02:47 +0300] "GET /?sale/search/detail/?ITMCODE=51981538647 HTTP/2.0" 200 204351 "-" "Mozilla/5.0 AppleWebKit/537.36 (KHTML, like Gecko; compatible; bingbot/2.0; +http://www.bing.com/bingbot.htm) Chrome/116.0.1938.76 Safari/537.36"
52.167.144.203 - - [13/Sep/2026:17:02:48 +0300] "GET /sale/search/detail/?ITMCODE=519584971 HTTP/2.0" 200 210945 "-" "Mozilla/5.0 AppleWebKit/537.36 (KHTML, like Gecko; compatible; bingbot/2.0; +http://www.bing.com/bingbot.htm) Chrome/116.0.1938.76 Safari/537.36"
52.167.144.203 - - [13/Sep/2026:17:02:48 +0300] "GET /?sale/search/detail/?ITMCODE=52002693718 HTTP/2.0" 200 209683 "-" "Mozilla/5.0 AppleWebKit/537.36 (KHTML, like Gecko; compatible; bingbot/2.0; +http://www.bing.com/bingbot.htm) Chrome/116.0.1938.76 Safari/537.36"
176.31.139.29 - - [13/Sep/2026:17:02:49 +0300] "GET /?sitemap-goods.xml HTTP/2.0" 200 181585 "-" "Mozilla/5.0 (compatible; AhrefsBot/7.0; +http://ahrefs.com/robot/)"
52.167.144.203 - - [13/Sep/2026:17:02:49 +0300] "GET /sale/search/detail/?ITMCODE=52002808216 HTTP/2.0" 200 202901 "-" "Mozilla/5.0 AppleWebKit/537.36 (KHTML, like Gecko; compatible; bingbot/2.0; +http://www.bing.com/bingbot.htm) Chrome/116.0.1938.76 Safari/537.36"
66.249.79.2 - - [13/Sep/2026:17:02:49 +0300] "GET /index.php/zinynas-keliaujantiems?sale/search/detail/?ITMCODE=5195321747 HTTP/1.1" 200 217198 "-" "Mozilla/5.0 (Linux; Android 6.0.1; Nexus 5X Build/MMB29P) AppleWebKit/537.36 (KHTML, like Gecko) Chrome/152.0.7977.82 Mobile Safari/537.36 (compatible; Googlebot/2.1; +http://www.google.com/bot.html)"
52.167.144.203 - - [13/Sep/2026:17:02:50 +0300] "GET /sale/search/detail/?ITMCODE=5195458293 HTTP/2.0" 200 221222 "-" "Mozilla/5.0 AppleWebKit/537.36 (KHTML, like Gecko; compatible; bingbot/2.0; +http://www.bing.com/bingbot.htm) Chrome/116.0.1938.76 Safari/537.36"
40.77.167.143 - - [13/Sep/2026:17:02:50 +0300] "GET /?sale/search/detail/?ITMCODE=51959001803 HTTP/2.0" 200 198098 "-" "Mozilla/5.0 AppleWebKit/537.36 (KHTML, like Gecko; compatible; bingbot/2.0; +http://www.bing.com/bingbot.htm) Chrome/116.0.1938.76 Safari/537.36"
52.167.144.203 - - [13/Sep/2026:17:02:50 +0300] "GET /?sale/search/detail/?ITMCODE=51971180184 HTTP/2.0" 200 199911 "-" "Mozilla/5.0 AppleWebKit/537.36 (KHTML, like Gecko; compatible; bingbot/2.0; +http://www.bing.com/bingbot.htm) Chrome/116.0.1938.76 Safari/537.36"
40.77.167.143 - - [13/Sep/2026:17:02:51 +0300] "GET /?sale/search/detail/?ITMCODE=519560419811 HTTP/2.0" 200 204595 "-" "Mozilla/5.0 AppleWebKit/537.36 (KHTML, like Gecko; compatible; bingbot/2.0; +http://www.bing.com/bingbot.htm) Chrome/116.0.1938.76 Safari/537.36"
40.77.167.143 - - [13/Sep/2026:17:02:51 +0300] "GET /?sale/search/detail/?ITMCODE=519837929916 HTTP/2.0" 200 201200 "-" "Mozilla/5.0 AppleWebKit/537.36 (KHTML, like Gecko; compatible; bingbot/2.0; +http://www.bing.com/bingbot.htm) Chrome/116.0.1938.76 Safari/537.36"
40.77.167.143 - - [13/Sep/2026:17:02:52 +0300] "GET /?sale/search/detail/?ITMCODE=51981711143 HTTP/2.0" 200 193548 "-" "Mozilla/5.0 AppleWebKit/537.36 (KHTML, like Gecko; compatible; bingbot/2.0; +http://www.bing.com/bingbot.htm) Chrome/116.0.1938.76 Safari/537.36"
40.77.167.143 - - [13/Sep/2026:17:02:52 +0300] "GET /?sale/search/detail/?ITMCODE=51956014004 HTTP/2.0" 200 200581 "-" "Mozilla/5.0 AppleWebKit/537.36 (KHTML, like Gecko; compatible; bingbot/2.0; +http://www.bing.com/bingbot.htm) Chrome/116.0.1938.76 Safari/537.36"
40.77.167.143 - - [13/Sep/2026:17:02:53 +0300] "GET /?sale/search/detail/?ITMCODE=51971392826 HTTP/2.0" 200 195633 "-" "Mozilla/5.0 AppleWebKit/537.36 (KHTML, like Gecko; compatible; bingbot/2.0; +http://www.bing.com/bingbot.htm) Chrome/116.0.1938.76 Safari/537.36"
40.77.167.143 - - [13/Sep/2026:17:02:54 +0300] "GET /?sale/search/detail/?ITMCODE=51959494544 HTTP/2.0" 200 215359 "-" "Mozilla/5.0 AppleWebKit/537.36 (KHTML, like Gecko; compatible; bingbot/2.0; +http://www.bing.com/bingbot.htm) Chrome/116.0.1938.76 Safari/537.36"
40.77.167.143 - - [13/Sep/2026:17:02:54 +0300] "GET /?sale/search/detail/?ITMCODE=51953356681 HTTP/2.0" 200 200976 "-" "Mozilla/5.0 AppleWebKit/537.36 (KHTML, like Gecko; compatible; bingbot/2.0; +http://www.bing.com/bingbot.htm) Chrome/116.0.1938.76 Safari/537.36"
40.77.167.143 - - [13/Sep/2026:17:02:55 +0300] "GET /?sale/search/detail/?ITMCODE=519699796196 HTTP/2.0" 200 203651 "-" "Mozilla/5.0 AppleWebKit/537.36 (KHTML, like Gecko; compatible; bingbot/2.0; +http://www.bing.com/bingbot.htm) Chrome/116.0.1938.76 Safari/537.36"
157.55.39.202 - - [13/Sep/2026:17:03:08 +0300] "GET /?sale/search/detail/?ITMCODE=51963576414 HTTP/2.0" 200 206464 "-" "Mozilla/5.0 AppleWebKit/537.36 (KHTML, like Gecko; compatible; bingbot/2.0; +http://www.bing.com/bingbot.htm) Chrome/116.0.1938.76 Safari/537.36"
157.55.39.202 - - [13/Sep/2026:17:03:09 +0300] "GET /?sale/search/detail/?ITMCODE=51977268914 HTTP/2.0" 200 197344 "-" "Mozilla/5.0 AppleWebKit/537.36 (KHTML, like Gecko; compatible; bingbot/2.0; +http://www.bing.com/bingbot.htm) Chrome/116.0.1938.76 Safari/537.36"
157.55.39.202 - - [13/Sep/2026:17:03:10 +0300] "GET /?sale/search/detail/?ITMCODE=51987604152 HTTP/2.0" 200 220887 "-" "Mozilla/5.0 AppleWebKit/537.36 (KHTML, like Gecko; compatible; bingbot/2.0; +http://www.bing.com/bingbot.htm) Chrome/116.0.1938.76 Safari/537.36"
157.55.39.202 - - [13/Sep/2026:17:03:10 +0300] "GET /?sale/search/detail/?ITMCODE=51995382698 HTTP/2.0" 200 197206 "-" "Mozilla/5.0 AppleWebKit/537.36 (KHTML, like Gecko; compatible; bingbot/2.0; +http://www.bing.com/bingbot.htm) Chrome/116.0.1938.76 Safari/537.36"
157.55.39.202 - - [13/Sep/2026:17:03:11 +0300] "GET /?sale/search/detail/?ITMCODE=51953221749 HTTP/2.0" 200 205743 "-" "Mozilla/5.0 AppleWebKit/537.36 (KHTML, like Gecko; compatible; bingbot/2.0; +http://www.bing.com/bingbot.htm) Chrome/116.0.1938.76 Safari/537.36"
185.191.171.4 - - [13/Sep/2026:17:03:22 +0300] "GET /?sale%2Fsearch%2Fdetail%2F%3FITMCODE=51987997629 HTTP/1.1" 200 31562 "-" "Mozilla/5.0 (compatible; SemrushBot/7~bl; +http://www.semrush.com/bot.html)"
66.249.79.1 - - [13/Sep/2026:17:03:29 +0300] "GET /index.php/zinynas-keliaujantiems?sale/search/detail/?ITMCODE=51971225085 HTTP/1.1" 200 219410 "-" "Mozilla/5.0 (Linux; Android 6.0.1; Nexus 5X Build/MMB29P) AppleWebKit/537.36 (KHTML, like Gecko) Chrome/152.0.7977.82 Mobile Safari/537.36 (compatible; Googlebot/2.1; +http://www.google.com/bot.html)"
66.249.79.1 - - [13/Sep/2026:17:03:30 +0300] "GET /?sale/search/detail/?ITMCODE=51992210658 HTTP/1.1" 200 194503 "-" "Mozilla/5.0 (Linux; Android 6.0.1; Nexus 5X Build/MMB29P) AppleWebKit/537.36 (KHTML, like Gecko) Chrome/153.0.8010.36 Mobile Safari/537.36 (compatible; Googlebot/2.1; +http://www.google.com/bot.html)"
66.249.79.2 - - [13/Sep/2026:17:03:31 +0300] "GET /index.php/zinynas-keliaujantiems?sale/search/detail/?ITMCODE=51971028720 HTTP/1.1" 200 208171 "-" "Mozilla/5.0 (Linux; Android 6.0.1; Nexus 5X Build/MMB29P) AppleWebKit/537.36 (KHTML, like Gecko) Chrome/152.0.7977.82 Mobile Safari/537.36 (compatible; Googlebot/2.1; +http://www.google.com/bot.html)"
66.249.79.3 - - [13/Sep/2026:17:03:31 +0300] "GET /index.php/zinynas-keliaujantiems?sale/search/detail/?ITMCODE=5196553575 HTTP/1.1" 200 202158 "-" "Mozilla/5.0 (Linux; Android 6.0.1; Nexus 5X Build/MMB29P) AppleWebKit/537.36 (KHTML, like Gecko) Chrome/152.0.7977.82 Mobile Safari/537.36 (compatible; Googlebot/2.1; +http://www.google.com/bot.html)"
66.249.79.2 - - [13/Sep/2026:17:03:36 +0300] "GET /index.php/zinynas-keliaujantiems?sale/search/detail/?ITMCODE=52002915406 HTTP/1.1" 200 202075 "-" "Mozilla/5.0 (Linux; Android 6.0.1; Nexus 5X Build/MMB29P) AppleWebKit/537.36 (KHTML, like Gecko) Chrome/152.0.7977.82 Mobile Safari/537.36 (compatible; Googlebot/2.1; +http://www.google.com/bot.html)"
66.249.79.2 - - [13/Sep/2026:17:03:37 +0300] "GET /?sale/search/detail/?ITMCODE=51971388557 HTTP/1.1" 200 197999 "-" "Mozilla/5.0 (Linux; Android 6.0.1; Nexus 5X Build/MMB29P) AppleWebKit/537.36 (KHTML, like Gecko) Chrome/152.0.7977.82 Mobile Safari/537.36 (compatible; Googlebot/2.1; +http://www.google.com/bot.html)"
66.249.79.2 - - [13/Sep/2026:17:03:39 +0300] "GET /index.php/zinynas-keliaujantiems?sale/search/detail/?ITMCODE=51981834318 HTTP/1.1" 200 207552 "-" "Mozilla/5.0 (Linux; Android 6.0.1; Nexus 5X Build/MMB29P) AppleWebKit/537.36 (KHTML, like Gecko) Chrome/152.0.7977.82 Mobile Safari/537.36 (compatible; Googlebot/2.1; +http://www.google.com/bot.html)"
66.249.79.1 - - [13/Sep/2026:17:03:39 +0300] "GET /index.php/paslaugos?sale/search/detail/?ITMCODE=51992467766 HTTP/1.1" 200 197938 "-" "Mozilla/5.0 (Linux; Android 6.0.1; Nexus 5X Build/MMB29P) AppleWebKit/537.36 (KHTML, like Gecko) Chrome/152.0.7977.82 Mobile Safari/537.36 (compatible; Googlebot/2.1; +http://www.google.com/bot.html)"
66.249.79.2 - - [13/Sep/2026:17:03:40 +0300] "GET /index.php/zinynas-keliaujantiems?sale/search/detail/?ITMCODE=5196865634 HTTP/1.1" 200 237237 "-" "Mozilla/5.0 (Linux; Android 6.0.1; Nexus 5X Build/MMB29P) AppleWebKit/537.36 (KHTML, like Gecko) Chrome/152.0.7977.82 Mobile Safari/537.36 (compatible; Googlebot/2.1; +http://www.google.com/bot.html)"
66.249.79.2 - - [13/Sep/2026:17:03:42 +0300] "GET /sale/search/detail/?ITMCODE=5195189207 HTTP/1.1" 200 209932 "-" "Mozilla/5.0 (Linux; Android 6.0.1; Nexus 5X Build/MMB29P) AppleWebKit/537.36 (KHTML, like Gecko) Chrome/152.0.7977.82 Mobile Safari/537.36 (compatible; Googlebot/2.1; +http://www.google.com/bot.html)"
66.249.79.1 - - [13/Sep/2026:17:03:43 +0300] "GET /index.php/zinynas-keliaujantiems?sale/search/detail/?ITMCODE=5196548132 HTTP/1.1" 200 206093 "-" "Mozilla/5.0 (Linux; Android 6.0.1; Nexus 5X Build/MMB29P) AppleWebKit/537.36 (KHTML, like Gecko) Chrome/152.0.7977.82 Mobile Safari/537.36 (compatible; Googlebot/2.1; +http://www.google.com/bot.html)"
66.249.79.1 - - [13/Sep/2026:17:03:43 +0300] "GET /index.php/zinynas-keliaujantiems?sale/search/detail/?ITMCODE=52002885821 HTTP/1.1" 200 208961 "-" "Mozilla/5.0 (Linux; Android 6.0.1; Nexus 5X Build/MMB29P) AppleWebKit/537.36 (KHTML, like Gecko) Chrome/152.0.7977.82 Mobile Safari/537.36 (compatible; Googlebot/2.1; +http://www.google.com/bot.html)"
66.249.79.2 - - [13/Sep/2026:17:03:45 +0300] "GET /index.php/zinynas-keliaujantiems?sale/search/detail/?ITMCODE=52002968527 HTTP/1.1" 200 214034 "-" "Mozilla/5.0 (Linux; Android 6.0.1; Nexus 5X Build/MMB29P) AppleWebKit/537.36 (KHTML, like Gecko) Chrome/152.0.7977.82 Mobile Safari/537.36 (compatible; Googlebot/2.1; +http://www.google.com/bot.html)"
66.249.79.2 - - [13/Sep/2026:17:03:52 +0300] "GET /index.php/zinynas-keliaujantiems?sale/search/detail/?ITMCODE=5195120757 HTTP/1.1" 200 201285 "-" "Mozilla/5.0 (Linux; Android 6.0.1; Nexus 5X Build/MMB29P) AppleWebKit/537.36 (KHTML, like Gecko) Chrome/152.0.7977.82 Mobile Safari/537.36 (compatible; Googlebot/2.1; +http://www.google.com/bot.html)"
66.249.79.3 - - [13/Sep/2026:17:03:53 +0300] "GET /?sale/search/detail/?ITMCODE=51971094802 HTTP/1.1" 200 218727 "-" "Mozilla/5.0 (Linux; Android 6.0.1; Nexus 5X Build/MMB29P) AppleWebKit/537.36 (KHTML, like Gecko) Chrome/152.0.7977.82 Mobile Safari/537.36 (compatible; Googlebot/2.1; +http://www.google.com/bot.html)"
66.249.79.1 - - [13/Sep/2026:17:03:57 +0300] "GET /index.php/zinynas-keliaujantiems?sale/search/detail/?ITMCODE=51992133049 HTTP/1.1" 200 210768 "-" "Mozilla/5.0 (Linux; Android 6.0.1; Nexus 5X Build/MMB29P) AppleWebKit/537.36 (KHTML, like Gecko) Chrome/152.0.7977.82 Mobile Safari/537.36 (compatible; Googlebot/2.1; +http://www.google.com/bot.html)"
114.119.144.15 - - [13/Sep/2026:17:03:58 +0300] "GET /?sale/search/detail/%3FITMCODE=51977167421 HTTP/1.1" 200 31590 "https://www.keliauk-uk.lt/?sitemap-items.xml" "Mozilla/5.0 (Linux; Android 7.0;) AppleWebKit/537.36 (HTML, like Gecko) Mobile Safari/537.36 (compatible; PetalBot;+https://webmaster.petalsearch.com/site/petalbot)"
66.249.79.1 - - [13/Sep/2026:17:04:02 +0300] "GET /index.php/zinynas-keliaujantiems?sale/search/detail/?ITMCODE=52002564820 HTTP/1.1" 200 207421 "-" "Mozilla/5.0 (Linux; Android 6.0.1; Nexus 5X Build/MMB29P) AppleWebKit/537.36 (KHTML, like Gecko) Chrome/152.0.7977.82 Mobile Safari/537.36 (compatible; Googlebot/2.1; +http://www.google.com/bot.html)"
66.249.79.1 - - [13/Sep/2026:17:04:06 +0300] "GET /index.php/zinynas-keliaujantiems?sale/search/detail/?ITMCODE=51971276967 HTTP/1.1" 200 204707 "-" "Mozilla/5.0 (Linux; Android 6.0.1; Nexus 5X Build/MMB29P) AppleWebKit/537.36 (KHTML, like Gecko) Chrome/152.0.7977.82 Mobile Safari/537.36 (compatible; Googlebot/2.1; +http://www.google.com/bot.html)"
85.208.96.205 - - [13/Sep/2026:17:04:09 +0300] "GET /?sale%2Fsearch%2Fdetail%2F%3FITMCODE=51992359041 HTTP/1.1" 200 31562 "-" "Mozilla/5.0 (compatible; SemrushBot/7~bl; +http://www.semrush.com/bot.html)"
185.191.171.17 - - [13/Sep/2026:17:04:11 +0300] "GET /?sale%2Fsearch%2Fdetail%2F%3FITMCODE=519654916940 HTTP/1.1" 200 31563 "-" "Mozilla/5.0 (compatible; SemrushBot/7~bl; +http://www.semrush.com/bot.html)"
66.249.79.1 - - [13/Sep/2026:17:04:19 +0300] "GET /index.php/zinynas-keliaujantiems?sale/search/detail/?ITMCODE=51971302969 HTTP/1.1" 200 211823 "-" "Mozilla/5.0 (Linux; Android 6.0.1; Nexus 5X Build/MMB29P) AppleWebKit/537.36 (KHTML, like Gecko) Chrome/152.0.7977.82 Mobile Safari/537.36 (compatible; Googlebot/2.1; +http://www.google.com/bot.html)"
185.191.171.7 - - [13/Sep/2026:17:04:22 +0300] "GET /?sale%2Fsearch%2Fdetail%2F%3FITMCODE=51963750346 HTTP/1.1" 200 31562 "-" "Mozilla/5.0 (compatible; SemrushBot/7~bl; +http://www.semrush.com/bot.html)"
185.191.171.14 - - [13/Sep/2026:17:04:37 +0300] "GET /?sale%2Fsearch%2Fdetail%2F%3FITMCODE=51987851868 HTTP/1.1" 200 31562 "-" "Mozilla/5.0 (compatible; SemrushBot/7~bl; +http://www.semrush.com/bot.html)"
66.249.79.1 - - [13/Sep/2026:17:04:42 +0300] "GET /index.php/zinynas-keliaujantiems?sale/search/detail/?ITMCODE=51981920660 HTTP/1.1" 200 204988 "-" "Mozilla/5.0 (Linux; Android 6.0.1; Nexus 5X Build/MMB29P) AppleWebKit/537.36 (KHTML, like Gecko) Chrome/152.0.7977.82 Mobile Safari/537.36 (compatible; Googlebot/2.1; +http://www.google.com/bot.html)"
66.249.79.1 - - [13/Sep/2026:17:04:44 +0300] "GET /index.php/zinynas-keliaujantiems?shop/c/c51971000487/ HTTP/1.1" 200 272219 "-" "Mozilla/5.0 (Linux; Android 6.0.1; Nexus 5X Build/MMB29P) AppleWebKit/537.36 (KHTML, like Gecko) Chrome/152.0.7977.82 Mobile Safari/537.36 (compatible; Googlebot/2.1; +http://www.google.com/bot.html)"
185.191.171.8 - - [13/Sep/2026:17:04:44 +0300] "GET /?sale%2Fsearch%2Fdetail%2F%3FITMCODE=520056928572 HTTP/1.1" 200 31563 "-" "Mozilla/5.0 (compatible; SemrushBot/7~bl; +http://www.semrush.com/bot.html)"
66.249.79.1 - - [13/Sep/2026:17:04:50 +0300] "GET /index.php/zinynas-keliaujantiems?sale/search/detail/?ITMCODE=51981631378 HTTP/1.1" 200 213361 "-" "Mozilla/5.0 (Linux; Android 6.0.1; Nexus 5X Build/MMB29P) AppleWebKit/537.36 (KHTML, like Gecko) Chrome/152.0.7977.82 Mobile Safari/537.36 (compatible; Googlebot/2.1; +http://www.google.com/bot.html)"
66.249.79.1 - - [13/Sep/2026:17:04:52 +0300] "GET /index.php/zinynas-keliaujantiems?sale/search/detail/?ITMCODE=52002645696 HTTP/1.1" 200 211371 "-" "Mozilla/5.0 (Linux; Android 6.0.1; Nexus 5X Build/MMB29P) AppleWebKit/537.36 (KHTML, like Gecko) Chrome/152.0.7977.82 Mobile Safari/537.36 (compatible; Googlebot/2.1; +http://www.google.com/bot.html)"
66.249.79.1 - - [13/Sep/2026:17:04:53 +0300] "GET /index.php/zinynas-keliaujantiems?sale/search/detail/?ITMCODE=51971428038 HTTP/1.1" 200 203650 "-" "Mozilla/5.0 (Linux; Android 6.0.1; Nexus 5X Build/MMB29P) AppleWebKit/537.36 (KHTML, like Gecko) Chrome/152.0.7977.82 Mobile Safari/537.36 (compatible; Googlebot/2.1; +http://www.google.com/bot.html)"
66.249.79.1 - - [13/Sep/2026:17:05:03 +0300] "GET /index.php/zinynas-keliaujantiems?sale/search/detail/?ITMCODE=52002569781 HTTP/1.1" 200 215642 "-" "Mozilla/5.0 (Linux; Android 6.0.1; Nexus 5X Build/MMB29P) AppleWebKit/537.36 (KHTML, like Gecko) Chrome/152.0.7977.82 Mobile Safari/537.36 (compatible; Googlebot/2.1; +http://www.google.com/bot.html)"
66.249.79.3 - - [13/Sep/2026:17:05:04 +0300] "GET /shop/js/cart.aspx?_=1788480000000 HTTP/1.1" 200 206361 "https://keliauk-uk.lt/index.php/zinynas-keliaujantiems?shop/c/c51971000487/" "Mozilla/5.0 (Linux; Android 6.0.1; Nexus 5X Build/MMB29P) AppleWebKit/537.36 (KHTML, like Gecko) Chrome/152.0.7977.82 Mobile Safari/537.36 (compatible; Googlebot/2.1; +http://www.google.com/bot.html)"
66.249.79.1 - - [13/Sep/2026:17:05:09 +0300] "GET /index.php/zinynas-keliaujantiems?sale/search/detail/?ITMCODE=51992008435 HTTP/1.1" 200 212850 "-" "Mozilla/5.0 (Linux; Android 6.0.1; Nexus 5X Build/MMB29P) AppleWebKit/537.36 (KHTML, like Gecko) Chrome/152.0.7977.82 Mobile Safari/537.36 (compatible; Googlebot/2.1; +http://www.google.com/bot.html)"
66.249.79.1 - - [13/Sep/2026:17:05:12 +0300] "GET /index.php/zinynas-keliaujantiems?sale/search/detail/?ITMCODE=51992474079 HTTP/1.1" 200 215977 "-" "Mozilla/5.0 (Linux; Android 6.0.1; Nexus 5X Build/MMB29P) AppleWebKit/537.36 (KHTML, like Gecko) Chrome/152.0.7977.82 Mobile Safari/537.36 (compatible; Googlebot/2.1; +http://www.google.com/bot.html)"
66.249.79.1 - - [13/Sep/2026:17:05:13 +0300] "GET /index.php/zinynas-keliaujantiems?sale/search/detail/?ITMCODE=52002869811 HTTP/1.1" 200 209809 "-" "Mozilla/5.0 (Linux; Android 6.0.1; Nexus 5X Build/MMB29P) AppleWebKit/537.36 (KHTML, like Gecko) Chrome/152.0.7977.82 Mobile Safari/537.36 (compatible; Googlebot/2.1; +http://www.google.com/bot.html)"
66.249.79.1 - - [13/Sep/2026:17:05:15 +0300] "GET /index.php/zinynas-keliaujantiems?sale/search/detail/?ITMCODE=5195207845 HTTP/1.1" 200 213735 "-" "Mozilla/5.0 (Linux; Android 6.0.1; Nexus 5X Build/MMB29P) AppleWebKit/537.36 (KHTML, like Gecko) Chrome/152.0.7977.82 Mobile Safari/537.36 (compatible; Googlebot/2.1; +http://www.google.com/bot.html)"
66.249.79.1 - - [13/Sep/2026:17:05:17 +0300] "GET /?sale/search/detail/?ITMCODE=5195381488 HTTP/1.1" 200 206841 "-" "Mozilla/5.0 (Linux; Android 6.0.1; Nexus 5X Build/MMB29P) AppleWebKit/537.36 (KHTML, like Gecko) Chrome/152.0.7977.82 Mobile Safari/537.36 (compatible; Googlebot/2.1; +http://www.google.com/bot.html)"
114.119.154.166 - - [13/Sep/2026:17:05:22 +0300] "GET /?sale/search/detail/%3FITMCODE=51977165765 HTTP/1.1" 200 31590 "https://www.keliauk-uk.lt/?sitemap-products.xml" "Mozilla/5.0 (Linux; Android 7.0;) AppleWebKit/537.36 (HTML, like Gecko) Mobile Safari/537.36 (compatible; PetalBot;+https://webmaster.petalsearch.com/site/petalbot)"
85.208.96.205 - - [13/Sep/2026:17:05:23 +0300] "GET /?sale%2Fsearch%2Fdetail%2F%3FITMCODE=519867688402 HTTP/1.1" 200 31563 "-" "Mozilla/5.0 (compatible; SemrushBot/7~bl; +http://www.semrush.com/bot.html)"
85.208.96.207 - - [13/Sep/2026:17:05:32 +0300] "GET /?sale%2Fsearch%2Fdetail%2F%3FITMCODE=519870890194 HTTP/1.1" 200 31563 "-" "Mozilla/5.0 (compatible; SemrushBot/7~bl; +http://www.semrush.com/bot.html)"
66.249.79.1 - - [13/Sep/2026:17:05:34 +0300] "GET /?sale/search/detail/?ITMCODE=51981626849 HTTP/1.1" 200 199819 "-" "Mozilla/5.0 (Linux; Android 6.0.1; Nexus 5X Build/MMB29P) AppleWebKit/537.36 (KHTML, like Gecko) Chrome/152.0.7977.82 Mobile Safari/537.36 (compatible; Googlebot/2.1; +http://www.google.com/bot.html)"
85.208.96.210 - - [13/Sep/2026:17:05:36 +0300] "GET /?sale%2Fsearch%2Fdetail%2F%3FITMCODE=519690895239 HTTP/1.1" 200 31563 "-" "Mozilla/5.0 (compatible; SemrushBot/7~bl; +http://www.semrush.com/bot.html)"
185.191.171.6 - - [13/Sep/2026:17:05:56 +0300] "GET /?sale%2Fsearch%2Fdetail%2F%3FITMCODE=51981908965 HTTP/1.1" 200 31562 "-" "Mozilla/5.0 (compatible; SemrushBot/7~bl; +http://www.semrush.com/bot.html)"
185.191.171.2 - - [13/Sep/2026:17:06:01 +0300] "GET /robots.txt HTTP/1.1" 200 115 "-" "Mozilla/5.0 (compatible; SemrushBot/7~bl; +http://www.semrush.com/bot.html)"
185.191.171.11 - - [13/Sep/2026:17:06:02 +0300] "GET /?sale%2Fsearch%2Fdetail%2F%3FITMCODE=52005725475 HTTP/1.1" 200 31562 "-" "Mozilla/5.0 (compatible; SemrushBot/7~bl; +http://www.semrush.com/bot.html)"
66.249.79.3 - - [13/Sep/2026:17:06:03 +0300] "GET /index.php/zinynas-keliaujantiems?sale/search/detail/?ITMCODE=5195492613 HTTP/1.1" 200 216532 "-" "Mozilla/5.0 (Linux; Android 6.0.1; Nexus 5X Build/MMB29P) AppleWebKit/537.36 (KHTML, like Gecko) Chrome/152.0.7977.82 Mobile Safari/537.36 (compatible; Googlebot/2.1; +http://www.google.com/bot.html)"
