66.249.79.2 - - [13/Sep/2026:17:11:38 +0300] "GET /index.php/zinynas-keliaujantiems?sale/search/detail/?ITMCODE=51971335455 HTTP/1.1" 200 216352 "-" "Mozilla/5.0 (Linux; Android 6.0.1; Nexus 5X Build/MMB29P) AppleWebKit/537.36 (KHTML, like Gecko) Chrome/152.0.7977.82 Mobile Safari/537.36 (compatible; Googlebot/2.1; +http://www.google.com/bot.html)"
66.249.79.2 - - [13/Sep/2026:17:11:38 +0300] "GET /index.php/zinynas-keliaujantiems?sale/search/detail/?ITMCODE=51981687156 HTTP/1.1" 200 208149 "-" "Mozilla/5.0 (Linux; Android 6.0.1; Nexus 5X Build/MMB29P) AppleWebKit/537.36 (KHTML, like Gecko) Chrome/152.0.7977.82 Mobile Safari/537.36 (compatible; Googlebot/2.1; +http://www.google.com/bot.html)"
40.77.167.116 - - [13/Sep/2026:17:11:41 +0300] "GET /?sale/search/detail/?ITMCODE=51992416150 HTTP/2.0" 200 201793 "-" "Mozilla/5.0 AppleWebKit/537.36 (KHTML, like Gecko; compatible; bingbot/2.0; +http://www.bing.com/bingbot.htm) Chrome/116.0.1938.76 Safari/537.36"
40.77.167.116 - - [13/Sep/2026:17:11:42 +0300] "GET /?sale/search/detail/?ITMCODE=519524576 HTTP/2.0" 200 201730 "-" "Mozilla/5.0 AppleWebKit/537.36 (KHTML, like Gecko; compatible; bingbot/2.0; +http://www.bing.com/bingbot.htm) Chrome/116.0.1938.76 Safari/537.36"
40.77.167.116 - - [13/Sep/2026:17:11:43 +0300] "GET /?sale/search/detail/?ITMCODE=5196729294 HTTP/2.0" 200 201314 "-" "Mozilla/5.0 AppleWebKit/537.36 (KHTML, like Gecko; compatible; bingbot/2.0; +http://www.bing.com/bingbot.htm) Chrome/116.0.1938.76 Safari/537.36"
40.77.167.116 - - [13/Sep/2026:17:11:43 +0300] "GET /?sale/search/detail/?ITMCODE=51981845130 HTTP/2.0" 200 213258 "-" "Mozilla/5.0 AppleWebKit/537.36 (KHTML, like Gecko; compatible; bingbot/2.0; +http://www.bing.com/bingbot.htm) Chrome/116.0.1938.76 Safari/537.36"
66.249.79.1 - - [13/Sep/2026:17:11:43 +0300] "GET /index.php/zinynas-keliaujantiems?sale/search/detail/?ITMCODE=51981709497 HTTP/1.1" 200 205096 "-" "Mozilla/5.0 (Linux; Android 6.0.1; Nexus 5X Build/MMB29P) AppleWebKit/537.36 (KHTML, like Gecko) Chrome/152.0.7977.82 Mobile Safari/537.36 (compatible; Googlebot/2.1; +http://www.google.com/bot.html)"
185.191.171.4 - - [13/Sep/2026:17:11:44 +0300] "GET /?sale%2Fsearch%2Fdetail%2F%3FITMCODE=51953123046 HTTP/1.1" 200 31562 "-" "Mozilla/5.0 (compatible; SemrushBot/7~bl; +http://www.semrush.com/bot.html)"
40.77.167.116 - - [13/Sep/2026:17:11:44 +0300] "GET /?sale/search/detail/?ITMCODE=51992215658 HTTP/2.0" 200 202420 "-" "Mozilla/5.0 AppleWebKit/537.36 (KHTML, like Gecko; compatible; bingbot/2.0; +http://www.bing.com/bingbot.htm) Chrome/116.0.1938.76 Safari/537.36"
40.77.167.116 - - [13/Sep/2026:17:11:45 +0300] "GET /?sale/search/detail/?ITMCODE=51981981508 HTTP/2.0" 200 203427 "-" "Mozilla/5.0 AppleWebKit/537.36 (KHTML, like Gecko; compatible; bingbot/2.0; +http://www.bing.com/bingbot.htm) Chrome/116.0.1938.76 Safari/537.36"
40.77.167.116 - - [13/Sep/2026:17:11:45 +0300] "GET /?sale/search/detail/?ITMCODE=51981981508 HTTP/2.0" 200 203427 "-" "Mozilla/5.0 AppleWebKit/537.36 (KHTML, like Gecko; compatible; bingbot/2.0; +http://www.bing.com/bingbot.htm) Chrome/116.0.1938.76 Safari/537.36"
66.249.79.1 - - [13/Sep/2026:17:11:49 +0300] "GET /index.php/zinynas-keliaujantiems?sale/search/detail/?ITMCODE=5195265974 HTTP/1.1" 200 205782 "-" "Mozilla/5.0 (Linux; Android 6.0.1; Nexus 5X Build/MMB29P) AppleWebKit/537.36 (KHTML, like Gecko) Chrome/152.0.7977.82 Mobile Safari/537.36 (compatible; Googlebot/2.1; +http://www.google.com/bot.html)"
66.249.79.3 - - [13/Sep/2026:17:11:52 +0300] "GET /index.php/zinynas-keliaujantiems?sale/search/detail/?ITMCODE=5195136746 HTTP/1.1" 200 211756 "-" "Mozilla/5.0 (Linux; Android 6.0.1; Nexus 5X Build/MMB29P) AppleWebKit/537.36 (KHTML, like Gecko) Chrome/152.0.7977.82 Mobile Safari/537.36 (compatible; Googlebot/2.1; +http://www.google.com/bot.html)"
66.249.79.3 - - [13/Sep/2026:17:11:58 +0300] "GET /index.php/zinynas-keliaujantiems?sale/search/detail/?ITMCODE=51992041352 HTTP/1.1" 200 212046 "-" "Mozilla/5.0 (Linux; Android 6.0.1; Nexus 5X Build/MMB29P) AppleWebKit/537.36 (KHTML, like Gecko) Chrome/152.0.7977.82 Mobile Safari/537.36 (compatible; Googlebot/2.1; +http://www.google.com/bot.html)"
66.249.79.3 - - [13/Sep/2026:17:11:59 +0300] "GET /index.php/zinynas-keliaujantiems?sale/search/detail/?ITMCODE=5195455610 HTTP/1.1" 200 222256 "-" "Mozilla/5.0 (Linux; Android 6.0.1; Nexus 5X Build/MMB29P) AppleWebKit/537.36 (KHTML, like Gecko) Chrome/152.0.7977.82 Mobile Safari/537.36 (compatible; Googlebot/2.1; +http://www.google.com/bot.html)"
85.208.96.196 - - [13/Sep/2026:17:12:04 +0300] "GET /?sale%2Fsearch%2Fdetail%2F%3FITMCODE=51953019731 HTTP/1.1" 200 31562 "-" "Mozilla/5.0 (compatible; SemrushBot/7~bl; +http://www.semrush.com/bot.html)"
66.249.79.1 - - [13/Sep/2026:17:12:10 +0300] "GET /index.php/kontaktai?sale/search/detail/?ITMCODE=5195385792 HTTP/1.1" 200 203427 "-" "Mozilla/5.0 (Linux; Android 6.0.1; Nexus 5X Build/MMB29P) AppleWebKit/537.36 (KHTML, like Gecko) Chrome/152.0.7977.82 Mobile Safari/537.36 (compatible; Googlebot/2.1; +http://www.google.com/bot.html)"
66.249.79.2 - - [13/Sep/2026:17:12:15 +0300] "GET /index.php/zinynas-keliaujantiems?sale/search/detail/?ITMCODE=5195172124 HTTP/1.1" 200 229771 "-" "Mozilla/5.0 (Linux; Android 6.0.1; Nexus 5X Build/MMB29P) AppleWebKit/537.36 (KHTML, like Gecko) Chrome/152.0.7977.82 Mobile Safari/537.36 (compatible; Googlebot/2.1; +http://www.google.com/bot.html)"
114.119.135.63 - - [13/Sep/2026:17:12:19 +0300] "GET /?sale/search/detail/%3FITMCODE=51977156895 HTTP/1.1" 200 31590 "https://www.keliauk-uk.lt/?sitemap-shopdetail.xml" "Mozilla/5.0 (Linux; Android 7.0;) AppleWebKit/537.36 (HTML, like Gecko) Mobile Safari/537.36 (compatible; PetalBot;+https://webmaster.petalsearch.com/site/petalbot)"
66.249.79.1 - - [13/Sep/2026:17:12:22 +0300] "GET /index.php/zinynas-keliaujantiems?sale/search/detail/?ITMCODE=51971469165 HTTP/1.1" 200 229519 "-" "Mozilla/5.0 (Linux; Android 6.0.1; Nexus 5X Build/MMB29P) AppleWebKit/537.36 (KHTML, like Gecko) Chrome/152.0.7977.82 Mobile Safari/537.36 (compatible; Googlebot/2.1; +http://www.google.com/bot.html)"
66.249.79.1 - - [13/Sep/2026:17:12:26 +0300] "GET /index.php/zinynas-keliaujantiems?sale/search/detail/?ITMCODE=51971062012 HTTP/1.1" 200 225361 "-" "Mozilla/5.0 (Linux; Android 6.0.1; Nexus 5X Build/MMB29P) AppleWebKit/537.36 (KHTML, like Gecko) Chrome/152.0.7977.82 Mobile Safari/537.36 (compatible; Googlebot/2.1; +http://www.google.com/bot.html)"
66.249.79.1 - - [13/Sep/2026:17:12:31 +0300] "GET /index.php/zinynas-keliaujantiems?sale/search/detail/?ITMCODE=51981801638 HTTP/1.1" 200 215782 "-" "Mozilla/5.0 (Linux; Android 6.0.1; Nexus 5X Build/MMB29P) AppleWebKit/537.36 (KHTML, like Gecko) Chrome/152.0.7977.82 Mobile Safari/537.36 (compatible; Googlebot/2.1; +http://www.google.com/bot.html)"
66.249.79.1 - - [13/Sep/2026:17:12:42 +0300] "GET /index.php/zinynas-keliaujantiems?sale/search/detail/?ITMCODE=5196636594 HTTP/1.1" 200 211198 "-" "Mozilla/5.0 (Linux; Android 6.0.1; Nexus 5X Build/MMB29P) AppleWebKit/537.36 (KHTML, like Gecko) Chrome/152.0.7977.82 Mobile Safari/537.36 (compatible; Googlebot/2.1; +http://www.google.com/bot.html)"
66.249.79.2 - - [13/Sep/2026:17:12:47 +0300] "GET /index.php/zinynas-keliaujantiems?sale/search/detail/?ITMCODE=52002608248 HTTP/1.1" 200 208638 "-" "Mozilla/5.0 (Linux; Android 6.0.1; Nexus 5X Build/MMB29P) AppleWebKit/537.36 (KHTML, like Gecko) Chrome/152.0.7977.82 Mobile Safari/537.36 (compatible; Googlebot/2.1; +http://www.google.com/bot.html)"
66.249.79.2 - - [13/Sep/2026:17:12:48 +0300] "GET /?sale/search/detail/?ITMCODE=51971279720 HTTP/1.1" 200 196843 "-" "Mozilla/5.0 (Linux; Android 6.0.1; Nexus 5X Build/MMB29P) AppleWebKit/537.36 (KHTML, like Gecko) Chrome/152.0.7977.82 Mobile Safari/537.36 (compatible; Googlebot/2.1; +http://www.google.com/bot.html)"
66.249.79.2 - - [13/Sep/2026:17:12:49 +0300] "GET /index.php/paslaugos?sale/search/detail/?ITMCODE=5196909707 HTTP/1.1" 200 200385 "-" "Mozilla/5.0 (Linux; Android 6.0.1; Nexus 5X Build/MMB29P) AppleWebKit/537.36 (KHTML, like Gecko) Chrome/152.0.7977.82 Mobile Safari/537.36 (compatible; Googlebot/2.1; +http://www.google.com/bot.html)"
66.249.79.1 - - [13/Sep/2026:17:12:50 +0300] "GET /index.php/zinynas-keliaujantiems?sale/search/detail/?ITMCODE=51981827790 HTTP/1.1" 200 225178 "-" "Mozilla/5.0 (Linux; Android 6.0.1; Nexus 5X Build/MMB29P) AppleWebKit/537.36 (KHTML, like Gecko) Chrome/152.0.7977.82 Mobile Safari/537.36 (compatible; Googlebot/2.1; +http://www.google.com/bot.html)"
66.249.79.2 - - [13/Sep/2026:17:12:51 +0300] "GET /index.php/zinynas-keliaujantiems?sale/search/detail/?ITMCODE=52002955728 HTTP/1.1" 200 213612 "-" "Mozilla/5.0 (Linux; Android 6.0.1; Nexus 5X Build/MMB29P) AppleWebKit/537.36 (KHTML, like Gecko) Chrome/152.0.7977.82 Mobile Safari/537.36 (compatible; Googlebot/2.1; +http://www.google.com/bot.html)"
66.249.79.1 - - [13/Sep/2026:17:12:51 +0300] "GET /index.php/zinynas-keliaujantiems?sale/search/detail/?ITMCODE=5195104935 HTTP/1.1" 200 210211 "-" "Mozilla/5.0 (Linux; Android 6.0.1; Nexus 5X Build/MMB29P) AppleWebKit/537.36 (KHTML, like Gecko) Chrome/152.0.7977.82 Mobile Safari/537.36 (compatible; Googlebot/2.1; +http://www.google.com/bot.html)"
66.249.79.1 - - [13/Sep/2026:17:12:51 +0300] "GET /index.php/zinynas-keliaujantiems?sale/search/detail/?ITMCODE=52002865373 HTTP/1.1" 200 225013 "-" "Mozilla/5.0 (Linux; Android 6.0.1; Nexus 5X Build/MMB29P) AppleWebKit/537.36 (KHTML, like Gecko) Chrome/152.0.7977.82 Mobile Safari/537.36 (compatible; Googlebot/2.1; +http://www.google.com/bot.html)"
66.249.79.1 - - [13/Sep/2026:17:12:53 +0300] "GET /index.php/zinynas-keliaujantiems?sale/search/detail/?ITMCODE=519524779 HTTP/1.1" 200 210193 "-" "Mozilla/5.0 (Linux; Android 6.0.1; Nexus 5X Build/MMB29P) AppleWebKit/537.36 (KHTML, like Gecko) Chrome/152.0.7977.82 Mobile Safari/537.36 (compatible; Googlebot/2.1; +http://www.google.com/bot.html)"
66.249.79.1 - - [13/Sep/2026:17:12:56 +0300] "GET /index.php/zinynas-keliaujantiems?sale/search/detail/?ITMCODE=5196866110 HTTP/1.1" 200 214570 "-" "Mozilla/5.0 (Linux; Android 6.0.1; Nexus 5X Build/MMB29P) AppleWebKit/537.36 (KHTML, like Gecko) Chrome/152.0.7977.82 Mobile Safari/537.36 (compatible; Googlebot/2.1; +http://www.google.com/bot.html)"
66.249.79.1 - - [13/Sep/2026:17:12:57 +0300] "GET /index.php/paslaugos?sale/search/detail/?ITMCODE=5196850975 HTTP/1.1" 200 213507 "-" "Mozilla/5.0 (Linux; Android 6.0.1; Nexus 5X Build/MMB29P) AppleWebKit/537.36 (KHTML, like Gecko) Chrome/152.0.7977.82 Mobile Safari/537.36 (compatible; Googlebot/2.1; +http://www.google.com/bot.html)"
66.249.79.3 - - [13/Sep/2026:17:13:00 +0300] "GET /index.php/zinynas-keliaujantiems?sale/search/detail/?ITMCODE=52002980894 HTTP/1.1" 200 225335 "-" "Mozilla/5.0 (Linux; Android 6.0.1; Nexus 5X Build/MMB29P) AppleWebKit/537.36 (KHTML, like Gecko) Chrome/152.0.7977.82 Mobile Safari/537.36 (compatible; Googlebot/2.1; +http://www.google.com/bot.html)"
66.249.79.2 - - [13/Sep/2026:17:13:01 +0300] "GET /?sale/search/detail/?ITMCODE=52002871096 HTTP/1.1" 200 229946 "-" "Mozilla/5.0 (Linux; Android 6.0.1; Nexus 5X Build/MMB29P) AppleWebKit/537.36 (KHTML, like Gecko) Chrome/152.0.7977.82 Mobile Safari/537.36 (compatible; Googlebot/2.1; +http://www.google.com/bot.html)"
66.249.79.2 - - [13/Sep/2026:17:13:07 +0300] "GET /index.php/zinynas-keliaujantiems?sale/search/detail/?ITMCODE=51981968885 HTTP/1.1" 200 207599 "-" "Mozilla/5.0 (Linux; Android 6.0.1; Nexus 5X Build/MMB29P) AppleWebKit/537.36 (KHTML, like Gecko) Chrome/152.0.7977.82 Mobile Safari/537.36 (compatible; Googlebot/2.1; +http://www.google.com/bot.html)"
66.249.79.2 - - [13/Sep/2026:17:13:08 +0300] "GET /?sale/search/detail/?ITMCODE=51981514623 HTTP/1.1" 200 199476 "-" "Mozilla/5.0 (Linux; Android 6.0.1; Nexus 5X Build/MMB29P) AppleWebKit/537.36 (KHTML, like Gecko) Chrome/152.0.7977.82 Mobile Safari/537.36 (compatible; Googlebot/2.1; +http://www.google.com/bot.html)"
66.249.79.1 - - [13/Sep/2026:17:13:08 +0300] "GET /index.php/zinynas-keliaujantiems?sale/search/detail/?ITMCODE=51992074636 HTTP/1.1" 200 216524 "-" "Mozilla/5.0 (Linux; Android 6.0.1; Nexus 5X Build/MMB29P) AppleWebKit/537.36 (KHTML, like Gecko) Chrome/152.0.7977.82 Mobile Safari/537.36 (compatible; Googlebot/2.1; +http://www.google.com/bot.html)"
66.249.79.1 - - [13/Sep/2026:17:13:11 +0300] "GET /index.php/zinynas-keliaujantiems?sale/search/detail/?ITMCODE=51971057255 HTTP/1.1" 200 215739 "-" "Mozilla/5.0 (Linux; Android 6.0.1; Nexus 5X Build/MMB29P) AppleWebKit/537.36 (KHTML, like Gecko) Chrome/152.0.7977.82 Mobile Safari/537.36 (compatible; Googlebot/2.1; +http://www.google.com/bot.html)"
66.249.79.2 - - [13/Sep/2026:17:13:16 +0300] "GET /?sale/search/detail/?ITMCODE=5196577371 HTTP/1.1" 200 202327 "-" "Mozilla/5.0 (Linux; Android 6.0.1; Nexus 5X Build/MMB29P) AppleWebKit/537.36 (KHTML, like Gecko) Chrome/152.0.7977.82 Mobile Safari/537.36 (compatible; Googlebot/2.1; +http://www.google.com/bot.html)"
66.249.79.1 - - [13/Sep/2026:17:13:32 +0300] "GET /shop/pg/51971065447 HTTP/1.1" 200 213775 "-" "Mozilla/5.0 (Linux; Android 6.0.1; Nexus 5X Build/MMB29P) AppleWebKit/537.36 (KHTML, like Gecko) Chrome/152.0.7977.82 Mobile Safari/537.36 (compatible; Googlebot/2.1; +http://www.google.com/bot.html)"
85.208.96.207 - - [13/Sep/2026:17:13:33 +0300] "GET /?sale%2Fsearch%2Fdetail%2F%3FITMCODE=519888670352 HTTP/1.1" 200 31563 "-" "Mozilla/5.0 (compatible; SemrushBot/7~bl; +http://www.semrush.com/bot.html)"
66.249.79.1 - - [13/Sep/2026:17:13:36 +0300] "GET /index.php/zinynas-keliaujantiems?sale/search/detail/?ITMCODE=5195385346 HTTP/1.1" 200 214813 "-" "Mozilla/5.0 (Linux; Android 6.0.1; Nexus 5X Build/MMB29P) AppleWebKit/537.36 (KHTML, like Gecko) Chrome/152.0.7977.82 Mobile Safari/537.36 (compatible; Googlebot/2.1; +http://www.google.com/bot.html)"
66.249.79.1 - - [13/Sep/2026:17:13:38 +0300] "GET /index.php/paslaugos?sale/search/detail/?ITMCODE=52002781668 HTTP/1.1" 200 201745 "-" "Mozilla/5.0 (Linux; Android 6.0.1; Nexus 5X Build/MMB29P) AppleWebKit/537.36 (KHTML, like Gecko) Chrome/152.0.7977.82 Mobile Safari/537.36 (compatible; Googlebot/2.1; +http://www.google.com/bot.html)"
66.249.79.2 - - [13/Sep/2026:17:13:40 +0300] "GET /index.php/zinynas-keliaujantiems?sale/search/detail/?ITMCODE=5195155470 HTTP/1.1" 200 215903 "-" "Mozilla/5.0 (Linux; Android 6.0.1; Nexus 5X Build/MMB29P) AppleWebKit/537.36 (KHTML, like Gecko) Chrome/152.0.7977.82 Mobile Safari/537.36 (compatible; Googlebot/2.1; +http://www.google.com/bot.html)"
114.119.158.46 - - [13/Sep/2026:17:13:48 +0300] "GET /?sale/search/detail/%3FITMCODE=51977156823 HTTP/1.1" 200 31590 "https://www.keliauk-uk.lt/?sitemap-items.xml" "Mozilla/5.0 (Linux; Android 7.0;) AppleWebKit/537.36 (HTML, like Gecko) Mobile Safari/537.36 (compatible; PetalBot;+https://webmaster.petalsearch.com/site/petalbot)"
66.249.79.2 - - [13/Sep/2026:17:14:08 +0300] "GET /index.php/zinynas-keliaujantiems?sale/search/detail/?ITMCODE=51981775093 HTTP/1.1" 200 212612 "-" "Mozilla/5.0 (Linux; Android 6.0.1; Nexus 5X Build/MMB29P) AppleWebKit/537.36 (KHTML, like Gecko) Chrome/152.0.7977.82 Mobile Safari/537.36 (compatible; Googlebot/2.1; +http://www.google.com/bot.html)"
85.208.96.198 - - [13/Sep/2026:17:14:10 +0300] "GET /?sale%2Fsearch%2Fdetail%2F%3FITMCODE=51998143802 HTTP/1.1" 200 31562 "-" "Mozilla/5.0 (compatible; SemrushBot/7~bl; +http://www.semrush.com/bot.html)"
66.249.79.2 - - [13/Sep/2026:17:14:09 +0300] "GET /index.php/zinynas-keliaujantiems?sale/search/detail/?ITMCODE=51981902408 HTTP/1.1" 200 211950 "-" "Mozilla/5.0 (Linux; Android 6.0.1; Nexus 5X Build/MMB29P) AppleWebKit/537.36 (KHTML, like Gecko) Chrome/152.0.7977.82 Mobile Safari/537.36 (compatible; Googlebot/2.1; +http://www.google.com/bot.html)"
66.249.79.2 - - [13/Sep/2026:17:14:10 +0300] "GET /?sale/search/detail/?ITMCODE=51992167170 HTTP/1.1" 200 193341 "-" "Mozilla/5.0 (Linux; Android 6.0.1; Nexus 5X Build/MMB29P) AppleWebKit/537.36 (KHTML, like Gecko) Chrome/152.0.7977.82 Mobile Safari/537.36 (compatible; Googlebot/2.1; +http://www.google.com/bot.html)"
66.249.79.3 - - [13/Sep/2026:17:14:11 +0300] "GET /index.php/zinynas-keliaujantiems?sale/search/detail/?ITMCODE=51971479676 HTTP/1.1" 200 216133 "-" "Mozilla/5.0 (Linux; Android 6.0.1; Nexus 5X Build/MMB29P) AppleWebKit/537.36 (KHTML, like Gecko) Chrome/152.0.7977.82 Mobile Safari/537.36 (compatible; Googlebot/2.1; +http://www.google.com/bot.html)"
66.249.79.3 - - [13/Sep/2026:17:14:11 +0300] "GET /index.php/zinynas-keliaujantiems?sale/search/detail/?ITMCODE=5195346447 HTTP/1.1" 200 228153 "-" "Mozilla/5.0 (Linux; Android 6.0.1; Nexus 5X Build/MMB29P) AppleWebKit/537.36 (KHTML, like Gecko) Chrome/152.0.7977.82 Mobile Safari/537.36 (compatible; Googlebot/2.1; +http://www.google.com/bot.html)"
66.249.79.2 - - [13/Sep/2026:17:14:14 +0300] "GET /index.php/zinynas-keliaujantiems?sale/search/detail/?ITMCODE=51981593487 HTTP/1.1" 200 207246 "-" "Mozilla/5.0 (Linux; Android 6.0.1; Nexus 5X Build/MMB29P) AppleWebKit/537.36 (KHTML, like Gecko) Chrome/152.0.7977.82 Mobile Safari/537.36 (compatible; Googlebot/2.1; +http://www.google.com/bot.html)"
66.249.79.2 - - [13/Sep/2026:17:14:18 +0300] "GET /index.php/zinynas-keliaujantiems?sale/search/detail/?ITMCODE=51971170073 HTTP/1.1" 200 207400 "-" "Mozilla/5.0 (Linux; Android 6.0.1; Nexus 5X Build/MMB29P) AppleWebKit/537.36 (KHTML, like Gecko) Chrome/152.0.7977.82 Mobile Safari/537.36 (compatible; Googlebot/2.1; +http://www.google.com/bot.html)"
66.249.79.1 - - [13/Sep/2026:17:14:25 +0300] "GET /index.php/zinynas-keliaujantiems?sale/search/detail/?ITMCODE=5196603354 HTTP/1.1" 200 210303 "-" "Mozilla/5.0 (Linux; Android 6.0.1; Nexus 5X Build/MMB29P) AppleWebKit/537.36 (KHTML, like Gecko) Chrome/152.0.7977.82 Mobile Safari/537.36 (compatible; Googlebot/2.1; +http://www.google.com/bot.html)"
85.208.96.199 - - [13/Sep/2026:17:14:27 +0300] "GET /?sale%2Fsearch%2Fdetail%2F%3FITMCODE=519560202710 HTTP/1.1" 200 31563 "-" "Mozilla/5.0 (compatible; SemrushBot/7~bl; +http://www.semrush.com/bot.html)"
66.249.79.2 - - [13/Sep/2026:17:14:33 +0300] "GET /index.php/zinynas-keliaujantiems?sale/search/detail/?ITMCODE=51992408652 HTTP/1.1" 200 204254 "-" "Mozilla/5.0 (Linux; Android 6.0.1; Nexus 5X Build/MMB29P) AppleWebKit/537.36 (KHTML, like Gecko) Chrome/152.0.7977.82 Mobile Safari/537.36 (compatible; Googlebot/2.1; +http://www.google.com/bot.html)"
66.249.79.2 - - [13/Sep/2026:17:14:43 +0300] "GET /index.php/zinynas-keliaujantiems?sale/search/detail/?ITMCODE=519597665 HTTP/1.1" 200 218239 "-" "Mozilla/5.0 (Linux; Android 6.0.1; Nexus 5X Build/MMB29P) AppleWebKit/537.36 (KHTML, like Gecko) Chrome/152.0.7977.82 Mobile Safari/537.36 (compatible; Googlebot/2.1; +http://www.google.com/bot.html)"
66.249.79.1 - - [13/Sep/2026:17:14:49 +0300] "GET /index.php/zinynas-keliaujantiems?sale/search/detail/?ITMCODE=5195458599 HTTP/1.1" 200 204585 "-" "Mozilla/5.0 (Linux; Android 6.0.1; Nexus 5X Build/MMB29P) AppleWebKit/537.36 (KHTML, like Gecko) Chrome/152.0.7977.82 Mobile Safari/537.36 (compatible; Googlebot/2.1; +http://www.google.com/bot.html)"
66.249.79.1 - - [13/Sep/2026:17:14:55 +0300] "GET /index.php/zinynas-keliaujantiems?sale/search/detail/?ITMCODE=519513736 HTTP/1.1" 200 207173 "-" "Mozilla/5.0 (Linux; Android 6.0.1; Nexus 5X Build/MMB29P) AppleWebKit/537.36 (KHTML, like Gecko) Chrome/152.0.7977.82 Mobile Safari/537.36 (compatible; Googlebot/2.1; +http://www.google.com/bot.html)"
66.249.79.2 - - [13/Sep/2026:17:15:05 +0300] "GET /sale/search/detail/?ITMCODE=52002592200 HTTP/1.1" 200 206083 "-" "Mozilla/5.0 (Linux; Android 6.0.1; Nexus 5X Build/MMB29P) AppleWebKit/537.36 (KHTML, like Gecko) Chrome/152.0.7977.82 Mobile Safari/537.36 (compatible; Googlebot/2.1; +http://www.google.com/bot.html)"
66.249.79.2 - - [13/Sep/2026:17:15:11 +0300] "GET /index.php/zinynas-keliaujantiems?sale/search/detail/?ITMCODE=52002846523 HTTP/1.1" 200 209820 "-" "Mozilla/5.0 (Linux; Android 6.0.1; Nexus 5X Build/MMB29P) AppleWebKit/537.36 (KHTML, like Gecko) Chrome/152.0.7977.82 Mobile Safari/537.36 (compatible; Googlebot/2.1; +http://www.google.com/bot.html)"
66.249.79.2 - - [13/Sep/2026:17:15:12 +0300] "GET /index.php/zinynas-keliaujantiems?sale/search/detail/?ITMCODE=51981849756 HTTP/1.1" 200 213623 "-" "Mozilla/5.0 (Linux; Android 6.0.1; Nexus 5X Build/MMB29P) AppleWebKit/537.36 (KHTML, like Gecko) Chrome/152.0.7977.82 Mobile Safari/537.36 (compatible; Googlebot/2.1; +http://www.google.com/bot.html)"
66.249.79.1 - - [13/Sep/2026:17:15:22 +0300] "GET /index.php/zinynas-keliaujantiems?sale/search/detail/?ITMCODE=51992020820 HTTP/1.1" 200 207262 "-" "Mozilla/5.0 (Linux; Android 6.0.1; Nexus 5X Build/MMB29P) AppleWebKit/537.36 (KHTML, like Gecko) Chrome/152.0.7977.82 Mobile Safari/537.36 (compatible; Googlebot/2.1; +http://www.google.com/bot.html)"
114.119.158.46 - - [13/Sep/2026:17:15:27 +0300] "GET /?sale/search/detail/%3FITMCODE=51977156188 HTTP/1.1" 200 31590 "https://www.keliauk-uk.lt/?sitemap-products.xml" "Mozilla/5.0 (Linux; Android 7.0;) AppleWebKit/537.36 (HTML, like Gecko) Mobile Safari/537.36 (compatible; PetalBot;+https://webmaster.petalsearch.com/site/petalbot)"
66.249.79.1 - - [13/Sep/2026:17:15:27 +0300] "GET /index.php/zinynas-keliaujantiems?sale/search/detail/?ITMCODE=51981793470 HTTP/1.1" 200 210965 "-" "Mozilla/5.0 (Linux; Android 6.0.1; Nexus 5X Build/MMB29P) AppleWebKit/537.36 (KHTML, like Gecko) Chrome/152.0.7977.82 Mobile Safari/537.36 (compatible; Googlebot/2.1; +http://www.google.com/bot.html)"
66.249.79.1 - - [13/Sep/2026:17:15:30 +0300] "GET /index.php/zinynas-keliaujantiems?sale/search/detail/?ITMCODE=5196974481 HTTP/1.1" 200 217861 "-" "Mozilla/5.0 (Linux; Android 6.0.1; Nexus 5X Build/MMB29P) AppleWebKit/537.36 (KHTML, like Gecko) Chrome/152.0.7977.82 Mobile Safari/537.36 (compatible; Googlebot/2.1; +http://www.google.com/bot.html)"
66.249.79.2 - - [13/Sep/2026:17:15:33 +0300] "GET /index.php/zinynas-keliaujantiems?sale/search/detail/?ITMCODE=51992098124 HTTP/1.1" 200 217379 "-" "Mozilla/5.0 (Linux; Android 6.0.1; Nexus 5X Build/MMB29P) AppleWebKit/537.36 (KHTML, like Gecko) Chrome/152.0.7977.82 Mobile Safari/537.36 (compatible; Googlebot/2.1; +http://www.google.com/bot.html)"
185.191.171.11 - - [13/Sep/2026:17:15:37 +0300] "GET /?sale%2Fsearch%2Fdetail%2F%3FITMCODE=519867559321 HTTP/1.1" 200 31563 "-" "Mozilla/5.0 (compatible; SemrushBot/7~bl; +http://www.semrush.com/bot.html)"
57.141.20.8 - - [13/Sep/2026:17:15:51 +0300] "GET /index.php/component/search/?sale/search/detail/?ITMCODE=519681721926&format=opensearch HTTP/2.0" 200 561 "-" "Mozilla/5.0 (Windows NT 10.0; Win64; x64) AppleWebKit/537.36 (KHTML, like Gecko) Chrome/145.0.0.0 Safari/537.36 (compatible; meta-externalagent/1.1 (+https://developers.facebook.com/docs/sharing/webmasters/crawler))"
66.249.79.1 - - [13/Sep/2026:17:15:54 +0300] "GET /?sale/search/detail/?ITMCODE=51992297809 HTTP/1.1" 200 198139 "-" "Mozilla/5.0 (Linux; Android 6.0.1; Nexus 5X Build/MMB29P) AppleWebKit/537.36 (KHTML, like Gecko) Chrome/152.0.7977.82 Mobile Safari/537.36 (compatible; Googlebot/2.1; +http://www.google.com/bot.html)"
66.249.79.2 - - [13/Sep/2026:17:16:07 +0300] "GET /index.php/zinynas-keliaujantiems?sale/search/detail/?ITMCODE=5196682353 HTTP/1.1" 200 209331 "-" "Mozilla/5.0 (Linux; Android 6.0.1; Nexus 5X Build/MMB29P) AppleWebKit/537.36 (KHTML, like Gecko) Chrome/152.0.7977.82 Mobile Safari/537.36 (compatible; Googlebot/2.1; +http://www.google.com/bot.html)"
66.249.79.2 - - [13/Sep/2026:17:16:08 +0300] "GET /index.php/zinynas-keliaujantiems?sale/search/detail/?ITMCODE=5195268493 HTTP/1.1" 200 213231 "-" "Mozilla/5.0 (Linux; Android 6.0.1; Nexus 5X Build/MMB29P) AppleWebKit/537.36 (KHTML, like Gecko) Chrome/152.0.7977.82 Mobile Safari/537.36 (compatible; Googlebot/2.1; +http://www.google.com/bot.html)"
66.249.79.2 - - [13/Sep/2026:17:16:09 +0300] "GET /?sale/search/detail/?ITMCODE=51981510510 HTTP/1.1" 200 194349 "-" "Mozilla/5.0 (Linux; Android 6.0.1; Nexus 5X Build/MMB29P) AppleWebKit/537.36 (KHTML, like Gecko) Chrome/152.0.7977.82 Mobile Safari/537.36 (compatible; Googlebot/2.1; +http://www.google.com/bot.html)"
66.249.79.2 - - [13/Sep/2026:17:16:10 +0300] "GET /index.php/zinynas-keliaujantiems?sale/search/detail/?ITMCODE=51992293278 HTTP/1.1" 200 207105 "-" "Mozilla/5.0 (Linux; Android 6.0.1; Nexus 5X Build/MMB29P) AppleWebKit/537.36 (KHTML, like Gecko) Chrome/152.0.7977.82 Mobile Safari/537.36 (compatible; Googlebot/2.1; +http://www.google.com/bot.html)"
185.191.171.11 - - [13/Sep/2026:17:16:15 +0300] "GET /?sale%2Fsearch%2Fdetail%2F%3FITMCODE=519669707819 HTTP/1.1" 200 31563 "-" "Mozilla/5.0 (compatible; SemrushBot/7~bl; +http://www.semrush.com/bot.html)"
66.249.79.2 - - [13/Sep/2026:17:16:15 +0300] "GET /index.php/zinynas-keliaujantiems?sale/search/detail/?ITMCODE=51981912755 HTTP/1.1" 200 205492 "-" "Mozilla/5.0 (Linux; Android 6.0.1; Nexus 5X Build/MMB29P) AppleWebKit/537.36 (KHTML, like Gecko) Chrome/152.0.7977.82 Mobile Safari/537.36 (compatible; Googlebot/2.1; +http://www.google.com/bot.html)"
66.249.79.2 - - [13/Sep/2026:17:16:16 +0300] "GET /index.php/zinynas-keliaujantiems?sale/search/detail/?ITMCODE=5195245700 HTTP/1.1" 200 224797 "-" "Mozilla/5.0 (Linux; Android 6.0.1; Nexus 5X Build/MMB29P) AppleWebKit/537.36 (KHTML, like Gecko) Chrome/152.0.7977.82 Mobile Safari/537.36 (compatible; Googlebot/2.1; +http://www.google.com/bot.html)"
66.249.79.2 - - [13/Sep/2026:17:16:17 +0300] "GET /index.php/zinynas-keliaujantiems?sale/search/detail/?ITMCODE=51971265487 HTTP/1.1" 200 209975 "-" "Mozilla/5.0 (Linux; Android 6.0.1; Nexus 5X Build/MMB29P) AppleWebKit/537.36 (KHTML, like Gecko) Chrome/152.0.7977.82 Mobile Safari/537.36 (compatible; Googlebot/2.1; +http://www.google.com/bot.html)"
66.249.79.2 - - [13/Sep/2026:17:16:18 +0300] "GET /?sale/search/detail/?ITMCODE=5195241590 HTTP/1.1" 200 196642 "-" "Mozilla/5.0 (Linux; Android 6.0.1; Nexus 5X Build/MMB29P) AppleWebKit/537.36 (KHTML, like Gecko) Chrome/152.0.7977.82 Mobile Safari/537.36 (compatible; Googlebot/2.1; +http://www.google.com/bot.html)"
66.249.79.1 - - [13/Sep/2026:17:16:20 +0300] "GET /index.php/zinynas-keliaujantiems?sale/search/detail/?ITMCODE=52002509702 HTTP/1.1" 200 202056 "-" "Mozilla/5.0 (Linux; Android 6.0.1; Nexus 5X Build/MMB29P) AppleWebKit/537.36 (KHTML, like Gecko) Chrome/152.0.7977.82 Mobile Safari/537.36 (compatible; Googlebot/2.1; +http://www.google.com/bot.html)"
66.249.79.2 - - [13/Sep/2026:17:16:24 +0300] "GET /index.php/zinynas-keliaujantiems?sale/search/detail/?ITMCODE=51981616279 HTTP/1.1" 200 217190 "-" "Mozilla/5.0 (Linux; Android 6.0.1; Nexus 5X Build/MMB29P) AppleWebKit/537.36 (KHTML, like Gecko) Chrome/152.0.7977.82 Mobile Safari/537.36 (compatible; Googlebot/2.1; +http://www.google.com/bot.html)"
66.249.79.2 - - [13/Sep/2026:17:16:25 +0300] "GET /index.php/zinynas-keliaujantiems?sale/search/detail/?ITMCODE=52002518463 HTTP/1.1" 200 202681 "-" "Mozilla/5.0 (Linux; Android 6.0.1; Nexus 5X Build/MMB29P) AppleWebKit/537.36 (KHTML, like Gecko) Chrome/152.0.7977.82 Mobile Safari/537.36 (compatible; Googlebot/2.1; +http://www.google.com/bot.html)"
40.77.167.116 - - [13/Sep/2026:17:16:28 +0300] "GET /shop/pg/51992386618 HTTP/2.0" 200 206255 "-" "Mozilla/5.0 AppleWebKit/537.36 (KHTML, like Gecko; compatible; bingbot/2.0; +http://www.bing.com/bingbot.htm) Chrome/116.0.1938.76 Safari/537.36"
114.119.158.46 - - [13/Sep/2026:17:16:31 +0300] "GET /?sale/search/detail/%3FITMCODE=51977154188 HTTP/1.1" 200 31590 "https://www.keliauk-uk.lt/?sitemap-items.xml" "Mozilla/5.0 (Linux; Android 7.0;) AppleWebKit/537.36 (HTML, like Gecko) Mobile Safari/537.36 (compatible; PetalBot;+https://webmaster.petalsearch.com/site/petalbot)"
57.141.20.39 - - [13/Sep/2026:17:16:34 +0300] "GET /index.php/component/search/?sale/search/detail/?ITMCODE=519983351235& HTTP/2.0" 200 19807 "-" "Mozilla/5.0 (Windows NT 10.0; Win64; x64) AppleWebKit/537.36 (KHTML, like Gecko) Chrome/145.0.0.0 Safari/537.36 (compatible; meta-externalagent/1.1 (+https://developers.facebook.com/docs/sharing/webmasters/crawler))"
66.249.79.1 - - [13/Sep/2026:17:16:35 +0300] "GET /index.php/zinynas-keliaujantiems?sale/search/detail/?ITMCODE=52002515635 HTTP/1.1" 200 203575 "-" "Mozilla/5.0 (Linux; Android 6.0.1; Nexus 5X Build/MMB29P) AppleWebKit/537.36 (KHTML, like Gecko) Chrome/152.0.7977.82 Mobile Safari/537.36 (compatible; Googlebot/2.1; +http://www.google.com/bot.html)"
66.249.79.1 - - [13/Sep/2026:17:16:35 +0300] "GET /index.php/paslaugos?sale/search/detail/?ITMCODE=52002533514 HTTP/1.1" 200 205412 "-" "Mozilla/5.0 (Linux; Android 6.0.1; Nexus 5X Build/MMB29P) AppleWebKit/537.36 (KHTML, like Gecko) Chrome/152.0.7977.82 Mobile Safari/537.36 (compatible; Googlebot/2.1; +http://www.google.com/bot.html)"
57.141.20.60 - - [13/Sep/2026:17:16:36 +0300] "GET /presets/.css HTTP/2.0" 404 1461 "https://keliauk-uk.lt.testams.vhost.lt/index.php/component/search/?sale/search/detail/?ITMCODE=519983351235&" "Mozilla/5.0 (Windows NT 10.0; Win64; x64) AppleWebKit/537.36 (KHTML, like Gecko) Chrome/145.0.0.0 Safari/537.36 (compatible; meta-externalagent/1.1 (+https://developers.facebook.com/docs/sharing/webmasters/crawler))"
66.249.79.2 - - [13/Sep/2026:17:16:36 +0300] "GET /?sale/search/detail/?ITMCODE=5196639012 HTTP/1.1" 200 197445 "-" "Mozilla/5.0 (Linux; Android 6.0.1; Nexus 5X Build/MMB29P) AppleWebKit/537.36 (KHTML, like Gecko) Chrome/152.0.7977.82 Mobile Safari/537.36 (compatible; Googlebot/2.1; +http://www.google.com/bot.html)"
66.249.79.1 - - [13/Sep/2026:17:16:41 +0300] "GET /index.php/zinynas-keliaujantiems?sale/search/detail/?ITMCODE=5195339268 HTTP/1.1" 200 209885 "-" "Mozilla/5.0 (Linux; Android 6.0.1; Nexus 5X Build/MMB29P) AppleWebKit/537.36 (KHTML, like Gecko) Chrome/152.0.7977.82 Mobile Safari/537.36 (compatible; Googlebot/2.1; +http://www.google.com/bot.html)"
66.249.79.1 - - [13/Sep/2026:17:16:42 +0300] "GET /index.php/zinynas-keliaujantiems?sale/search/detail/?ITMCODE=51992199112 HTTP/1.1" 200 205273 "-" "Mozilla/5.0 (Linux; Android 6.0.1; Nexus 5X Build/MMB29P) AppleWebKit/537.36 (KHTML, like Gecko) Chrome/152.0.7977.82 Mobile Safari/537.36 (compatible; Googlebot/2.1; +http://www.google.com/bot.html)"
185.191.171.12 - - [13/Sep/2026:17:16:43 +0300] "GET /?sale%2Fsearch%2Fdetail%2F%3FITMCODE=519518194873 HTTP/1.1" 200 31563 "-" "Mozilla/5.0 (compatible; SemrushBot/7~bl; +http://www.semrush.com/bot.html)"
66.249.79.1 - - [13/Sep/2026:17:16:46 +0300] "GET /index.php/zinynas-keliaujantiems?sale/search/detail/?ITMCODE=52002669615 HTTP/1.1" 200 235777 "-" "Mozilla/5.0 (Linux; Android 6.0.1; Nexus 5X Build/MMB29P) AppleWebKit/537.36 (KHTML, like Gecko) Chrome/152.0.7977.82 Mobile Safari/537.36 (compatible; Googlebot/2.1; +http://www.google.com/bot.html)"
66.249.79.3 - - [13/Sep/2026:17:16:47 +0300] "GET /sale/search/detail/?ITMCODE=5195141911 HTTP/1.1" 200 202283 "-" "Mozilla/5.0 (Linux; Android 6.0.1; Nexus 5X Build/MMB29P) AppleWebKit/537.36 (KHTML, like Gecko) Chrome/152.0.7977.82 Mobile Safari/537.36 (compatible; Googlebot/2.1; +http://www.google.com/bot.html)"
66.249.79.2 - - [13/Sep/2026:17:16:54 +0300] "GET /index.php/zinynas-keliaujantiems?sale/search/detail/?ITMCODE=5196894127 HTTP/1.1" 200 221786 "-" "Mozilla/5.0 (Linux; Android 6.0.1; Nexus 5X Build/MMB29P) AppleWebKit/537.36 (KHTML, like Gecko) Chrome/152.0.7977.82 Mobile Safari/537.36 (compatible; Googlebot/2.1; +http://www.google.com/bot.html)"
66.249.79.1 - - [13/Sep/2026:17:16:58 +0300] "GET /index.php/zinynas-keliaujantiems?sale/search/detail/?ITMCODE=51971131907 HTTP/1.1" 200 223835 "-" "Mozilla/5.0 (Linux; Android 6.0.1; Nexus 5X Build/MMB29P) AppleWebKit/537.36 (KHTML, like Gecko) Chrome/152.0.7977.82 Mobile Safari/537.36 (compatible; Googlebot/2.1; +http://www.google.com/bot.html)"
66.249.79.1 - - [13/Sep/2026:17:16:59 +0300] "GET /index.php/zinynas-keliaujantiems?sale/search/detail/?ITMCODE=5195485565 HTTP/1.1" 200 230611 "-" "Mozilla/5.0 (Linux; Android 6.0.1; Nexus 5X Build/MMB29P) AppleWebKit/537.36 (KHTML, like Gecko) Chrome/152.0.7977.82 Mobile Safari/537.36 (compatible; Googlebot/2.1; +http://www.google.com/bot.html)"
66.249.79.1 - - [13/Sep/2026:17:17:01 +0300] "GET /index.php/zinynas-keliaujantiems?sale/search/detail/?ITMCODE=51971036836 HTTP/1.1" 200 226942 "-" "Mozilla/5.0 (Linux; Android 6.0.1; Nexus 5X Build/MMB29P) AppleWebKit/537.36 (KHTML, like Gecko) Chrome/152.0.7977.82 Mobile Safari/537.36 (compatible; Googlebot/2.1; +http://www.google.com/bot.html)"
66.249.79.2 - - [13/Sep/2026:17:17:02 +0300] "GET /index.php/zinynas-keliaujantiems?sale/search/detail/?ITMCODE=51981640848 HTTP/1.1" 200 204430 "-" "Mozilla/5.0 (Linux; Android 6.0.1; Nexus 5X Build/MMB29P) AppleWebKit/537.36 (KHTML, like Gecko) Chrome/152.0.7977.82 Mobile Safari/537.36 (compatible; Googlebot/2.1; +http://www.google.com/bot.html)"
66.249.79.2 - - [13/Sep/2026:17:17:03 +0300] "GET /index.php/zinynas-keliaujantiems?sale/search/detail/?ITMCODE=51971432982 HTTP/1.1" 200 202691 "-" "Mozilla/5.0 (Linux; Android 6.0.1; Nexus 5X Build/MMB29P) AppleWebKit/537.36 (KHTML, like Gecko) Chrome/152.0.7977.82 Mobile Safari/537.36 (compatible; Googlebot/2.1; +http://www.google.com/bot.html)"
66.249.79.2 - - [13/Sep/2026:17:17:04 +0300] "GET /index.php/zinynas-keliaujantiems?sale/search/detail/?ITMCODE=52002942600 HTTP/1.1" 200 205225 "-" "Mozilla/5.0 (Linux; Android 6.0.1; Nexus 5X Build/MMB29P) AppleWebKit/537.36 (KHTML, like Gecko) Chrome/152.0.7977.82 Mobile Safari/537.36 (compatible; Googlebot/2.1; +http://www.google.com/bot.html)"
66.249.79.1 - - [13/Sep/2026:17:17:06 +0300] "GET /index.php/zinynas-keliaujantiems?sale/search/detail/?ITMCODE=5195490124 HTTP/1.1" 200 206514 "-" "Mozilla/5.0 (Linux; Android 6.0.1; Nexus 5X Build/MMB29P) AppleWebKit/537.36 (KHTML, like Gecko) Chrome/152.0.7977.82 Mobile Safari/537.36 (compatible; Googlebot/2.1; +http://www.google.com/bot.html)"
66.249.79.2 - - [13/Sep/2026:17:17:10 +0300] "GET /index.php/zinynas-keliaujantiems?sale/search/detail/?ITMCODE=52002881552 HTTP/1.1" 200 218949 "-" "Mozilla/5.0 (Linux; Android 6.0.1; Nexus 5X Build/MMB29P) AppleWebKit/537.36 (KHTML, like Gecko) Chrome/152.0.7977.82 Mobile Safari/537.36 (compatible; Googlebot/2.1; +http://www.google.com/bot.html)"
66.249.79.2 - - [13/Sep/2026:17:17:11 +0300] "GET /index.php/zinynas-keliaujantiems?sale/search/detail/?ITMCODE=51971127058 HTTP/1.1" 200 207684 "-" "Mozilla/5.0 (Linux; Android 6.0.1; Nexus 5X Build/MMB29P) AppleWebKit/537.36 (KHTML, like Gecko) Chrome/152.0.7977.82 Mobile Safari/537.36 (compatible; Googlebot/2.1; +http://www.google.com/bot.html)"
66.249.79.1 - - [13/Sep/2026:17:17:23 +0300] "GET /index.php/zinynas-keliaujantiems?sale/search/detail/?ITMCODE=51981736430 HTTP/1.1" 200 206805 "-" "Mozilla/5.0 (Linux; Android 6.0.1; Nexus 5X Build/MMB29P) AppleWebKit/537.36 (KHTML, like Gecko) Chrome/152.0.7977.82 Mobile Safari/537.36 (compatible; Googlebot/2.1; +http://www.google.com/bot.html)"
66.249.79.2 - - [13/Sep/2026:17:17:25 +0300] "GET /index.php/zinynas-keliaujantiems?sale/search/detail/?ITMCODE=51992298303 HTTP/1.1" 200 207794 "-" "Mozilla/5.0 (Linux; Android 6.0.1; Nexus 5X Build/MMB29P) AppleWebKit/537.36 (KHTML, like Gecko) Chrome/152.0.7977.82 Mobile Safari/537.36 (compatible; Googlebot/2.1; +http://www.google.com/bot.html)"
66.249.79.2 - - [13/Sep/2026:17:17:26 +0300] "GET /index.php/zinynas-keliaujantiems?sale/search/detail/?ITMCODE=51971102360 HTTP/1.1" 200 201963 "-" "Mozilla/5.0 (Linux; Android 6.0.1; Nexus 5X Build/MMB29P) AppleWebKit/537.36 (KHTML, like Gecko) Chrome/152.0.7977.82 Mobile Safari/537.36 (compatible; Googlebot/2.1; +http://www.google.com/bot.html)"
66.249.79.1 - - [13/Sep/2026:17:17:31 +0300] "GET /index.php/zinynas-keliaujantiems?sale/search/detail/?ITMCODE=52002742537 HTTP/1.1" 200 217432 "-" "Mozilla/5.0 (Linux; Android 6.0.1; Nexus 5X Build/MMB29P) AppleWebKit/537.36 (KHTML, like Gecko) Chrome/152.0.7977.82 Mobile Safari/537.36 (compatible; Googlebot/2.1; +http://www.google.com/bot.html)"
185.191.171.17 - - [13/Sep/2026:17:17:33 +0300] "GET /?sale%2Fsearch%2Fdetail%2F%3FITMCODE=51974495686 HTTP/1.1" 200 31562 "-" "Mozilla/5.0 (compatible; SemrushBot/7~bl; +http://www.semrush.com/bot.html)"
66.249.79.2 - - [13/Sep/2026:17:17:35 +0300] "GET /index.php/zinynas-keliaujantiems?sale/search/detail/?ITMCODE=519547460 HTTP/1.1" 200 210299 "-" "Mozilla/5.0 (Linux; Android 6.0.1; Nexus 5X Build/MMB29P) AppleWebKit/537.36 (KHTML, like Gecko) Chrome/152.0.7977.82 Mobile Safari/537.36 (compatible; Googlebot/2.1; +http://www.google.com/bot.html)"
66.249.79.1 - - [13/Sep/2026:17:17:35 +0300] "GET /index.php/zinynas-keliaujantiems?sale/search/detail/?ITMCODE=52002837114 HTTP/1.1" 200 211609 "-" "Mozilla/5.0 (Linux; Android 6.0.1; Nexus 5X Build/MMB29P) AppleWebKit/537.36 (KHTML, like Gecko) Chrome/152.0.7977.82 Mobile Safari/537.36 (compatible; Googlebot/2.1; +http://www.google.com/bot.html)"
66.249.79.3 - - [13/Sep/2026:17:17:39 +0300] "GET /index.php/zinynas-keliaujantiems?sale/search/detail/?ITMCODE=52002757944 HTTP/1.1" 200 204593 "-" "Mozilla/5.0 (Linux; Android 6.0.1; Nexus 5X Build/MMB29P) AppleWebKit/537.36 (KHTML, like Gecko) Chrome/152.0.7977.82 Mobile Safari/537.36 (compatible; Googlebot/2.1; +http://www.google.com/bot.html)"
66.249.79.3 - - [13/Sep/2026:17:17:48 +0300] "GET /?sale/search/detail/?ITMCODE=51981791204 HTTP/1.1" 200 207108 "-" "Mozilla/5.0 (Linux; Android 6.0.1; Nexus 5X Build/MMB29P) AppleWebKit/537.36 (KHTML, like Gecko) Chrome/152.0.7977.82 Mobile Safari/537.36 (compatible; Googlebot/2.1; +http://www.google.com/bot.html)"
66.249.79.3 - - [13/Sep/2026:17:17:50 +0300] "GET /index.php/zinynas-keliaujantiems?sale/search/detail/?ITMCODE=5196840979 HTTP/1.1" 200 211997 "-" "Mozilla/5.0 (Linux; Android 6.0.1; Nexus 5X Build/MMB29P) AppleWebKit/537.36 (KHTML, like Gecko) Chrome/152.0.7977.82 Mobile Safari/537.36 (compatible; Googlebot/2.1; +http://www.google.com/bot.html)"
85.208.96.202 - - [13/Sep/2026:17:17:51 +0300] "GET /?sale%2Fsearch%2Fdetail%2F%3FITMCODE=519953103518 HTTP/1.1" 200 31563 "-" "Mozilla/5.0 (compatible; SemrushBot/7~bl; +http://www.semrush.com/bot.html)"
85.208.96.196 - - [13/Sep/2026:17:17:53 +0300] "GET /?sale%2Fsearch%2Fdetail%2F%3FITMCODE=51956161164 HTTP/1.1" 200 31562 "-" "Mozilla/5.0 (compatible; SemrushBot/7~bl; +http://www.semrush.com/bot.html)"
114.119.135.63 - - [13/Sep/2026:17:17:55 +0300] "GET /?sale/search/detail/%3FITMCODE=51977150000 HTTP/1.1" 200 31590 "https://www.keliauk-uk.lt/?sitemap-shopdetail.xml" "Mozilla/5.0 (Linux; Android 7.0;) AppleWebKit/537.36 (HTML, like Gecko) Mobile Safari/537.36 (compatible; PetalBot;+https://webmaster.petalsearch.com/site/petalbot)"
66.249.79.1 - - [13/Sep/2026:17:18:04 +0300] "GET /?sale/search/detail/?ITMCODE=51992082837 HTTP/1.1" 200 198637 "-" "Mozilla/5.0 (Linux; Android 6.0.1; Nexus 5X Build/MMB29P) AppleWebKit/537.36 (KHTML, like Gecko) Chrome/152.0.7977.82 Mobile Safari/537.36 (compatible; Googlebot/2.1; +http://www.google.com/bot.html)"
66.249.79.1 - - [13/Sep/2026:17:18:06 +0300] "GET /index.php/zinynas-keliaujantiems?sale/search/detail/?ITMCODE=51971317383 HTTP/1.1" 200 205897 "-" "Mozilla/5.0 (Linux; Android 6.0.1; Nexus 5X Build/MMB29P) AppleWebKit/537.36 (KHTML, like Gecko) Chrome/152.0.7977.82 Mobile Safari/537.36 (compatible; Googlebot/2.1; +http://www.google.com/bot.html)"
66.249.79.2 - - [13/Sep/2026:17:18:13 +0300] "GET /index.php/zinynas-keliaujantiems?sale/search/detail/?ITMCODE=5196750457 HTTP/1.1" 200 219779 "-" "Mozilla/5.0 (Linux; Android 6.0.1; Nexus 5X Build/MMB29P) AppleWebKit/537.36 (KHTML, like Gecko) Chrome/152.0.7977.82 Mobile Safari/537.36 (compatible; Googlebot/2.1; +http://www.google.com/bot.html)"
66.249.79.1 - - [13/Sep/2026:17:18:18 +0300] "GET /index.php/zinynas-keliaujantiems?sale/search/detail/?ITMCODE=51981977030 HTTP/1.1" 200 207292 "-" "Mozilla/5.0 (Linux; Android 6.0.1; Nexus 5X Build/MMB29P) AppleWebKit/537.36 (KHTML, like Gecko) Chrome/152.0.7977.82 Mobile Safari/537.36 (compatible; Googlebot/2.1; +http://www.google.com/bot.html)"
66.249.79.1 - - [13/Sep/2026:17:18:19 +0300] "GET /?sale/search/detail/?ITMCODE=51992448560 HTTP/1.1" 200 203030 "-" "Mozilla/5.0 (Linux; Android 6.0.1; Nexus 5X Build/MMB29P) AppleWebKit/537.36 (KHTML, like Gecko) Chrome/152.0.7977.82 Mobile Safari/537.36 (compatible; Googlebot/2.1; +http://www.google.com/bot.html)"
66.249.79.1 - - [13/Sep/2026:17:18:21 +0300] "GET /index.php/zinynas-keliaujantiems?sale/search/detail/?ITMCODE=51981838542 HTTP/1.1" 200 206079 "-" "Mozilla/5.0 (Linux; Android 6.0.1; Nexus 5X Build/MMB29P) AppleWebKit/537.36 (KHTML, like Gecko) Chrome/152.0.7977.82 Mobile Safari/537.36 (compatible; Googlebot/2.1; +http://www.google.com/bot.html)"
57.141.20.3 - - [13/Sep/2026:17:18:26 +0300] "GET /index.php/component/search/?sale/search/detail/?ITMCODE=519716078930& HTTP/2.0" 200 19807 "-" "Mozilla/5.0 (Windows NT 10.0; Win64; x64) AppleWebKit/537.36 (KHTML, like Gecko) Chrome/145.0.0.0 Safari/537.36 (compatible; meta-externalagent/1.1 (+https://developers.facebook.com/docs/sharing/webmasters/crawler))"
66.249.79.2 - - [13/Sep/2026:17:18:29 +0300] "GET /index.php/paslaugos?sale/search/detail/?ITMCODE=5196921466 HTTP/1.1" 200 212870 "-" "Mozilla/5.0 (Linux; Android 6.0.1; Nexus 5X Build/MMB29P) AppleWebKit/537.36 (KHTML, like Gecko) Chrome/152.0.7977.82 Mobile Safari/537.36 (compatible; Googlebot/2.1; +http://www.google.com/bot.html)"
85.208.96.205 - - [13/Sep/2026:17:18:32 +0300] "GET /?sale%2Fsearch%2Fdetail%2F%3FITMCODE=51995393348 HTTP/1.1" 200 31562 "-" "Mozilla/5.0 (compatible; SemrushBot/7~bl; +http://www.semrush.com/bot.html)"
66.249.79.1 - - [13/Sep/2026:17:18:37 +0300] "GET /?sale/search/detail/?ITMCODE=5196612260 HTTP/1.1" 200 209289 "-" "Mozilla/5.0 (Linux; Android 6.0.1; Nexus 5X Build/MMB29P) AppleWebKit/537.36 (KHTML, like Gecko) Chrome/152.0.7977.82 Mobile Safari/537.36 (compatible; Googlebot/2.1; +http://www.google.com/bot.html)"
66.249.79.2 - - [13/Sep/2026:17:18:49 +0300] "GET /index.php/zinynas-keliaujantiems?sale/search/detail/?ITMCODE=51971032893 HTTP/1.1" 200 206895 "-" "Mozilla/5.0 (Linux; Android 6.0.1; Nexus 5X Build/MMB29P) AppleWebKit/537.36 (KHTML, like Gecko) Chrome/152.0.7977.82 Mobile Safari/537.36 (compatible; Googlebot/2.1; +http://www.google.com/bot.html)"
66.249.79.1 - - [13/Sep/2026:17:18:52 +0300] "GET /index.php/zinynas-keliaujantiems?sale/search/detail/?ITMCODE=51992380931 HTTP/1.1" 200 208753 "-" "Mozilla/5.0 (Linux; Android 6.0.1; Nexus 5X Build/MMB29P) AppleWebKit/537.36 (KHTML, like Gecko) Chrome/152.0.7977.82 Mobile Safari/537.36 (compatible; Googlebot/2.1; +http://www.google.com/bot.html)"
74.7.243.247 - - [13/Sep/2026:17:18:58 +0300] "GET /?sitemap-product.xml HTTP/2.0" 200 197939 "-" "Mozilla/5.0 AppleWebKit/537.36 (KHTML, like Gecko; compatible; GPTBot/1.4; +https://openai.com/gptbot)"
74.7.228.35 - - [13/Sep/2026:17:18:59 +0300] "GET /robots.txt HTTP/2.0" 200 150 "-" "Mozilla/5.0 (Macintosh; Intel Mac OS X 10_15_7) AppleWebKit/537.36 (KHTML, like Gecko) Chrome/131.0.0.0 Safari/537.36; compatible; OAI-SearchBot/1.4; robots.txt; +https://openai.com/searchbot"
66.249.79.2 - - [13/Sep/2026:17:19:00 +0300] "GET /index.php/zinynas-keliaujantiems?sale/search/detail/?ITMCODE=51992056499 HTTP/1.1" 200 204673 "-" "Mozilla/5.0 (Linux; Android 6.0.1; Nexus 5X Build/MMB29P) AppleWebKit/537.36 (KHTML, like Gecko) Chrome/152.0.7977.82 Mobile Safari/537.36 (compatible; Googlebot/2.1; +http://www.google.com/bot.html)"
74.7.243.247 - - [13/Sep/2026:17:19:00 +0300] "GET /?sale/search/detail/?ITMCODE=519911120751 HTTP/2.0" 200 31682 "https://keliauk-uk.lt.testams.vhost.lt/?sitemap-product.xml" "Mozilla/5.0 AppleWebKit/537.36 (KHTML, like Gecko; compatible; GPTBot/1.4; +https://openai.com/gptbot)"
85.208.96.206 - - [13/Sep/2026:17:19:03 +0300] "GET /?sale%2Fsearch%2Fdetail%2F%3FITMCODE=519788469109 HTTP/1.1" 200 31563 "-" "Mozilla/5.0 (compatible; SemrushBot/7~bl; +http://www.semrush.com/bot.html)"
74.7.243.247 - - [13/Sep/2026:17:19:03 +0300] "GET /?sale/search/detail/?ITMCODE=52008921391 HTTP/2.0" 200 31681 "https://keliauk-uk.lt.testams.vhost.lt/?sitemap-product.xml" "Mozilla/5.0 AppleWebKit/537.36 (KHTML, like Gecko; compatible; GPTBot/1.4; +https://openai.com/gptbot)"
74.7.243.247 - - [13/Sep/2026:17:19:05 +0300] "GET /?sale/search/detail/?ITMCODE=519810932810 HTTP/2.0" 200 31682 "https://keliauk-uk.lt.testams.vhost.lt/?sitemap-product.xml" "Mozilla/5.0 AppleWebKit/537.36 (KHTML, like Gecko; compatible; GPTBot/1.4; +https://openai.com/gptbot)"
66.249.79.1 - - [13/Sep/2026:17:19:06 +0300] "GET /index.php/zinynas-keliaujantiems?sale/search/detail/?ITMCODE=52002589500 HTTP/1.1" 200 209452 "-" "Mozilla/5.0 (Linux; Android 6.0.1; Nexus 5X Build/MMB29P) AppleWebKit/537.36 (KHTML, like Gecko) Chrome/152.0.7977.82 Mobile Safari/537.36 (compatible; Googlebot/2.1; +http://www.google.com/bot.html)"
74.7.243.247 - - [13/Sep/2026:17:19:06 +0300] "GET /?sale/search/detail/?ITMCODE=519716387320 HTTP/2.0" 200 31682 "https://keliauk-uk.lt.testams.vhost.lt/?sitemap-product.xml" "Mozilla/5.0 AppleWebKit/537.36 (KHTML, like Gecko; compatible; GPTBot/1.4; +https://openai.com/gptbot)"
66.249.79.1 - - [13/Sep/2026:17:19:07 +0300] "GET /index.php/zinynas-keliaujantiems?sale/search/detail/?ITMCODE=5196844760 HTTP/1.1" 200 213536 "-" "Mozilla/5.0 (Linux; Android 6.0.1; Nexus 5X Build/MMB29P) AppleWebKit/537.36 (KHTML, like Gecko) Chrome/152.0.7977.82 Mobile Safari/537.36 (compatible; Googlebot/2.1; +http://www.google.com/bot.html)"
74.7.243.247 - - [13/Sep/2026:17:19:08 +0300] "GET /?sale/search/detail/?ITMCODE=519810918605 HTTP/2.0" 200 31682 "https://keliauk-uk.lt.testams.vhost.lt/?sitemap-product.xml" "Mozilla/5.0 AppleWebKit/537.36 (KHTML, like Gecko; compatible; GPTBot/1.4; +https://openai.com/gptbot)"
74.7.243.247 - - [13/Sep/2026:17:19:09 +0300] "GET /?sale/search/detail/?ITMCODE=519914401371 HTTP/2.0" 200 31682 "https://keliauk-uk.lt.testams.vhost.lt/?sitemap-product.xml" "Mozilla/5.0 AppleWebKit/537.36 (KHTML, like Gecko; compatible; GPTBot/1.4; +https://openai.com/gptbot)"
74.7.243.247 - - [13/Sep/2026:17:19:09 +0300] "GET /?sale/search/detail/?ITMCODE=51959450810 HTTP/2.0" 200 31681 "https://keliauk-uk.lt.testams.vhost.lt/?sitemap-product.xml" "Mozilla/5.0 AppleWebKit/537.36 (KHTML, like Gecko; compatible; GPTBot/1.4; +https://openai.com/gptbot)"
74.7.243.247 - - [13/Sep/2026:17:19:10 +0300] "GET /?sale/search/detail/?ITMCODE=51959253431 HTTP/2.0" 200 31681 "https://keliauk-uk.lt.testams.vhost.lt/?sitemap-product.xml" "Mozilla/5.0 AppleWebKit/537.36 (KHTML, like Gecko; compatible; GPTBot/1.4; +https://openai.com/gptbot)"
74.7.243.247 - - [13/Sep/2026:17:19:11 +0300] "GET /?sale/search/detail/?ITMCODE=520014922003 HTTP/2.0" 200 31682 "https://keliauk-uk.lt.testams.vhost.lt/?sitemap-product.xml" "Mozilla/5.0 AppleWebKit/537.36 (KHTML, like Gecko; compatible; GPTBot/1.4; +https://openai.com/gptbot)"
74.7.243.247 - - [13/Sep/2026:17:19:11 +0300] "GET /?sale/search/detail/?ITMCODE=519713276830 HTTP/2.0" 200 31682 "https://keliauk-uk.lt.testams.vhost.lt/?sitemap-product.xml" "Mozilla/5.0 AppleWebKit/537.36 (KHTML, like Gecko; compatible; GPTBot/1.4; +https://openai.com/gptbot)"
74.7.243.247 - - [13/Sep/2026:17:19:12 +0300] "GET /?sale/search/detail/?ITMCODE=519612706053 HTTP/2.0" 200 31682 "https://keliauk-uk.lt.testams.vhost.lt/?sitemap-product.xml" "Mozilla/5.0 AppleWebKit/537.36 (KHTML, like Gecko; compatible; GPTBot/1.4; +https://openai.com/gptbot)"
52.167.144.208 - - [13/Sep/2026:17:19:11 +0300] "GET /?sitemap-753.xml HTTP/2.0" 200 202970 "-" "Mozilla/5.0 AppleWebKit/537.36 (KHTML, like Gecko; compatible; bingbot/2.0; +http://www.bing.com/bingbot.htm) Chrome/116.0.1938.76 Safari/537.36"
74.7.243.247 - - [13/Sep/2026:17:19:12 +0300] "GET /?sale/search/detail/?ITMCODE=51969870690 HTTP/2.0" 200 31681 "https://keliauk-uk.lt.testams.vhost.lt/?sitemap-product.xml" "Mozilla/5.0 AppleWebKit/537.36 (KHTML, like Gecko; compatible; GPTBot/1.4; +https://openai.com/gptbot)"
74.7.243.247 - - [13/Sep/2026:17:19:13 +0300] "GET /?sale/search/detail/?ITMCODE=51959402375 HTTP/2.0" 200 31681 "https://keliauk-uk.lt.testams.vhost.lt/?sitemap-product.xml" "Mozilla/5.0 AppleWebKit/537.36 (KHTML, like Gecko; compatible; GPTBot/1.4; +https://openai.com/gptbot)"
74.7.243.247 - - [13/Sep/2026:17:19:13 +0300] "GET /?sale/search/detail/?ITMCODE=51959043221 HTTP/2.0" 200 31681 "https://keliauk-uk.lt.testams.vhost.lt/?sitemap-product.xml" "Mozilla/5.0 AppleWebKit/537.36 (KHTML, like Gecko; compatible; GPTBot/1.4; +https://openai.com/gptbot)"
74.7.243.247 - - [13/Sep/2026:17:19:14 +0300] "GET /?sale/search/detail/?ITMCODE=519713200066 HTTP/2.0" 200 31682 "https://keliauk-uk.lt.testams.vhost.lt/?sitemap-product.xml" "Mozilla/5.0 AppleWebKit/537.36 (KHTML, like Gecko; compatible; GPTBot/1.4; +https://openai.com/gptbot)"
74.7.243.247 - - [13/Sep/2026:17:19:14 +0300] "GET /?sale/search/detail/?ITMCODE=519710431201 HTTP/2.0" 200 31682 "https://keliauk-uk.lt.testams.vhost.lt/?sitemap-product.xml" "Mozilla/5.0 AppleWebKit/537.36 (KHTML, like Gecko; compatible; GPTBot/1.4; +https://openai.com/gptbot)"
74.7.243.247 - - [13/Sep/2026:17:19:15 +0300] "GET /?sale/search/detail/?ITMCODE=519515326085 HTTP/2.0" 200 31682 "https://keliauk-uk.lt.testams.vhost.lt/?sitemap-product.xml" "Mozilla/5.0 AppleWebKit/537.36 (KHTML, like Gecko; compatible; GPTBot/1.4; +https://openai.com/gptbot)"
74.7.243.247 - - [13/Sep/2026:17:19:15 +0300] "GET /?sale/search/detail/?ITMCODE=52008684445 HTTP/2.0" 200 31681 "https://keliauk-uk.lt.testams.vhost.lt/?sitemap-product.xml" "Mozilla/5.0 AppleWebKit/537.36 (KHTML, like Gecko; compatible; GPTBot/1.4; +https://openai.com/gptbot)"
74.7.243.247 - - [13/Sep/2026:17:19:16 +0300] "GET /?sale/search/detail/?ITMCODE=51969990453 HTTP/2.0" 200 31681 "https://keliauk-uk.lt.testams.vhost.lt/?sitemap-product.xml" "Mozilla/5.0 AppleWebKit/537.36 (KHTML, like Gecko; compatible; GPTBot/1.4; +https://openai.com/gptbot)"
