66.249.79.1 - - [13/Sep/2026:15:44:41 +0300] "GET /index.php/zinynas-keliaujantiems?sale/search/detail/?ITMCODE=5195286425 HTTP/1.1" 200 221607 "-" "Mozilla/5.0 (Linux; Android 6.0.1; Nexus 5X Build/MMB29P) AppleWebKit/537.36 (KHTML, like Gecko) Chrome/152.0.7977.82 Mobile Safari/537.36 (compatible; Googlebot/2.1; +http://www.google.com/bot.html)"
85.208.96.212 - - [13/Sep/2026:15:44:42 +0300] "GET /?sale%2Fsearch%2Fdetail%2F%3FITMCODE=519956488202 HTTP/1.1" 200 31562 "-" "Mozilla/5.0 (compatible; SemrushBot/7~bl; +http://www.semrush.com/bot.html)"
66.249.79.1 - - [13/Sep/2026:15:44:42 +0300] "GET /index.php/zinynas-keliaujantiems?sale/search/detail/?ITMCODE=51992245465 HTTP/1.1" 200 206781 "-" "Mozilla/5.0 (Linux; Android 6.0.1; Nexus 5X Build/MMB29P) AppleWebKit/537.36 (KHTML, like Gecko) Chrome/152.0.7977.82 Mobile Safari/537.36 (compatible; Googlebot/2.1; +http://www.google.com/bot.html)"
66.249.79.1 - - [13/Sep/2026:15:44:43 +0300] "GET /?sale/search/detail/?ITMCODE=51971167523 HTTP/1.1" 200 201467 "-" "Mozilla/5.0 (Linux; Android 6.0.1; Nexus 5X Build/MMB29P) AppleWebKit/537.36 (KHTML, like Gecko) Chrome/152.0.7977.82 Mobile Safari/537.36 (compatible; Googlebot/2.1; +http://www.google.com/bot.html)"
66.249.79.1 - - [13/Sep/2026:15:44:43 +0300] "GET /index.php/zinynas-keliaujantiems?sale/search/detail/?ITMCODE=51981592890 HTTP/1.1" 200 201798 "-" "Mozilla/5.0 (Linux; Android 6.0.1; Nexus 5X Build/MMB29P) AppleWebKit/537.36 (KHTML, like Gecko) Chrome/152.0.7977.82 Mobile Safari/537.36 (compatible; Googlebot/2.1; +http://www.google.com/bot.html)"
66.249.79.1 - - [13/Sep/2026:15:44:44 +0300] "GET /index.php/zinynas-keliaujantiems?sale/search/detail/?ITMCODE=5195412505 HTTP/1.1" 200 206764 "-" "Mozilla/5.0 (Linux; Android 6.0.1; Nexus 5X Build/MMB29P) AppleWebKit/537.36 (KHTML, like Gecko) Chrome/152.0.7977.82 Mobile Safari/537.36 (compatible; Googlebot/2.1; +http://www.google.com/bot.html)"
66.249.79.1 - - [13/Sep/2026:15:44:44 +0300] "GET /index.php/zinynas-keliaujantiems?sale/search/detail/?ITMCODE=51992287711 HTTP/1.1" 200 208136 "-" "Mozilla/5.0 (Linux; Android 6.0.1; Nexus 5X Build/MMB29P) AppleWebKit/537.36 (KHTML, like Gecko) Chrome/152.0.7977.82 Mobile Safari/537.36 (compatible; Googlebot/2.1; +http://www.google.com/bot.html)"
66.249.79.1 - - [13/Sep/2026:15:44:48 +0300] "GET /index.php/zinynas-keliaujantiems?sale/search/detail/?ITMCODE=51992442293 HTTP/1.1" 200 225972 "-" "Mozilla/5.0 (Linux; Android 6.0.1; Nexus 5X Build/MMB29P) AppleWebKit/537.36 (KHTML, like Gecko) Chrome/152.0.7977.82 Mobile Safari/537.36 (compatible; Googlebot/2.1; +http://www.google.com/bot.html)"
66.249.79.2 - - [13/Sep/2026:15:44:52 +0300] "GET /index.php/zinynas-keliaujantiems?sale/search/detail/?ITMCODE=51981696280 HTTP/1.1" 200 206911 "-" "Mozilla/5.0 (Linux; Android 6.0.1; Nexus 5X Build/MMB29P) AppleWebKit/537.36 (KHTML, like Gecko) Chrome/152.0.7977.82 Mobile Safari/537.36 (compatible; Googlebot/2.1; +http://www.google.com/bot.html)"
66.249.79.3 - - [13/Sep/2026:15:44:53 +0300] "GET /index.php/zinynas-keliaujantiems?sale/search/detail/?ITMCODE=52002762535 HTTP/1.1" 200 210838 "-" "Mozilla/5.0 (Linux; Android 6.0.1; Nexus 5X Build/MMB29P) AppleWebKit/537.36 (KHTML, like Gecko) Chrome/152.0.7977.82 Mobile Safari/537.36 (compatible; Googlebot/2.1; +http://www.google.com/bot.html)"
66.249.79.3 - - [13/Sep/2026:15:44:55 +0300] "GET /index.php/zinynas-keliaujantiems?sale/search/detail/?ITMCODE=5196642215 HTTP/1.1" 200 211166 "-" "Mozilla/5.0 (Linux; Android 6.0.1; Nexus 5X Build/MMB29P) AppleWebKit/537.36 (KHTML, like Gecko) Chrome/152.0.7977.82 Mobile Safari/537.36 (compatible; Googlebot/2.1; +http://www.google.com/bot.html)"
66.249.79.2 - - [13/Sep/2026:15:44:56 +0300] "GET /index.php/zinynas-keliaujantiems?sale/search/detail/?ITMCODE=5195414304 HTTP/1.1" 200 218721 "-" "Mozilla/5.0 (Linux; Android 6.0.1; Nexus 5X Build/MMB29P) AppleWebKit/537.36 (KHTML, like Gecko) Chrome/152.0.7977.82 Mobile Safari/537.36 (compatible; Googlebot/2.1; +http://www.google.com/bot.html)"
66.249.79.3 - - [13/Sep/2026:15:44:58 +0300] "GET /index.php/zinynas-keliaujantiems?sale/search/detail/?ITMCODE=52002709832 HTTP/1.1" 200 216243 "-" "Mozilla/5.0 (Linux; Android 6.0.1; Nexus 5X Build/MMB29P) AppleWebKit/537.36 (KHTML, like Gecko) Chrome/152.0.7977.82 Mobile Safari/537.36 (compatible; Googlebot/2.1; +http://www.google.com/bot.html)"
66.249.79.1 - - [13/Sep/2026:15:44:59 +0300] "GET /index.php/zinynas-keliaujantiems?sale/search/detail/?ITMCODE=51971438499 HTTP/1.1" 200 203631 "-" "Mozilla/5.0 (Linux; Android 6.0.1; Nexus 5X Build/MMB29P) AppleWebKit/537.36 (KHTML, like Gecko) Chrome/152.0.7977.82 Mobile Safari/537.36 (compatible; Googlebot/2.1; +http://www.google.com/bot.html)"
40.77.167.18 - - [13/Sep/2026:15:44:59 +0300] "GET /?sitemap-442.xml HTTP/2.0" 200 202970 "-" "Mozilla/5.0 AppleWebKit/537.36 (KHTML, like Gecko; compatible; bingbot/2.0; +http://www.bing.com/bingbot.htm) Chrome/116.0.1938.76 Safari/537.36"
66.249.79.1 - - [13/Sep/2026:15:45:08 +0300] "GET /index.php/zinynas-keliaujantiems?sale/search/detail/?ITMCODE=51992111522 HTTP/1.1" 200 219122 "-" "Mozilla/5.0 (Linux; Android 6.0.1; Nexus 5X Build/MMB29P) AppleWebKit/537.36 (KHTML, like Gecko) Chrome/152.0.7977.82 Mobile Safari/537.36 (compatible; Googlebot/2.1; +http://www.google.com/bot.html)"
66.249.79.1 - - [13/Sep/2026:15:45:11 +0300] "GET /index.php/zinynas-keliaujantiems?sale/search/detail/?ITMCODE=51971217855 HTTP/1.1" 200 206138 "-" "Mozilla/5.0 (Linux; Android 6.0.1; Nexus 5X Build/MMB29P) AppleWebKit/537.36 (KHTML, like Gecko) Chrome/152.0.7977.82 Mobile Safari/537.36 (compatible; Googlebot/2.1; +http://www.google.com/bot.html)"
66.249.79.2 - - [13/Sep/2026:15:45:11 +0300] "GET /index.php/zinynas-keliaujantiems?sale/search/detail/?ITMCODE=5196702840 HTTP/1.1" 200 204100 "-" "Mozilla/5.0 (Linux; Android 6.0.1; Nexus 5X Build/MMB29P) AppleWebKit/537.36 (KHTML, like Gecko) Chrome/152.0.7977.82 Mobile Safari/537.36 (compatible; Googlebot/2.1; +http://www.google.com/bot.html)"
66.249.79.1 - - [13/Sep/2026:15:45:12 +0300] "GET /sale/search/detail/?ITMCODE=5196828828 HTTP/1.1" 200 206411 "-" "Mozilla/5.0 (Linux; Android 6.0.1; Nexus 5X Build/MMB29P) AppleWebKit/537.36 (KHTML, like Gecko) Chrome/152.0.7977.82 Mobile Safari/537.36 (compatible; Googlebot/2.1; +http://www.google.com/bot.html)"
66.249.79.1 - - [13/Sep/2026:15:45:13 +0300] "GET /index.php/zinynas-keliaujantiems?sale/search/detail/?ITMCODE=52002785326 HTTP/1.1" 200 218970 "-" "Mozilla/5.0 (Linux; Android 6.0.1; Nexus 5X Build/MMB29P) AppleWebKit/537.36 (KHTML, like Gecko) Chrome/152.0.7977.82 Mobile Safari/537.36 (compatible; Googlebot/2.1; +http://www.google.com/bot.html)"
66.249.79.1 - - [13/Sep/2026:15:45:17 +0300] "GET /index.php/zinynas-keliaujantiems?sale/search/detail/?ITMCODE=51981814951 HTTP/1.1" 200 204553 "-" "Mozilla/5.0 (Linux; Android 6.0.1; Nexus 5X Build/MMB29P) AppleWebKit/537.36 (KHTML, like Gecko) Chrome/152.0.7977.82 Mobile Safari/537.36 (compatible; Googlebot/2.1; +http://www.google.com/bot.html)"
66.249.79.2 - - [13/Sep/2026:15:45:18 +0300] "GET /shop/customer/bookmark.php?sale/search/detail/?ITMCODE=5195453815 HTTP/1.1" 200 218702 "-" "Mozilla/5.0 (Linux; Android 6.0.1; Nexus 5X Build/MMB29P) AppleWebKit/537.36 (KHTML, like Gecko) Chrome/152.0.7977.82 Mobile Safari/537.36 (compatible; Googlebot/2.1; +http://www.google.com/bot.html)"
66.249.79.2 - - [13/Sep/2026:15:45:19 +0300] "GET /?sale/search/detail/?ITMCODE=51981664104 HTTP/1.1" 200 212552 "-" "Mozilla/5.0 (Linux; Android 6.0.1; Nexus 5X Build/MMB29P) AppleWebKit/537.36 (KHTML, like Gecko) Chrome/152.0.7977.82 Mobile Safari/537.36 (compatible; Googlebot/2.1; +http://www.google.com/bot.html)"
66.249.79.2 - - [13/Sep/2026:15:45:20 +0300] "GET /index.php/zinynas-keliaujantiems?sale/search/detail/?ITMCODE=5196695420 HTTP/1.1" 200 209539 "-" "Mozilla/5.0 (Linux; Android 6.0.1; Nexus 5X Build/MMB29P) AppleWebKit/537.36 (KHTML, like Gecko) Chrome/152.0.7977.82 Mobile Safari/537.36 (compatible; Googlebot/2.1; +http://www.google.com/bot.html)"
66.249.79.2 - - [13/Sep/2026:15:45:22 +0300] "GET /index.php/zinynas-keliaujantiems?sale/search/detail/?ITMCODE=52002923044 HTTP/1.1" 200 214913 "-" "Mozilla/5.0 (Linux; Android 6.0.1; Nexus 5X Build/MMB29P) AppleWebKit/537.36 (KHTML, like Gecko) Chrome/152.0.7977.82 Mobile Safari/537.36 (compatible; Googlebot/2.1; +http://www.google.com/bot.html)"
66.249.79.2 - - [13/Sep/2026:15:45:23 +0300] "GET /index.php/zinynas-keliaujantiems?sale/search/detail/?ITMCODE=5196845955 HTTP/1.1" 200 207382 "-" "Mozilla/5.0 (Linux; Android 6.0.1; Nexus 5X Build/MMB29P) AppleWebKit/537.36 (KHTML, like Gecko) Chrome/152.0.7977.82 Mobile Safari/537.36 (compatible; Googlebot/2.1; +http://www.google.com/bot.html)"
66.249.79.2 - - [13/Sep/2026:15:45:23 +0300] "GET /index.php/zinynas-keliaujantiems?sale/search/detail/?ITMCODE=51971172524 HTTP/1.1" 200 199877 "-" "Mozilla/5.0 (Linux; Android 6.0.1; Nexus 5X Build/MMB29P) AppleWebKit/537.36 (KHTML, like Gecko) Chrome/152.0.7977.82 Mobile Safari/537.36 (compatible; Googlebot/2.1; +http://www.google.com/bot.html)"
66.249.79.2 - - [13/Sep/2026:15:45:24 +0300] "GET /index.php/zinynas-keliaujantiems?sale/search/detail/?ITMCODE=51992365772 HTTP/1.1" 200 214610 "-" "Mozilla/5.0 (Linux; Android 6.0.1; Nexus 5X Build/MMB29P) AppleWebKit/537.36 (KHTML, like Gecko) Chrome/152.0.7977.82 Mobile Safari/537.36 (compatible; Googlebot/2.1; +http://www.google.com/bot.html)"
66.249.79.1 - - [13/Sep/2026:15:45:25 +0300] "GET /index.php/zinynas-keliaujantiems?sale/search/detail/?ITMCODE=51971257666 HTTP/1.1" 200 202165 "-" "Mozilla/5.0 (Linux; Android 6.0.1; Nexus 5X Build/MMB29P) AppleWebKit/537.36 (KHTML, like Gecko) Chrome/152.0.7977.82 Mobile Safari/537.36 (compatible; Googlebot/2.1; +http://www.google.com/bot.html)"
66.249.79.3 - - [13/Sep/2026:15:45:33 +0300] "GET /index.php/zinynas-keliaujantiems?sale/search/detail/?ITMCODE=5195187563 HTTP/1.1" 200 208599 "-" "Mozilla/5.0 (Linux; Android 6.0.1; Nexus 5X Build/MMB29P) AppleWebKit/537.36 (KHTML, like Gecko) Chrome/152.0.7977.82 Mobile Safari/537.36 (compatible; Googlebot/2.1; +http://www.google.com/bot.html)"
66.249.79.3 - - [13/Sep/2026:15:45:34 +0300] "GET /shop/pg/51992087796 HTTP/1.1" 200 219667 "-" "Mozilla/5.0 (Linux; Android 6.0.1; Nexus 5X Build/MMB29P) AppleWebKit/537.36 (KHTML, like Gecko) Chrome/152.0.7977.82 Mobile Safari/537.36 (compatible; Googlebot/2.1; +http://www.google.com/bot.html)"
66.249.79.2 - - [13/Sep/2026:15:45:37 +0300] "GET /index.php/zinynas-keliaujantiems?sale/search/detail/?ITMCODE=51971233522 HTTP/1.1" 200 203817 "-" "Mozilla/5.0 (Linux; Android 6.0.1; Nexus 5X Build/MMB29P) AppleWebKit/537.36 (KHTML, like Gecko) Chrome/152.0.7977.82 Mobile Safari/537.36 (compatible; Googlebot/2.1; +http://www.google.com/bot.html)"
114.119.137.116 - - [13/Sep/2026:15:45:48 +0300] "GET /?sale/search/detail/%3FITMCODE=51977261400 HTTP/1.1" 200 31589 "https://www.keliauk-uk.lt/?sitemap-shopdetail.xml" "Mozilla/5.0 (Linux; Android 7.0;) AppleWebKit/537.36 (HTML, like Gecko) Mobile Safari/537.36 (compatible; PetalBot;+https://webmaster.petalsearch.com/site/petalbot)"
185.191.171.14 - - [13/Sep/2026:15:46:05 +0300] "GET /?sale%2Fsearch%2Fdetail%2F%3FITMCODE=519554388262 HTTP/1.1" 200 31562 "-" "Mozilla/5.0 (compatible; SemrushBot/7~bl; +http://www.semrush.com/bot.html)"
66.249.79.1 - - [13/Sep/2026:15:46:07 +0300] "GET /?sale/search/detail/?ITMCODE=5196997043 HTTP/1.1" 200 203388 "-" "Mozilla/5.0 (Linux; Android 6.0.1; Nexus 5X Build/MMB29P) AppleWebKit/537.36 (KHTML, like Gecko) Chrome/152.0.7977.82 Mobile Safari/537.36 (compatible; Googlebot/2.1; +http://www.google.com/bot.html)"
66.249.79.2 - - [13/Sep/2026:15:46:09 +0300] "GET /index.php/zinynas-keliaujantiems?sale/search/detail/?ITMCODE=51981952337 HTTP/1.1" 200 212262 "-" "Mozilla/5.0 (Linux; Android 6.0.1; Nexus 5X Build/MMB29P) AppleWebKit/537.36 (KHTML, like Gecko) Chrome/152.0.7977.82 Mobile Safari/537.36 (compatible; Googlebot/2.1; +http://www.google.com/bot.html)"
66.249.79.2 - - [13/Sep/2026:15:46:13 +0300] "GET /index.php/zinynas-keliaujantiems?sale/search/detail/?ITMCODE=51971270259 HTTP/1.1" 200 208472 "-" "Mozilla/5.0 (Linux; Android 6.0.1; Nexus 5X Build/MMB29P) AppleWebKit/537.36 (KHTML, like Gecko) Chrome/152.0.7977.82 Mobile Safari/537.36 (compatible; Googlebot/2.1; +http://www.google.com/bot.html)"
66.249.79.1 - - [13/Sep/2026:15:46:20 +0300] "GET /index.php/zinynas-keliaujantiems?sale/search/detail/?ITMCODE=5196978538 HTTP/1.1" 200 214006 "-" "Mozilla/5.0 (Linux; Android 6.0.1; Nexus 5X Build/MMB29P) AppleWebKit/537.36 (KHTML, like Gecko) Chrome/152.0.7977.82 Mobile Safari/537.36 (compatible; Googlebot/2.1; +http://www.google.com/bot.html)"
66.249.79.1 - - [13/Sep/2026:15:46:21 +0300] "GET /index.php/zinynas-keliaujantiems?sale/search/detail/?ITMCODE=51971031925 HTTP/1.1" 200 203929 "-" "Mozilla/5.0 (Linux; Android 6.0.1; Nexus 5X Build/MMB29P) AppleWebKit/537.36 (KHTML, like Gecko) Chrome/152.0.7977.82 Mobile Safari/537.36 (compatible; Googlebot/2.1; +http://www.google.com/bot.html)"
66.249.79.1 - - [13/Sep/2026:15:46:23 +0300] "GET /index.php/zinynas-keliaujantiems?sale/search/detail/?ITMCODE=52002801895 HTTP/1.1" 200 220789 "-" "Mozilla/5.0 (Linux; Android 6.0.1; Nexus 5X Build/MMB29P) AppleWebKit/537.36 (KHTML, like Gecko) Chrome/152.0.7977.82 Mobile Safari/537.36 (compatible; Googlebot/2.1; +http://www.google.com/bot.html)"
216.81.248.147 - - [13/Sep/2026:15:46:23 +0300] "GET /.git/config HTTP/1.1" 404 1443 "-" "Mozilla/5.0 (X11; FreeBSD amd64; rv:54.0) Gecko/20100101 Firefox/54.0"
185.191.171.11 - - [13/Sep/2026:15:46:24 +0300] "GET /?sale%2Fsearch%2Fdetail%2F%3FITMCODE=519888776804 HTTP/1.1" 200 31562 "-" "Mozilla/5.0 (compatible; SemrushBot/7~bl; +http://www.semrush.com/bot.html)"
66.249.79.2 - - [13/Sep/2026:15:46:27 +0300] "GET /index.php/zinynas-keliaujantiems?sale/search/detail/?ITMCODE=5196547494 HTTP/1.1" 200 220599 "-" "Mozilla/5.0 (Linux; Android 6.0.1; Nexus 5X Build/MMB29P) AppleWebKit/537.36 (KHTML, like Gecko) Chrome/152.0.7977.82 Mobile Safari/537.36 (compatible; Googlebot/2.1; +http://www.google.com/bot.html)"
66.249.79.2 - - [13/Sep/2026:15:46:27 +0300] "GET /?sale/search/detail/?ITMCODE=52002707157 HTTP/1.1" 200 195479 "-" "Mozilla/5.0 (Linux; Android 6.0.1; Nexus 5X Build/MMB29P) AppleWebKit/537.36 (KHTML, like Gecko) Chrome/152.0.7977.82 Mobile Safari/537.36 (compatible; Googlebot/2.1; +http://www.google.com/bot.html)"
66.249.79.2 - - [13/Sep/2026:15:46:29 +0300] "GET /index.php/zinynas-keliaujantiems?sale/search/detail/?ITMCODE=51992077596 HTTP/1.1" 200 207487 "-" "Mozilla/5.0 (Linux; Android 6.0.1; Nexus 5X Build/MMB29P) AppleWebKit/537.36 (KHTML, like Gecko) Chrome/152.0.7977.82 Mobile Safari/537.36 (compatible; Googlebot/2.1; +http://www.google.com/bot.html)"
66.249.79.2 - - [13/Sep/2026:15:46:30 +0300] "GET /index.php/zinynas-keliaujantiems?sale/search/detail/?ITMCODE=52002752193 HTTP/1.1" 200 216044 "-" "Mozilla/5.0 (Linux; Android 6.0.1; Nexus 5X Build/MMB29P) AppleWebKit/537.36 (KHTML, like Gecko) Chrome/152.0.7977.82 Mobile Safari/537.36 (compatible; Googlebot/2.1; +http://www.google.com/bot.html)"
66.249.79.2 - - [13/Sep/2026:15:46:36 +0300] "GET /index.php/zinynas-keliaujantiems?sale/search/detail/?ITMCODE=51992029610 HTTP/1.1" 200 209710 "-" "Mozilla/5.0 (Linux; Android 6.0.1; Nexus 5X Build/MMB29P) AppleWebKit/537.36 (KHTML, like Gecko) Chrome/152.0.7977.82 Mobile Safari/537.36 (compatible; Googlebot/2.1; +http://www.google.com/bot.html)"
66.249.79.1 - - [13/Sep/2026:15:46:39 +0300] "GET /index.php/zinynas-keliaujantiems?sale/search/detail/?ITMCODE=51992417365 HTTP/1.1" 200 231850 "-" "Mozilla/5.0 (Linux; Android 6.0.1; Nexus 5X Build/MMB29P) AppleWebKit/537.36 (KHTML, like Gecko) Chrome/152.0.7977.82 Mobile Safari/537.36 (compatible; Googlebot/2.1; +http://www.google.com/bot.html)"
66.249.79.3 - - [13/Sep/2026:15:46:41 +0300] "GET /index.php/zinynas-keliaujantiems?sale/search/detail/?ITMCODE=51971417762 HTTP/1.1" 200 218997 "-" "Mozilla/5.0 (Linux; Android 6.0.1; Nexus 5X Build/MMB29P) AppleWebKit/537.36 (KHTML, like Gecko) Chrome/152.0.7977.82 Mobile Safari/537.36 (compatible; Googlebot/2.1; +http://www.google.com/bot.html)"
66.249.79.1 - - [13/Sep/2026:15:46:47 +0300] "GET /index.php/zinynas-keliaujantiems?sale/search/detail/?ITMCODE=5196966094 HTTP/1.1" 200 220008 "-" "Mozilla/5.0 (Linux; Android 6.0.1; Nexus 5X Build/MMB29P) AppleWebKit/537.36 (KHTML, like Gecko) Chrome/152.0.7977.82 Mobile Safari/537.36 (compatible; Googlebot/2.1; +http://www.google.com/bot.html)"
66.249.79.3 - - [13/Sep/2026:15:46:56 +0300] "GET /?sale/search/detail/?ITMCODE=51971117242 HTTP/1.1" 200 195455 "-" "Mozilla/5.0 (Linux; Android 6.0.1; Nexus 5X Build/MMB29P) AppleWebKit/537.36 (KHTML, like Gecko) Chrome/152.0.7977.82 Mobile Safari/537.36 (compatible; Googlebot/2.1; +http://www.google.com/bot.html)"
66.249.79.3 - - [13/Sep/2026:15:46:58 +0300] "GET /index.php/zinynas-keliaujantiems?sale/search/detail/?ITMCODE=5195484824 HTTP/1.1" 200 210350 "-" "Mozilla/5.0 (Linux; Android 6.0.1; Nexus 5X Build/MMB29P) AppleWebKit/537.36 (KHTML, like Gecko) Chrome/152.0.7977.82 Mobile Safari/537.36 (compatible; Googlebot/2.1; +http://www.google.com/bot.html)"
66.249.79.3 - - [13/Sep/2026:15:46:59 +0300] "GET /?sale/search/detail/?ITMCODE=5195186516 HTTP/1.1" 200 197991 "-" "Mozilla/5.0 (Linux; Android 6.0.1; Nexus 5X Build/MMB29P) AppleWebKit/537.36 (KHTML, like Gecko) Chrome/152.0.7977.82 Mobile Safari/537.36 (compatible; Googlebot/2.1; +http://www.google.com/bot.html)"
66.249.79.2 - - [13/Sep/2026:15:47:01 +0300] "GET /index.php/zinynas-keliaujantiems?sale/search/detail/?ITMCODE=519558932 HTTP/1.1" 200 219691 "-" "Mozilla/5.0 (Linux; Android 6.0.1; Nexus 5X Build/MMB29P) AppleWebKit/537.36 (KHTML, like Gecko) Chrome/152.0.7977.82 Mobile Safari/537.36 (compatible; Googlebot/2.1; +http://www.google.com/bot.html)"
66.249.79.2 - - [13/Sep/2026:15:47:05 +0300] "GET /index.php/zinynas-keliaujantiems?sale/search/detail/?ITMCODE=51971105554 HTTP/1.1" 200 204186 "-" "Mozilla/5.0 (Linux; Android 6.0.1; Nexus 5X Build/MMB29P) AppleWebKit/537.36 (KHTML, like Gecko) Chrome/152.0.7977.82 Mobile Safari/537.36 (compatible; Googlebot/2.1; +http://www.google.com/bot.html)"
66.249.79.2 - - [13/Sep/2026:15:47:06 +0300] "GET /index.php/zinynas-keliaujantiems?sale/search/detail/?ITMCODE=5196792572 HTTP/1.1" 200 203841 "-" "Mozilla/5.0 (Linux; Android 6.0.1; Nexus 5X Build/MMB29P) AppleWebKit/537.36 (KHTML, like Gecko) Chrome/152.0.7977.82 Mobile Safari/537.36 (compatible; Googlebot/2.1; +http://www.google.com/bot.html)"
66.249.79.2 - - [13/Sep/2026:15:47:07 +0300] "GET /index.php/zinynas-keliaujantiems?sale/search/detail/?ITMCODE=52002565983 HTTP/1.1" 200 203720 "-" "Mozilla/5.0 (Linux; Android 6.0.1; Nexus 5X Build/MMB29P) AppleWebKit/537.36 (KHTML, like Gecko) Chrome/152.0.7977.82 Mobile Safari/537.36 (compatible; Googlebot/2.1; +http://www.google.com/bot.html)"
66.249.79.3 - - [13/Sep/2026:15:47:11 +0300] "GET /index.php/zinynas-keliaujantiems?sale/search/detail/?ITMCODE=51971174466 HTTP/1.1" 200 217236 "-" "Mozilla/5.0 (Linux; Android 6.0.1; Nexus 5X Build/MMB29P) AppleWebKit/537.36 (KHTML, like Gecko) Chrome/152.0.7977.82 Mobile Safari/537.36 (compatible; Googlebot/2.1; +http://www.google.com/bot.html)"
114.119.154.166 - - [13/Sep/2026:15:47:12 +0300] "GET /?sale/search/detail/%3FITMCODE=51977260472 HTTP/1.1" 200 31590 "https://www.keliauk-uk.lt/?sitemap-items.xml" "Mozilla/5.0 (Linux; Android 7.0;) AppleWebKit/537.36 (HTML, like Gecko) Mobile Safari/537.36 (compatible; PetalBot;+https://webmaster.petalsearch.com/site/petalbot)"
66.249.79.2 - - [13/Sep/2026:15:47:13 +0300] "GET /index.php/zinynas-keliaujantiems?sale/search/detail/?ITMCODE=51992340060 HTTP/1.1" 200 206321 "-" "Mozilla/5.0 (Linux; Android 6.0.1; Nexus 5X Build/MMB29P) AppleWebKit/537.36 (KHTML, like Gecko) Chrome/152.0.7977.82 Mobile Safari/537.36 (compatible; Googlebot/2.1; +http://www.google.com/bot.html)"
66.249.79.1 - - [13/Sep/2026:15:47:15 +0300] "GET /?sale/search/detail/?ITMCODE=51992104670 HTTP/1.1" 200 196946 "-" "Mozilla/5.0 (Linux; Android 6.0.1; Nexus 5X Build/MMB29P) AppleWebKit/537.36 (KHTML, like Gecko) Chrome/152.0.7977.82 Mobile Safari/537.36 (compatible; Googlebot/2.1; +http://www.google.com/bot.html)"
66.249.79.1 - - [13/Sep/2026:15:47:21 +0300] "GET /index.php/zinynas-keliaujantiems?sale/search/detail/?ITMCODE=5195353023 HTTP/1.1" 200 209081 "-" "Mozilla/5.0 (Linux; Android 6.0.1; Nexus 5X Build/MMB29P) AppleWebKit/537.36 (KHTML, like Gecko) Chrome/152.0.7977.82 Mobile Safari/537.36 (compatible; Googlebot/2.1; +http://www.google.com/bot.html)"
40.77.167.25 - - [13/Sep/2026:15:47:23 +0300] "GET /?sale/search/detail/?ITMCODE=519734250055 HTTP/2.0" 200 207290 "-" "Mozilla/5.0 AppleWebKit/537.36 (KHTML, like Gecko; compatible; bingbot/2.0; +http://www.bing.com/bingbot.htm) Chrome/116.0.1938.76 Safari/537.36"
66.249.79.1 - - [13/Sep/2026:15:47:25 +0300] "GET /index.php/zinynas-keliaujantiems?sale/search/detail/?ITMCODE=51992109411 HTTP/1.1" 200 201925 "-" "Mozilla/5.0 (Linux; Android 6.0.1; Nexus 5X Build/MMB29P) AppleWebKit/537.36 (KHTML, like Gecko) Chrome/152.0.7977.82 Mobile Safari/537.36 (compatible; Googlebot/2.1; +http://www.google.com/bot.html)"
66.249.79.1 - - [13/Sep/2026:15:47:26 +0300] "GET /?sale/search/detail/?ITMCODE=5195411809 HTTP/1.1" 200 198303 "-" "Mozilla/5.0 (Linux; Android 6.0.1; Nexus 5X Build/MMB29P) AppleWebKit/537.36 (KHTML, like Gecko) Chrome/152.0.7977.82 Mobile Safari/537.36 (compatible; Googlebot/2.1; +http://www.google.com/bot.html)"
66.249.79.1 - - [13/Sep/2026:15:47:29 +0300] "GET /index.php/zinynas-keliaujantiems?sale/search/detail/?ITMCODE=51971012094 HTTP/1.1" 200 211320 "-" "Mozilla/5.0 (Linux; Android 6.0.1; Nexus 5X Build/MMB29P) AppleWebKit/537.36 (KHTML, like Gecko) Chrome/152.0.7977.82 Mobile Safari/537.36 (compatible; Googlebot/2.1; +http://www.google.com/bot.html)"
185.191.171.5 - - [13/Sep/2026:15:47:32 +0300] "GET /?sale%2Fsearch%2Fdetail%2F%3FITMCODE=51953015255 HTTP/1.1" 200 31562 "-" "Mozilla/5.0 (compatible; SemrushBot/7~bl; +http://www.semrush.com/bot.html)"
66.249.79.2 - - [13/Sep/2026:15:47:34 +0300] "GET /index.php/zinynas-keliaujantiems?sale/search/detail/?ITMCODE=51981829557 HTTP/1.1" 200 203282 "-" "Mozilla/5.0 (Linux; Android 6.0.1; Nexus 5X Build/MMB29P) AppleWebKit/537.36 (KHTML, like Gecko) Chrome/152.0.7977.82 Mobile Safari/537.36 (compatible; Googlebot/2.1; +http://www.google.com/bot.html)"
66.249.79.2 - - [13/Sep/2026:15:47:37 +0300] "GET /index.php/zinynas-keliaujantiems?sale/search/detail/?ITMCODE=51971367779 HTTP/1.1" 200 206887 "-" "Mozilla/5.0 (Linux; Android 6.0.1; Nexus 5X Build/MMB29P) AppleWebKit/537.36 (KHTML, like Gecko) Chrome/152.0.7977.82 Mobile Safari/537.36 (compatible; Googlebot/2.1; +http://www.google.com/bot.html)"
66.249.79.2 - - [13/Sep/2026:15:47:41 +0300] "GET /index.php/zinynas-keliaujantiems?sale/search/detail/?ITMCODE=52002780360 HTTP/1.1" 200 213973 "-" "Mozilla/5.0 (Linux; Android 6.0.1; Nexus 5X Build/MMB29P) AppleWebKit/537.36 (KHTML, like Gecko) Chrome/152.0.7977.82 Mobile Safari/537.36 (compatible; Googlebot/2.1; +http://www.google.com/bot.html)"
66.249.79.1 - - [13/Sep/2026:15:47:44 +0300] "GET /?sale/search/detail/?ITMCODE=5195189139 HTTP/1.1" 200 209415 "-" "Mozilla/5.0 (Linux; Android 6.0.1; Nexus 5X Build/MMB29P) AppleWebKit/537.36 (KHTML, like Gecko) Chrome/152.0.7977.82 Mobile Safari/537.36 (compatible; Googlebot/2.1; +http://www.google.com/bot.html)"
85.208.96.195 - - [13/Sep/2026:15:47:45 +0300] "GET /?sale%2Fsearch%2Fdetail%2F%3FITMCODE=519935464033 HTTP/1.1" 200 31563 "-" "Mozilla/5.0 (compatible; SemrushBot/7~bl; +http://www.semrush.com/bot.html)"
66.249.79.1 - - [13/Sep/2026:15:47:45 +0300] "GET /index.php/zinynas-keliaujantiems?sale/search/detail/?ITMCODE=52002979741 HTTP/1.1" 200 205749 "-" "Mozilla/5.0 (Linux; Android 6.0.1; Nexus 5X Build/MMB29P) AppleWebKit/537.36 (KHTML, like Gecko) Chrome/152.0.7977.82 Mobile Safari/537.36 (compatible; Googlebot/2.1; +http://www.google.com/bot.html)"
66.249.79.1 - - [13/Sep/2026:15:47:58 +0300] "GET /?sale/search/detail/?ITMCODE=52002501874 HTTP/1.1" 200 216422 "-" "Mozilla/5.0 (Linux; Android 6.0.1; Nexus 5X Build/MMB29P) AppleWebKit/537.36 (KHTML, like Gecko) Chrome/152.0.7977.82 Mobile Safari/537.36 (compatible; Googlebot/2.1; +http://www.google.com/bot.html)"
66.249.79.2 - - [13/Sep/2026:15:48:00 +0300] "GET /sale/search/detail/?ITMCODE=5196787702 HTTP/1.1" 200 201941 "-" "Mozilla/5.0 (Linux; Android 6.0.1; Nexus 5X Build/MMB29P) AppleWebKit/537.36 (KHTML, like Gecko) Chrome/152.0.7977.82 Mobile Safari/537.36 (compatible; Googlebot/2.1; +http://www.google.com/bot.html)"
66.249.79.2 - - [13/Sep/2026:15:48:01 +0300] "GET /index.php/zinynas-keliaujantiems?sale/search/detail/?ITMCODE=5196607521 HTTP/1.1" 200 206046 "-" "Mozilla/5.0 (Linux; Android 6.0.1; Nexus 5X Build/MMB29P) AppleWebKit/537.36 (KHTML, like Gecko) Chrome/152.0.7977.82 Mobile Safari/537.36 (compatible; Googlebot/2.1; +http://www.google.com/bot.html)"
66.249.79.1 - - [13/Sep/2026:15:48:05 +0300] "GET /index.php/zinynas-keliaujantiems?sale/search/detail/?ITMCODE=51981802634 HTTP/1.1" 200 219114 "-" "Mozilla/5.0 (Linux; Android 6.0.1; Nexus 5X Build/MMB29P) AppleWebKit/537.36 (KHTML, like Gecko) Chrome/152.0.7977.82 Mobile Safari/537.36 (compatible; Googlebot/2.1; +http://www.google.com/bot.html)"
66.249.79.2 - - [13/Sep/2026:15:48:08 +0300] "GET /?sale/search/detail/?ITMCODE=5195338155 HTTP/1.1" 200 193936 "-" "Mozilla/5.0 (Linux; Android 6.0.1; Nexus 5X Build/MMB29P) AppleWebKit/537.36 (KHTML, like Gecko) Chrome/152.0.7977.82 Mobile Safari/537.36 (compatible; Googlebot/2.1; +http://www.google.com/bot.html)"
57.141.20.59 - - [13/Sep/2026:15:48:09 +0300] "GET /index.php/component/search/?sale/search/detail/?ITMCODE=52002963571&id=1&Itemid=437&format=opensearch HTTP/2.0" 200 584 "-" "Mozilla/5.0 (X11; Linux x86_64) AppleWebKit/537.36 (KHTML, like Gecko) Chrome/145.0.0.0 Safari/537.36 (compatible; meta-externalagent/1.1 (+https://developers.facebook.com/docs/sharing/webmasters/crawler))"
85.208.96.208 - - [13/Sep/2026:15:48:13 +0300] "GET /?sale%2Fsearch%2Fdetail%2F%3FITMCODE=519596400989 HTTP/1.1" 200 31563 "-" "Mozilla/5.0 (compatible; SemrushBot/7~bl; +http://www.semrush.com/bot.html)"
85.208.96.195 - - [13/Sep/2026:15:48:15 +0300] "GET /?sale%2Fsearch%2Fdetail%2F%3FITMCODE=519920335334 HTTP/1.1" 200 31563 "-" "Mozilla/5.0 (compatible; SemrushBot/7~bl; +http://www.semrush.com/bot.html)"
66.249.79.1 - - [13/Sep/2026:15:48:15 +0300] "GET /index.php/zinynas-keliaujantiems?sale/search/detail/?ITMCODE=5195403119 HTTP/1.1" 200 216941 "-" "Mozilla/5.0 (Linux; Android 6.0.1; Nexus 5X Build/MMB29P) AppleWebKit/537.36 (KHTML, like Gecko) Chrome/152.0.7977.82 Mobile Safari/537.36 (compatible; Googlebot/2.1; +http://www.google.com/bot.html)"
66.249.79.1 - - [13/Sep/2026:15:48:17 +0300] "GET /index.php/zinynas-keliaujantiems?sale/search/detail/?ITMCODE=51992249366 HTTP/1.1" 200 213874 "-" "Mozilla/5.0 (Linux; Android 6.0.1; Nexus 5X Build/MMB29P) AppleWebKit/537.36 (KHTML, like Gecko) Chrome/152.0.7977.82 Mobile Safari/537.36 (compatible; Googlebot/2.1; +http://www.google.com/bot.html)"
57.141.20.12 - - [13/Sep/2026:15:48:21 +0300] "GET /index.php/component/search/?sale/search/detail/?ITMCODE=519920059912& HTTP/2.0" 200 19807 "-" "Mozilla/5.0 (Windows NT 10.0; Win64; x64) AppleWebKit/537.36 (KHTML, like Gecko) Chrome/145.0.0.0 Safari/537.36 (compatible; meta-externalagent/1.1 (+https://developers.facebook.com/docs/sharing/webmasters/crawler))"
57.141.20.31 - - [13/Sep/2026:15:48:22 +0300] "GET /presets/.css HTTP/2.0" 404 1461 "https://keliauk-uk.lt.testams.vhost.lt/index.php/component/search/?sale/search/detail/?ITMCODE=519920059912&" "Mozilla/5.0 (Windows NT 10.0; Win64; x64) AppleWebKit/537.36 (KHTML, like Gecko) Chrome/145.0.0.0 Safari/537.36 (compatible; meta-externalagent/1.1 (+https://developers.facebook.com/docs/sharing/webmasters/crawler))"
114.119.152.47 - - [13/Sep/2026:15:48:35 +0300] "GET /?sale/search/detail/%3FITMCODE=51977257711 HTTP/1.1" 200 31590 "https://www.keliauk-uk.lt/?sitemap-items.xml" "Mozilla/5.0 (Linux; Android 7.0;) AppleWebKit/537.36 (HTML, like Gecko) Mobile Safari/537.36 (compatible; PetalBot;+https://webmaster.petalsearch.com/site/petalbot)"
66.249.79.1 - - [13/Sep/2026:15:48:49 +0300] "GET /index.php/zinynas-keliaujantiems?sale/search/detail/?ITMCODE=5196622901 HTTP/1.1" 200 202140 "-" "Mozilla/5.0 (Linux; Android 6.0.1; Nexus 5X Build/MMB29P) AppleWebKit/537.36 (KHTML, like Gecko) Chrome/152.0.7977.82 Mobile Safari/537.36 (compatible; Googlebot/2.1; +http://www.google.com/bot.html)"
66.249.79.1 - - [13/Sep/2026:15:48:50 +0300] "GET /index.php/zinynas-keliaujantiems?sale/search/detail/?ITMCODE=5195461352 HTTP/1.1" 200 205553 "-" "Mozilla/5.0 (Linux; Android 6.0.1; Nexus 5X Build/MMB29P) AppleWebKit/537.36 (KHTML, like Gecko) Chrome/152.0.7977.82 Mobile Safari/537.36 (compatible; Googlebot/2.1; +http://www.google.com/bot.html)"
66.249.79.1 - - [13/Sep/2026:15:48:53 +0300] "GET /index.php/zinynas-keliaujantiems?sale/search/detail/?ITMCODE=51971202222 HTTP/1.1" 200 208050 "-" "Mozilla/5.0 (Linux; Android 6.0.1; Nexus 5X Build/MMB29P) AppleWebKit/537.36 (KHTML, like Gecko) Chrome/152.0.7977.82 Mobile Safari/537.36 (compatible; Googlebot/2.1; +http://www.google.com/bot.html)"
66.249.79.1 - - [13/Sep/2026:15:48:54 +0300] "GET /?sale/search/detail/?ITMCODE=51992213695 HTTP/1.1" 200 194179 "-" "Mozilla/5.0 (Linux; Android 6.0.1; Nexus 5X Build/MMB29P) AppleWebKit/537.36 (KHTML, like Gecko) Chrome/152.0.7977.82 Mobile Safari/537.36 (compatible; Googlebot/2.1; +http://www.google.com/bot.html)"
66.249.79.1 - - [13/Sep/2026:15:48:56 +0300] "GET /index.php/zinynas-keliaujantiems?sale/search/detail/?ITMCODE=51971027593 HTTP/1.1" 200 210820 "-" "Mozilla/5.0 (Linux; Android 6.0.1; Nexus 5X Build/MMB29P) AppleWebKit/537.36 (KHTML, like Gecko) Chrome/152.0.7977.82 Mobile Safari/537.36 (compatible; Googlebot/2.1; +http://www.google.com/bot.html)"
40.77.167.18 - - [13/Sep/2026:15:49:00 +0300] "GET /shop/c/c52001001813/ HTTP/2.0" 200 271586 "-" "Mozilla/5.0 AppleWebKit/537.36 (KHTML, like Gecko; compatible; bingbot/2.0; +http://www.bing.com/bingbot.htm) Chrome/116.0.1938.76 Safari/537.36"
66.249.79.2 - - [13/Sep/2026:15:49:09 +0300] "GET /index.php/zinynas-keliaujantiems?sale/search/detail/?ITMCODE=5196945969 HTTP/1.1" 200 202674 "-" "Mozilla/5.0 (Linux; Android 6.0.1; Nexus 5X Build/MMB29P) AppleWebKit/537.36 (KHTML, like Gecko) Chrome/152.0.7977.82 Mobile Safari/537.36 (compatible; Googlebot/2.1; +http://www.google.com/bot.html)"
66.249.79.1 - - [13/Sep/2026:15:49:12 +0300] "GET /?sale/search/detail/?ITMCODE=51971046213 HTTP/1.1" 200 194519 "-" "Mozilla/5.0 (Linux; Android 6.0.1; Nexus 5X Build/MMB29P) AppleWebKit/537.36 (KHTML, like Gecko) Chrome/152.0.7977.82 Mobile Safari/537.36 (compatible; Googlebot/2.1; +http://www.google.com/bot.html)"
66.249.79.1 - - [13/Sep/2026:15:49:12 +0300] "GET /index.php/zinynas-keliaujantiems?sale/search/detail/?ITMCODE=51992112058 HTTP/1.1" 200 222367 "-" "Mozilla/5.0 (Linux; Android 6.0.1; Nexus 5X Build/MMB29P) AppleWebKit/537.36 (KHTML, like Gecko) Chrome/152.0.7977.82 Mobile Safari/537.36 (compatible; Googlebot/2.1; +http://www.google.com/bot.html)"
66.249.79.2 - - [13/Sep/2026:15:49:17 +0300] "GET /index.php/zinynas-keliaujantiems?sale/search/detail/?ITMCODE=51992264666 HTTP/1.1" 200 212956 "-" "Mozilla/5.0 (Linux; Android 6.0.1; Nexus 5X Build/MMB29P) AppleWebKit/537.36 (KHTML, like Gecko) Chrome/152.0.7977.82 Mobile Safari/537.36 (compatible; Googlebot/2.1; +http://www.google.com/bot.html)"
66.249.79.2 - - [13/Sep/2026:15:49:20 +0300] "GET /?sale/search/detail/?ITMCODE=51992143662 HTTP/1.1" 200 208009 "-" "Mozilla/5.0 (Linux; Android 6.0.1; Nexus 5X Build/MMB29P) AppleWebKit/537.36 (KHTML, like Gecko) Chrome/152.0.7977.82 Mobile Safari/537.36 (compatible; Googlebot/2.1; +http://www.google.com/bot.html)"
66.249.79.1 - - [13/Sep/2026:15:49:22 +0300] "GET /index.php/zinynas-keliaujantiems?sale/search/detail/?ITMCODE=5196950951 HTTP/1.1" 200 212073 "-" "Mozilla/5.0 (Linux; Android 6.0.1; Nexus 5X Build/MMB29P) AppleWebKit/537.36 (KHTML, like Gecko) Chrome/152.0.7977.82 Mobile Safari/537.36 (compatible; Googlebot/2.1; +http://www.google.com/bot.html)"
66.249.79.1 - - [13/Sep/2026:15:49:27 +0300] "GET /index.php/zinynas-keliaujantiems?sale/search/detail/?ITMCODE=51971213958 HTTP/1.1" 200 216981 "-" "Mozilla/5.0 (Linux; Android 6.0.1; Nexus 5X Build/MMB29P) AppleWebKit/537.36 (KHTML, like Gecko) Chrome/152.0.7977.82 Mobile Safari/537.36 (compatible; Googlebot/2.1; +http://www.google.com/bot.html)"
66.249.79.1 - - [13/Sep/2026:15:49:29 +0300] "GET /?sale/search/detail/?ITMCODE=519554676 HTTP/1.1" 200 206927 "-" "Mozilla/5.0 (Linux; Android 6.0.1; Nexus 5X Build/MMB29P) AppleWebKit/537.36 (KHTML, like Gecko) Chrome/152.0.7977.82 Mobile Safari/537.36 (compatible; Googlebot/2.1; +http://www.google.com/bot.html)"
66.249.79.1 - - [13/Sep/2026:15:49:34 +0300] "GET /index.php/zinynas-keliaujantiems?sale/search/detail/?ITMCODE=5195186196 HTTP/1.1" 200 208489 "-" "Mozilla/5.0 (Linux; Android 6.0.1; Nexus 5X Build/MMB29P) AppleWebKit/537.36 (KHTML, like Gecko) Chrome/152.0.7977.82 Mobile Safari/537.36 (compatible; Googlebot/2.1; +http://www.google.com/bot.html)"
66.249.79.2 - - [13/Sep/2026:15:49:37 +0300] "GET /index.php/zinynas-keliaujantiems?sale/search/detail/?ITMCODE=5196781262 HTTP/1.1" 200 217860 "-" "Mozilla/5.0 (Linux; Android 6.0.1; Nexus 5X Build/MMB29P) AppleWebKit/537.36 (KHTML, like Gecko) Chrome/152.0.7977.82 Mobile Safari/537.36 (compatible; Googlebot/2.1; +http://www.google.com/bot.html)"
114.119.148.64 - - [13/Sep/2026:15:49:59 +0300] "GET /?sale/search/detail/%3FITMCODE=51977254370 HTTP/1.1" 200 31589 "https://www.keliauk-uk.lt/?sitemap-shopdetail.xml" "Mozilla/5.0 (Linux; Android 7.0;) AppleWebKit/537.36 (HTML, like Gecko) Mobile Safari/537.36 (compatible; PetalBot;+https://webmaster.petalsearch.com/site/petalbot)"
66.249.79.3 - - [13/Sep/2026:15:50:02 +0300] "GET /?sale/search/detail/?ITMCODE=51981650037 HTTP/1.1" 200 194162 "-" "Mozilla/5.0 (Linux; Android 6.0.1; Nexus 5X Build/MMB29P) AppleWebKit/537.36 (KHTML, like Gecko) Chrome/152.0.7977.82 Mobile Safari/537.36 (compatible; Googlebot/2.1; +http://www.google.com/bot.html)"
66.249.79.2 - - [13/Sep/2026:15:50:16 +0300] "GET /index.php/zinynas-keliaujantiems?sale/search/detail/?ITMCODE=51971279135 HTTP/1.1" 200 203590 "-" "Mozilla/5.0 (Linux; Android 6.0.1; Nexus 5X Build/MMB29P) AppleWebKit/537.36 (KHTML, like Gecko) Chrome/152.0.7977.82 Mobile Safari/537.36 (compatible; Googlebot/2.1; +http://www.google.com/bot.html)"
66.249.79.2 - - [13/Sep/2026:15:50:17 +0300] "GET /index.php/zinynas-keliaujantiems?sale/search/detail/?ITMCODE=51971095627 HTTP/1.1" 200 202890 "-" "Mozilla/5.0 (Linux; Android 6.0.1; Nexus 5X Build/MMB29P) AppleWebKit/537.36 (KHTML, like Gecko) Chrome/152.0.7977.82 Mobile Safari/537.36 (compatible; Googlebot/2.1; +http://www.google.com/bot.html)"
66.249.79.1 - - [13/Sep/2026:15:50:22 +0300] "GET /index.php/zinynas-keliaujantiems?sale/search/detail/?ITMCODE=51981900823 HTTP/1.1" 200 214416 "-" "Mozilla/5.0 (Linux; Android 6.0.1; Nexus 5X Build/MMB29P) AppleWebKit/537.36 (KHTML, like Gecko) Chrome/152.0.7977.82 Mobile Safari/537.36 (compatible; Googlebot/2.1; +http://www.google.com/bot.html)"
66.249.79.1 - - [13/Sep/2026:15:50:25 +0300] "GET /index.php/zinynas-keliaujantiems?sale/search/detail/?ITMCODE=519567537 HTTP/1.1" 200 207285 "-" "Mozilla/5.0 (Linux; Android 6.0.1; Nexus 5X Build/MMB29P) AppleWebKit/537.36 (KHTML, like Gecko) Chrome/152.0.7977.82 Mobile Safari/537.36 (compatible; Googlebot/2.1; +http://www.google.com/bot.html)"
66.249.79.1 - - [13/Sep/2026:15:50:27 +0300] "GET /index.php/zinynas-keliaujantiems?sale/search/detail/?ITMCODE=519529665 HTTP/1.1" 200 218120 "-" "Mozilla/5.0 (Linux; Android 6.0.1; Nexus 5X Build/MMB29P) AppleWebKit/537.36 (KHTML, like Gecko) Chrome/152.0.7977.82 Mobile Safari/537.36 (compatible; Googlebot/2.1; +http://www.google.com/bot.html)"
57.141.20.33 - - [13/Sep/2026:15:50:45 +0300] "GET /index.php/component/search/?sale/search/detail/?ITMCODE=519870521741& HTTP/2.0" 200 19729 "-" "Mozilla/5.0 (Macintosh; Intel Mac OS X 10_15_7) AppleWebKit/537.36 (KHTML, like Gecko) Chrome/145.0.0.0 Safari/537.36 (compatible; meta-externalagent/1.1 (+https://developers.facebook.com/docs/sharing/webmasters/crawler))"
66.249.79.2 - - [13/Sep/2026:15:50:45 +0300] "GET /index.php/zinynas-keliaujantiems?sale/search/detail/?ITMCODE=51971463076 HTTP/1.1" 200 220062 "-" "Mozilla/5.0 (Linux; Android 6.0.1; Nexus 5X Build/MMB29P) AppleWebKit/537.36 (KHTML, like Gecko) Chrome/152.0.7977.82 Mobile Safari/537.36 (compatible; Googlebot/2.1; +http://www.google.com/bot.html)"
57.141.20.5 - - [13/Sep/2026:15:50:47 +0300] "GET /presets/.css HTTP/2.0" 404 1448 "https://www.keliauk-uk.lt/index.php/component/search/?sale/search/detail/?ITMCODE=519870521741&" "Mozilla/5.0 (Macintosh; Intel Mac OS X 10_15_7) AppleWebKit/537.36 (KHTML, like Gecko) Chrome/145.0.0.0 Safari/537.36 (compatible; meta-externalagent/1.1 (+https://developers.facebook.com/docs/sharing/webmasters/crawler))"
66.249.79.1 - - [13/Sep/2026:15:50:54 +0300] "GET /index.php/zinynas-keliaujantiems?sale/search/detail/?ITMCODE=51981971001 HTTP/1.1" 200 201782 "-" "Mozilla/5.0 (Linux; Android 6.0.1; Nexus 5X Build/MMB29P) AppleWebKit/537.36 (KHTML, like Gecko) Chrome/152.0.7977.82 Mobile Safari/537.36 (compatible; Googlebot/2.1; +http://www.google.com/bot.html)"
66.249.79.2 - - [13/Sep/2026:15:50:57 +0300] "GET /index.php/zinynas-keliaujantiems?sale/search/detail/?ITMCODE=52002916471 HTTP/1.1" 200 215979 "-" "Mozilla/5.0 (Linux; Android 6.0.1; Nexus 5X Build/MMB29P) AppleWebKit/537.36 (KHTML, like Gecko) Chrome/152.0.7977.82 Mobile Safari/537.36 (compatible; Googlebot/2.1; +http://www.google.com/bot.html)"
66.249.79.3 - - [13/Sep/2026:15:51:03 +0300] "GET /index.php/zinynas-keliaujantiems?sale/search/detail/?ITMCODE=5196568567 HTTP/1.1" 200 209579 "-" "Mozilla/5.0 (Linux; Android 6.0.1; Nexus 5X Build/MMB29P) AppleWebKit/537.36 (KHTML, like Gecko) Chrome/152.0.7977.82 Mobile Safari/537.36 (compatible; Googlebot/2.1; +http://www.google.com/bot.html)"
57.141.20.65 - - [13/Sep/2026:15:51:04 +0300] "GET /index.php/component/search/?sale/search/detail/?ITMCODE=519615974278& HTTP/2.0" 200 19807 "-" "Mozilla/5.0 (Macintosh; Intel Mac OS X 10_15_7) AppleWebKit/537.36 (KHTML, like Gecko) Chrome/145.0.0.0 Safari/537.36 (compatible; meta-externalagent/1.1 (+https://developers.facebook.com/docs/sharing/webmasters/crawler))"
114.119.152.47 - - [13/Sep/2026:15:51:25 +0300] "GET /?sale/search/detail/%3FITMCODE=51977253111 HTTP/1.1" 200 31589 "https://www.keliauk-uk.lt/?sitemap-items.xml" "Mozilla/5.0 (Linux; Android 7.0;) AppleWebKit/537.36 (HTML, like Gecko) Mobile Safari/537.36 (compatible; PetalBot;+https://webmaster.petalsearch.com/site/petalbot)"
185.191.171.8 - - [13/Sep/2026:15:51:33 +0300] "GET /?sale%2Fsearch%2Fdetail%2F%3FITMCODE=51971312061 HTTP/1.1" 200 31561 "-" "Mozilla/5.0 (compatible; SemrushBot/7~bl; +http://www.semrush.com/bot.html)"
66.249.79.2 - - [13/Sep/2026:15:51:37 +0300] "GET /index.php/zinynas-keliaujantiems?sale/search/detail/?ITMCODE=51992002739 HTTP/1.1" 200 203009 "-" "Mozilla/5.0 (Linux; Android 6.0.1; Nexus 5X Build/MMB29P) AppleWebKit/537.36 (KHTML, like Gecko) Chrome/152.0.7977.82 Mobile Safari/537.36 (compatible; Googlebot/2.1; +http://www.google.com/bot.html)"
66.249.79.2 - - [13/Sep/2026:15:51:38 +0300] "GET /sale/search/detail/?ITMCODE=5195412592 HTTP/1.1" 200 195522 "-" "Mozilla/5.0 (Linux; Android 6.0.1; Nexus 5X Build/MMB29P) AppleWebKit/537.36 (KHTML, like Gecko) Chrome/152.0.7977.82 Mobile Safari/537.36 (compatible; Googlebot/2.1; +http://www.google.com/bot.html)"
40.77.167.18 - - [13/Sep/2026:15:51:41 +0300] "GET /shop/c/c51991001300/ HTTP/2.0" 200 122019 "-" "Mozilla/5.0 AppleWebKit/537.36 (KHTML, like Gecko; compatible; bingbot/2.0; +http://www.bing.com/bingbot.htm) Chrome/116.0.1938.76 Safari/537.36"
66.249.79.1 - - [13/Sep/2026:15:51:44 +0300] "GET /index.php/zinynas-keliaujantiems?sale/search/detail/?ITMCODE=5196717080 HTTP/1.1" 200 208109 "-" "Mozilla/5.0 (Linux; Android 6.0.1; Nexus 5X Build/MMB29P) AppleWebKit/537.36 (KHTML, like Gecko) Chrome/152.0.7977.82 Mobile Safari/537.36 (compatible; Googlebot/2.1; +http://www.google.com/bot.html)"
66.249.79.1 - - [13/Sep/2026:15:51:45 +0300] "GET /index.php/zinynas-keliaujantiems?sale/search/detail/?ITMCODE=51981742374 HTTP/1.1" 200 205438 "-" "Mozilla/5.0 (Linux; Android 6.0.1; Nexus 5X Build/MMB29P) AppleWebKit/537.36 (KHTML, like Gecko) Chrome/152.0.7977.82 Mobile Safari/537.36 (compatible; Googlebot/2.1; +http://www.google.com/bot.html)"
66.249.79.1 - - [13/Sep/2026:15:51:50 +0300] "GET /?sale/search/detail/?ITMCODE=52002687100 HTTP/1.1" 200 194583 "-" "Mozilla/5.0 (Linux; Android 6.0.1; Nexus 5X Build/MMB29P) AppleWebKit/537.36 (KHTML, like Gecko) Chrome/152.0.7977.82 Mobile Safari/537.36 (compatible; Googlebot/2.1; +http://www.google.com/bot.html)"
66.249.79.1 - - [13/Sep/2026:15:51:51 +0300] "GET /index.php/zinynas-keliaujantiems?sale/search/detail/?ITMCODE=51992148084 HTTP/1.1" 200 202742 "-" "Mozilla/5.0 (Linux; Android 6.0.1; Nexus 5X Build/MMB29P) AppleWebKit/537.36 (KHTML, like Gecko) Chrome/152.0.7977.82 Mobile Safari/537.36 (compatible; Googlebot/2.1; +http://www.google.com/bot.html)"
66.249.79.2 - - [13/Sep/2026:15:51:57 +0300] "GET /index.php/zinynas-keliaujantiems?sale/search/detail/?ITMCODE=5195199138 HTTP/1.1" 200 203313 "-" "Mozilla/5.0 (Linux; Android 6.0.1; Nexus 5X Build/MMB29P) AppleWebKit/537.36 (KHTML, like Gecko) Chrome/152.0.7977.82 Mobile Safari/537.36 (compatible; Googlebot/2.1; +http://www.google.com/bot.html)"
66.249.79.3 - - [13/Sep/2026:15:52:03 +0300] "GET /index.php/zinynas-keliaujantiems?sale/search/detail/?ITMCODE=52002862630 HTTP/1.1" 200 221563 "-" "Mozilla/5.0 (Linux; Android 6.0.1; Nexus 5X Build/MMB29P) AppleWebKit/537.36 (KHTML, like Gecko) Chrome/152.0.7977.82 Mobile Safari/537.36 (compatible; Googlebot/2.1; +http://www.google.com/bot.html)"
66.249.79.2 - - [13/Sep/2026:15:52:08 +0300] "GET /index.php/zinynas-keliaujantiems?sale/search/detail/?ITMCODE=51981880596 HTTP/1.1" 200 211629 "-" "Mozilla/5.0 (Linux; Android 6.0.1; Nexus 5X Build/MMB29P) AppleWebKit/537.36 (KHTML, like Gecko) Chrome/152.0.7977.82 Mobile Safari/537.36 (compatible; Googlebot/2.1; +http://www.google.com/bot.html)"
66.249.79.1 - - [13/Sep/2026:15:52:14 +0300] "GET /index.php/zinynas-keliaujantiems?sale/search/detail/?ITMCODE=51981834584 HTTP/1.1" 200 207189 "-" "Mozilla/5.0 (Linux; Android 6.0.1; Nexus 5X Build/MMB29P) AppleWebKit/537.36 (KHTML, like Gecko) Chrome/152.0.7977.82 Mobile Safari/537.36 (compatible; Googlebot/2.1; +http://www.google.com/bot.html)"
66.249.79.1 - - [13/Sep/2026:15:52:20 +0300] "GET /index.php/zinynas-keliaujantiems?sale/search/detail/?ITMCODE=51992181959 HTTP/1.1" 200 222931 "-" "Mozilla/5.0 (Linux; Android 6.0.1; Nexus 5X Build/MMB29P) AppleWebKit/537.36 (KHTML, like Gecko) Chrome/152.0.7977.82 Mobile Safari/537.36 (compatible; Googlebot/2.1; +http://www.google.com/bot.html)"
185.191.171.17 - - [13/Sep/2026:15:52:21 +0300] "GET /?sale%2Fsearch%2Fdetail%2F%3FITMCODE=519536270862 HTTP/1.1" 200 31562 "-" "Mozilla/5.0 (compatible; SemrushBot/7~bl; +http://www.semrush.com/bot.html)"
66.249.79.1 - - [13/Sep/2026:15:52:26 +0300] "GET /index.php/zinynas-keliaujantiems?sale/search/detail/?ITMCODE=51971166219 HTTP/1.1" 200 204940 "-" "Mozilla/5.0 (Linux; Android 6.0.1; Nexus 5X Build/MMB29P) AppleWebKit/537.36 (KHTML, like Gecko) Chrome/152.0.7977.82 Mobile Safari/537.36 (compatible; Googlebot/2.1; +http://www.google.com/bot.html)"
66.249.79.1 - - [13/Sep/2026:15:52:30 +0300] "GET /index.php/zinynas-keliaujantiems?sale/search/detail/?ITMCODE=51981608834 HTTP/1.1" 200 216647 "-" "Mozilla/5.0 (Linux; Android 6.0.1; Nexus 5X Build/MMB29P) AppleWebKit/537.36 (KHTML, like Gecko) Chrome/152.0.7977.82 Mobile Safari/537.36 (compatible; Googlebot/2.1; +http://www.google.com/bot.html)"
66.249.79.2 - - [13/Sep/2026:15:52:34 +0300] "GET /index.php/zinynas-keliaujantiems?sale/search/detail/?ITMCODE=51981671246 HTTP/1.1" 200 203739 "-" "Mozilla/5.0 (Linux; Android 6.0.1; Nexus 5X Build/MMB29P) AppleWebKit/537.36 (KHTML, like Gecko) Chrome/152.0.7977.82 Mobile Safari/537.36 (compatible; Googlebot/2.1; +http://www.google.com/bot.html)"
66.249.79.2 - - [13/Sep/2026:15:52:35 +0300] "GET /index.php/zinynas-keliaujantiems?sale/search/detail/?ITMCODE=51992463063 HTTP/1.1" 200 204044 "-" "Mozilla/5.0 (Linux; Android 6.0.1; Nexus 5X Build/MMB29P) AppleWebKit/537.36 (KHTML, like Gecko) Chrome/152.0.7977.82 Mobile Safari/537.36 (compatible; Googlebot/2.1; +http://www.google.com/bot.html)"
66.249.79.2 - - [13/Sep/2026:15:52:42 +0300] "GET /index.php/zinynas-keliaujantiems?sale/search/detail/?ITMCODE=52002722732 HTTP/1.1" 200 208171 "-" "Mozilla/5.0 (Linux; Android 6.0.1; Nexus 5X Build/MMB29P) AppleWebKit/537.36 (KHTML, like Gecko) Chrome/152.0.7977.82 Mobile Safari/537.36 (compatible; Googlebot/2.1; +http://www.google.com/bot.html)"
66.249.79.2 - - [13/Sep/2026:15:52:43 +0300] "GET /index.php/zinynas-keliaujantiems?sale/search/detail/?ITMCODE=52002878256 HTTP/1.1" 200 206774 "-" "Mozilla/5.0 (Linux; Android 6.0.1; Nexus 5X Build/MMB29P) AppleWebKit/537.36 (KHTML, like Gecko) Chrome/152.0.7977.82 Mobile Safari/537.36 (compatible; Googlebot/2.1; +http://www.google.com/bot.html)"
66.249.79.2 - - [13/Sep/2026:15:52:45 +0300] "GET /index.php/zinynas-keliaujantiems?sale/search/detail/?ITMCODE=52002849905 HTTP/1.1" 200 205029 "-" "Mozilla/5.0 (Linux; Android 6.0.1; Nexus 5X Build/MMB29P) AppleWebKit/537.36 (KHTML, like Gecko) Chrome/152.0.7977.82 Mobile Safari/537.36 (compatible; Googlebot/2.1; +http://www.google.com/bot.html)"
66.249.79.2 - - [13/Sep/2026:15:52:46 +0300] "GET /index.php/zinynas-keliaujantiems?sale/search/detail/?ITMCODE=51992340776 HTTP/1.1" 200 202251 "-" "Mozilla/5.0 (Linux; Android 6.0.1; Nexus 5X Build/MMB29P) AppleWebKit/537.36 (KHTML, like Gecko) Chrome/152.0.7977.82 Mobile Safari/537.36 (compatible; Googlebot/2.1; +http://www.google.com/bot.html)"
114.119.144.15 - - [13/Sep/2026:15:52:46 +0300] "GET /?sale/search/detail/%3FITMCODE=51977253010 HTTP/1.1" 200 31589 "https://www.keliauk-uk.lt/?sitemap-items.xml" "Mozilla/5.0 (Linux; Android 7.0;) AppleWebKit/537.36 (HTML, like Gecko) Mobile Safari/537.36 (compatible; PetalBot;+https://webmaster.petalsearch.com/site/petalbot)"
66.249.79.2 - - [13/Sep/2026:15:52:46 +0300] "GET /index.php/zinynas-keliaujantiems?sale/search/detail/?ITMCODE=52002879690 HTTP/1.1" 200 207453 "-" "Mozilla/5.0 (Linux; Android 6.0.1; Nexus 5X Build/MMB29P) AppleWebKit/537.36 (KHTML, like Gecko) Chrome/152.0.7977.82 Mobile Safari/537.36 (compatible; Googlebot/2.1; +http://www.google.com/bot.html)"
66.249.79.1 - - [13/Sep/2026:15:52:49 +0300] "GET /index.php/zinynas-keliaujantiems?sale/search/detail/?ITMCODE=51981768478 HTTP/1.1" 200 205564 "-" "Mozilla/5.0 (Linux; Android 6.0.1; Nexus 5X Build/MMB29P) AppleWebKit/537.36 (KHTML, like Gecko) Chrome/152.0.7977.82 Mobile Safari/537.36 (compatible; Googlebot/2.1; +http://www.google.com/bot.html)"
40.77.167.24 - - [13/Sep/2026:15:52:53 +0300] "GET /shop/c/c520010154/ HTTP/2.0" 200 273151 "-" "Mozilla/5.0 AppleWebKit/537.36 (KHTML, like Gecko; compatible; bingbot/2.0; +http://www.bing.com/bingbot.htm) Chrome/116.0.1938.76 Safari/537.36"
66.249.79.1 - - [13/Sep/2026:15:52:55 +0300] "GET /index.php/zinynas-keliaujantiems?sale/search/detail/?ITMCODE=51971053391 HTTP/1.1" 200 207023 "-" "Mozilla/5.0 (Linux; Android 6.0.1; Nexus 5X Build/MMB29P) AppleWebKit/537.36 (KHTML, like Gecko) Chrome/152.0.7977.82 Mobile Safari/537.36 (compatible; Googlebot/2.1; +http://www.google.com/bot.html)"
185.191.171.19 - - [13/Sep/2026:15:52:59 +0300] "GET /?sale%2Fsearch%2Fdetail%2F%3FITMCODE=519870984871 HTTP/1.1" 200 31562 "-" "Mozilla/5.0 (compatible; SemrushBot/7~bl; +http://www.semrush.com/bot.html)"
40.77.167.18 - - [13/Sep/2026:15:53:01 +0300] "GET /shop/c/c52001000406/ HTTP/2.0" 200 275079 "-" "Mozilla/5.0 AppleWebKit/537.36 (KHTML, like Gecko; compatible; bingbot/2.0; +http://www.bing.com/bingbot.htm) Chrome/116.0.1938.76 Safari/537.36"
66.249.79.1 - - [13/Sep/2026:15:53:01 +0300] "GET /index.php/zinynas-keliaujantiems?sale/search/detail/?ITMCODE=5196803269 HTTP/1.1" 200 217612 "-" "Mozilla/5.0 (Linux; Android 6.0.1; Nexus 5X Build/MMB29P) AppleWebKit/537.36 (KHTML, like Gecko) Chrome/152.0.7977.82 Mobile Safari/537.36 (compatible; Googlebot/2.1; +http://www.google.com/bot.html)"
66.249.79.3 - - [13/Sep/2026:15:53:02 +0300] "GET /index.php/zinynas-keliaujantiems?sale/search/detail/?ITMCODE=51981585253 HTTP/1.1" 200 204272 "-" "Mozilla/5.0 (Linux; Android 6.0.1; Nexus 5X Build/MMB29P) AppleWebKit/537.36 (KHTML, like Gecko) Chrome/152.0.7977.82 Mobile Safari/537.36 (compatible; Googlebot/2.1; +http://www.google.com/bot.html)"
66.249.79.2 - - [13/Sep/2026:15:53:09 +0300] "GET /index.php/zinynas-keliaujantiems?sale/search/detail/?ITMCODE=519515616 HTTP/1.1" 200 202412 "-" "Mozilla/5.0 (Linux; Android 6.0.1; Nexus 5X Build/MMB29P) AppleWebKit/537.36 (KHTML, like Gecko) Chrome/152.0.7977.82 Mobile Safari/537.36 (compatible; Googlebot/2.1; +http://www.google.com/bot.html)"
66.249.79.1 - - [13/Sep/2026:15:53:12 +0300] "GET /index.php/zinynas-keliaujantiems?sale/search/detail/?ITMCODE=51981820183 HTTP/1.1" 200 211367 "-" "Mozilla/5.0 (Linux; Android 6.0.1; Nexus 5X Build/MMB29P) AppleWebKit/537.36 (KHTML, like Gecko) Chrome/152.0.7977.82 Mobile Safari/537.36 (compatible; Googlebot/2.1; +http://www.google.com/bot.html)"
