66.249.79.3 - - [13/Sep/2026:16:41:59 +0300] "GET /?sale/search/detail/?ITMCODE=5196896192 HTTP/1.1" 200 197282 "-" "Mozilla/5.0 (Linux; Android 6.0.1; Nexus 5X Build/MMB29P) AppleWebKit/537.36 (KHTML, like Gecko) Chrome/152.0.7977.82 Mobile Safari/537.36 (compatible; Googlebot/2.1; +http://www.google.com/bot.html)"
207.46.13.51 - - [13/Sep/2026:16:42:00 +0300] "GET /?sale/search/detail/?ITMCODE=51959374387 HTTP/2.0" 200 203418 "-" "Mozilla/5.0 AppleWebKit/537.36 (KHTML, like Gecko; compatible; bingbot/2.0; +http://www.bing.com/bingbot.htm) Chrome/116.0.1938.76 Safari/537.36"
40.77.167.26 - - [13/Sep/2026:16:42:00 +0300] "GET /shop/c/c52001000626/ HTTP/2.0" 200 276957 "-" "Mozilla/5.0 AppleWebKit/537.36 (KHTML, like Gecko; compatible; bingbot/2.0; +http://www.bing.com/bingbot.htm) Chrome/116.0.1938.76 Safari/537.36"
207.46.13.51 - - [13/Sep/2026:16:42:01 +0300] "GET /?sale/search/detail/?ITMCODE=51969598572 HTTP/2.0" 200 198617 "-" "Mozilla/5.0 AppleWebKit/537.36 (KHTML, like Gecko; compatible; bingbot/2.0; +http://www.bing.com/bingbot.htm) Chrome/116.0.1938.76 Safari/537.36"
40.77.167.26 - - [13/Sep/2026:16:42:01 +0300] "GET /?sale/search/detail/?ITMCODE=5195105244554 HTTP/2.0" 200 239643 "-" "Mozilla/5.0 AppleWebKit/537.36 (KHTML, like Gecko; compatible; bingbot/2.0; +http://www.bing.com/bingbot.htm) Chrome/116.0.1938.76 Safari/537.36"
207.46.13.51 - - [13/Sep/2026:16:42:01 +0300] "GET /?sale/search/detail/?ITMCODE=519731060354 HTTP/2.0" 200 212213 "-" "Mozilla/5.0 AppleWebKit/537.36 (KHTML, like Gecko; compatible; bingbot/2.0; +http://www.bing.com/bingbot.htm) Chrome/116.0.1938.76 Safari/537.36"
40.77.167.26 - - [13/Sep/2026:16:42:02 +0300] "GET /?sale/search/detail/?ITMCODE=51998164333 HTTP/2.0" 200 203869 "-" "Mozilla/5.0 AppleWebKit/537.36 (KHTML, like Gecko; compatible; bingbot/2.0; +http://www.bing.com/bingbot.htm) Chrome/116.0.1938.76 Safari/537.36"
207.46.13.51 - - [13/Sep/2026:16:42:02 +0300] "GET /?sale/search/detail/?ITMCODE=51984592190 HTTP/2.0" 200 195534 "-" "Mozilla/5.0 AppleWebKit/537.36 (KHTML, like Gecko; compatible; bingbot/2.0; +http://www.bing.com/bingbot.htm) Chrome/116.0.1938.76 Safari/537.36"
40.77.167.26 - - [13/Sep/2026:16:42:02 +0300] "GET /sale/search/detail/?ITMCODE=5196984954 HTTP/2.0" 200 206686 "-" "Mozilla/5.0 AppleWebKit/537.36 (KHTML, like Gecko; compatible; bingbot/2.0; +http://www.bing.com/bingbot.htm) Chrome/116.0.1938.76 Safari/537.36"
40.77.167.26 - - [13/Sep/2026:16:42:03 +0300] "GET /?sale/search/detail/?ITMCODE=51977459021 HTTP/2.0" 200 200920 "-" "Mozilla/5.0 AppleWebKit/537.36 (KHTML, like Gecko; compatible; bingbot/2.0; +http://www.bing.com/bingbot.htm) Chrome/116.0.1938.76 Safari/537.36"
66.249.79.1 - - [13/Sep/2026:16:42:04 +0300] "GET /index.php/zinynas-keliaujantiems?sale/search/detail/?ITMCODE=51992070368 HTTP/1.1" 200 209665 "-" "Mozilla/5.0 (Linux; Android 6.0.1; Nexus 5X Build/MMB29P) AppleWebKit/537.36 (KHTML, like Gecko) Chrome/152.0.7977.82 Mobile Safari/537.36 (compatible; Googlebot/2.1; +http://www.google.com/bot.html)"
52.167.144.25 - - [13/Sep/2026:16:42:05 +0300] "GET /?sale/search/detail/?ITMCODE=51956052423 HTTP/2.0" 200 194782 "-" "Mozilla/5.0 AppleWebKit/537.36 (KHTML, like Gecko; compatible; bingbot/2.0; +http://www.bing.com/bingbot.htm) Chrome/116.0.1938.76 Safari/537.36"
66.249.79.1 - - [13/Sep/2026:16:42:06 +0300] "GET /shop/pg/967621 HTTP/1.1" 200 196266 "-" "Mozilla/5.0 (Linux; Android 6.0.1; Nexus 5X Build/MMB29P) AppleWebKit/537.36 (KHTML, like Gecko) Chrome/152.0.7977.82 Mobile Safari/537.36 (compatible; Googlebot/2.1; +http://www.google.com/bot.html)"
40.77.167.26 - - [13/Sep/2026:16:42:05 +0300] "GET /?sale/search/detail/?ITMCODE=52002773389 HTTP/2.0" 200 202125 "-" "Mozilla/5.0 AppleWebKit/537.36 (KHTML, like Gecko; compatible; bingbot/2.0; +http://www.bing.com/bingbot.htm) Chrome/116.0.1938.76 Safari/537.36"
52.167.144.25 - - [13/Sep/2026:16:42:06 +0300] "GET /?sale/search/detail/?ITMCODE=520035963710 HTTP/2.0" 200 202520 "-" "Mozilla/5.0 AppleWebKit/537.36 (KHTML, like Gecko; compatible; bingbot/2.0; +http://www.bing.com/bingbot.htm) Chrome/116.0.1938.76 Safari/537.36"
40.77.167.26 - - [13/Sep/2026:16:42:06 +0300] "GET /?sale/search/detail/?ITMCODE=5195449096 HTTP/2.0" 200 202683 "-" "Mozilla/5.0 AppleWebKit/537.36 (KHTML, like Gecko; compatible; bingbot/2.0; +http://www.bing.com/bingbot.htm) Chrome/116.0.1938.76 Safari/537.36"
52.167.144.25 - - [13/Sep/2026:16:42:06 +0300] "GET /?sale/search/detail/?ITMCODE=51966930245 HTTP/2.0" 200 193860 "-" "Mozilla/5.0 AppleWebKit/537.36 (KHTML, like Gecko; compatible; bingbot/2.0; +http://www.bing.com/bingbot.htm) Chrome/116.0.1938.76 Safari/537.36"
52.167.144.25 - - [13/Sep/2026:16:42:07 +0300] "GET /?sale/search/detail/?ITMCODE=51971310275 HTTP/2.0" 200 201212 "-" "Mozilla/5.0 AppleWebKit/537.36 (KHTML, like Gecko; compatible; bingbot/2.0; +http://www.bing.com/bingbot.htm) Chrome/116.0.1938.76 Safari/537.36"
40.77.167.26 - - [13/Sep/2026:16:42:07 +0300] "GET /?sale/search/detail/?ITMCODE=51992435643 HTTP/2.0" 200 206259 "-" "Mozilla/5.0 AppleWebKit/537.36 (KHTML, like Gecko; compatible; bingbot/2.0; +http://www.bing.com/bingbot.htm) Chrome/116.0.1938.76 Safari/537.36"
40.77.167.26 - - [13/Sep/2026:16:42:08 +0300] "GET /?sale/search/detail/?ITMCODE=519710093907 HTTP/2.0" 200 209462 "-" "Mozilla/5.0 AppleWebKit/537.36 (KHTML, like Gecko; compatible; bingbot/2.0; +http://www.bing.com/bingbot.htm) Chrome/116.0.1938.76 Safari/537.36"
40.77.167.26 - - [13/Sep/2026:16:42:08 +0300] "GET /?sale/search/detail/?ITMCODE=52008908811 HTTP/2.0" 200 203373 "-" "Mozilla/5.0 AppleWebKit/537.36 (KHTML, like Gecko; compatible; bingbot/2.0; +http://www.bing.com/bingbot.htm) Chrome/116.0.1938.76 Safari/537.36"
40.77.167.26 - - [13/Sep/2026:16:42:09 +0300] "GET /?sale/search/detail/?ITMCODE=51971362740 HTTP/2.0" 200 205722 "-" "Mozilla/5.0 AppleWebKit/537.36 (KHTML, like Gecko; compatible; bingbot/2.0; +http://www.bing.com/bingbot.htm) Chrome/116.0.1938.76 Safari/537.36"
40.77.167.26 - - [13/Sep/2026:16:42:09 +0300] "GET /?sale/search/detail/?ITMCODE=51992120737 HTTP/2.0" 200 200801 "-" "Mozilla/5.0 AppleWebKit/537.36 (KHTML, like Gecko; compatible; bingbot/2.0; +http://www.bing.com/bingbot.htm) Chrome/116.0.1938.76 Safari/537.36"
40.77.167.26 - - [13/Sep/2026:16:42:10 +0300] "GET /?shop/c/c52001000494/ HTTP/2.0" 200 270171 "-" "Mozilla/5.0 AppleWebKit/537.36 (KHTML, like Gecko; compatible; bingbot/2.0; +http://www.bing.com/bingbot.htm) Chrome/116.0.1938.76 Safari/537.36"
66.249.79.2 - - [13/Sep/2026:16:42:09 +0300] "GET /index.php/zinynas-keliaujantiems?sale/search/detail/?ITMCODE=51981746349 HTTP/1.1" 200 202771 "-" "Mozilla/5.0 (Linux; Android 6.0.1; Nexus 5X Build/MMB29P) AppleWebKit/537.36 (KHTML, like Gecko) Chrome/152.0.7977.82 Mobile Safari/537.36 (compatible; Googlebot/2.1; +http://www.google.com/bot.html)"
40.77.167.26 - - [13/Sep/2026:16:42:10 +0300] "GET /?sale/search/detail/?ITMCODE=51992226261 HTTP/2.0" 200 209200 "-" "Mozilla/5.0 AppleWebKit/537.36 (KHTML, like Gecko; compatible; bingbot/2.0; +http://www.bing.com/bingbot.htm) Chrome/116.0.1938.76 Safari/537.36"
40.77.167.26 - - [13/Sep/2026:16:42:11 +0300] "GET /sale/search/detail/?ITMCODE=51992236988 HTTP/2.0" 200 202259 "-" "Mozilla/5.0 AppleWebKit/537.36 (KHTML, like Gecko; compatible; bingbot/2.0; +http://www.bing.com/bingbot.htm) Chrome/116.0.1938.76 Safari/537.36"
66.249.79.2 - - [13/Sep/2026:16:42:12 +0300] "GET /index.php/zinynas-keliaujantiems?sale/search/detail/?ITMCODE=5195368965 HTTP/1.1" 200 221214 "-" "Mozilla/5.0 (Linux; Android 6.0.1; Nexus 5X Build/MMB29P) AppleWebKit/537.36 (KHTML, like Gecko) Chrome/152.0.7977.82 Mobile Safari/537.36 (compatible; Googlebot/2.1; +http://www.google.com/bot.html)"
66.249.79.1 - - [13/Sep/2026:16:42:14 +0300] "GET /index.php/zinynas-keliaujantiems?sale/search/detail/?ITMCODE=5196977724 HTTP/1.1" 200 207255 "-" "Mozilla/5.0 (Linux; Android 6.0.1; Nexus 5X Build/MMB29P) AppleWebKit/537.36 (KHTML, like Gecko) Chrome/152.0.7977.82 Mobile Safari/537.36 (compatible; Googlebot/2.1; +http://www.google.com/bot.html)"
40.77.167.79 - - [13/Sep/2026:16:42:14 +0300] "GET /shop/c/c51991000075/ HTTP/2.0" 200 273200 "-" "Mozilla/5.0 AppleWebKit/537.36 (KHTML, like Gecko; compatible; bingbot/2.0; +http://www.bing.com/bingbot.htm) Chrome/116.0.1938.76 Safari/537.36"
66.249.79.2 - - [13/Sep/2026:16:42:15 +0300] "GET /?sale/search/detail/?ITMCODE=51981616108 HTTP/1.1" 200 203848 "-" "Mozilla/5.0 (Linux; Android 6.0.1; Nexus 5X Build/MMB29P) AppleWebKit/537.36 (KHTML, like Gecko) Chrome/152.0.7977.82 Mobile Safari/537.36 (compatible; Googlebot/2.1; +http://www.google.com/bot.html)"
40.77.167.79 - - [13/Sep/2026:16:42:15 +0300] "GET /?sale/search/detail/?ITMCODE=51971456680 HTTP/2.0" 200 218851 "-" "Mozilla/5.0 AppleWebKit/537.36 (KHTML, like Gecko; compatible; bingbot/2.0; +http://www.bing.com/bingbot.htm) Chrome/116.0.1938.76 Safari/537.36"
40.77.167.79 - - [13/Sep/2026:16:42:15 +0300] "GET /?sale/search/detail/?ITMCODE=5200107941614 HTTP/2.0" 200 207889 "-" "Mozilla/5.0 AppleWebKit/537.36 (KHTML, like Gecko; compatible; bingbot/2.0; +http://www.bing.com/bingbot.htm) Chrome/116.0.1938.76 Safari/537.36"
66.249.79.1 - - [13/Sep/2026:16:42:17 +0300] "GET /index.php/zinynas-keliaujantiems?sale/search/detail/?ITMCODE=5195247008 HTTP/1.1" 200 210927 "-" "Mozilla/5.0 (Linux; Android 6.0.1; Nexus 5X Build/MMB29P) AppleWebKit/537.36 (KHTML, like Gecko) Chrome/152.0.7977.82 Mobile Safari/537.36 (compatible; Googlebot/2.1; +http://www.google.com/bot.html)"
66.249.79.1 - - [13/Sep/2026:16:42:19 +0300] "GET /index.php/zinynas-keliaujantiems?sale/search/detail/?ITMCODE=51971149309 HTTP/1.1" 200 202890 "-" "Mozilla/5.0 (Linux; Android 6.0.1; Nexus 5X Build/MMB29P) AppleWebKit/537.36 (KHTML, like Gecko) Chrome/152.0.7977.82 Mobile Safari/537.36 (compatible; Googlebot/2.1; +http://www.google.com/bot.html)"
52.167.144.204 - - [13/Sep/2026:16:42:20 +0300] "GET /shop/c/c52001000598/ HTTP/2.0" 200 270363 "-" "Mozilla/5.0 AppleWebKit/537.36 (KHTML, like Gecko; compatible; bingbot/2.0; +http://www.bing.com/bingbot.htm) Chrome/116.0.1938.76 Safari/537.36"
66.249.79.1 - - [13/Sep/2026:16:42:21 +0300] "GET /index.php/zinynas-keliaujantiems?sale/search/detail/?ITMCODE=51992200706 HTTP/1.1" 200 216901 "-" "Mozilla/5.0 (Linux; Android 6.0.1; Nexus 5X Build/MMB29P) AppleWebKit/537.36 (KHTML, like Gecko) Chrome/152.0.7977.82 Mobile Safari/537.36 (compatible; Googlebot/2.1; +http://www.google.com/bot.html)"
66.249.79.1 - - [13/Sep/2026:16:42:24 +0300] "GET /?sale/search/detail/?ITMCODE=51981575401 HTTP/1.1" 200 196600 "-" "Mozilla/5.0 (Linux; Android 6.0.1; Nexus 5X Build/MMB29P) AppleWebKit/537.36 (KHTML, like Gecko) Chrome/152.0.7977.82 Mobile Safari/537.36 (compatible; Googlebot/2.1; +http://www.google.com/bot.html)"
66.249.79.2 - - [13/Sep/2026:16:42:24 +0300] "GET /index.php/zinynas-keliaujantiems?sale/search/detail/?ITMCODE=52002906873 HTTP/1.1" 200 203105 "-" "Mozilla/5.0 (Linux; Android 6.0.1; Nexus 5X Build/MMB29P) AppleWebKit/537.36 (KHTML, like Gecko) Chrome/152.0.7977.82 Mobile Safari/537.36 (compatible; Googlebot/2.1; +http://www.google.com/bot.html)"
66.249.79.1 - - [13/Sep/2026:16:42:28 +0300] "GET /index.php/zinynas-keliaujantiems?sale/search/detail/?ITMCODE=5195370633 HTTP/1.1" 200 209978 "-" "Mozilla/5.0 (Linux; Android 6.0.1; Nexus 5X Build/MMB29P) AppleWebKit/537.36 (KHTML, like Gecko) Chrome/152.0.7977.82 Mobile Safari/537.36 (compatible; Googlebot/2.1; +http://www.google.com/bot.html)"
66.249.79.2 - - [13/Sep/2026:16:42:32 +0300] "GET /index.php/zinynas-keliaujantiems?sale/search/detail/?ITMCODE=5196763986 HTTP/1.1" 200 204939 "-" "Mozilla/5.0 (Linux; Android 6.0.1; Nexus 5X Build/MMB29P) AppleWebKit/537.36 (KHTML, like Gecko) Chrome/152.0.7977.82 Mobile Safari/537.36 (compatible; Googlebot/2.1; +http://www.google.com/bot.html)"
66.249.79.1 - - [13/Sep/2026:16:42:33 +0300] "GET /?sale/search/detail/?ITMCODE=51992333535 HTTP/1.1" 200 194975 "-" "Mozilla/5.0 (Linux; Android 6.0.1; Nexus 5X Build/MMB29P) AppleWebKit/537.36 (KHTML, like Gecko) Chrome/152.0.7977.82 Mobile Safari/537.36 (compatible; Googlebot/2.1; +http://www.google.com/bot.html)"
66.249.79.2 - - [13/Sep/2026:16:42:36 +0300] "GET /index.php/zinynas-keliaujantiems?sale/search/detail/?ITMCODE=51992034734 HTTP/1.1" 200 202994 "-" "Mozilla/5.0 (Linux; Android 6.0.1; Nexus 5X Build/MMB29P) AppleWebKit/537.36 (KHTML, like Gecko) Chrome/152.0.7977.82 Mobile Safari/537.36 (compatible; Googlebot/2.1; +http://www.google.com/bot.html)"
85.208.96.209 - - [13/Sep/2026:16:42:38 +0300] "GET /?sale%2Fsearch%2Fdetail%2F%3FITMCODE=51971428620 HTTP/1.1" 200 31562 "-" "Mozilla/5.0 (compatible; SemrushBot/7~bl; +http://www.semrush.com/bot.html)"
66.249.79.2 - - [13/Sep/2026:16:42:38 +0300] "GET /?sale/search/detail/?ITMCODE=5195194523 HTTP/1.1" 200 207201 "-" "Mozilla/5.0 (Linux; Android 6.0.1; Nexus 5X Build/MMB29P) AppleWebKit/537.36 (KHTML, like Gecko) Chrome/152.0.7977.82 Mobile Safari/537.36 (compatible; Googlebot/2.1; +http://www.google.com/bot.html)"
66.249.79.1 - - [13/Sep/2026:16:42:38 +0300] "GET /index.php/paslaugos?sale/search/detail/?ITMCODE=5196906574 HTTP/1.1" 200 215852 "-" "Mozilla/5.0 (Linux; Android 6.0.1; Nexus 5X Build/MMB29P) AppleWebKit/537.36 (KHTML, like Gecko) Chrome/152.0.7977.82 Mobile Safari/537.36 (compatible; Googlebot/2.1; +http://www.google.com/bot.html)"
66.249.79.2 - - [13/Sep/2026:16:42:38 +0300] "GET /index.php/zinynas-keliaujantiems?sale/search/detail/?ITMCODE=5196673132 HTTP/1.1" 200 205584 "-" "Mozilla/5.0 (Linux; Android 6.0.1; Nexus 5X Build/MMB29P) AppleWebKit/537.36 (KHTML, like Gecko) Chrome/152.0.7977.82 Mobile Safari/537.36 (compatible; Googlebot/2.1; +http://www.google.com/bot.html)"
66.249.79.2 - - [13/Sep/2026:16:42:40 +0300] "GET /index.php/zinynas-keliaujantiems?sale/search/detail/?ITMCODE=51971428368 HTTP/1.1" 200 208190 "-" "Mozilla/5.0 (Linux; Android 6.0.1; Nexus 5X Build/MMB29P) AppleWebKit/537.36 (KHTML, like Gecko) Chrome/152.0.7977.82 Mobile Safari/537.36 (compatible; Googlebot/2.1; +http://www.google.com/bot.html)"
66.249.79.2 - - [13/Sep/2026:16:42:43 +0300] "GET /?sale/search/detail/?ITMCODE=52002695261 HTTP/1.1" 200 198743 "-" "Mozilla/5.0 (Linux; Android 6.0.1; Nexus 5X Build/MMB29P) AppleWebKit/537.36 (KHTML, like Gecko) Chrome/152.0.7977.82 Mobile Safari/537.36 (compatible; Googlebot/2.1; +http://www.google.com/bot.html)"
66.249.79.3 - - [13/Sep/2026:16:42:45 +0300] "GET /index.php/zinynas-keliaujantiems?sale/search/detail/?ITMCODE=51971229811 HTTP/1.1" 200 207209 "-" "Mozilla/5.0 (Linux; Android 6.0.1; Nexus 5X Build/MMB29P) AppleWebKit/537.36 (KHTML, like Gecko) Chrome/152.0.7977.82 Mobile Safari/537.36 (compatible; Googlebot/2.1; +http://www.google.com/bot.html)"
57.141.20.45 - - [13/Sep/2026:16:42:47 +0300] "GET /index.php/component/search/?sale/search/detail/?ITMCODE=519843500487&id=1&Itemid=437&format=opensearch HTTP/2.0" 200 559 "-" "Mozilla/5.0 (Windows NT 10.0; Win64; x64) AppleWebKit/537.36 (KHTML, like Gecko) Chrome/145.0.0.0 Safari/537.36 (compatible; meta-externalagent/1.1 (+https://developers.facebook.com/docs/sharing/webmasters/crawler))"
66.249.79.4 - - [13/Sep/2026:16:42:47 +0300] "GET /shop/pg/51971062157 HTTP/1.1" 200 195642 "-" "Mozilla/5.0 (Linux; Android 6.0.1; Nexus 5X Build/MMB29P) AppleWebKit/537.36 (KHTML, like Gecko) Chrome/152.0.7977.82 Mobile Safari/537.36 (compatible; Googlebot/2.1; +http://www.google.com/bot.html)"
66.249.79.3 - - [13/Sep/2026:16:42:48 +0300] "GET /index.php/zinynas-keliaujantiems?sale/search/detail/?ITMCODE=52002640888 HTTP/1.1" 200 202524 "-" "Mozilla/5.0 (Linux; Android 6.0.1; Nexus 5X Build/MMB29P) AppleWebKit/537.36 (KHTML, like Gecko) Chrome/152.0.7977.82 Mobile Safari/537.36 (compatible; Googlebot/2.1; +http://www.google.com/bot.html)"
66.249.79.2 - - [13/Sep/2026:16:42:49 +0300] "GET /index.php/zinynas-keliaujantiems?sale/search/detail/?ITMCODE=51992242951 HTTP/1.1" 200 209629 "-" "Mozilla/5.0 (Linux; Android 6.0.1; Nexus 5X Build/MMB29P) AppleWebKit/537.36 (KHTML, like Gecko) Chrome/152.0.7977.82 Mobile Safari/537.36 (compatible; Googlebot/2.1; +http://www.google.com/bot.html)"
66.249.79.1 - - [13/Sep/2026:16:42:50 +0300] "GET /index.php/zinynas-keliaujantiems?sale/search/detail/?ITMCODE=52002773469 HTTP/1.1" 200 215673 "-" "Mozilla/5.0 (Linux; Android 6.0.1; Nexus 5X Build/MMB29P) AppleWebKit/537.36 (KHTML, like Gecko) Chrome/152.0.7977.82 Mobile Safari/537.36 (compatible; Googlebot/2.1; +http://www.google.com/bot.html)"
66.249.79.4 - - [13/Sep/2026:16:42:52 +0300] "GET /sale/search/detail/?ITMCODE=51992483760 HTTP/1.1" 200 196702 "-" "Mozilla/5.0 (Linux; Android 6.0.1; Nexus 5X Build/MMB29P) AppleWebKit/537.36 (KHTML, like Gecko) Chrome/152.0.7977.82 Mobile Safari/537.36 (compatible; Googlebot/2.1; +http://www.google.com/bot.html)"
85.208.96.193 - - [13/Sep/2026:16:42:52 +0300] "GET /?sale%2Fsearch%2Fdetail%2F%3FITMCODE=519938185408 HTTP/1.1" 200 31563 "-" "Mozilla/5.0 (compatible; SemrushBot/7~bl; +http://www.semrush.com/bot.html)"
66.249.79.1 - - [13/Sep/2026:16:42:53 +0300] "GET /index.php/paslaugos?sale/search/detail/?ITMCODE=51992334767 HTTP/1.1" 200 198423 "-" "Mozilla/5.0 (Linux; Android 6.0.1; Nexus 5X Build/MMB29P) AppleWebKit/537.36 (KHTML, like Gecko) Chrome/152.0.7977.82 Mobile Safari/537.36 (compatible; Googlebot/2.1; +http://www.google.com/bot.html)"
66.249.79.2 - - [13/Sep/2026:16:42:55 +0300] "GET /index.php/zinynas-keliaujantiems?sale/search/detail/?ITMCODE=51971491522 HTTP/1.1" 200 204711 "-" "Mozilla/5.0 (Linux; Android 6.0.1; Nexus 5X Build/MMB29P) AppleWebKit/537.36 (KHTML, like Gecko) Chrome/152.0.7977.82 Mobile Safari/537.36 (compatible; Googlebot/2.1; +http://www.google.com/bot.html)"
66.249.79.2 - - [13/Sep/2026:16:42:55 +0300] "GET /?sale/search/detail/?ITMCODE=5196673055 HTTP/1.1" 200 195685 "-" "Mozilla/5.0 (Linux; Android 6.0.1; Nexus 5X Build/MMB29P) AppleWebKit/537.36 (KHTML, like Gecko) Chrome/152.0.7977.82 Mobile Safari/537.36 (compatible; Googlebot/2.1; +http://www.google.com/bot.html)"
66.249.79.5 - - [13/Sep/2026:16:42:58 +0300] "GET /?sale/search/detail/?ITMCODE=51981846671 HTTP/1.1" 200 194713 "-" "Mozilla/5.0 (Linux; Android 6.0.1; Nexus 5X Build/MMB29P) AppleWebKit/537.36 (KHTML, like Gecko) Chrome/152.0.7977.82 Mobile Safari/537.36 (compatible; Googlebot/2.1; +http://www.google.com/bot.html)"
66.249.79.2 - - [13/Sep/2026:16:42:59 +0300] "GET /sale/search/detail/?ITMCODE=51981545965 HTTP/1.1" 200 199241 "-" "Mozilla/5.0 (Linux; Android 6.0.1; Nexus 5X Build/MMB29P) AppleWebKit/537.36 (KHTML, like Gecko) Chrome/152.0.7977.82 Mobile Safari/537.36 (compatible; Googlebot/2.1; +http://www.google.com/bot.html)"
66.249.79.3 - - [13/Sep/2026:16:43:04 +0300] "GET /?sale/search/detail/?ITMCODE=51992126708 HTTP/1.1" 200 208805 "-" "Mozilla/5.0 (Linux; Android 6.0.1; Nexus 5X Build/MMB29P) AppleWebKit/537.36 (KHTML, like Gecko) Chrome/152.0.7977.82 Mobile Safari/537.36 (compatible; Googlebot/2.1; +http://www.google.com/bot.html)"
66.249.79.1 - - [13/Sep/2026:16:43:05 +0300] "GET /?sale/search/detail/?ITMCODE=52002803701 HTTP/1.1" 200 196150 "-" "Mozilla/5.0 (Linux; Android 6.0.1; Nexus 5X Build/MMB29P) AppleWebKit/537.36 (KHTML, like Gecko) Chrome/152.0.7977.82 Mobile Safari/537.36 (compatible; Googlebot/2.1; +http://www.google.com/bot.html)"
66.249.79.3 - - [13/Sep/2026:16:43:07 +0300] "GET /index.php/zinynas-keliaujantiems?sale/search/detail/?ITMCODE=51992484369 HTTP/1.1" 200 204954 "-" "Mozilla/5.0 (Linux; Android 6.0.1; Nexus 5X Build/MMB29P) AppleWebKit/537.36 (KHTML, like Gecko) Chrome/152.0.7977.82 Mobile Safari/537.36 (compatible; Googlebot/2.1; +http://www.google.com/bot.html)"
66.249.79.1 - - [13/Sep/2026:16:43:10 +0300] "GET /?sale/search/detail/?ITMCODE=5196565113 HTTP/1.1" 200 197328 "-" "Mozilla/5.0 (Linux; Android 6.0.1; Nexus 5X Build/MMB29P) AppleWebKit/537.36 (KHTML, like Gecko) Chrome/152.0.7977.82 Mobile Safari/537.36 (compatible; Googlebot/2.1; +http://www.google.com/bot.html)"
66.249.79.1 - - [13/Sep/2026:16:43:14 +0300] "GET /index.php/zinynas-keliaujantiems?sale/search/detail/?ITMCODE=51992093033 HTTP/1.1" 200 212963 "-" "Mozilla/5.0 (Linux; Android 6.0.1; Nexus 5X Build/MMB29P) AppleWebKit/537.36 (KHTML, like Gecko) Chrome/152.0.7977.82 Mobile Safari/537.36 (compatible; Googlebot/2.1; +http://www.google.com/bot.html)"
66.249.79.2 - - [13/Sep/2026:16:43:18 +0300] "GET /index.php/zinynas-keliaujantiems?sale/search/detail/?ITMCODE=52002763582 HTTP/1.1" 200 203200 "-" "Mozilla/5.0 (Linux; Android 6.0.1; Nexus 5X Build/MMB29P) AppleWebKit/537.36 (KHTML, like Gecko) Chrome/152.0.7977.82 Mobile Safari/537.36 (compatible; Googlebot/2.1; +http://www.google.com/bot.html)"
66.249.79.1 - - [13/Sep/2026:16:43:18 +0300] "GET /index.php/zinynas-keliaujantiems?sale/search/detail/?ITMCODE=5196698948 HTTP/1.1" 200 211236 "-" "Mozilla/5.0 (Linux; Android 6.0.1; Nexus 5X Build/MMB29P) AppleWebKit/537.36 (KHTML, like Gecko) Chrome/152.0.7977.82 Mobile Safari/537.36 (compatible; Googlebot/2.1; +http://www.google.com/bot.html)"
66.249.79.1 - - [13/Sep/2026:16:43:20 +0300] "GET /shop/pg/5196947372 HTTP/1.1" 200 196653 "-" "Mozilla/5.0 (Linux; Android 6.0.1; Nexus 5X Build/MMB29P) AppleWebKit/537.36 (KHTML, like Gecko) Chrome/152.0.7977.82 Mobile Safari/537.36 (compatible; Googlebot/2.1; +http://www.google.com/bot.html)"
66.249.79.1 - - [13/Sep/2026:16:43:23 +0300] "GET /index.php/zinynas-keliaujantiems?sale/search/detail/?ITMCODE=52002572938 HTTP/1.1" 200 203658 "-" "Mozilla/5.0 (Linux; Android 6.0.1; Nexus 5X Build/MMB29P) AppleWebKit/537.36 (KHTML, like Gecko) Chrome/152.0.7977.82 Mobile Safari/537.36 (compatible; Googlebot/2.1; +http://www.google.com/bot.html)"
66.249.79.1 - - [13/Sep/2026:16:43:23 +0300] "GET /sale/search/detail/?ITMCODE=5196760532 HTTP/1.1" 200 210107 "-" "Mozilla/5.0 (Linux; Android 6.0.1; Nexus 5X Build/MMB29P) AppleWebKit/537.36 (KHTML, like Gecko) Chrome/152.0.7977.82 Mobile Safari/537.36 (compatible; Googlebot/2.1; +http://www.google.com/bot.html)"
85.208.96.211 - - [13/Sep/2026:16:43:29 +0300] "GET /?sale%2Fsearch%2Fdetail%2F%3FITMCODE=51963584645 HTTP/1.1" 200 31562 "-" "Mozilla/5.0 (compatible; SemrushBot/7~bl; +http://www.semrush.com/bot.html)"
66.249.79.1 - - [13/Sep/2026:16:43:30 +0300] "GET /index.php/zinynas-keliaujantiems?sale/search/detail/?ITMCODE=5196989102 HTTP/1.1" 200 205068 "-" "Mozilla/5.0 (Linux; Android 6.0.1; Nexus 5X Build/MMB29P) AppleWebKit/537.36 (KHTML, like Gecko) Chrome/152.0.7977.82 Mobile Safari/537.36 (compatible; Googlebot/2.1; +http://www.google.com/bot.html)"
85.208.96.204 - - [13/Sep/2026:16:43:32 +0300] "GET /?sale%2Fsearch%2Fdetail%2F%3FITMCODE=520056988665 HTTP/1.1" 200 31563 "-" "Mozilla/5.0 (compatible; SemrushBot/7~bl; +http://www.semrush.com/bot.html)"
66.249.79.2 - - [13/Sep/2026:16:43:33 +0300] "GET /?sale/search/detail/?ITMCODE=52002512431 HTTP/1.1" 200 197242 "-" "Mozilla/5.0 (Linux; Android 6.0.1; Nexus 5X Build/MMB29P) AppleWebKit/537.36 (KHTML, like Gecko) Chrome/152.0.7977.82 Mobile Safari/537.36 (compatible; Googlebot/2.1; +http://www.google.com/bot.html)"
66.249.79.2 - - [13/Sep/2026:16:43:35 +0300] "GET /index.php/zinynas-keliaujantiems?sale/search/detail/?ITMCODE=51981639756 HTTP/1.1" 200 210369 "-" "Mozilla/5.0 (Linux; Android 6.0.1; Nexus 5X Build/MMB29P) AppleWebKit/537.36 (KHTML, like Gecko) Chrome/152.0.7977.82 Mobile Safari/537.36 (compatible; Googlebot/2.1; +http://www.google.com/bot.html)"
66.249.79.3 - - [13/Sep/2026:16:43:38 +0300] "GET /sale/search/detail/?ITMCODE=5196984891 HTTP/1.1" 200 199995 "-" "Mozilla/5.0 (Linux; Android 6.0.1; Nexus 5X Build/MMB29P) AppleWebKit/537.36 (KHTML, like Gecko) Chrome/152.0.7977.82 Mobile Safari/537.36 (compatible; Googlebot/2.1; +http://www.google.com/bot.html)"
66.249.79.3 - - [13/Sep/2026:16:43:40 +0300] "GET /index.php/zinynas-keliaujantiems?sale/search/detail/?ITMCODE=5195181555 HTTP/1.1" 200 211193 "-" "Mozilla/5.0 (Linux; Android 6.0.1; Nexus 5X Build/MMB29P) AppleWebKit/537.36 (KHTML, like Gecko) Chrome/152.0.7977.82 Mobile Safari/537.36 (compatible; Googlebot/2.1; +http://www.google.com/bot.html)"
66.249.79.1 - - [13/Sep/2026:16:43:43 +0300] "GET /index.php/paslaugos?sale/search/detail/?ITMCODE=51971112466 HTTP/1.1" 200 205175 "-" "Mozilla/5.0 (Linux; Android 6.0.1; Nexus 5X Build/MMB29P) AppleWebKit/537.36 (KHTML, like Gecko) Chrome/152.0.7977.82 Mobile Safari/537.36 (compatible; Googlebot/2.1; +http://www.google.com/bot.html)"
66.249.79.2 - - [13/Sep/2026:16:43:44 +0300] "GET /index.php/zinynas-keliaujantiems?sale/search/detail/?ITMCODE=51981645595 HTTP/1.1" 200 210655 "-" "Mozilla/5.0 (Linux; Android 6.0.1; Nexus 5X Build/MMB29P) AppleWebKit/537.36 (KHTML, like Gecko) Chrome/152.0.7977.82 Mobile Safari/537.36 (compatible; Googlebot/2.1; +http://www.google.com/bot.html)"
66.249.79.3 - - [13/Sep/2026:16:43:46 +0300] "GET /shop/pg/51992445724 HTTP/1.1" 200 197715 "-" "Mozilla/5.0 (Linux; Android 6.0.1; Nexus 5X Build/MMB29P) AppleWebKit/537.36 (KHTML, like Gecko) Chrome/152.0.7977.82 Mobile Safari/537.36 (compatible; Googlebot/2.1; +http://www.google.com/bot.html)"
66.249.79.3 - - [13/Sep/2026:16:43:47 +0300] "GET /index.php/zinynas-keliaujantiems?sale/search/detail/?ITMCODE=5195160224 HTTP/1.1" 200 202591 "-" "Mozilla/5.0 (Linux; Android 6.0.1; Nexus 5X Build/MMB29P) AppleWebKit/537.36 (KHTML, like Gecko) Chrome/152.0.7977.82 Mobile Safari/537.36 (compatible; Googlebot/2.1; +http://www.google.com/bot.html)"
85.208.96.196 - - [13/Sep/2026:16:43:50 +0300] "GET /?sale%2Fsearch%2Fdetail%2F%3FITMCODE=51995129413 HTTP/1.1" 200 31562 "-" "Mozilla/5.0 (compatible; SemrushBot/7~bl; +http://www.semrush.com/bot.html)"
66.249.79.3 - - [13/Sep/2026:16:43:51 +0300] "GET /index.php/zinynas-keliaujantiems?sale/search/detail/?ITMCODE=5196638789 HTTP/1.1" 200 209072 "-" "Mozilla/5.0 (Linux; Android 6.0.1; Nexus 5X Build/MMB29P) AppleWebKit/537.36 (KHTML, like Gecko) Chrome/152.0.7977.82 Mobile Safari/537.36 (compatible; Googlebot/2.1; +http://www.google.com/bot.html)"
66.249.79.3 - - [13/Sep/2026:16:43:53 +0300] "GET /index.php/zinynas-keliaujantiems?sale/search/detail/?ITMCODE=5196819360 HTTP/1.1" 200 204144 "-" "Mozilla/5.0 (Linux; Android 6.0.1; Nexus 5X Build/MMB29P) AppleWebKit/537.36 (KHTML, like Gecko) Chrome/152.0.7977.82 Mobile Safari/537.36 (compatible; Googlebot/2.1; +http://www.google.com/bot.html)"
66.249.79.4 - - [13/Sep/2026:16:43:55 +0300] "GET /index.php/zinynas-keliaujantiems?sale/search/detail/?ITMCODE=51992458464 HTTP/1.1" 200 203675 "-" "Mozilla/5.0 (Linux; Android 6.0.1; Nexus 5X Build/MMB29P) AppleWebKit/537.36 (KHTML, like Gecko) Chrome/152.0.7977.82 Mobile Safari/537.36 (compatible; Googlebot/2.1; +http://www.google.com/bot.html)"
66.249.79.2 - - [13/Sep/2026:16:44:02 +0300] "GET /?sale/search/detail/?ITMCODE=51971111744 HTTP/1.1" 200 195656 "-" "Mozilla/5.0 (Linux; Android 6.0.1; Nexus 5X Build/MMB29P) AppleWebKit/537.36 (KHTML, like Gecko) Chrome/152.0.7977.82 Mobile Safari/537.36 (compatible; Googlebot/2.1; +http://www.google.com/bot.html)"
66.249.79.1 - - [13/Sep/2026:16:44:10 +0300] "GET /index.php/paslaugos?sale/search/detail/?ITMCODE=51971374642 HTTP/1.1" 200 200089 "-" "Mozilla/5.0 (Linux; Android 6.0.1; Nexus 5X Build/MMB29P) AppleWebKit/537.36 (KHTML, like Gecko) Chrome/152.0.7977.82 Mobile Safari/537.36 (compatible; Googlebot/2.1; +http://www.google.com/bot.html)"
40.77.167.26 - - [13/Sep/2026:16:44:14 +0300] "GET /?shop/c/c51971000026/ HTTP/2.0" 200 270686 "-" "Mozilla/5.0 AppleWebKit/537.36 (KHTML, like Gecko; compatible; bingbot/2.0; +http://www.bing.com/bingbot.htm) Chrome/116.0.1938.76 Safari/537.36"
66.249.79.1 - - [13/Sep/2026:16:44:14 +0300] "GET /index.php/paslaugos?sale/search/detail/?ITMCODE=51971325373 HTTP/1.1" 200 205802 "-" "Mozilla/5.0 (Linux; Android 6.0.1; Nexus 5X Build/MMB29P) AppleWebKit/537.36 (KHTML, like Gecko) Chrome/152.0.7977.82 Mobile Safari/537.36 (compatible; Googlebot/2.1; +http://www.google.com/bot.html)"
66.249.79.1 - - [13/Sep/2026:16:44:16 +0300] "GET /index.php/zinynas-keliaujantiems?sale/search/detail/?ITMCODE=51981652366 HTTP/1.1" 200 213756 "-" "Mozilla/5.0 (Linux; Android 6.0.1; Nexus 5X Build/MMB29P) AppleWebKit/537.36 (KHTML, like Gecko) Chrome/152.0.7977.82 Mobile Safari/537.36 (compatible; Googlebot/2.1; +http://www.google.com/bot.html)"
66.249.79.1 - - [13/Sep/2026:16:44:16 +0300] "GET /sale/search/detail/?ITMCODE=51992239111 HTTP/1.1" 200 197915 "-" "Mozilla/5.0 (Linux; Android 6.0.1; Nexus 5X Build/MMB29P) AppleWebKit/537.36 (KHTML, like Gecko) Chrome/152.0.7977.82 Mobile Safari/537.36 (compatible; Googlebot/2.1; +http://www.google.com/bot.html)"
66.249.79.1 - - [13/Sep/2026:16:44:17 +0300] "GET /?sale/search/detail/?ITMCODE=51971277452 HTTP/1.1" 200 201259 "-" "Mozilla/5.0 (Linux; Android 6.0.1; Nexus 5X Build/MMB29P) AppleWebKit/537.36 (KHTML, like Gecko) Chrome/152.0.7977.82 Mobile Safari/537.36 (compatible; Googlebot/2.1; +http://www.google.com/bot.html)"
57.141.20.4 - - [13/Sep/2026:16:44:19 +0300] "GET /index.php/component/search/?sale/search/detail/?ITMCODE=519816927468&id=1&Itemid=437&format=opensearch HTTP/2.0" 200 585 "-" "Mozilla/5.0 (Windows NT 10.0; Win64; x64) AppleWebKit/537.36 (KHTML, like Gecko) Chrome/145.0.0.0 Safari/537.36 (compatible; meta-externalagent/1.1 (+https://developers.facebook.com/docs/sharing/webmasters/crawler))"
66.249.79.2 - - [13/Sep/2026:16:44:24 +0300] "GET /index.php/zinynas-keliaujantiems?sale/search/detail/?ITMCODE=5196630872 HTTP/1.1" 200 221307 "-" "Mozilla/5.0 (Linux; Android 6.0.1; Nexus 5X Build/MMB29P) AppleWebKit/537.36 (KHTML, like Gecko) Chrome/152.0.7977.82 Mobile Safari/537.36 (compatible; Googlebot/2.1; +http://www.google.com/bot.html)"
66.249.79.2 - - [13/Sep/2026:16:44:25 +0300] "GET /index.php/zinynas-keliaujantiems?sale/search/detail/?ITMCODE=51992271020 HTTP/1.1" 200 207379 "-" "Mozilla/5.0 (Linux; Android 6.0.1; Nexus 5X Build/MMB29P) AppleWebKit/537.36 (KHTML, like Gecko) Chrome/152.0.7977.82 Mobile Safari/537.36 (compatible; Googlebot/2.1; +http://www.google.com/bot.html)"
66.249.79.1 - - [13/Sep/2026:16:44:35 +0300] "GET /index.php/zinynas-keliaujantiems?sale/search/detail/?ITMCODE=52002730461 HTTP/1.1" 200 239067 "-" "Mozilla/5.0 (Linux; Android 6.0.1; Nexus 5X Build/MMB29P) AppleWebKit/537.36 (KHTML, like Gecko) Chrome/152.0.7977.82 Mobile Safari/537.36 (compatible; Googlebot/2.1; +http://www.google.com/bot.html)"
66.249.79.2 - - [13/Sep/2026:16:44:36 +0300] "GET /index.php/zinynas-keliaujantiems?sale/search/detail/?ITMCODE=51992245570 HTTP/1.1" 200 208386 "-" "Mozilla/5.0 (Linux; Android 6.0.1; Nexus 5X Build/MMB29P) AppleWebKit/537.36 (KHTML, like Gecko) Chrome/152.0.7977.82 Mobile Safari/537.36 (compatible; Googlebot/2.1; +http://www.google.com/bot.html)"
66.249.79.1 - - [13/Sep/2026:16:44:40 +0300] "GET /?sale/search/detail/?ITMCODE=51971189154 HTTP/1.1" 200 200355 "-" "Mozilla/5.0 (Linux; Android 6.0.1; Nexus 5X Build/MMB29P) AppleWebKit/537.36 (KHTML, like Gecko) Chrome/152.0.7977.82 Mobile Safari/537.36 (compatible; Googlebot/2.1; +http://www.google.com/bot.html)"
40.77.167.14 - - [13/Sep/2026:16:44:41 +0300] "GET /?sale/search/detail/?ITMCODE=519554383775 HTTP/2.0" 200 199836 "-" "Mozilla/5.0 AppleWebKit/537.36 (KHTML, like Gecko; compatible; bingbot/2.0; +http://www.bing.com/bingbot.htm) Chrome/116.0.1938.76 Safari/537.36"
66.249.79.1 - - [13/Sep/2026:16:44:42 +0300] "GET /index.php/zinynas-keliaujantiems?sale/search/detail/?ITMCODE=51971293832 HTTP/1.1" 200 226168 "-" "Mozilla/5.0 (Linux; Android 6.0.1; Nexus 5X Build/MMB29P) AppleWebKit/537.36 (KHTML, like Gecko) Chrome/152.0.7977.82 Mobile Safari/537.36 (compatible; Googlebot/2.1; +http://www.google.com/bot.html)"
40.77.167.14 - - [13/Sep/2026:16:44:43 +0300] "GET /?sale/search/detail/?ITMCODE=519678634272 HTTP/2.0" 200 198819 "-" "Mozilla/5.0 AppleWebKit/537.36 (KHTML, like Gecko; compatible; bingbot/2.0; +http://www.bing.com/bingbot.htm) Chrome/116.0.1938.76 Safari/537.36"
40.77.167.14 - - [13/Sep/2026:16:44:44 +0300] "GET /?sale/search/detail/?ITMCODE=519725372545 HTTP/2.0" 200 203203 "-" "Mozilla/5.0 AppleWebKit/537.36 (KHTML, like Gecko; compatible; bingbot/2.0; +http://www.bing.com/bingbot.htm) Chrome/116.0.1938.76 Safari/537.36"
40.77.167.14 - - [13/Sep/2026:16:44:44 +0300] "GET /?sale/search/detail/?ITMCODE=520011649107 HTTP/2.0" 200 196855 "-" "Mozilla/5.0 AppleWebKit/537.36 (KHTML, like Gecko; compatible; bingbot/2.0; +http://www.bing.com/bingbot.htm) Chrome/116.0.1938.76 Safari/537.36"
66.249.79.1 - - [13/Sep/2026:16:44:44 +0300] "GET /?sale/search/detail/?ITMCODE=51981932455 HTTP/1.1" 200 210576 "-" "Mozilla/5.0 (Linux; Android 6.0.1; Nexus 5X Build/MMB29P) AppleWebKit/537.36 (KHTML, like Gecko) Chrome/152.0.7977.82 Mobile Safari/537.36 (compatible; Googlebot/2.1; +http://www.google.com/bot.html)"
40.77.167.14 - - [13/Sep/2026:16:44:45 +0300] "GET /?sale/search/detail/?ITMCODE=519813962643 HTTP/2.0" 200 198957 "-" "Mozilla/5.0 AppleWebKit/537.36 (KHTML, like Gecko; compatible; bingbot/2.0; +http://www.bing.com/bingbot.htm) Chrome/116.0.1938.76 Safari/537.36"
40.77.167.14 - - [13/Sep/2026:16:44:46 +0300] "GET /?sale/search/detail/?ITMCODE=519545176063 HTTP/2.0" 200 199264 "-" "Mozilla/5.0 AppleWebKit/537.36 (KHTML, like Gecko; compatible; bingbot/2.0; +http://www.bing.com/bingbot.htm) Chrome/116.0.1938.76 Safari/537.36"
40.77.167.14 - - [13/Sep/2026:16:44:46 +0300] "GET /?sale/search/detail/?ITMCODE=51992206161 HTTP/2.0" 200 206135 "-" "Mozilla/5.0 AppleWebKit/537.36 (KHTML, like Gecko; compatible; bingbot/2.0; +http://www.bing.com/bingbot.htm) Chrome/116.0.1938.76 Safari/537.36"
40.77.167.14 - - [13/Sep/2026:16:44:47 +0300] "GET /?sale/search/detail/?ITMCODE=51974275541 HTTP/2.0" 200 197162 "-" "Mozilla/5.0 AppleWebKit/537.36 (KHTML, like Gecko; compatible; bingbot/2.0; +http://www.bing.com/bingbot.htm) Chrome/116.0.1938.76 Safari/537.36"
40.77.167.14 - - [13/Sep/2026:16:44:47 +0300] "GET /?sale/search/detail/?ITMCODE=520080735274 HTTP/2.0" 200 209763 "-" "Mozilla/5.0 AppleWebKit/537.36 (KHTML, like Gecko; compatible; bingbot/2.0; +http://www.bing.com/bingbot.htm) Chrome/116.0.1938.76 Safari/537.36"
66.249.79.2 - - [13/Sep/2026:16:44:48 +0300] "GET /index.php/zinynas-keliaujantiems?sale/search/detail/?ITMCODE=51992315390 HTTP/1.1" 200 207711 "-" "Mozilla/5.0 (Linux; Android 6.0.1; Nexus 5X Build/MMB29P) AppleWebKit/537.36 (KHTML, like Gecko) Chrome/152.0.7977.82 Mobile Safari/537.36 (compatible; Googlebot/2.1; +http://www.google.com/bot.html)"
66.249.79.2 - - [13/Sep/2026:16:44:49 +0300] "GET /index.php/zinynas-keliaujantiems?sale/search/detail/?ITMCODE=51971427407 HTTP/1.1" 200 207451 "-" "Mozilla/5.0 (Linux; Android 6.0.1; Nexus 5X Build/MMB29P) AppleWebKit/537.36 (KHTML, like Gecko) Chrome/152.0.7977.82 Mobile Safari/537.36 (compatible; Googlebot/2.1; +http://www.google.com/bot.html)"
66.249.79.3 - - [13/Sep/2026:16:44:49 +0300] "GET /sale/search/detail/?ITMCODE=5195153334 HTTP/1.1" 200 201440 "-" "Mozilla/5.0 (Linux; Android 6.0.1; Nexus 5X Build/MMB29P) AppleWebKit/537.36 (KHTML, like Gecko) Chrome/152.0.7977.82 Mobile Safari/537.36 (compatible; Googlebot/2.1; +http://www.google.com/bot.html)"
66.249.79.1 - - [13/Sep/2026:16:44:54 +0300] "GET /?sale/search/detail/?ITMCODE=5196960781 HTTP/1.1" 200 197363 "-" "Mozilla/5.0 (Linux; Android 6.0.1; Nexus 5X Build/MMB29P) AppleWebKit/537.36 (KHTML, like Gecko) Chrome/152.0.7977.82 Mobile Safari/537.36 (compatible; Googlebot/2.1; +http://www.google.com/bot.html)"
66.249.79.2 - - [13/Sep/2026:16:44:56 +0300] "GET /index.php/zinynas-keliaujantiems?sale/search/detail/?ITMCODE=52002963593 HTTP/1.1" 200 209109 "-" "Mozilla/5.0 (Linux; Android 6.0.1; Nexus 5X Build/MMB29P) AppleWebKit/537.36 (KHTML, like Gecko) Chrome/152.0.7977.82 Mobile Safari/537.36 (compatible; Googlebot/2.1; +http://www.google.com/bot.html)"
114.119.137.116 - - [13/Sep/2026:16:44:57 +0300] "GET /?sale/search/detail/%3FITMCODE=51977191505 HTTP/1.1" 200 31590 "https://www.keliauk-uk.lt/?sitemap-shopdetail.xml" "Mozilla/5.0 (Linux; Android 7.0;) AppleWebKit/537.36 (HTML, like Gecko) Mobile Safari/537.36 (compatible; PetalBot;+https://webmaster.petalsearch.com/site/petalbot)"
207.46.13.51 - - [13/Sep/2026:16:44:57 +0300] "GET /?sale/search/detail/?ITMCODE=51977275310 HTTP/2.0" 200 192603 "-" "Mozilla/5.0 AppleWebKit/537.36 (KHTML, like Gecko; compatible; bingbot/2.0; +http://www.bing.com/bingbot.htm) Chrome/116.0.1938.76 Safari/537.36"
57.141.20.42 - - [13/Sep/2026:16:45:01 +0300] "GET /index.php/component/search/?sale/search/detail/?ITMCODE=519779099416&id=1&Itemid=437&format=opensearch HTTP/2.0" 200 585 "-" "Mozilla/5.0 (Windows NT 10.0; Win64; x64) AppleWebKit/537.36 (KHTML, like Gecko) Chrome/145.0.0.0 Safari/537.36 (compatible; meta-externalagent/1.1 (+https://developers.facebook.com/docs/sharing/webmasters/crawler))"
66.249.79.1 - - [13/Sep/2026:16:45:02 +0300] "GET /index.php/zinynas-keliaujantiems?sale/search/detail/?ITMCODE=5196693409 HTTP/1.1" 200 214414 "-" "Mozilla/5.0 (Linux; Android 6.0.1; Nexus 5X Build/MMB29P) AppleWebKit/537.36 (KHTML, like Gecko) Chrome/152.0.7977.82 Mobile Safari/537.36 (compatible; Googlebot/2.1; +http://www.google.com/bot.html)"
66.249.79.3 - - [13/Sep/2026:16:45:03 +0300] "GET /?sale/search/detail/?ITMCODE=51971193195 HTTP/1.1" 200 208225 "-" "Mozilla/5.0 (Linux; Android 6.0.1; Nexus 5X Build/MMB29P) AppleWebKit/537.36 (KHTML, like Gecko) Chrome/152.0.7977.82 Mobile Safari/537.36 (compatible; Googlebot/2.1; +http://www.google.com/bot.html)"
66.249.79.1 - - [13/Sep/2026:16:45:05 +0300] "GET /?sale/search/detail/?ITMCODE=51992100776 HTTP/1.1" 200 198887 "-" "Mozilla/5.0 (Linux; Android 6.0.1; Nexus 5X Build/MMB29P) AppleWebKit/537.36 (KHTML, like Gecko) Chrome/152.0.7977.82 Mobile Safari/537.36 (compatible; Googlebot/2.1; +http://www.google.com/bot.html)"
40.77.167.26 - - [13/Sep/2026:16:45:05 +0300] "GET /?sale/search/detail/?ITMCODE=51959219414 HTTP/2.0" 200 208213 "-" "Mozilla/5.0 AppleWebKit/537.36 (KHTML, like Gecko; compatible; bingbot/2.0; +http://www.bing.com/bingbot.htm) Chrome/116.0.1938.76 Safari/537.36"
207.46.13.51 - - [13/Sep/2026:16:45:04 +0300] "GET /?sale/search/detail/?ITMCODE=519642658463 HTTP/2.0" 200 199751 "-" "Mozilla/5.0 AppleWebKit/537.36 (KHTML, like Gecko; compatible; bingbot/2.0; +http://www.bing.com/bingbot.htm) Chrome/116.0.1938.76 Safari/537.36"
66.249.79.2 - - [13/Sep/2026:16:45:07 +0300] "GET /index.php/zinynas-keliaujantiems?sale/search/detail/?ITMCODE=51971405235 HTTP/1.1" 200 211162 "-" "Mozilla/5.0 (Linux; Android 6.0.1; Nexus 5X Build/MMB29P) AppleWebKit/537.36 (KHTML, like Gecko) Chrome/152.0.7977.82 Mobile Safari/537.36 (compatible; Googlebot/2.1; +http://www.google.com/bot.html)"
40.77.167.26 - - [13/Sep/2026:16:45:07 +0300] "GET /?sale/search/detail/?ITMCODE=519941197329 HTTP/2.0" 200 202335 "-" "Mozilla/5.0 AppleWebKit/537.36 (KHTML, like Gecko; compatible; bingbot/2.0; +http://www.bing.com/bingbot.htm) Chrome/116.0.1938.76 Safari/537.36"
40.77.167.26 - - [13/Sep/2026:16:45:08 +0300] "GET /?shop/c/c519610120/ HTTP/2.0" 200 273904 "-" "Mozilla/5.0 AppleWebKit/537.36 (KHTML, like Gecko; compatible; bingbot/2.0; +http://www.bing.com/bingbot.htm) Chrome/116.0.1938.76 Safari/537.36"
66.249.79.2 - - [13/Sep/2026:16:45:08 +0300] "GET /?sale/search/detail/?ITMCODE=5195262622 HTTP/1.1" 200 213017 "-" "Mozilla/5.0 (Linux; Android 6.0.1; Nexus 5X Build/MMB29P) AppleWebKit/537.36 (KHTML, like Gecko) Chrome/152.0.7977.82 Mobile Safari/537.36 (compatible; Googlebot/2.1; +http://www.google.com/bot.html)"
66.249.79.1 - - [13/Sep/2026:16:45:13 +0300] "GET /index.php/zinynas-keliaujantiems?sale/search/detail/?ITMCODE=52002892279 HTTP/1.1" 200 216493 "-" "Mozilla/5.0 (Linux; Android 6.0.1; Nexus 5X Build/MMB29P) AppleWebKit/537.36 (KHTML, like Gecko) Chrome/152.0.7977.82 Mobile Safari/537.36 (compatible; Googlebot/2.1; +http://www.google.com/bot.html)"
66.249.79.1 - - [13/Sep/2026:16:45:14 +0300] "GET /?sale/search/detail/?ITMCODE=5196826701 HTTP/1.1" 200 207317 "-" "Mozilla/5.0 (Linux; Android 6.0.1; Nexus 5X Build/MMB29P) AppleWebKit/537.36 (KHTML, like Gecko) Chrome/152.0.7977.82 Mobile Safari/537.36 (compatible; Googlebot/2.1; +http://www.google.com/bot.html)"
66.249.79.1 - - [13/Sep/2026:16:45:15 +0300] "GET /index.php/paslaugos?sale/search/detail/?ITMCODE=5195456330 HTTP/1.1" 200 199471 "-" "Mozilla/5.0 (Linux; Android 6.0.1; Nexus 5X Build/MMB29P) AppleWebKit/537.36 (KHTML, like Gecko) Chrome/152.0.7977.82 Mobile Safari/537.36 (compatible; Googlebot/2.1; +http://www.google.com/bot.html)"
66.249.79.2 - - [13/Sep/2026:16:45:17 +0300] "GET /index.php/zinynas-keliaujantiems?sale/search/detail/?ITMCODE=51971305212 HTTP/1.1" 200 240588 "-" "Mozilla/5.0 (Linux; Android 6.0.1; Nexus 5X Build/MMB29P) AppleWebKit/537.36 (KHTML, like Gecko) Chrome/152.0.7977.82 Mobile Safari/537.36 (compatible; Googlebot/2.1; +http://www.google.com/bot.html)"
66.249.79.1 - - [13/Sep/2026:16:45:18 +0300] "GET /index.php/paslaugos?sale/search/detail/?ITMCODE=52002676279 HTTP/1.1" 200 204056 "-" "Mozilla/5.0 (Linux; Android 6.0.1; Nexus 5X Build/MMB29P) AppleWebKit/537.36 (KHTML, like Gecko) Chrome/152.0.7977.82 Mobile Safari/537.36 (compatible; Googlebot/2.1; +http://www.google.com/bot.html)"
52.167.144.25 - - [13/Sep/2026:16:45:20 +0300] "GET /?sale/search/detail/?ITMCODE=51963874421 HTTP/2.0" 200 198341 "-" "Mozilla/5.0 AppleWebKit/537.36 (KHTML, like Gecko; compatible; bingbot/2.0; +http://www.bing.com/bingbot.htm) Chrome/116.0.1938.76 Safari/537.36"
52.167.144.25 - - [13/Sep/2026:16:45:21 +0300] "GET /?sale/search/detail/?ITMCODE=519687851320 HTTP/2.0" 200 196261 "-" "Mozilla/5.0 AppleWebKit/537.36 (KHTML, like Gecko; compatible; bingbot/2.0; +http://www.bing.com/bingbot.htm) Chrome/116.0.1938.76 Safari/537.36"
66.249.79.2 - - [13/Sep/2026:16:45:22 +0300] "GET /index.php/paslaugos?sale/search/detail/?ITMCODE=51981980614 HTTP/1.1" 200 206621 "-" "Mozilla/5.0 (Linux; Android 6.0.1; Nexus 5X Build/MMB29P) AppleWebKit/537.36 (KHTML, like Gecko) Chrome/152.0.7977.82 Mobile Safari/537.36 (compatible; Googlebot/2.1; +http://www.google.com/bot.html)"
52.167.144.25 - - [13/Sep/2026:16:45:23 +0300] "GET /?sale/search/detail/?ITMCODE=52005750786 HTTP/2.0" 200 195884 "-" "Mozilla/5.0 AppleWebKit/537.36 (KHTML, like Gecko; compatible; bingbot/2.0; +http://www.bing.com/bingbot.htm) Chrome/116.0.1938.76 Safari/537.36"
85.208.96.202 - - [13/Sep/2026:16:45:24 +0300] "GET /?sale%2Fsearch%2Fdetail%2F%3FITMCODE=51977467240 HTTP/1.1" 200 31561 "-" "Mozilla/5.0 (compatible; SemrushBot/7~bl; +http://www.semrush.com/bot.html)"
66.249.79.1 - - [13/Sep/2026:16:45:24 +0300] "GET /index.php/paslaugos?sale/search/detail/?ITMCODE=51971479581 HTTP/1.1" 200 213213 "-" "Mozilla/5.0 (Linux; Android 6.0.1; Nexus 5X Build/MMB29P) AppleWebKit/537.36 (KHTML, like Gecko) Chrome/152.0.7977.82 Mobile Safari/537.36 (compatible; Googlebot/2.1; +http://www.google.com/bot.html)"
207.46.13.51 - - [13/Sep/2026:16:45:28 +0300] "GET /?sale/search/detail/?ITMCODE=52005987389 HTTP/2.0" 200 197420 "-" "Mozilla/5.0 AppleWebKit/537.36 (KHTML, like Gecko; compatible; bingbot/2.0; +http://www.bing.com/bingbot.htm) Chrome/116.0.1938.76 Safari/537.36"
40.77.167.26 - - [13/Sep/2026:16:45:32 +0300] "GET /?sale/search/detail/?ITMCODE=51992136051 HTTP/2.0" 200 206064 "-" "Mozilla/5.0 AppleWebKit/537.36 (KHTML, like Gecko; compatible; bingbot/2.0; +http://www.bing.com/bingbot.htm) Chrome/116.0.1938.76 Safari/537.36"
40.77.167.26 - - [13/Sep/2026:16:45:33 +0300] "GET /sale/search/detail/?ITMCODE=5196634605 HTTP/2.0" 200 203363 "-" "Mozilla/5.0 AppleWebKit/537.36 (KHTML, like Gecko; compatible; bingbot/2.0; +http://www.bing.com/bingbot.htm) Chrome/116.0.1938.76 Safari/537.36"
40.77.167.14 - - [13/Sep/2026:16:45:32 +0300] "GET /?sale/search/detail/?ITMCODE=51984773145 HTTP/2.0" 200 200447 "-" "Mozilla/5.0 AppleWebKit/537.36 (KHTML, like Gecko; compatible; bingbot/2.0; +http://www.bing.com/bingbot.htm) Chrome/116.0.1938.76 Safari/537.36"
40.77.167.14 - - [13/Sep/2026:16:45:33 +0300] "GET /?sale/search/detail/?ITMCODE=519612605776 HTTP/2.0" 200 201481 "-" "Mozilla/5.0 AppleWebKit/537.36 (KHTML, like Gecko; compatible; bingbot/2.0; +http://www.bing.com/bingbot.htm) Chrome/116.0.1938.76 Safari/537.36"
40.77.167.14 - - [13/Sep/2026:16:45:34 +0300] "GET /?sale/search/detail/?ITMCODE=51956242393 HTTP/2.0" 200 202218 "-" "Mozilla/5.0 AppleWebKit/537.36 (KHTML, like Gecko; compatible; bingbot/2.0; +http://www.bing.com/bingbot.htm) Chrome/116.0.1938.76 Safari/537.36"
40.77.167.14 - - [13/Sep/2026:16:45:35 +0300] "GET /?sale/search/detail/?ITMCODE=520047707730 HTTP/2.0" 200 193357 "-" "Mozilla/5.0 AppleWebKit/537.36 (KHTML, like Gecko; compatible; bingbot/2.0; +http://www.bing.com/bingbot.htm) Chrome/116.0.1938.76 Safari/537.36"
207.46.13.51 - - [13/Sep/2026:16:45:34 +0300] "GET /?sale/search/detail/?ITMCODE=520062749197 HTTP/2.0" 200 214595 "-" "Mozilla/5.0 AppleWebKit/537.36 (KHTML, like Gecko; compatible; bingbot/2.0; +http://www.bing.com/bingbot.htm) Chrome/116.0.1938.76 Safari/537.36"
66.249.79.1 - - [13/Sep/2026:16:45:35 +0300] "GET /?sale/search/detail/?ITMCODE=51971413923 HTTP/1.1" 200 210442 "-" "Mozilla/5.0 (Linux; Android 6.0.1; Nexus 5X Build/MMB29P) AppleWebKit/537.36 (KHTML, like Gecko) Chrome/152.0.7977.82 Mobile Safari/537.36 (compatible; Googlebot/2.1; +http://www.google.com/bot.html)"
185.191.171.14 - - [13/Sep/2026:16:45:41 +0300] "GET /?sale%2Fsearch%2Fdetail%2F%3FITMCODE=519572374594 HTTP/1.1" 200 31562 "-" "Mozilla/5.0 (compatible; SemrushBot/7~bl; +http://www.semrush.com/bot.html)"
207.46.13.51 - - [13/Sep/2026:16:45:40 +0300] "GET /?sale/search/detail/?ITMCODE=51992374433 HTTP/2.0" 200 195253 "-" "Mozilla/5.0 AppleWebKit/537.36 (KHTML, like Gecko; compatible; bingbot/2.0; +http://www.bing.com/bingbot.htm) Chrome/116.0.1938.76 Safari/537.36"
40.77.167.27 - - [13/Sep/2026:16:45:42 +0300] "GET /?sale/search/detail/?ITMCODE=5196704239 HTTP/2.0" 200 201599 "-" "Mozilla/5.0 AppleWebKit/537.36 (KHTML, like Gecko; compatible; bingbot/2.0; +http://www.bing.com/bingbot.htm) Chrome/116.0.1938.76 Safari/537.36"
40.77.167.27 - - [13/Sep/2026:16:45:43 +0300] "GET /?sale/search/detail/?ITMCODE=51981893318 HTTP/2.0" 200 208970 "-" "Mozilla/5.0 AppleWebKit/537.36 (KHTML, like Gecko; compatible; bingbot/2.0; +http://www.bing.com/bingbot.htm) Chrome/116.0.1938.76 Safari/537.36"
40.77.167.27 - - [13/Sep/2026:16:45:44 +0300] "GET /?sale/search/detail/?ITMCODE=5196865126 HTTP/2.0" 200 203707 "-" "Mozilla/5.0 AppleWebKit/537.36 (KHTML, like Gecko; compatible; bingbot/2.0; +http://www.bing.com/bingbot.htm) Chrome/116.0.1938.76 Safari/537.36"
40.77.167.27 - - [13/Sep/2026:16:45:44 +0300] "GET /?sale/search/detail/?ITMCODE=51956317316 HTTP/2.0" 200 203761 "-" "Mozilla/5.0 AppleWebKit/537.36 (KHTML, like Gecko; compatible; bingbot/2.0; +http://www.bing.com/bingbot.htm) Chrome/116.0.1938.76 Safari/537.36"
40.77.167.27 - - [13/Sep/2026:16:45:45 +0300] "GET /?sale/search/detail/?ITMCODE=5196695274 HTTP/2.0" 200 208772 "-" "Mozilla/5.0 AppleWebKit/537.36 (KHTML, like Gecko; compatible; bingbot/2.0; +http://www.bing.com/bingbot.htm) Chrome/116.0.1938.76 Safari/537.36"
40.77.167.27 - - [13/Sep/2026:16:45:46 +0300] "GET /?sale/search/detail/?ITMCODE=51987770887 HTTP/2.0" 200 213933 "-" "Mozilla/5.0 AppleWebKit/537.36 (KHTML, like Gecko; compatible; bingbot/2.0; +http://www.bing.com/bingbot.htm) Chrome/116.0.1938.76 Safari/537.36"
40.77.167.27 - - [13/Sep/2026:16:45:46 +0300] "GET /?sale/search/detail/?ITMCODE=52002665718 HTTP/2.0" 200 206314 "-" "Mozilla/5.0 AppleWebKit/537.36 (KHTML, like Gecko; compatible; bingbot/2.0; +http://www.bing.com/bingbot.htm) Chrome/116.0.1938.76 Safari/537.36"
40.77.167.27 - - [13/Sep/2026:16:45:47 +0300] "GET /sale/search/detail/?ITMCODE=51992398276 HTTP/2.0" 200 220844 "-" "Mozilla/5.0 AppleWebKit/537.36 (KHTML, like Gecko; compatible; bingbot/2.0; +http://www.bing.com/bingbot.htm) Chrome/116.0.1938.76 Safari/537.36"
207.46.13.51 - - [13/Sep/2026:16:45:47 +0300] "GET /?sale/search/detail/?ITMCODE=51992076247 HTTP/2.0" 200 197037 "-" "Mozilla/5.0 AppleWebKit/537.36 (KHTML, like Gecko; compatible; bingbot/2.0; +http://www.bing.com/bingbot.htm) Chrome/116.0.1938.76 Safari/537.36"
66.249.79.1 - - [13/Sep/2026:16:45:48 +0300] "GET /index.php/paslaugos?sale/search/detail/?ITMCODE=5195309248 HTTP/1.1" 200 200991 "-" "Mozilla/5.0 (Linux; Android 6.0.1; Nexus 5X Build/MMB29P) AppleWebKit/537.36 (KHTML, like Gecko) Chrome/152.0.7977.82 Mobile Safari/537.36 (compatible; Googlebot/2.1; +http://www.google.com/bot.html)"
66.249.79.1 - - [13/Sep/2026:16:45:49 +0300] "GET /?sale/search/detail/?ITMCODE=51981948157 HTTP/1.1" 200 200317 "-" "Mozilla/5.0 (Linux; Android 6.0.1; Nexus 5X Build/MMB29P) AppleWebKit/537.36 (KHTML, like Gecko) Chrome/152.0.7977.82 Mobile Safari/537.36 (compatible; Googlebot/2.1; +http://www.google.com/bot.html)"
52.167.144.25 - - [13/Sep/2026:16:45:49 +0300] "GET /?sale/search/detail/?ITMCODE=519885643703 HTTP/2.0" 200 192967 "-" "Mozilla/5.0 AppleWebKit/537.36 (KHTML, like Gecko; compatible; bingbot/2.0; +http://www.bing.com/bingbot.htm) Chrome/116.0.1938.76 Safari/537.36"
207.46.13.51 - - [13/Sep/2026:16:45:49 +0300] "GET /?sale/search/detail/?ITMCODE=51977471018 HTTP/2.0" 200 196131 "-" "Mozilla/5.0 AppleWebKit/537.36 (KHTML, like Gecko; compatible; bingbot/2.0; +http://www.bing.com/bingbot.htm) Chrome/116.0.1938.76 Safari/537.36"
52.167.144.25 - - [13/Sep/2026:16:45:50 +0300] "GET /?sale/search/detail/?ITMCODE=519539194269 HTTP/2.0" 200 199703 "-" "Mozilla/5.0 AppleWebKit/537.36 (KHTML, like Gecko; compatible; bingbot/2.0; +http://www.bing.com/bingbot.htm) Chrome/116.0.1938.76 Safari/537.36"
66.249.79.1 - - [13/Sep/2026:16:45:50 +0300] "GET /index.php/paslaugos?sale/search/detail/?ITMCODE=51981675677 HTTP/1.1" 200 201868 "-" "Mozilla/5.0 (Linux; Android 6.0.1; Nexus 5X Build/MMB29P) AppleWebKit/537.36 (KHTML, like Gecko) Chrome/152.0.7977.82 Mobile Safari/537.36 (compatible; Googlebot/2.1; +http://www.google.com/bot.html)"
