74.7.243.247 - - [13/Sep/2026:17:32:51 +0300] "GET /?sale/search/detail/?ITMCODE=51966833353 HTTP/2.0" 200 31681 "https://keliauk-uk.lt.testams.vhost.lt/?sitemap-566.xml" "Mozilla/5.0 AppleWebKit/537.36 (KHTML, like Gecko; compatible; GPTBot/1.4; +https://openai.com/gptbot)"
74.7.243.247 - - [13/Sep/2026:17:32:52 +0300] "GET /?sale/search/detail/?ITMCODE=51966658684 HTTP/2.0" 200 31681 "https://keliauk-uk.lt.testams.vhost.lt/?sitemap-218.xml" "Mozilla/5.0 AppleWebKit/537.36 (KHTML, like Gecko; compatible; GPTBot/1.4; +https://openai.com/gptbot)"
74.7.243.247 - - [13/Sep/2026:17:32:52 +0300] "GET /?sale/search/detail/?ITMCODE=51963666268 HTTP/2.0" 200 31681 "https://keliauk-uk.lt.testams.vhost.lt/?sitemap-566.xml" "Mozilla/5.0 AppleWebKit/537.36 (KHTML, like Gecko; compatible; GPTBot/1.4; +https://openai.com/gptbot)"
74.7.243.247 - - [13/Sep/2026:17:32:53 +0300] "GET /?sale/search/detail/?ITMCODE=51977444756 HTTP/2.0" 200 31681 "https://keliauk-uk.lt.testams.vhost.lt/?sitemap-566.xml" "Mozilla/5.0 AppleWebKit/537.36 (KHTML, like Gecko; compatible; GPTBot/1.4; +https://openai.com/gptbot)"
74.7.243.247 - - [13/Sep/2026:17:32:53 +0300] "GET /?sale/search/detail/?ITMCODE=52002892226 HTTP/2.0" 200 31681 "https://keliauk-uk.lt.testams.vhost.lt/?sitemap-707.xml" "Mozilla/5.0 AppleWebKit/537.36 (KHTML, like Gecko; compatible; GPTBot/1.4; +https://openai.com/gptbot)"
66.249.79.1 - - [13/Sep/2026:17:32:53 +0300] "GET /index.php/zinynas-keliaujantiems?sale/search/detail/?ITMCODE=5195406263 HTTP/1.1" 200 203537 "-" "Mozilla/5.0 (Linux; Android 6.0.1; Nexus 5X Build/MMB29P) AppleWebKit/537.36 (KHTML, like Gecko) Chrome/152.0.7977.82 Mobile Safari/537.36 (compatible; Googlebot/2.1; +http://www.google.com/bot.html)"
74.7.243.247 - - [13/Sep/2026:17:32:54 +0300] "GET /?sale/search/detail/?ITMCODE=51969911158 HTTP/2.0" 200 31681 "https://keliauk-uk.lt.testams.vhost.lt/?sitemap-699.xml" "Mozilla/5.0 AppleWebKit/537.36 (KHTML, like Gecko; compatible; GPTBot/1.4; +https://openai.com/gptbot)"
74.7.243.247 - - [13/Sep/2026:17:32:55 +0300] "GET /?sale/search/detail/?ITMCODE=51995000791 HTTP/2.0" 200 31681 "https://keliauk-uk.lt.testams.vhost.lt/?sitemap-303.xml" "Mozilla/5.0 AppleWebKit/537.36 (KHTML, like Gecko; compatible; GPTBot/1.4; +https://openai.com/gptbot)"
74.7.243.247 - - [13/Sep/2026:17:32:55 +0300] "GET /?sale/search/detail/?ITMCODE=51977270999 HTTP/2.0" 200 31681 "https://keliauk-uk.lt.testams.vhost.lt/?sitemap-566.xml" "Mozilla/5.0 AppleWebKit/537.36 (KHTML, like Gecko; compatible; GPTBot/1.4; +https://openai.com/gptbot)"
74.7.243.247 - - [13/Sep/2026:17:32:56 +0300] "GET /?sale/search/detail/?ITMCODE=51966638899 HTTP/2.0" 200 31681 "https://keliauk-uk.lt.testams.vhost.lt/?sitemap-218.xml" "Mozilla/5.0 AppleWebKit/537.36 (KHTML, like Gecko; compatible; GPTBot/1.4; +https://openai.com/gptbot)"
74.7.243.247 - - [13/Sep/2026:17:32:56 +0300] "GET /?sale/search/detail/?ITMCODE=52005803999 HTTP/2.0" 200 31681 "https://keliauk-uk.lt.testams.vhost.lt/?sitemap-218.xml" "Mozilla/5.0 AppleWebKit/537.36 (KHTML, like Gecko; compatible; GPTBot/1.4; +https://openai.com/gptbot)"
74.7.243.247 - - [13/Sep/2026:17:32:57 +0300] "GET /?sale/search/detail/?ITMCODE=51987999186 HTTP/2.0" 200 31681 "https://keliauk-uk.lt.testams.vhost.lt/?sitemap-707.xml" "Mozilla/5.0 AppleWebKit/537.36 (KHTML, like Gecko; compatible; GPTBot/1.4; +https://openai.com/gptbot)"
74.7.243.247 - - [13/Sep/2026:17:32:57 +0300] "GET /?sale/search/detail/?ITMCODE=52005556763 HTTP/2.0" 200 31681 "https://keliauk-uk.lt.testams.vhost.lt/?sitemap-566.xml" "Mozilla/5.0 AppleWebKit/537.36 (KHTML, like Gecko; compatible; GPTBot/1.4; +https://openai.com/gptbot)"
52.167.144.169 - - [13/Sep/2026:17:32:57 +0300] "GET /?sale/search/detail/?ITMCODE=51956159071 HTTP/2.0" 200 197618 "-" "Mozilla/5.0 AppleWebKit/537.36 (KHTML, like Gecko; compatible; bingbot/2.0; +http://www.bing.com/bingbot.htm) Chrome/116.0.1938.76 Safari/537.36"
74.7.243.247 - - [13/Sep/2026:17:32:58 +0300] "GET /?sale/search/detail/?ITMCODE=51987933111 HTTP/2.0" 200 31681 "https://keliauk-uk.lt.testams.vhost.lt/?sitemap-303.xml" "Mozilla/5.0 AppleWebKit/537.36 (KHTML, like Gecko; compatible; GPTBot/1.4; +https://openai.com/gptbot)"
74.7.243.247 - - [13/Sep/2026:17:32:58 +0300] "GET /?sale/search/detail/?ITMCODE=51963755536 HTTP/2.0" 200 31681 "https://keliauk-uk.lt.testams.vhost.lt/?sitemap-707.xml" "Mozilla/5.0 AppleWebKit/537.36 (KHTML, like Gecko; compatible; GPTBot/1.4; +https://openai.com/gptbot)"
74.7.243.247 - - [13/Sep/2026:17:32:59 +0300] "GET /?sale/search/detail/?ITMCODE=51963555691 HTTP/2.0" 200 31681 "https://keliauk-uk.lt.testams.vhost.lt/?sitemap-707.xml" "Mozilla/5.0 AppleWebKit/537.36 (KHTML, like Gecko; compatible; GPTBot/1.4; +https://openai.com/gptbot)"
52.167.144.169 - - [13/Sep/2026:17:32:58 +0300] "GET /?sale/search/detail/?ITMCODE=51998291829 HTTP/2.0" 200 193747 "-" "Mozilla/5.0 AppleWebKit/537.36 (KHTML, like Gecko; compatible; bingbot/2.0; +http://www.bing.com/bingbot.htm) Chrome/116.0.1938.76 Safari/537.36"
74.7.243.247 - - [13/Sep/2026:17:32:59 +0300] "GET /?sale/search/detail/?ITMCODE=52002848222 HTTP/2.0" 200 31681 "https://keliauk-uk.lt.testams.vhost.lt/?sitemap-707.xml" "Mozilla/5.0 AppleWebKit/537.36 (KHTML, like Gecko; compatible; GPTBot/1.4; +https://openai.com/gptbot)"
52.167.144.169 - - [13/Sep/2026:17:32:59 +0300] "GET /?sale/search/detail/?ITMCODE=51969857976 HTTP/2.0" 200 200168 "-" "Mozilla/5.0 AppleWebKit/537.36 (KHTML, like Gecko; compatible; bingbot/2.0; +http://www.bing.com/bingbot.htm) Chrome/116.0.1938.76 Safari/537.36"
74.7.243.247 - - [13/Sep/2026:17:33:00 +0300] "GET /?sale/search/detail/?ITMCODE=52005922271 HTTP/2.0" 200 31681 "https://keliauk-uk.lt.testams.vhost.lt/?sitemap-303.xml" "Mozilla/5.0 AppleWebKit/537.36 (KHTML, like Gecko; compatible; GPTBot/1.4; +https://openai.com/gptbot)"
52.167.144.169 - - [13/Sep/2026:17:33:00 +0300] "GET /?sale/search/detail/?ITMCODE=5196631603 HTTP/2.0" 200 211118 "-" "Mozilla/5.0 AppleWebKit/537.36 (KHTML, like Gecko; compatible; bingbot/2.0; +http://www.bing.com/bingbot.htm) Chrome/116.0.1938.76 Safari/537.36"
74.7.243.247 - - [13/Sep/2026:17:33:00 +0300] "GET /?sale/search/detail/?ITMCODE=52008633302 HTTP/2.0" 200 31681 "https://keliauk-uk.lt.testams.vhost.lt/?sitemap-707.xml" "Mozilla/5.0 AppleWebKit/537.36 (KHTML, like Gecko; compatible; GPTBot/1.4; +https://openai.com/gptbot)"
74.7.243.247 - - [13/Sep/2026:17:33:01 +0300] "GET /?sale/search/detail/?ITMCODE=51966677986 HTTP/2.0" 200 31681 "https://keliauk-uk.lt.testams.vhost.lt/?sitemap-303.xml" "Mozilla/5.0 AppleWebKit/537.36 (KHTML, like Gecko; compatible; GPTBot/1.4; +https://openai.com/gptbot)"
52.167.144.169 - - [13/Sep/2026:17:33:01 +0300] "GET /?sale/search/detail/?ITMCODE=51981641428 HTTP/2.0" 200 193813 "-" "Mozilla/5.0 AppleWebKit/537.36 (KHTML, like Gecko; compatible; bingbot/2.0; +http://www.bing.com/bingbot.htm) Chrome/116.0.1938.76 Safari/537.36"
74.7.243.247 - - [13/Sep/2026:17:33:01 +0300] "GET /?sale/search/detail/?ITMCODE=519992259927 HTTP/2.0" 200 31682 "https://keliauk-uk.lt.testams.vhost.lt/?sitemap-547.xml" "Mozilla/5.0 AppleWebKit/537.36 (KHTML, like Gecko; compatible; GPTBot/1.4; +https://openai.com/gptbot)"
74.7.243.247 - - [13/Sep/2026:17:33:02 +0300] "GET /?sale/search/detail/?ITMCODE=519944441413 HTTP/2.0" 200 31682 "https://keliauk-uk.lt.testams.vhost.lt/?sitemap-432.xml" "Mozilla/5.0 AppleWebKit/537.36 (KHTML, like Gecko; compatible; GPTBot/1.4; +https://openai.com/gptbot)"
74.7.243.247 - - [13/Sep/2026:17:33:02 +0300] "GET /?sale/search/detail/?ITMCODE=519911199973 HTTP/2.0" 200 31682 "https://keliauk-uk.lt.testams.vhost.lt/?sitemap-699.xml" "Mozilla/5.0 AppleWebKit/537.36 (KHTML, like Gecko; compatible; GPTBot/1.4; +https://openai.com/gptbot)"
74.7.243.247 - - [13/Sep/2026:17:33:03 +0300] "GET /?sale/search/detail/?ITMCODE=519911116795 HTTP/2.0" 200 31682 "https://keliauk-uk.lt.testams.vhost.lt/?sitemap-699.xml" "Mozilla/5.0 AppleWebKit/537.36 (KHTML, like Gecko; compatible; GPTBot/1.4; +https://openai.com/gptbot)"
74.7.243.247 - - [13/Sep/2026:17:33:03 +0300] "GET /?sale/search/detail/?ITMCODE=52002527222 HTTP/2.0" 200 31681 "https://keliauk-uk.lt.testams.vhost.lt/?sitemap-303.xml" "Mozilla/5.0 AppleWebKit/537.36 (KHTML, like Gecko; compatible; GPTBot/1.4; +https://openai.com/gptbot)"
74.7.243.247 - - [13/Sep/2026:17:33:04 +0300] "GET /?sale/search/detail/?ITMCODE=52005500090 HTTP/2.0" 200 31681 "https://keliauk-uk.lt.testams.vhost.lt/?sitemap-218.xml" "Mozilla/5.0 AppleWebKit/537.36 (KHTML, like Gecko; compatible; GPTBot/1.4; +https://openai.com/gptbot)"
74.7.243.247 - - [13/Sep/2026:17:33:04 +0300] "GET /?sale/search/detail/?ITMCODE=52002845308 HTTP/2.0" 200 31681 "https://keliauk-uk.lt.testams.vhost.lt/?sitemap-181.xml" "Mozilla/5.0 AppleWebKit/537.36 (KHTML, like Gecko; compatible; GPTBot/1.4; +https://openai.com/gptbot)"
74.7.243.247 - - [13/Sep/2026:17:33:05 +0300] "GET /?sale/search/detail/?ITMCODE=51977095981 HTTP/2.0" 200 31681 "https://keliauk-uk.lt.testams.vhost.lt/?sitemap-181.xml" "Mozilla/5.0 AppleWebKit/537.36 (KHTML, like Gecko; compatible; GPTBot/1.4; +https://openai.com/gptbot)"
74.7.243.247 - - [13/Sep/2026:17:33:05 +0300] "GET /?sale/search/detail/?ITMCODE=51969792322 HTTP/2.0" 200 31681 "https://keliauk-uk.lt.testams.vhost.lt/?sitemap-699.xml" "Mozilla/5.0 AppleWebKit/537.36 (KHTML, like Gecko; compatible; GPTBot/1.4; +https://openai.com/gptbot)"
74.7.243.247 - - [13/Sep/2026:17:33:06 +0300] "GET /?sale/search/detail/?ITMCODE=51995002239 HTTP/2.0" 200 31681 "https://keliauk-uk.lt.testams.vhost.lt/?sitemap-181.xml" "Mozilla/5.0 AppleWebKit/537.36 (KHTML, like Gecko; compatible; GPTBot/1.4; +https://openai.com/gptbot)"
74.7.243.247 - - [13/Sep/2026:17:33:06 +0300] "GET /?sale/search/detail/?ITMCODE=52002663313 HTTP/2.0" 200 31681 "https://keliauk-uk.lt.testams.vhost.lt/?sitemap-181.xml" "Mozilla/5.0 AppleWebKit/537.36 (KHTML, like Gecko; compatible; GPTBot/1.4; +https://openai.com/gptbot)"
74.7.243.247 - - [13/Sep/2026:17:33:07 +0300] "GET /?sale/search/detail/?ITMCODE=52002506618 HTTP/2.0" 200 31681 "https://keliauk-uk.lt.testams.vhost.lt/?sitemap-566.xml" "Mozilla/5.0 AppleWebKit/537.36 (KHTML, like Gecko; compatible; GPTBot/1.4; +https://openai.com/gptbot)"
74.7.243.247 - - [13/Sep/2026:17:33:08 +0300] "GET /?sale/search/detail/?ITMCODE=51987812271 HTTP/2.0" 200 31681 "https://keliauk-uk.lt.testams.vhost.lt/?sitemap-707.xml" "Mozilla/5.0 AppleWebKit/537.36 (KHTML, like Gecko; compatible; GPTBot/1.4; +https://openai.com/gptbot)"
74.7.243.247 - - [13/Sep/2026:17:33:08 +0300] "GET /?sale/search/detail/?ITMCODE=52002697556 HTTP/2.0" 200 31681 "https://keliauk-uk.lt.testams.vhost.lt/?sitemap-566.xml" "Mozilla/5.0 AppleWebKit/537.36 (KHTML, like Gecko; compatible; GPTBot/1.4; +https://openai.com/gptbot)"
74.7.243.247 - - [13/Sep/2026:17:33:08 +0300] "GET /?sale/search/detail/?ITMCODE=51969543895 HTTP/2.0" 200 31681 "https://keliauk-uk.lt.testams.vhost.lt/?sitemap-699.xml" "Mozilla/5.0 AppleWebKit/537.36 (KHTML, like Gecko; compatible; GPTBot/1.4; +https://openai.com/gptbot)"
74.7.243.247 - - [13/Sep/2026:17:33:09 +0300] "GET /?sale/search/detail/?ITMCODE=51992150506 HTTP/2.0" 200 31681 "https://keliauk-uk.lt.testams.vhost.lt/?sitemap-566.xml" "Mozilla/5.0 AppleWebKit/537.36 (KHTML, like Gecko; compatible; GPTBot/1.4; +https://openai.com/gptbot)"
74.7.243.247 - - [13/Sep/2026:17:33:09 +0300] "GET /?sale/search/detail/?ITMCODE=52002890342 HTTP/2.0" 200 31681 "https://keliauk-uk.lt.testams.vhost.lt/?sitemap-303.xml" "Mozilla/5.0 AppleWebKit/537.36 (KHTML, like Gecko; compatible; GPTBot/1.4; +https://openai.com/gptbot)"
74.7.243.247 - - [13/Sep/2026:17:33:10 +0300] "GET /?sale/search/detail/?ITMCODE=52005927872 HTTP/2.0" 200 31681 "https://keliauk-uk.lt.testams.vhost.lt/?sitemap-707.xml" "Mozilla/5.0 AppleWebKit/537.36 (KHTML, like Gecko; compatible; GPTBot/1.4; +https://openai.com/gptbot)"
74.7.243.247 - - [13/Sep/2026:17:33:10 +0300] "GET /?sale/search/detail/?ITMCODE=51969846145 HTTP/2.0" 200 31681 "https://keliauk-uk.lt.testams.vhost.lt/?sitemap-699.xml" "Mozilla/5.0 AppleWebKit/537.36 (KHTML, like Gecko; compatible; GPTBot/1.4; +https://openai.com/gptbot)"
74.7.243.247 - - [13/Sep/2026:17:33:11 +0300] "GET /?sale/search/detail/?ITMCODE=51953369564 HTTP/2.0" 200 31681 "https://keliauk-uk.lt.testams.vhost.lt/?sitemap-181.xml" "Mozilla/5.0 AppleWebKit/537.36 (KHTML, like Gecko; compatible; GPTBot/1.4; +https://openai.com/gptbot)"
74.7.243.247 - - [13/Sep/2026:17:33:11 +0300] "GET /index.php/component/search/?Itemid=437&format=opensearch&id=1&sale/search/detail/?ITMCODE=51969846145 HTTP/2.0" 200 584 "https://keliauk-uk.lt.testams.vhost.lt/?sale/search/detail/?ITMCODE=51969846145" "Mozilla/5.0 AppleWebKit/537.36 (KHTML, like Gecko; compatible; GPTBot/1.4; +https://openai.com/gptbot)"
74.7.243.247 - - [13/Sep/2026:17:33:12 +0300] "GET /?sale/search/detail/?ITMCODE=52002606377 HTTP/2.0" 200 31681 "https://keliauk-uk.lt.testams.vhost.lt/?sitemap-707.xml" "Mozilla/5.0 AppleWebKit/537.36 (KHTML, like Gecko; compatible; GPTBot/1.4; +https://openai.com/gptbot)"
74.7.243.247 - - [13/Sep/2026:17:33:12 +0300] "GET /?sale/search/detail/?ITMCODE=52008592039 HTTP/2.0" 200 31681 "https://keliauk-uk.lt.testams.vhost.lt/?sitemap-181.xml" "Mozilla/5.0 AppleWebKit/537.36 (KHTML, like Gecko; compatible; GPTBot/1.4; +https://openai.com/gptbot)"
74.7.243.247 - - [13/Sep/2026:17:33:13 +0300] "GET /?sale/search/detail/?ITMCODE=51969651067 HTTP/2.0" 200 31681 "https://keliauk-uk.lt.testams.vhost.lt/?sitemap-699.xml" "Mozilla/5.0 AppleWebKit/537.36 (KHTML, like Gecko; compatible; GPTBot/1.4; +https://openai.com/gptbot)"
74.7.243.247 - - [13/Sep/2026:17:33:13 +0300] "GET /?sale/search/detail/?ITMCODE=51977434511 HTTP/2.0" 200 31681 "https://keliauk-uk.lt.testams.vhost.lt/?sitemap-303.xml" "Mozilla/5.0 AppleWebKit/537.36 (KHTML, like Gecko; compatible; GPTBot/1.4; +https://openai.com/gptbot)"
74.7.243.247 - - [13/Sep/2026:17:33:14 +0300] "GET /?sale/search/detail/?ITMCODE=51974172995 HTTP/2.0" 200 31681 "https://keliauk-uk.lt.testams.vhost.lt/?sitemap-218.xml" "Mozilla/5.0 AppleWebKit/537.36 (KHTML, like Gecko; compatible; GPTBot/1.4; +https://openai.com/gptbot)"
74.7.243.247 - - [13/Sep/2026:17:33:15 +0300] "GET /?sale/search/detail/?ITMCODE=51959223327 HTTP/2.0" 200 31681 "https://keliauk-uk.lt.testams.vhost.lt/?sitemap-707.xml" "Mozilla/5.0 AppleWebKit/537.36 (KHTML, like Gecko; compatible; GPTBot/1.4; +https://openai.com/gptbot)"
74.7.243.247 - - [13/Sep/2026:17:33:15 +0300] "GET /?sale/search/detail/?ITMCODE=51984785835 HTTP/2.0" 200 31681 "https://keliauk-uk.lt.testams.vhost.lt/?sitemap-218.xml" "Mozilla/5.0 AppleWebKit/537.36 (KHTML, like Gecko; compatible; GPTBot/1.4; +https://openai.com/gptbot)"
74.7.243.247 - - [13/Sep/2026:17:33:16 +0300] "GET /?sale/search/detail/?ITMCODE=51984842199 HTTP/2.0" 200 31681 "https://keliauk-uk.lt.testams.vhost.lt/?sitemap-218.xml" "Mozilla/5.0 AppleWebKit/537.36 (KHTML, like Gecko; compatible; GPTBot/1.4; +https://openai.com/gptbot)"
74.7.243.247 - - [13/Sep/2026:17:33:16 +0300] "GET /?sale/search/detail/?ITMCODE=51987715533 HTTP/2.0" 200 31681 "https://keliauk-uk.lt.testams.vhost.lt/?sitemap-566.xml" "Mozilla/5.0 AppleWebKit/537.36 (KHTML, like Gecko; compatible; GPTBot/1.4; +https://openai.com/gptbot)"
207.46.13.130 - - [13/Sep/2026:17:33:16 +0300] "GET /?sale/search/detail/?ITMCODE=519755328937 HTTP/2.0" 200 196672 "-" "Mozilla/5.0 AppleWebKit/537.36 (KHTML, like Gecko; compatible; bingbot/2.0; +http://www.bing.com/bingbot.htm) Chrome/116.0.1938.76 Safari/537.36"
66.249.79.2 - - [13/Sep/2026:17:33:16 +0300] "GET /index.php/paslaugos?sale/search/detail/?ITMCODE=5195365231 HTTP/1.1" 200 226284 "-" "Mozilla/5.0 (Linux; Android 6.0.1; Nexus 5X Build/MMB29P) AppleWebKit/537.36 (KHTML, like Gecko) Chrome/152.0.7977.82 Mobile Safari/537.36 (compatible; Googlebot/2.1; +http://www.google.com/bot.html)"
74.7.243.247 - - [13/Sep/2026:17:33:17 +0300] "GET /?sale/search/detail/?ITMCODE=51977455058 HTTP/2.0" 200 31681 "https://keliauk-uk.lt.testams.vhost.lt/?sitemap-566.xml" "Mozilla/5.0 AppleWebKit/537.36 (KHTML, like Gecko; compatible; GPTBot/1.4; +https://openai.com/gptbot)"
114.119.152.47 - - [13/Sep/2026:17:33:17 +0300] "GET /?sale/search/detail/%3FITMCODE=51977134842 HTTP/1.1" 200 31590 "https://www.keliauk-uk.lt/?sitemap-items.xml" "Mozilla/5.0 (Linux; Android 7.0;) AppleWebKit/537.36 (HTML, like Gecko) Mobile Safari/537.36 (compatible; PetalBot;+https://webmaster.petalsearch.com/site/petalbot)"
207.46.13.130 - - [13/Sep/2026:17:33:16 +0300] "GET /?sale/search/detail/?ITMCODE=519593209506 HTTP/2.0" 200 202380 "-" "Mozilla/5.0 AppleWebKit/537.36 (KHTML, like Gecko; compatible; bingbot/2.0; +http://www.bing.com/bingbot.htm) Chrome/116.0.1938.76 Safari/537.36"
66.249.79.2 - - [13/Sep/2026:17:33:16 +0300] "GET /index.php/paslaugos?sale/search/detail/?ITMCODE=52002777019 HTTP/1.1" 200 201782 "-" "Mozilla/5.0 (Linux; Android 6.0.1; Nexus 5X Build/MMB29P) AppleWebKit/537.36 (KHTML, like Gecko) Chrome/152.0.7977.82 Mobile Safari/537.36 (compatible; Googlebot/2.1; +http://www.google.com/bot.html)"
74.7.243.247 - - [13/Sep/2026:17:33:17 +0300] "GET /?sale/search/detail/?ITMCODE=51969715978 HTTP/2.0" 200 31681 "https://keliauk-uk.lt.testams.vhost.lt/?sitemap-699.xml" "Mozilla/5.0 AppleWebKit/537.36 (KHTML, like Gecko; compatible; GPTBot/1.4; +https://openai.com/gptbot)"
207.46.13.130 - - [13/Sep/2026:17:33:17 +0300] "GET /?sale/search/detail/?ITMCODE=519737050081 HTTP/2.0" 200 203583 "-" "Mozilla/5.0 AppleWebKit/537.36 (KHTML, like Gecko; compatible; bingbot/2.0; +http://www.bing.com/bingbot.htm) Chrome/116.0.1938.76 Safari/537.36"
74.7.243.247 - - [13/Sep/2026:17:33:18 +0300] "GET /?sale/search/detail/?ITMCODE=51966554538 HTTP/2.0" 200 31681 "https://keliauk-uk.lt.testams.vhost.lt/?sitemap-181.xml" "Mozilla/5.0 AppleWebKit/537.36 (KHTML, like Gecko; compatible; GPTBot/1.4; +https://openai.com/gptbot)"
74.7.243.247 - - [13/Sep/2026:17:33:18 +0300] "GET /?sale/search/detail/?ITMCODE=51981691794 HTTP/2.0" 200 31681 "https://keliauk-uk.lt.testams.vhost.lt/?sitemap-707.xml" "Mozilla/5.0 AppleWebKit/537.36 (KHTML, like Gecko; compatible; GPTBot/1.4; +https://openai.com/gptbot)"
207.46.13.130 - - [13/Sep/2026:17:33:18 +0300] "GET /?sale/search/detail/?ITMCODE=519837738410 HTTP/2.0" 200 196568 "-" "Mozilla/5.0 AppleWebKit/537.36 (KHTML, like Gecko; compatible; bingbot/2.0; +http://www.bing.com/bingbot.htm) Chrome/116.0.1938.76 Safari/537.36"
74.7.243.247 - - [13/Sep/2026:17:33:19 +0300] "GET /?sale/search/detail/?ITMCODE=51984829248 HTTP/2.0" 200 31681 "https://keliauk-uk.lt.testams.vhost.lt/?sitemap-566.xml" "Mozilla/5.0 AppleWebKit/537.36 (KHTML, like Gecko; compatible; GPTBot/1.4; +https://openai.com/gptbot)"
66.249.79.3 - - [13/Sep/2026:17:33:18 +0300] "GET /index.php/zinynas-keliaujantiems?sale/search/detail/?ITMCODE=5196979504 HTTP/1.1" 200 207524 "-" "Mozilla/5.0 (Linux; Android 6.0.1; Nexus 5X Build/MMB29P) AppleWebKit/537.36 (KHTML, like Gecko) Chrome/152.0.7977.82 Mobile Safari/537.36 (compatible; Googlebot/2.1; +http://www.google.com/bot.html)"
74.7.243.247 - - [13/Sep/2026:17:33:19 +0300] "GET /?sale/search/detail/?ITMCODE=51995266353 HTTP/2.0" 200 31681 "https://keliauk-uk.lt.testams.vhost.lt/?sitemap-181.xml" "Mozilla/5.0 AppleWebKit/537.36 (KHTML, like Gecko; compatible; GPTBot/1.4; +https://openai.com/gptbot)"
207.46.13.130 - - [13/Sep/2026:17:33:19 +0300] "GET /?sale/search/detail/?ITMCODE=5196968897 HTTP/2.0" 200 199527 "-" "Mozilla/5.0 AppleWebKit/537.36 (KHTML, like Gecko; compatible; bingbot/2.0; +http://www.bing.com/bingbot.htm) Chrome/116.0.1938.76 Safari/537.36"
74.7.243.247 - - [13/Sep/2026:17:33:20 +0300] "GET /?sale/search/detail/?ITMCODE=51963988351 HTTP/2.0" 200 31681 "https://keliauk-uk.lt.testams.vhost.lt/?sitemap-303.xml" "Mozilla/5.0 AppleWebKit/537.36 (KHTML, like Gecko; compatible; GPTBot/1.4; +https://openai.com/gptbot)"
185.191.171.5 - - [13/Sep/2026:17:33:20 +0300] "GET /?sale%2Fsearch%2Fdetail%2F%3FITMCODE=519521195683 HTTP/1.1" 200 31563 "-" "Mozilla/5.0 (compatible; SemrushBot/7~bl; +http://www.semrush.com/bot.html)"
207.46.13.130 - - [13/Sep/2026:17:33:20 +0300] "GET /?sale/search/detail/?ITMCODE=519563381244 HTTP/2.0" 200 194228 "-" "Mozilla/5.0 AppleWebKit/537.36 (KHTML, like Gecko; compatible; bingbot/2.0; +http://www.bing.com/bingbot.htm) Chrome/116.0.1938.76 Safari/537.36"
74.7.243.247 - - [13/Sep/2026:17:33:20 +0300] "GET /?sale/search/detail/?ITMCODE=51981711534 HTTP/2.0" 200 31681 "https://keliauk-uk.lt.testams.vhost.lt/?sitemap-218.xml" "Mozilla/5.0 AppleWebKit/537.36 (KHTML, like Gecko; compatible; GPTBot/1.4; +https://openai.com/gptbot)"
66.249.79.1 - - [13/Sep/2026:17:33:20 +0300] "GET /sale/search/detail/?ITMCODE=51992144247 HTTP/1.1" 200 211943 "-" "Mozilla/5.0 (Linux; Android 6.0.1; Nexus 5X Build/MMB29P) AppleWebKit/537.36 (KHTML, like Gecko) Chrome/152.0.7977.82 Mobile Safari/537.36 (compatible; Googlebot/2.1; +http://www.google.com/bot.html)"
74.7.243.247 - - [13/Sep/2026:17:33:21 +0300] "GET /?sale/search/detail/?ITMCODE=51977070026 HTTP/2.0" 200 31681 "https://keliauk-uk.lt.testams.vhost.lt/?sitemap-707.xml" "Mozilla/5.0 AppleWebKit/537.36 (KHTML, like Gecko; compatible; GPTBot/1.4; +https://openai.com/gptbot)"
207.46.13.130 - - [13/Sep/2026:17:33:20 +0300] "GET /?sale/search/detail/?ITMCODE=51971250340 HTTP/2.0" 200 202921 "-" "Mozilla/5.0 AppleWebKit/537.36 (KHTML, like Gecko; compatible; bingbot/2.0; +http://www.bing.com/bingbot.htm) Chrome/116.0.1938.76 Safari/537.36"
74.7.243.247 - - [13/Sep/2026:17:33:21 +0300] "GET /?sale/search/detail/?ITMCODE=51987785544 HTTP/2.0" 200 31681 "https://keliauk-uk.lt.testams.vhost.lt/?sitemap-303.xml" "Mozilla/5.0 AppleWebKit/537.36 (KHTML, like Gecko; compatible; GPTBot/1.4; +https://openai.com/gptbot)"
74.7.243.247 - - [13/Sep/2026:17:33:22 +0300] "GET /?sale/search/detail/?ITMCODE=51974224423 HTTP/2.0" 200 31681 "https://keliauk-uk.lt.testams.vhost.lt/?sitemap-181.xml" "Mozilla/5.0 AppleWebKit/537.36 (KHTML, like Gecko; compatible; GPTBot/1.4; +https://openai.com/gptbot)"
66.249.79.2 - - [13/Sep/2026:17:33:21 +0300] "GET /sale/search/detail/?ITMCODE=52002767745 HTTP/1.1" 200 193103 "-" "Mozilla/5.0 (Linux; Android 6.0.1; Nexus 5X Build/MMB29P) AppleWebKit/537.36 (KHTML, like Gecko) Chrome/152.0.7977.82 Mobile Safari/537.36 (compatible; Googlebot/2.1; +http://www.google.com/bot.html)"
66.249.79.2 - - [13/Sep/2026:17:33:21 +0300] "GET /shop/customer/bookmark.php?sale/search/detail/?ITMCODE=51971031155 HTTP/1.1" 200 218673 "-" "Mozilla/5.0 (Linux; Android 6.0.1; Nexus 5X Build/MMB29P) AppleWebKit/537.36 (KHTML, like Gecko) Chrome/152.0.7977.82 Mobile Safari/537.36 (compatible; Googlebot/2.1; +http://www.google.com/bot.html)"
74.7.243.247 - - [13/Sep/2026:17:33:22 +0300] "GET /?sale/search/detail/?ITMCODE=51953431418 HTTP/2.0" 200 31681 "https://keliauk-uk.lt.testams.vhost.lt/?sitemap-181.xml" "Mozilla/5.0 AppleWebKit/537.36 (KHTML, like Gecko; compatible; GPTBot/1.4; +https://openai.com/gptbot)"
66.249.79.2 - - [13/Sep/2026:17:33:22 +0300] "GET /sale/search/detail/?ITMCODE=5195207785 HTTP/1.1" 200 200321 "-" "Mozilla/5.0 (Linux; Android 6.0.1; Nexus 5X Build/MMB29P) AppleWebKit/537.36 (KHTML, like Gecko) Chrome/152.0.7977.82 Mobile Safari/537.36 (compatible; Googlebot/2.1; +http://www.google.com/bot.html)"
74.7.243.247 - - [13/Sep/2026:17:33:23 +0300] "GET /?sale/search/detail/?ITMCODE=52005867860 HTTP/2.0" 200 31681 "https://keliauk-uk.lt.testams.vhost.lt/?sitemap-218.xml" "Mozilla/5.0 AppleWebKit/537.36 (KHTML, like Gecko; compatible; GPTBot/1.4; +https://openai.com/gptbot)"
66.249.79.2 - - [13/Sep/2026:17:33:22 +0300] "GET /shop/customer/bookmark.php?sale/search/detail/?ITMCODE=51981573597 HTTP/1.1" 200 205967 "-" "Mozilla/5.0 (Linux; Android 6.0.1; Nexus 5X Build/MMB29P) AppleWebKit/537.36 (KHTML, like Gecko) Chrome/152.0.7977.82 Mobile Safari/537.36 (compatible; Googlebot/2.1; +http://www.google.com/bot.html)"
66.249.79.2 - - [13/Sep/2026:17:33:23 +0300] "GET /sale/search/detail/?ITMCODE=51971294848 HTTP/1.1" 200 199265 "-" "Mozilla/5.0 (Linux; Android 6.0.1; Nexus 5X Build/MMB29P) AppleWebKit/537.36 (KHTML, like Gecko) Chrome/152.0.7977.82 Mobile Safari/537.36 (compatible; Googlebot/2.1; +http://www.google.com/bot.html)"
74.7.243.247 - - [13/Sep/2026:17:33:23 +0300] "GET /?sale/search/detail/?ITMCODE=52008996856 HTTP/2.0" 200 31681 "https://keliauk-uk.lt.testams.vhost.lt/?sitemap-181.xml" "Mozilla/5.0 AppleWebKit/537.36 (KHTML, like Gecko; compatible; GPTBot/1.4; +https://openai.com/gptbot)"
66.249.79.2 - - [13/Sep/2026:17:33:23 +0300] "GET /sale/search/detail/?ITMCODE=52002818038 HTTP/1.1" 200 200539 "-" "Mozilla/5.0 (Linux; Android 6.0.1; Nexus 5X Build/MMB29P) AppleWebKit/537.36 (KHTML, like Gecko) Chrome/152.0.7977.82 Mobile Safari/537.36 (compatible; Googlebot/2.1; +http://www.google.com/bot.html)"
74.7.243.247 - - [13/Sep/2026:17:33:24 +0300] "GET /?sale/search/detail/?ITMCODE=51974046644 HTTP/2.0" 200 31681 "https://keliauk-uk.lt.testams.vhost.lt/?sitemap-303.xml" "Mozilla/5.0 AppleWebKit/537.36 (KHTML, like Gecko; compatible; GPTBot/1.4; +https://openai.com/gptbot)"
74.7.243.247 - - [13/Sep/2026:17:33:24 +0300] "GET /?sale/search/detail/?ITMCODE=52005805174 HTTP/2.0" 200 31681 "https://keliauk-uk.lt.testams.vhost.lt/?sitemap-181.xml" "Mozilla/5.0 AppleWebKit/537.36 (KHTML, like Gecko; compatible; GPTBot/1.4; +https://openai.com/gptbot)"
66.249.79.1 - - [13/Sep/2026:17:33:24 +0300] "GET /sale/search/detail/?ITMCODE=52002636341 HTTP/1.1" 200 195724 "-" "Mozilla/5.0 (Linux; Android 6.0.1; Nexus 5X Build/MMB29P) AppleWebKit/537.36 (KHTML, like Gecko) Chrome/152.0.7977.82 Mobile Safari/537.36 (compatible; Googlebot/2.1; +http://www.google.com/bot.html)"
74.7.243.247 - - [13/Sep/2026:17:33:25 +0300] "GET /?sale/search/detail/?ITMCODE=51969902197 HTTP/2.0" 200 31681 "https://keliauk-uk.lt.testams.vhost.lt/?sitemap-303.xml" "Mozilla/5.0 AppleWebKit/537.36 (KHTML, like Gecko; compatible; GPTBot/1.4; +https://openai.com/gptbot)"
66.249.79.2 - - [13/Sep/2026:17:33:25 +0300] "GET /sale/search/detail/?ITMCODE=52002650602 HTTP/1.1" 200 197376 "-" "Mozilla/5.0 (Linux; Android 6.0.1; Nexus 5X Build/MMB29P) AppleWebKit/537.36 (KHTML, like Gecko) Chrome/152.0.7977.82 Mobile Safari/537.36 (compatible; Googlebot/2.1; +http://www.google.com/bot.html)"
66.249.79.1 - - [13/Sep/2026:17:33:25 +0300] "GET /sale/search/detail/?ITMCODE=51971117326 HTTP/1.1" 200 200095 "-" "Mozilla/5.0 (Linux; Android 6.0.1; Nexus 5X Build/MMB29P) AppleWebKit/537.36 (KHTML, like Gecko) Chrome/152.0.7977.82 Mobile Safari/537.36 (compatible; Googlebot/2.1; +http://www.google.com/bot.html)"
74.7.243.247 - - [13/Sep/2026:17:33:25 +0300] "GET /?sale/search/detail/?ITMCODE=51956375325 HTTP/2.0" 200 31681 "https://keliauk-uk.lt.testams.vhost.lt/?sitemap-218.xml" "Mozilla/5.0 AppleWebKit/537.36 (KHTML, like Gecko; compatible; GPTBot/1.4; +https://openai.com/gptbot)"
74.7.243.247 - - [13/Sep/2026:17:33:26 +0300] "GET /?sale/search/detail/?ITMCODE=51995456275 HTTP/2.0" 200 31681 "https://keliauk-uk.lt.testams.vhost.lt/?sitemap-218.xml" "Mozilla/5.0 AppleWebKit/537.36 (KHTML, like Gecko; compatible; GPTBot/1.4; +https://openai.com/gptbot)"
66.249.79.1 - - [13/Sep/2026:17:33:25 +0300] "GET /shop/pg/52002535095 HTTP/1.1" 200 197512 "-" "Mozilla/5.0 (Linux; Android 6.0.1; Nexus 5X Build/MMB29P) AppleWebKit/537.36 (KHTML, like Gecko) Chrome/152.0.7977.82 Mobile Safari/537.36 (compatible; Googlebot/2.1; +http://www.google.com/bot.html)"
74.7.243.247 - - [13/Sep/2026:17:33:26 +0300] "GET /?sale/search/detail/?ITMCODE=51966771006 HTTP/2.0" 200 31681 "https://keliauk-uk.lt.testams.vhost.lt/?sitemap-181.xml" "Mozilla/5.0 AppleWebKit/537.36 (KHTML, like Gecko; compatible; GPTBot/1.4; +https://openai.com/gptbot)"
74.7.243.247 - - [13/Sep/2026:17:33:27 +0300] "GET /?sale/search/detail/?ITMCODE=51992438995 HTTP/2.0" 200 31681 "https://keliauk-uk.lt.testams.vhost.lt/?sitemap-218.xml" "Mozilla/5.0 AppleWebKit/537.36 (KHTML, like Gecko; compatible; GPTBot/1.4; +https://openai.com/gptbot)"
74.7.243.247 - - [13/Sep/2026:17:33:27 +0300] "GET /?sale/search/detail/?ITMCODE=51959282019 HTTP/2.0" 200 31681 "https://keliauk-uk.lt.testams.vhost.lt/?sitemap-303.xml" "Mozilla/5.0 AppleWebKit/537.36 (KHTML, like Gecko; compatible; GPTBot/1.4; +https://openai.com/gptbot)"
74.7.243.247 - - [13/Sep/2026:17:33:28 +0300] "GET /?sale/search/detail/?ITMCODE=52002762544 HTTP/2.0" 200 31681 "https://keliauk-uk.lt.testams.vhost.lt/?sitemap-181.xml" "Mozilla/5.0 AppleWebKit/537.36 (KHTML, like Gecko; compatible; GPTBot/1.4; +https://openai.com/gptbot)"
74.7.243.247 - - [13/Sep/2026:17:33:28 +0300] "GET /?sale/search/detail/?ITMCODE=52005868181 HTTP/2.0" 200 31681 "https://keliauk-uk.lt.testams.vhost.lt/?sitemap-566.xml" "Mozilla/5.0 AppleWebKit/537.36 (KHTML, like Gecko; compatible; GPTBot/1.4; +https://openai.com/gptbot)"
74.7.243.247 - - [13/Sep/2026:17:33:29 +0300] "GET /?sale/search/detail/?ITMCODE=51992181562 HTTP/2.0" 200 31681 "https://keliauk-uk.lt.testams.vhost.lt/?sitemap-218.xml" "Mozilla/5.0 AppleWebKit/537.36 (KHTML, like Gecko; compatible; GPTBot/1.4; +https://openai.com/gptbot)"
74.7.243.247 - - [13/Sep/2026:17:33:29 +0300] "GET /?sale/search/detail/?ITMCODE=51998483581 HTTP/2.0" 200 31681 "https://keliauk-uk.lt.testams.vhost.lt/?sitemap-707.xml" "Mozilla/5.0 AppleWebKit/537.36 (KHTML, like Gecko; compatible; GPTBot/1.4; +https://openai.com/gptbot)"
74.7.243.247 - - [13/Sep/2026:17:33:30 +0300] "GET /?sale/search/detail/?ITMCODE=51953229093 HTTP/2.0" 200 31681 "https://keliauk-uk.lt.testams.vhost.lt/?sitemap-566.xml" "Mozilla/5.0 AppleWebKit/537.36 (KHTML, like Gecko; compatible; GPTBot/1.4; +https://openai.com/gptbot)"
74.7.243.247 - - [13/Sep/2026:17:33:30 +0300] "GET /?sale/search/detail/?ITMCODE=51963775966 HTTP/2.0" 200 31681 "https://keliauk-uk.lt.testams.vhost.lt/?sitemap-707.xml" "Mozilla/5.0 AppleWebKit/537.36 (KHTML, like Gecko; compatible; GPTBot/1.4; +https://openai.com/gptbot)"
74.7.243.247 - - [13/Sep/2026:17:33:31 +0300] "GET /?sale/search/detail/?ITMCODE=51977227280 HTTP/2.0" 200 31681 "https://keliauk-uk.lt.testams.vhost.lt/?sitemap-218.xml" "Mozilla/5.0 AppleWebKit/537.36 (KHTML, like Gecko; compatible; GPTBot/1.4; +https://openai.com/gptbot)"
74.7.243.247 - - [13/Sep/2026:17:33:31 +0300] "GET /?sale/search/detail/?ITMCODE=51992288194 HTTP/2.0" 200 31681 "https://keliauk-uk.lt.testams.vhost.lt/?sitemap-707.xml" "Mozilla/5.0 AppleWebKit/537.36 (KHTML, like Gecko; compatible; GPTBot/1.4; +https://openai.com/gptbot)"
74.7.243.247 - - [13/Sep/2026:17:33:32 +0300] "GET /?sale/search/detail/?ITMCODE=51995430094 HTTP/2.0" 200 31681 "https://keliauk-uk.lt.testams.vhost.lt/?sitemap-218.xml" "Mozilla/5.0 AppleWebKit/537.36 (KHTML, like Gecko; compatible; GPTBot/1.4; +https://openai.com/gptbot)"
74.7.243.247 - - [13/Sep/2026:17:33:32 +0300] "GET /?sale/search/detail/?ITMCODE=51956152332 HTTP/2.0" 200 31681 "https://keliauk-uk.lt.testams.vhost.lt/?sitemap-303.xml" "Mozilla/5.0 AppleWebKit/537.36 (KHTML, like Gecko; compatible; GPTBot/1.4; +https://openai.com/gptbot)"
74.7.243.247 - - [13/Sep/2026:17:33:33 +0300] "GET /?sale/search/detail/?ITMCODE=51963916009 HTTP/2.0" 200 31681 "https://keliauk-uk.lt.testams.vhost.lt/?sitemap-218.xml" "Mozilla/5.0 AppleWebKit/537.36 (KHTML, like Gecko; compatible; GPTBot/1.4; +https://openai.com/gptbot)"
74.7.243.247 - - [13/Sep/2026:17:33:33 +0300] "GET /?sale/search/detail/?ITMCODE=51974457137 HTTP/2.0" 200 31681 "https://keliauk-uk.lt.testams.vhost.lt/?sitemap-707.xml" "Mozilla/5.0 AppleWebKit/537.36 (KHTML, like Gecko; compatible; GPTBot/1.4; +https://openai.com/gptbot)"
52.167.144.165 - - [13/Sep/2026:17:33:33 +0300] "GET /shop/pg/52002940517 HTTP/2.0" 200 206808 "-" "Mozilla/5.0 AppleWebKit/537.36 (KHTML, like Gecko; compatible; bingbot/2.0; +http://www.bing.com/bingbot.htm) Chrome/116.0.1938.76 Safari/537.36"
74.7.243.247 - - [13/Sep/2026:17:33:34 +0300] "GET /?sale/search/detail/?ITMCODE=51984784154 HTTP/2.0" 200 31681 "https://keliauk-uk.lt.testams.vhost.lt/?sitemap-181.xml" "Mozilla/5.0 AppleWebKit/537.36 (KHTML, like Gecko; compatible; GPTBot/1.4; +https://openai.com/gptbot)"
74.7.243.247 - - [13/Sep/2026:17:33:34 +0300] "GET /?sale/search/detail/?ITMCODE=51953327633 HTTP/2.0" 200 31681 "https://keliauk-uk.lt.testams.vhost.lt/?sitemap-181.xml" "Mozilla/5.0 AppleWebKit/537.36 (KHTML, like Gecko; compatible; GPTBot/1.4; +https://openai.com/gptbot)"
52.167.144.165 - - [13/Sep/2026:17:33:34 +0300] "GET /?sale/search/detail/?ITMCODE=52002818079 HTTP/2.0" 200 206253 "-" "Mozilla/5.0 AppleWebKit/537.36 (KHTML, like Gecko; compatible; bingbot/2.0; +http://www.bing.com/bingbot.htm) Chrome/116.0.1938.76 Safari/537.36"
74.7.243.247 - - [13/Sep/2026:17:33:35 +0300] "GET /?sale/search/detail/?ITMCODE=51953147733 HTTP/2.0" 200 31681 "https://keliauk-uk.lt.testams.vhost.lt/?sitemap-566.xml" "Mozilla/5.0 AppleWebKit/537.36 (KHTML, like Gecko; compatible; GPTBot/1.4; +https://openai.com/gptbot)"
74.7.243.247 - - [13/Sep/2026:17:33:35 +0300] "GET /?sale/search/detail/?ITMCODE=51987747954 HTTP/2.0" 200 31681 "https://keliauk-uk.lt.testams.vhost.lt/?sitemap-218.xml" "Mozilla/5.0 AppleWebKit/537.36 (KHTML, like Gecko; compatible; GPTBot/1.4; +https://openai.com/gptbot)"
52.167.144.165 - - [13/Sep/2026:17:33:35 +0300] "GET /?sale/search/detail/?ITMCODE=51992487447 HTTP/2.0" 200 201680 "-" "Mozilla/5.0 AppleWebKit/537.36 (KHTML, like Gecko; compatible; bingbot/2.0; +http://www.bing.com/bingbot.htm) Chrome/116.0.1938.76 Safari/537.36"
74.7.243.247 - - [13/Sep/2026:17:33:36 +0300] "GET /?sale/search/detail/?ITMCODE=52002507167 HTTP/2.0" 200 31681 "https://keliauk-uk.lt.testams.vhost.lt/?sitemap-707.xml" "Mozilla/5.0 AppleWebKit/537.36 (KHTML, like Gecko; compatible; GPTBot/1.4; +https://openai.com/gptbot)"
52.167.144.165 - - [13/Sep/2026:17:33:36 +0300] "GET /?sale/search/detail/?ITMCODE=5196724765 HTTP/2.0" 200 204484 "-" "Mozilla/5.0 AppleWebKit/537.36 (KHTML, like Gecko; compatible; bingbot/2.0; +http://www.bing.com/bingbot.htm) Chrome/116.0.1938.76 Safari/537.36"
74.7.243.247 - - [13/Sep/2026:17:33:36 +0300] "GET /?sale/search/detail/?ITMCODE=51974188388 HTTP/2.0" 200 31681 "https://keliauk-uk.lt.testams.vhost.lt/?sitemap-566.xml" "Mozilla/5.0 AppleWebKit/537.36 (KHTML, like Gecko; compatible; GPTBot/1.4; +https://openai.com/gptbot)"
52.167.144.165 - - [13/Sep/2026:17:33:36 +0300] "GET /?sale/search/detail/?ITMCODE=51981822100 HTTP/2.0" 200 206439 "-" "Mozilla/5.0 AppleWebKit/537.36 (KHTML, like Gecko; compatible; bingbot/2.0; +http://www.bing.com/bingbot.htm) Chrome/116.0.1938.76 Safari/537.36"
74.7.243.247 - - [13/Sep/2026:17:33:37 +0300] "GET /?sale/search/detail/?ITMCODE=51956296932 HTTP/2.0" 200 31681 "https://keliauk-uk.lt.testams.vhost.lt/?sitemap-303.xml" "Mozilla/5.0 AppleWebKit/537.36 (KHTML, like Gecko; compatible; GPTBot/1.4; +https://openai.com/gptbot)"
74.7.243.247 - - [13/Sep/2026:17:33:37 +0300] "GET /?sale/search/detail/?ITMCODE=51953254101 HTTP/2.0" 200 31681 "https://keliauk-uk.lt.testams.vhost.lt/?sitemap-303.xml" "Mozilla/5.0 AppleWebKit/537.36 (KHTML, like Gecko; compatible; GPTBot/1.4; +https://openai.com/gptbot)"
74.7.243.247 - - [13/Sep/2026:17:33:38 +0300] "GET /?sale/search/detail/?ITMCODE=51992260822 HTTP/2.0" 200 31681 "https://keliauk-uk.lt.testams.vhost.lt/?sitemap-303.xml" "Mozilla/5.0 AppleWebKit/537.36 (KHTML, like Gecko; compatible; GPTBot/1.4; +https://openai.com/gptbot)"
52.167.144.165 - - [13/Sep/2026:17:33:37 +0300] "GET /?sale/search/detail/?ITMCODE=51971239785 HTTP/2.0" 200 207561 "-" "Mozilla/5.0 AppleWebKit/537.36 (KHTML, like Gecko; compatible; bingbot/2.0; +http://www.bing.com/bingbot.htm) Chrome/116.0.1938.76 Safari/537.36"
74.7.243.247 - - [13/Sep/2026:17:33:38 +0300] "GET /?sale/search/detail/?ITMCODE=51981954405 HTTP/2.0" 200 31681 "https://keliauk-uk.lt.testams.vhost.lt/?sitemap-218.xml" "Mozilla/5.0 AppleWebKit/537.36 (KHTML, like Gecko; compatible; GPTBot/1.4; +https://openai.com/gptbot)"
74.7.243.247 - - [13/Sep/2026:17:33:39 +0300] "GET /?sale/search/detail/?ITMCODE=51966715441 HTTP/2.0" 200 31681 "https://keliauk-uk.lt.testams.vhost.lt/?sitemap-707.xml" "Mozilla/5.0 AppleWebKit/537.36 (KHTML, like Gecko; compatible; GPTBot/1.4; +https://openai.com/gptbot)"
52.167.144.165 - - [13/Sep/2026:17:33:38 +0300] "GET /?sale/search/detail/?ITMCODE=51971450986 HTTP/2.0" 200 200960 "-" "Mozilla/5.0 AppleWebKit/537.36 (KHTML, like Gecko; compatible; bingbot/2.0; +http://www.bing.com/bingbot.htm) Chrome/116.0.1938.76 Safari/537.36"
74.7.243.247 - - [13/Sep/2026:17:33:39 +0300] "GET /?sale/search/detail/?ITMCODE=51966988006 HTTP/2.0" 200 31681 "https://keliauk-uk.lt.testams.vhost.lt/?sitemap-707.xml" "Mozilla/5.0 AppleWebKit/537.36 (KHTML, like Gecko; compatible; GPTBot/1.4; +https://openai.com/gptbot)"
74.7.243.247 - - [13/Sep/2026:17:33:40 +0300] "GET /?sale/search/detail/?ITMCODE=51992279317 HTTP/2.0" 200 31681 "https://keliauk-uk.lt.testams.vhost.lt/?sitemap-707.xml" "Mozilla/5.0 AppleWebKit/537.36 (KHTML, like Gecko; compatible; GPTBot/1.4; +https://openai.com/gptbot)"
74.7.243.247 - - [13/Sep/2026:17:33:40 +0300] "GET /?sale/search/detail/?ITMCODE=51969941677 HTTP/2.0" 200 31681 "https://keliauk-uk.lt.testams.vhost.lt/?sitemap-699.xml" "Mozilla/5.0 AppleWebKit/537.36 (KHTML, like Gecko; compatible; GPTBot/1.4; +https://openai.com/gptbot)"
74.7.243.247 - - [13/Sep/2026:17:33:41 +0300] "GET /?sale/search/detail/?ITMCODE=51995477347 HTTP/2.0" 200 31681 "https://keliauk-uk.lt.testams.vhost.lt/?sitemap-707.xml" "Mozilla/5.0 AppleWebKit/537.36 (KHTML, like Gecko; compatible; GPTBot/1.4; +https://openai.com/gptbot)"
74.7.243.247 - - [13/Sep/2026:17:33:41 +0300] "GET /?sale/search/detail/?ITMCODE=52002591266 HTTP/2.0" 200 31681 "https://keliauk-uk.lt.testams.vhost.lt/?sitemap-707.xml" "Mozilla/5.0 AppleWebKit/537.36 (KHTML, like Gecko; compatible; GPTBot/1.4; +https://openai.com/gptbot)"
74.7.243.247 - - [13/Sep/2026:17:33:42 +0300] "GET /?sale/search/detail/?ITMCODE=51953309231 HTTP/2.0" 200 31681 "https://keliauk-uk.lt.testams.vhost.lt/?sitemap-181.xml" "Mozilla/5.0 AppleWebKit/537.36 (KHTML, like Gecko; compatible; GPTBot/1.4; +https://openai.com/gptbot)"
74.7.243.247 - - [13/Sep/2026:17:33:42 +0300] "GET /?sale/search/detail/?ITMCODE=51995133127 HTTP/2.0" 200 31681 "https://keliauk-uk.lt.testams.vhost.lt/?sitemap-707.xml" "Mozilla/5.0 AppleWebKit/537.36 (KHTML, like Gecko; compatible; GPTBot/1.4; +https://openai.com/gptbot)"
74.7.243.247 - - [13/Sep/2026:17:33:43 +0300] "GET /?sale/search/detail/?ITMCODE=52002656294 HTTP/2.0" 200 31681 "https://keliauk-uk.lt.testams.vhost.lt/?sitemap-303.xml" "Mozilla/5.0 AppleWebKit/537.36 (KHTML, like Gecko; compatible; GPTBot/1.4; +https://openai.com/gptbot)"
74.7.243.247 - - [13/Sep/2026:17:33:43 +0300] "GET /?sale/search/detail/?ITMCODE=51959089077 HTTP/2.0" 200 31681 "https://keliauk-uk.lt.testams.vhost.lt/?sitemap-699.xml" "Mozilla/5.0 AppleWebKit/537.36 (KHTML, like Gecko; compatible; GPTBot/1.4; +https://openai.com/gptbot)"
74.7.243.247 - - [13/Sep/2026:17:33:44 +0300] "GET /?sale/search/detail/?ITMCODE=52002885692 HTTP/2.0" 200 31681 "https://keliauk-uk.lt.testams.vhost.lt/?sitemap-303.xml" "Mozilla/5.0 AppleWebKit/537.36 (KHTML, like Gecko; compatible; GPTBot/1.4; +https://openai.com/gptbot)"
74.7.243.247 - - [13/Sep/2026:17:33:44 +0300] "GET /?sale/search/detail/?ITMCODE=51992021662 HTTP/2.0" 200 31681 "https://keliauk-uk.lt.testams.vhost.lt/?sitemap-218.xml" "Mozilla/5.0 AppleWebKit/537.36 (KHTML, like Gecko; compatible; GPTBot/1.4; +https://openai.com/gptbot)"
74.7.243.247 - - [13/Sep/2026:17:33:45 +0300] "GET /?sale/search/detail/?ITMCODE=51977153237 HTTP/2.0" 200 31681 "https://keliauk-uk.lt.testams.vhost.lt/?sitemap-303.xml" "Mozilla/5.0 AppleWebKit/537.36 (KHTML, like Gecko; compatible; GPTBot/1.4; +https://openai.com/gptbot)"
74.7.243.247 - - [13/Sep/2026:17:33:45 +0300] "GET /?sale/search/detail/?ITMCODE=51995013937 HTTP/2.0" 200 31681 "https://keliauk-uk.lt.testams.vhost.lt/?sitemap-218.xml" "Mozilla/5.0 AppleWebKit/537.36 (KHTML, like Gecko; compatible; GPTBot/1.4; +https://openai.com/gptbot)"
74.7.243.247 - - [13/Sep/2026:17:33:46 +0300] "GET /?sale/search/detail/?ITMCODE=51974299724 HTTP/2.0" 200 31681 "https://keliauk-uk.lt.testams.vhost.lt/?sitemap-566.xml" "Mozilla/5.0 AppleWebKit/537.36 (KHTML, like Gecko; compatible; GPTBot/1.4; +https://openai.com/gptbot)"
74.7.243.247 - - [13/Sep/2026:17:33:46 +0300] "GET /?sale/search/detail/?ITMCODE=51969563731 HTTP/2.0" 200 31681 "https://keliauk-uk.lt.testams.vhost.lt/?sitemap-566.xml" "Mozilla/5.0 AppleWebKit/537.36 (KHTML, like Gecko; compatible; GPTBot/1.4; +https://openai.com/gptbot)"
74.7.243.247 - - [13/Sep/2026:17:33:47 +0300] "GET /?sale/search/detail/?ITMCODE=51984715131 HTTP/2.0" 200 31681 "https://keliauk-uk.lt.testams.vhost.lt/?sitemap-707.xml" "Mozilla/5.0 AppleWebKit/537.36 (KHTML, like Gecko; compatible; GPTBot/1.4; +https://openai.com/gptbot)"
74.7.243.247 - - [13/Sep/2026:17:33:47 +0300] "GET /?sale/search/detail/?ITMCODE=51992492581 HTTP/2.0" 200 31681 "https://keliauk-uk.lt.testams.vhost.lt/?sitemap-303.xml" "Mozilla/5.0 AppleWebKit/537.36 (KHTML, like Gecko; compatible; GPTBot/1.4; +https://openai.com/gptbot)"
74.7.243.247 - - [13/Sep/2026:17:33:48 +0300] "GET /?sale/search/detail/?ITMCODE=51963588991 HTTP/2.0" 200 31681 "https://keliauk-uk.lt.testams.vhost.lt/?sitemap-303.xml" "Mozilla/5.0 AppleWebKit/537.36 (KHTML, like Gecko; compatible; GPTBot/1.4; +https://openai.com/gptbot)"
185.191.171.8 - - [13/Sep/2026:17:33:48 +0300] "GET /?sale%2Fsearch%2Fdetail%2F%3FITMCODE=52002820395 HTTP/1.1" 200 31562 "-" "Mozilla/5.0 (compatible; SemrushBot/7~bl; +http://www.semrush.com/bot.html)"
74.7.243.247 - - [13/Sep/2026:17:33:48 +0300] "GET /?sale/search/detail/?ITMCODE=51992124574 HTTP/2.0" 200 31681 "https://keliauk-uk.lt.testams.vhost.lt/?sitemap-566.xml" "Mozilla/5.0 AppleWebKit/537.36 (KHTML, like Gecko; compatible; GPTBot/1.4; +https://openai.com/gptbot)"
74.7.243.247 - - [13/Sep/2026:17:33:49 +0300] "GET /?sale/search/detail/?ITMCODE=51953383703 HTTP/2.0" 200 31681 "https://keliauk-uk.lt.testams.vhost.lt/?sitemap-181.xml" "Mozilla/5.0 AppleWebKit/537.36 (KHTML, like Gecko; compatible; GPTBot/1.4; +https://openai.com/gptbot)"
66.249.79.1 - - [13/Sep/2026:17:33:49 +0300] "GET /index.php/zinynas-keliaujantiems?sale/search/detail/?ITMCODE=52002979161 HTTP/1.1" 200 210261 "-" "Mozilla/5.0 (Linux; Android 6.0.1; Nexus 5X Build/MMB29P) AppleWebKit/537.36 (KHTML, like Gecko) Chrome/152.0.7977.82 Mobile Safari/537.36 (compatible; Googlebot/2.1; +http://www.google.com/bot.html)"
74.7.243.247 - - [13/Sep/2026:17:33:49 +0300] "GET /?sale/search/detail/?ITMCODE=51953014401 HTTP/2.0" 200 31681 "https://keliauk-uk.lt.testams.vhost.lt/?sitemap-303.xml" "Mozilla/5.0 AppleWebKit/537.36 (KHTML, like Gecko; compatible; GPTBot/1.4; +https://openai.com/gptbot)"
74.7.243.247 - - [13/Sep/2026:17:33:50 +0300] "GET /?sale/search/detail/?ITMCODE=51974290955 HTTP/2.0" 200 31681 "https://keliauk-uk.lt.testams.vhost.lt/?sitemap-218.xml" "Mozilla/5.0 AppleWebKit/537.36 (KHTML, like Gecko; compatible; GPTBot/1.4; +https://openai.com/gptbot)"
85.208.96.204 - - [13/Sep/2026:17:33:50 +0300] "GET /?sale%2Fsearch%2Fdetail%2F%3FITMCODE=520062708652 HTTP/1.1" 200 31563 "-" "Mozilla/5.0 (compatible; SemrushBot/7~bl; +http://www.semrush.com/bot.html)"
66.249.79.1 - - [13/Sep/2026:17:33:50 +0300] "GET /index.php/zinynas-keliaujantiems?sale/search/detail/?ITMCODE=519552028 HTTP/1.1" 200 223316 "-" "Mozilla/5.0 (Linux; Android 6.0.1; Nexus 5X Build/MMB29P) AppleWebKit/537.36 (KHTML, like Gecko) Chrome/152.0.7977.82 Mobile Safari/537.36 (compatible; Googlebot/2.1; +http://www.google.com/bot.html)"
74.7.243.247 - - [13/Sep/2026:17:33:50 +0300] "GET /?sale/search/detail/?ITMCODE=51987552819 HTTP/2.0" 200 31681 "https://keliauk-uk.lt.testams.vhost.lt/?sitemap-707.xml" "Mozilla/5.0 AppleWebKit/537.36 (KHTML, like Gecko; compatible; GPTBot/1.4; +https://openai.com/gptbot)"
74.7.243.247 - - [13/Sep/2026:17:33:51 +0300] "GET /?sale/search/detail/?ITMCODE=52002881912 HTTP/2.0" 200 31681 "https://keliauk-uk.lt.testams.vhost.lt/?sitemap-218.xml" "Mozilla/5.0 AppleWebKit/537.36 (KHTML, like Gecko; compatible; GPTBot/1.4; +https://openai.com/gptbot)"
74.7.243.247 - - [13/Sep/2026:17:33:51 +0300] "GET /?sale/search/detail/?ITMCODE=51956184315 HTTP/2.0" 200 31681 "https://keliauk-uk.lt.testams.vhost.lt/?sitemap-218.xml" "Mozilla/5.0 AppleWebKit/537.36 (KHTML, like Gecko; compatible; GPTBot/1.4; +https://openai.com/gptbot)"
74.7.243.247 - - [13/Sep/2026:17:33:52 +0300] "GET /?sale/search/detail/?ITMCODE=51966717019 HTTP/2.0" 200 31681 "https://keliauk-uk.lt.testams.vhost.lt/?sitemap-566.xml" "Mozilla/5.0 AppleWebKit/537.36 (KHTML, like Gecko; compatible; GPTBot/1.4; +https://openai.com/gptbot)"
74.7.243.247 - - [13/Sep/2026:17:33:52 +0300] "GET /?sale/search/detail/?ITMCODE=51984819456 HTTP/2.0" 200 31681 "https://keliauk-uk.lt.testams.vhost.lt/?sitemap-707.xml" "Mozilla/5.0 AppleWebKit/537.36 (KHTML, like Gecko; compatible; GPTBot/1.4; +https://openai.com/gptbot)"
74.7.243.247 - - [13/Sep/2026:17:33:53 +0300] "GET /?sale/search/detail/?ITMCODE=51966853518 HTTP/2.0" 200 31681 "https://keliauk-uk.lt.testams.vhost.lt/?sitemap-181.xml" "Mozilla/5.0 AppleWebKit/537.36 (KHTML, like Gecko; compatible; GPTBot/1.4; +https://openai.com/gptbot)"
74.7.243.247 - - [13/Sep/2026:17:33:53 +0300] "GET /?sale/search/detail/?ITMCODE=51995480401 HTTP/2.0" 200 31681 "https://keliauk-uk.lt.testams.vhost.lt/?sitemap-303.xml" "Mozilla/5.0 AppleWebKit/537.36 (KHTML, like Gecko; compatible; GPTBot/1.4; +https://openai.com/gptbot)"
74.7.243.247 - - [13/Sep/2026:17:33:54 +0300] "GET /?sale/search/detail/?ITMCODE=52005708812 HTTP/2.0" 200 31681 "https://keliauk-uk.lt.testams.vhost.lt/?sitemap-707.xml" "Mozilla/5.0 AppleWebKit/537.36 (KHTML, like Gecko; compatible; GPTBot/1.4; +https://openai.com/gptbot)"
74.7.243.247 - - [13/Sep/2026:17:33:54 +0300] "GET /?sale/search/detail/?ITMCODE=52002514919 HTTP/2.0" 200 31681 "https://keliauk-uk.lt.testams.vhost.lt/?sitemap-566.xml" "Mozilla/5.0 AppleWebKit/537.36 (KHTML, like Gecko; compatible; GPTBot/1.4; +https://openai.com/gptbot)"
74.7.243.247 - - [13/Sep/2026:17:33:55 +0300] "GET /?sale/search/detail/?ITMCODE=51974172101 HTTP/2.0" 200 31681 "https://keliauk-uk.lt.testams.vhost.lt/?sitemap-303.xml" "Mozilla/5.0 AppleWebKit/537.36 (KHTML, like Gecko; compatible; GPTBot/1.4; +https://openai.com/gptbot)"
74.7.243.247 - - [13/Sep/2026:17:33:55 +0300] "GET /?sale/search/detail/?ITMCODE=51953329344 HTTP/2.0" 200 31681 "https://keliauk-uk.lt.testams.vhost.lt/?sitemap-303.xml" "Mozilla/5.0 AppleWebKit/537.36 (KHTML, like Gecko; compatible; GPTBot/1.4; +https://openai.com/gptbot)"
74.7.243.247 - - [13/Sep/2026:17:33:56 +0300] "GET /?sale/search/detail/?ITMCODE=52002905918 HTTP/2.0" 200 31681 "https://keliauk-uk.lt.testams.vhost.lt/?sitemap-566.xml" "Mozilla/5.0 AppleWebKit/537.36 (KHTML, like Gecko; compatible; GPTBot/1.4; +https://openai.com/gptbot)"
57.141.20.55 - - [13/Sep/2026:17:33:56 +0300] "GET /index.php/component/search/?sale/search/detail/?ITMCODE=5195352721& HTTP/2.0" 200 19727 "-" "Mozilla/5.0 (Windows NT 10.0; Win64; x64) AppleWebKit/537.36 (KHTML, like Gecko) Chrome/145.0.0.0 Safari/537.36 (compatible; meta-externalagent/1.1 (+https://developers.facebook.com/docs/sharing/webmasters/crawler))"
74.7.243.247 - - [13/Sep/2026:17:33:56 +0300] "GET /?sale/search/detail/?ITMCODE=51981782880 HTTP/2.0" 200 31681 "https://keliauk-uk.lt.testams.vhost.lt/?sitemap-218.xml" "Mozilla/5.0 AppleWebKit/537.36 (KHTML, like Gecko; compatible; GPTBot/1.4; +https://openai.com/gptbot)"
74.7.243.247 - - [13/Sep/2026:17:33:57 +0300] "GET /?sale/search/detail/?ITMCODE=51977119844 HTTP/2.0" 200 31681 "https://keliauk-uk.lt.testams.vhost.lt/?sitemap-566.xml" "Mozilla/5.0 AppleWebKit/537.36 (KHTML, like Gecko; compatible; GPTBot/1.4; +https://openai.com/gptbot)"
74.7.243.247 - - [13/Sep/2026:17:33:57 +0300] "GET /?sale/search/detail/?ITMCODE=51984893544 HTTP/2.0" 200 31681 "https://keliauk-uk.lt.testams.vhost.lt/?sitemap-303.xml" "Mozilla/5.0 AppleWebKit/537.36 (KHTML, like Gecko; compatible; GPTBot/1.4; +https://openai.com/gptbot)"
74.7.243.247 - - [13/Sep/2026:17:33:58 +0300] "GET /?sale/search/detail/?ITMCODE=51995212606 HTTP/2.0" 200 31681 "https://keliauk-uk.lt.testams.vhost.lt/?sitemap-303.xml" "Mozilla/5.0 AppleWebKit/537.36 (KHTML, like Gecko; compatible; GPTBot/1.4; +https://openai.com/gptbot)"
52.167.144.167 - - [13/Sep/2026:17:33:58 +0300] "GET /?sale/search/detail/?ITMCODE=519515463768 HTTP/2.0" 200 207293 "-" "Mozilla/5.0 AppleWebKit/537.36 (KHTML, like Gecko; compatible; bingbot/2.0; +http://www.bing.com/bingbot.htm) Chrome/116.0.1938.76 Safari/537.36"
74.7.243.247 - - [13/Sep/2026:17:33:58 +0300] "GET /?sale/search/detail/?ITMCODE=51992164924 HTTP/2.0" 200 31681 "https://keliauk-uk.lt.testams.vhost.lt/?sitemap-218.xml" "Mozilla/5.0 AppleWebKit/537.36 (KHTML, like Gecko; compatible; GPTBot/1.4; +https://openai.com/gptbot)"
74.7.243.247 - - [13/Sep/2026:17:33:59 +0300] "GET /?sale/search/detail/?ITMCODE=51963524556 HTTP/2.0" 200 31681 "https://keliauk-uk.lt.testams.vhost.lt/?sitemap-181.xml" "Mozilla/5.0 AppleWebKit/537.36 (KHTML, like Gecko; compatible; GPTBot/1.4; +https://openai.com/gptbot)"
52.167.144.167 - - [13/Sep/2026:17:33:58 +0300] "GET /?sale/search/detail/?ITMCODE=5196754593 HTTP/2.0" 200 208106 "-" "Mozilla/5.0 AppleWebKit/537.36 (KHTML, like Gecko; compatible; bingbot/2.0; +http://www.bing.com/bingbot.htm) Chrome/116.0.1938.76 Safari/537.36"
74.7.243.247 - - [13/Sep/2026:17:33:59 +0300] "GET /?sale/search/detail/?ITMCODE=51977298551 HTTP/2.0" 200 31681 "https://keliauk-uk.lt.testams.vhost.lt/?sitemap-707.xml" "Mozilla/5.0 AppleWebKit/537.36 (KHTML, like Gecko; compatible; GPTBot/1.4; +https://openai.com/gptbot)"
