52.167.144.25 - - [13/Sep/2026:16:45:50 +0300] "GET /?sale/search/detail/?ITMCODE=52002596794 HTTP/2.0" 200 196296 "-" "Mozilla/5.0 AppleWebKit/537.36 (KHTML, like Gecko; compatible; bingbot/2.0; +http://www.bing.com/bingbot.htm) Chrome/116.0.1938.76 Safari/537.36"
114.119.152.47 - - [13/Sep/2026:16:45:51 +0300] "GET /?sale/search/detail/%3FITMCODE=51977189656 HTTP/1.1" 200 31589 "https://www.keliauk-uk.lt/?sitemap-items.xml" "Mozilla/5.0 (Linux; Android 7.0;) AppleWebKit/537.36 (HTML, like Gecko) Mobile Safari/537.36 (compatible; PetalBot;+https://webmaster.petalsearch.com/site/petalbot)"
52.167.144.25 - - [13/Sep/2026:16:45:51 +0300] "GET /?sale/search/detail/?ITMCODE=519816660461 HTTP/2.0" 200 202694 "-" "Mozilla/5.0 AppleWebKit/537.36 (KHTML, like Gecko; compatible; bingbot/2.0; +http://www.bing.com/bingbot.htm) Chrome/116.0.1938.76 Safari/537.36"
52.167.144.204 - - [13/Sep/2026:16:45:51 +0300] "GET /?sale/search/detail/?ITMCODE=519962418805 HTTP/2.0" 200 213786 "-" "Mozilla/5.0 AppleWebKit/537.36 (KHTML, like Gecko; compatible; bingbot/2.0; +http://www.bing.com/bingbot.htm) Chrome/116.0.1938.76 Safari/537.36"
52.167.144.204 - - [13/Sep/2026:16:45:52 +0300] "GET /?sale/search/detail/?ITMCODE=51966870377 HTTP/2.0" 200 213877 "-" "Mozilla/5.0 AppleWebKit/537.36 (KHTML, like Gecko; compatible; bingbot/2.0; +http://www.bing.com/bingbot.htm) Chrome/116.0.1938.76 Safari/537.36"
66.249.79.1 - - [13/Sep/2026:16:45:53 +0300] "GET /index.php/zinynas-keliaujantiems?sale/search/detail/?ITMCODE=5195213292 HTTP/1.1" 200 205427 "-" "Mozilla/5.0 (Linux; Android 6.0.1; Nexus 5X Build/MMB29P) AppleWebKit/537.36 (KHTML, like Gecko) Chrome/152.0.7977.82 Mobile Safari/537.36 (compatible; Googlebot/2.1; +http://www.google.com/bot.html)"
52.167.144.204 - - [13/Sep/2026:16:45:53 +0300] "GET /sale/search/detail/?ITMCODE=5196714288 HTTP/2.0" 200 202582 "-" "Mozilla/5.0 AppleWebKit/537.36 (KHTML, like Gecko; compatible; bingbot/2.0; +http://www.bing.com/bingbot.htm) Chrome/116.0.1938.76 Safari/537.36"
207.46.13.51 - - [13/Sep/2026:16:45:54 +0300] "GET /?sale/search/detail/?ITMCODE=519965372949 HTTP/2.0" 200 195801 "-" "Mozilla/5.0 AppleWebKit/537.36 (KHTML, like Gecko; compatible; bingbot/2.0; +http://www.bing.com/bingbot.htm) Chrome/116.0.1938.76 Safari/537.36"
66.249.79.3 - - [13/Sep/2026:16:45:54 +0300] "GET /?sale/search/detail/?ITMCODE=52002530307 HTTP/1.1" 200 193670 "-" "Mozilla/5.0 (Linux; Android 6.0.1; Nexus 5X Build/MMB29P) AppleWebKit/537.36 (KHTML, like Gecko) Chrome/152.0.7977.82 Mobile Safari/537.36 (compatible; Googlebot/2.1; +http://www.google.com/bot.html)"
207.46.13.51 - - [13/Sep/2026:16:45:56 +0300] "GET /?sale/search/detail/?ITMCODE=51998444425 HTTP/2.0" 200 195999 "-" "Mozilla/5.0 AppleWebKit/537.36 (KHTML, like Gecko; compatible; bingbot/2.0; +http://www.bing.com/bingbot.htm) Chrome/116.0.1938.76 Safari/537.36"
40.77.167.26 - - [13/Sep/2026:16:45:56 +0300] "GET /shop/pg/51992345980 HTTP/2.0" 200 202672 "-" "Mozilla/5.0 AppleWebKit/537.36 (KHTML, like Gecko; compatible; bingbot/2.0; +http://www.bing.com/bingbot.htm) Chrome/116.0.1938.76 Safari/537.36"
207.46.13.51 - - [13/Sep/2026:16:45:57 +0300] "GET /?sale/search/detail/?ITMCODE=519920317743 HTTP/2.0" 200 200599 "-" "Mozilla/5.0 AppleWebKit/537.36 (KHTML, like Gecko; compatible; bingbot/2.0; +http://www.bing.com/bingbot.htm) Chrome/116.0.1938.76 Safari/537.36"
40.77.167.26 - - [13/Sep/2026:16:45:57 +0300] "GET /shop/c/c51961000774/ HTTP/2.0" 200 272812 "-" "Mozilla/5.0 AppleWebKit/537.36 (KHTML, like Gecko; compatible; bingbot/2.0; +http://www.bing.com/bingbot.htm) Chrome/116.0.1938.76 Safari/537.36"
207.46.13.51 - - [13/Sep/2026:16:45:58 +0300] "GET /?sale/search/detail/?ITMCODE=51992361948 HTTP/2.0" 200 196736 "-" "Mozilla/5.0 AppleWebKit/537.36 (KHTML, like Gecko; compatible; bingbot/2.0; +http://www.bing.com/bingbot.htm) Chrome/116.0.1938.76 Safari/537.36"
207.46.13.51 - - [13/Sep/2026:16:45:59 +0300] "GET /?sale/search/detail/?ITMCODE=51956420544 HTTP/2.0" 200 204584 "-" "Mozilla/5.0 AppleWebKit/537.36 (KHTML, like Gecko; compatible; bingbot/2.0; +http://www.bing.com/bingbot.htm) Chrome/116.0.1938.76 Safari/537.36"
66.249.79.1 - - [13/Sep/2026:16:46:01 +0300] "GET /index.php/zinynas-keliaujantiems?sale/search/detail/?ITMCODE=52002911890 HTTP/1.1" 200 223683 "-" "Mozilla/5.0 (Linux; Android 6.0.1; Nexus 5X Build/MMB29P) AppleWebKit/537.36 (KHTML, like Gecko) Chrome/152.0.7977.82 Mobile Safari/537.36 (compatible; Googlebot/2.1; +http://www.google.com/bot.html)"
66.249.79.2 - - [13/Sep/2026:16:46:06 +0300] "GET /index.php/zinynas-keliaujantiems?sale/search/detail/?ITMCODE=51992137797 HTTP/1.1" 200 211113 "-" "Mozilla/5.0 (Linux; Android 6.0.1; Nexus 5X Build/MMB29P) AppleWebKit/537.36 (KHTML, like Gecko) Chrome/152.0.7977.82 Mobile Safari/537.36 (compatible; Googlebot/2.1; +http://www.google.com/bot.html)"
66.249.79.1 - - [13/Sep/2026:16:46:09 +0300] "GET /?sale/search/detail/?ITMCODE=51992482418 HTTP/1.1" 200 201683 "-" "Mozilla/5.0 (Linux; Android 6.0.1; Nexus 5X Build/MMB29P) AppleWebKit/537.36 (KHTML, like Gecko) Chrome/152.0.7977.82 Mobile Safari/537.36 (compatible; Googlebot/2.1; +http://www.google.com/bot.html)"
66.249.79.1 - - [13/Sep/2026:16:46:13 +0300] "GET /?shop/c/c51971000403/ HTTP/1.1" 200 267527 "-" "Mozilla/5.0 (Linux; Android 6.0.1; Nexus 5X Build/MMB29P) AppleWebKit/537.36 (KHTML, like Gecko) Chrome/152.0.7977.82 Mobile Safari/537.36 (compatible; Googlebot/2.1; +http://www.google.com/bot.html)"
66.249.79.1 - - [13/Sep/2026:16:46:14 +0300] "GET /index.php/zinynas-keliaujantiems?sale/search/detail/?ITMCODE=5195204334 HTTP/1.1" 200 204787 "-" "Mozilla/5.0 (Linux; Android 6.0.1; Nexus 5X Build/MMB29P) AppleWebKit/537.36 (KHTML, like Gecko) Chrome/152.0.7977.82 Mobile Safari/537.36 (compatible; Googlebot/2.1; +http://www.google.com/bot.html)"
66.249.79.1 - - [13/Sep/2026:16:46:15 +0300] "GET /?sale/search/detail/?ITMCODE=52002811513 HTTP/1.1" 200 217164 "-" "Mozilla/5.0 (Linux; Android 6.0.1; Nexus 5X Build/MMB29P) AppleWebKit/537.36 (KHTML, like Gecko) Chrome/152.0.7977.82 Mobile Safari/537.36 (compatible; Googlebot/2.1; +http://www.google.com/bot.html)"
66.249.79.1 - - [13/Sep/2026:16:46:20 +0300] "GET /index.php/zinynas-keliaujantiems?sale/search/detail/?ITMCODE=519511075 HTTP/1.1" 200 230006 "-" "Mozilla/5.0 (Linux; Android 6.0.1; Nexus 5X Build/MMB29P) AppleWebKit/537.36 (KHTML, like Gecko) Chrome/152.0.7977.82 Mobile Safari/537.36 (compatible; Googlebot/2.1; +http://www.google.com/bot.html)"
66.249.79.1 - - [13/Sep/2026:16:46:21 +0300] "GET /index.php/zinynas-keliaujantiems?sale/search/detail/?ITMCODE=51981713015 HTTP/1.1" 200 208803 "-" "Mozilla/5.0 (Linux; Android 6.0.1; Nexus 5X Build/MMB29P) AppleWebKit/537.36 (KHTML, like Gecko) Chrome/152.0.7977.82 Mobile Safari/537.36 (compatible; Googlebot/2.1; +http://www.google.com/bot.html)"
66.249.79.2 - - [13/Sep/2026:16:46:24 +0300] "GET /index.php/zinynas-keliaujantiems?sale/search/detail/?ITMCODE=5196914029 HTTP/1.1" 200 208762 "-" "Mozilla/5.0 (Linux; Android 6.0.1; Nexus 5X Build/MMB29P) AppleWebKit/537.36 (KHTML, like Gecko) Chrome/152.0.7977.82 Mobile Safari/537.36 (compatible; Googlebot/2.1; +http://www.google.com/bot.html)"
66.249.79.2 - - [13/Sep/2026:16:46:24 +0300] "GET /shop/pg/51971404362 HTTP/1.1" 200 194203 "-" "Mozilla/5.0 (Linux; Android 6.0.1; Nexus 5X Build/MMB29P) AppleWebKit/537.36 (KHTML, like Gecko) Chrome/152.0.7977.82 Mobile Safari/537.36 (compatible; Googlebot/2.1; +http://www.google.com/bot.html)"
66.249.79.2 - - [13/Sep/2026:16:46:28 +0300] "GET /index.php/zinynas-keliaujantiems?sale/search/detail/?ITMCODE=51992050515 HTTP/1.1" 200 205635 "-" "Mozilla/5.0 (Linux; Android 6.0.1; Nexus 5X Build/MMB29P) AppleWebKit/537.36 (KHTML, like Gecko) Chrome/152.0.7977.82 Mobile Safari/537.36 (compatible; Googlebot/2.1; +http://www.google.com/bot.html)"
66.249.79.1 - - [13/Sep/2026:16:46:29 +0300] "GET /index.php/paslaugos?sale/search/detail/?ITMCODE=5195279715 HTTP/1.1" 200 203941 "-" "Mozilla/5.0 (Linux; Android 6.0.1; Nexus 5X Build/MMB29P) AppleWebKit/537.36 (KHTML, like Gecko) Chrome/152.0.7977.82 Mobile Safari/537.36 (compatible; Googlebot/2.1; +http://www.google.com/bot.html)"
66.249.79.2 - - [13/Sep/2026:16:46:33 +0300] "GET /?sale/search/detail/?ITMCODE=51981647805 HTTP/1.1" 200 202492 "-" "Mozilla/5.0 (Linux; Android 6.0.1; Nexus 5X Build/MMB29P) AppleWebKit/537.36 (KHTML, like Gecko) Chrome/152.0.7977.82 Mobile Safari/537.36 (compatible; Googlebot/2.1; +http://www.google.com/bot.html)"
66.249.79.2 - - [13/Sep/2026:16:46:34 +0300] "GET /shop/pg/519528790 HTTP/1.1" 200 197508 "-" "Mozilla/5.0 (Linux; Android 6.0.1; Nexus 5X Build/MMB29P) AppleWebKit/537.36 (KHTML, like Gecko) Chrome/152.0.7977.82 Mobile Safari/537.36 (compatible; Googlebot/2.1; +http://www.google.com/bot.html)"
66.249.79.1 - - [13/Sep/2026:16:46:38 +0300] "GET /index.php/zinynas-keliaujantiems?sale/search/detail/?ITMCODE=51981637261 HTTP/1.1" 200 207828 "-" "Mozilla/5.0 (Linux; Android 6.0.1; Nexus 5X Build/MMB29P) AppleWebKit/537.36 (KHTML, like Gecko) Chrome/152.0.7977.82 Mobile Safari/537.36 (compatible; Googlebot/2.1; +http://www.google.com/bot.html)"
66.249.79.3 - - [13/Sep/2026:16:46:39 +0300] "GET /index.php/paslaugos?sale/search/detail/?ITMCODE=5196622319 HTTP/1.1" 200 214172 "-" "Mozilla/5.0 (Linux; Android 6.0.1; Nexus 5X Build/MMB29P) AppleWebKit/537.36 (KHTML, like Gecko) Chrome/152.0.7977.82 Mobile Safari/537.36 (compatible; Googlebot/2.1; +http://www.google.com/bot.html)"
66.249.79.1 - - [13/Sep/2026:16:46:47 +0300] "GET /?sale/search/detail/?ITMCODE=51981595778 HTTP/1.1" 200 196722 "-" "Mozilla/5.0 (Linux; Android 6.0.1; Nexus 5X Build/MMB29P) AppleWebKit/537.36 (KHTML, like Gecko) Chrome/152.0.7977.82 Mobile Safari/537.36 (compatible; Googlebot/2.1; +http://www.google.com/bot.html)"
66.249.79.2 - - [13/Sep/2026:16:46:49 +0300] "GET /index.php/zinynas-keliaujantiems?sale/search/detail/?ITMCODE=52002728554 HTTP/1.1" 200 222459 "-" "Mozilla/5.0 (Linux; Android 6.0.1; Nexus 5X Build/MMB29P) AppleWebKit/537.36 (KHTML, like Gecko) Chrome/152.0.7977.82 Mobile Safari/537.36 (compatible; Googlebot/2.1; +http://www.google.com/bot.html)"
66.249.79.2 - - [13/Sep/2026:16:46:50 +0300] "GET /?sale/search/detail/?ITMCODE=51981700650 HTTP/1.1" 200 201159 "-" "Mozilla/5.0 (Linux; Android 6.0.1; Nexus 5X Build/MMB29P) AppleWebKit/537.36 (KHTML, like Gecko) Chrome/152.0.7977.82 Mobile Safari/537.36 (compatible; Googlebot/2.1; +http://www.google.com/bot.html)"
66.249.79.4 - - [13/Sep/2026:16:46:52 +0300] "GET /index.php/zinynas-keliaujantiems?sale/search/detail/?ITMCODE=51992047771 HTTP/1.1" 200 210609 "-" "Mozilla/5.0 (Linux; Android 6.0.1; Nexus 5X Build/MMB29P) AppleWebKit/537.36 (KHTML, like Gecko) Chrome/152.0.7977.82 Mobile Safari/537.36 (compatible; Googlebot/2.1; +http://www.google.com/bot.html)"
66.249.79.1 - - [13/Sep/2026:16:46:53 +0300] "GET /index.php/zinynas-keliaujantiems?sale/search/detail/?ITMCODE=51981599852 HTTP/1.1" 200 204806 "-" "Mozilla/5.0 (Linux; Android 6.0.1; Nexus 5X Build/MMB29P) AppleWebKit/537.36 (KHTML, like Gecko) Chrome/152.0.7977.82 Mobile Safari/537.36 (compatible; Googlebot/2.1; +http://www.google.com/bot.html)"
66.249.79.3 - - [13/Sep/2026:16:46:53 +0300] "GET /index.php/zinynas-keliaujantiems?sale/search/detail/?ITMCODE=519540020 HTTP/1.1" 200 207685 "-" "Mozilla/5.0 (Linux; Android 6.0.1; Nexus 5X Build/MMB29P) AppleWebKit/537.36 (KHTML, like Gecko) Chrome/152.0.7977.82 Mobile Safari/537.36 (compatible; Googlebot/2.1; +http://www.google.com/bot.html)"
66.249.79.3 - - [13/Sep/2026:16:46:55 +0300] "GET /index.php/paslaugos?sale/search/detail/?ITMCODE=51981807382 HTTP/1.1" 200 206870 "-" "Mozilla/5.0 (Linux; Android 6.0.1; Nexus 5X Build/MMB29P) AppleWebKit/537.36 (KHTML, like Gecko) Chrome/152.0.7977.82 Mobile Safari/537.36 (compatible; Googlebot/2.1; +http://www.google.com/bot.html)"
66.249.79.1 - - [13/Sep/2026:16:46:58 +0300] "GET /?sale/search/detail/?ITMCODE=5196717946 HTTP/1.1" 200 198670 "-" "Mozilla/5.0 (Linux; Android 6.0.1; Nexus 5X Build/MMB29P) AppleWebKit/537.36 (KHTML, like Gecko) Chrome/152.0.7977.82 Mobile Safari/537.36 (compatible; Googlebot/2.1; +http://www.google.com/bot.html)"
85.208.96.195 - - [13/Sep/2026:16:47:07 +0300] "GET /?sale%2Fsearch%2Fdetail%2F%3FITMCODE=51977266793 HTTP/1.1" 200 31562 "-" "Mozilla/5.0 (compatible; SemrushBot/7~bl; +http://www.semrush.com/bot.html)"
66.249.79.2 - - [13/Sep/2026:16:47:09 +0300] "GET /?sale/search/detail/?ITMCODE=51981886808 HTTP/1.1" 200 210838 "-" "Mozilla/5.0 (Linux; Android 6.0.1; Nexus 5X Build/MMB29P) AppleWebKit/537.36 (KHTML, like Gecko) Chrome/152.0.7977.82 Mobile Safari/537.36 (compatible; Googlebot/2.1; +http://www.google.com/bot.html)"
185.191.171.13 - - [13/Sep/2026:16:47:11 +0300] "GET /?sale%2Fsearch%2Fdetail%2F%3FITMCODE=519590450408 HTTP/1.1" 200 31563 "-" "Mozilla/5.0 (compatible; SemrushBot/7~bl; +http://www.semrush.com/bot.html)"
66.249.79.4 - - [13/Sep/2026:16:47:13 +0300] "GET /index.php/zinynas-keliaujantiems?sale/search/detail/?ITMCODE=52002743024 HTTP/1.1" 200 201488 "-" "Mozilla/5.0 (Linux; Android 6.0.1; Nexus 5X Build/MMB29P) AppleWebKit/537.36 (KHTML, like Gecko) Chrome/152.0.7977.82 Mobile Safari/537.36 (compatible; Googlebot/2.1; +http://www.google.com/bot.html)"
114.119.154.166 - - [13/Sep/2026:16:47:13 +0300] "GET /?sale/search/detail/%3FITMCODE=51977186257 HTTP/1.1" 200 31590 "https://www.keliauk-uk.lt/?sitemap-items.xml" "Mozilla/5.0 (Linux; Android 7.0;) AppleWebKit/537.36 (HTML, like Gecko) Mobile Safari/537.36 (compatible; PetalBot;+https://webmaster.petalsearch.com/site/petalbot)"
40.77.167.26 - - [13/Sep/2026:16:47:13 +0300] "GET /shop/c/c51951000495/ HTTP/2.0" 200 130736 "-" "Mozilla/5.0 AppleWebKit/537.36 (KHTML, like Gecko; compatible; bingbot/2.0; +http://www.bing.com/bingbot.htm) Chrome/116.0.1938.76 Safari/537.36"
66.249.79.1 - - [13/Sep/2026:16:47:13 +0300] "GET /index.php/zinynas-keliaujantiems?sale/search/detail/?ITMCODE=51971250371 HTTP/1.1" 200 206261 "-" "Mozilla/5.0 (Linux; Android 6.0.1; Nexus 5X Build/MMB29P) AppleWebKit/537.36 (KHTML, like Gecko) Chrome/152.0.7977.82 Mobile Safari/537.36 (compatible; Googlebot/2.1; +http://www.google.com/bot.html)"
66.249.79.2 - - [13/Sep/2026:16:47:14 +0300] "GET /index.php/zinynas-keliaujantiems?sale/search/detail/?ITMCODE=51981910656 HTTP/1.1" 200 223263 "-" "Mozilla/5.0 (Linux; Android 6.0.1; Nexus 5X Build/MMB29P) AppleWebKit/537.36 (KHTML, like Gecko) Chrome/152.0.7977.82 Mobile Safari/537.36 (compatible; Googlebot/2.1; +http://www.google.com/bot.html)"
66.249.79.1 - - [13/Sep/2026:16:47:16 +0300] "GET /?sale/search/detail/?ITMCODE=5195256472 HTTP/1.1" 200 195586 "-" "Mozilla/5.0 (Linux; Android 6.0.1; Nexus 5X Build/MMB29P) AppleWebKit/537.36 (KHTML, like Gecko) Chrome/152.0.7977.82 Mobile Safari/537.36 (compatible; Googlebot/2.1; +http://www.google.com/bot.html)"
66.249.79.2 - - [13/Sep/2026:16:47:21 +0300] "GET /index.php/paslaugos?sale/search/detail/?ITMCODE=51971194410 HTTP/1.1" 200 198566 "-" "Mozilla/5.0 (Linux; Android 6.0.1; Nexus 5X Build/MMB29P) AppleWebKit/537.36 (KHTML, like Gecko) Chrome/152.0.7977.82 Mobile Safari/537.36 (compatible; Googlebot/2.1; +http://www.google.com/bot.html)"
66.249.79.1 - - [13/Sep/2026:16:47:30 +0300] "GET /?sale/search/detail/?ITMCODE=51992326924 HTTP/1.1" 200 193364 "-" "Mozilla/5.0 (Linux; Android 6.0.1; Nexus 5X Build/MMB29P) AppleWebKit/537.36 (KHTML, like Gecko) Chrome/152.0.7977.82 Mobile Safari/537.36 (compatible; Googlebot/2.1; +http://www.google.com/bot.html)"
66.249.79.1 - - [13/Sep/2026:16:47:31 +0300] "GET /index.php/zinynas-keliaujantiems?sale/search/detail/?ITMCODE=51992178844 HTTP/1.1" 200 202742 "-" "Mozilla/5.0 (Linux; Android 6.0.1; Nexus 5X Build/MMB29P) AppleWebKit/537.36 (KHTML, like Gecko) Chrome/152.0.7977.82 Mobile Safari/537.36 (compatible; Googlebot/2.1; +http://www.google.com/bot.html)"
66.249.79.2 - - [13/Sep/2026:16:47:43 +0300] "GET /index.php/zinynas-keliaujantiems?sale/search/detail/?ITMCODE=51971296468 HTTP/1.1" 200 217694 "-" "Mozilla/5.0 (Linux; Android 6.0.1; Nexus 5X Build/MMB29P) AppleWebKit/537.36 (KHTML, like Gecko) Chrome/152.0.7977.82 Mobile Safari/537.36 (compatible; Googlebot/2.1; +http://www.google.com/bot.html)"
66.249.79.1 - - [13/Sep/2026:16:47:43 +0300] "GET /?sale/search/detail/?ITMCODE=51971400806 HTTP/1.1" 200 196210 "-" "Mozilla/5.0 (Linux; Android 6.0.1; Nexus 5X Build/MMB29P) AppleWebKit/537.36 (KHTML, like Gecko) Chrome/152.0.7977.82 Mobile Safari/537.36 (compatible; Googlebot/2.1; +http://www.google.com/bot.html)"
66.249.79.2 - - [13/Sep/2026:16:47:49 +0300] "GET /?sale/search/detail/?ITMCODE=51992331482 HTTP/1.1" 200 194301 "-" "Mozilla/5.0 (Linux; Android 6.0.1; Nexus 5X Build/MMB29P) AppleWebKit/537.36 (KHTML, like Gecko) Chrome/152.0.7977.82 Mobile Safari/537.36 (compatible; Googlebot/2.1; +http://www.google.com/bot.html)"
66.249.79.2 - - [13/Sep/2026:16:47:51 +0300] "GET /index.php/zinynas-keliaujantiems?sale/search/detail/?ITMCODE=51992280420 HTTP/1.1" 200 221825 "-" "Mozilla/5.0 (Linux; Android 6.0.1; Nexus 5X Build/MMB29P) AppleWebKit/537.36 (KHTML, like Gecko) Chrome/152.0.7977.82 Mobile Safari/537.36 (compatible; Googlebot/2.1; +http://www.google.com/bot.html)"
66.249.79.2 - - [13/Sep/2026:16:47:57 +0300] "GET /shop/pg/52002659449 HTTP/1.1" 200 198589 "-" "Mozilla/5.0 (Linux; Android 6.0.1; Nexus 5X Build/MMB29P) AppleWebKit/537.36 (KHTML, like Gecko) Chrome/152.0.7977.82 Mobile Safari/537.36 (compatible; Googlebot/2.1; +http://www.google.com/bot.html)"
66.249.79.1 - - [13/Sep/2026:16:47:58 +0300] "GET /index.php/zinynas-keliaujantiems?sale/search/detail/?ITMCODE=51971172327 HTTP/1.1" 200 202001 "-" "Mozilla/5.0 (Linux; Android 6.0.1; Nexus 5X Build/MMB29P) AppleWebKit/537.36 (KHTML, like Gecko) Chrome/152.0.7977.82 Mobile Safari/537.36 (compatible; Googlebot/2.1; +http://www.google.com/bot.html)"
66.249.79.2 - - [13/Sep/2026:16:47:59 +0300] "GET /index.php/zinynas-keliaujantiems?sale/search/detail/?ITMCODE=51992440025 HTTP/1.1" 200 210281 "-" "Mozilla/5.0 (Linux; Android 6.0.1; Nexus 5X Build/MMB29P) AppleWebKit/537.36 (KHTML, like Gecko) Chrome/152.0.7977.82 Mobile Safari/537.36 (compatible; Googlebot/2.1; +http://www.google.com/bot.html)"
66.249.79.2 - - [13/Sep/2026:16:48:01 +0300] "GET /index.php/zinynas-keliaujantiems?sale/search/detail/?ITMCODE=51992317493 HTTP/1.1" 200 205998 "-" "Mozilla/5.0 (Linux; Android 6.0.1; Nexus 5X Build/MMB29P) AppleWebKit/537.36 (KHTML, like Gecko) Chrome/152.0.7977.82 Mobile Safari/537.36 (compatible; Googlebot/2.1; +http://www.google.com/bot.html)"
66.249.79.3 - - [13/Sep/2026:16:48:00 +0300] "GET /?sale/search/detail/?ITMCODE=51971398291 HTTP/1.1" 200 194451 "-" "Mozilla/5.0 (Linux; Android 6.0.1; Nexus 5X Build/MMB29P) AppleWebKit/537.36 (KHTML, like Gecko) Chrome/152.0.7977.82 Mobile Safari/537.36 (compatible; Googlebot/2.1; +http://www.google.com/bot.html)"
66.249.79.2 - - [13/Sep/2026:16:48:02 +0300] "GET /?sale/search/detail/?ITMCODE=51992122953 HTTP/1.1" 200 198043 "-" "Mozilla/5.0 (Linux; Android 6.0.1; Nexus 5X Build/MMB29P) AppleWebKit/537.36 (KHTML, like Gecko) Chrome/152.0.7977.82 Mobile Safari/537.36 (compatible; Googlebot/2.1; +http://www.google.com/bot.html)"
57.141.20.49 - - [13/Sep/2026:16:48:06 +0300] "GET /index.php/component/search/?sale/search/detail/?ITMCODE=519612729361&id=1&Itemid=437&format=opensearch HTTP/2.0" 200 585 "-" "Mozilla/5.0 (Windows NT 10.0; Win64; x64) AppleWebKit/537.36 (KHTML, like Gecko) Chrome/145.0.0.0 Safari/537.36 (compatible; meta-externalagent/1.1 (+https://developers.facebook.com/docs/sharing/webmasters/crawler))"
66.249.79.1 - - [13/Sep/2026:16:48:13 +0300] "GET /index.php/zinynas-keliaujantiems?sale/search/detail/?ITMCODE=5196657824 HTTP/1.1" 200 212225 "-" "Mozilla/5.0 (Linux; Android 6.0.1; Nexus 5X Build/MMB29P) AppleWebKit/537.36 (KHTML, like Gecko) Chrome/152.0.7977.82 Mobile Safari/537.36 (compatible; Googlebot/2.1; +http://www.google.com/bot.html)"
66.249.79.1 - - [13/Sep/2026:16:48:14 +0300] "GET /index.php/zinynas-keliaujantiems?sale/search/detail/?ITMCODE=51981853858 HTTP/1.1" 200 224660 "-" "Mozilla/5.0 (Linux; Android 6.0.1; Nexus 5X Build/MMB29P) AppleWebKit/537.36 (KHTML, like Gecko) Chrome/152.0.7977.82 Mobile Safari/537.36 (compatible; Googlebot/2.1; +http://www.google.com/bot.html)"
57.141.20.5 - - [13/Sep/2026:16:48:14 +0300] "GET /index.php/component/search/?sale/search/detail/?ITMCODE=519846665098&id=1&Itemid=437&format=opensearch HTTP/2.0" 200 559 "-" "Mozilla/5.0 (Windows NT 10.0; Win64; x64) AppleWebKit/537.36 (KHTML, like Gecko) Chrome/145.0.0.0 Safari/537.36 (compatible; meta-externalagent/1.1 (+https://developers.facebook.com/docs/sharing/webmasters/crawler))"
66.249.79.1 - - [13/Sep/2026:16:48:15 +0300] "GET /index.php/paslaugos?sale/search/detail/?ITMCODE=51971292958 HTTP/1.1" 200 207486 "-" "Mozilla/5.0 (Linux; Android 6.0.1; Nexus 5X Build/MMB29P) AppleWebKit/537.36 (KHTML, like Gecko) Chrome/152.0.7977.82 Mobile Safari/537.36 (compatible; Googlebot/2.1; +http://www.google.com/bot.html)"
66.249.79.1 - - [13/Sep/2026:16:48:16 +0300] "GET /?sale/search/detail/?ITMCODE=5196674447 HTTP/1.1" 200 193305 "-" "Mozilla/5.0 (Linux; Android 6.0.1; Nexus 5X Build/MMB29P) AppleWebKit/537.36 (KHTML, like Gecko) Chrome/152.0.7977.82 Mobile Safari/537.36 (compatible; Googlebot/2.1; +http://www.google.com/bot.html)"
207.46.13.51 - - [13/Sep/2026:16:48:19 +0300] "GET /?sale/search/detail/?ITMCODE=519645620108 HTTP/2.0" 200 205070 "-" "Mozilla/5.0 AppleWebKit/537.36 (KHTML, like Gecko; compatible; bingbot/2.0; +http://www.bing.com/bingbot.htm) Chrome/116.0.1938.76 Safari/537.36"
66.249.79.1 - - [13/Sep/2026:16:48:20 +0300] "GET /index.php/zinynas-keliaujantiems?sale/search/detail/?ITMCODE=51971437396 HTTP/1.1" 200 211653 "-" "Mozilla/5.0 (Linux; Android 6.0.1; Nexus 5X Build/MMB29P) AppleWebKit/537.36 (KHTML, like Gecko) Chrome/152.0.7977.82 Mobile Safari/537.36 (compatible; Googlebot/2.1; +http://www.google.com/bot.html)"
207.46.13.51 - - [13/Sep/2026:16:48:20 +0300] "GET /?sale/search/detail/?ITMCODE=519590378757 HTTP/2.0" 200 201162 "-" "Mozilla/5.0 AppleWebKit/537.36 (KHTML, like Gecko; compatible; bingbot/2.0; +http://www.bing.com/bingbot.htm) Chrome/116.0.1938.76 Safari/537.36"
66.249.79.2 - - [13/Sep/2026:16:48:21 +0300] "GET /?sale/search/detail/?ITMCODE=5196523994 HTTP/1.1" 200 212270 "-" "Mozilla/5.0 (Linux; Android 6.0.1; Nexus 5X Build/MMB29P) AppleWebKit/537.36 (KHTML, like Gecko) Chrome/152.0.7977.82 Mobile Safari/537.36 (compatible; Googlebot/2.1; +http://www.google.com/bot.html)"
66.249.79.1 - - [13/Sep/2026:16:48:25 +0300] "GET /index.php/zinynas-keliaujantiems?sale/search/detail/?ITMCODE=51992263543 HTTP/1.1" 200 204950 "-" "Mozilla/5.0 (Linux; Android 6.0.1; Nexus 5X Build/MMB29P) AppleWebKit/537.36 (KHTML, like Gecko) Chrome/152.0.7977.82 Mobile Safari/537.36 (compatible; Googlebot/2.1; +http://www.google.com/bot.html)"
66.249.79.2 - - [13/Sep/2026:16:48:29 +0300] "GET /index.php/zinynas-keliaujantiems?sale/search/detail/?ITMCODE=51981921412 HTTP/1.1" 200 202152 "-" "Mozilla/5.0 (Linux; Android 6.0.1; Nexus 5X Build/MMB29P) AppleWebKit/537.36 (KHTML, like Gecko) Chrome/152.0.7977.82 Mobile Safari/537.36 (compatible; Googlebot/2.1; +http://www.google.com/bot.html)"
66.249.79.2 - - [13/Sep/2026:16:48:30 +0300] "GET /index.php/paslaugos?sale/search/detail/?ITMCODE=5196715152 HTTP/1.1" 200 205929 "-" "Mozilla/5.0 (Linux; Android 6.0.1; Nexus 5X Build/MMB29P) AppleWebKit/537.36 (KHTML, like Gecko) Chrome/152.0.7977.82 Mobile Safari/537.36 (compatible; Googlebot/2.1; +http://www.google.com/bot.html)"
66.249.79.1 - - [13/Sep/2026:16:48:31 +0300] "GET /?sale/search/detail/?ITMCODE=51971468427 HTTP/1.1" 200 196107 "-" "Mozilla/5.0 (Linux; Android 6.0.1; Nexus 5X Build/MMB29P) AppleWebKit/537.36 (KHTML, like Gecko) Chrome/152.0.7977.82 Mobile Safari/537.36 (compatible; Googlebot/2.1; +http://www.google.com/bot.html)"
66.249.79.2 - - [13/Sep/2026:16:48:32 +0300] "GET /index.php/zinynas-keliaujantiems?sale/search/detail/?ITMCODE=5195234431 HTTP/1.1" 200 208327 "-" "Mozilla/5.0 (Linux; Android 6.0.1; Nexus 5X Build/MMB29P) AppleWebKit/537.36 (KHTML, like Gecko) Chrome/152.0.7977.82 Mobile Safari/537.36 (compatible; Googlebot/2.1; +http://www.google.com/bot.html)"
66.249.79.1 - - [13/Sep/2026:16:48:33 +0300] "GET /sale/search/detail/?ITMCODE=51981587432 HTTP/1.1" 200 196666 "-" "Mozilla/5.0 (Linux; Android 6.0.1; Nexus 5X Build/MMB29P) AppleWebKit/537.36 (KHTML, like Gecko) Chrome/152.0.7977.82 Mobile Safari/537.36 (compatible; Googlebot/2.1; +http://www.google.com/bot.html)"
66.249.79.1 - - [13/Sep/2026:16:48:34 +0300] "GET /index.php/zinynas-keliaujantiems?sale/search/detail/?ITMCODE=51971073910 HTTP/1.1" 200 205220 "-" "Mozilla/5.0 (Linux; Android 6.0.1; Nexus 5X Build/MMB29P) AppleWebKit/537.36 (KHTML, like Gecko) Chrome/152.0.7977.82 Mobile Safari/537.36 (compatible; Googlebot/2.1; +http://www.google.com/bot.html)"
114.119.158.46 - - [13/Sep/2026:16:48:37 +0300] "GET /?sale/search/detail/%3FITMCODE=51977185191 HTTP/1.1" 200 31589 "https://www.keliauk-uk.lt/?sitemap-items.xml" "Mozilla/5.0 (Linux; Android 7.0;) AppleWebKit/537.36 (HTML, like Gecko) Mobile Safari/537.36 (compatible; PetalBot;+https://webmaster.petalsearch.com/site/petalbot)"
66.249.79.3 - - [13/Sep/2026:16:48:37 +0300] "GET /?sale/search/detail/?ITMCODE=5195356230 HTTP/1.1" 200 196148 "-" "Mozilla/5.0 (Linux; Android 6.0.1; Nexus 5X Build/MMB29P) AppleWebKit/537.36 (KHTML, like Gecko) Chrome/152.0.7977.82 Mobile Safari/537.36 (compatible; Googlebot/2.1; +http://www.google.com/bot.html)"
66.249.79.1 - - [13/Sep/2026:16:48:39 +0300] "GET /index.php/zinynas-keliaujantiems?sale/search/detail/?ITMCODE=51971356320 HTTP/1.1" 200 206595 "-" "Mozilla/5.0 (Linux; Android 6.0.1; Nexus 5X Build/MMB29P) AppleWebKit/537.36 (KHTML, like Gecko) Chrome/152.0.7977.82 Mobile Safari/537.36 (compatible; Googlebot/2.1; +http://www.google.com/bot.html)"
66.249.79.3 - - [13/Sep/2026:16:48:42 +0300] "GET /index.php/zinynas-keliaujantiems?sale/search/detail/?ITMCODE=5196761721 HTTP/1.1" 200 205251 "-" "Mozilla/5.0 (Linux; Android 6.0.1; Nexus 5X Build/MMB29P) AppleWebKit/537.36 (KHTML, like Gecko) Chrome/152.0.7977.82 Mobile Safari/537.36 (compatible; Googlebot/2.1; +http://www.google.com/bot.html)"
66.249.79.1 - - [13/Sep/2026:16:48:43 +0300] "GET /?sale/search/detail/?ITMCODE=51992498440 HTTP/1.1" 200 209376 "-" "Mozilla/5.0 (Linux; Android 6.0.1; Nexus 5X Build/MMB29P) AppleWebKit/537.36 (KHTML, like Gecko) Chrome/152.0.7977.82 Mobile Safari/537.36 (compatible; Googlebot/2.1; +http://www.google.com/bot.html)"
185.191.171.16 - - [13/Sep/2026:16:48:43 +0300] "GET /?sale%2Fsearch%2Fdetail%2F%3FITMCODE=519767311371 HTTP/1.1" 200 31562 "-" "Mozilla/5.0 (compatible; SemrushBot/7~bl; +http://www.semrush.com/bot.html)"
66.249.79.4 - - [13/Sep/2026:16:48:44 +0300] "GET /index.php/zinynas-keliaujantiems?sale/search/detail/?ITMCODE=5196917165 HTTP/1.1" 200 219439 "-" "Mozilla/5.0 (Linux; Android 6.0.1; Nexus 5X Build/MMB29P) AppleWebKit/537.36 (KHTML, like Gecko) Chrome/152.0.7977.82 Mobile Safari/537.36 (compatible; Googlebot/2.1; +http://www.google.com/bot.html)"
52.167.144.66 - - [13/Sep/2026:16:48:48 +0300] "GET /robots.txt HTTP/2.0" 200 163 "-" "Mozilla/5.0 AppleWebKit/537.36 (KHTML, like Gecko; compatible; bingbot/2.0; +http://www.bing.com/bingbot.htm) Chrome/116.0.1938.76 Safari/537.36"
66.249.79.2 - - [13/Sep/2026:16:48:49 +0300] "GET /index.php/zinynas-keliaujantiems?sale/search/detail/?ITMCODE=52002821145 HTTP/1.1" 200 211665 "-" "Mozilla/5.0 (Linux; Android 6.0.1; Nexus 5X Build/MMB29P) AppleWebKit/537.36 (KHTML, like Gecko) Chrome/152.0.7977.82 Mobile Safari/537.36 (compatible; Googlebot/2.1; +http://www.google.com/bot.html)"
66.249.79.1 - - [13/Sep/2026:16:48:50 +0300] "GET /index.php/zinynas-keliaujantiems?sale/search/detail/?ITMCODE=51992143030 HTTP/1.1" 200 205936 "-" "Mozilla/5.0 (Linux; Android 6.0.1; Nexus 5X Build/MMB29P) AppleWebKit/537.36 (KHTML, like Gecko) Chrome/152.0.7977.82 Mobile Safari/537.36 (compatible; Googlebot/2.1; +http://www.google.com/bot.html)"
66.249.79.3 - - [13/Sep/2026:16:48:52 +0300] "GET /index.php/zinynas-keliaujantiems?sale/search/detail/?ITMCODE=51981501480 HTTP/1.1" 200 203302 "-" "Mozilla/5.0 (Linux; Android 6.0.1; Nexus 5X Build/MMB29P) AppleWebKit/537.36 (KHTML, like Gecko) Chrome/152.0.7977.82 Mobile Safari/537.36 (compatible; Googlebot/2.1; +http://www.google.com/bot.html)"
207.46.13.51 - - [13/Sep/2026:16:48:54 +0300] "GET /?sale/search/detail/?ITMCODE=51974225016 HTTP/2.0" 200 216380 "-" "Mozilla/5.0 AppleWebKit/537.36 (KHTML, like Gecko; compatible; bingbot/2.0; +http://www.bing.com/bingbot.htm) Chrome/116.0.1938.76 Safari/537.36"
207.46.13.51 - - [13/Sep/2026:16:48:56 +0300] "GET /?sale/search/detail/?ITMCODE=519621798064 HTTP/2.0" 200 196425 "-" "Mozilla/5.0 AppleWebKit/537.36 (KHTML, like Gecko; compatible; bingbot/2.0; +http://www.bing.com/bingbot.htm) Chrome/116.0.1938.76 Safari/537.36"
207.46.13.51 - - [13/Sep/2026:16:48:56 +0300] "GET /?sale/search/detail/?ITMCODE=51992090386 HTTP/2.0" 200 200161 "-" "Mozilla/5.0 AppleWebKit/537.36 (KHTML, like Gecko; compatible; bingbot/2.0; +http://www.bing.com/bingbot.htm) Chrome/116.0.1938.76 Safari/537.36"
207.46.13.51 - - [13/Sep/2026:16:48:57 +0300] "GET /?sale/search/detail/?ITMCODE=519630854166 HTTP/2.0" 200 196258 "-" "Mozilla/5.0 AppleWebKit/537.36 (KHTML, like Gecko; compatible; bingbot/2.0; +http://www.bing.com/bingbot.htm) Chrome/116.0.1938.76 Safari/537.36"
207.46.13.51 - - [13/Sep/2026:16:48:58 +0300] "GET /?sale/search/detail/?ITMCODE=519642740812 HTTP/2.0" 200 193276 "-" "Mozilla/5.0 AppleWebKit/537.36 (KHTML, like Gecko; compatible; bingbot/2.0; +http://www.bing.com/bingbot.htm) Chrome/116.0.1938.76 Safari/537.36"
207.46.13.51 - - [13/Sep/2026:16:48:59 +0300] "GET /?sale/search/detail/?ITMCODE=5195432827 HTTP/2.0" 200 207560 "-" "Mozilla/5.0 AppleWebKit/537.36 (KHTML, like Gecko; compatible; bingbot/2.0; +http://www.bing.com/bingbot.htm) Chrome/116.0.1938.76 Safari/537.36"
66.249.79.5 - - [13/Sep/2026:16:48:59 +0300] "GET /index.php/paslaugos?sale/search/detail/?ITMCODE=51971494951 HTTP/1.1" 200 206638 "-" "Mozilla/5.0 (Linux; Android 6.0.1; Nexus 5X Build/MMB29P) AppleWebKit/537.36 (KHTML, like Gecko) Chrome/152.0.7977.82 Mobile Safari/537.36 (compatible; Googlebot/2.1; +http://www.google.com/bot.html)"
207.46.13.51 - - [13/Sep/2026:16:49:00 +0300] "GET /?sale/search/detail/?ITMCODE=51998116016 HTTP/2.0" 200 201210 "-" "Mozilla/5.0 AppleWebKit/537.36 (KHTML, like Gecko; compatible; bingbot/2.0; +http://www.bing.com/bingbot.htm) Chrome/116.0.1938.76 Safari/537.36"
207.46.13.51 - - [13/Sep/2026:16:49:00 +0300] "GET /?sale/search/detail/?ITMCODE=519633974260 HTTP/2.0" 200 203579 "-" "Mozilla/5.0 AppleWebKit/537.36 (KHTML, like Gecko; compatible; bingbot/2.0; +http://www.bing.com/bingbot.htm) Chrome/116.0.1938.76 Safari/537.36"
57.141.20.55 - - [13/Sep/2026:16:49:01 +0300] "GET /?sitemap-collection.xml HTTP/2.0" 200 184942 "-" "Mozilla/5.0 (Windows NT 10.0; Win64; x64) AppleWebKit/537.36 (KHTML, like Gecko) Chrome/145.0.0.0 Safari/537.36 (compatible; meta-externalagent/1.1 (+https://developers.facebook.com/docs/sharing/webmasters/crawler))"
66.249.79.2 - - [13/Sep/2026:16:49:01 +0300] "GET /index.php/zinynas-keliaujantiems?sale/search/detail/?ITMCODE=52002564213 HTTP/1.1" 200 214313 "-" "Mozilla/5.0 (Linux; Android 6.0.1; Nexus 5X Build/MMB29P) AppleWebKit/537.36 (KHTML, like Gecko) Chrome/152.0.7977.82 Mobile Safari/537.36 (compatible; Googlebot/2.1; +http://www.google.com/bot.html)"
40.77.167.27 - - [13/Sep/2026:16:49:03 +0300] "GET /?sale/search/detail/?ITMCODE=5196826621 HTTP/2.0" 200 207528 "-" "Mozilla/5.0 AppleWebKit/537.36 (KHTML, like Gecko; compatible; bingbot/2.0; +http://www.bing.com/bingbot.htm) Chrome/116.0.1938.76 Safari/537.36"
40.77.167.14 - - [13/Sep/2026:16:49:04 +0300] "GET /?sale/search/detail/?ITMCODE=51974121942 HTTP/2.0" 200 201222 "-" "Mozilla/5.0 AppleWebKit/537.36 (KHTML, like Gecko; compatible; bingbot/2.0; +http://www.bing.com/bingbot.htm) Chrome/116.0.1938.76 Safari/537.36"
66.249.79.3 - - [13/Sep/2026:16:49:07 +0300] "GET /?sale/search/detail/?ITMCODE=51981510064 HTTP/1.1" 200 195126 "-" "Mozilla/5.0 (Linux; Android 6.0.1; Nexus 5X Build/MMB29P) AppleWebKit/537.36 (KHTML, like Gecko) Chrome/152.0.7977.82 Mobile Safari/537.36 (compatible; Googlebot/2.1; +http://www.google.com/bot.html)"
40.77.167.27 - - [13/Sep/2026:16:49:07 +0300] "GET /?sale/search/detail/?ITMCODE=5195476186 HTTP/2.0" 200 214910 "-" "Mozilla/5.0 AppleWebKit/537.36 (KHTML, like Gecko; compatible; bingbot/2.0; +http://www.bing.com/bingbot.htm) Chrome/116.0.1938.76 Safari/537.36"
207.46.13.51 - - [13/Sep/2026:16:49:07 +0300] "GET /?sale/search/detail/?ITMCODE=52005915423 HTTP/2.0" 200 192755 "-" "Mozilla/5.0 AppleWebKit/537.36 (KHTML, like Gecko; compatible; bingbot/2.0; +http://www.bing.com/bingbot.htm) Chrome/116.0.1938.76 Safari/537.36"
66.249.79.1 - - [13/Sep/2026:16:49:09 +0300] "GET /index.php/paslaugos?sale/search/detail/?ITMCODE=51971468592 HTTP/1.1" 200 202616 "-" "Mozilla/5.0 (Linux; Android 6.0.1; Nexus 5X Build/MMB29P) AppleWebKit/537.36 (KHTML, like Gecko) Chrome/152.0.7977.82 Mobile Safari/537.36 (compatible; Googlebot/2.1; +http://www.google.com/bot.html)"
40.77.167.14 - - [13/Sep/2026:16:49:09 +0300] "GET /?sale/search/detail/?ITMCODE=519521174099 HTTP/2.0" 200 198746 "-" "Mozilla/5.0 AppleWebKit/537.36 (KHTML, like Gecko; compatible; bingbot/2.0; +http://www.bing.com/bingbot.htm) Chrome/116.0.1938.76 Safari/537.36"
52.167.144.25 - - [13/Sep/2026:16:49:12 +0300] "GET /?sale/search/detail/?ITMCODE=519542460746 HTTP/2.0" 200 194973 "-" "Mozilla/5.0 AppleWebKit/537.36 (KHTML, like Gecko; compatible; bingbot/2.0; +http://www.bing.com/bingbot.htm) Chrome/116.0.1938.76 Safari/537.36"
52.167.144.25 - - [13/Sep/2026:16:49:13 +0300] "GET /?sale/search/detail/?ITMCODE=519575376342 HTTP/2.0" 200 194359 "-" "Mozilla/5.0 AppleWebKit/537.36 (KHTML, like Gecko; compatible; bingbot/2.0; +http://www.bing.com/bingbot.htm) Chrome/116.0.1938.76 Safari/537.36"
52.167.144.25 - - [13/Sep/2026:16:49:13 +0300] "GET /?sale/search/detail/?ITMCODE=52008591571 HTTP/2.0" 200 194926 "-" "Mozilla/5.0 AppleWebKit/537.36 (KHTML, like Gecko; compatible; bingbot/2.0; +http://www.bing.com/bingbot.htm) Chrome/116.0.1938.76 Safari/537.36"
52.167.144.25 - - [13/Sep/2026:16:49:14 +0300] "GET /?sale/search/detail/?ITMCODE=519533311855 HTTP/2.0" 200 214683 "-" "Mozilla/5.0 AppleWebKit/537.36 (KHTML, like Gecko; compatible; bingbot/2.0; +http://www.bing.com/bingbot.htm) Chrome/116.0.1938.76 Safari/537.36"
40.77.167.14 - - [13/Sep/2026:16:49:14 +0300] "GET /?sale/search/detail/?ITMCODE=51987831439 HTTP/2.0" 200 211235 "-" "Mozilla/5.0 AppleWebKit/537.36 (KHTML, like Gecko; compatible; bingbot/2.0; +http://www.bing.com/bingbot.htm) Chrome/116.0.1938.76 Safari/537.36"
52.167.144.25 - - [13/Sep/2026:16:49:15 +0300] "GET /?sale/search/detail/?ITMCODE=51984818099 HTTP/2.0" 200 206279 "-" "Mozilla/5.0 AppleWebKit/537.36 (KHTML, like Gecko; compatible; bingbot/2.0; +http://www.bing.com/bingbot.htm) Chrome/116.0.1938.76 Safari/537.36"
66.249.79.1 - - [13/Sep/2026:16:49:15 +0300] "GET /?sale/search/detail/?ITMCODE=5196897130 HTTP/1.1" 200 194751 "-" "Mozilla/5.0 (Linux; Android 6.0.1; Nexus 5X Build/MMB29P) AppleWebKit/537.36 (KHTML, like Gecko) Chrome/152.0.7977.82 Mobile Safari/537.36 (compatible; Googlebot/2.1; +http://www.google.com/bot.html)"
52.167.144.25 - - [13/Sep/2026:16:49:15 +0300] "GET /?sale/search/detail/?ITMCODE=519651562006 HTTP/2.0" 200 200506 "-" "Mozilla/5.0 AppleWebKit/537.36 (KHTML, like Gecko; compatible; bingbot/2.0; +http://www.bing.com/bingbot.htm) Chrome/116.0.1938.76 Safari/537.36"
66.249.79.3 - - [13/Sep/2026:16:49:15 +0300] "GET /index.php/zinynas-keliaujantiems?sale/search/detail/?ITMCODE=51992182237 HTTP/1.1" 200 210175 "-" "Mozilla/5.0 (Linux; Android 6.0.1; Nexus 5X Build/MMB29P) AppleWebKit/537.36 (KHTML, like Gecko) Chrome/152.0.7977.82 Mobile Safari/537.36 (compatible; Googlebot/2.1; +http://www.google.com/bot.html)"
52.167.144.25 - - [13/Sep/2026:16:49:16 +0300] "GET /?sale/search/detail/?ITMCODE=51995483681 HTTP/2.0" 200 214490 "-" "Mozilla/5.0 AppleWebKit/537.36 (KHTML, like Gecko; compatible; bingbot/2.0; +http://www.bing.com/bingbot.htm) Chrome/116.0.1938.76 Safari/537.36"
52.167.144.25 - - [13/Sep/2026:16:49:17 +0300] "GET /?sale/search/detail/?ITMCODE=51953189252 HTTP/2.0" 200 211345 "-" "Mozilla/5.0 AppleWebKit/537.36 (KHTML, like Gecko; compatible; bingbot/2.0; +http://www.bing.com/bingbot.htm) Chrome/116.0.1938.76 Safari/537.36"
40.77.167.27 - - [13/Sep/2026:16:49:16 +0300] "GET /?sale/search/detail/?ITMCODE=51981743497 HTTP/2.0" 200 204576 "-" "Mozilla/5.0 AppleWebKit/537.36 (KHTML, like Gecko; compatible; bingbot/2.0; +http://www.bing.com/bingbot.htm) Chrome/116.0.1938.76 Safari/537.36"
52.167.144.25 - - [13/Sep/2026:16:49:18 +0300] "GET /?sale/search/detail/?ITMCODE=51987546074 HTTP/2.0" 200 205132 "-" "Mozilla/5.0 AppleWebKit/537.36 (KHTML, like Gecko; compatible; bingbot/2.0; +http://www.bing.com/bingbot.htm) Chrome/116.0.1938.76 Safari/537.36"
85.208.96.206 - - [13/Sep/2026:16:49:18 +0300] "GET /?sale%2Fsearch%2Fdetail%2F%3FITMCODE=519995483394 HTTP/1.1" 200 31562 "-" "Mozilla/5.0 (compatible; SemrushBot/7~bl; +http://www.semrush.com/bot.html)"
52.167.144.25 - - [13/Sep/2026:16:49:18 +0300] "GET /?sale/search/detail/?ITMCODE=51963618713 HTTP/2.0" 200 205447 "-" "Mozilla/5.0 AppleWebKit/537.36 (KHTML, like Gecko; compatible; bingbot/2.0; +http://www.bing.com/bingbot.htm) Chrome/116.0.1938.76 Safari/537.36"
52.167.144.25 - - [13/Sep/2026:16:49:19 +0300] "GET /?sale/search/detail/?ITMCODE=520080663417 HTTP/2.0" 200 201895 "-" "Mozilla/5.0 AppleWebKit/537.36 (KHTML, like Gecko; compatible; bingbot/2.0; +http://www.bing.com/bingbot.htm) Chrome/116.0.1938.76 Safari/537.36"
52.167.144.25 - - [13/Sep/2026:16:49:19 +0300] "GET /?sale/search/detail/?ITMCODE=519536142141 HTTP/2.0" 200 194967 "-" "Mozilla/5.0 AppleWebKit/537.36 (KHTML, like Gecko; compatible; bingbot/2.0; +http://www.bing.com/bingbot.htm) Chrome/116.0.1938.76 Safari/537.36"
40.77.167.26 - - [13/Sep/2026:16:49:19 +0300] "GET /?sale/search/detail/?ITMCODE=519713367647 HTTP/2.0" 200 205159 "-" "Mozilla/5.0 AppleWebKit/537.36 (KHTML, like Gecko; compatible; bingbot/2.0; +http://www.bing.com/bingbot.htm) Chrome/116.0.1938.76 Safari/537.36"
52.167.144.25 - - [13/Sep/2026:16:49:20 +0300] "GET /?sale/search/detail/?ITMCODE=51984582737 HTTP/2.0" 200 201188 "-" "Mozilla/5.0 AppleWebKit/537.36 (KHTML, like Gecko; compatible; bingbot/2.0; +http://www.bing.com/bingbot.htm) Chrome/116.0.1938.76 Safari/537.36"
40.77.167.26 - - [13/Sep/2026:16:49:20 +0300] "GET /?sale/search/detail/?ITMCODE=51971098477 HTTP/2.0" 200 204458 "-" "Mozilla/5.0 AppleWebKit/537.36 (KHTML, like Gecko; compatible; bingbot/2.0; +http://www.bing.com/bingbot.htm) Chrome/116.0.1938.76 Safari/537.36"
40.77.167.26 - - [13/Sep/2026:16:49:21 +0300] "GET /?sale/search/detail/?ITMCODE=5195454839 HTTP/2.0" 200 206122 "-" "Mozilla/5.0 AppleWebKit/537.36 (KHTML, like Gecko; compatible; bingbot/2.0; +http://www.bing.com/bingbot.htm) Chrome/116.0.1938.76 Safari/537.36"
40.77.167.26 - - [13/Sep/2026:16:49:21 +0300] "GET /?sale/search/detail/?ITMCODE=51992113916 HTTP/2.0" 200 231357 "-" "Mozilla/5.0 AppleWebKit/537.36 (KHTML, like Gecko; compatible; bingbot/2.0; +http://www.bing.com/bingbot.htm) Chrome/116.0.1938.76 Safari/537.36"
40.77.167.26 - - [13/Sep/2026:16:49:22 +0300] "GET /?sale/search/detail/?ITMCODE=52002697984 HTTP/2.0" 200 204646 "-" "Mozilla/5.0 AppleWebKit/537.36 (KHTML, like Gecko; compatible; bingbot/2.0; +http://www.bing.com/bingbot.htm) Chrome/116.0.1938.76 Safari/537.36"
40.77.167.26 - - [13/Sep/2026:16:49:22 +0300] "GET /?sale/search/detail/?ITMCODE=5196885413 HTTP/2.0" 200 202056 "-" "Mozilla/5.0 AppleWebKit/537.36 (KHTML, like Gecko; compatible; bingbot/2.0; +http://www.bing.com/bingbot.htm) Chrome/116.0.1938.76 Safari/537.36"
66.249.79.2 - - [13/Sep/2026:16:49:22 +0300] "GET /index.php/zinynas-keliaujantiems?sale/search/detail/?ITMCODE=51981646979 HTTP/1.1" 200 203689 "-" "Mozilla/5.0 (Linux; Android 6.0.1; Nexus 5X Build/MMB29P) AppleWebKit/537.36 (KHTML, like Gecko) Chrome/152.0.7977.82 Mobile Safari/537.36 (compatible; Googlebot/2.1; +http://www.google.com/bot.html)"
40.77.167.26 - - [13/Sep/2026:16:49:23 +0300] "GET /?sale/search/detail/?ITMCODE=51992007824 HTTP/2.0" 200 230867 "-" "Mozilla/5.0 AppleWebKit/537.36 (KHTML, like Gecko; compatible; bingbot/2.0; +http://www.bing.com/bingbot.htm) Chrome/116.0.1938.76 Safari/537.36"
40.77.167.26 - - [13/Sep/2026:16:49:24 +0300] "GET /sale/search/detail/?ITMCODE=5195178869 HTTP/2.0" 200 217622 "-" "Mozilla/5.0 AppleWebKit/537.36 (KHTML, like Gecko; compatible; bingbot/2.0; +http://www.bing.com/bingbot.htm) Chrome/116.0.1938.76 Safari/537.36"
66.249.79.1 - - [13/Sep/2026:16:49:23 +0300] "GET /index.php/paslaugos?sale/search/detail/?ITMCODE=5196935342 HTTP/1.1" 200 217139 "-" "Mozilla/5.0 (Linux; Android 6.0.1; Nexus 5X Build/MMB29P) AppleWebKit/537.36 (KHTML, like Gecko) Chrome/152.0.7977.82 Mobile Safari/537.36 (compatible; Googlebot/2.1; +http://www.google.com/bot.html)"
40.77.167.26 - - [13/Sep/2026:16:49:24 +0300] "GET /?sale/search/detail/?ITMCODE=51981695499 HTTP/2.0" 200 201843 "-" "Mozilla/5.0 AppleWebKit/537.36 (KHTML, like Gecko; compatible; bingbot/2.0; +http://www.bing.com/bingbot.htm) Chrome/116.0.1938.76 Safari/537.36"
40.77.167.26 - - [13/Sep/2026:16:49:25 +0300] "GET /?sale/search/detail/?ITMCODE=5196825038 HTTP/2.0" 200 203788 "-" "Mozilla/5.0 AppleWebKit/537.36 (KHTML, like Gecko; compatible; bingbot/2.0; +http://www.bing.com/bingbot.htm) Chrome/116.0.1938.76 Safari/537.36"
40.77.167.26 - - [13/Sep/2026:16:49:25 +0300] "GET /?sale/search/detail/?ITMCODE=51953471417 HTTP/2.0" 200 204917 "-" "Mozilla/5.0 AppleWebKit/537.36 (KHTML, like Gecko; compatible; bingbot/2.0; +http://www.bing.com/bingbot.htm) Chrome/116.0.1938.76 Safari/537.36"
40.77.167.26 - - [13/Sep/2026:16:49:26 +0300] "GET /?sale/search/detail/?ITMCODE=52002583837 HTTP/2.0" 200 213325 "-" "Mozilla/5.0 AppleWebKit/537.36 (KHTML, like Gecko; compatible; bingbot/2.0; +http://www.bing.com/bingbot.htm) Chrome/116.0.1938.76 Safari/537.36"
85.208.96.203 - - [13/Sep/2026:16:49:26 +0300] "GET /?sale%2Fsearch%2Fdetail%2F%3FITMCODE=519917281808 HTTP/1.1" 200 31562 "-" "Mozilla/5.0 (compatible; SemrushBot/7~bl; +http://www.semrush.com/bot.html)"
40.77.167.14 - - [13/Sep/2026:16:49:26 +0300] "GET /?sale/search/detail/?ITMCODE=52008843245 HTTP/2.0" 200 198357 "-" "Mozilla/5.0 AppleWebKit/537.36 (KHTML, like Gecko; compatible; bingbot/2.0; +http://www.bing.com/bingbot.htm) Chrome/116.0.1938.76 Safari/537.36"
40.77.167.26 - - [13/Sep/2026:16:49:27 +0300] "GET /?sale/search/detail/?ITMCODE=51992271530 HTTP/2.0" 200 206570 "-" "Mozilla/5.0 AppleWebKit/537.36 (KHTML, like Gecko; compatible; bingbot/2.0; +http://www.bing.com/bingbot.htm) Chrome/116.0.1938.76 Safari/537.36"
66.249.79.2 - - [13/Sep/2026:16:49:27 +0300] "GET /?sale/search/detail/?ITMCODE=5196975184 HTTP/1.1" 200 199563 "-" "Mozilla/5.0 (Linux; Android 6.0.1; Nexus 5X Build/MMB29P) AppleWebKit/537.36 (KHTML, like Gecko) Chrome/152.0.7977.82 Mobile Safari/537.36 (compatible; Googlebot/2.1; +http://www.google.com/bot.html)"
40.77.167.14 - - [13/Sep/2026:16:49:27 +0300] "GET /?sale/search/detail/?ITMCODE=519995290817 HTTP/2.0" 200 195185 "-" "Mozilla/5.0 AppleWebKit/537.36 (KHTML, like Gecko; compatible; bingbot/2.0; +http://www.bing.com/bingbot.htm) Chrome/116.0.1938.76 Safari/537.36"
40.77.167.14 - - [13/Sep/2026:16:49:29 +0300] "GET /?sale/search/detail/?ITMCODE=51987839812 HTTP/2.0" 200 201510 "-" "Mozilla/5.0 AppleWebKit/537.36 (KHTML, like Gecko; compatible; bingbot/2.0; +http://www.bing.com/bingbot.htm) Chrome/116.0.1938.76 Safari/537.36"
40.77.167.14 - - [13/Sep/2026:16:49:30 +0300] "GET /?sale/search/detail/?ITMCODE=519530210631 HTTP/2.0" 200 217215 "-" "Mozilla/5.0 AppleWebKit/537.36 (KHTML, like Gecko; compatible; bingbot/2.0; +http://www.bing.com/bingbot.htm) Chrome/116.0.1938.76 Safari/537.36"
66.249.79.1 - - [13/Sep/2026:16:49:31 +0300] "GET /?sale/search/detail/?ITMCODE=51992066324 HTTP/1.1" 200 205460 "-" "Mozilla/5.0 (Linux; Android 6.0.1; Nexus 5X Build/MMB29P) AppleWebKit/537.36 (KHTML, like Gecko) Chrome/152.0.7977.82 Mobile Safari/537.36 (compatible; Googlebot/2.1; +http://www.google.com/bot.html)"
40.77.167.27 - - [13/Sep/2026:16:49:32 +0300] "GET /?sale/search/detail/?ITMCODE=519728244356 HTTP/2.0" 200 201509 "-" "Mozilla/5.0 AppleWebKit/537.36 (KHTML, like Gecko; compatible; bingbot/2.0; +http://www.bing.com/bingbot.htm) Chrome/116.0.1938.76 Safari/537.36"
40.77.167.27 - - [13/Sep/2026:16:49:33 +0300] "GET /?sale/search/detail/?ITMCODE=51963584335 HTTP/2.0" 200 206614 "-" "Mozilla/5.0 AppleWebKit/537.36 (KHTML, like Gecko; compatible; bingbot/2.0; +http://www.bing.com/bingbot.htm) Chrome/116.0.1938.76 Safari/537.36"
40.77.167.27 - - [13/Sep/2026:16:49:34 +0300] "GET /?sale/search/detail/?ITMCODE=51963991871 HTTP/2.0" 200 205113 "-" "Mozilla/5.0 AppleWebKit/537.36 (KHTML, like Gecko; compatible; bingbot/2.0; +http://www.bing.com/bingbot.htm) Chrome/116.0.1938.76 Safari/537.36"
66.249.79.1 - - [13/Sep/2026:16:49:34 +0300] "GET /index.php/zinynas-keliaujantiems?sale/search/detail/?ITMCODE=51981959331 HTTP/1.1" 200 205077 "-" "Mozilla/5.0 (Linux; Android 6.0.1; Nexus 5X Build/MMB29P) AppleWebKit/537.36 (KHTML, like Gecko) Chrome/152.0.7977.82 Mobile Safari/537.36 (compatible; Googlebot/2.1; +http://www.google.com/bot.html)"
40.77.167.27 - - [13/Sep/2026:16:49:34 +0300] "GET /sale/search/detail/?ITMCODE=52002579447 HTTP/2.0" 200 205062 "-" "Mozilla/5.0 AppleWebKit/537.36 (KHTML, like Gecko; compatible; bingbot/2.0; +http://www.bing.com/bingbot.htm) Chrome/116.0.1938.76 Safari/537.36"
66.249.79.2 - - [13/Sep/2026:16:49:35 +0300] "GET /shop/pg/5195325984 HTTP/1.1" 200 201153 "-" "Mozilla/5.0 (Linux; Android 6.0.1; Nexus 5X Build/MMB29P) AppleWebKit/537.36 (KHTML, like Gecko) Chrome/152.0.7977.82 Mobile Safari/537.36 (compatible; Googlebot/2.1; +http://www.google.com/bot.html)"
85.208.96.193 - - [13/Sep/2026:16:49:37 +0300] "GET /?sale%2Fsearch%2Fdetail%2F%3FITMCODE=51992242243 HTTP/1.1" 200 31561 "-" "Mozilla/5.0 (compatible; SemrushBot/7~bl; +http://www.semrush.com/bot.html)"
66.249.79.3 - - [13/Sep/2026:16:49:37 +0300] "GET /index.php/zinynas-keliaujantiems?sale/search/detail/?ITMCODE=52002770616 HTTP/1.1" 200 213254 "-" "Mozilla/5.0 (Linux; Android 6.0.1; Nexus 5X Build/MMB29P) AppleWebKit/537.36 (KHTML, like Gecko) Chrome/152.0.7977.82 Mobile Safari/537.36 (compatible; Googlebot/2.1; +http://www.google.com/bot.html)"
66.249.79.3 - - [13/Sep/2026:16:49:39 +0300] "GET /?sale/search/detail/?ITMCODE=51971350381 HTTP/1.1" 200 194198 "-" "Mozilla/5.0 (Linux; Android 6.0.1; Nexus 5X Build/MMB29P) AppleWebKit/537.36 (KHTML, like Gecko) Chrome/152.0.7977.82 Mobile Safari/537.36 (compatible; Googlebot/2.1; +http://www.google.com/bot.html)"
52.167.144.176 - - [13/Sep/2026:16:49:39 +0300] "GET /?sale/search/detail/?ITMCODE=51971371143 HTTP/2.0" 200 205725 "-" "Mozilla/5.0 AppleWebKit/537.36 (KHTML, like Gecko; compatible; bingbot/2.0; +http://www.bing.com/bingbot.htm) Chrome/116.0.1938.76 Safari/537.36"
52.167.144.176 - - [13/Sep/2026:16:49:40 +0300] "GET /?sale/search/detail/?ITMCODE=5196542686 HTTP/2.0" 200 205611 "-" "Mozilla/5.0 AppleWebKit/537.36 (KHTML, like Gecko; compatible; bingbot/2.0; +http://www.bing.com/bingbot.htm) Chrome/116.0.1938.76 Safari/537.36"
52.167.144.176 - - [13/Sep/2026:16:49:41 +0300] "GET /?sale/search/detail/?ITMCODE=5196640257 HTTP/2.0" 200 200327 "-" "Mozilla/5.0 AppleWebKit/537.36 (KHTML, like Gecko; compatible; bingbot/2.0; +http://www.bing.com/bingbot.htm) Chrome/116.0.1938.76 Safari/537.36"
52.167.144.176 - - [13/Sep/2026:16:49:41 +0300] "GET /?sale/search/detail/?ITMCODE=519858569909 HTTP/2.0" 200 201536 "-" "Mozilla/5.0 AppleWebKit/537.36 (KHTML, like Gecko; compatible; bingbot/2.0; +http://www.bing.com/bingbot.htm) Chrome/116.0.1938.76 Safari/537.36"
52.167.144.176 - - [13/Sep/2026:16:49:42 +0300] "GET /?sale/search/detail/?ITMCODE=5195399305 HTTP/2.0" 200 201544 "-" "Mozilla/5.0 AppleWebKit/537.36 (KHTML, like Gecko; compatible; bingbot/2.0; +http://www.bing.com/bingbot.htm) Chrome/116.0.1938.76 Safari/537.36"
66.249.79.2 - - [13/Sep/2026:16:49:42 +0300] "GET /index.php/zinynas-keliaujantiems?sale/search/detail/?ITMCODE=51992207695 HTTP/1.1" 200 201722 "-" "Mozilla/5.0 (Linux; Android 6.0.1; Nexus 5X Build/MMB29P) AppleWebKit/537.36 (KHTML, like Gecko) Chrome/152.0.7977.82 Mobile Safari/537.36 (compatible; Googlebot/2.1; +http://www.google.com/bot.html)"
52.167.144.176 - - [13/Sep/2026:16:49:42 +0300] "GET /?sale/search/detail/?ITMCODE=5195467352 HTTP/2.0" 200 205023 "-" "Mozilla/5.0 AppleWebKit/537.36 (KHTML, like Gecko; compatible; bingbot/2.0; +http://www.bing.com/bingbot.htm) Chrome/116.0.1938.76 Safari/537.36"
52.167.144.176 - - [13/Sep/2026:16:49:43 +0300] "GET /?sale/search/detail/?ITMCODE=5195372068 HTTP/2.0" 200 218888 "-" "Mozilla/5.0 AppleWebKit/537.36 (KHTML, like Gecko; compatible; bingbot/2.0; +http://www.bing.com/bingbot.htm) Chrome/116.0.1938.76 Safari/537.36"
52.167.144.176 - - [13/Sep/2026:16:49:44 +0300] "GET /?sale/search/detail/?ITMCODE=51981708747 HTTP/2.0" 200 204795 "-" "Mozilla/5.0 AppleWebKit/537.36 (KHTML, like Gecko; compatible; bingbot/2.0; +http://www.bing.com/bingbot.htm) Chrome/116.0.1938.76 Safari/537.36"
66.249.79.1 - - [13/Sep/2026:16:49:43 +0300] "GET /index.php/zinynas-keliaujantiems?sale/search/detail/?ITMCODE=51981798716 HTTP/1.1" 200 213108 "-" "Mozilla/5.0 (Linux; Android 6.0.1; Nexus 5X Build/MMB29P) AppleWebKit/537.36 (KHTML, like Gecko) Chrome/152.0.7977.82 Mobile Safari/537.36 (compatible; Googlebot/2.1; +http://www.google.com/bot.html)"
