74.7.243.247 - - [13/Sep/2026:17:29:25 +0300] "GET /index.php/component/search/?Itemid=437&format=opensearch&id=1&sale/search/detail/?ITMCODE=519888916427 HTTP/2.0" 200 585 "https://keliauk-uk.lt.testams.vhost.lt/?sale/search/detail/?ITMCODE=519888916427" "Mozilla/5.0 AppleWebKit/537.36 (KHTML, like Gecko; compatible; GPTBot/1.4; +https://openai.com/gptbot)"
74.7.243.247 - - [13/Sep/2026:17:29:26 +0300] "GET /?sale/search/detail/?ITMCODE=519542007333 HTTP/2.0" 200 31682 "https://keliauk-uk.lt.testams.vhost.lt/?sitemap-432.xml" "Mozilla/5.0 AppleWebKit/537.36 (KHTML, like Gecko; compatible; GPTBot/1.4; +https://openai.com/gptbot)"
74.7.243.247 - - [13/Sep/2026:17:29:26 +0300] "GET /?sale/search/detail/?ITMCODE=519992463018 HTTP/2.0" 200 31682 "https://keliauk-uk.lt.testams.vhost.lt/?sitemap-547.xml" "Mozilla/5.0 AppleWebKit/537.36 (KHTML, like Gecko; compatible; GPTBot/1.4; +https://openai.com/gptbot)"
85.208.96.206 - - [13/Sep/2026:17:29:26 +0300] "GET /?sale%2Fsearch%2Fdetail%2F%3FITMCODE=520059590293 HTTP/1.1" 200 31563 "-" "Mozilla/5.0 (compatible; SemrushBot/7~bl; +http://www.semrush.com/bot.html)"
74.7.243.247 - - [13/Sep/2026:17:29:27 +0300] "GET /?sale/search/detail/?ITMCODE=520041988874 HTTP/2.0" 200 31682 "https://keliauk-uk.lt.testams.vhost.lt/?sitemap-432.xml" "Mozilla/5.0 AppleWebKit/537.36 (KHTML, like Gecko; compatible; GPTBot/1.4; +https://openai.com/gptbot)"
74.7.243.247 - - [13/Sep/2026:17:29:27 +0300] "GET /?sale/search/detail/?ITMCODE=519612584443 HTTP/2.0" 200 31682 "https://keliauk-uk.lt.testams.vhost.lt/?sitemap-402.xml" "Mozilla/5.0 AppleWebKit/537.36 (KHTML, like Gecko; compatible; GPTBot/1.4; +https://openai.com/gptbot)"
74.7.243.247 - - [13/Sep/2026:17:29:28 +0300] "GET /?sale/search/detail/?ITMCODE=519713462228 HTTP/2.0" 200 31682 "https://keliauk-uk.lt.testams.vhost.lt/?sitemap-402.xml" "Mozilla/5.0 AppleWebKit/537.36 (KHTML, like Gecko; compatible; GPTBot/1.4; +https://openai.com/gptbot)"
74.7.243.247 - - [13/Sep/2026:17:29:28 +0300] "GET /?sale/search/detail/?ITMCODE=519687772332 HTTP/2.0" 200 31682 "https://keliauk-uk.lt.testams.vhost.lt/?sitemap-547.xml" "Mozilla/5.0 AppleWebKit/537.36 (KHTML, like Gecko; compatible; GPTBot/1.4; +https://openai.com/gptbot)"
66.249.79.1 - - [13/Sep/2026:17:29:28 +0300] "GET /index.php/zinynas-keliaujantiems?sale/search/detail/?ITMCODE=51971102135 HTTP/1.1" 200 207456 "-" "Mozilla/5.0 (Linux; Android 6.0.1; Nexus 5X Build/MMB29P) AppleWebKit/537.36 (KHTML, like Gecko) Chrome/152.0.7977.82 Mobile Safari/537.36 (compatible; Googlebot/2.1; +http://www.google.com/bot.html)"
74.7.243.247 - - [13/Sep/2026:17:29:29 +0300] "GET /?sale/search/detail/?ITMCODE=519840766653 HTTP/2.0" 200 31682 "https://keliauk-uk.lt.testams.vhost.lt/?sitemap-432.xml" "Mozilla/5.0 AppleWebKit/537.36 (KHTML, like Gecko; compatible; GPTBot/1.4; +https://openai.com/gptbot)"
74.7.243.247 - - [13/Sep/2026:17:29:29 +0300] "GET /?sale/search/detail/?ITMCODE=519725340009 HTTP/2.0" 200 31682 "https://keliauk-uk.lt.testams.vhost.lt/?sitemap-847.xml" "Mozilla/5.0 AppleWebKit/537.36 (KHTML, like Gecko; compatible; GPTBot/1.4; +https://openai.com/gptbot)"
74.7.243.247 - - [13/Sep/2026:17:29:30 +0300] "GET /?sale/search/detail/?ITMCODE=519710003687 HTTP/2.0" 200 31682 "https://keliauk-uk.lt.testams.vhost.lt/?sitemap-699.xml" "Mozilla/5.0 AppleWebKit/537.36 (KHTML, like Gecko; compatible; GPTBot/1.4; +https://openai.com/gptbot)"
74.7.243.247 - - [13/Sep/2026:17:29:30 +0300] "GET /?sale/search/detail/?ITMCODE=520041785333 HTTP/2.0" 200 31682 "https://keliauk-uk.lt.testams.vhost.lt/?sitemap-432.xml" "Mozilla/5.0 AppleWebKit/537.36 (KHTML, like Gecko; compatible; GPTBot/1.4; +https://openai.com/gptbot)"
74.7.243.247 - - [13/Sep/2026:17:29:31 +0300] "GET /?sale/search/detail/?ITMCODE=519888641360 HTTP/2.0" 200 31682 "https://keliauk-uk.lt.testams.vhost.lt/?sitemap-547.xml" "Mozilla/5.0 AppleWebKit/537.36 (KHTML, like Gecko; compatible; GPTBot/1.4; +https://openai.com/gptbot)"
66.249.79.1 - - [13/Sep/2026:17:29:31 +0300] "GET /index.php/zinynas-keliaujantiems?sale/search/detail/?ITMCODE=5195378966 HTTP/1.1" 200 218079 "-" "Mozilla/5.0 (Linux; Android 6.0.1; Nexus 5X Build/MMB29P) AppleWebKit/537.36 (KHTML, like Gecko) Chrome/152.0.7977.82 Mobile Safari/537.36 (compatible; Googlebot/2.1; +http://www.google.com/bot.html)"
74.7.243.247 - - [13/Sep/2026:17:29:31 +0300] "GET /?sale/search/detail/?ITMCODE=519998147802 HTTP/2.0" 200 31682 "https://keliauk-uk.lt.testams.vhost.lt/?sitemap-955.xml" "Mozilla/5.0 AppleWebKit/537.36 (KHTML, like Gecko; compatible; GPTBot/1.4; +https://openai.com/gptbot)"
74.7.243.247 - - [13/Sep/2026:17:29:32 +0300] "GET /?sale/search/detail/?ITMCODE=519846517773 HTTP/2.0" 200 31682 "https://keliauk-uk.lt.testams.vhost.lt/?sitemap-432.xml" "Mozilla/5.0 AppleWebKit/537.36 (KHTML, like Gecko; compatible; GPTBot/1.4; +https://openai.com/gptbot)"
74.7.243.247 - - [13/Sep/2026:17:29:32 +0300] "GET /?sale/search/detail/?ITMCODE=519888627623 HTTP/2.0" 200 31682 "https://keliauk-uk.lt.testams.vhost.lt/?sitemap-547.xml" "Mozilla/5.0 AppleWebKit/537.36 (KHTML, like Gecko; compatible; GPTBot/1.4; +https://openai.com/gptbot)"
74.7.243.247 - - [13/Sep/2026:17:29:33 +0300] "GET /?sale/search/detail/?ITMCODE=519687694443 HTTP/2.0" 200 31682 "https://keliauk-uk.lt.testams.vhost.lt/?sitemap-547.xml" "Mozilla/5.0 AppleWebKit/537.36 (KHTML, like Gecko; compatible; GPTBot/1.4; +https://openai.com/gptbot)"
74.7.243.247 - - [13/Sep/2026:17:29:33 +0300] "GET /?sale/search/detail/?ITMCODE=519998107734 HTTP/2.0" 200 31682 "https://keliauk-uk.lt.testams.vhost.lt/?sitemap-955.xml" "Mozilla/5.0 AppleWebKit/537.36 (KHTML, like Gecko; compatible; GPTBot/1.4; +https://openai.com/gptbot)"
74.7.243.247 - - [13/Sep/2026:17:29:34 +0300] "GET /?sale/search/detail/?ITMCODE=520026844413 HTTP/2.0" 200 31682 "https://keliauk-uk.lt.testams.vhost.lt/?sitemap-847.xml" "Mozilla/5.0 AppleWebKit/537.36 (KHTML, like Gecko; compatible; GPTBot/1.4; +https://openai.com/gptbot)"
66.249.79.2 - - [13/Sep/2026:17:29:34 +0300] "GET /?sale/search/detail/?ITMCODE=51981576190 HTTP/1.1" 200 192828 "-" "Mozilla/5.0 (Linux; Android 6.0.1; Nexus 5X Build/MMB29P) AppleWebKit/537.36 (KHTML, like Gecko) Chrome/152.0.7977.82 Mobile Safari/537.36 (compatible; Googlebot/2.1; +http://www.google.com/bot.html)"
57.141.20.12 - - [13/Sep/2026:17:29:34 +0300] "GET /index.php/component/search/?sale/search/detail/?ITMCODE=519776001484& HTTP/2.0" 200 19729 "-" "Mozilla/5.0 (Windows NT 10.0; Win64; x64) AppleWebKit/537.36 (KHTML, like Gecko) Chrome/145.0.0.0 Safari/537.36 (compatible; meta-externalagent/1.1 (+https://developers.facebook.com/docs/sharing/webmasters/crawler))"
74.7.243.247 - - [13/Sep/2026:17:29:34 +0300] "GET /?sale/search/detail/?ITMCODE=519992430735 HTTP/2.0" 200 31682 "https://keliauk-uk.lt.testams.vhost.lt/?sitemap-547.xml" "Mozilla/5.0 AppleWebKit/537.36 (KHTML, like Gecko; compatible; GPTBot/1.4; +https://openai.com/gptbot)"
74.7.243.247 - - [13/Sep/2026:17:29:35 +0300] "GET /?sale/search/detail/?ITMCODE=519992164860 HTTP/2.0" 200 31682 "https://keliauk-uk.lt.testams.vhost.lt/?sitemap-547.xml" "Mozilla/5.0 AppleWebKit/537.36 (KHTML, like Gecko; compatible; GPTBot/1.4; +https://openai.com/gptbot)"
57.141.20.45 - - [13/Sep/2026:17:29:35 +0300] "GET /presets/.css HTTP/2.0" 404 1448 "https://www.keliauk-uk.lt/index.php/component/search/?sale/search/detail/?ITMCODE=519776001484&" "Mozilla/5.0 (Windows NT 10.0; Win64; x64) AppleWebKit/537.36 (KHTML, like Gecko) Chrome/145.0.0.0 Safari/537.36 (compatible; meta-externalagent/1.1 (+https://developers.facebook.com/docs/sharing/webmasters/crawler))"
74.7.243.247 - - [13/Sep/2026:17:29:35 +0300] "GET /?sale/search/detail/?ITMCODE=519888703622 HTTP/2.0" 200 31682 "https://keliauk-uk.lt.testams.vhost.lt/?sitemap-547.xml" "Mozilla/5.0 AppleWebKit/537.36 (KHTML, like Gecko; compatible; GPTBot/1.4; +https://openai.com/gptbot)"
74.7.243.247 - - [13/Sep/2026:17:29:36 +0300] "GET /?sale/search/detail/?ITMCODE=519998334702 HTTP/2.0" 200 31682 "https://keliauk-uk.lt.testams.vhost.lt/?sitemap-955.xml" "Mozilla/5.0 AppleWebKit/537.36 (KHTML, like Gecko; compatible; GPTBot/1.4; +https://openai.com/gptbot)"
74.7.243.247 - - [13/Sep/2026:17:29:36 +0300] "GET /?sale/search/detail/?ITMCODE=519888967247 HTTP/2.0" 200 31682 "https://keliauk-uk.lt.testams.vhost.lt/?sitemap-547.xml" "Mozilla/5.0 AppleWebKit/537.36 (KHTML, like Gecko; compatible; GPTBot/1.4; +https://openai.com/gptbot)"
74.7.243.247 - - [13/Sep/2026:17:29:37 +0300] "GET /index.php/component/search/?Itemid=437&format=opensearch&id=1&sale/search/detail/?ITMCODE=519998334702 HTTP/2.0" 200 585 "https://keliauk-uk.lt.testams.vhost.lt/?sale/search/detail/?ITMCODE=519998334702" "Mozilla/5.0 AppleWebKit/537.36 (KHTML, like Gecko; compatible; GPTBot/1.4; +https://openai.com/gptbot)"
74.7.243.247 - - [13/Sep/2026:17:29:38 +0300] "GET /?sale/search/detail/?ITMCODE=519998272380 HTTP/2.0" 200 31682 "https://keliauk-uk.lt.testams.vhost.lt/?sitemap-955.xml" "Mozilla/5.0 AppleWebKit/537.36 (KHTML, like Gecko; compatible; GPTBot/1.4; +https://openai.com/gptbot)"
74.7.243.247 - - [13/Sep/2026:17:29:38 +0300] "GET /?sale/search/detail/?ITMCODE=519816704448 HTTP/2.0" 200 31682 "https://keliauk-uk.lt.testams.vhost.lt/?sitemap-699.xml" "Mozilla/5.0 AppleWebKit/537.36 (KHTML, like Gecko; compatible; GPTBot/1.4; +https://openai.com/gptbot)"
74.7.243.247 - - [13/Sep/2026:17:29:39 +0300] "GET /?sale/search/detail/?ITMCODE=519998042574 HTTP/2.0" 200 31682 "https://keliauk-uk.lt.testams.vhost.lt/?sitemap-955.xml" "Mozilla/5.0 AppleWebKit/537.36 (KHTML, like Gecko; compatible; GPTBot/1.4; +https://openai.com/gptbot)"
74.7.243.247 - - [13/Sep/2026:17:29:39 +0300] "GET /?sale/search/detail/?ITMCODE=520047536888 HTTP/2.0" 200 31682 "https://keliauk-uk.lt.testams.vhost.lt/?sitemap-432.xml" "Mozilla/5.0 AppleWebKit/537.36 (KHTML, like Gecko; compatible; GPTBot/1.4; +https://openai.com/gptbot)"
66.249.79.1 - - [13/Sep/2026:17:29:39 +0300] "GET /index.php/zinynas-keliaujantiems?sale/search/detail/?ITMCODE=5196817180 HTTP/1.1" 200 215731 "-" "Mozilla/5.0 (Linux; Android 6.0.1; Nexus 5X Build/MMB29P) AppleWebKit/537.36 (KHTML, like Gecko) Chrome/152.0.7977.82 Mobile Safari/537.36 (compatible; Googlebot/2.1; +http://www.google.com/bot.html)"
74.7.243.247 - - [13/Sep/2026:17:29:40 +0300] "GET /index.php/component/search/?Itemid=437&format=opensearch&id=1&sale/search/detail/?ITMCODE=519998107734 HTTP/2.0" 200 585 "https://keliauk-uk.lt.testams.vhost.lt/?sale/search/detail/?ITMCODE=519998107734" "Mozilla/5.0 AppleWebKit/537.36 (KHTML, like Gecko; compatible; GPTBot/1.4; +https://openai.com/gptbot)"
74.7.243.247 - - [13/Sep/2026:17:29:40 +0300] "GET /?sale/search/detail/?ITMCODE=519998234784 HTTP/2.0" 200 31682 "https://keliauk-uk.lt.testams.vhost.lt/?sitemap-955.xml" "Mozilla/5.0 AppleWebKit/537.36 (KHTML, like Gecko; compatible; GPTBot/1.4; +https://openai.com/gptbot)"
74.7.243.247 - - [13/Sep/2026:17:29:41 +0300] "GET /?sale/search/detail/?ITMCODE=519992018427 HTTP/2.0" 200 31682 "https://keliauk-uk.lt.testams.vhost.lt/?sitemap-547.xml" "Mozilla/5.0 AppleWebKit/537.36 (KHTML, like Gecko; compatible; GPTBot/1.4; +https://openai.com/gptbot)"
74.7.243.247 - - [13/Sep/2026:17:29:41 +0300] "GET /?sale/search/detail/?ITMCODE=519888600257 HTTP/2.0" 200 31682 "https://keliauk-uk.lt.testams.vhost.lt/?sitemap-547.xml" "Mozilla/5.0 AppleWebKit/537.36 (KHTML, like Gecko; compatible; GPTBot/1.4; +https://openai.com/gptbot)"
74.7.243.247 - - [13/Sep/2026:17:29:42 +0300] "GET /?sale/search/detail/?ITMCODE=519612700033 HTTP/2.0" 200 31682 "https://keliauk-uk.lt.testams.vhost.lt/?sitemap-402.xml" "Mozilla/5.0 AppleWebKit/537.36 (KHTML, like Gecko; compatible; GPTBot/1.4; +https://openai.com/gptbot)"
66.249.79.2 - - [13/Sep/2026:17:29:41 +0300] "GET /index.php/zinynas-keliaujantiems?sale/search/detail/?ITMCODE=5195268313 HTTP/1.1" 200 215857 "-" "Mozilla/5.0 (Linux; Android 6.0.1; Nexus 5X Build/MMB29P) AppleWebKit/537.36 (KHTML, like Gecko) Chrome/152.0.7977.82 Mobile Safari/537.36 (compatible; Googlebot/2.1; +http://www.google.com/bot.html)"
66.249.79.2 - - [13/Sep/2026:17:29:41 +0300] "GET /?sale/search/detail/?ITMCODE=51971479566 HTTP/1.1" 200 198098 "-" "Mozilla/5.0 (Linux; Android 6.0.1; Nexus 5X Build/MMB29P) AppleWebKit/537.36 (KHTML, like Gecko) Chrome/152.0.7977.82 Mobile Safari/537.36 (compatible; Googlebot/2.1; +http://www.google.com/bot.html)"
74.7.243.247 - - [13/Sep/2026:17:29:42 +0300] "GET /?sale/search/detail/?ITMCODE=519624777398 HTTP/2.0" 200 31682 "https://keliauk-uk.lt.testams.vhost.lt/?sitemap-847.xml" "Mozilla/5.0 AppleWebKit/537.36 (KHTML, like Gecko; compatible; GPTBot/1.4; +https://openai.com/gptbot)"
74.7.243.247 - - [13/Sep/2026:17:29:43 +0300] "GET /?sale/search/detail/?ITMCODE=519998081427 HTTP/2.0" 200 31682 "https://keliauk-uk.lt.testams.vhost.lt/?sitemap-955.xml" "Mozilla/5.0 AppleWebKit/537.36 (KHTML, like Gecko; compatible; GPTBot/1.4; +https://openai.com/gptbot)"
74.7.243.247 - - [13/Sep/2026:17:29:43 +0300] "GET /?sale/search/detail/?ITMCODE=520014814628 HTTP/2.0" 200 31682 "https://keliauk-uk.lt.testams.vhost.lt/?sitemap-402.xml" "Mozilla/5.0 AppleWebKit/537.36 (KHTML, like Gecko; compatible; GPTBot/1.4; +https://openai.com/gptbot)"
74.7.243.247 - - [13/Sep/2026:17:29:44 +0300] "GET /?sale/search/detail/?ITMCODE=519989062797 HTTP/2.0" 200 31682 "https://keliauk-uk.lt.testams.vhost.lt/?sitemap-547.xml" "Mozilla/5.0 AppleWebKit/537.36 (KHTML, like Gecko; compatible; GPTBot/1.4; +https://openai.com/gptbot)"
74.7.243.247 - - [13/Sep/2026:17:29:44 +0300] "GET /?sale/search/detail/?ITMCODE=519527416531 HTTP/2.0" 200 31682 "https://keliauk-uk.lt.testams.vhost.lt/?sitemap-847.xml" "Mozilla/5.0 AppleWebKit/537.36 (KHTML, like Gecko; compatible; GPTBot/1.4; +https://openai.com/gptbot)"
66.249.79.1 - - [13/Sep/2026:17:29:44 +0300] "GET /index.php/zinynas-keliaujantiems?sale/search/detail/?ITMCODE=519572341 HTTP/1.1" 200 206419 "-" "Mozilla/5.0 (Linux; Android 6.0.1; Nexus 5X Build/MMB29P) AppleWebKit/537.36 (KHTML, like Gecko) Chrome/152.0.7977.82 Mobile Safari/537.36 (compatible; Googlebot/2.1; +http://www.google.com/bot.html)"
74.7.243.247 - - [13/Sep/2026:17:29:45 +0300] "GET /?sale/search/detail/?ITMCODE=519713414108 HTTP/2.0" 200 31682 "https://keliauk-uk.lt.testams.vhost.lt/?sitemap-699.xml" "Mozilla/5.0 AppleWebKit/537.36 (KHTML, like Gecko; compatible; GPTBot/1.4; +https://openai.com/gptbot)"
74.7.243.247 - - [13/Sep/2026:17:29:45 +0300] "GET /?sale/search/detail/?ITMCODE=519713218202 HTTP/2.0" 200 31682 "https://keliauk-uk.lt.testams.vhost.lt/?sitemap-402.xml" "Mozilla/5.0 AppleWebKit/537.36 (KHTML, like Gecko; compatible; GPTBot/1.4; +https://openai.com/gptbot)"
74.7.243.247 - - [13/Sep/2026:17:29:46 +0300] "GET /?sale/search/detail/?ITMCODE=51977422228 HTTP/2.0" 200 31681 "https://keliauk-uk.lt.testams.vhost.lt/?sitemap-181.xml" "Mozilla/5.0 AppleWebKit/537.36 (KHTML, like Gecko; compatible; GPTBot/1.4; +https://openai.com/gptbot)"
74.7.243.247 - - [13/Sep/2026:17:29:46 +0300] "GET /?sale/search/detail/?ITMCODE=51956433330 HTTP/2.0" 200 31681 "https://keliauk-uk.lt.testams.vhost.lt/?sitemap-218.xml" "Mozilla/5.0 AppleWebKit/537.36 (KHTML, like Gecko; compatible; GPTBot/1.4; +https://openai.com/gptbot)"
74.7.243.247 - - [13/Sep/2026:17:29:47 +0300] "GET /?sale/search/detail/?ITMCODE=51974200009 HTTP/2.0" 200 31681 "https://keliauk-uk.lt.testams.vhost.lt/?sitemap-181.xml" "Mozilla/5.0 AppleWebKit/537.36 (KHTML, like Gecko; compatible; GPTBot/1.4; +https://openai.com/gptbot)"
57.141.20.29 - - [13/Sep/2026:17:29:47 +0300] "GET /index.php/component/search/?sale/search/detail/?ITMCODE=51992074165&id=1&Itemid=437&format=opensearch HTTP/2.0" 200 584 "-" "Mozilla/5.0 (Windows NT 10.0; Win64; x64) AppleWebKit/537.36 (KHTML, like Gecko) Chrome/145.0.0.0 Safari/537.36 (compatible; meta-externalagent/1.1 (+https://developers.facebook.com/docs/sharing/webmasters/crawler))"
74.7.243.247 - - [13/Sep/2026:17:29:47 +0300] "GET /?sale/search/detail/?ITMCODE=51966659338 HTTP/2.0" 200 31681 "https://keliauk-uk.lt.testams.vhost.lt/?sitemap-566.xml" "Mozilla/5.0 AppleWebKit/537.36 (KHTML, like Gecko; compatible; GPTBot/1.4; +https://openai.com/gptbot)"
74.7.243.247 - - [13/Sep/2026:17:29:48 +0300] "GET /index.php/component/search/?Itemid=437&format=opensearch&id=1&sale/search/detail/?ITMCODE=51974200009 HTTP/2.0" 200 584 "https://keliauk-uk.lt.testams.vhost.lt/?sale/search/detail/?ITMCODE=51974200009" "Mozilla/5.0 AppleWebKit/537.36 (KHTML, like Gecko; compatible; GPTBot/1.4; +https://openai.com/gptbot)"
74.7.243.247 - - [13/Sep/2026:17:29:48 +0300] "GET /?sale/search/detail/?ITMCODE=51966698362 HTTP/2.0" 200 31681 "https://keliauk-uk.lt.testams.vhost.lt/?sitemap-218.xml" "Mozilla/5.0 AppleWebKit/537.36 (KHTML, like Gecko; compatible; GPTBot/1.4; +https://openai.com/gptbot)"
74.7.243.247 - - [13/Sep/2026:17:29:49 +0300] "GET /?sale/search/detail/?ITMCODE=51995422777 HTTP/2.0" 200 31681 "https://keliauk-uk.lt.testams.vhost.lt/?sitemap-303.xml" "Mozilla/5.0 AppleWebKit/537.36 (KHTML, like Gecko; compatible; GPTBot/1.4; +https://openai.com/gptbot)"
74.7.243.247 - - [13/Sep/2026:17:29:49 +0300] "GET /?sale/search/detail/?ITMCODE=51987999804 HTTP/2.0" 200 31681 "https://keliauk-uk.lt.testams.vhost.lt/?sitemap-218.xml" "Mozilla/5.0 AppleWebKit/537.36 (KHTML, like Gecko; compatible; GPTBot/1.4; +https://openai.com/gptbot)"
74.7.243.247 - - [13/Sep/2026:17:29:50 +0300] "GET /?sale/search/detail/?ITMCODE=51966602446 HTTP/2.0" 200 31681 "https://keliauk-uk.lt.testams.vhost.lt/?sitemap-303.xml" "Mozilla/5.0 AppleWebKit/537.36 (KHTML, like Gecko; compatible; GPTBot/1.4; +https://openai.com/gptbot)"
74.7.243.247 - - [13/Sep/2026:17:29:50 +0300] "GET /?sale/search/detail/?ITMCODE=51977343332 HTTP/2.0" 200 31681 "https://keliauk-uk.lt.testams.vhost.lt/?sitemap-303.xml" "Mozilla/5.0 AppleWebKit/537.36 (KHTML, like Gecko; compatible; GPTBot/1.4; +https://openai.com/gptbot)"
74.7.243.247 - - [13/Sep/2026:17:29:51 +0300] "GET /?sale/search/detail/?ITMCODE=51995022214 HTTP/2.0" 200 31681 "https://keliauk-uk.lt.testams.vhost.lt/?sitemap-218.xml" "Mozilla/5.0 AppleWebKit/537.36 (KHTML, like Gecko; compatible; GPTBot/1.4; +https://openai.com/gptbot)"
74.7.243.247 - - [13/Sep/2026:17:29:51 +0300] "GET /?sale/search/detail/?ITMCODE=51966653109 HTTP/2.0" 200 31681 "https://keliauk-uk.lt.testams.vhost.lt/?sitemap-181.xml" "Mozilla/5.0 AppleWebKit/537.36 (KHTML, like Gecko; compatible; GPTBot/1.4; +https://openai.com/gptbot)"
74.7.243.247 - - [13/Sep/2026:17:29:52 +0300] "GET /?sale/search/detail/?ITMCODE=51966626044 HTTP/2.0" 200 31681 "https://keliauk-uk.lt.testams.vhost.lt/?sitemap-707.xml" "Mozilla/5.0 AppleWebKit/537.36 (KHTML, like Gecko; compatible; GPTBot/1.4; +https://openai.com/gptbot)"
74.7.243.247 - - [13/Sep/2026:17:29:52 +0300] "GET /?sale/search/detail/?ITMCODE=52005556781 HTTP/2.0" 200 31681 "https://keliauk-uk.lt.testams.vhost.lt/?sitemap-707.xml" "Mozilla/5.0 AppleWebKit/537.36 (KHTML, like Gecko; compatible; GPTBot/1.4; +https://openai.com/gptbot)"
74.7.243.247 - - [13/Sep/2026:17:29:53 +0300] "GET /?sale/search/detail/?ITMCODE=51966687469 HTTP/2.0" 200 31681 "https://keliauk-uk.lt.testams.vhost.lt/?sitemap-303.xml" "Mozilla/5.0 AppleWebKit/537.36 (KHTML, like Gecko; compatible; GPTBot/1.4; +https://openai.com/gptbot)"
74.7.243.247 - - [13/Sep/2026:17:29:53 +0300] "GET /?sale/search/detail/?ITMCODE=51966609289 HTTP/2.0" 200 31681 "https://keliauk-uk.lt.testams.vhost.lt/?sitemap-218.xml" "Mozilla/5.0 AppleWebKit/537.36 (KHTML, like Gecko; compatible; GPTBot/1.4; +https://openai.com/gptbot)"
74.7.243.247 - - [13/Sep/2026:17:29:54 +0300] "GET /?sale/search/detail/?ITMCODE=51966621277 HTTP/2.0" 200 31681 "https://keliauk-uk.lt.testams.vhost.lt/?sitemap-303.xml" "Mozilla/5.0 AppleWebKit/537.36 (KHTML, like Gecko; compatible; GPTBot/1.4; +https://openai.com/gptbot)"
74.7.243.247 - - [13/Sep/2026:17:29:54 +0300] "GET /?sale/search/detail/?ITMCODE=51956010333 HTTP/2.0" 200 31681 "https://keliauk-uk.lt.testams.vhost.lt/?sitemap-566.xml" "Mozilla/5.0 AppleWebKit/537.36 (KHTML, like Gecko; compatible; GPTBot/1.4; +https://openai.com/gptbot)"
74.7.243.247 - - [13/Sep/2026:17:29:55 +0300] "GET /?sale/search/detail/?ITMCODE=51969526777 HTTP/2.0" 200 31681 "https://keliauk-uk.lt.testams.vhost.lt/?sitemap-707.xml" "Mozilla/5.0 AppleWebKit/537.36 (KHTML, like Gecko; compatible; GPTBot/1.4; +https://openai.com/gptbot)"
74.7.243.247 - - [13/Sep/2026:17:29:55 +0300] "GET /?sale/search/detail/?ITMCODE=52002531116 HTTP/2.0" 200 31681 "https://keliauk-uk.lt.testams.vhost.lt/?sitemap-303.xml" "Mozilla/5.0 AppleWebKit/537.36 (KHTML, like Gecko; compatible; GPTBot/1.4; +https://openai.com/gptbot)"
74.7.243.247 - - [13/Sep/2026:17:29:56 +0300] "GET /?sale/search/detail/?ITMCODE=51953078999 HTTP/2.0" 200 31681 "https://keliauk-uk.lt.testams.vhost.lt/?sitemap-181.xml" "Mozilla/5.0 AppleWebKit/537.36 (KHTML, like Gecko; compatible; GPTBot/1.4; +https://openai.com/gptbot)"
74.7.243.247 - - [13/Sep/2026:17:29:56 +0300] "GET /?sale/search/detail/?ITMCODE=52008882434 HTTP/2.0" 200 31681 "https://keliauk-uk.lt.testams.vhost.lt/?sitemap-566.xml" "Mozilla/5.0 AppleWebKit/537.36 (KHTML, like Gecko; compatible; GPTBot/1.4; +https://openai.com/gptbot)"
66.249.79.2 - - [13/Sep/2026:17:29:56 +0300] "GET /index.php/zinynas-keliaujantiems?sale/search/detail/?ITMCODE=51971259389 HTTP/1.1" 200 207194 "-" "Mozilla/5.0 (Linux; Android 6.0.1; Nexus 5X Build/MMB29P) AppleWebKit/537.36 (KHTML, like Gecko) Chrome/152.0.7977.82 Mobile Safari/537.36 (compatible; Googlebot/2.1; +http://www.google.com/bot.html)"
74.7.243.247 - - [13/Sep/2026:17:29:57 +0300] "GET /?sale/search/detail/?ITMCODE=51953299980 HTTP/2.0" 200 31681 "https://keliauk-uk.lt.testams.vhost.lt/?sitemap-218.xml" "Mozilla/5.0 AppleWebKit/537.36 (KHTML, like Gecko; compatible; GPTBot/1.4; +https://openai.com/gptbot)"
74.7.243.247 - - [13/Sep/2026:17:29:57 +0300] "GET /?sale/search/detail/?ITMCODE=51998222686 HTTP/2.0" 200 31681 "https://keliauk-uk.lt.testams.vhost.lt/?sitemap-303.xml" "Mozilla/5.0 AppleWebKit/537.36 (KHTML, like Gecko; compatible; GPTBot/1.4; +https://openai.com/gptbot)"
74.7.243.247 - - [13/Sep/2026:17:29:58 +0300] "GET /?sale/search/detail/?ITMCODE=51974027444 HTTP/2.0" 200 31681 "https://keliauk-uk.lt.testams.vhost.lt/?sitemap-707.xml" "Mozilla/5.0 AppleWebKit/537.36 (KHTML, like Gecko; compatible; GPTBot/1.4; +https://openai.com/gptbot)"
74.7.243.247 - - [13/Sep/2026:17:29:58 +0300] "GET /?sale/search/detail/?ITMCODE=51963848881 HTTP/2.0" 200 31681 "https://keliauk-uk.lt.testams.vhost.lt/?sitemap-566.xml" "Mozilla/5.0 AppleWebKit/537.36 (KHTML, like Gecko; compatible; GPTBot/1.4; +https://openai.com/gptbot)"
74.7.243.247 - - [13/Sep/2026:17:29:59 +0300] "GET /?sale/search/detail/?ITMCODE=51974266622 HTTP/2.0" 200 31681 "https://keliauk-uk.lt.testams.vhost.lt/?sitemap-303.xml" "Mozilla/5.0 AppleWebKit/537.36 (KHTML, like Gecko; compatible; GPTBot/1.4; +https://openai.com/gptbot)"
66.249.79.1 - - [13/Sep/2026:17:29:58 +0300] "GET /index.php/zinynas-keliaujantiems?sale/search/detail/?ITMCODE=51992240984 HTTP/1.1" 200 201994 "-" "Mozilla/5.0 (Linux; Android 6.0.1; Nexus 5X Build/MMB29P) AppleWebKit/537.36 (KHTML, like Gecko) Chrome/152.0.7977.82 Mobile Safari/537.36 (compatible; Googlebot/2.1; +http://www.google.com/bot.html)"
74.7.243.247 - - [13/Sep/2026:17:29:59 +0300] "GET /?sale/search/detail/?ITMCODE=51953258886 HTTP/2.0" 200 31681 "https://keliauk-uk.lt.testams.vhost.lt/?sitemap-707.xml" "Mozilla/5.0 AppleWebKit/537.36 (KHTML, like Gecko; compatible; GPTBot/1.4; +https://openai.com/gptbot)"
74.7.243.247 - - [13/Sep/2026:17:30:00 +0300] "GET /?sale/search/detail/?ITMCODE=51956044424 HTTP/2.0" 200 31681 "https://keliauk-uk.lt.testams.vhost.lt/?sitemap-181.xml" "Mozilla/5.0 AppleWebKit/537.36 (KHTML, like Gecko; compatible; GPTBot/1.4; +https://openai.com/gptbot)"
74.7.243.247 - - [13/Sep/2026:17:30:00 +0300] "GET /?sale/search/detail/?ITMCODE=51974442134 HTTP/2.0" 200 31681 "https://keliauk-uk.lt.testams.vhost.lt/?sitemap-566.xml" "Mozilla/5.0 AppleWebKit/537.36 (KHTML, like Gecko; compatible; GPTBot/1.4; +https://openai.com/gptbot)"
66.249.79.1 - - [13/Sep/2026:17:30:01 +0300] "GET /index.php/zinynas-keliaujantiems?sale/search/detail/?ITMCODE=51981571208 HTTP/1.1" 200 206064 "-" "Mozilla/5.0 (Linux; Android 6.0.1; Nexus 5X Build/MMB29P) AppleWebKit/537.36 (KHTML, like Gecko) Chrome/152.0.7977.82 Mobile Safari/537.36 (compatible; Googlebot/2.1; +http://www.google.com/bot.html)"
74.7.243.247 - - [13/Sep/2026:17:30:01 +0300] "GET /?sale/search/detail/?ITMCODE=52002999776 HTTP/2.0" 200 31681 "https://keliauk-uk.lt.testams.vhost.lt/?sitemap-303.xml" "Mozilla/5.0 AppleWebKit/537.36 (KHTML, like Gecko; compatible; GPTBot/1.4; +https://openai.com/gptbot)"
74.7.243.247 - - [13/Sep/2026:17:30:01 +0300] "GET /?sale/search/detail/?ITMCODE=51966630706 HTTP/2.0" 200 31681 "https://keliauk-uk.lt.testams.vhost.lt/?sitemap-303.xml" "Mozilla/5.0 AppleWebKit/537.36 (KHTML, like Gecko; compatible; GPTBot/1.4; +https://openai.com/gptbot)"
74.7.243.247 - - [13/Sep/2026:17:30:02 +0300] "GET /?sale/search/detail/?ITMCODE=51995047774 HTTP/2.0" 200 31681 "https://keliauk-uk.lt.testams.vhost.lt/?sitemap-566.xml" "Mozilla/5.0 AppleWebKit/537.36 (KHTML, like Gecko; compatible; GPTBot/1.4; +https://openai.com/gptbot)"
74.7.243.247 - - [13/Sep/2026:17:30:02 +0300] "GET /?sale/search/detail/?ITMCODE=51992224789 HTTP/2.0" 200 31681 "https://keliauk-uk.lt.testams.vhost.lt/?sitemap-566.xml" "Mozilla/5.0 AppleWebKit/537.36 (KHTML, like Gecko; compatible; GPTBot/1.4; +https://openai.com/gptbot)"
74.7.243.247 - - [13/Sep/2026:17:30:03 +0300] "GET /?sale/search/detail/?ITMCODE=51995122240 HTTP/2.0" 200 31681 "https://keliauk-uk.lt.testams.vhost.lt/?sitemap-218.xml" "Mozilla/5.0 AppleWebKit/537.36 (KHTML, like Gecko; compatible; GPTBot/1.4; +https://openai.com/gptbot)"
74.7.243.247 - - [13/Sep/2026:17:30:03 +0300] "GET /?sale/search/detail/?ITMCODE=52008596669 HTTP/2.0" 200 31681 "https://keliauk-uk.lt.testams.vhost.lt/?sitemap-303.xml" "Mozilla/5.0 AppleWebKit/537.36 (KHTML, like Gecko; compatible; GPTBot/1.4; +https://openai.com/gptbot)"
74.7.243.247 - - [13/Sep/2026:17:30:04 +0300] "GET /?sale/search/detail/?ITMCODE=51953184449 HTTP/2.0" 200 31681 "https://keliauk-uk.lt.testams.vhost.lt/?sitemap-181.xml" "Mozilla/5.0 AppleWebKit/537.36 (KHTML, like Gecko; compatible; GPTBot/1.4; +https://openai.com/gptbot)"
74.7.243.247 - - [13/Sep/2026:17:30:04 +0300] "GET /?sale/search/detail/?ITMCODE=51966775444 HTTP/2.0" 200 31681 "https://keliauk-uk.lt.testams.vhost.lt/?sitemap-707.xml" "Mozilla/5.0 AppleWebKit/537.36 (KHTML, like Gecko; compatible; GPTBot/1.4; +https://openai.com/gptbot)"
74.7.243.247 - - [13/Sep/2026:17:30:05 +0300] "GET /?sale/search/detail/?ITMCODE=51974441816 HTTP/2.0" 200 31681 "https://keliauk-uk.lt.testams.vhost.lt/?sitemap-707.xml" "Mozilla/5.0 AppleWebKit/537.36 (KHTML, like Gecko; compatible; GPTBot/1.4; +https://openai.com/gptbot)"
74.7.243.247 - - [13/Sep/2026:17:30:05 +0300] "GET /?sale/search/detail/?ITMCODE=51966621064 HTTP/2.0" 200 31681 "https://keliauk-uk.lt.testams.vhost.lt/?sitemap-566.xml" "Mozilla/5.0 AppleWebKit/537.36 (KHTML, like Gecko; compatible; GPTBot/1.4; +https://openai.com/gptbot)"
74.7.243.247 - - [13/Sep/2026:17:30:06 +0300] "GET /?sale/search/detail/?ITMCODE=51959444106 HTTP/2.0" 200 31681 "https://keliauk-uk.lt.testams.vhost.lt/?sitemap-566.xml" "Mozilla/5.0 AppleWebKit/537.36 (KHTML, like Gecko; compatible; GPTBot/1.4; +https://openai.com/gptbot)"
74.7.243.247 - - [13/Sep/2026:17:30:06 +0300] "GET /?sale/search/detail/?ITMCODE=51977444687 HTTP/2.0" 200 31681 "https://keliauk-uk.lt.testams.vhost.lt/?sitemap-303.xml" "Mozilla/5.0 AppleWebKit/537.36 (KHTML, like Gecko; compatible; GPTBot/1.4; +https://openai.com/gptbot)"
74.7.243.247 - - [13/Sep/2026:17:30:07 +0300] "GET /?sale/search/detail/?ITMCODE=51953222394 HTTP/2.0" 200 31681 "https://keliauk-uk.lt.testams.vhost.lt/?sitemap-303.xml" "Mozilla/5.0 AppleWebKit/537.36 (KHTML, like Gecko; compatible; GPTBot/1.4; +https://openai.com/gptbot)"
74.7.243.247 - - [13/Sep/2026:17:30:07 +0300] "GET /?sale/search/detail/?ITMCODE=51977049998 HTTP/2.0" 200 31681 "https://keliauk-uk.lt.testams.vhost.lt/?sitemap-566.xml" "Mozilla/5.0 AppleWebKit/537.36 (KHTML, like Gecko; compatible; GPTBot/1.4; +https://openai.com/gptbot)"
74.7.243.247 - - [13/Sep/2026:17:30:08 +0300] "GET /?sale/search/detail/?ITMCODE=51956030007 HTTP/2.0" 200 31681 "https://keliauk-uk.lt.testams.vhost.lt/?sitemap-707.xml" "Mozilla/5.0 AppleWebKit/537.36 (KHTML, like Gecko; compatible; GPTBot/1.4; +https://openai.com/gptbot)"
74.7.243.247 - - [13/Sep/2026:17:30:08 +0300] "GET /?sale/search/detail/?ITMCODE=51966606277 HTTP/2.0" 200 31681 "https://keliauk-uk.lt.testams.vhost.lt/?sitemap-707.xml" "Mozilla/5.0 AppleWebKit/537.36 (KHTML, like Gecko; compatible; GPTBot/1.4; +https://openai.com/gptbot)"
74.7.243.247 - - [13/Sep/2026:17:30:09 +0300] "GET /?sale/search/detail/?ITMCODE=51966635941 HTTP/2.0" 200 31681 "https://keliauk-uk.lt.testams.vhost.lt/?sitemap-707.xml" "Mozilla/5.0 AppleWebKit/537.36 (KHTML, like Gecko; compatible; GPTBot/1.4; +https://openai.com/gptbot)"
74.7.243.247 - - [13/Sep/2026:17:30:09 +0300] "GET /?sale/search/detail/?ITMCODE=51959130777 HTTP/2.0" 200 31681 "https://keliauk-uk.lt.testams.vhost.lt/?sitemap-303.xml" "Mozilla/5.0 AppleWebKit/537.36 (KHTML, like Gecko; compatible; GPTBot/1.4; +https://openai.com/gptbot)"
52.167.144.165 - - [13/Sep/2026:17:30:09 +0300] "GET /?sale/search/detail/?ITMCODE=51995421818 HTTP/2.0" 200 222939 "-" "Mozilla/5.0 AppleWebKit/537.36 (KHTML, like Gecko; compatible; bingbot/2.0; +http://www.bing.com/bingbot.htm) Chrome/116.0.1938.76 Safari/537.36"
66.249.79.1 - - [13/Sep/2026:17:30:09 +0300] "GET /index.php/paslaugos?sale/search/detail/?ITMCODE=519589302 HTTP/1.1" 200 206270 "-" "Mozilla/5.0 (Linux; Android 6.0.1; Nexus 5X Build/MMB29P) AppleWebKit/537.36 (KHTML, like Gecko) Chrome/152.0.7977.82 Mobile Safari/537.36 (compatible; Googlebot/2.1; +http://www.google.com/bot.html)"
74.7.243.247 - - [13/Sep/2026:17:30:10 +0300] "GET /?sale/search/detail/?ITMCODE=51953222427 HTTP/2.0" 200 31681 "https://keliauk-uk.lt.testams.vhost.lt/?sitemap-707.xml" "Mozilla/5.0 AppleWebKit/537.36 (KHTML, like Gecko; compatible; GPTBot/1.4; +https://openai.com/gptbot)"
52.167.144.165 - - [13/Sep/2026:17:30:10 +0300] "GET /?sale/search/detail/?ITMCODE=519533209897 HTTP/2.0" 200 207398 "-" "Mozilla/5.0 AppleWebKit/537.36 (KHTML, like Gecko; compatible; bingbot/2.0; +http://www.bing.com/bingbot.htm) Chrome/116.0.1938.76 Safari/537.36"
74.7.243.247 - - [13/Sep/2026:17:30:10 +0300] "GET /?sale/search/detail/?ITMCODE=51953397888 HTTP/2.0" 200 31681 "https://keliauk-uk.lt.testams.vhost.lt/?sitemap-566.xml" "Mozilla/5.0 AppleWebKit/537.36 (KHTML, like Gecko; compatible; GPTBot/1.4; +https://openai.com/gptbot)"
74.7.243.247 - - [13/Sep/2026:17:30:11 +0300] "GET /?sale/search/detail/?ITMCODE=51966629020 HTTP/2.0" 200 31681 "https://keliauk-uk.lt.testams.vhost.lt/?sitemap-218.xml" "Mozilla/5.0 AppleWebKit/537.36 (KHTML, like Gecko; compatible; GPTBot/1.4; +https://openai.com/gptbot)"
52.167.144.165 - - [13/Sep/2026:17:30:11 +0300] "GET /?sale/search/detail/?ITMCODE=51966783712 HTTP/2.0" 200 217639 "-" "Mozilla/5.0 AppleWebKit/537.36 (KHTML, like Gecko; compatible; bingbot/2.0; +http://www.bing.com/bingbot.htm) Chrome/116.0.1938.76 Safari/537.36"
74.7.243.247 - - [13/Sep/2026:17:30:11 +0300] "GET /?sale/search/detail/?ITMCODE=52008866612 HTTP/2.0" 200 31681 "https://keliauk-uk.lt.testams.vhost.lt/?sitemap-707.xml" "Mozilla/5.0 AppleWebKit/537.36 (KHTML, like Gecko; compatible; GPTBot/1.4; +https://openai.com/gptbot)"
74.7.243.247 - - [13/Sep/2026:17:30:12 +0300] "GET /?sale/search/detail/?ITMCODE=51977000378 HTTP/2.0" 200 31681 "https://keliauk-uk.lt.testams.vhost.lt/?sitemap-566.xml" "Mozilla/5.0 AppleWebKit/537.36 (KHTML, like Gecko; compatible; GPTBot/1.4; +https://openai.com/gptbot)"
52.167.144.165 - - [13/Sep/2026:17:30:12 +0300] "GET /?sale/search/detail/?ITMCODE=520032817115 HTTP/2.0" 200 203281 "-" "Mozilla/5.0 AppleWebKit/537.36 (KHTML, like Gecko; compatible; bingbot/2.0; +http://www.bing.com/bingbot.htm) Chrome/116.0.1938.76 Safari/537.36"
74.7.243.247 - - [13/Sep/2026:17:30:12 +0300] "GET /?sale/search/detail/?ITMCODE=51974446841 HTTP/2.0" 200 31681 "https://keliauk-uk.lt.testams.vhost.lt/?sitemap-303.xml" "Mozilla/5.0 AppleWebKit/537.36 (KHTML, like Gecko; compatible; GPTBot/1.4; +https://openai.com/gptbot)"
66.249.79.2 - - [13/Sep/2026:17:30:12 +0300] "GET /index.php/zinynas-keliaujantiems?sale/search/detail/?ITMCODE=5196998866 HTTP/1.1" 200 209491 "-" "Mozilla/5.0 (Linux; Android 6.0.1; Nexus 5X Build/MMB29P) AppleWebKit/537.36 (KHTML, like Gecko) Chrome/152.0.7977.82 Mobile Safari/537.36 (compatible; Googlebot/2.1; +http://www.google.com/bot.html)"
52.167.144.165 - - [13/Sep/2026:17:30:12 +0300] "GET /?sale/search/detail/?ITMCODE=51971370380 HTTP/2.0" 200 221865 "-" "Mozilla/5.0 AppleWebKit/537.36 (KHTML, like Gecko; compatible; bingbot/2.0; +http://www.bing.com/bingbot.htm) Chrome/116.0.1938.76 Safari/537.36"
74.7.243.247 - - [13/Sep/2026:17:30:13 +0300] "GET /?sale/search/detail/?ITMCODE=51981822666 HTTP/2.0" 200 31681 "https://keliauk-uk.lt.testams.vhost.lt/?sitemap-707.xml" "Mozilla/5.0 AppleWebKit/537.36 (KHTML, like Gecko; compatible; GPTBot/1.4; +https://openai.com/gptbot)"
52.167.144.165 - - [13/Sep/2026:17:30:13 +0300] "GET /sale/search/detail/?ITMCODE=51992327191 HTTP/2.0" 200 205592 "-" "Mozilla/5.0 AppleWebKit/537.36 (KHTML, like Gecko; compatible; bingbot/2.0; +http://www.bing.com/bingbot.htm) Chrome/116.0.1938.76 Safari/537.36"
74.7.243.247 - - [13/Sep/2026:17:30:13 +0300] "GET /?sale/search/detail/?ITMCODE=52005728333 HTTP/2.0" 200 31681 "https://keliauk-uk.lt.testams.vhost.lt/?sitemap-566.xml" "Mozilla/5.0 AppleWebKit/537.36 (KHTML, like Gecko; compatible; GPTBot/1.4; +https://openai.com/gptbot)"
74.7.243.247 - - [13/Sep/2026:17:30:14 +0300] "GET /?sale/search/detail/?ITMCODE=51966671148 HTTP/2.0" 200 31681 "https://keliauk-uk.lt.testams.vhost.lt/?sitemap-181.xml" "Mozilla/5.0 AppleWebKit/537.36 (KHTML, like Gecko; compatible; GPTBot/1.4; +https://openai.com/gptbot)"
74.7.243.247 - - [13/Sep/2026:17:30:14 +0300] "GET /?sale/search/detail/?ITMCODE=51963721666 HTTP/2.0" 200 31681 "https://keliauk-uk.lt.testams.vhost.lt/?sitemap-707.xml" "Mozilla/5.0 AppleWebKit/537.36 (KHTML, like Gecko; compatible; GPTBot/1.4; +https://openai.com/gptbot)"
74.7.243.247 - - [13/Sep/2026:17:30:15 +0300] "GET /?sale/search/detail/?ITMCODE=51966678505 HTTP/2.0" 200 31681 "https://keliauk-uk.lt.testams.vhost.lt/?sitemap-218.xml" "Mozilla/5.0 AppleWebKit/537.36 (KHTML, like Gecko; compatible; GPTBot/1.4; +https://openai.com/gptbot)"
74.7.243.247 - - [13/Sep/2026:17:30:15 +0300] "GET /?sale/search/detail/?ITMCODE=51953330745 HTTP/2.0" 200 31681 "https://keliauk-uk.lt.testams.vhost.lt/?sitemap-218.xml" "Mozilla/5.0 AppleWebKit/537.36 (KHTML, like Gecko; compatible; GPTBot/1.4; +https://openai.com/gptbot)"
66.249.79.1 - - [13/Sep/2026:17:30:15 +0300] "GET /index.php/zinynas-keliaujantiems?sale/search/detail/?ITMCODE=5196914468 HTTP/1.1" 200 204766 "-" "Mozilla/5.0 (Linux; Android 6.0.1; Nexus 5X Build/MMB29P) AppleWebKit/537.36 (KHTML, like Gecko) Chrome/152.0.7977.82 Mobile Safari/537.36 (compatible; Googlebot/2.1; +http://www.google.com/bot.html)"
74.7.243.247 - - [13/Sep/2026:17:30:16 +0300] "GET /?sale/search/detail/?ITMCODE=52002777944 HTTP/2.0" 200 31681 "https://keliauk-uk.lt.testams.vhost.lt/?sitemap-707.xml" "Mozilla/5.0 AppleWebKit/537.36 (KHTML, like Gecko; compatible; GPTBot/1.4; +https://openai.com/gptbot)"
74.7.243.247 - - [13/Sep/2026:17:30:16 +0300] "GET /?sale/search/detail/?ITMCODE=51984777819 HTTP/2.0" 200 31681 "https://keliauk-uk.lt.testams.vhost.lt/?sitemap-218.xml" "Mozilla/5.0 AppleWebKit/537.36 (KHTML, like Gecko; compatible; GPTBot/1.4; +https://openai.com/gptbot)"
74.7.243.247 - - [13/Sep/2026:17:30:17 +0300] "GET /?sale/search/detail/?ITMCODE=52008711103 HTTP/2.0" 200 31681 "https://keliauk-uk.lt.testams.vhost.lt/?sitemap-181.xml" "Mozilla/5.0 AppleWebKit/537.36 (KHTML, like Gecko; compatible; GPTBot/1.4; +https://openai.com/gptbot)"
85.208.96.212 - - [13/Sep/2026:17:30:17 +0300] "GET /?sale%2Fsearch%2Fdetail%2F%3FITMCODE=519554499547 HTTP/1.1" 200 31563 "-" "Mozilla/5.0 (compatible; SemrushBot/7~bl; +http://www.semrush.com/bot.html)"
74.7.243.247 - - [13/Sep/2026:17:30:17 +0300] "GET /?sale/search/detail/?ITMCODE=51953412224 HTTP/2.0" 200 31681 "https://keliauk-uk.lt.testams.vhost.lt/?sitemap-181.xml" "Mozilla/5.0 AppleWebKit/537.36 (KHTML, like Gecko; compatible; GPTBot/1.4; +https://openai.com/gptbot)"
74.7.243.247 - - [13/Sep/2026:17:30:18 +0300] "GET /?sale/search/detail/?ITMCODE=51995341222 HTTP/2.0" 200 31681 "https://keliauk-uk.lt.testams.vhost.lt/?sitemap-303.xml" "Mozilla/5.0 AppleWebKit/537.36 (KHTML, like Gecko; compatible; GPTBot/1.4; +https://openai.com/gptbot)"
74.7.243.247 - - [13/Sep/2026:17:30:18 +0300] "GET /?sale/search/detail/?ITMCODE=52008644474 HTTP/2.0" 200 31681 "https://keliauk-uk.lt.testams.vhost.lt/?sitemap-218.xml" "Mozilla/5.0 AppleWebKit/537.36 (KHTML, like Gecko; compatible; GPTBot/1.4; +https://openai.com/gptbot)"
74.7.243.247 - - [13/Sep/2026:17:30:19 +0300] "GET /?sale/search/detail/?ITMCODE=52005822200 HTTP/2.0" 200 31681 "https://keliauk-uk.lt.testams.vhost.lt/?sitemap-218.xml" "Mozilla/5.0 AppleWebKit/537.36 (KHTML, like Gecko; compatible; GPTBot/1.4; +https://openai.com/gptbot)"
52.167.144.167 - - [13/Sep/2026:17:30:18 +0300] "GET /?sale/search/detail/?ITMCODE=5196608200 HTTP/2.0" 200 211843 "-" "Mozilla/5.0 AppleWebKit/537.36 (KHTML, like Gecko; compatible; bingbot/2.0; +http://www.bing.com/bingbot.htm) Chrome/116.0.1938.76 Safari/537.36"
74.7.243.247 - - [13/Sep/2026:17:30:19 +0300] "GET /?sale/search/detail/?ITMCODE=51966696961 HTTP/2.0" 200 31681 "https://keliauk-uk.lt.testams.vhost.lt/?sitemap-303.xml" "Mozilla/5.0 AppleWebKit/537.36 (KHTML, like Gecko; compatible; GPTBot/1.4; +https://openai.com/gptbot)"
52.167.144.167 - - [13/Sep/2026:17:30:19 +0300] "GET /?sale/search/detail/?ITMCODE=51995169200 HTTP/2.0" 200 200964 "-" "Mozilla/5.0 AppleWebKit/537.36 (KHTML, like Gecko; compatible; bingbot/2.0; +http://www.bing.com/bingbot.htm) Chrome/116.0.1938.76 Safari/537.36"
74.7.243.247 - - [13/Sep/2026:17:30:20 +0300] "GET /?sale/search/detail/?ITMCODE=520086555943 HTTP/2.0" 200 31682 "https://keliauk-uk.lt.testams.vhost.lt/?sitemap-547.xml" "Mozilla/5.0 AppleWebKit/537.36 (KHTML, like Gecko; compatible; GPTBot/1.4; +https://openai.com/gptbot)"
52.167.144.167 - - [13/Sep/2026:17:30:20 +0300] "GET /?sale/search/detail/?ITMCODE=520080613133 HTTP/2.0" 200 203265 "-" "Mozilla/5.0 AppleWebKit/537.36 (KHTML, like Gecko; compatible; bingbot/2.0; +http://www.bing.com/bingbot.htm) Chrome/116.0.1938.76 Safari/537.36"
74.7.243.247 - - [13/Sep/2026:17:30:20 +0300] "GET /?sale/search/detail/?ITMCODE=519897776249 HTTP/2.0" 200 31682 "https://keliauk-uk.lt.testams.vhost.lt/?sitemap-955.xml" "Mozilla/5.0 AppleWebKit/537.36 (KHTML, like Gecko; compatible; GPTBot/1.4; +https://openai.com/gptbot)"
52.167.144.167 - - [13/Sep/2026:17:30:20 +0300] "GET /?sale/search/detail/?ITMCODE=51981778903 HTTP/2.0" 200 218483 "-" "Mozilla/5.0 AppleWebKit/537.36 (KHTML, like Gecko; compatible; bingbot/2.0; +http://www.bing.com/bingbot.htm) Chrome/116.0.1938.76 Safari/537.36"
74.7.243.247 - - [13/Sep/2026:17:30:21 +0300] "GET /?sale/search/detail/?ITMCODE=519888689723 HTTP/2.0" 200 31682 "https://keliauk-uk.lt.testams.vhost.lt/?sitemap-547.xml" "Mozilla/5.0 AppleWebKit/537.36 (KHTML, like Gecko; compatible; GPTBot/1.4; +https://openai.com/gptbot)"
52.167.144.167 - - [13/Sep/2026:17:30:21 +0300] "GET /?sale/search/detail/?ITMCODE=5196785766 HTTP/2.0" 200 202569 "-" "Mozilla/5.0 AppleWebKit/537.36 (KHTML, like Gecko; compatible; bingbot/2.0; +http://www.bing.com/bingbot.htm) Chrome/116.0.1938.76 Safari/537.36"
74.7.243.247 - - [13/Sep/2026:17:30:21 +0300] "GET /?sale/search/detail/?ITMCODE=519998423505 HTTP/2.0" 200 31682 "https://keliauk-uk.lt.testams.vhost.lt/?sitemap-955.xml" "Mozilla/5.0 AppleWebKit/537.36 (KHTML, like Gecko; compatible; GPTBot/1.4; +https://openai.com/gptbot)"
74.7.243.247 - - [13/Sep/2026:17:30:22 +0300] "GET /?sale/search/detail/?ITMCODE=519888525743 HTTP/2.0" 200 31682 "https://keliauk-uk.lt.testams.vhost.lt/?sitemap-547.xml" "Mozilla/5.0 AppleWebKit/537.36 (KHTML, like Gecko; compatible; GPTBot/1.4; +https://openai.com/gptbot)"
52.167.144.167 - - [13/Sep/2026:17:30:22 +0300] "GET /sale/search/detail/?ITMCODE=51992110118 HTTP/2.0" 200 204952 "-" "Mozilla/5.0 AppleWebKit/537.36 (KHTML, like Gecko; compatible; bingbot/2.0; +http://www.bing.com/bingbot.htm) Chrome/116.0.1938.76 Safari/537.36"
66.249.79.1 - - [13/Sep/2026:17:30:22 +0300] "GET /?sale/search/detail/?ITMCODE=51971176616 HTTP/1.1" 200 193878 "-" "Mozilla/5.0 (Linux; Android 6.0.1; Nexus 5X Build/MMB29P) AppleWebKit/537.36 (KHTML, like Gecko) Chrome/152.0.7977.82 Mobile Safari/537.36 (compatible; Googlebot/2.1; +http://www.google.com/bot.html)"
74.7.243.247 - - [13/Sep/2026:17:30:22 +0300] "GET /?sale/search/detail/?ITMCODE=519992049657 HTTP/2.0" 200 31682 "https://keliauk-uk.lt.testams.vhost.lt/?sitemap-547.xml" "Mozilla/5.0 AppleWebKit/537.36 (KHTML, like Gecko; compatible; GPTBot/1.4; +https://openai.com/gptbot)"
52.167.144.167 - - [13/Sep/2026:17:30:22 +0300] "GET /sale/search/detail/?ITMCODE=51971236697 HTTP/2.0" 200 206841 "-" "Mozilla/5.0 AppleWebKit/537.36 (KHTML, like Gecko; compatible; bingbot/2.0; +http://www.bing.com/bingbot.htm) Chrome/116.0.1938.76 Safari/537.36"
74.7.243.247 - - [13/Sep/2026:17:30:23 +0300] "GET /?sale/search/detail/?ITMCODE=519612777073 HTTP/2.0" 200 31682 "https://keliauk-uk.lt.testams.vhost.lt/?sitemap-699.xml" "Mozilla/5.0 AppleWebKit/537.36 (KHTML, like Gecko; compatible; GPTBot/1.4; +https://openai.com/gptbot)"
74.7.243.247 - - [13/Sep/2026:17:30:23 +0300] "GET /?sale/search/detail/?ITMCODE=519888724538 HTTP/2.0" 200 31682 "https://keliauk-uk.lt.testams.vhost.lt/?sitemap-547.xml" "Mozilla/5.0 AppleWebKit/537.36 (KHTML, like Gecko; compatible; GPTBot/1.4; +https://openai.com/gptbot)"
52.167.144.167 - - [13/Sep/2026:17:30:23 +0300] "GET /sale/search/detail/?ITMCODE=51971129614 HTTP/2.0" 200 205883 "-" "Mozilla/5.0 AppleWebKit/537.36 (KHTML, like Gecko; compatible; bingbot/2.0; +http://www.bing.com/bingbot.htm) Chrome/116.0.1938.76 Safari/537.36"
74.7.243.247 - - [13/Sep/2026:17:30:24 +0300] "GET /?sale/search/detail/?ITMCODE=520098636664 HTTP/2.0" 200 31682 "https://keliauk-uk.lt.testams.vhost.lt/?sitemap-955.xml" "Mozilla/5.0 AppleWebKit/537.36 (KHTML, like Gecko; compatible; GPTBot/1.4; +https://openai.com/gptbot)"
74.7.243.247 - - [13/Sep/2026:17:30:24 +0300] "GET /?sale/search/detail/?ITMCODE=519888620768 HTTP/2.0" 200 31682 "https://keliauk-uk.lt.testams.vhost.lt/?sitemap-547.xml" "Mozilla/5.0 AppleWebKit/537.36 (KHTML, like Gecko; compatible; GPTBot/1.4; +https://openai.com/gptbot)"
74.7.243.247 - - [13/Sep/2026:17:30:25 +0300] "GET /?sale/search/detail/?ITMCODE=519828883906 HTTP/2.0" 200 31682 "https://keliauk-uk.lt.testams.vhost.lt/?sitemap-847.xml" "Mozilla/5.0 AppleWebKit/537.36 (KHTML, like Gecko; compatible; GPTBot/1.4; +https://openai.com/gptbot)"
207.46.13.130 - - [13/Sep/2026:17:30:24 +0300] "GET /?sale/search/detail/?ITMCODE=519843717229 HTTP/2.0" 200 201449 "-" "Mozilla/5.0 AppleWebKit/537.36 (KHTML, like Gecko; compatible; bingbot/2.0; +http://www.bing.com/bingbot.htm) Chrome/116.0.1938.76 Safari/537.36"
74.7.243.247 - - [13/Sep/2026:17:30:25 +0300] "GET /?sale/search/detail/?ITMCODE=519998267649 HTTP/2.0" 200 31682 "https://keliauk-uk.lt.testams.vhost.lt/?sitemap-955.xml" "Mozilla/5.0 AppleWebKit/537.36 (KHTML, like Gecko; compatible; GPTBot/1.4; +https://openai.com/gptbot)"
74.7.243.247 - - [13/Sep/2026:17:30:26 +0300] "GET /?sale/search/detail/?ITMCODE=519998161320 HTTP/2.0" 200 31682 "https://keliauk-uk.lt.testams.vhost.lt/?sitemap-955.xml" "Mozilla/5.0 AppleWebKit/537.36 (KHTML, like Gecko; compatible; GPTBot/1.4; +https://openai.com/gptbot)"
74.7.243.247 - - [13/Sep/2026:17:30:26 +0300] "GET /?sale/search/detail/?ITMCODE=519746035553 HTTP/2.0" 200 31682 "https://keliauk-uk.lt.testams.vhost.lt/?sitemap-432.xml" "Mozilla/5.0 AppleWebKit/537.36 (KHTML, like Gecko; compatible; GPTBot/1.4; +https://openai.com/gptbot)"
74.7.243.247 - - [13/Sep/2026:17:30:27 +0300] "GET /?sale/search/detail/?ITMCODE=519911137468 HTTP/2.0" 200 31682 "https://keliauk-uk.lt.testams.vhost.lt/?sitemap-699.xml" "Mozilla/5.0 AppleWebKit/537.36 (KHTML, like Gecko; compatible; GPTBot/1.4; +https://openai.com/gptbot)"
74.7.243.247 - - [13/Sep/2026:17:30:27 +0300] "GET /?sale/search/detail/?ITMCODE=519840644493 HTTP/2.0" 200 31682 "https://keliauk-uk.lt.testams.vhost.lt/?sitemap-432.xml" "Mozilla/5.0 AppleWebKit/537.36 (KHTML, like Gecko; compatible; GPTBot/1.4; +https://openai.com/gptbot)"
74.7.243.247 - - [13/Sep/2026:17:30:28 +0300] "GET /?sale/search/detail/?ITMCODE=519998296170 HTTP/2.0" 200 31682 "https://keliauk-uk.lt.testams.vhost.lt/?sitemap-955.xml" "Mozilla/5.0 AppleWebKit/537.36 (KHTML, like Gecko; compatible; GPTBot/1.4; +https://openai.com/gptbot)"
74.7.243.247 - - [13/Sep/2026:17:30:28 +0300] "GET /?sale/search/detail/?ITMCODE=519825557014 HTTP/2.0" 200 31682 "https://keliauk-uk.lt.testams.vhost.lt/?sitemap-847.xml" "Mozilla/5.0 AppleWebKit/537.36 (KHTML, like Gecko; compatible; GPTBot/1.4; +https://openai.com/gptbot)"
207.46.13.130 - - [13/Sep/2026:17:30:28 +0300] "GET /?sale/search/detail/?ITMCODE=519914208484 HTTP/2.0" 200 200552 "-" "Mozilla/5.0 AppleWebKit/537.36 (KHTML, like Gecko; compatible; bingbot/2.0; +http://www.bing.com/bingbot.htm) Chrome/116.0.1938.76 Safari/537.36"
74.7.243.247 - - [13/Sep/2026:17:30:29 +0300] "GET /?sale/search/detail/?ITMCODE=519846660474 HTTP/2.0" 200 31682 "https://keliauk-uk.lt.testams.vhost.lt/?sitemap-432.xml" "Mozilla/5.0 AppleWebKit/537.36 (KHTML, like Gecko; compatible; GPTBot/1.4; +https://openai.com/gptbot)"
114.119.158.46 - - [13/Sep/2026:17:30:29 +0300] "GET /?sale/search/detail/%3FITMCODE=51977136670 HTTP/1.1" 200 31590 "https://www.keliauk-uk.lt/?sitemap-items.xml" "Mozilla/5.0 (Linux; Android 7.0;) AppleWebKit/537.36 (HTML, like Gecko) Mobile Safari/537.36 (compatible; PetalBot;+https://webmaster.petalsearch.com/site/petalbot)"
207.46.13.130 - - [13/Sep/2026:17:30:29 +0300] "GET /?sale/search/detail/?ITMCODE=519974421715 HTTP/2.0" 200 199289 "-" "Mozilla/5.0 AppleWebKit/537.36 (KHTML, like Gecko; compatible; bingbot/2.0; +http://www.bing.com/bingbot.htm) Chrome/116.0.1938.76 Safari/537.36"
52.167.144.206 - - [13/Sep/2026:17:30:29 +0300] "GET /?sale/search/detail/?ITMCODE=519867566531 HTTP/2.0" 200 218490 "-" "Mozilla/5.0 AppleWebKit/537.36 (KHTML, like Gecko; compatible; bingbot/2.0; +http://www.bing.com/bingbot.htm) Chrome/116.0.1938.76 Safari/537.36"
74.7.243.247 - - [13/Sep/2026:17:30:29 +0300] "GET /?sale/search/detail/?ITMCODE=519699980214 HTTP/2.0" 200 31682 "https://keliauk-uk.lt.testams.vhost.lt/?sitemap-955.xml" "Mozilla/5.0 AppleWebKit/537.36 (KHTML, like Gecko; compatible; GPTBot/1.4; +https://openai.com/gptbot)"
74.7.243.247 - - [13/Sep/2026:17:30:30 +0300] "GET /?sale/search/detail/?ITMCODE=519527222038 HTTP/2.0" 200 31682 "https://keliauk-uk.lt.testams.vhost.lt/?sitemap-847.xml" "Mozilla/5.0 AppleWebKit/537.36 (KHTML, like Gecko; compatible; GPTBot/1.4; +https://openai.com/gptbot)"
74.7.243.247 - - [13/Sep/2026:17:30:30 +0300] "GET /?sale/search/detail/?ITMCODE=519998305749 HTTP/2.0" 200 31682 "https://keliauk-uk.lt.testams.vhost.lt/?sitemap-955.xml" "Mozilla/5.0 AppleWebKit/537.36 (KHTML, like Gecko; compatible; GPTBot/1.4; +https://openai.com/gptbot)"
74.7.243.247 - - [13/Sep/2026:17:30:31 +0300] "GET /?sale/search/detail/?ITMCODE=519888634487 HTTP/2.0" 200 31682 "https://keliauk-uk.lt.testams.vhost.lt/?sitemap-547.xml" "Mozilla/5.0 AppleWebKit/537.36 (KHTML, like Gecko; compatible; GPTBot/1.4; +https://openai.com/gptbot)"
74.7.243.247 - - [13/Sep/2026:17:30:31 +0300] "GET /?sale/search/detail/?ITMCODE=519998388624 HTTP/2.0" 200 31682 "https://keliauk-uk.lt.testams.vhost.lt/?sitemap-955.xml" "Mozilla/5.0 AppleWebKit/537.36 (KHTML, like Gecko; compatible; GPTBot/1.4; +https://openai.com/gptbot)"
4.224.45.129 - - [13/Sep/2026:17:30:32 +0300] "GET /autodiscover/autodiscover.xml HTTP/1.1" 400 52 "-" "-"
74.7.243.247 - - [13/Sep/2026:17:30:32 +0300] "GET /?sale/search/detail/?ITMCODE=519725000406 HTTP/2.0" 200 31682 "https://keliauk-uk.lt.testams.vhost.lt/?sitemap-847.xml" "Mozilla/5.0 AppleWebKit/537.36 (KHTML, like Gecko; compatible; GPTBot/1.4; +https://openai.com/gptbot)"
66.249.79.1 - - [13/Sep/2026:17:30:31 +0300] "GET /index.php/zinynas-keliaujantiems?sale/search/detail/?ITMCODE=52002989533 HTTP/1.1" 200 203837 "-" "Mozilla/5.0 (Linux; Android 6.0.1; Nexus 5X Build/MMB29P) AppleWebKit/537.36 (KHTML, like Gecko) Chrome/152.0.7977.82 Mobile Safari/537.36 (compatible; Googlebot/2.1; +http://www.google.com/bot.html)"
52.167.144.206 - - [13/Sep/2026:17:30:32 +0300] "GET /?sale/search/detail/?ITMCODE=51992490702 HTTP/2.0" 200 197436 "-" "Mozilla/5.0 AppleWebKit/537.36 (KHTML, like Gecko; compatible; bingbot/2.0; +http://www.bing.com/bingbot.htm) Chrome/116.0.1938.76 Safari/537.36"
74.7.243.247 - - [13/Sep/2026:17:30:32 +0300] "GET /?sale/search/detail/?ITMCODE=519627775538 HTTP/2.0" 200 31682 "https://keliauk-uk.lt.testams.vhost.lt/?sitemap-847.xml" "Mozilla/5.0 AppleWebKit/537.36 (KHTML, like Gecko; compatible; GPTBot/1.4; +https://openai.com/gptbot)"
4.224.45.129 - - [13/Sep/2026:17:30:33 +0300] "GET /autodiscover/autodiscover.xml HTTP/1.1" 400 52 "-" "-"
52.167.144.206 - - [13/Sep/2026:17:30:33 +0300] "GET /?sale/search/detail/?ITMCODE=51963933715 HTTP/2.0" 200 206051 "-" "Mozilla/5.0 AppleWebKit/537.36 (KHTML, like Gecko; compatible; bingbot/2.0; +http://www.bing.com/bingbot.htm) Chrome/116.0.1938.76 Safari/537.36"
