40.77.167.224 - - [13/Sep/2026:16:37:42 +0300] "GET /?sale/search/detail/?ITMCODE=51971110399 HTTP/2.0" 200 203967 "-" "Mozilla/5.0 AppleWebKit/537.36 (KHTML, like Gecko; compatible; bingbot/2.0; +http://www.bing.com/bingbot.htm) Chrome/116.0.1938.76 Safari/537.36"
40.77.167.132 - - [13/Sep/2026:16:37:44 +0300] "GET /?sale/search/detail/?ITMCODE=51992227728 HTTP/2.0" 200 205862 "-" "Mozilla/5.0 AppleWebKit/537.36 (KHTML, like Gecko; compatible; bingbot/2.0; +http://www.bing.com/bingbot.htm) Chrome/116.0.1938.76 Safari/537.36"
40.77.167.224 - - [13/Sep/2026:16:37:44 +0300] "GET /?sale/search/detail/?ITMCODE=51971120527 HTTP/2.0" 200 203609 "-" "Mozilla/5.0 AppleWebKit/537.36 (KHTML, like Gecko; compatible; bingbot/2.0; +http://www.bing.com/bingbot.htm) Chrome/116.0.1938.76 Safari/537.36"
66.249.79.3 - - [13/Sep/2026:16:37:47 +0300] "GET /index.php/zinynas-keliaujantiems?sale/search/detail/?ITMCODE=5196867754 HTTP/1.1" 200 206154 "-" "Mozilla/5.0 (Linux; Android 6.0.1; Nexus 5X Build/MMB29P) AppleWebKit/537.36 (KHTML, like Gecko) Chrome/152.0.7977.82 Mobile Safari/537.36 (compatible; Googlebot/2.1; +http://www.google.com/bot.html)"
66.249.79.1 - - [13/Sep/2026:16:37:48 +0300] "GET /index.php/zinynas-keliaujantiems?sale/search/detail/?ITMCODE=51992468487 HTTP/1.1" 200 206811 "-" "Mozilla/5.0 (Linux; Android 6.0.1; Nexus 5X Build/MMB29P) AppleWebKit/537.36 (KHTML, like Gecko) Chrome/152.0.7977.82 Mobile Safari/537.36 (compatible; Googlebot/2.1; +http://www.google.com/bot.html)"
66.249.79.4 - - [13/Sep/2026:16:37:49 +0300] "GET /?sale/search/detail/?ITMCODE=51981594770 HTTP/1.1" 200 203586 "-" "Mozilla/5.0 (Linux; Android 6.0.1; Nexus 5X Build/MMB29P) AppleWebKit/537.36 (KHTML, like Gecko) Chrome/152.0.7977.82 Mobile Safari/537.36 (compatible; Googlebot/2.1; +http://www.google.com/bot.html)"
66.249.79.1 - - [13/Sep/2026:16:37:50 +0300] "GET /index.php/zinynas-keliaujantiems?sale/search/detail/?ITMCODE=51981752480 HTTP/1.1" 200 232672 "-" "Mozilla/5.0 (Linux; Android 6.0.1; Nexus 5X Build/MMB29P) AppleWebKit/537.36 (KHTML, like Gecko) Chrome/152.0.7977.82 Mobile Safari/537.36 (compatible; Googlebot/2.1; +http://www.google.com/bot.html)"
66.249.79.4 - - [13/Sep/2026:16:37:55 +0300] "GET /shop/pg/160569 HTTP/1.1" 200 195646 "-" "Mozilla/5.0 (Linux; Android 6.0.1; Nexus 5X Build/MMB29P) AppleWebKit/537.36 (KHTML, like Gecko) Chrome/152.0.7977.82 Mobile Safari/537.36 (compatible; Googlebot/2.1; +http://www.google.com/bot.html)"
40.77.167.79 - - [13/Sep/2026:16:37:56 +0300] "GET /?sale/search/detail/?ITMCODE=52002813439 HTTP/2.0" 200 226698 "-" "Mozilla/5.0 AppleWebKit/537.36 (KHTML, like Gecko; compatible; bingbot/2.0; +http://www.bing.com/bingbot.htm) Chrome/116.0.1938.76 Safari/537.36"
51.81.111.117 - - [13/Sep/2026:16:37:59 +0300] "GET /robots.txt HTTP/2.0" 200 116 "-" "Mozilla/5.0 (compatible; AhrefsBot/7.0; +http://ahrefs.com/robot/)"
92.222.104.212 - - [13/Sep/2026:16:38:00 +0300] "GET /sitemap.xml HTTP/2.0" 200 1186 "-" "Mozilla/5.0 (compatible; AhrefsBot/7.0; +http://ahrefs.com/robot/)"
176.31.139.20 - - [13/Sep/2026:16:38:01 +0300] "GET /?sitemap-558.xml HTTP/2.0" 200 181585 "-" "Mozilla/5.0 (compatible; AhrefsBot/7.0; +http://ahrefs.com/robot/)"
54.37.118.65 - - [13/Sep/2026:16:38:02 +0300] "GET /?sitemap-446.xml HTTP/2.0" 200 180548 "-" "Mozilla/5.0 (compatible; AhrefsBot/7.0; +http://ahrefs.com/robot/)"
51.75.236.135 - - [13/Sep/2026:16:38:03 +0300] "GET /?sitemap-897.xml HTTP/2.0" 200 181206 "-" "Mozilla/5.0 (compatible; AhrefsBot/7.0; +http://ahrefs.com/robot/)"
54.37.118.78 - - [13/Sep/2026:16:38:04 +0300] "GET /?sitemap-216.xml HTTP/2.0" 200 180228 "-" "Mozilla/5.0 (compatible; AhrefsBot/7.0; +http://ahrefs.com/robot/)"
66.249.79.1 - - [13/Sep/2026:16:38:05 +0300] "GET /index.php/zinynas-keliaujantiems?sale/search/detail/?ITMCODE=51992232599 HTTP/1.1" 200 205587 "-" "Mozilla/5.0 (Linux; Android 6.0.1; Nexus 5X Build/MMB29P) AppleWebKit/537.36 (KHTML, like Gecko) Chrome/152.0.7977.82 Mobile Safari/537.36 (compatible; Googlebot/2.1; +http://www.google.com/bot.html)"
54.37.118.74 - - [13/Sep/2026:16:38:06 +0300] "GET /?sitemap-203.xml HTTP/2.0" 200 180232 "-" "Mozilla/5.0 (compatible; AhrefsBot/7.0; +http://ahrefs.com/robot/)"
37.59.204.135 - - [13/Sep/2026:16:38:07 +0300] "GET /?sitemap-960.xml HTTP/2.0" 200 180548 "-" "Mozilla/5.0 (compatible; AhrefsBot/7.0; +http://ahrefs.com/robot/)"
5.39.1.235 - - [13/Sep/2026:16:38:08 +0300] "GET /?sitemap-514.xml HTTP/2.0" 200 181166 "-" "Mozilla/5.0 (compatible; AhrefsBot/7.0; +http://ahrefs.com/robot/)"
94.23.188.209 - - [13/Sep/2026:16:38:09 +0300] "GET /?sitemap-795.xml HTTP/2.0" 200 180548 "-" "Mozilla/5.0 (compatible; AhrefsBot/7.0; +http://ahrefs.com/robot/)"
37.59.204.137 - - [13/Sep/2026:16:38:11 +0300] "GET /?sitemap-927.xml HTTP/2.0" 200 180548 "-" "Mozilla/5.0 (compatible; AhrefsBot/7.0; +http://ahrefs.com/robot/)"
40.77.167.132 - - [13/Sep/2026:16:38:12 +0300] "GET /?sale/search/detail/?ITMCODE=51998448623 HTTP/2.0" 200 204863 "-" "Mozilla/5.0 AppleWebKit/537.36 (KHTML, like Gecko; compatible; bingbot/2.0; +http://www.bing.com/bingbot.htm) Chrome/116.0.1938.76 Safari/537.36"
51.75.236.143 - - [13/Sep/2026:16:38:12 +0300] "GET /?sitemap-440.xml HTTP/2.0" 200 180360 "-" "Mozilla/5.0 (compatible; AhrefsBot/7.0; +http://ahrefs.com/robot/)"
54.37.118.64 - - [13/Sep/2026:16:38:13 +0300] "GET /?sitemap-454.xml HTTP/2.0" 200 181585 "-" "Mozilla/5.0 (compatible; AhrefsBot/7.0; +http://ahrefs.com/robot/)"
66.249.79.1 - - [13/Sep/2026:16:38:14 +0300] "GET /index.php/zinynas-keliaujantiems?sale/search/detail/?ITMCODE=5195403627 HTTP/1.1" 200 202899 "-" "Mozilla/5.0 (Linux; Android 6.0.1; Nexus 5X Build/MMB29P) AppleWebKit/537.36 (KHTML, like Gecko) Chrome/152.0.7977.82 Mobile Safari/537.36 (compatible; Googlebot/2.1; +http://www.google.com/bot.html)"
185.191.171.12 - - [13/Sep/2026:16:38:14 +0300] "GET /?sale%2Fsearch%2Fdetail%2F%3FITMCODE=519959436282 HTTP/1.1" 200 31562 "-" "Mozilla/5.0 (compatible; SemrushBot/7~bl; +http://www.semrush.com/bot.html)"
66.249.79.1 - - [13/Sep/2026:16:38:15 +0300] "GET /index.php/zinynas-keliaujantiems?sale/search/detail/?ITMCODE=5196749754 HTTP/1.1" 200 236574 "-" "Mozilla/5.0 (Linux; Android 6.0.1; Nexus 5X Build/MMB29P) AppleWebKit/537.36 (KHTML, like Gecko) Chrome/152.0.7977.82 Mobile Safari/537.36 (compatible; Googlebot/2.1; +http://www.google.com/bot.html)"
66.249.79.2 - - [13/Sep/2026:16:38:15 +0300] "GET /index.php/zinynas-keliaujantiems?sale/search/detail/?ITMCODE=51992446755 HTTP/1.1" 200 227933 "-" "Mozilla/5.0 (Linux; Android 6.0.1; Nexus 5X Build/MMB29P) AppleWebKit/537.36 (KHTML, like Gecko) Chrome/152.0.7977.82 Mobile Safari/537.36 (compatible; Googlebot/2.1; +http://www.google.com/bot.html)"
40.77.167.79 - - [13/Sep/2026:16:38:16 +0300] "GET /?sale/search/detail/?ITMCODE=52005716567 HTTP/2.0" 200 224094 "-" "Mozilla/5.0 AppleWebKit/537.36 (KHTML, like Gecko; compatible; bingbot/2.0; +http://www.bing.com/bingbot.htm) Chrome/116.0.1938.76 Safari/537.36"
40.77.167.79 - - [13/Sep/2026:16:38:17 +0300] "GET /?sale/search/detail/?ITMCODE=519861917079 HTTP/2.0" 200 200098 "-" "Mozilla/5.0 AppleWebKit/537.36 (KHTML, like Gecko; compatible; bingbot/2.0; +http://www.bing.com/bingbot.htm) Chrome/116.0.1938.76 Safari/537.36"
40.77.167.79 - - [13/Sep/2026:16:38:18 +0300] "GET /?sale/search/detail/?ITMCODE=51992013003 HTTP/2.0" 200 209593 "-" "Mozilla/5.0 AppleWebKit/537.36 (KHTML, like Gecko; compatible; bingbot/2.0; +http://www.bing.com/bingbot.htm) Chrome/116.0.1938.76 Safari/537.36"
66.249.79.1 - - [13/Sep/2026:16:38:20 +0300] "GET /index.php/zinynas-keliaujantiems?sale/search/detail/?ITMCODE=51981774810 HTTP/1.1" 200 202339 "-" "Mozilla/5.0 (Linux; Android 6.0.1; Nexus 5X Build/MMB29P) AppleWebKit/537.36 (KHTML, like Gecko) Chrome/152.0.7977.82 Mobile Safari/537.36 (compatible; Googlebot/2.1; +http://www.google.com/bot.html)"
66.249.79.1 - - [13/Sep/2026:16:38:21 +0300] "GET /index.php/zinynas-keliaujantiems?sale/search/detail/?ITMCODE=52002850623 HTTP/1.1" 200 210078 "-" "Mozilla/5.0 (Linux; Android 6.0.1; Nexus 5X Build/MMB29P) AppleWebKit/537.36 (KHTML, like Gecko) Chrome/152.0.7977.82 Mobile Safari/537.36 (compatible; Googlebot/2.1; +http://www.google.com/bot.html)"
66.249.79.1 - - [13/Sep/2026:16:38:23 +0300] "GET /index.php/zinynas-keliaujantiems?sale/search/detail/?ITMCODE=51992107283 HTTP/1.1" 200 212435 "-" "Mozilla/5.0 (Linux; Android 6.0.1; Nexus 5X Build/MMB29P) AppleWebKit/537.36 (KHTML, like Gecko) Chrome/152.0.7977.82 Mobile Safari/537.36 (compatible; Googlebot/2.1; +http://www.google.com/bot.html)"
66.249.79.2 - - [13/Sep/2026:16:38:27 +0300] "GET /sale/search/detail/?ITMCODE=519524544 HTTP/1.1" 200 206012 "-" "Mozilla/5.0 (Linux; Android 6.0.1; Nexus 5X Build/MMB29P) AppleWebKit/537.36 (KHTML, like Gecko) Chrome/152.0.7977.82 Mobile Safari/537.36 (compatible; Googlebot/2.1; +http://www.google.com/bot.html)"
66.249.79.2 - - [13/Sep/2026:16:38:32 +0300] "GET /?sale/search/detail/?ITMCODE=52002827797 HTTP/1.1" 200 195668 "-" "Mozilla/5.0 (Linux; Android 6.0.1; Nexus 5X Build/MMB29P) AppleWebKit/537.36 (KHTML, like Gecko) Chrome/152.0.7977.82 Mobile Safari/537.36 (compatible; Googlebot/2.1; +http://www.google.com/bot.html)"
66.249.79.1 - - [13/Sep/2026:16:38:34 +0300] "GET /index.php/zinynas-keliaujantiems?sale/search/detail/?ITMCODE=5195144114 HTTP/1.1" 200 226503 "-" "Mozilla/5.0 (Linux; Android 6.0.1; Nexus 5X Build/MMB29P) AppleWebKit/537.36 (KHTML, like Gecko) Chrome/152.0.7977.82 Mobile Safari/537.36 (compatible; Googlebot/2.1; +http://www.google.com/bot.html)"
66.249.79.1 - - [13/Sep/2026:16:38:35 +0300] "GET /index.php/zinynas-keliaujantiems?sale/search/detail/?ITMCODE=519563665 HTTP/1.1" 200 220772 "-" "Mozilla/5.0 (Linux; Android 6.0.1; Nexus 5X Build/MMB29P) AppleWebKit/537.36 (KHTML, like Gecko) Chrome/152.0.7977.82 Mobile Safari/537.36 (compatible; Googlebot/2.1; +http://www.google.com/bot.html)"
185.191.171.12 - - [13/Sep/2026:16:38:36 +0300] "GET /?sale%2Fsearch%2Fdetail%2F%3FITMCODE=51966923975 HTTP/1.1" 200 31562 "-" "Mozilla/5.0 (compatible; SemrushBot/7~bl; +http://www.semrush.com/bot.html)"
57.141.20.69 - - [13/Sep/2026:16:38:37 +0300] "GET /index.php/component/search/?sale/search/detail/?ITMCODE=519648727230&id=1&Itemid=437&format=opensearch HTTP/2.0" 200 559 "-" "Mozilla/5.0 (Windows NT 10.0; Win64; x64) AppleWebKit/537.36 (KHTML, like Gecko) Chrome/145.0.0.0 Safari/537.36 (compatible; meta-externalagent/1.1 (+https://developers.facebook.com/docs/sharing/webmasters/crawler))"
40.77.167.79 - - [13/Sep/2026:16:38:37 +0300] "GET /?shop/c/c51971000759/ HTTP/2.0" 200 242396 "-" "Mozilla/5.0 AppleWebKit/537.36 (KHTML, like Gecko; compatible; bingbot/2.0; +http://www.bing.com/bingbot.htm) Chrome/116.0.1938.76 Safari/537.36"
66.249.79.2 - - [13/Sep/2026:16:38:38 +0300] "GET /sale/search/detail/?ITMCODE=52002931441 HTTP/1.1" 200 218977 "-" "Mozilla/5.0 (Linux; Android 6.0.1; Nexus 5X Build/MMB29P) AppleWebKit/537.36 (KHTML, like Gecko) Chrome/152.0.7977.82 Mobile Safari/537.36 (compatible; Googlebot/2.1; +http://www.google.com/bot.html)"
66.249.79.1 - - [13/Sep/2026:16:38:40 +0300] "GET /index.php/zinynas-keliaujantiems?sale/search/detail/?ITMCODE=5195330337 HTTP/1.1" 200 203546 "-" "Mozilla/5.0 (Linux; Android 6.0.1; Nexus 5X Build/MMB29P) AppleWebKit/537.36 (KHTML, like Gecko) Chrome/152.0.7977.82 Mobile Safari/537.36 (compatible; Googlebot/2.1; +http://www.google.com/bot.html)"
66.249.79.1 - - [13/Sep/2026:16:38:42 +0300] "GET /index.php/zinynas-keliaujantiems?sale/search/detail/?ITMCODE=51981562491 HTTP/1.1" 200 205954 "-" "Mozilla/5.0 (Linux; Android 6.0.1; Nexus 5X Build/MMB29P) AppleWebKit/537.36 (KHTML, like Gecko) Chrome/152.0.7977.82 Mobile Safari/537.36 (compatible; Googlebot/2.1; +http://www.google.com/bot.html)"
66.249.79.1 - - [13/Sep/2026:16:38:43 +0300] "GET /index.php/zinynas-keliaujantiems?sale/search/detail/?ITMCODE=52002765862 HTTP/1.1" 200 218620 "-" "Mozilla/5.0 (Linux; Android 6.0.1; Nexus 5X Build/MMB29P) AppleWebKit/537.36 (KHTML, like Gecko) Chrome/152.0.7977.82 Mobile Safari/537.36 (compatible; Googlebot/2.1; +http://www.google.com/bot.html)"
66.249.79.3 - - [13/Sep/2026:16:38:46 +0300] "GET /index.php/zinynas-keliaujantiems?sale/search/detail/?ITMCODE=5195332118 HTTP/1.1" 200 222389 "-" "Mozilla/5.0 (Linux; Android 6.0.1; Nexus 5X Build/MMB29P) AppleWebKit/537.36 (KHTML, like Gecko) Chrome/152.0.7977.82 Mobile Safari/537.36 (compatible; Googlebot/2.1; +http://www.google.com/bot.html)"
66.249.79.2 - - [13/Sep/2026:16:38:48 +0300] "GET /index.php/zinynas-keliaujantiems?sale/search/detail/?ITMCODE=51981766588 HTTP/1.1" 200 204696 "-" "Mozilla/5.0 (Linux; Android 6.0.1; Nexus 5X Build/MMB29P) AppleWebKit/537.36 (KHTML, like Gecko) Chrome/152.0.7977.82 Mobile Safari/537.36 (compatible; Googlebot/2.1; +http://www.google.com/bot.html)"
114.119.135.63 - - [13/Sep/2026:16:38:51 +0300] "GET /?sale/search/detail/%3FITMCODE=51977198454 HTTP/1.1" 200 31590 "https://www.keliauk-uk.lt/?sitemap-shopdetail.xml" "Mozilla/5.0 (Linux; Android 7.0;) AppleWebKit/537.36 (HTML, like Gecko) Mobile Safari/537.36 (compatible; PetalBot;+https://webmaster.petalsearch.com/site/petalbot)"
66.249.79.3 - - [13/Sep/2026:16:38:51 +0300] "GET /index.php/zinynas-keliaujantiems?sale/search/detail/?ITMCODE=52002546871 HTTP/1.1" 200 214233 "-" "Mozilla/5.0 (Linux; Android 6.0.1; Nexus 5X Build/MMB29P) AppleWebKit/537.36 (KHTML, like Gecko) Chrome/152.0.7977.82 Mobile Safari/537.36 (compatible; Googlebot/2.1; +http://www.google.com/bot.html)"
185.191.171.16 - - [13/Sep/2026:16:39:08 +0300] "GET /?sale%2Fsearch%2Fdetail%2F%3FITMCODE=51953255848 HTTP/1.1" 200 31562 "-" "Mozilla/5.0 (compatible; SemrushBot/7~bl; +http://www.semrush.com/bot.html)"
40.77.167.59 - - [13/Sep/2026:16:39:07 +0300] "GET /?sale/search/detail/?ITMCODE=51992104478 HTTP/2.0" 200 195483 "-" "Mozilla/5.0 AppleWebKit/537.36 (KHTML, like Gecko; compatible; bingbot/2.0; +http://www.bing.com/bingbot.htm) Chrome/116.0.1938.76 Safari/537.36"
40.77.167.59 - - [13/Sep/2026:16:39:08 +0300] "GET /?sale/search/detail/?ITMCODE=51992259111 HTTP/2.0" 200 198749 "-" "Mozilla/5.0 AppleWebKit/537.36 (KHTML, like Gecko; compatible; bingbot/2.0; +http://www.bing.com/bingbot.htm) Chrome/116.0.1938.76 Safari/537.36"
40.77.167.59 - - [13/Sep/2026:16:39:09 +0300] "GET /?sale/search/detail/?ITMCODE=519822844045 HTTP/2.0" 200 197493 "-" "Mozilla/5.0 AppleWebKit/537.36 (KHTML, like Gecko; compatible; bingbot/2.0; +http://www.bing.com/bingbot.htm) Chrome/116.0.1938.76 Safari/537.36"
40.77.167.59 - - [13/Sep/2026:16:39:10 +0300] "GET /?sale/search/detail/?ITMCODE=520014691179 HTTP/2.0" 200 194738 "-" "Mozilla/5.0 AppleWebKit/537.36 (KHTML, like Gecko; compatible; bingbot/2.0; +http://www.bing.com/bingbot.htm) Chrome/116.0.1938.76 Safari/537.36"
40.77.167.59 - - [13/Sep/2026:16:39:10 +0300] "GET /?sale/search/detail/?ITMCODE=520062938668 HTTP/2.0" 200 208349 "-" "Mozilla/5.0 AppleWebKit/537.36 (KHTML, like Gecko; compatible; bingbot/2.0; +http://www.bing.com/bingbot.htm) Chrome/116.0.1938.76 Safari/537.36"
40.77.167.59 - - [13/Sep/2026:16:39:11 +0300] "GET /?sale/search/detail/?ITMCODE=520032804506 HTTP/2.0" 200 195947 "-" "Mozilla/5.0 AppleWebKit/537.36 (KHTML, like Gecko; compatible; bingbot/2.0; +http://www.bing.com/bingbot.htm) Chrome/116.0.1938.76 Safari/537.36"
207.46.13.51 - - [13/Sep/2026:16:39:19 +0300] "GET /?sale/search/detail/?ITMCODE=519846846006 HTTP/2.0" 200 198410 "-" "Mozilla/5.0 AppleWebKit/537.36 (KHTML, like Gecko; compatible; bingbot/2.0; +http://www.bing.com/bingbot.htm) Chrome/116.0.1938.76 Safari/537.36"
207.46.13.51 - - [13/Sep/2026:16:39:21 +0300] "GET /?sale/search/detail/?ITMCODE=51963824842 HTTP/2.0" 200 194763 "-" "Mozilla/5.0 AppleWebKit/537.36 (KHTML, like Gecko; compatible; bingbot/2.0; +http://www.bing.com/bingbot.htm) Chrome/116.0.1938.76 Safari/537.36"
85.208.96.207 - - [13/Sep/2026:16:39:22 +0300] "GET /?sale%2Fsearch%2Fdetail%2F%3FITMCODE=519621828506 HTTP/1.1" 200 31563 "-" "Mozilla/5.0 (compatible; SemrushBot/7~bl; +http://www.semrush.com/bot.html)"
207.46.13.51 - - [13/Sep/2026:16:39:22 +0300] "GET /?sale/search/detail/?ITMCODE=51956174846 HTTP/2.0" 200 205174 "-" "Mozilla/5.0 AppleWebKit/537.36 (KHTML, like Gecko; compatible; bingbot/2.0; +http://www.bing.com/bingbot.htm) Chrome/116.0.1938.76 Safari/537.36"
207.46.13.51 - - [13/Sep/2026:16:39:23 +0300] "GET /?sale/search/detail/?ITMCODE=519669571549 HTTP/2.0" 200 192907 "-" "Mozilla/5.0 AppleWebKit/537.36 (KHTML, like Gecko; compatible; bingbot/2.0; +http://www.bing.com/bingbot.htm) Chrome/116.0.1938.76 Safari/537.36"
207.46.13.51 - - [13/Sep/2026:16:39:24 +0300] "GET /?sale/search/detail/?ITMCODE=5195102216751 HTTP/2.0" 200 202388 "-" "Mozilla/5.0 AppleWebKit/537.36 (KHTML, like Gecko; compatible; bingbot/2.0; +http://www.bing.com/bingbot.htm) Chrome/116.0.1938.76 Safari/537.36"
207.46.13.51 - - [13/Sep/2026:16:39:25 +0300] "GET /?sale/search/detail/?ITMCODE=51956468953 HTTP/2.0" 200 204365 "-" "Mozilla/5.0 AppleWebKit/537.36 (KHTML, like Gecko; compatible; bingbot/2.0; +http://www.bing.com/bingbot.htm) Chrome/116.0.1938.76 Safari/537.36"
207.46.13.51 - - [13/Sep/2026:16:39:26 +0300] "GET /?sale/search/detail/?ITMCODE=51998315140 HTTP/2.0" 200 209883 "-" "Mozilla/5.0 AppleWebKit/537.36 (KHTML, like Gecko; compatible; bingbot/2.0; +http://www.bing.com/bingbot.htm) Chrome/116.0.1938.76 Safari/537.36"
207.46.13.51 - - [13/Sep/2026:16:39:27 +0300] "GET /?sale/search/detail/?ITMCODE=51971230475 HTTP/2.0" 200 206352 "-" "Mozilla/5.0 AppleWebKit/537.36 (KHTML, like Gecko; compatible; bingbot/2.0; +http://www.bing.com/bingbot.htm) Chrome/116.0.1938.76 Safari/537.36"
66.249.79.1 - - [13/Sep/2026:16:39:27 +0300] "GET /index.php/zinynas-keliaujantiems?sale/search/detail/?ITMCODE=51971443201 HTTP/1.1" 200 214977 "-" "Mozilla/5.0 (Linux; Android 6.0.1; Nexus 5X Build/MMB29P) AppleWebKit/537.36 (KHTML, like Gecko) Chrome/152.0.7977.82 Mobile Safari/537.36 (compatible; Googlebot/2.1; +http://www.google.com/bot.html)"
207.46.13.51 - - [13/Sep/2026:16:39:28 +0300] "GET /?sale/search/detail/?ITMCODE=51963992151 HTTP/2.0" 200 203673 "-" "Mozilla/5.0 AppleWebKit/537.36 (KHTML, like Gecko; compatible; bingbot/2.0; +http://www.bing.com/bingbot.htm) Chrome/116.0.1938.76 Safari/537.36"
207.46.13.51 - - [13/Sep/2026:16:39:28 +0300] "GET /?sale/search/detail/?ITMCODE=51956046273 HTTP/2.0" 200 194267 "-" "Mozilla/5.0 AppleWebKit/537.36 (KHTML, like Gecko; compatible; bingbot/2.0; +http://www.bing.com/bingbot.htm) Chrome/116.0.1938.76 Safari/537.36"
207.46.13.51 - - [13/Sep/2026:16:39:34 +0300] "GET /?sale/search/detail/?ITMCODE=51953315993 HTTP/2.0" 200 206274 "-" "Mozilla/5.0 AppleWebKit/537.36 (KHTML, like Gecko; compatible; bingbot/2.0; +http://www.bing.com/bingbot.htm) Chrome/116.0.1938.76 Safari/537.36"
66.249.79.2 - - [13/Sep/2026:16:39:35 +0300] "GET /index.php/zinynas-keliaujantiems?sale/search/detail/?ITMCODE=51992113057 HTTP/1.1" 200 220404 "-" "Mozilla/5.0 (Linux; Android 6.0.1; Nexus 5X Build/MMB29P) AppleWebKit/537.36 (KHTML, like Gecko) Chrome/152.0.7977.82 Mobile Safari/537.36 (compatible; Googlebot/2.1; +http://www.google.com/bot.html)"
66.249.79.2 - - [13/Sep/2026:16:39:36 +0300] "GET /index.php/zinynas-keliaujantiems?sale/search/detail/?ITMCODE=51992480063 HTTP/1.1" 200 205490 "-" "Mozilla/5.0 (Linux; Android 6.0.1; Nexus 5X Build/MMB29P) AppleWebKit/537.36 (KHTML, like Gecko) Chrome/152.0.7977.82 Mobile Safari/537.36 (compatible; Googlebot/2.1; +http://www.google.com/bot.html)"
66.249.79.1 - - [13/Sep/2026:16:39:36 +0300] "GET /index.php/zinynas-keliaujantiems?sale/search/detail/?ITMCODE=52002878783 HTTP/1.1" 200 226471 "-" "Mozilla/5.0 (Linux; Android 6.0.1; Nexus 5X Build/MMB29P) AppleWebKit/537.36 (KHTML, like Gecko) Chrome/152.0.7977.82 Mobile Safari/537.36 (compatible; Googlebot/2.1; +http://www.google.com/bot.html)"
66.249.79.1 - - [13/Sep/2026:16:39:38 +0300] "GET /index.php/zinynas-keliaujantiems?sale/search/detail/?ITMCODE=5195219186 HTTP/1.1" 200 221867 "-" "Mozilla/5.0 (Linux; Android 6.0.1; Nexus 5X Build/MMB29P) AppleWebKit/537.36 (KHTML, like Gecko) Chrome/152.0.7977.82 Mobile Safari/537.36 (compatible; Googlebot/2.1; +http://www.google.com/bot.html)"
66.249.79.1 - - [13/Sep/2026:16:39:39 +0300] "GET /index.php/zinynas-keliaujantiems?sale/search/detail/?ITMCODE=51971055522 HTTP/1.1" 200 203542 "-" "Mozilla/5.0 (Linux; Android 6.0.1; Nexus 5X Build/MMB29P) AppleWebKit/537.36 (KHTML, like Gecko) Chrome/152.0.7977.82 Mobile Safari/537.36 (compatible; Googlebot/2.1; +http://www.google.com/bot.html)"
66.249.79.1 - - [13/Sep/2026:16:39:40 +0300] "GET /index.php/zinynas-keliaujantiems?sale/search/detail/?ITMCODE=51981639925 HTTP/1.1" 200 211895 "-" "Mozilla/5.0 (Linux; Android 6.0.1; Nexus 5X Build/MMB29P) AppleWebKit/537.36 (KHTML, like Gecko) Chrome/152.0.7977.82 Mobile Safari/537.36 (compatible; Googlebot/2.1; +http://www.google.com/bot.html)"
66.249.79.1 - - [13/Sep/2026:16:39:41 +0300] "GET /index.php/zinynas-keliaujantiems?sale/search/detail/?ITMCODE=5196913267 HTTP/1.1" 200 212901 "-" "Mozilla/5.0 (Linux; Android 6.0.1; Nexus 5X Build/MMB29P) AppleWebKit/537.36 (KHTML, like Gecko) Chrome/152.0.7977.82 Mobile Safari/537.36 (compatible; Googlebot/2.1; +http://www.google.com/bot.html)"
57.141.20.34 - - [13/Sep/2026:16:39:42 +0300] "GET /index.php/component/search/?sale/search/detail/?ITMCODE=51992044244&id=1&Itemid=437&format=opensearch HTTP/2.0" 200 584 "-" "Mozilla/5.0 (Windows NT 10.0; Win64; x64) AppleWebKit/537.36 (KHTML, like Gecko) Chrome/145.0.0.0 Safari/537.36 (compatible; meta-externalagent/1.1 (+https://developers.facebook.com/docs/sharing/webmasters/crawler))"
66.249.79.1 - - [13/Sep/2026:16:39:42 +0300] "GET /index.php/zinynas-keliaujantiems?sale/search/detail/?ITMCODE=51981500634 HTTP/1.1" 200 212271 "-" "Mozilla/5.0 (Linux; Android 6.0.1; Nexus 5X Build/MMB29P) AppleWebKit/537.36 (KHTML, like Gecko) Chrome/152.0.7977.82 Mobile Safari/537.36 (compatible; Googlebot/2.1; +http://www.google.com/bot.html)"
66.249.79.1 - - [13/Sep/2026:16:39:46 +0300] "GET /index.php/zinynas-keliaujantiems?sale/search/detail/?ITMCODE=51992079846 HTTP/1.1" 200 211384 "-" "Mozilla/5.0 (Linux; Android 6.0.1; Nexus 5X Build/MMB29P) AppleWebKit/537.36 (KHTML, like Gecko) Chrome/152.0.7977.82 Mobile Safari/537.36 (compatible; Googlebot/2.1; +http://www.google.com/bot.html)"
66.249.79.1 - - [13/Sep/2026:16:39:47 +0300] "GET /index.php/zinynas-keliaujantiems?sale/search/detail/?ITMCODE=5195336871 HTTP/1.1" 200 211747 "-" "Mozilla/5.0 (Linux; Android 6.0.1; Nexus 5X Build/MMB29P) AppleWebKit/537.36 (KHTML, like Gecko) Chrome/152.0.7977.82 Mobile Safari/537.36 (compatible; Googlebot/2.1; +http://www.google.com/bot.html)"
40.77.167.14 - - [13/Sep/2026:16:39:48 +0300] "GET /?sale/search/detail/?ITMCODE=519897638397 HTTP/2.0" 200 198594 "-" "Mozilla/5.0 AppleWebKit/537.36 (KHTML, like Gecko; compatible; bingbot/2.0; +http://www.bing.com/bingbot.htm) Chrome/116.0.1938.76 Safari/537.36"
40.77.167.14 - - [13/Sep/2026:16:39:48 +0300] "GET /?sale/search/detail/?ITMCODE=519917434476 HTTP/2.0" 200 198763 "-" "Mozilla/5.0 AppleWebKit/537.36 (KHTML, like Gecko; compatible; bingbot/2.0; +http://www.bing.com/bingbot.htm) Chrome/116.0.1938.76 Safari/537.36"
40.77.167.14 - - [13/Sep/2026:16:39:49 +0300] "GET /?sale/search/detail/?ITMCODE=519911469229 HTTP/2.0" 200 201866 "-" "Mozilla/5.0 AppleWebKit/537.36 (KHTML, like Gecko; compatible; bingbot/2.0; +http://www.bing.com/bingbot.htm) Chrome/116.0.1938.76 Safari/537.36"
40.77.167.14 - - [13/Sep/2026:16:39:50 +0300] "GET /?sale/search/detail/?ITMCODE=519911434321 HTTP/2.0" 200 192568 "-" "Mozilla/5.0 AppleWebKit/537.36 (KHTML, like Gecko; compatible; bingbot/2.0; +http://www.bing.com/bingbot.htm) Chrome/116.0.1938.76 Safari/537.36"
40.77.167.14 - - [13/Sep/2026:16:39:50 +0300] "GET /?sale/search/detail/?ITMCODE=51963879700 HTTP/2.0" 200 195735 "-" "Mozilla/5.0 AppleWebKit/537.36 (KHTML, like Gecko; compatible; bingbot/2.0; +http://www.bing.com/bingbot.htm) Chrome/116.0.1938.76 Safari/537.36"
40.77.167.14 - - [13/Sep/2026:16:39:51 +0300] "GET /?sale/search/detail/?ITMCODE=51998323774 HTTP/2.0" 200 219311 "-" "Mozilla/5.0 AppleWebKit/537.36 (KHTML, like Gecko; compatible; bingbot/2.0; +http://www.bing.com/bingbot.htm) Chrome/116.0.1938.76 Safari/537.36"
40.77.167.14 - - [13/Sep/2026:16:39:51 +0300] "GET /?sale/search/detail/?ITMCODE=520047929043 HTTP/2.0" 200 193927 "-" "Mozilla/5.0 AppleWebKit/537.36 (KHTML, like Gecko; compatible; bingbot/2.0; +http://www.bing.com/bingbot.htm) Chrome/116.0.1938.76 Safari/537.36"
185.191.171.14 - - [13/Sep/2026:16:39:52 +0300] "GET /?sale%2Fsearch%2Fdetail%2F%3FITMCODE=519590341493 HTTP/1.1" 200 31562 "-" "Mozilla/5.0 (compatible; SemrushBot/7~bl; +http://www.semrush.com/bot.html)"
40.77.167.14 - - [13/Sep/2026:16:39:52 +0300] "GET /?sale/search/detail/?ITMCODE=519816545407 HTTP/2.0" 200 198842 "-" "Mozilla/5.0 AppleWebKit/537.36 (KHTML, like Gecko; compatible; bingbot/2.0; +http://www.bing.com/bingbot.htm) Chrome/116.0.1938.76 Safari/537.36"
40.77.167.14 - - [13/Sep/2026:16:39:52 +0300] "GET /?sale/search/detail/?ITMCODE=519929399042 HTTP/2.0" 200 197349 "-" "Mozilla/5.0 AppleWebKit/537.36 (KHTML, like Gecko; compatible; bingbot/2.0; +http://www.bing.com/bingbot.htm) Chrome/116.0.1938.76 Safari/537.36"
40.77.167.14 - - [13/Sep/2026:16:39:53 +0300] "GET /?sale/search/detail/?ITMCODE=519612927098 HTTP/2.0" 200 203393 "-" "Mozilla/5.0 AppleWebKit/537.36 (KHTML, like Gecko; compatible; bingbot/2.0; +http://www.bing.com/bingbot.htm) Chrome/116.0.1938.76 Safari/537.36"
66.249.79.1 - - [13/Sep/2026:16:39:53 +0300] "GET /sale/search/detail/?ITMCODE=52002739998 HTTP/1.1" 200 196560 "-" "Mozilla/5.0 (Linux; Android 6.0.1; Nexus 5X Build/MMB29P) AppleWebKit/537.36 (KHTML, like Gecko) Chrome/152.0.7977.82 Mobile Safari/537.36 (compatible; Googlebot/2.1; +http://www.google.com/bot.html)"
66.249.79.2 - - [13/Sep/2026:16:39:56 +0300] "GET /index.php/zinynas-keliaujantiems?sale/search/detail/?ITMCODE=52002523240 HTTP/1.1" 200 208435 "-" "Mozilla/5.0 (Linux; Android 6.0.1; Nexus 5X Build/MMB29P) AppleWebKit/537.36 (KHTML, like Gecko) Chrome/152.0.7977.82 Mobile Safari/537.36 (compatible; Googlebot/2.1; +http://www.google.com/bot.html)"
66.249.79.1 - - [13/Sep/2026:16:39:57 +0300] "GET /index.php/zinynas-keliaujantiems?sale/search/detail/?ITMCODE=52002965801 HTTP/1.1" 200 206545 "-" "Mozilla/5.0 (Linux; Android 6.0.1; Nexus 5X Build/MMB29P) AppleWebKit/537.36 (KHTML, like Gecko) Chrome/152.0.7977.82 Mobile Safari/537.36 (compatible; Googlebot/2.1; +http://www.google.com/bot.html)"
57.141.20.71 - - [13/Sep/2026:16:40:06 +0300] "GET /index.php/component/search/?sale/search/detail/?ITMCODE=519797168935& HTTP/2.0" 200 19807 "-" "Mozilla/5.0 (Windows NT 10.0; Win64; x64) AppleWebKit/537.36 (KHTML, like Gecko) Chrome/145.0.0.0 Safari/537.36 (compatible; meta-externalagent/1.1 (+https://developers.facebook.com/docs/sharing/webmasters/crawler))"
66.249.79.1 - - [13/Sep/2026:16:40:08 +0300] "GET /index.php/zinynas-keliaujantiems?sale/search/detail/?ITMCODE=52002812033 HTTP/1.1" 200 203701 "-" "Mozilla/5.0 (Linux; Android 6.0.1; Nexus 5X Build/MMB29P) AppleWebKit/537.36 (KHTML, like Gecko) Chrome/152.0.7977.82 Mobile Safari/537.36 (compatible; Googlebot/2.1; +http://www.google.com/bot.html)"
66.249.79.2 - - [13/Sep/2026:16:40:08 +0300] "GET /index.php/zinynas-keliaujantiems?sale/search/detail/?ITMCODE=52002989187 HTTP/1.1" 200 213125 "-" "Mozilla/5.0 (Linux; Android 6.0.1; Nexus 5X Build/MMB29P) AppleWebKit/537.36 (KHTML, like Gecko) Chrome/152.0.7977.82 Mobile Safari/537.36 (compatible; Googlebot/2.1; +http://www.google.com/bot.html)"
66.249.79.2 - - [13/Sep/2026:16:40:09 +0300] "GET /index.php/zinynas-keliaujantiems?sale/search/detail/?ITMCODE=5196746993 HTTP/1.1" 200 208933 "-" "Mozilla/5.0 (Linux; Android 6.0.1; Nexus 5X Build/MMB29P) AppleWebKit/537.36 (KHTML, like Gecko) Chrome/152.0.7977.82 Mobile Safari/537.36 (compatible; Googlebot/2.1; +http://www.google.com/bot.html)"
66.249.79.1 - - [13/Sep/2026:16:40:11 +0300] "GET /index.php/zinynas-keliaujantiems?sale/search/detail/?ITMCODE=52002673031 HTTP/1.1" 200 209231 "-" "Mozilla/5.0 (Linux; Android 6.0.1; Nexus 5X Build/MMB29P) AppleWebKit/537.36 (KHTML, like Gecko) Chrome/152.0.7977.82 Mobile Safari/537.36 (compatible; Googlebot/2.1; +http://www.google.com/bot.html)"
66.249.79.3 - - [13/Sep/2026:16:40:11 +0300] "GET /index.php/zinynas-keliaujantiems?sale/search/detail/?ITMCODE=51981975559 HTTP/1.1" 200 206859 "-" "Mozilla/5.0 (Linux; Android 6.0.1; Nexus 5X Build/MMB29P) AppleWebKit/537.36 (KHTML, like Gecko) Chrome/152.0.7977.82 Mobile Safari/537.36 (compatible; Googlebot/2.1; +http://www.google.com/bot.html)"
66.249.79.1 - - [13/Sep/2026:16:40:12 +0300] "GET /index.php/zinynas-keliaujantiems?sale/search/detail/?ITMCODE=51971139912 HTTP/1.1" 200 205568 "-" "Mozilla/5.0 (Linux; Android 6.0.1; Nexus 5X Build/MMB29P) AppleWebKit/537.36 (KHTML, like Gecko) Chrome/152.0.7977.82 Mobile Safari/537.36 (compatible; Googlebot/2.1; +http://www.google.com/bot.html)"
66.249.79.2 - - [13/Sep/2026:16:40:14 +0300] "GET /index.php/zinynas-keliaujantiems?sale/search/detail/?ITMCODE=52002785399 HTTP/1.1" 200 214079 "-" "Mozilla/5.0 (Linux; Android 6.0.1; Nexus 5X Build/MMB29P) AppleWebKit/537.36 (KHTML, like Gecko) Chrome/152.0.7977.82 Mobile Safari/537.36 (compatible; Googlebot/2.1; +http://www.google.com/bot.html)"
185.191.171.8 - - [13/Sep/2026:16:40:15 +0300] "GET /?sale%2Fsearch%2Fdetail%2F%3FITMCODE=519870530542 HTTP/1.1" 200 31563 "-" "Mozilla/5.0 (compatible; SemrushBot/7~bl; +http://www.semrush.com/bot.html)"
114.119.152.47 - - [13/Sep/2026:16:40:16 +0300] "GET /?sale/search/detail/%3FITMCODE=51977194550 HTTP/1.1" 200 31590 "https://www.keliauk-uk.lt/?sitemap-products.xml" "Mozilla/5.0 (Linux; Android 7.0;) AppleWebKit/537.36 (HTML, like Gecko) Mobile Safari/537.36 (compatible; PetalBot;+https://webmaster.petalsearch.com/site/petalbot)"
66.249.79.1 - - [13/Sep/2026:16:40:44 +0300] "GET /?sale/search/detail/?ITMCODE=5195232968 HTTP/1.1" 200 206364 "-" "Mozilla/5.0 (Linux; Android 6.0.1; Nexus 5X Build/MMB29P) AppleWebKit/537.36 (KHTML, like Gecko) Chrome/152.0.7977.82 Mobile Safari/537.36 (compatible; Googlebot/2.1; +http://www.google.com/bot.html)"
57.141.20.26 - - [13/Sep/2026:16:40:45 +0300] "GET /index.php/component/search/?sale/search/detail/?ITMCODE=519816821488& HTTP/2.0" 200 19807 "-" "Mozilla/5.0 (Windows NT 10.0; Win64; x64) AppleWebKit/537.36 (KHTML, like Gecko) Chrome/145.0.0.0 Safari/537.36 (compatible; meta-externalagent/1.1 (+https://developers.facebook.com/docs/sharing/webmasters/crawler))"
66.249.79.2 - - [13/Sep/2026:16:40:45 +0300] "GET /index.php/zinynas-keliaujantiems?sale/search/detail/?ITMCODE=51981998058 HTTP/1.1" 200 204457 "-" "Mozilla/5.0 (Linux; Android 6.0.1; Nexus 5X Build/MMB29P) AppleWebKit/537.36 (KHTML, like Gecko) Chrome/152.0.7977.82 Mobile Safari/537.36 (compatible; Googlebot/2.1; +http://www.google.com/bot.html)"
66.249.79.2 - - [13/Sep/2026:16:40:47 +0300] "GET /index.php/zinynas-keliaujantiems?sale/search/detail/?ITMCODE=5195183792 HTTP/1.1" 200 217009 "-" "Mozilla/5.0 (Linux; Android 6.0.1; Nexus 5X Build/MMB29P) AppleWebKit/537.36 (KHTML, like Gecko) Chrome/152.0.7977.82 Mobile Safari/537.36 (compatible; Googlebot/2.1; +http://www.google.com/bot.html)"
66.249.79.2 - - [13/Sep/2026:16:40:49 +0300] "GET /index.php/zinynas-keliaujantiems?sale/search/detail/?ITMCODE=5195378471 HTTP/1.1" 200 217871 "-" "Mozilla/5.0 (Linux; Android 6.0.1; Nexus 5X Build/MMB29P) AppleWebKit/537.36 (KHTML, like Gecko) Chrome/152.0.7977.82 Mobile Safari/537.36 (compatible; Googlebot/2.1; +http://www.google.com/bot.html)"
66.249.79.2 - - [13/Sep/2026:16:40:51 +0300] "GET /index.php/zinynas-keliaujantiems?sale/search/detail/?ITMCODE=5196903011 HTTP/1.1" 200 214720 "-" "Mozilla/5.0 (Linux; Android 6.0.1; Nexus 5X Build/MMB29P) AppleWebKit/537.36 (KHTML, like Gecko) Chrome/152.0.7977.82 Mobile Safari/537.36 (compatible; Googlebot/2.1; +http://www.google.com/bot.html)"
66.249.79.1 - - [13/Sep/2026:16:40:50 +0300] "GET /shop/c/c51971000154/ HTTP/1.1" 200 268878 "-" "Mozilla/5.0 (Linux; Android 6.0.1; Nexus 5X Build/MMB29P) AppleWebKit/537.36 (KHTML, like Gecko) Chrome/152.0.7977.82 Mobile Safari/537.36 (compatible; Googlebot/2.1; +http://www.google.com/bot.html)"
66.249.79.1 - - [13/Sep/2026:16:40:52 +0300] "GET /index.php/zinynas-keliaujantiems?sale/search/detail/?ITMCODE=51992019919 HTTP/1.1" 200 220911 "-" "Mozilla/5.0 (Linux; Android 6.0.1; Nexus 5X Build/MMB29P) AppleWebKit/537.36 (KHTML, like Gecko) Chrome/152.0.7977.82 Mobile Safari/537.36 (compatible; Googlebot/2.1; +http://www.google.com/bot.html)"
66.249.79.1 - - [13/Sep/2026:16:40:56 +0300] "GET /index.php/zinynas-keliaujantiems?sale/search/detail/?ITMCODE=51971188118 HTTP/1.1" 200 202333 "-" "Mozilla/5.0 (Linux; Android 6.0.1; Nexus 5X Build/MMB29P) AppleWebKit/537.36 (KHTML, like Gecko) Chrome/152.0.7977.82 Mobile Safari/537.36 (compatible; Googlebot/2.1; +http://www.google.com/bot.html)"
66.249.79.2 - - [13/Sep/2026:16:40:57 +0300] "GET /index.php/zinynas-keliaujantiems?sale/search/detail/?ITMCODE=52002774187 HTTP/1.1" 200 217230 "-" "Mozilla/5.0 (Linux; Android 6.0.1; Nexus 5X Build/MMB29P) AppleWebKit/537.36 (KHTML, like Gecko) Chrome/152.0.7977.82 Mobile Safari/537.36 (compatible; Googlebot/2.1; +http://www.google.com/bot.html)"
66.249.79.1 - - [13/Sep/2026:16:41:10 +0300] "GET /index.php/zinynas-keliaujantiems?sale/search/detail/?ITMCODE=52002818075 HTTP/1.1" 200 220168 "-" "Mozilla/5.0 (Linux; Android 6.0.1; Nexus 5X Build/MMB29P) AppleWebKit/537.36 (KHTML, like Gecko) Chrome/152.0.7977.82 Mobile Safari/537.36 (compatible; Googlebot/2.1; +http://www.google.com/bot.html)"
66.249.79.2 - - [13/Sep/2026:16:41:12 +0300] "GET /index.php/zinynas-keliaujantiems?sale/search/detail/?ITMCODE=51971193725 HTTP/1.1" 200 216271 "-" "Mozilla/5.0 (Linux; Android 6.0.1; Nexus 5X Build/MMB29P) AppleWebKit/537.36 (KHTML, like Gecko) Chrome/152.0.7977.82 Mobile Safari/537.36 (compatible; Googlebot/2.1; +http://www.google.com/bot.html)"
66.249.79.1 - - [13/Sep/2026:16:41:12 +0300] "GET /index.php/zinynas-keliaujantiems?sale/search/detail/?ITMCODE=51981511685 HTTP/1.1" 200 210921 "-" "Mozilla/5.0 (Linux; Android 6.0.1; Nexus 5X Build/MMB29P) AppleWebKit/537.36 (KHTML, like Gecko) Chrome/152.0.7977.82 Mobile Safari/537.36 (compatible; Googlebot/2.1; +http://www.google.com/bot.html)"
66.249.79.3 - - [13/Sep/2026:16:41:13 +0300] "GET /shop/pg/51992232629 HTTP/1.1" 200 196657 "-" "Mozilla/5.0 (Linux; Android 6.0.1; Nexus 5X Build/MMB29P) AppleWebKit/537.36 (KHTML, like Gecko) Chrome/152.0.7977.82 Mobile Safari/537.36 (compatible; Googlebot/2.1; +http://www.google.com/bot.html)"
207.46.13.51 - - [13/Sep/2026:16:41:17 +0300] "GET /?sale/search/detail/?ITMCODE=519840826363 HTTP/2.0" 200 204244 "-" "Mozilla/5.0 AppleWebKit/537.36 (KHTML, like Gecko; compatible; bingbot/2.0; +http://www.bing.com/bingbot.htm) Chrome/116.0.1938.76 Safari/537.36"
66.249.79.1 - - [13/Sep/2026:16:41:19 +0300] "GET /index.php/zinynas-keliaujantiems?sale/search/detail/?ITMCODE=51992445344 HTTP/1.1" 200 218914 "-" "Mozilla/5.0 (Linux; Android 6.0.1; Nexus 5X Build/MMB29P) AppleWebKit/537.36 (KHTML, like Gecko) Chrome/152.0.7977.82 Mobile Safari/537.36 (compatible; Googlebot/2.1; +http://www.google.com/bot.html)"
66.249.79.1 - - [13/Sep/2026:16:41:20 +0300] "GET /index.php/zinynas-keliaujantiems?sale/search/detail/?ITMCODE=51992329593 HTTP/1.1" 200 212220 "-" "Mozilla/5.0 (Linux; Android 6.0.1; Nexus 5X Build/MMB29P) AppleWebKit/537.36 (KHTML, like Gecko) Chrome/152.0.7977.82 Mobile Safari/537.36 (compatible; Googlebot/2.1; +http://www.google.com/bot.html)"
207.46.13.51 - - [13/Sep/2026:16:41:22 +0300] "GET /?sale/search/detail/?ITMCODE=519645700916 HTTP/2.0" 200 196270 "-" "Mozilla/5.0 AppleWebKit/537.36 (KHTML, like Gecko; compatible; bingbot/2.0; +http://www.bing.com/bingbot.htm) Chrome/116.0.1938.76 Safari/537.36"
66.249.79.1 - - [13/Sep/2026:16:41:24 +0300] "GET /?sale/search/detail/?ITMCODE=52002943074 HTTP/1.1" 200 201851 "-" "Mozilla/5.0 (Linux; Android 6.0.1; Nexus 5X Build/MMB29P) AppleWebKit/537.36 (KHTML, like Gecko) Chrome/152.0.7977.82 Mobile Safari/537.36 (compatible; Googlebot/2.1; +http://www.google.com/bot.html)"
207.46.13.51 - - [13/Sep/2026:16:41:26 +0300] "GET /?sale/search/detail/?ITMCODE=52002658429 HTTP/2.0" 200 219144 "-" "Mozilla/5.0 AppleWebKit/537.36 (KHTML, like Gecko; compatible; bingbot/2.0; +http://www.bing.com/bingbot.htm) Chrome/116.0.1938.76 Safari/537.36"
66.249.79.1 - - [13/Sep/2026:16:41:32 +0300] "GET /index.php/zinynas-keliaujantiems?sale/search/detail/?ITMCODE=52002882987 HTTP/1.1" 200 226974 "-" "Mozilla/5.0 (Linux; Android 6.0.1; Nexus 5X Build/MMB29P) AppleWebKit/537.36 (KHTML, like Gecko) Chrome/152.0.7977.82 Mobile Safari/537.36 (compatible; Googlebot/2.1; +http://www.google.com/bot.html)"
66.249.79.2 - - [13/Sep/2026:16:41:33 +0300] "GET /index.php/zinynas-keliaujantiems?sale/search/detail/?ITMCODE=52002901324 HTTP/1.1" 200 215598 "-" "Mozilla/5.0 (Linux; Android 6.0.1; Nexus 5X Build/MMB29P) AppleWebKit/537.36 (KHTML, like Gecko) Chrome/152.0.7977.82 Mobile Safari/537.36 (compatible; Googlebot/2.1; +http://www.google.com/bot.html)"
40.77.167.14 - - [13/Sep/2026:16:41:33 +0300] "GET /?sale/search/detail/?ITMCODE=520023582350 HTTP/2.0" 200 198574 "-" "Mozilla/5.0 AppleWebKit/537.36 (KHTML, like Gecko; compatible; bingbot/2.0; +http://www.bing.com/bingbot.htm) Chrome/116.0.1938.76 Safari/537.36"
66.249.79.1 - - [13/Sep/2026:16:41:34 +0300] "GET /shop/customer/bookmark.php?sale/search/detail/?ITMCODE=5195353090 HTTP/1.1" 200 212183 "-" "Mozilla/5.0 (Linux; Android 6.0.1; Nexus 5X Build/MMB29P) AppleWebKit/537.36 (KHTML, like Gecko) Chrome/152.0.7977.82 Mobile Safari/537.36 (compatible; Googlebot/2.1; +http://www.google.com/bot.html)"
40.77.167.14 - - [13/Sep/2026:16:41:34 +0300] "GET /?sale/search/detail/?ITMCODE=519825554303 HTTP/2.0" 200 195836 "-" "Mozilla/5.0 AppleWebKit/537.36 (KHTML, like Gecko; compatible; bingbot/2.0; +http://www.bing.com/bingbot.htm) Chrome/116.0.1938.76 Safari/537.36"
40.77.167.14 - - [13/Sep/2026:16:41:35 +0300] "GET /?sale/search/detail/?ITMCODE=519657996889 HTTP/2.0" 200 197315 "-" "Mozilla/5.0 AppleWebKit/537.36 (KHTML, like Gecko; compatible; bingbot/2.0; +http://www.bing.com/bingbot.htm) Chrome/116.0.1938.76 Safari/537.36"
104.244.72.22 - - [13/Sep/2026:16:41:35 +0300] "GET /cccsitemap.xml HTTP/1.1" 200 31 "-" "googlebot,bot,google,bing,yahoo"
40.77.167.14 - - [13/Sep/2026:16:41:35 +0300] "GET /?sale/search/detail/?ITMCODE=519849748370 HTTP/2.0" 200 201590 "-" "Mozilla/5.0 AppleWebKit/537.36 (KHTML, like Gecko; compatible; bingbot/2.0; +http://www.bing.com/bingbot.htm) Chrome/116.0.1938.76 Safari/537.36"
66.249.79.2 - - [13/Sep/2026:16:41:36 +0300] "GET /sale/search/detail/?ITMCODE=51981865397 HTTP/1.1" 200 196638 "-" "Mozilla/5.0 (Linux; Android 6.0.1; Nexus 5X Build/MMB29P) AppleWebKit/537.36 (KHTML, like Gecko) Chrome/152.0.7977.82 Mobile Safari/537.36 (compatible; Googlebot/2.1; +http://www.google.com/bot.html)"
40.77.167.14 - - [13/Sep/2026:16:41:36 +0300] "GET /?sale/search/detail/?ITMCODE=519810650289 HTTP/2.0" 200 197440 "-" "Mozilla/5.0 AppleWebKit/537.36 (KHTML, like Gecko; compatible; bingbot/2.0; +http://www.bing.com/bingbot.htm) Chrome/116.0.1938.76 Safari/537.36"
40.77.167.14 - - [13/Sep/2026:16:41:36 +0300] "GET /?sale/search/detail/?ITMCODE=51992016345 HTTP/2.0" 200 217148 "-" "Mozilla/5.0 AppleWebKit/537.36 (KHTML, like Gecko; compatible; bingbot/2.0; +http://www.bing.com/bingbot.htm) Chrome/116.0.1938.76 Safari/537.36"
40.77.167.14 - - [13/Sep/2026:16:41:37 +0300] "GET /?sale/search/detail/?ITMCODE=519870616068 HTTP/2.0" 200 199867 "-" "Mozilla/5.0 AppleWebKit/537.36 (KHTML, like Gecko; compatible; bingbot/2.0; +http://www.bing.com/bingbot.htm) Chrome/116.0.1938.76 Safari/537.36"
40.77.167.14 - - [13/Sep/2026:16:41:37 +0300] "GET /?sale/search/detail/?ITMCODE=51963862295 HTTP/2.0" 200 196158 "-" "Mozilla/5.0 AppleWebKit/537.36 (KHTML, like Gecko; compatible; bingbot/2.0; +http://www.bing.com/bingbot.htm) Chrome/116.0.1938.76 Safari/537.36"
40.77.167.14 - - [13/Sep/2026:16:41:38 +0300] "GET /?sale/search/detail/?ITMCODE=51953316870 HTTP/2.0" 200 206591 "-" "Mozilla/5.0 AppleWebKit/537.36 (KHTML, like Gecko; compatible; bingbot/2.0; +http://www.bing.com/bingbot.htm) Chrome/116.0.1938.76 Safari/537.36"
66.249.79.1 - - [13/Sep/2026:16:41:44 +0300] "GET /index.php/zinynas-keliaujantiems?sale/search/detail/?ITMCODE=5195147452 HTTP/1.1" 200 215741 "-" "Mozilla/5.0 (Linux; Android 6.0.1; Nexus 5X Build/MMB29P) AppleWebKit/537.36 (KHTML, like Gecko) Chrome/152.0.7977.82 Mobile Safari/537.36 (compatible; Googlebot/2.1; +http://www.google.com/bot.html)"
66.249.79.2 - - [13/Sep/2026:16:41:44 +0300] "GET /index.php/zinynas-keliaujantiems?sale/search/detail/?ITMCODE=51971363784 HTTP/1.1" 200 206716 "-" "Mozilla/5.0 (Linux; Android 6.0.1; Nexus 5X Build/MMB29P) AppleWebKit/537.36 (KHTML, like Gecko) Chrome/152.0.7977.82 Mobile Safari/537.36 (compatible; Googlebot/2.1; +http://www.google.com/bot.html)"
52.167.144.204 - - [13/Sep/2026:16:41:44 +0300] "GET /?sale/search/detail/?ITMCODE=519779261502 HTTP/2.0" 200 200604 "-" "Mozilla/5.0 AppleWebKit/537.36 (KHTML, like Gecko; compatible; bingbot/2.0; +http://www.bing.com/bingbot.htm) Chrome/116.0.1938.76 Safari/537.36"
66.249.79.1 - - [13/Sep/2026:16:41:46 +0300] "GET /sale/search/detail/?ITMCODE=519520401 HTTP/1.1" 200 198309 "-" "Mozilla/5.0 (Linux; Android 6.0.1; Nexus 5X Build/MMB29P) AppleWebKit/537.36 (KHTML, like Gecko) Chrome/152.0.7977.82 Mobile Safari/537.36 (compatible; Googlebot/2.1; +http://www.google.com/bot.html)"
66.249.79.2 - - [13/Sep/2026:16:41:47 +0300] "GET /index.php/zinynas-keliaujantiems?sale/search/detail/?ITMCODE=52002594432 HTTP/1.1" 200 211023 "-" "Mozilla/5.0 (Linux; Android 6.0.1; Nexus 5X Build/MMB29P) AppleWebKit/537.36 (KHTML, like Gecko) Chrome/152.0.7977.82 Mobile Safari/537.36 (compatible; Googlebot/2.1; +http://www.google.com/bot.html)"
52.167.144.204 - - [13/Sep/2026:16:41:46 +0300] "GET /?sale/search/detail/?ITMCODE=519813919348 HTTP/2.0" 200 202703 "-" "Mozilla/5.0 AppleWebKit/537.36 (KHTML, like Gecko; compatible; bingbot/2.0; +http://www.bing.com/bingbot.htm) Chrome/116.0.1938.76 Safari/537.36"
52.167.144.25 - - [13/Sep/2026:16:41:47 +0300] "GET /?sale/search/detail/?ITMCODE=520065679772 HTTP/2.0" 200 196826 "-" "Mozilla/5.0 AppleWebKit/537.36 (KHTML, like Gecko; compatible; bingbot/2.0; +http://www.bing.com/bingbot.htm) Chrome/116.0.1938.76 Safari/537.36"
52.167.144.204 - - [13/Sep/2026:16:41:47 +0300] "GET /?sale/search/detail/?ITMCODE=5196689530 HTTP/2.0" 200 216385 "-" "Mozilla/5.0 AppleWebKit/537.36 (KHTML, like Gecko; compatible; bingbot/2.0; +http://www.bing.com/bingbot.htm) Chrome/116.0.1938.76 Safari/537.36"
40.77.167.79 - - [13/Sep/2026:16:41:48 +0300] "GET /?sale/search/detail/?ITMCODE=519542410109 HTTP/2.0" 200 228063 "-" "Mozilla/5.0 AppleWebKit/537.36 (KHTML, like Gecko; compatible; bingbot/2.0; +http://www.bing.com/bingbot.htm) Chrome/116.0.1938.76 Safari/537.36"
52.167.144.204 - - [13/Sep/2026:16:41:48 +0300] "GET /?sale/search/detail/?ITMCODE=5196716872 HTTP/2.0" 200 204007 "-" "Mozilla/5.0 AppleWebKit/537.36 (KHTML, like Gecko; compatible; bingbot/2.0; +http://www.bing.com/bingbot.htm) Chrome/116.0.1938.76 Safari/537.36"
40.77.167.79 - - [13/Sep/2026:16:41:48 +0300] "GET /?sale/search/detail/?ITMCODE=52002552454 HTTP/2.0" 200 203320 "-" "Mozilla/5.0 AppleWebKit/537.36 (KHTML, like Gecko; compatible; bingbot/2.0; +http://www.bing.com/bingbot.htm) Chrome/116.0.1938.76 Safari/537.36"
52.167.144.204 - - [13/Sep/2026:16:41:49 +0300] "GET /?sale/search/detail/?ITMCODE=51992268780 HTTP/2.0" 200 201890 "-" "Mozilla/5.0 AppleWebKit/537.36 (KHTML, like Gecko; compatible; bingbot/2.0; +http://www.bing.com/bingbot.htm) Chrome/116.0.1938.76 Safari/537.36"
40.77.167.79 - - [13/Sep/2026:16:41:49 +0300] "GET /?sale/search/detail/?ITMCODE=52002902436 HTTP/2.0" 200 208124 "-" "Mozilla/5.0 AppleWebKit/537.36 (KHTML, like Gecko; compatible; bingbot/2.0; +http://www.bing.com/bingbot.htm) Chrome/116.0.1938.76 Safari/537.36"
40.77.167.79 - - [13/Sep/2026:16:41:50 +0300] "GET /?sale/search/detail/?ITMCODE=5196950463 HTTP/2.0" 200 213143 "-" "Mozilla/5.0 AppleWebKit/537.36 (KHTML, like Gecko; compatible; bingbot/2.0; +http://www.bing.com/bingbot.htm) Chrome/116.0.1938.76 Safari/537.36"
40.77.167.79 - - [13/Sep/2026:16:41:50 +0300] "GET /?sale/search/detail/?ITMCODE=5196595910 HTTP/2.0" 200 223579 "-" "Mozilla/5.0 AppleWebKit/537.36 (KHTML, like Gecko; compatible; bingbot/2.0; +http://www.bing.com/bingbot.htm) Chrome/116.0.1938.76 Safari/537.36"
66.249.79.2 - - [13/Sep/2026:16:41:50 +0300] "GET /index.php/zinynas-keliaujantiems?sale/search/detail/?ITMCODE=51992377480 HTTP/1.1" 200 217301 "-" "Mozilla/5.0 (Linux; Android 6.0.1; Nexus 5X Build/MMB29P) AppleWebKit/537.36 (KHTML, like Gecko) Chrome/152.0.7977.82 Mobile Safari/537.36 (compatible; Googlebot/2.1; +http://www.google.com/bot.html)"
40.77.167.79 - - [13/Sep/2026:16:41:51 +0300] "GET /?sale/search/detail/?ITMCODE=5196915624 HTTP/2.0" 200 201352 "-" "Mozilla/5.0 AppleWebKit/537.36 (KHTML, like Gecko; compatible; bingbot/2.0; +http://www.bing.com/bingbot.htm) Chrome/116.0.1938.76 Safari/537.36"
40.77.167.79 - - [13/Sep/2026:16:41:52 +0300] "GET /?sale/search/detail/?ITMCODE=520023890588 HTTP/2.0" 200 205586 "-" "Mozilla/5.0 AppleWebKit/537.36 (KHTML, like Gecko; compatible; bingbot/2.0; +http://www.bing.com/bingbot.htm) Chrome/116.0.1938.76 Safari/537.36"
40.77.167.79 - - [13/Sep/2026:16:41:52 +0300] "GET /?sale/search/detail/?ITMCODE=52002786918 HTTP/2.0" 200 200995 "-" "Mozilla/5.0 AppleWebKit/537.36 (KHTML, like Gecko; compatible; bingbot/2.0; +http://www.bing.com/bingbot.htm) Chrome/116.0.1938.76 Safari/537.36"
66.249.79.2 - - [13/Sep/2026:16:41:53 +0300] "GET /?sale/search/detail/?ITMCODE=5195332542 HTTP/1.1" 200 193522 "-" "Mozilla/5.0 (Linux; Android 6.0.1; Nexus 5X Build/MMB29P) AppleWebKit/537.36 (KHTML, like Gecko) Chrome/152.0.7977.82 Mobile Safari/537.36 (compatible; Googlebot/2.1; +http://www.google.com/bot.html)"
40.77.167.79 - - [13/Sep/2026:16:41:53 +0300] "GET /?sale/search/detail/?ITMCODE=519740196718 HTTP/2.0" 200 202391 "-" "Mozilla/5.0 AppleWebKit/537.36 (KHTML, like Gecko; compatible; bingbot/2.0; +http://www.bing.com/bingbot.htm) Chrome/116.0.1938.76 Safari/537.36"
40.77.167.79 - - [13/Sep/2026:16:41:54 +0300] "GET /?sale/search/detail/?ITMCODE=51984650018 HTTP/2.0" 200 201815 "-" "Mozilla/5.0 AppleWebKit/537.36 (KHTML, like Gecko; compatible; bingbot/2.0; +http://www.bing.com/bingbot.htm) Chrome/116.0.1938.76 Safari/537.36"
66.249.79.2 - - [13/Sep/2026:16:41:54 +0300] "GET /index.php/zinynas-keliaujantiems?sale/search/detail/?ITMCODE=52002776230 HTTP/1.1" 200 204321 "-" "Mozilla/5.0 (Linux; Android 6.0.1; Nexus 5X Build/MMB29P) AppleWebKit/537.36 (KHTML, like Gecko) Chrome/152.0.7977.82 Mobile Safari/537.36 (compatible; Googlebot/2.1; +http://www.google.com/bot.html)"
40.77.167.79 - - [13/Sep/2026:16:41:54 +0300] "GET /?sale/search/detail/?ITMCODE=52002779292 HTTP/2.0" 200 203953 "-" "Mozilla/5.0 AppleWebKit/537.36 (KHTML, like Gecko; compatible; bingbot/2.0; +http://www.bing.com/bingbot.htm) Chrome/116.0.1938.76 Safari/537.36"
40.77.167.79 - - [13/Sep/2026:16:41:55 +0300] "GET /?sale/search/detail/?ITMCODE=51992089449 HTTP/2.0" 200 235829 "-" "Mozilla/5.0 AppleWebKit/537.36 (KHTML, like Gecko; compatible; bingbot/2.0; +http://www.bing.com/bingbot.htm) Chrome/116.0.1938.76 Safari/537.36"
66.249.79.3 - - [13/Sep/2026:16:41:55 +0300] "GET /shop/pg/456997 HTTP/1.1" 200 204474 "-" "Mozilla/5.0 (Linux; Android 6.0.1; Nexus 5X Build/MMB29P) AppleWebKit/537.36 (KHTML, like Gecko) Chrome/152.0.7977.82 Mobile Safari/537.36 (compatible; Googlebot/2.1; +http://www.google.com/bot.html)"
66.249.79.1 - - [13/Sep/2026:16:41:57 +0300] "GET /index.php/zinynas-keliaujantiems?sale/search/detail/?ITMCODE=51981954105 HTTP/1.1" 200 202946 "-" "Mozilla/5.0 (Linux; Android 6.0.1; Nexus 5X Build/MMB29P) AppleWebKit/537.36 (KHTML, like Gecko) Chrome/152.0.7977.82 Mobile Safari/537.36 (compatible; Googlebot/2.1; +http://www.google.com/bot.html)"
207.46.13.51 - - [13/Sep/2026:16:41:57 +0300] "GET /?sale/search/detail/?ITMCODE=519825544016 HTTP/2.0" 200 224048 "-" "Mozilla/5.0 AppleWebKit/537.36 (KHTML, like Gecko; compatible; bingbot/2.0; +http://www.bing.com/bingbot.htm) Chrome/116.0.1938.76 Safari/537.36"
66.249.79.1 - - [13/Sep/2026:16:41:58 +0300] "GET /sale/search/detail/?ITMCODE=52002571409 HTTP/1.1" 200 226125 "-" "Mozilla/5.0 (Linux; Android 6.0.1; Nexus 5X Build/MMB29P) AppleWebKit/537.36 (KHTML, like Gecko) Chrome/152.0.7977.82 Mobile Safari/537.36 (compatible; Googlebot/2.1; +http://www.google.com/bot.html)"
207.46.13.51 - - [13/Sep/2026:16:41:58 +0300] "GET /?sale/search/detail/?ITMCODE=519843552927 HTTP/2.0" 200 196786 "-" "Mozilla/5.0 AppleWebKit/537.36 (KHTML, like Gecko; compatible; bingbot/2.0; +http://www.bing.com/bingbot.htm) Chrome/116.0.1938.76 Safari/537.36"
66.249.79.2 - - [13/Sep/2026:16:41:58 +0300] "GET /index.php/zinynas-keliaujantiems?sale/search/detail/?ITMCODE=52002862938 HTTP/1.1" 200 201757 "-" "Mozilla/5.0 (Linux; Android 6.0.1; Nexus 5X Build/MMB29P) AppleWebKit/537.36 (KHTML, like Gecko) Chrome/152.0.7977.82 Mobile Safari/537.36 (compatible; Googlebot/2.1; +http://www.google.com/bot.html)"
207.46.13.51 - - [13/Sep/2026:16:41:58 +0300] "GET /?sale/search/detail/?ITMCODE=519551289787 HTTP/2.0" 200 195563 "-" "Mozilla/5.0 AppleWebKit/537.36 (KHTML, like Gecko; compatible; bingbot/2.0; +http://www.bing.com/bingbot.htm) Chrome/116.0.1938.76 Safari/537.36"
207.46.13.51 - - [13/Sep/2026:16:41:59 +0300] "GET /?sale/search/detail/?ITMCODE=5196736050 HTTP/2.0" 200 200413 "-" "Mozilla/5.0 AppleWebKit/537.36 (KHTML, like Gecko; compatible; bingbot/2.0; +http://www.bing.com/bingbot.htm) Chrome/116.0.1938.76 Safari/537.36"
