| Current Path : /proc/self/root/home/antonen/access-logs/ |
| Current File : //proc/self/root/home/antonen/access-logs/ciciriai.testams.vhost.lt |
66.249.66.45 - - [13/Aug/2026:15:12:50 +0300] "GET /index.php/en/kainos-ir-uzimtumas/sodybos-uzimtumas?iccaldate=0399-4-1 HTTP/1.1" 404 - "-" "Mozilla/5.0 (Linux; Android 6.0.1; Nexus 5X Build/MMB29P) AppleWebKit/537.36 (KHTML, like Gecko) Chrome/150.0.7871.186 Mobile Safari/537.36 (compatible; Googlebot/2.1; +http://www.google.com/bot.html)"
66.249.66.44 - - [13/Aug/2026:15:17:22 +0300] "GET /index.php/en/kainos-ir-uzimtumas/sodybos-uzimtumas?iccaldate=3901-01-1 HTTP/1.1" 404 - "-" "Mozilla/5.0 (Linux; Android 6.0.1; Nexus 5X Build/MMB29P) AppleWebKit/537.36 (KHTML, like Gecko) Chrome/150.0.7871.186 Mobile Safari/537.36 (compatible; Googlebot/2.1; +http://www.google.com/bot.html)"
66.249.66.44 - - [13/Aug/2026:15:23:14 +0300] "GET /index.php/en/kainos-ir-uzimtumas/sodybos-uzimtumas?ID=%ED%8F%AC%EC%BB%A4%20%EB%B0%B0%ED%8C%85%20%EB%A3%B0.html HTTP/1.1" 404 - "-" "Mozilla/5.0 (Linux; Android 6.0.1; Nexus 5X Build/MMB29P) AppleWebKit/537.36 (KHTML, like Gecko) Chrome/150.0.7871.186 Mobile Safari/537.36 (compatible; Googlebot/2.1; +http://www.google.com/bot.html)"
66.249.66.44 - - [13/Aug/2026:15:26:46 +0300] "GET /index.php?search/detail/GoodID/172123693325 HTTP/1.1" 404 - "-" "Mozilla/5.0 (compatible; Googlebot/2.1; +http://www.google.com/bot.html)"
66.249.66.43 - - [13/Aug/2026:15:50:25 +0300] "GET /index.php/en/kainos-ir-uzimtumas/sodybos-uzimtumas?iccaldate=3902-07-1 HTTP/1.1" 404 - "-" "Mozilla/5.0 (Linux; Android 6.0.1; Nexus 5X Build/MMB29P) AppleWebKit/537.36 (KHTML, like Gecko) Chrome/150.0.7871.186 Mobile Safari/537.36 (compatible; Googlebot/2.1; +http://www.google.com/bot.html)"
66.249.66.43 - - [13/Aug/2026:16:17:02 +0300] "GET /index.php/kainos-ir-uzimtumas/sodybos-uzimtumas?iccaldate=3901-01-1 HTTP/1.1" 404 - "-" "Mozilla/5.0 (Linux; Android 6.0.1; Nexus 5X Build/MMB29P) AppleWebKit/537.36 (KHTML, like Gecko) Chrome/150.0.7871.186 Mobile Safari/537.36 (compatible; Googlebot/2.1; +http://www.google.com/bot.html)"
74.7.227.188 - - [13/Aug/2026:16:21:05 +0300] "GET /sitemap.xml HTTP/1.1" 404 - "-" "Mozilla/5.0 AppleWebKit/537.36 (KHTML, like Gecko; compatible; GPTBot/1.4; +https://openai.com/gptbot)"
74.7.230.59 - - [13/Aug/2026:16:21:06 +0300] "GET /robots.txt HTTP/1.1" 404 - "-" "Mozilla/5.0 (Macintosh; Intel Mac OS X 10_15_7) AppleWebKit/537.36 (KHTML, like Gecko) Chrome/131.0.0.0 Safari/537.36; compatible; OAI-SearchBot/1.4; robots.txt; +https://openai.com/searchbot"
66.249.66.43 - - [13/Aug/2026:16:27:10 +0300] "GET /index.php/en/kainos-ir-uzimtumas/sodybos-uzimtumas?iccaldate=4475-5-1 HTTP/1.1" 404 - "-" "Mozilla/5.0 (Linux; Android 6.0.1; Nexus 5X Build/MMB29P) AppleWebKit/537.36 (KHTML, like Gecko) Chrome/150.0.7871.186 Mobile Safari/537.36 (compatible; Googlebot/2.1; +http://www.google.com/bot.html)"
66.249.66.44 - - [13/Aug/2026:16:37:10 +0300] "GET /index.php?search/detail/GoodID/02799391466 HTTP/1.1" 404 - "-" "Mozilla/5.0 (Linux; Android 6.0.1; Nexus 5X Build/MMB29P) AppleWebKit/537.36 (KHTML, like Gecko) Chrome/150.0.7871.186 Mobile Safari/537.36 (compatible; Googlebot/2.1; +http://www.google.com/bot.html)"
66.249.66.43 - - [13/Aug/2026:16:40:05 +0300] "GET /index.php/en/kainos-ir-uzimtumas/sodybos-uzimtumas?iccaldate=2129-09-1 HTTP/1.1" 404 - "-" "Mozilla/5.0 (Linux; Android 6.0.1; Nexus 5X Build/MMB29P) AppleWebKit/537.36 (KHTML, like Gecko) Chrome/150.0.7871.186 Mobile Safari/537.36 (compatible; Googlebot/2.1; +http://www.google.com/bot.html)"
66.249.66.44 - - [13/Aug/2026:16:47:13 +0300] "GET /index.php/en/kainos-ir-uzimtumas/sodybos-uzimtumas?iccaldate=3918-08-1 HTTP/1.1" 404 - "-" "Mozilla/5.0 (Linux; Android 6.0.1; Nexus 5X Build/MMB29P) AppleWebKit/537.36 (KHTML, like Gecko) Chrome/150.0.7871.186 Mobile Safari/537.36 (compatible; Googlebot/2.1; +http://www.google.com/bot.html)"
66.249.66.43 - - [13/Aug/2026:16:47:29 +0300] "GET /index.php/en/kainos-ir-uzimtumas/sodybos-uzimtumas?iccaldate=4217-10-1 HTTP/1.1" 404 - "-" "Mozilla/5.0 (Linux; Android 6.0.1; Nexus 5X Build/MMB29P) AppleWebKit/537.36 (KHTML, like Gecko) Chrome/150.0.7871.186 Mobile Safari/537.36 (compatible; Googlebot/2.1; +http://www.google.com/bot.html)"
66.249.66.43 - - [13/Aug/2026:16:47:44 +0300] "GET /index.php/en/kainos-ir-uzimtumas/sodybos-uzimtumas?iccaldate=3906-07-1 HTTP/1.1" 404 - "-" "Mozilla/5.0 (Linux; Android 6.0.1; Nexus 5X Build/MMB29P) AppleWebKit/537.36 (KHTML, like Gecko) Chrome/150.0.7871.186 Mobile Safari/537.36 (compatible; Googlebot/2.1; +http://www.google.com/bot.html)"
66.249.66.44 - - [13/Aug/2026:16:50:23 +0300] "GET /index.php/en/kainos-ir-uzimtumas/sodybos-uzimtumas?GameID=2026-07-24/oohlmx.html HTTP/1.1" 404 - "-" "Mozilla/5.0 (Linux; Android 6.0.1; Nexus 5X Build/MMB29P) AppleWebKit/537.36 (KHTML, like Gecko) Chrome/150.0.7871.186 Mobile Safari/537.36 (compatible; Googlebot/2.1; +http://www.google.com/bot.html)"
66.249.66.44 - - [13/Aug/2026:16:51:27 +0300] "GET /index.php/en/kainos-ir-uzimtumas/sodybos-uzimtumas?iccaldate=3308-3-1 HTTP/1.1" 404 - "-" "Mozilla/5.0 (Linux; Android 6.0.1; Nexus 5X Build/MMB29P) AppleWebKit/537.36 (KHTML, like Gecko) Chrome/150.0.7871.186 Mobile Safari/537.36 (compatible; Googlebot/2.1; +http://www.google.com/bot.html)"
66.249.66.44 - - [13/Aug/2026:16:55:21 +0300] "GET /index.php/ru/kainos-ir-uzimtumas/sodybos-uzimtumas?iccaldate=447-12-1 HTTP/1.1" 404 - "-" "Mozilla/5.0 (Linux; Android 6.0.1; Nexus 5X Build/MMB29P) AppleWebKit/537.36 (KHTML, like Gecko) Chrome/150.0.7871.186 Mobile Safari/537.36 (compatible; Googlebot/2.1; +http://www.google.com/bot.html)"
66.249.66.44 - - [13/Aug/2026:16:55:40 +0300] "GET /index.php/ru/kainos-ir-uzimtumas/sodybos-uzimtumas?iccaldate=0555-4-1 HTTP/1.1" 404 - "-" "Mozilla/5.0 (Linux; Android 6.0.1; Nexus 5X Build/MMB29P) AppleWebKit/537.36 (KHTML, like Gecko) Chrome/150.0.7871.186 Mobile Safari/537.36 (compatible; Googlebot/2.1; +http://www.google.com/bot.html)"
66.249.66.44 - - [13/Aug/2026:17:03:35 +0300] "GET /index.php/ru/kainos-ir-uzimtumas/sodybos-uzimtumas?iccaldate=1440-8-1 HTTP/1.1" 404 - "-" "Mozilla/5.0 (Linux; Android 6.0.1; Nexus 5X Build/MMB29P) AppleWebKit/537.36 (KHTML, like Gecko) Chrome/150.0.7871.186 Mobile Safari/537.36 (compatible; Googlebot/2.1; +http://www.google.com/bot.html)"
66.249.66.44 - - [13/Aug/2026:17:09:57 +0300] "GET /index.php/ru/kainos-ir-uzimtumas/sodybos-uzimtumas?iccaldate=3502-9-1 HTTP/1.1" 404 - "-" "Mozilla/5.0 (Linux; Android 6.0.1; Nexus 5X Build/MMB29P) AppleWebKit/537.36 (KHTML, like Gecko) Chrome/150.0.7871.186 Mobile Safari/537.36 (compatible; Googlebot/2.1; +http://www.google.com/bot.html)"
66.249.66.45 - - [13/Aug/2026:17:10:07 +0300] "GET /index.php/en/kainos-ir-uzimtumas/sodybos-uzimtumas?iccaldate=1953-3-1 HTTP/1.1" 404 - "-" "Mozilla/5.0 (compatible; Googlebot/2.1; +http://www.google.com/bot.html)"
66.249.66.44 - - [13/Aug/2026:17:18:14 +0300] "GET /index.php/en/kainos-ir-uzimtumas/sodybos-uzimtumas?iccaldate=3925-04-1 HTTP/1.1" 404 - "-" "Mozilla/5.0 (Linux; Android 6.0.1; Nexus 5X Build/MMB29P) AppleWebKit/537.36 (KHTML, like Gecko) Chrome/150.0.7871.186 Mobile Safari/537.36 (compatible; Googlebot/2.1; +http://www.google.com/bot.html)"
172.213.18.162 - - [13/Aug/2026:17:38:47 +0300] "GET /wp-content/plugins/hellopress/wp_filemanager.php HTTP/1.1" 404 - "-" "-"
172.213.18.162 - - [13/Aug/2026:17:38:47 +0300] "GET /this_is_a_new_hello_world.php HTTP/1.1" 404 - "-" "-"
172.213.18.162 - - [13/Aug/2026:17:38:47 +0300] "GET /1xmomo.php HTTP/1.1" 404 - "-" "-"
172.213.18.162 - - [13/Aug/2026:17:38:47 +0300] "GET /autoload-mb1mb1.php HTTP/1.1" 404 - "-" "-"
172.213.18.162 - - [13/Aug/2026:17:38:47 +0300] "GET /zjkrv.php HTTP/1.1" 404 - "-" "-"
172.213.18.162 - - [13/Aug/2026:17:38:47 +0300] "GET /invisi.php HTTP/1.1" 404 - "-" "-"
172.213.18.162 - - [13/Aug/2026:17:38:47 +0300] "GET /cbutehax.php HTTP/1.1" 404 - "-" "-"
172.213.18.162 - - [13/Aug/2026:17:38:48 +0300] "GET /wp-verb.php HTTP/1.1" 404 - "-" "-"
172.213.18.162 - - [13/Aug/2026:17:38:48 +0300] "GET /86.php HTTP/1.1" 404 - "-" "-"
172.213.18.162 - - [13/Aug/2026:17:38:48 +0300] "GET /bk.php HTTP/1.1" 404 - "-" "-"
172.213.18.162 - - [13/Aug/2026:17:38:48 +0300] "GET /166.php HTTP/1.1" 404 - "-" "-"
172.213.18.162 - - [13/Aug/2026:17:38:48 +0300] "GET /Jcrop.php HTTP/1.1" 404 - "-" "-"
172.213.18.162 - - [13/Aug/2026:17:38:49 +0300] "GET /bthil.php HTTP/1.1" 404 - "-" "-"
172.213.18.162 - - [13/Aug/2026:17:38:49 +0300] "GET /drykl.php HTTP/1.1" 404 - "-" "-"
172.213.18.162 - - [13/Aug/2026:17:38:49 +0300] "GET /crgio.php HTTP/1.1" 404 - "-" "-"
172.213.18.162 - - [13/Aug/2026:17:38:49 +0300] "GET /fpwch.php HTTP/1.1" 404 - "-" "-"
172.213.18.162 - - [13/Aug/2026:17:38:49 +0300] "GET /aaa.php HTTP/1.1" 404 - "-" "-"
172.213.18.162 - - [13/Aug/2026:17:38:49 +0300] "GET /asw.php HTTP/1.1" 404 - "-" "-"
172.213.18.162 - - [13/Aug/2026:17:38:49 +0300] "GET /wp-editor.php HTTP/1.1" 404 - "-" "-"
172.213.18.162 - - [13/Aug/2026:17:38:49 +0300] "GET /ettidaxe.php HTTP/1.1" 404 - "-" "-"
172.213.18.162 - - [13/Aug/2026:17:38:49 +0300] "GET /lock360.php HTTP/1.1" 404 - "-" "-"
172.213.18.162 - - [13/Aug/2026:17:38:49 +0300] "GET /special.php HTTP/1.1" 404 - "-" "-"
172.213.18.162 - - [13/Aug/2026:17:38:49 +0300] "GET /wp-aa.php HTTP/1.1" 404 - "-" "-"
172.213.18.162 - - [13/Aug/2026:17:38:49 +0300] "GET /xx.php HTTP/1.1" 404 - "-" "-"
172.213.18.162 - - [13/Aug/2026:17:38:49 +0300] "GET /byzz.php HTTP/1.1" 404 - "-" "-"
172.213.18.162 - - [13/Aug/2026:17:38:50 +0300] "GET /ioammdmu.php HTTP/1.1" 404 - "-" "-"
172.213.18.162 - - [13/Aug/2026:17:38:50 +0300] "GET /cmd.php HTTP/1.1" 404 - "-" "-"
172.213.18.162 - - [13/Aug/2026:17:38:50 +0300] "GET /min.php HTTP/1.1" 404 - "-" "-"
172.213.18.162 - - [13/Aug/2026:17:38:50 +0300] "GET /vl.php HTTP/1.1" 404 - "-" "-"
172.213.18.162 - - [13/Aug/2026:17:38:50 +0300] "GET /2x.php HTTP/1.1" 404 - "-" "-"
172.213.18.162 - - [13/Aug/2026:17:38:50 +0300] "GET /z1.php HTTP/1.1" 404 - "-" "-"
66.249.66.45 - - [13/Aug/2026:17:47:42 +0300] "GET /index.php/ru/kainos-ir-uzimtumas/sodybos-uzimtumas?iccaldate=3903-02-1 HTTP/1.1" 404 - "-" "Mozilla/5.0 (Linux; Android 6.0.1; Nexus 5X Build/MMB29P) AppleWebKit/537.36 (KHTML, like Gecko) Chrome/150.0.7871.186 Mobile Safari/537.36 (compatible; Googlebot/2.1; +http://www.google.com/bot.html)"
66.249.66.44 - - [13/Aug/2026:18:17:46 +0300] "GET /index.php/lt/kainos-ir-uzimtumas/sodybos-uzimtumas?iccaldate=3903-3-1 HTTP/1.1" 404 - "-" "Mozilla/5.0 (Linux; Android 6.0.1; Nexus 5X Build/MMB29P) AppleWebKit/537.36 (KHTML, like Gecko) Chrome/150.0.7871.186 Mobile Safari/537.36 (compatible; Googlebot/2.1; +http://www.google.com/bot.html)"
66.249.66.44 - - [13/Aug/2026:18:44:13 +0300] "GET /index.php?search/detail/GoodID/202387226577 HTTP/1.1" 404 - "-" "Mozilla/5.0 (Linux; Android 6.0.1; Nexus 5X Build/MMB29P) AppleWebKit/537.36 (KHTML, like Gecko) Chrome/150.0.7871.186 Mobile Safari/537.36 (compatible; Googlebot/2.1; +http://www.google.com/bot.html)"
66.249.66.45 - - [13/Aug/2026:18:44:15 +0300] "GET /index.php?search/detail/GoodID/202387226577 HTTP/1.1" 404 - "-" "Mozilla/5.0 (Linux; Android 6.0.1; Nexus 5X Build/MMB29P) AppleWebKit/537.36 (KHTML, like Gecko) Chrome/150.0.7871.186 Mobile Safari/537.36 (compatible; Googlebot/2.1; +http://www.google.com/bot.html)"
66.249.66.44 - - [13/Aug/2026:18:44:21 +0300] "GET /index.php?search/detail/GoodID/202387226577 HTTP/1.1" 404 - "-" "Mozilla/5.0 (Linux; Android 6.0.1; Nexus 5X Build/MMB29P) AppleWebKit/537.36 (KHTML, like Gecko) Chrome/150.0.7871.186 Mobile Safari/537.36 (compatible; Googlebot/2.1; +http://www.google.com/bot.html)"
66.249.66.44 - - [13/Aug/2026:18:51:44 +0300] "GET /index.php/ru/kainos-ir-uzimtumas/sodybos-uzimtumas?iccaldate=3919-09-1 HTTP/1.1" 404 - "-" "Mozilla/5.0 (Linux; Android 6.0.1; Nexus 5X Build/MMB29P) AppleWebKit/537.36 (KHTML, like Gecko) Chrome/150.0.7871.186 Mobile Safari/537.36 (compatible; Googlebot/2.1; +http://www.google.com/bot.html)"
66.249.66.43 - - [13/Aug/2026:18:56:16 +0300] "GET /index.php/en/kainos-ir-uzimtumas/sodybos-uzimtumas?iccaldate=868-04-1 HTTP/1.1" 404 - "-" "Mozilla/5.0 (Linux; Android 6.0.1; Nexus 5X Build/MMB29P) AppleWebKit/537.36 (KHTML, like Gecko) Chrome/150.0.7871.186 Mobile Safari/537.36 (compatible; Googlebot/2.1; +http://www.google.com/bot.html)"
66.249.66.44 - - [13/Aug/2026:18:56:23 +0300] "GET /index.php/ru/kainos-ir-uzimtumas/sodybos-uzimtumas?iccaldate=106-05-1 HTTP/1.1" 404 - "-" "Mozilla/5.0 (Linux; Android 6.0.1; Nexus 5X Build/MMB29P) AppleWebKit/537.36 (KHTML, like Gecko) Chrome/150.0.7871.186 Mobile Safari/537.36 (compatible; Googlebot/2.1; +http://www.google.com/bot.html)"
66.249.66.45 - - [13/Aug/2026:19:00:56 +0300] "GET /index.php/ru/kainos-ir-uzimtumas/sodybos-uzimtumas?iccaldate=3915-4-1 HTTP/1.1" 404 - "-" "Mozilla/5.0 (Linux; Android 6.0.1; Nexus 5X Build/MMB29P) AppleWebKit/537.36 (KHTML, like Gecko) Chrome/150.0.7871.186 Mobile Safari/537.36 (compatible; Googlebot/2.1; +http://www.google.com/bot.html)"
66.249.66.43 - - [13/Aug/2026:19:08:50 +0300] "GET /index.php/en/kainos-ir-uzimtumas/sodybos-uzimtumas?iccaldate=1991-6-1 HTTP/1.1" 404 - "-" "Mozilla/5.0 (Linux; Android 6.0.1; Nexus 5X Build/MMB29P) AppleWebKit/537.36 (KHTML, like Gecko) Chrome/150.0.7871.186 Mobile Safari/537.36 (compatible; Googlebot/2.1; +http://www.google.com/bot.html)"
66.249.66.45 - - [13/Aug/2026:19:12:29 +0300] "GET /index.php?search/detail/GoodID/05552313007 HTTP/1.1" 404 - "-" "Mozilla/5.0 (compatible; Googlebot/2.1; +http://www.google.com/bot.html)"
66.249.66.43 - - [13/Aug/2026:19:12:34 +0300] "GET /index.php?search/detail/GoodID/05552313007 HTTP/1.1" 404 - "-" "Mozilla/5.0 (compatible; Googlebot/2.1; +http://www.google.com/bot.html)"
66.249.66.45 - - [13/Aug/2026:19:16:43 +0300] "GET /index.php?en/kainos-ir-uzimtumas/sodybos-uzimtumas?iccaldate=1817-8-1 HTTP/1.1" 404 - "-" "Mozilla/5.0 (compatible; Googlebot/2.1; +http://www.google.com/bot.html)"
66.249.66.44 - - [13/Aug/2026:19:18:35 +0300] "GET /index.php/en/kainos-ir-uzimtumas/sodybos-uzimtumas?iccaldate=3909-03-1 HTTP/1.1" 404 - "-" "Mozilla/5.0 (Linux; Android 6.0.1; Nexus 5X Build/MMB29P) AppleWebKit/537.36 (KHTML, like Gecko) Chrome/150.0.7871.186 Mobile Safari/537.36 (compatible; Googlebot/2.1; +http://www.google.com/bot.html)"
66.249.66.43 - - [13/Aug/2026:19:42:08 +0300] "GET /index.php?search/detail/GoodID/051724864880 HTTP/1.1" 404 - "-" "Mozilla/5.0 (Linux; Android 6.0.1; Nexus 5X Build/MMB29P) AppleWebKit/537.36 (KHTML, like Gecko) Chrome/150.0.7871.186 Mobile Safari/537.36 (compatible; Googlebot/2.1; +http://www.google.com/bot.html)"
66.249.66.43 - - [13/Aug/2026:19:48:51 +0300] "GET /index.php/lt/kainos-ir-uzimtumas/sodybos-uzimtumas?iccaldate=3901-05-1 HTTP/1.1" 404 - "-" "Mozilla/5.0 (Linux; Android 6.0.1; Nexus 5X Build/MMB29P) AppleWebKit/537.36 (KHTML, like Gecko) Chrome/150.0.7871.186 Mobile Safari/537.36 (compatible; Googlebot/2.1; +http://www.google.com/bot.html)"
66.249.66.43 - - [13/Aug/2026:19:50:34 +0300] "GET /index.php/lt/kainos-ir-uzimtumas/sodybos-uzimtumas?iccaldate=3923-07-1 HTTP/1.1" 404 - "-" "Mozilla/5.0 (Linux; Android 6.0.1; Nexus 5X Build/MMB29P) AppleWebKit/537.36 (KHTML, like Gecko) Chrome/150.0.7871.186 Mobile Safari/537.36 (compatible; Googlebot/2.1; +http://www.google.com/bot.html)"
139.28.241.21 - - [13/Aug/2026:20:01:40 +0300] "GET / HTTP/1.1" 404 - "-" "Mozilla/5.0 (X11; Ubuntu; Linux i686 on x86_64) AppleWebKit/537.36 (KHTML, like Gecko) Chrome/55.0.2913.74 Safari/537.36"
66.249.66.43 - - [13/Aug/2026:20:18:07 +0300] "GET /index.php/lt/kainos-ir-uzimtumas/sodybos-uzimtumas?iccaldate=5049-2-1 HTTP/1.1" 404 - "-" "Mozilla/5.0 (Linux; Android 6.0.1; Nexus 5X Build/MMB29P) AppleWebKit/537.36 (KHTML, like Gecko) Chrome/150.0.7871.186 Mobile Safari/537.36 (compatible; Googlebot/2.1; +http://www.google.com/bot.html)"
66.249.66.44 - - [13/Aug/2026:20:19:27 +0300] "GET /index.php/ru/kainos-ir-uzimtumas/sodybos-uzimtumas?iccaldate=3904-04-1 HTTP/1.1" 404 - "-" "Mozilla/5.0 (Linux; Android 6.0.1; Nexus 5X Build/MMB29P) AppleWebKit/537.36 (KHTML, like Gecko) Chrome/150.0.7871.186 Mobile Safari/537.36 (compatible; Googlebot/2.1; +http://www.google.com/bot.html)"
66.249.66.45 - - [13/Aug/2026:20:39:07 +0300] "GET /index.php/ru/kainos-ir-uzimtumas/sodybos-uzimtumas?iccaldate=3925-09-1 HTTP/1.1" 404 - "-" "Mozilla/5.0 (Linux; Android 6.0.1; Nexus 5X Build/MMB29P) AppleWebKit/537.36 (KHTML, like Gecko) Chrome/150.0.7871.186 Mobile Safari/537.36 (compatible; Googlebot/2.1; +http://www.google.com/bot.html)"
66.249.66.45 - - [13/Aug/2026:20:47:57 +0300] "GET /robots.txt HTTP/1.1" 404 - "-" "Mozilla/5.0 (compatible; Googlebot/2.1; +http://www.google.com/bot.html)"
66.249.66.44 - - [13/Aug/2026:20:48:33 +0300] "GET /index.php?search/detail/GoodID/133051842215 HTTP/1.1" 404 - "-" "Mozilla/5.0 (Linux; Android 6.0.1; Nexus 5X Build/MMB29P) AppleWebKit/537.36 (KHTML, like Gecko) Chrome/150.0.7871.186 Mobile Safari/537.36 (compatible; Googlebot/2.1; +http://www.google.com/bot.html)"
66.249.66.45 - - [13/Aug/2026:20:49:08 +0300] "GET /robots.txt HTTP/1.1" 404 - "-" "Mozilla/5.0 (compatible; Googlebot/2.1; +http://www.google.com/bot.html)"
66.249.66.44 - - [13/Aug/2026:20:49:22 +0300] "GET /index.php?search/detail/GoodID/091820332779 HTTP/1.1" 404 - "-" "Mozilla/5.0 (Linux; Android 6.0.1; Nexus 5X Build/MMB29P) AppleWebKit/537.36 (KHTML, like Gecko) Chrome/150.0.7871.186 Mobile Safari/537.36 (compatible; Googlebot/2.1; +http://www.google.com/bot.html)"
66.249.66.43 - - [13/Aug/2026:20:49:27 +0300] "GET /index.php/ru/kainos-ir-uzimtumas/sodybos-uzimtumas?GameID=2026-07-21/815.html HTTP/1.1" 404 - "-" "Mozilla/5.0 (Linux; Android 6.0.1; Nexus 5X Build/MMB29P) AppleWebKit/537.36 (KHTML, like Gecko) Chrome/150.0.7871.186 Mobile Safari/537.36 (compatible; Googlebot/2.1; +http://www.google.com/bot.html)"
66.249.66.43 - - [13/Aug/2026:20:49:36 +0300] "GET /index.php/en/kainos-ir-uzimtumas/sodybos-uzimtumas?GameID=2026-07-18/faigjy.html HTTP/1.1" 404 - "-" "Mozilla/5.0 (Linux; Android 6.0.1; Nexus 5X Build/MMB29P) AppleWebKit/537.36 (KHTML, like Gecko) Chrome/150.0.7871.186 Mobile Safari/537.36 (compatible; Googlebot/2.1; +http://www.google.com/bot.html)"
66.249.66.43 - - [13/Aug/2026:20:50:16 +0300] "GET /robots.txt HTTP/1.1" 404 - "-" "Mozilla/5.0 (compatible; Googlebot/2.1; +http://www.google.com/bot.html)"
66.249.66.43 - - [13/Aug/2026:20:51:10 +0300] "GET /index.php?search/detail/GoodID/202387226577 HTTP/1.1" 404 - "-" "Mozilla/5.0 (Linux; Android 6.0.1; Nexus 5X Build/MMB29P) AppleWebKit/537.36 (KHTML, like Gecko) Chrome/150.0.7871.186 Mobile Safari/537.36 (compatible; Googlebot/2.1; +http://www.google.com/bot.html)"
66.249.66.45 - - [13/Aug/2026:20:52:51 +0300] "GET /index.php?GameID=2026-07-24/hqqjoo.html HTTP/1.1" 404 - "-" "Mozilla/5.0 (Linux; Android 6.0.1; Nexus 5X Build/MMB29P) AppleWebKit/537.36 (KHTML, like Gecko) Chrome/150.0.7871.186 Mobile Safari/537.36 (compatible; Googlebot/2.1; +http://www.google.com/bot.html)"
66.249.66.43 - - [13/Aug/2026:20:53:25 +0300] "GET /robots.txt HTTP/1.1" 404 - "-" "Mozilla/5.0 (compatible; Googlebot/2.1; +http://www.google.com/bot.html)"
66.249.66.44 - - [13/Aug/2026:20:54:31 +0300] "GET /robots.txt HTTP/1.1" 404 - "-" "Mozilla/5.0 (compatible; Googlebot/2.1; +http://www.google.com/bot.html)"
66.249.66.43 - - [13/Aug/2026:20:55:17 +0300] "GET /index.php/en/kainos-ir-uzimtumas/sodybos-uzimtumas?iccaldate=3925-05-1 HTTP/1.1" 404 - "-" "Mozilla/5.0 (Linux; Android 6.0.1; Nexus 5X Build/MMB29P) AppleWebKit/537.36 (KHTML, like Gecko) Chrome/150.0.7871.186 Mobile Safari/537.36 (compatible; Googlebot/2.1; +http://www.google.com/bot.html)"
66.249.66.44 - - [13/Aug/2026:20:55:21 +0300] "GET /index.php/ru/kainos-ir-uzimtumas/sodybos-uzimtumas?GameID=2026-07-22/6259.html HTTP/1.1" 404 - "-" "Mozilla/5.0 (Linux; Android 6.0.1; Nexus 5X Build/MMB29P) AppleWebKit/537.36 (KHTML, like Gecko) Chrome/150.0.7871.186 Mobile Safari/537.36 (compatible; Googlebot/2.1; +http://www.google.com/bot.html)"
66.249.66.43 - - [13/Aug/2026:20:55:29 +0300] "GET /index.php?GameID=2026-07-22/wpcvqs.html HTTP/1.1" 404 - "-" "Mozilla/5.0 (Linux; Android 6.0.1; Nexus 5X Build/MMB29P) AppleWebKit/537.36 (KHTML, like Gecko) Chrome/150.0.7871.186 Mobile Safari/537.36 (compatible; Googlebot/2.1; +http://www.google.com/bot.html)"
66.249.66.43 - - [13/Aug/2026:20:55:32 +0300] "GET /index.php/en/kainos-ir-uzimtumas/sodybos-uzimtumas?GameID=2026-07-23/ujyljs.html HTTP/1.1" 404 - "-" "Mozilla/5.0 (Linux; Android 6.0.1; Nexus 5X Build/MMB29P) AppleWebKit/537.36 (KHTML, like Gecko) Chrome/150.0.7871.186 Mobile Safari/537.36 (compatible; Googlebot/2.1; +http://www.google.com/bot.html)"
66.249.66.43 - - [13/Aug/2026:20:55:38 +0300] "GET /robots.txt HTTP/1.1" 404 - "-" "Mozilla/5.0 (compatible; Googlebot/2.1; +http://www.google.com/bot.html)"
66.249.66.43 - - [13/Aug/2026:20:55:41 +0300] "GET /index.php/en/kainos-ir-uzimtumas/sodybos-uzimtumas?GameID=2026-07-23/ebijzp.html HTTP/1.1" 404 - "-" "Mozilla/5.0 (Linux; Android 6.0.1; Nexus 5X Build/MMB29P) AppleWebKit/537.36 (KHTML, like Gecko) Chrome/150.0.7871.186 Mobile Safari/537.36 (compatible; Googlebot/2.1; +http://www.google.com/bot.html)"
66.249.66.43 - - [13/Aug/2026:20:55:45 +0300] "GET /index.php?GameID=2026-07-14/lkvewy.html HTTP/1.1" 404 - "-" "Mozilla/5.0 (Linux; Android 6.0.1; Nexus 5X Build/MMB29P) AppleWebKit/537.36 (KHTML, like Gecko) Chrome/150.0.7871.186 Mobile Safari/537.36 (compatible; Googlebot/2.1; +http://www.google.com/bot.html)"
66.249.66.45 - - [13/Aug/2026:20:56:24 +0300] "GET /index.php?search/detail/GoodID/133579375443 HTTP/1.1" 404 - "-" "Mozilla/5.0 (Linux; Android 6.0.1; Nexus 5X Build/MMB29P) AppleWebKit/537.36 (KHTML, like Gecko) Chrome/150.0.7871.186 Mobile Safari/537.36 (compatible; Googlebot/2.1; +http://www.google.com/bot.html)"
66.249.66.43 - - [13/Aug/2026:20:57:11 +0300] "GET /robots.txt HTTP/1.1" 404 - "-" "Mozilla/5.0 (compatible; Googlebot/2.1; +http://www.google.com/bot.html)"
66.249.66.43 - - [13/Aug/2026:20:58:08 +0300] "GET /index.php/en/kainos-ir-uzimtumas/sodybos-uzimtumas?GameID=2026-07-22/xuqaly.html HTTP/1.1" 404 - "-" "Mozilla/5.0 (Linux; Android 6.0.1; Nexus 5X Build/MMB29P) AppleWebKit/537.36 (KHTML, like Gecko) Chrome/150.0.7871.186 Mobile Safari/537.36 (compatible; Googlebot/2.1; +http://www.google.com/bot.html)"
66.249.66.44 - - [13/Aug/2026:20:58:42 +0300] "GET /index.php?GameID=2026-07-17/lacfje.html HTTP/1.1" 404 - "-" "Mozilla/5.0 (Linux; Android 6.0.1; Nexus 5X Build/MMB29P) AppleWebKit/537.36 (KHTML, like Gecko) Chrome/150.0.7871.186 Mobile Safari/537.36 (compatible; Googlebot/2.1; +http://www.google.com/bot.html)"
66.249.66.43 - - [13/Aug/2026:20:59:00 +0300] "GET /robots.txt HTTP/1.1" 404 - "-" "Mozilla/5.0 (compatible; Googlebot/2.1; +http://www.google.com/bot.html)"
66.249.66.43 - - [13/Aug/2026:20:59:08 +0300] "GET /index.php/ru/kainos-ir-uzimtumas/sodybos-uzimtumas?iccaldate=3924-04-1 HTTP/1.1" 404 - "-" "Mozilla/5.0 (Linux; Android 6.0.1; Nexus 5X Build/MMB29P) AppleWebKit/537.36 (KHTML, like Gecko) Chrome/150.0.7871.186 Mobile Safari/537.36 (compatible; Googlebot/2.1; +http://www.google.com/bot.html)"
66.249.66.45 - - [13/Aug/2026:21:00:24 +0300] "GET /index.php/en/kainos-ir-uzimtumas/sodybos-uzimtumas?iccaldate=0500-4-1 HTTP/1.1" 404 - "-" "Mozilla/5.0 (Linux; Android 6.0.1; Nexus 5X Build/MMB29P) AppleWebKit/537.36 (KHTML, like Gecko) Chrome/150.0.7871.186 Mobile Safari/537.36 (compatible; Googlebot/2.1; +http://www.google.com/bot.html)"
66.249.66.43 - - [13/Aug/2026:21:00:28 +0300] "GET /index.php/ru/kainos-ir-uzimtumas/sodybos-uzimtumas?GameID=2026-07-24/6604.html HTTP/1.1" 404 - "-" "Mozilla/5.0 (Linux; Android 6.0.1; Nexus 5X Build/MMB29P) AppleWebKit/537.36 (KHTML, like Gecko) Chrome/150.0.7871.186 Mobile Safari/537.36 (compatible; Googlebot/2.1; +http://www.google.com/bot.html)"
66.249.66.43 - - [13/Aug/2026:21:00:32 +0300] "GET /index.php/en/kainos-ir-uzimtumas/sodybos-uzimtumas?iccaldate=0542-4-1 HTTP/1.1" 404 - "-" "Mozilla/5.0 (Linux; Android 6.0.1; Nexus 5X Build/MMB29P) AppleWebKit/537.36 (KHTML, like Gecko) Chrome/150.0.7871.186 Mobile Safari/537.36 (compatible; Googlebot/2.1; +http://www.google.com/bot.html)"
66.249.66.45 - - [13/Aug/2026:21:03:06 +0300] "GET /index.php/ru/kainos-ir-uzimtumas/sodybos-uzimtumas?iccaldate=3146-8-1 HTTP/1.1" 404 - "-" "Mozilla/5.0 (Linux; Android 6.0.1; Nexus 5X Build/MMB29P) AppleWebKit/537.36 (KHTML, like Gecko) Chrome/150.0.7871.186 Mobile Safari/537.36 (compatible; Googlebot/2.1; +http://www.google.com/bot.html)"
66.249.66.44 - - [13/Aug/2026:21:04:24 +0300] "GET /index.php?ID=%EC%95%84%EC%8B%9C%EC%95%88%20%EC%B9%B4%EC%A7%80%EB%85%B8.html HTTP/1.1" 404 - "-" "Mozilla/5.0 (Linux; Android 6.0.1; Nexus 5X Build/MMB29P) AppleWebKit/537.36 (KHTML, like Gecko) Chrome/150.0.7871.186 Mobile Safari/537.36 (compatible; Googlebot/2.1; +http://www.google.com/bot.html)"
66.249.66.43 - - [13/Aug/2026:21:04:44 +0300] "GET /index.php/en/kainos-ir-uzimtumas/sodybos-uzimtumas?GameID=2026-07-24/4561.html HTTP/1.1" 404 - "-" "Mozilla/5.0 (Linux; Android 6.0.1; Nexus 5X Build/MMB29P) AppleWebKit/537.36 (KHTML, like Gecko) Chrome/150.0.7871.186 Mobile Safari/537.36 (compatible; Googlebot/2.1; +http://www.google.com/bot.html)"
66.249.66.45 - - [13/Aug/2026:21:07:15 +0300] "GET /index.php/en/?ID=8194.html HTTP/1.1" 404 - "-" "Mozilla/5.0 (Linux; Android 6.0.1; Nexus 5X Build/MMB29P) AppleWebKit/537.36 (KHTML, like Gecko) Chrome/150.0.7871.186 Mobile Safari/537.36 (compatible; Googlebot/2.1; +http://www.google.com/bot.html)"
66.249.66.44 - - [13/Aug/2026:21:10:48 +0300] "GET /index.php/kainos-ir-uzimtumas/sodybos-uzimtumas?GameID=2026-07-23/7137.html HTTP/1.1" 404 - "-" "Mozilla/5.0 (Linux; Android 6.0.1; Nexus 5X Build/MMB29P) AppleWebKit/537.36 (KHTML, like Gecko) Chrome/150.0.7871.186 Mobile Safari/537.36 (compatible; Googlebot/2.1; +http://www.google.com/bot.html)"
66.249.66.43 - - [13/Aug/2026:21:11:26 +0300] "GET /index.php/ru/kainos-ir-uzimtumas/sodybos-uzimtumas?GameID=2026-07-19/6067.html HTTP/1.1" 404 - "-" "Mozilla/5.0 (Linux; Android 6.0.1; Nexus 5X Build/MMB29P) AppleWebKit/537.36 (KHTML, like Gecko) Chrome/150.0.7871.186 Mobile Safari/537.36 (compatible; Googlebot/2.1; +http://www.google.com/bot.html)"
66.249.66.45 - - [13/Aug/2026:21:12:06 +0300] "GET /index.php/kainos-ir-uzimtumas/sodybos-uzimtumas?iccaldate=5049-8-1 HTTP/1.1" 404 - "-" "Mozilla/5.0 (Linux; Android 6.0.1; Nexus 5X Build/MMB29P) AppleWebKit/537.36 (KHTML, like Gecko) Chrome/150.0.7871.186 Mobile Safari/537.36 (compatible; Googlebot/2.1; +http://www.google.com/bot.html)"
66.249.66.43 - - [13/Aug/2026:21:12:14 +0300] "GET /index.php/en/kainos-ir-uzimtumas/sodybos-uzimtumas?iccaldate=2744-12-1 HTTP/1.1" 404 - "-" "Mozilla/5.0 (Linux; Android 6.0.1; Nexus 5X Build/MMB29P) AppleWebKit/537.36 (KHTML, like Gecko) Chrome/150.0.7871.186 Mobile Safari/537.36 (compatible; Googlebot/2.1; +http://www.google.com/bot.html)"
66.249.66.45 - - [13/Aug/2026:21:13:29 +0300] "GET /index.php?search/detail/GoodID/023942237939 HTTP/1.1" 404 - "-" "Mozilla/5.0 (Linux; Android 6.0.1; Nexus 5X Build/MMB29P) AppleWebKit/537.36 (KHTML, like Gecko) Chrome/150.0.7871.186 Mobile Safari/537.36 (compatible; Googlebot/2.1; +http://www.google.com/bot.html)"
66.249.66.45 - - [13/Aug/2026:21:15:51 +0300] "GET /index.php?GameID=2026-07-16/mkbrof.html HTTP/1.1" 404 - "-" "Mozilla/5.0 (Linux; Android 6.0.1; Nexus 5X Build/MMB29P) AppleWebKit/537.36 (KHTML, like Gecko) Chrome/150.0.7871.186 Mobile Safari/537.36 (compatible; Googlebot/2.1; +http://www.google.com/bot.html)"
66.249.66.43 - - [13/Aug/2026:21:17:21 +0300] "GET /index.php/en/kainos-ir-uzimtumas/sodybos-uzimtumas?iccaldate=4229-3-1 HTTP/1.1" 404 - "-" "Mozilla/5.0 (Linux; Android 6.0.1; Nexus 5X Build/MMB29P) AppleWebKit/537.36 (KHTML, like Gecko) Chrome/150.0.7871.186 Mobile Safari/537.36 (compatible; Googlebot/2.1; +http://www.google.com/bot.html)"
66.249.66.45 - - [13/Aug/2026:21:18:35 +0300] "GET /index.php?GameID=2026-07-23/hqzleu.html HTTP/1.1" 404 - "-" "Mozilla/5.0 (Linux; Android 6.0.1; Nexus 5X Build/MMB29P) AppleWebKit/537.36 (KHTML, like Gecko) Chrome/150.0.7871.186 Mobile Safari/537.36 (compatible; Googlebot/2.1; +http://www.google.com/bot.html)"
66.249.66.43 - - [13/Aug/2026:21:19:46 +0300] "GET /index.php/en/kainos-ir-uzimtumas/sodybos-uzimtumas?iccaldate=3908-03-1 HTTP/1.1" 404 - "-" "Mozilla/5.0 (Linux; Android 6.0.1; Nexus 5X Build/MMB29P) AppleWebKit/537.36 (KHTML, like Gecko) Chrome/150.0.7871.186 Mobile Safari/537.36 (compatible; Googlebot/2.1; +http://www.google.com/bot.html)"
66.249.66.44 - - [13/Aug/2026:21:20:06 +0300] "GET /index.php/en/kainos-ir-uzimtumas/sodybos-uzimtumas?GameID=2026-07-20/ncnzof.html HTTP/1.1" 404 - "-" "Mozilla/5.0 (Linux; Android 6.0.1; Nexus 5X Build/MMB29P) AppleWebKit/537.36 (KHTML, like Gecko) Chrome/150.0.7871.186 Mobile Safari/537.36 (compatible; Googlebot/2.1; +http://www.google.com/bot.html)"
66.249.66.43 - - [13/Aug/2026:21:23:13 +0300] "GET /index.php/en/kainos-ir-uzimtumas/sodybos-uzimtumas?iccaldate=575-03-1 HTTP/1.1" 404 - "-" "Mozilla/5.0 (Linux; Android 6.0.1; Nexus 5X Build/MMB29P) AppleWebKit/537.36 (KHTML, like Gecko) Chrome/150.0.7871.186 Mobile Safari/537.36 (compatible; Googlebot/2.1; +http://www.google.com/bot.html)"
66.249.66.44 - - [13/Aug/2026:21:34:15 +0300] "GET /index.php/kainos-ir-uzimtumas/sodybos-uzimtumas?iccaldate=0887-9-1 HTTP/1.1" 404 - "-" "Mozilla/5.0 (Linux; Android 6.0.1; Nexus 5X Build/MMB29P) AppleWebKit/537.36 (KHTML, like Gecko) Chrome/150.0.7871.186 Mobile Safari/537.36 (compatible; Googlebot/2.1; +http://www.google.com/bot.html)"
66.249.66.43 - - [13/Aug/2026:21:41:03 +0300] "GET /index.php/en/kainos-ir-uzimtumas/sodybos-uzimtumas?iccaldate=3934-01-1 HTTP/1.1" 404 - "-" "Mozilla/5.0 (Linux; Android 6.0.1; Nexus 5X Build/MMB29P) AppleWebKit/537.36 (KHTML, like Gecko) Chrome/150.0.7871.186 Mobile Safari/537.36 (compatible; Googlebot/2.1; +http://www.google.com/bot.html)"
66.249.66.45 - - [13/Aug/2026:21:44:27 +0300] "GET /index.php?search/detail/GoodID/20107195950 HTTP/1.1" 404 - "-" "Mozilla/5.0 (Linux; Android 6.0.1; Nexus 5X Build/MMB29P) AppleWebKit/537.36 (KHTML, like Gecko) Chrome/150.0.7871.186 Mobile Safari/537.36 (compatible; Googlebot/2.1; +http://www.google.com/bot.html)"
172.213.18.162 - - [13/Aug/2026:21:45:43 +0300] "GET /wp-content/plugins/hellopress/wp_filemanager.php HTTP/1.1" 404 - "-" "-"
172.213.18.162 - - [13/Aug/2026:21:45:43 +0300] "GET /this_is_a_new_hello_world.php HTTP/1.1" 404 - "-" "-"
172.213.18.162 - - [13/Aug/2026:21:45:43 +0300] "GET /1xmomo.php HTTP/1.1" 404 - "-" "-"
172.213.18.162 - - [13/Aug/2026:21:45:43 +0300] "GET /autoload-mb1mb1.php HTTP/1.1" 404 - "-" "-"
172.213.18.162 - - [13/Aug/2026:21:45:43 +0300] "GET /zjkrv.php HTTP/1.1" 404 - "-" "-"
172.213.18.162 - - [13/Aug/2026:21:45:43 +0300] "GET /invisi.php HTTP/1.1" 404 - "-" "-"
172.213.18.162 - - [13/Aug/2026:21:45:43 +0300] "GET /cbutehax.php HTTP/1.1" 404 - "-" "-"
172.213.18.162 - - [13/Aug/2026:21:45:43 +0300] "GET /wp-verb.php HTTP/1.1" 404 - "-" "-"
172.213.18.162 - - [13/Aug/2026:21:45:44 +0300] "GET /86.php HTTP/1.1" 404 - "-" "-"
172.213.18.162 - - [13/Aug/2026:21:45:44 +0300] "GET /bk.php HTTP/1.1" 404 - "-" "-"
172.213.18.162 - - [13/Aug/2026:21:45:44 +0300] "GET /166.php HTTP/1.1" 404 - "-" "-"
172.213.18.162 - - [13/Aug/2026:21:45:44 +0300] "GET /Jcrop.php HTTP/1.1" 404 - "-" "-"
172.213.18.162 - - [13/Aug/2026:21:45:44 +0300] "GET /bthil.php HTTP/1.1" 404 - "-" "-"
172.213.18.162 - - [13/Aug/2026:21:45:44 +0300] "GET /drykl.php HTTP/1.1" 404 - "-" "-"
172.213.18.162 - - [13/Aug/2026:21:45:44 +0300] "GET /crgio.php HTTP/1.1" 404 - "-" "-"
172.213.18.162 - - [13/Aug/2026:21:45:44 +0300] "GET /fpwch.php HTTP/1.1" 404 - "-" "-"
172.213.18.162 - - [13/Aug/2026:21:45:44 +0300] "GET /aaa.php HTTP/1.1" 404 - "-" "-"
172.213.18.162 - - [13/Aug/2026:21:45:44 +0300] "GET /asw.php HTTP/1.1" 404 - "-" "-"
172.213.18.162 - - [13/Aug/2026:21:45:44 +0300] "GET /wp-editor.php HTTP/1.1" 404 - "-" "-"
172.213.18.162 - - [13/Aug/2026:21:45:44 +0300] "GET /ettidaxe.php HTTP/1.1" 404 - "-" "-"
172.213.18.162 - - [13/Aug/2026:21:45:45 +0300] "GET /lock360.php HTTP/1.1" 404 - "-" "-"
172.213.18.162 - - [13/Aug/2026:21:45:46 +0300] "GET /special.php HTTP/1.1" 404 - "-" "-"
172.213.18.162 - - [13/Aug/2026:21:45:46 +0300] "GET /wp-aa.php HTTP/1.1" 404 - "-" "-"
172.213.18.162 - - [13/Aug/2026:21:45:46 +0300] "GET /xx.php HTTP/1.1" 404 - "-" "-"
172.213.18.162 - - [13/Aug/2026:21:45:46 +0300] "GET /byzz.php HTTP/1.1" 404 - "-" "-"
172.213.18.162 - - [13/Aug/2026:21:45:46 +0300] "GET /ioammdmu.php HTTP/1.1" 404 - "-" "-"
172.213.18.162 - - [13/Aug/2026:21:45:46 +0300] "GET /cmd.php HTTP/1.1" 404 - "-" "-"
172.213.18.162 - - [13/Aug/2026:21:45:48 +0300] "GET /min.php HTTP/1.1" 404 - "-" "-"
172.213.18.162 - - [13/Aug/2026:21:45:48 +0300] "GET /vl.php HTTP/1.1" 404 - "-" "-"
172.213.18.162 - - [13/Aug/2026:21:45:48 +0300] "GET /2x.php HTTP/1.1" 404 - "-" "-"
172.213.18.162 - - [13/Aug/2026:21:45:48 +0300] "GET /z1.php HTTP/1.1" 404 - "-" "-"
66.249.66.45 - - [13/Aug/2026:21:58:12 +0300] "GET /index.php/ru/kainos-ir-uzimtumas/sodybos-uzimtumas?iccaldate=0528-2-1 HTTP/1.1" 404 - "-" "Mozilla/5.0 (Linux; Android 6.0.1; Nexus 5X Build/MMB29P) AppleWebKit/537.36 (KHTML, like Gecko) Chrome/150.0.7871.186 Mobile Safari/537.36 (compatible; Googlebot/2.1; +http://www.google.com/bot.html)"
66.249.66.43 - - [13/Aug/2026:22:09:24 +0300] "GET /index.php/kainos-ir-uzimtumas/sodybos-uzimtumas?iccaldate=1285-5-1 HTTP/1.1" 404 - "-" "Mozilla/5.0 (Linux; Android 6.0.1; Nexus 5X Build/MMB29P) AppleWebKit/537.36 (KHTML, like Gecko) Chrome/150.0.7871.186 Mobile Safari/537.36 (compatible; Googlebot/2.1; +http://www.google.com/bot.html)"
66.249.66.44 - - [13/Aug/2026:22:21:48 +0300] "GET /index.php/kainos-ir-uzimtumas/sodybos-uzimtumas?iccaldate=3930-02-1 HTTP/1.1" 404 - "-" "Mozilla/5.0 (Linux; Android 6.0.1; Nexus 5X Build/MMB29P) AppleWebKit/537.36 (KHTML, like Gecko) Chrome/150.0.7871.186 Mobile Safari/537.36 (compatible; Googlebot/2.1; +http://www.google.com/bot.html)"
66.249.66.43 - - [13/Aug/2026:22:37:20 +0300] "GET /index.php?GameID=2026-07-15/stvzyy.html HTTP/1.1" 404 - "-" "Mozilla/5.0 (Linux; Android 6.0.1; Nexus 5X Build/MMB29P) AppleWebKit/537.36 (KHTML, like Gecko) Chrome/150.0.7871.186 Mobile Safari/537.36 (compatible; Googlebot/2.1; +http://www.google.com/bot.html)"
66.249.66.45 - - [13/Aug/2026:22:41:08 +0300] "GET /index.php/ru/kainos-ir-uzimtumas/sodybos-uzimtumas?GameID=2026-07-19/7167.html HTTP/1.1" 404 - "-" "Mozilla/5.0 (Linux; Android 6.0.1; Nexus 5X Build/MMB29P) AppleWebKit/537.36 (KHTML, like Gecko) Chrome/150.0.7871.186 Mobile Safari/537.36 (compatible; Googlebot/2.1; +http://www.google.com/bot.html)"
66.249.66.44 - - [13/Aug/2026:22:41:16 +0300] "GET /index.php?GameID=2026-07-21/6885.html HTTP/1.1" 404 - "-" "Mozilla/5.0 (Linux; Android 6.0.1; Nexus 5X Build/MMB29P) AppleWebKit/537.36 (KHTML, like Gecko) Chrome/150.0.7871.186 Mobile Safari/537.36 (compatible; Googlebot/2.1; +http://www.google.com/bot.html)"
66.249.66.45 - - [13/Aug/2026:22:44:14 +0300] "GET /index.php/ru/kainos-ir-uzimtumas/sodybos-uzimtumas?GameID=2026-07-23/4577.html HTTP/1.1" 404 - "-" "Mozilla/5.0 (Linux; Android 6.0.1; Nexus 5X Build/MMB29P) AppleWebKit/537.36 (KHTML, like Gecko) Chrome/150.0.7871.186 Mobile Safari/537.36 (compatible; Googlebot/2.1; +http://www.google.com/bot.html)"
66.249.66.45 - - [13/Aug/2026:22:45:37 +0300] "GET /index.php?search/detail/GoodID/131590783777 HTTP/1.1" 404 - "-" "Mozilla/5.0 (Linux; Android 6.0.1; Nexus 5X Build/MMB29P) AppleWebKit/537.36 (KHTML, like Gecko) Chrome/150.0.7871.186 Mobile Safari/537.36 (compatible; Googlebot/2.1; +http://www.google.com/bot.html)"
66.249.66.43 - - [13/Aug/2026:22:55:42 +0300] "GET /index.php?search/detail/GoodID/4930847172556 HTTP/1.1" 404 - "-" "Mozilla/5.0 (Linux; Android 6.0.1; Nexus 5X Build/MMB29P) AppleWebKit/537.36 (KHTML, like Gecko) Chrome/150.0.7871.186 Mobile Safari/537.36 (compatible; Googlebot/2.1; +http://www.google.com/bot.html)"
66.249.66.45 - - [13/Aug/2026:23:07:48 +0300] "GET /index.php/kainos-ir-uzimtumas/sodybos-uzimtumas?iccaldate=4574-11-1 HTTP/1.1" 404 - "-" "Mozilla/5.0 (Linux; Android 6.0.1; Nexus 5X Build/MMB29P) AppleWebKit/537.36 (KHTML, like Gecko) Chrome/150.0.7871.186 Mobile Safari/537.36 (compatible; Googlebot/2.1; +http://www.google.com/bot.html)"
66.249.66.43 - - [13/Aug/2026:23:43:06 +0300] "GET /index.php/en/kainos-ir-uzimtumas/sodybos-uzimtumas?iccaldate=4574-9-1 HTTP/1.1" 404 - "-" "Mozilla/5.0 (Linux; Android 6.0.1; Nexus 5X Build/MMB29P) AppleWebKit/537.36 (KHTML, like Gecko) Chrome/150.0.7871.186 Mobile Safari/537.36 (compatible; Googlebot/2.1; +http://www.google.com/bot.html)"
66.249.66.45 - - [13/Aug/2026:23:44:23 +0300] "GET /index.php/lt/kainos-ir-uzimtumas/sodybos-uzimtumas?iccaldate=3919-07-1 HTTP/1.1" 404 - "-" "Mozilla/5.0 (Linux; Android 6.0.1; Nexus 5X Build/MMB29P) AppleWebKit/537.36 (KHTML, like Gecko) Chrome/150.0.7871.186 Mobile Safari/537.36 (compatible; Googlebot/2.1; +http://www.google.com/bot.html)"
66.249.66.44 - - [13/Aug/2026:23:46:35 +0300] "GET /index.php/ru/kainos-ir-uzimtumas/sodybos-uzimtumas?iccaldate=5053-12-1 HTTP/1.1" 404 - "-" "Mozilla/5.0 (Linux; Android 6.0.1; Nexus 5X Build/MMB29P) AppleWebKit/537.36 (KHTML, like Gecko) Chrome/150.0.7871.186 Mobile Safari/537.36 (compatible; Googlebot/2.1; +http://www.google.com/bot.html)"
109.107.178.102 - - [13/Aug/2026:23:52:41 +0300] "GET /564a7e87e18c.php HTTP/1.1" 404 - "-" "Mozilla/5.0 (Macintosh; Intel Mac OS X 10_10_1) AppleWebKit/537.36 (KHTML, like Gecko) Chrome/53.0.2808.51 Safari/537.36"
109.107.178.102 - - [13/Aug/2026:23:52:41 +0300] "GET /564a7e87e18c.php HTTP/1.1" 404 - "-" "Mozilla/5.0 (compatible; MSIE 8.0; Windows NT 6.2; WOW64; Trident/4.0)"
66.249.66.44 - - [13/Aug/2026:23:52:47 +0300] "GET /index.php/lt/kainos-ir-uzimtumas/sodybos-uzimtumas?iccaldate=4566-09-1 HTTP/1.1" 404 - "-" "Mozilla/5.0 (Linux; Android 6.0.1; Nexus 5X Build/MMB29P) AppleWebKit/537.36 (KHTML, like Gecko) Chrome/150.0.7871.186 Mobile Safari/537.36 (compatible; Googlebot/2.1; +http://www.google.com/bot.html)"
92.255.209.234 - - [14/Aug/2026:00:01:17 +0300] "GET /564a7e87e18c.php HTTP/1.1" 404 - "-" "Mozilla/5.0 (Macintosh; Intel Mac OS X 10_12_1) AppleWebKit/537.36 (KHTML, like Gecko) Chrome/53.0.2806.63 Safari/537.36"
92.255.209.234 - - [14/Aug/2026:00:01:18 +0300] "GET /564a7e87e18c.php HTTP/1.1" 404 - "-" "Mozilla/5.0 (Macintosh; Intel Mac OS X 10_8_4) AppleWebKit/537.36 (KHTML, like Gecko) Chrome/56.0.2964.91 Safari/537.36"
66.249.66.45 - - [14/Aug/2026:00:05:54 +0300] "GET /index.php/en/kainos-ir-uzimtumas/sodybos-uzimtumas?iccaldate=3170-10-1 HTTP/1.1" 404 - "-" "Mozilla/5.0 (Linux; Android 6.0.1; Nexus 5X Build/MMB29P) AppleWebKit/537.36 (KHTML, like Gecko) Chrome/150.0.7871.186 Mobile Safari/537.36 (compatible; Googlebot/2.1; +http://www.google.com/bot.html)"
52.203.136.146 - - [14/Aug/2026:00:16:06 +0300] "GET / HTTP/1.1" 404 - "-" "Mozilla/5.0 (Windows NT 6.1; WOW64) AppleWebKit/537.36 (KHTML, like Gecko) Chrome/46.0.2490.80 Safari/537.36"
66.249.66.44 - - [14/Aug/2026:00:19:38 +0300] "GET /index.php/en/kainos-ir-uzimtumas/sodybos-uzimtumas?iccaldate=498-04-1 HTTP/1.1" 404 - "-" "Mozilla/5.0 (Linux; Android 6.0.1; Nexus 5X Build/MMB29P) AppleWebKit/537.36 (KHTML, like Gecko) Chrome/150.0.7871.186 Mobile Safari/537.36 (compatible; Googlebot/2.1; +http://www.google.com/bot.html)"
144.31.226.178 - - [14/Aug/2026:00:25:11 +0300] "GET /564a7e87e18c.php HTTP/1.1" 404 - "-" "Mozilla/5.0 (Macintosh; Intel Mac OS X 10.9; rv:47.0) Gecko/20100101 Firefox/47.0"
66.249.66.43 - - [14/Aug/2026:00:47:37 +0300] "GET /index.php?search/detail/GoodID/013371874010 HTTP/1.1" 404 - "-" "Mozilla/5.0 (Linux; Android 6.0.1; Nexus 5X Build/MMB29P) AppleWebKit/537.36 (KHTML, like Gecko) Chrome/150.0.7871.186 Mobile Safari/537.36 (compatible; Googlebot/2.1; +http://www.google.com/bot.html)"
66.249.66.44 - - [14/Aug/2026:01:03:32 +0300] "GET /index.php?search/detail/GoodID/052637799507 HTTP/1.1" 404 - "-" "Mozilla/5.0 (Linux; Android 6.0.1; Nexus 5X Build/MMB29P) AppleWebKit/537.36 (KHTML, like Gecko) Chrome/150.0.7871.186 Mobile Safari/537.36 (compatible; Googlebot/2.1; +http://www.google.com/bot.html)"
66.249.66.44 - - [14/Aug/2026:01:04:45 +0300] "GET /index.php?GameID=2026-07-14/valqzv.html HTTP/1.1" 404 - "-" "Mozilla/5.0 (Linux; Android 6.0.1; Nexus 5X Build/MMB29P) AppleWebKit/537.36 (KHTML, like Gecko) Chrome/150.0.7871.186 Mobile Safari/537.36 (compatible; Googlebot/2.1; +http://www.google.com/bot.html)"
66.249.66.44 - - [14/Aug/2026:01:42:30 +0300] "GET /index.php?GameID=2026-07-24/tsqxqs.html HTTP/1.1" 404 - "-" "Mozilla/5.0 (Linux; Android 6.0.1; Nexus 5X Build/MMB29P) AppleWebKit/537.36 (KHTML, like Gecko) Chrome/150.0.7871.186 Mobile Safari/537.36 (compatible; Googlebot/2.1; +http://www.google.com/bot.html)"
66.249.66.45 - - [14/Aug/2026:01:43:44 +0300] "GET /index.php/en/kainos-ir-uzimtumas/sodybos-uzimtumas?iccaldate=3952-3-1 HTTP/1.1" 404 - "-" "Mozilla/5.0 (Linux; Android 6.0.1; Nexus 5X Build/MMB29P) AppleWebKit/537.36 (KHTML, like Gecko) Chrome/150.0.7871.186 Mobile Safari/537.36 (compatible; Googlebot/2.1; +http://www.google.com/bot.html)"
66.249.66.43 - - [14/Aug/2026:02:09:03 +0300] "GET /index.php/ru/kainos-ir-uzimtumas/sodybos-uzimtumas?iccaldate=3765-5-1 HTTP/1.1" 404 - "-" "Mozilla/5.0 (Linux; Android 6.0.1; Nexus 5X Build/MMB29P) AppleWebKit/537.36 (KHTML, like Gecko) Chrome/150.0.7871.186 Mobile Safari/537.36 (compatible; Googlebot/2.1; +http://www.google.com/bot.html)"
66.249.66.43 - - [14/Aug/2026:02:17:24 +0300] "GET /index.php/en/kainos-ir-uzimtumas/sodybos-uzimtumas?iccaldate=413-09-1 HTTP/1.1" 404 - "-" "Mozilla/5.0 (Linux; Android 6.0.1; Nexus 5X Build/MMB29P) AppleWebKit/537.36 (KHTML, like Gecko) Chrome/150.0.7871.186 Mobile Safari/537.36 (compatible; Googlebot/2.1; +http://www.google.com/bot.html)"
66.249.66.45 - - [14/Aug/2026:02:23:35 +0300] "GET /index.php/ru/kainos-ir-uzimtumas/sodybos-uzimtumas?iccaldate=3933-08-1 HTTP/1.1" 404 - "-" "Mozilla/5.0 (Linux; Android 6.0.1; Nexus 5X Build/MMB29P) AppleWebKit/537.36 (KHTML, like Gecko) Chrome/150.0.7871.186 Mobile Safari/537.36 (compatible; Googlebot/2.1; +http://www.google.com/bot.html)"
79.139.252.157 - - [14/Aug/2026:02:37:56 +0300] "GET /564a7e87e18c.php HTTP/1.1" 404 - "-" "Mozilla/5.0 (Windows NT 6.1; Win64; x64; Trident/7.0; rv:11.0) like Gecko"
79.139.252.157 - - [14/Aug/2026:02:37:56 +0300] "GET /564a7e87e18c.php HTTP/1.1" 404 - "-" "Mozilla/5.0 (X11; Linux i686 on x86_64) AppleWebKit/537.36 (KHTML, like Gecko) Chrome/51.0.2725.71 Safari/537.36"
66.249.66.44 - - [14/Aug/2026:02:38:40 +0300] "GET /index.php/ru/kainos-ir-uzimtumas/sodybos-uzimtumas?iccaldate=3031-11-1 HTTP/1.1" 404 - "-" "Mozilla/5.0 (Linux; Android 6.0.1; Nexus 5X Build/MMB29P) AppleWebKit/537.36 (KHTML, like Gecko) Chrome/150.0.7871.186 Mobile Safari/537.36 (compatible; Googlebot/2.1; +http://www.google.com/bot.html)"
66.249.66.43 - - [14/Aug/2026:02:52:17 +0300] "GET /index.php/en/kainos-ir-uzimtumas/sodybos-uzimtumas?iccaldate=0518-4-1 HTTP/1.1" 404 - "-" "Mozilla/5.0 (Linux; Android 6.0.1; Nexus 5X Build/MMB29P) AppleWebKit/537.36 (KHTML, like Gecko) Chrome/150.0.7871.186 Mobile Safari/537.36 (compatible; Googlebot/2.1; +http://www.google.com/bot.html)"
66.249.66.45 - - [14/Aug/2026:03:00:40 +0300] "GET /index.php/en/kainos-ir-uzimtumas/sodybos-uzimtumas?iccaldate=3946-04-1 HTTP/1.1" 404 - "-" "Mozilla/5.0 (Linux; Android 6.0.1; Nexus 5X Build/MMB29P) AppleWebKit/537.36 (KHTML, like Gecko) Chrome/150.0.7871.186 Mobile Safari/537.36 (compatible; Googlebot/2.1; +http://www.google.com/bot.html)"
66.249.66.44 - - [14/Aug/2026:03:20:00 +0300] "GET /index.php/ru/kainos-ir-uzimtumas/sodybos-uzimtumas?iccaldate=3937-02-1 HTTP/1.1" 404 - "-" "Mozilla/5.0 (Linux; Android 6.0.1; Nexus 5X Build/MMB29P) AppleWebKit/537.36 (KHTML, like Gecko) Chrome/150.0.7871.186 Mobile Safari/537.36 (compatible; Googlebot/2.1; +http://www.google.com/bot.html)"
66.249.66.45 - - [14/Aug/2026:03:31:45 +0300] "GET /index.php/en/kainos-ir-uzimtumas/sodybos-uzimtumas?iccaldate=3934-04-1 HTTP/1.1" 404 - "-" "Mozilla/5.0 (Linux; Android 6.0.1; Nexus 5X Build/MMB29P) AppleWebKit/537.36 (KHTML, like Gecko) Chrome/150.0.7871.186 Mobile Safari/537.36 (compatible; Googlebot/2.1; +http://www.google.com/bot.html)"
66.249.66.45 - - [14/Aug/2026:03:34:12 +0300] "GET /index.php?search/detail/GoodID/053444809636 HTTP/1.1" 404 - "-" "Mozilla/5.0 (compatible; Googlebot/2.1; +http://www.google.com/bot.html)"
66.249.66.45 - - [14/Aug/2026:03:55:47 +0300] "GET /index.php/kainos-ir-uzimtumas/sodybos-uzimtumas?iccaldate=3934-04-1 HTTP/1.1" 404 - "-" "Mozilla/5.0 (Linux; Android 6.0.1; Nexus 5X Build/MMB29P) AppleWebKit/537.36 (KHTML, like Gecko) Chrome/150.0.7871.186 Mobile Safari/537.36 (compatible; Googlebot/2.1; +http://www.google.com/bot.html)"
66.249.66.199 - - [14/Aug/2026:04:01:40 +0300] "GET /index.php/en/kainos-ir-uzimtumas/sodybos-uzimtumas?iccaldate=3944-05-1 HTTP/1.1" 404 - "-" "Mozilla/5.0 (Linux; Android 6.0.1; Nexus 5X Build/MMB29P) AppleWebKit/537.36 (KHTML, like Gecko) Chrome/150.0.7871.186 Mobile Safari/537.36 (compatible; Googlebot/2.1; +http://www.google.com/bot.html)"
66.249.66.45 - - [14/Aug/2026:04:10:07 +0300] "GET /index.php/kainos-ir-uzimtumas/sodybos-uzimtumas?iccaldate=3940-01-1 HTTP/1.1" 404 - "-" "Mozilla/5.0 (Linux; Android 6.0.1; Nexus 5X Build/MMB29P) AppleWebKit/537.36 (KHTML, like Gecko) Chrome/150.0.7871.186 Mobile Safari/537.36 (compatible; Googlebot/2.1; +http://www.google.com/bot.html)"
66.249.66.44 - - [14/Aug/2026:04:34:58 +0300] "GET /index.php/en/kainos-ir-uzimtumas/sodybos-uzimtumas?iccaldate=3382-5-1 HTTP/1.1" 404 - "-" "Mozilla/5.0 (Linux; Android 6.0.1; Nexus 5X Build/MMB29P) AppleWebKit/537.36 (KHTML, like Gecko) Chrome/150.0.7871.186 Mobile Safari/537.36 (compatible; Googlebot/2.1; +http://www.google.com/bot.html)"
66.249.66.43 - - [14/Aug/2026:04:36:51 +0300] "GET /index.php?search/detail/GoodID/153996907297 HTTP/1.1" 404 - "-" "Mozilla/5.0 (Linux; Android 6.0.1; Nexus 5X Build/MMB29P) AppleWebKit/537.36 (KHTML, like Gecko) Chrome/150.0.7871.186 Mobile Safari/537.36 (compatible; Googlebot/2.1; +http://www.google.com/bot.html)"
66.249.66.43 - - [14/Aug/2026:04:47:43 +0300] "GET /index.php?GameID=2026-07-22/wplsyh.html HTTP/1.1" 404 - "-" "Mozilla/5.0 (Linux; Android 6.0.1; Nexus 5X Build/MMB29P) AppleWebKit/537.36 (KHTML, like Gecko) Chrome/150.0.7871.186 Mobile Safari/537.36 (compatible; Googlebot/2.1; +http://www.google.com/bot.html)"
66.249.66.43 - - [14/Aug/2026:04:49:43 +0300] "GET /index.php/en/kainos-ir-uzimtumas/sodybos-uzimtumas?iccaldate=4721-11-1 HTTP/1.1" 404 - "-" "Mozilla/5.0 (Linux; Android 6.0.1; Nexus 5X Build/MMB29P) AppleWebKit/537.36 (KHTML, like Gecko) Chrome/150.0.7871.186 Mobile Safari/537.36 (compatible; Googlebot/2.1; +http://www.google.com/bot.html)"
66.249.66.45 - - [14/Aug/2026:05:08:36 +0300] "GET /index.php?search/detail/GoodID/283236382665 HTTP/1.1" 200 207528 "-" "Mozilla/5.0 (Linux; Android 6.0.1; Nexus 5X Build/MMB29P) AppleWebKit/537.36 (KHTML, like Gecko) Chrome/150.0.7871.186 Mobile Safari/537.36 (compatible; Googlebot/2.1; +http://www.google.com/bot.html)"
66.249.66.44 - - [14/Aug/2026:05:11:54 +0300] "GET /index.php?search/detail/GoodID/033929554745 HTTP/1.1" 200 211672 "-" "Mozilla/5.0 (compatible; Googlebot/2.1; +http://www.google.com/bot.html)"
47.82.10.51 - - [14/Aug/2026:05:27:02 +0300] "GET /robots.txt HTTP/1.1" 200 146 "-" "Mozilla/5.0 (Macintosh; Intel Mac OS X 10_15_7) AppleWebKit/537.36 (KHTML, like Gecko) Chrome/128.0.0.0 Safari/537.36"
47.82.10.51 - - [14/Aug/2026:05:27:04 +0300] "GET /sitemap.xml HTTP/1.1" 200 2023 "-" "Mozilla/5.0 (Macintosh; Intel Mac OS X 10_15_7) AppleWebKit/537.36 (KHTML, like Gecko) Chrome/128.0.0.0 Safari/537.36"
47.82.10.51 - - [14/Aug/2026:05:27:04 +0300] "GET /?sitemap-941.xml HTTP/1.1" 200 204797 "-" "Mozilla/5.0 (Macintosh; Intel Mac OS X 10_15_7) AppleWebKit/537.36 (KHTML, like Gecko) Chrome/128.0.0.0 Safari/537.36"
47.82.10.51 - - [14/Aug/2026:05:27:08 +0300] "GET /?sitemap-654.xml HTTP/1.1" 200 205167 "-" "Mozilla/5.0 (Macintosh; Intel Mac OS X 10_15_7) AppleWebKit/537.36 (KHTML, like Gecko) Chrome/128.0.0.0 Safari/537.36"
47.82.10.51 - - [14/Aug/2026:05:27:11 +0300] "GET /?sitemap-518.xml HTTP/1.1" 200 204674 "-" "Mozilla/5.0 (Macintosh; Intel Mac OS X 10_15_7) AppleWebKit/537.36 (KHTML, like Gecko) Chrome/128.0.0.0 Safari/537.36"
47.82.10.51 - - [14/Aug/2026:05:27:15 +0300] "GET /?sitemap-685.xml HTTP/1.1" 200 204994 "-" "Mozilla/5.0 (Macintosh; Intel Mac OS X 10_15_7) AppleWebKit/537.36 (KHTML, like Gecko) Chrome/128.0.0.0 Safari/537.36"
47.82.10.51 - - [14/Aug/2026:05:27:17 +0300] "GET /?sitemap-922.xml HTTP/1.1" 200 205880 "-" "Mozilla/5.0 (Macintosh; Intel Mac OS X 10_15_7) AppleWebKit/537.36 (KHTML, like Gecko) Chrome/128.0.0.0 Safari/537.36"
47.82.10.51 - - [14/Aug/2026:05:27:20 +0300] "GET /?sitemap-629.xml HTTP/1.1" 200 204966 "-" "Mozilla/5.0 (Macintosh; Intel Mac OS X 10_15_7) AppleWebKit/537.36 (KHTML, like Gecko) Chrome/128.0.0.0 Safari/537.36"
47.82.10.51 - - [14/Aug/2026:05:27:23 +0300] "GET /?sitemap-186.xml HTTP/1.1" 200 206026 "-" "Mozilla/5.0 (Macintosh; Intel Mac OS X 10_15_7) AppleWebKit/537.36 (KHTML, like Gecko) Chrome/128.0.0.0 Safari/537.36"
47.82.10.51 - - [14/Aug/2026:05:27:26 +0300] "GET /?sitemap-422.xml HTTP/1.1" 200 205880 "-" "Mozilla/5.0 (Macintosh; Intel Mac OS X 10_15_7) AppleWebKit/537.36 (KHTML, like Gecko) Chrome/128.0.0.0 Safari/537.36"
47.82.10.51 - - [14/Aug/2026:05:27:28 +0300] "GET /?sitemap-765.xml HTTP/1.1" 200 204890 "-" "Mozilla/5.0 (Macintosh; Intel Mac OS X 10_15_7) AppleWebKit/537.36 (KHTML, like Gecko) Chrome/128.0.0.0 Safari/537.36"
