47.82.10.51 - - [14/Aug/2026:05:27:32 +0300] "GET /?sitemap-249.xml HTTP/1.1" 200 204825 "-" "Mozilla/5.0 (Macintosh; Intel Mac OS X 10_15_7) AppleWebKit/537.36 (KHTML, like Gecko) Chrome/128.0.0.0 Safari/537.36"
47.82.10.51 - - [14/Aug/2026:05:27:35 +0300] "GET /?sitemap-973.xml HTTP/1.1" 200 204671 "-" "Mozilla/5.0 (Macintosh; Intel Mac OS X 10_15_7) AppleWebKit/537.36 (KHTML, like Gecko) Chrome/128.0.0.0 Safari/537.36"
47.82.10.51 - - [14/Aug/2026:05:27:39 +0300] "GET /?sitemap-695.xml HTTP/1.1" 200 204826 "-" "Mozilla/5.0 (Macintosh; Intel Mac OS X 10_15_7) AppleWebKit/537.36 (KHTML, like Gecko) Chrome/128.0.0.0 Safari/537.36"
47.82.10.51 - - [14/Aug/2026:05:27:40 +0300] "GET /?sitemap-764.xml HTTP/1.1" 200 204797 "-" "Mozilla/5.0 (Macintosh; Intel Mac OS X 10_15_7) AppleWebKit/537.36 (KHTML, like Gecko) Chrome/128.0.0.0 Safari/537.36"
47.82.10.51 - - [14/Aug/2026:05:27:42 +0300] "GET /?sitemap-318.xml HTTP/1.1" 200 204588 "-" "Mozilla/5.0 (Macintosh; Intel Mac OS X 10_15_7) AppleWebKit/537.36 (KHTML, like Gecko) Chrome/128.0.0.0 Safari/537.36"
47.82.10.51 - - [14/Aug/2026:05:27:45 +0300] "GET /?sitemap-567.xml HTTP/1.1" 200 205880 "-" "Mozilla/5.0 (Macintosh; Intel Mac OS X 10_15_7) AppleWebKit/537.36 (KHTML, like Gecko) Chrome/128.0.0.0 Safari/537.36"
47.82.10.51 - - [14/Aug/2026:05:27:50 +0300] "GET /?sitemap-639.xml HTTP/1.1" 200 205880 "-" "Mozilla/5.0 (Macintosh; Intel Mac OS X 10_15_7) AppleWebKit/537.36 (KHTML, like Gecko) Chrome/128.0.0.0 Safari/537.36"
47.82.10.51 - - [14/Aug/2026:05:27:54 +0300] "GET /?sitemap-125.xml HTTP/1.1" 200 205342 "-" "Mozilla/5.0 (Macintosh; Intel Mac OS X 10_15_7) AppleWebKit/537.36 (KHTML, like Gecko) Chrome/128.0.0.0 Safari/537.36"
47.82.10.51 - - [14/Aug/2026:05:27:58 +0300] "GET /?sitemap-shops.xml HTTP/1.1" 200 205628 "-" "Mozilla/5.0 (Macintosh; Intel Mac OS X 10_15_7) AppleWebKit/537.36 (KHTML, like Gecko) Chrome/128.0.0.0 Safari/537.36"
66.249.66.45 - - [14/Aug/2026:05:29:33 +0300] "GET /index.php?ru/kainos-ir-uzimtumas/sodybos-uzimtumas?iccaldate=5021-7-1 HTTP/1.1" 200 205538 "-" "Mozilla/5.0 (compatible; Googlebot/2.1; +http://www.google.com/bot.html)"
193.29.139.147 - - [14/Aug/2026:05:30:49 +0300] "GET / HTTP/1.1" 500 - "-" "Mozilla/5.0 (Windows NT 6.2; Win64; x64; rv:51.0) Gecko/20100101 Firefox/51.0"
193.29.139.147 - - [14/Aug/2026:05:30:50 +0300] "GET / HTTP/1.1" 500 - "-" "Mozilla/5.0 (Windows NT 6.1; WOW64; rv:47.0) Gecko/20100101 Firefox/47.0"
20.250.27.191 - - [14/Aug/2026:05:38:02 +0300] "GET /wp-content/plugins/hellopress/wp_filemanager.php HTTP/1.1" 500 - "-" "-"
20.250.27.191 - - [14/Aug/2026:05:38:04 +0300] "GET /this_is_a_new_hello_world.php HTTP/1.1" 500 - "-" "-"
20.250.27.191 - - [14/Aug/2026:05:38:07 +0300] "GET /4PJcpMFsD8B.php HTTP/1.1" 500 - "-" "-"
20.250.27.191 - - [14/Aug/2026:05:38:09 +0300] "GET /3PJcpMFsD8B.php HTTP/1.1" 500 - "-" "-"
20.250.27.191 - - [14/Aug/2026:05:38:11 +0300] "GET /ano.php HTTP/1.1" 500 - "-" "-"
20.250.27.191 - - [14/Aug/2026:05:38:14 +0300] "GET /xx.php HTTP/1.1" 500 - "-" "-"
20.250.27.191 - - [14/Aug/2026:05:38:15 +0300] "GET //av.php HTTP/1.1" 500 - "-" "-"
20.250.27.191 - - [14/Aug/2026:05:38:18 +0300] "GET /media.php HTTP/1.1" 500 - "-" "-"
20.250.27.191 - - [14/Aug/2026:05:38:20 +0300] "GET /images.php HTTP/1.1" 500 - "-" "-"
20.250.27.191 - - [14/Aug/2026:05:38:20 +0300] "GET /admin.php HTTP/1.1" 500 - "-" "-"
20.250.27.191 - - [14/Aug/2026:05:38:21 +0300] "GET /mac.php HTTP/1.1" 500 - "-" "-"
20.250.27.191 - - [14/Aug/2026:05:38:22 +0300] "GET /ops.php HTTP/1.1" 500 - "-" "-"
20.250.27.191 - - [14/Aug/2026:05:38:23 +0300] "GET /coffexium.php HTTP/1.1" 500 - "-" "-"
20.250.27.191 - - [14/Aug/2026:05:38:24 +0300] "GET /coffee.php HTTP/1.1" 500 - "-" "-"
20.250.27.191 - - [14/Aug/2026:05:38:24 +0300] "GET /classwithtostring.php?p= HTTP/1.1" 500 - "-" "-"
20.250.27.191 - - [14/Aug/2026:05:38:25 +0300] "GET /BDKR28WP.php HTTP/1.1" 500 - "-" "-"
20.250.27.191 - - [14/Aug/2026:05:38:26 +0300] "GET /h.php HTTP/1.1" 500 - "-" "-"
20.250.27.191 - - [14/Aug/2026:05:38:26 +0300] "GET /sf.php HTTP/1.1" 500 - "-" "-"
20.250.27.191 - - [14/Aug/2026:05:38:27 +0300] "GET /k.php?p= HTTP/1.1" 500 - "-" "-"
20.250.27.191 - - [14/Aug/2026:05:38:28 +0300] "GET /82.php HTTP/1.1" 500 - "-" "-"
20.250.27.191 - - [14/Aug/2026:05:38:29 +0300] "GET /dex.php HTTP/1.1" 500 - "-" "-"
20.250.27.191 - - [14/Aug/2026:05:38:30 +0300] "GET /jriuaaol.php HTTP/1.1" 500 - "-" "-"
66.249.66.45 - - [14/Aug/2026:06:18:49 +0300] "GET /index.php/ru/kainos-ir-uzimtumas/sodybos-uzimtumas?iccaldate=5085-06-1 HTTP/1.1" 200 227187 "-" "Mozilla/5.0 (compatible; Googlebot/2.1; +http://www.google.com/bot.html)"
66.249.66.45 - - [14/Aug/2026:06:19:19 +0300] "GET /index.php?search/detail/GoodID/22605392232 HTTP/1.1" 200 209479 "-" "Mozilla/5.0 (compatible; Googlebot/2.1; +http://www.google.com/bot.html)"
172.213.18.162 - - [14/Aug/2026:06:22:39 +0300] "GET /wp-content/plugins/hellopress/wp_filemanager.php HTTP/1.1" 500 - "-" "-"
172.213.18.162 - - [14/Aug/2026:06:22:42 +0300] "GET /this_is_a_new_hello_world.php HTTP/1.1" 500 - "-" "-"
172.213.18.162 - - [14/Aug/2026:06:22:46 +0300] "GET /1xmomo.php HTTP/1.1" 500 - "-" "-"
172.213.18.162 - - [14/Aug/2026:06:22:51 +0300] "GET /autoload-mb1mb1.php HTTP/1.1" 500 - "-" "-"
172.213.18.162 - - [14/Aug/2026:06:23:01 +0300] "GET /zjkrv.php HTTP/1.1" 500 - "-" "-"
172.213.18.162 - - [14/Aug/2026:06:23:29 +0300] "GET /cbutehax.php HTTP/1.1" 500 - "-" "-"
66.249.66.44 - - [14/Aug/2026:06:23:32 +0300] "GET /index.php?search/detail/GoodID/102912155060 HTTP/1.1" 200 212701 "-" "Mozilla/5.0 (Linux; Android 6.0.1; Nexus 5X Build/MMB29P) AppleWebKit/537.36 (KHTML, like Gecko) Chrome/150.0.7871.186 Mobile Safari/537.36 (compatible; Googlebot/2.1; +http://www.google.com/bot.html)"
172.213.18.162 - - [14/Aug/2026:06:24:01 +0300] "GET /86.php HTTP/1.1" 500 - "-" "-"
172.213.18.162 - - [14/Aug/2026:06:24:05 +0300] "GET /bk.php HTTP/1.1" 500 - "-" "-"
172.213.18.162 - - [14/Aug/2026:06:24:07 +0300] "GET /166.php HTTP/1.1" 500 - "-" "-"
172.213.18.162 - - [14/Aug/2026:06:24:08 +0300] "GET /Jcrop.php HTTP/1.1" 500 - "-" "-"
172.213.18.162 - - [14/Aug/2026:06:24:12 +0300] "GET /bthil.php HTTP/1.1" 500 - "-" "-"
172.213.18.162 - - [14/Aug/2026:06:24:25 +0300] "GET /drykl.php HTTP/1.1" 500 - "-" "-"
172.213.18.162 - - [14/Aug/2026:06:25:01 +0300] "GET /aaa.php HTTP/1.1" 500 - "-" "-"
172.213.18.162 - - [14/Aug/2026:06:25:04 +0300] "GET /asw.php HTTP/1.1" 500 - "-" "-"
172.213.18.162 - - [14/Aug/2026:06:25:22 +0300] "GET /ettidaxe.php HTTP/1.1" 500 - "-" "-"
172.213.18.162 - - [14/Aug/2026:06:26:06 +0300] "GET /special.php HTTP/1.1" 500 - "-" "-"
172.213.18.162 - - [14/Aug/2026:06:26:08 +0300] "GET /wp-aa.php HTTP/1.1" 500 - "-" "-"
172.213.18.162 - - [14/Aug/2026:06:26:11 +0300] "GET /xx.php HTTP/1.1" 500 - "-" "-"
172.213.18.162 - - [14/Aug/2026:06:26:32 +0300] "GET /ioammdmu.php HTTP/1.1" 500 - "-" "-"
172.213.18.162 - - [14/Aug/2026:06:26:34 +0300] "GET /cmd.php HTTP/1.1" 500 - "-" "-"
172.213.18.162 - - [14/Aug/2026:06:26:47 +0300] "GET /min.php HTTP/1.1" 500 - "-" "-"
172.213.18.162 - - [14/Aug/2026:06:26:50 +0300] "GET /vl.php HTTP/1.1" 500 - "-" "-"
172.213.18.162 - - [14/Aug/2026:06:26:51 +0300] "GET /2x.php HTTP/1.1" 500 - "-" "-"
172.213.18.162 - - [14/Aug/2026:06:26:53 +0300] "GET /z1.php HTTP/1.1" 500 - "-" "-"
66.249.66.44 - - [14/Aug/2026:06:35:56 +0300] "GET /index.php?search/detail/GoodID/132782919085 HTTP/1.1" 200 206561 "-" "Mozilla/5.0 (compatible; Googlebot/2.1; +http://www.google.com/bot.html)"
66.249.66.45 - - [14/Aug/2026:06:40:18 +0300] "GET /index.php/en/kainos-ir-uzimtumas/sodybos-uzimtumas?iccaldate=4574-8-1 HTTP/1.1" 200 217505 "-" "Mozilla/5.0 (Linux; Android 6.0.1; Nexus 5X Build/MMB29P) AppleWebKit/537.36 (KHTML, like Gecko) Chrome/150.0.7871.186 Mobile Safari/537.36 (compatible; Googlebot/2.1; +http://www.google.com/bot.html)"
66.249.66.45 - - [14/Aug/2026:07:13:02 +0300] "GET /index.php?search/detail/GoodID/061619190478 HTTP/1.1" 200 201041 "-" "Mozilla/5.0 (Linux; Android 6.0.1; Nexus 5X Build/MMB29P) AppleWebKit/537.36 (KHTML, like Gecko) Chrome/150.0.7871.186 Mobile Safari/537.36 (compatible; Googlebot/2.1; +http://www.google.com/bot.html)"
66.249.66.43 - - [14/Aug/2026:07:31:46 +0300] "GET /index.php/en/kainos-ir-uzimtumas/sodybos-uzimtumas?iccaldate=1725-7-1 HTTP/1.1" 200 214157 "-" "Mozilla/5.0 (Linux; Android 6.0.1; Nexus 5X Build/MMB29P) AppleWebKit/537.36 (KHTML, like Gecko) Chrome/150.0.7871.186 Mobile Safari/537.36 (compatible; Googlebot/2.1; +http://www.google.com/bot.html)"
66.249.66.43 - - [14/Aug/2026:07:34:05 +0300] "GET /index.php/ru/kainos-ir-uzimtumas/sodybos-uzimtumas?iccaldate=3957-04-1 HTTP/1.1" 200 219550 "-" "Mozilla/5.0 (Linux; Android 6.0.1; Nexus 5X Build/MMB29P) AppleWebKit/537.36 (KHTML, like Gecko) Chrome/150.0.7871.186 Mobile Safari/537.36 (compatible; Googlebot/2.1; +http://www.google.com/bot.html)"
66.249.66.45 - - [14/Aug/2026:07:38:07 +0300] "GET /index.php/kainos-ir-uzimtumas/sodybos-uzimtumas?iccaldate=3949-08-1 HTTP/1.1" 200 248923 "-" "Mozilla/5.0 (Linux; Android 6.0.1; Nexus 5X Build/MMB29P) AppleWebKit/537.36 (KHTML, like Gecko) Chrome/150.0.7871.186 Mobile Safari/537.36 (compatible; Googlebot/2.1; +http://www.google.com/bot.html)"
109.107.178.102 - - [14/Aug/2026:07:40:27 +0300] "GET /564a7e87e18c.php HTTP/1.1" 500 - "-" "Mozilla/5.0 (Windows NT 10.0; WOW64) AppleWebKit/537.36 (KHTML, like Gecko) Chrome/49.0.2624.86 Safari/537.36"
109.107.178.102 - - [14/Aug/2026:07:40:28 +0300] "GET /564a7e87e18c.php HTTP/1.1" 500 - "-" "Mozilla/5.0 (Windows NT 6.2; Trident/7.0; rv:11.0) like Gecko"
92.255.209.234 - - [14/Aug/2026:07:55:20 +0300] "GET /564a7e87e18c.php HTTP/1.1" 500 - "-" "Mozilla/5.0 (X11; Linux x86_64) AppleWebKit/537.36 (KHTML, like Gecko) Chrome/54.0.2873.62 Safari/537.36"
92.255.209.234 - - [14/Aug/2026:07:55:22 +0300] "GET /564a7e87e18c.php HTTP/1.1" 500 - "-" "Mozilla/5.0 (X11; Linux i686) AppleWebKit/537.36 (KHTML, like Gecko) Chrome/52.0.2747.54 Safari/537.36"
66.249.66.45 - - [14/Aug/2026:08:04:11 +0300] "GET /index.php/lt/kainos-ir-uzimtumas/sodybos-uzimtumas?iccaldate=3949-08-1 HTTP/1.1" 200 226514 "-" "Mozilla/5.0 (Linux; Android 6.0.1; Nexus 5X Build/MMB29P) AppleWebKit/537.36 (KHTML, like Gecko) Chrome/150.0.7871.186 Mobile Safari/537.36 (compatible; Googlebot/2.1; +http://www.google.com/bot.html)"
77.91.84.96 - - [14/Aug/2026:08:05:47 +0300] "GET /564a7e87e18c.php HTTP/1.1" 500 - "-" "Mozilla/5.0 (Windows NT 6.2; WOW64) AppleWebKit/537.36 (KHTML, like Gecko) Chrome/51.0.2719.41 Safari/537.36"
77.91.84.96 - - [14/Aug/2026:08:05:52 +0300] "GET /564a7e87e18c.php HTTP/1.1" 500 - "-" "Mozilla/5.0 (Macintosh; Intel Mac OS X 10_12_1) AppleWebKit/537.36 (KHTML, like Gecko) Chrome/49.0.2632.76 Safari/537.36"
66.249.66.43 - - [14/Aug/2026:08:33:20 +0300] "GET /index.php/en/kainos-ir-uzimtumas/sodybos-uzimtumas?iccaldate=1191-05-1 HTTP/1.1" 200 222102 "-" "Mozilla/5.0 (Linux; Android 6.0.1; Nexus 5X Build/MMB29P) AppleWebKit/537.36 (KHTML, like Gecko) Chrome/151.0.7922.137 Mobile Safari/537.36 (compatible; Googlebot/2.1; +http://www.google.com/bot.html)"
66.249.66.43 - - [14/Aug/2026:08:34:23 +0300] "GET /index.php/lt/kainos-ir-uzimtumas/sodybos-uzimtumas?iccaldate=3805-08-1 HTTP/1.1" 200 230548 "-" "Mozilla/5.0 (Linux; Android 6.0.1; Nexus 5X Build/MMB29P) AppleWebKit/537.36 (KHTML, like Gecko) Chrome/150.0.7871.186 Mobile Safari/537.36 (compatible; Googlebot/2.1; +http://www.google.com/bot.html)"
66.249.66.197 - - [14/Aug/2026:08:34:56 +0300] "GET /index.php?search/detail/GoodID/061619190478 HTTP/1.1" 200 201041 "-" "Mozilla/5.0 (Linux; Android 6.0.1; Nexus 5X Build/MMB29P) AppleWebKit/537.36 (KHTML, like Gecko) Chrome/150.0.7871.186 Mobile Safari/537.36 (compatible; Googlebot/2.1; +http://www.google.com/bot.html)"
66.249.66.45 - - [14/Aug/2026:08:35:14 +0300] "GET /index.php/ru/kainos-ir-uzimtumas/sodybos-uzimtumas?GameID=2026-07-19/ocljeo.html HTTP/1.1" 200 219267 "-" "Mozilla/5.0 (Linux; Android 6.0.1; Nexus 5X Build/MMB29P) AppleWebKit/537.36 (KHTML, like Gecko) Chrome/150.0.7871.186 Mobile Safari/537.36 (compatible; Googlebot/2.1; +http://www.google.com/bot.html)"
66.249.66.43 - - [14/Aug/2026:08:35:38 +0300] "GET /index.php?GameID=2026-07-15/jgghcm.html HTTP/1.1" 200 203985 "-" "Mozilla/5.0 (Linux; Android 6.0.1; Nexus 5X Build/MMB29P) AppleWebKit/537.36 (KHTML, like Gecko) Chrome/150.0.7871.186 Mobile Safari/537.36 (compatible; Googlebot/2.1; +http://www.google.com/bot.html)"
66.249.66.43 - - [14/Aug/2026:08:36:19 +0300] "GET /index.php?ID=6764.html HTTP/1.1" 200 203113 "-" "Mozilla/5.0 (Linux; Android 6.0.1; Nexus 5X Build/MMB29P) AppleWebKit/537.36 (KHTML, like Gecko) Chrome/151.0.7922.137 Mobile Safari/537.36 (compatible; Googlebot/2.1; +http://www.google.com/bot.html)"
66.249.66.45 - - [14/Aug/2026:08:38:41 +0300] "GET /index.php?GameID=2026-07-20/uokitk.html HTTP/1.1" 200 204114 "-" "Mozilla/5.0 (Linux; Android 6.0.1; Nexus 5X Build/MMB29P) AppleWebKit/537.36 (KHTML, like Gecko) Chrome/150.0.7871.186 Mobile Safari/537.36 (compatible; Googlebot/2.1; +http://www.google.com/bot.html)"
66.249.66.44 - - [14/Aug/2026:08:39:49 +0300] "GET /index.php/en/kainos-ir-uzimtumas/sodybos-uzimtumas?GameID=2026-07-19/3228.html HTTP/1.1" 200 213017 "-" "Mozilla/5.0 (Linux; Android 6.0.1; Nexus 5X Build/MMB29P) AppleWebKit/537.36 (KHTML, like Gecko) Chrome/150.0.7871.186 Mobile Safari/537.36 (compatible; Googlebot/2.1; +http://www.google.com/bot.html)"
66.249.66.45 - - [14/Aug/2026:08:40:25 +0300] "GET /index.php?ID=%ED%86%A0%ED%86%A0%20%ED%95%98%EC%9A%B0%EC%8A%A4%EC%8A%AC%EB%A1%AF%EB%B3%B4%EC%A6%9D.html HTTP/1.1" 200 217617 "-" "Mozilla/5.0 (Linux; Android 6.0.1; Nexus 5X Build/MMB29P) AppleWebKit/537.36 (KHTML, like Gecko) Chrome/150.0.7871.186 Mobile Safari/537.36 (compatible; Googlebot/2.1; +http://www.google.com/bot.html)"
66.249.66.43 - - [14/Aug/2026:08:42:51 +0300] "GET /index.php?ru/kainos-ir-uzimtumas/sodybos-uzimtumas?iccaldate=1735-3-1 HTTP/1.1" 200 201543 "-" "Mozilla/5.0 (compatible; Googlebot/2.1; +http://www.google.com/bot.html)"
66.249.66.43 - - [14/Aug/2026:08:44:23 +0300] "GET /index.php?GameID=2026-07-21/dyijyv.html HTTP/1.1" 200 208098 "-" "Mozilla/5.0 (Linux; Android 6.0.1; Nexus 5X Build/MMB29P) AppleWebKit/537.36 (KHTML, like Gecko) Chrome/150.0.7871.186 Mobile Safari/537.36 (compatible; Googlebot/2.1; +http://www.google.com/bot.html)"
66.249.66.44 - - [14/Aug/2026:08:53:41 +0300] "GET /index.php/ru/kainos-ir-uzimtumas/sodybos-uzimtumas?iccaldate=3940-02-1 HTTP/1.1" 200 215078 "-" "Mozilla/5.0 (Linux; Android 6.0.1; Nexus 5X Build/MMB29P) AppleWebKit/537.36 (KHTML, like Gecko) Chrome/150.0.7871.186 Mobile Safari/537.36 (compatible; Googlebot/2.1; +http://www.google.com/bot.html)"
66.249.66.43 - - [14/Aug/2026:08:55:05 +0300] "GET /index.php?GameID=2026-07-14/ecvcby.html HTTP/1.1" 200 203753 "-" "Mozilla/5.0 (Linux; Android 6.0.1; Nexus 5X Build/MMB29P) AppleWebKit/537.36 (KHTML, like Gecko) Chrome/150.0.7871.186 Mobile Safari/537.36 (compatible; Googlebot/2.1; +http://www.google.com/bot.html)"
66.249.66.43 - - [14/Aug/2026:09:02:06 +0300] "GET /robots.txt HTTP/1.1" 200 149 "-" "Mozilla/5.0 (compatible; Googlebot/2.1; +http://www.google.com/bot.html)"
66.249.66.43 - - [14/Aug/2026:09:02:08 +0300] "GET /index.php?GameID=2026-07-14/fslouf.html HTTP/1.1" 200 207044 "-" "Mozilla/5.0 (Linux; Android 6.0.1; Nexus 5X Build/MMB29P) AppleWebKit/537.36 (KHTML, like Gecko) Chrome/150.0.7871.186 Mobile Safari/537.36 (compatible; Googlebot/2.1; +http://www.google.com/bot.html)"
66.249.66.44 - - [14/Aug/2026:09:10:08 +0300] "GET /index.php?GameID=2026-07-20/wxolzg.html HTTP/1.1" 200 211967 "-" "Mozilla/5.0 (Linux; Android 6.0.1; Nexus 5X Build/MMB29P) AppleWebKit/537.36 (KHTML, like Gecko) Chrome/150.0.7871.186 Mobile Safari/537.36 (compatible; Googlebot/2.1; +http://www.google.com/bot.html)"
66.249.66.45 - - [14/Aug/2026:09:13:37 +0300] "GET /index.php/ru/kainos-ir-uzimtumas/sodybos-uzimtumas?GameID=2026-07-23/cwtbnp.html HTTP/1.1" 200 222101 "-" "Mozilla/5.0 (Linux; Android 6.0.1; Nexus 5X Build/MMB29P) AppleWebKit/537.36 (KHTML, like Gecko) Chrome/150.0.7871.186 Mobile Safari/537.36 (compatible; Googlebot/2.1; +http://www.google.com/bot.html)"
5.255.102.165 - - [14/Aug/2026:09:17:44 +0300] "GET / HTTP/1.1" 500 - "-" "Mozilla/5.0 (Windows NT 6.3; Win64; x64; rv:49.0) Gecko/20100101 Firefox/49.0"
66.249.66.44 - - [14/Aug/2026:09:20:31 +0300] "GET /index.php/en/kainos-ir-uzimtumas/sodybos-uzimtumas?GameID=2026-07-22/fivivq.html HTTP/1.1" 200 220540 "-" "Mozilla/5.0 (Linux; Android 6.0.1; Nexus 5X Build/MMB29P) AppleWebKit/537.36 (KHTML, like Gecko) Chrome/150.0.7871.186 Mobile Safari/537.36 (compatible; Googlebot/2.1; +http://www.google.com/bot.html)"
66.249.66.44 - - [14/Aug/2026:09:21:07 +0300] "GET /index.php/en/kainos-ir-uzimtumas/sodybos-uzimtumas?iccaldate=1902-4-1 HTTP/1.1" 200 219559 "-" "Mozilla/5.0 (Linux; Android 6.0.1; Nexus 5X Build/MMB29P) AppleWebKit/537.36 (KHTML, like Gecko) Chrome/150.0.7871.186 Mobile Safari/537.36 (compatible; Googlebot/2.1; +http://www.google.com/bot.html)"
66.249.66.45 - - [14/Aug/2026:09:28:52 +0300] "GET /index.php/ru/kainos-ir-uzimtumas/sodybos-uzimtumas?GameID=2026-07-07/9293.html HTTP/1.1" 200 217083 "-" "Mozilla/5.0 (Linux; Android 6.0.1; Nexus 5X Build/MMB29P) AppleWebKit/537.36 (KHTML, like Gecko) Chrome/150.0.7871.186 Mobile Safari/537.36 (compatible; Googlebot/2.1; +http://www.google.com/bot.html)"
66.249.66.43 - - [14/Aug/2026:09:32:19 +0300] "GET /index.php/en/kainos-ir-uzimtumas/sodybos-uzimtumas?GameID=2026-07-19/611.html HTTP/1.1" 200 219015 "-" "Mozilla/5.0 (Linux; Android 6.0.1; Nexus 5X Build/MMB29P) AppleWebKit/537.36 (KHTML, like Gecko) Chrome/150.0.7871.186 Mobile Safari/537.36 (compatible; Googlebot/2.1; +http://www.google.com/bot.html)"
66.249.66.43 - - [14/Aug/2026:09:56:20 +0300] "GET /index.php?GameID=2026-07-18/4938.html HTTP/1.1" 200 208404 "-" "Mozilla/5.0 (Linux; Android 6.0.1; Nexus 5X Build/MMB29P) AppleWebKit/537.36 (KHTML, like Gecko) Chrome/150.0.7871.186 Mobile Safari/537.36 (compatible; Googlebot/2.1; +http://www.google.com/bot.html)"
66.249.66.44 - - [14/Aug/2026:09:58:28 +0300] "GET /index.php/en/kainos-ir-uzimtumas/sodybos-uzimtumas?iccaldate=4283-7-1 HTTP/1.1" 200 232886 "-" "Mozilla/5.0 (Linux; Android 6.0.1; Nexus 5X Build/MMB29P) AppleWebKit/537.36 (KHTML, like Gecko) Chrome/150.0.7871.186 Mobile Safari/537.36 (compatible; Googlebot/2.1; +http://www.google.com/bot.html)"
66.249.66.45 - - [14/Aug/2026:10:03:16 +0300] "GET /index.php/ru/kainos-ir-uzimtumas/sodybos-uzimtumas?GameID=2026-07-19/3574.html HTTP/1.1" 200 214823 "-" "Mozilla/5.0 (Linux; Android 6.0.1; Nexus 5X Build/MMB29P) AppleWebKit/537.36 (KHTML, like Gecko) Chrome/150.0.7871.186 Mobile Safari/537.36 (compatible; Googlebot/2.1; +http://www.google.com/bot.html)"
66.249.66.45 - - [14/Aug/2026:10:25:12 +0300] "GET /index.php/lt/kainos-ir-uzimtumas/sodybos-uzimtumas?iccaldate=3870-08-1 HTTP/1.1" 200 219737 "-" "Mozilla/5.0 (Linux; Android 6.0.1; Nexus 5X Build/MMB29P) AppleWebKit/537.36 (KHTML, like Gecko) Chrome/150.0.7871.186 Mobile Safari/537.36 (compatible; Googlebot/2.1; +http://www.google.com/bot.html)"
144.31.226.177 - - [14/Aug/2026:10:27:18 +0300] "GET /564a7e87e18c.php HTTP/1.1" 500 - "-" "Mozilla/5.0 (Macintosh; Intel Mac OS X 10_10_4) AppleWebKit/537.36 (KHTML, like Gecko) Chrome/51.0.2705.51 Safari/537.36"
66.249.66.45 - - [14/Aug/2026:10:32:30 +0300] "GET /index.php/kainos-ir-uzimtumas/sodybos-uzimtumas?iccaldate=4270-2-1 HTTP/1.1" 200 213524 "-" "Mozilla/5.0 (Linux; Android 6.0.1; Nexus 5X Build/MMB29P) AppleWebKit/537.36 (KHTML, like Gecko) Chrome/150.0.7871.186 Mobile Safari/537.36 (compatible; Googlebot/2.1; +http://www.google.com/bot.html)"
66.249.66.44 - - [14/Aug/2026:10:38:11 +0300] "GET /index.php/en/kainos-ir-uzimtumas/sodybos-uzimtumas?iccaldate=4711-10-1 HTTP/1.1" 200 217932 "-" "Mozilla/5.0 (Linux; Android 6.0.1; Nexus 5X Build/MMB29P) AppleWebKit/537.36 (KHTML, like Gecko) Chrome/150.0.7871.186 Mobile Safari/537.36 (compatible; Googlebot/2.1; +http://www.google.com/bot.html)"
66.249.66.43 - - [14/Aug/2026:10:39:11 +0300] "GET /index.php/ru/kainos-ir-uzimtumas/sodybos-uzimtumas?GameID=2026-07-22/nvpudh.html HTTP/1.1" 200 215405 "-" "Mozilla/5.0 (Linux; Android 6.0.1; Nexus 5X Build/MMB29P) AppleWebKit/537.36 (KHTML, like Gecko) Chrome/150.0.7871.186 Mobile Safari/537.36 (compatible; Googlebot/2.1; +http://www.google.com/bot.html)"
66.249.66.45 - - [14/Aug/2026:10:46:07 +0300] "GET /index.php/en/kainos-ir-uzimtumas/sodybos-uzimtumas?iccaldate=2087-1-1 HTTP/1.1" 200 212188 "-" "Mozilla/5.0 (Linux; Android 6.0.1; Nexus 5X Build/MMB29P) AppleWebKit/537.36 (KHTML, like Gecko) Chrome/150.0.7871.186 Mobile Safari/537.36 (compatible; Googlebot/2.1; +http://www.google.com/bot.html)"
66.249.66.45 - - [14/Aug/2026:10:49:55 +0300] "GET /index.php/kainos-ir-uzimtumas/sodybos-uzimtumas?iccaldate=4268-5-1 HTTP/1.1" 200 216711 "-" "Mozilla/5.0 (Linux; Android 6.0.1; Nexus 5X Build/MMB29P) AppleWebKit/537.36 (KHTML, like Gecko) Chrome/150.0.7871.186 Mobile Safari/537.36 (compatible; Googlebot/2.1; +http://www.google.com/bot.html)"
79.139.252.157 - - [14/Aug/2026:10:50:41 +0300] "GET /564a7e87e18c.php HTTP/1.1" 500 - "-" "Mozilla/5.0 (Macintosh; Intel Mac OS X 10.12; rv:50.0) Gecko/20100101 Firefox/50.0"
79.139.252.157 - - [14/Aug/2026:10:50:41 +0300] "GET /564a7e87e18c.php HTTP/1.1" 500 - "-" "Mozilla/5.0 (Windows NT 5.1; rv:46.0) Gecko/20100101 Firefox/46.0"
66.249.66.44 - - [14/Aug/2026:10:52:58 +0300] "GET /index.php?search/detail/GoodID/27164493517 HTTP/1.1" 200 216972 "-" "Mozilla/5.0 (Linux; Android 6.0.1; Nexus 5X Build/MMB29P) AppleWebKit/537.36 (KHTML, like Gecko) Chrome/150.0.7871.186 Mobile Safari/537.36 (compatible; Googlebot/2.1; +http://www.google.com/bot.html)"