66.249.79.2 - - [12/Sep/2026:22:14:48 +0300] "GET /index.php/pl/?shopdetail/U5177356821 HTTP/1.1" 200 54852 "-" "Mozilla/5.0 (Linux; Android 6.0.1; Nexus 5X Build/MMB29P) AppleWebKit/537.36 (KHTML, like Gecko) Chrome/152.0.7977.82 Mobile Safari/537.36 (compatible; Googlebot/2.1; +http://www.google.com/bot.html)"
66.249.79.2 - - [12/Sep/2026:22:15:40 +0300] "GET /?GameID=2228.html HTTP/1.1" 301 - "-" "Mozilla/5.0 (Linux; Android 6.0.1; Nexus 5X Build/MMB29P) AppleWebKit/537.36 (KHTML, like Gecko) Chrome/152.0.7977.82 Mobile Safari/537.36 (compatible; Googlebot/2.1; +http://www.google.com/bot.html)"
66.249.79.2 - - [12/Sep/2026:22:15:42 +0300] "GET /index.php/pl/?GameID=2228.html HTTP/1.1" 200 54852 "-" "Mozilla/5.0 (Linux; Android 6.0.1; Nexus 5X Build/MMB29P) AppleWebKit/537.36 (KHTML, like Gecko) Chrome/152.0.7977.82 Mobile Safari/537.36 (compatible; Googlebot/2.1; +http://www.google.com/bot.html)"
66.249.79.1 - - [12/Sep/2026:22:15:58 +0300] "GET /?shopdetail/L51791352394 HTTP/1.1" 301 - "-" "Mozilla/5.0 (Linux; Android 6.0.1; Nexus 5X Build/MMB29P) AppleWebKit/537.36 (KHTML, like Gecko) Chrome/152.0.7977.82 Mobile Safari/537.36 (compatible; Googlebot/2.1; +http://www.google.com/bot.html)"
66.249.79.1 - - [12/Sep/2026:22:15:59 +0300] "GET /index.php/pl/?shopdetail/L51791352394 HTTP/1.1" 200 54852 "-" "Mozilla/5.0 (Linux; Android 6.0.1; Nexus 5X Build/MMB29P) AppleWebKit/537.36 (KHTML, like Gecko) Chrome/152.0.7977.82 Mobile Safari/537.36 (compatible; Googlebot/2.1; +http://www.google.com/bot.html)"
157.55.39.57 - - [12/Sep/2026:22:16:57 +0300] "GET /?ID=59200.html HTTP/2.0" 301 - "-" "Mozilla/5.0 AppleWebKit/537.36 (KHTML, like Gecko; compatible; bingbot/2.0; +http://www.bing.com/bingbot.htm) Chrome/116.0.1938.76 Safari/537.36"
66.249.79.1 - - [12/Sep/2026:22:17:44 +0300] "GET /?shopdetail/T51801511323 HTTP/1.1" 301 - "-" "Mozilla/5.0 (compatible; Googlebot/2.1; +http://www.google.com/bot.html)"
66.249.79.1 - - [12/Sep/2026:22:17:45 +0300] "GET /index.php/pl/?shopdetail/T51801511323 HTTP/1.1" 200 54852 "-" "Mozilla/5.0 (compatible; Googlebot/2.1; +http://www.google.com/bot.html)"
157.55.39.57 - - [12/Sep/2026:22:23:37 +0300] "GET /?ID=07517.html HTTP/2.0" 301 - "-" "Mozilla/5.0 AppleWebKit/537.36 (KHTML, like Gecko; compatible; bingbot/2.0; +http://www.bing.com/bingbot.htm) Chrome/116.0.1938.76 Safari/537.36"
66.249.79.1 - - [12/Sep/2026:22:26:31 +0300] "GET /?shopdetail/S51791092498 HTTP/1.1" 301 - "-" "Mozilla/5.0 (compatible; Googlebot/2.1; +http://www.google.com/bot.html)"
66.249.79.2 - - [12/Sep/2026:22:26:34 +0300] "GET /index.php/pl/?shopdetail/S51791092498 HTTP/1.1" 200 54852 "-" "Mozilla/5.0 (compatible; Googlebot/2.1; +http://www.google.com/bot.html)"
66.249.79.2 - - [12/Sep/2026:22:27:36 +0300] "GET /?ID=41971.html HTTP/1.1" 301 - "-" "Mozilla/5.0 (compatible; Googlebot/2.1; +http://www.google.com/bot.html)"
66.249.79.1 - - [12/Sep/2026:22:27:39 +0300] "GET /index.php/pl/?ID=41971.html HTTP/1.1" 200 54852 "-" "Mozilla/5.0 (compatible; Googlebot/2.1; +http://www.google.com/bot.html)"
157.55.39.15 - - [12/Sep/2026:22:28:03 +0300] "GET /?ID=42959.html HTTP/2.0" 301 - "-" "Mozilla/5.0 AppleWebKit/537.36 (KHTML, like Gecko; compatible; bingbot/2.0; +http://www.bing.com/bingbot.htm) Chrome/116.0.1938.76 Safari/537.36"
3.10.87.132 - - [12/Sep/2026:22:30:56 +0300] "GET / HTTP/1.1" 301 - "-" "Mozilla/5.0 (Windows NT 10.0; Win64; x64) AppleWebKit/537.36 (KHTML, like Gecko) Chrome/126.0.0.0 Safari/537.36"
3.10.87.132 - - [12/Sep/2026:22:30:57 +0300] "GET /index.php/pl/ HTTP/1.1" 200 54978 "-" "Mozilla/5.0 (Windows NT 10.0; Win64; x64) AppleWebKit/537.36 (KHTML, like Gecko) Chrome/126.0.0.0 Safari/537.36"
66.249.79.3 - - [12/Sep/2026:22:31:05 +0300] "GET /?shopdetail/I5178949109 HTTP/1.1" 301 - "-" "Mozilla/5.0 (compatible; Googlebot/2.1; +http://www.google.com/bot.html)"
66.249.79.1 - - [12/Sep/2026:22:31:07 +0300] "GET /index.php/pl/?shopdetail/I5178949109 HTTP/1.1" 200 54852 "-" "Mozilla/5.0 (compatible; Googlebot/2.1; +http://www.google.com/bot.html)"
66.249.79.1 - - [12/Sep/2026:22:31:41 +0300] "GET /?shopdetail/Y51791060561 HTTP/1.1" 301 - "-" "Mozilla/5.0 (Linux; Android 6.0.1; Nexus 5X Build/MMB29P) AppleWebKit/537.36 (KHTML, like Gecko) Chrome/152.0.7977.82 Mobile Safari/537.36 (compatible; Googlebot/2.1; +http://www.google.com/bot.html)"
66.249.79.3 - - [12/Sep/2026:22:32:04 +0300] "GET /index.php/pl/?shopdetail/Y51791060561 HTTP/1.1" 200 54852 "-" "Mozilla/5.0 (Linux; Android 6.0.1; Nexus 5X Build/MMB29P) AppleWebKit/537.36 (KHTML, like Gecko) Chrome/152.0.7977.82 Mobile Safari/537.36 (compatible; Googlebot/2.1; +http://www.google.com/bot.html)"
66.249.79.3 - - [12/Sep/2026:22:33:56 +0300] "GET /?shopdetail/F51791108945 HTTP/1.1" 301 - "-" "Mozilla/5.0 (compatible; Googlebot/2.1; +http://www.google.com/bot.html)"
66.249.79.2 - - [12/Sep/2026:22:33:58 +0300] "GET /index.php/pl/?shopdetail/F51791108945 HTTP/1.1" 200 54852 "-" "Mozilla/5.0 (compatible; Googlebot/2.1; +http://www.google.com/bot.html)"
66.249.79.1 - - [12/Sep/2026:22:35:32 +0300] "GET /?shopdetail/D5177228333 HTTP/1.1" 301 - "-" "Mozilla/5.0 (compatible; Googlebot/2.1; +http://www.google.com/bot.html)"
66.249.79.2 - - [12/Sep/2026:22:35:33 +0300] "GET /index.php/pl/?shopdetail/D5177228333 HTTP/1.1" 200 54852 "-" "Mozilla/5.0 (compatible; Googlebot/2.1; +http://www.google.com/bot.html)"
138.246.253.24 - - [12/Sep/2026:22:37:46 +0300] "GET /robots.txt HTTP/1.1" 200 836 "-" "Mozilla/5.0 (Windows NT 10.0; Win64; x64) AppleWebKit/537.36 (KHTML, like Gecko) Chrome/103.0.5060.134 Safari/537.36"
66.249.79.2 - - [12/Sep/2026:22:38:55 +0300] "GET /?shopdetail/D51801648252 HTTP/1.1" 301 - "-" "Mozilla/5.0 (Linux; Android 6.0.1; Nexus 5X Build/MMB29P) AppleWebKit/537.36 (KHTML, like Gecko) Chrome/152.0.7977.82 Mobile Safari/537.36 (compatible; Googlebot/2.1; +http://www.google.com/bot.html)"
66.249.79.3 - - [12/Sep/2026:22:38:57 +0300] "GET /index.php/pl/?shopdetail/D51801648252 HTTP/1.1" 200 54852 "-" "Mozilla/5.0 (Linux; Android 6.0.1; Nexus 5X Build/MMB29P) AppleWebKit/537.36 (KHTML, like Gecko) Chrome/152.0.7977.82 Mobile Safari/537.36 (compatible; Googlebot/2.1; +http://www.google.com/bot.html)"
66.249.79.2 - - [12/Sep/2026:22:39:30 +0300] "GET /?ID=90455.html HTTP/1.1" 301 - "-" "Mozilla/5.0 (Linux; Android 6.0.1; Nexus 5X Build/MMB29P) AppleWebKit/537.36 (KHTML, like Gecko) Chrome/152.0.7977.82 Mobile Safari/537.36 (compatible; Googlebot/2.1; +http://www.google.com/bot.html)"
66.249.79.1 - - [12/Sep/2026:22:39:52 +0300] "GET /index.php/pl/?ID=90455.html HTTP/1.1" 200 54852 "-" "Mozilla/5.0 (Linux; Android 6.0.1; Nexus 5X Build/MMB29P) AppleWebKit/537.36 (KHTML, like Gecko) Chrome/152.0.7977.82 Mobile Safari/537.36 (compatible; Googlebot/2.1; +http://www.google.com/bot.html)"
66.249.79.1 - - [12/Sep/2026:22:39:57 +0300] "GET /templates/it_startup/custom/css-compiled/custom_16.css HTTP/1.1" 200 9093 "https://poznajlitwe.lt/index.php/pl/?ID=90455.html" "Mozilla/5.0 (Linux; Android 6.0.1; Nexus 5X Build/MMB29P) AppleWebKit/537.36 (KHTML, like Gecko) Chrome/152.0.7977.82 Mobile Safari/537.36 (compatible; Googlebot/2.1; +http://www.google.com/bot.html)"
52.167.144.21 - - [12/Sep/2026:22:40:34 +0300] "GET /?ID=93982.html HTTP/2.0" 301 - "-" "Mozilla/5.0 AppleWebKit/537.36 (KHTML, like Gecko; compatible; bingbot/2.0; +http://www.bing.com/bingbot.htm) Chrome/116.0.1938.76 Safari/537.36"
66.249.79.1 - - [12/Sep/2026:22:40:46 +0300] "GET /?shopdetail/I51812296905 HTTP/1.1" 301 - "-" "Mozilla/5.0 (Linux; Android 6.0.1; Nexus 5X Build/MMB29P) AppleWebKit/537.36 (KHTML, like Gecko) Chrome/152.0.7977.82 Mobile Safari/537.36 (compatible; Googlebot/2.1; +http://www.google.com/bot.html)"
66.249.79.3 - - [12/Sep/2026:22:41:03 +0300] "GET /index.php/pl/?shopdetail/I51812296905 HTTP/1.1" 200 54852 "-" "Mozilla/5.0 (Linux; Android 6.0.1; Nexus 5X Build/MMB29P) AppleWebKit/537.36 (KHTML, like Gecko) Chrome/152.0.7977.82 Mobile Safari/537.36 (compatible; Googlebot/2.1; +http://www.google.com/bot.html)"
66.249.79.1 - - [12/Sep/2026:22:41:07 +0300] "GET /media/jui/js/jquery.min.js?d0efd80bfea2835e175d45e9291370bf HTTP/1.1" 200 97646 "https://poznajlitwe.lt/index.php/pl/?shopdetail/I51812296905" "Mozilla/5.0 (Linux; Android 6.0.1; Nexus 5X Build/MMB29P) AppleWebKit/537.36 (KHTML, like Gecko) Chrome/152.0.7977.82 Mobile Safari/537.36 (compatible; Googlebot/2.1; +http://www.google.com/bot.html)"
66.249.79.1 - - [12/Sep/2026:22:41:43 +0300] "GET /?shopdetail/K51822869777 HTTP/1.1" 301 - "-" "Mozilla/5.0 (Linux; Android 6.0.1; Nexus 5X Build/MMB29P) AppleWebKit/537.36 (KHTML, like Gecko) Chrome/152.0.7977.82 Mobile Safari/537.36 (compatible; Googlebot/2.1; +http://www.google.com/bot.html)"
66.249.79.1 - - [12/Sep/2026:22:41:45 +0300] "GET /index.php/pl/?shopdetail/K51822869777 HTTP/1.1" 200 54852 "-" "Mozilla/5.0 (Linux; Android 6.0.1; Nexus 5X Build/MMB29P) AppleWebKit/537.36 (KHTML, like Gecko) Chrome/152.0.7977.82 Mobile Safari/537.36 (compatible; Googlebot/2.1; +http://www.google.com/bot.html)"
66.249.79.1 - - [12/Sep/2026:22:42:55 +0300] "GET /?shopdetail/D5177228333 HTTP/1.1" 301 - "-" "Mozilla/5.0 (compatible; Googlebot/2.1; +http://www.google.com/bot.html)"
66.249.79.1 - - [12/Sep/2026:22:42:58 +0300] "GET /index.php/pl/?shopdetail/D5177228333 HTTP/1.1" 200 54852 "-" "Mozilla/5.0 (compatible; Googlebot/2.1; +http://www.google.com/bot.html)"
66.249.79.2 - - [12/Sep/2026:22:46:27 +0300] "GET /?ID=21273.html HTTP/1.1" 301 - "-" "Mozilla/5.0 (Linux; Android 6.0.1; Nexus 5X Build/MMB29P) AppleWebKit/537.36 (KHTML, like Gecko) Chrome/152.0.7977.82 Mobile Safari/537.36 (compatible; Googlebot/2.1; +http://www.google.com/bot.html)"
66.249.79.2 - - [12/Sep/2026:22:46:28 +0300] "GET /?ID=21273.html HTTP/1.1" 301 - "-" "Mozilla/5.0 (Linux; Android 6.0.1; Nexus 5X Build/MMB29P) AppleWebKit/537.36 (KHTML, like Gecko) Chrome/152.0.7977.82 Mobile Safari/537.36 (compatible; Googlebot/2.1; +http://www.google.com/bot.html)"
66.249.79.3 - - [12/Sep/2026:22:46:30 +0300] "GET /index.php/pl/?ID=21273.html HTTP/1.1" 200 54852 "-" "Mozilla/5.0 (Linux; Android 6.0.1; Nexus 5X Build/MMB29P) AppleWebKit/537.36 (KHTML, like Gecko) Chrome/152.0.7977.82 Mobile Safari/537.36 (compatible; Googlebot/2.1; +http://www.google.com/bot.html)"
66.249.79.1 - - [12/Sep/2026:22:46:32 +0300] "GET /index.php/pl/?ID=21273.html HTTP/1.1" 200 54852 "-" "Mozilla/5.0 (Linux; Android 6.0.1; Nexus 5X Build/MMB29P) AppleWebKit/537.36 (KHTML, like Gecko) Chrome/152.0.7977.82 Mobile Safari/537.36 (compatible; Googlebot/2.1; +http://www.google.com/bot.html)"
66.249.79.1 - - [12/Sep/2026:22:47:40 +0300] "GET /?shopdetail/I5178947482 HTTP/1.1" 301 - "-" "Mozilla/5.0 (compatible; Googlebot/2.1; +http://www.google.com/bot.html)"
66.249.79.1 - - [12/Sep/2026:22:47:41 +0300] "GET /index.php/pl/?shopdetail/I5178947482 HTTP/1.1" 200 54852 "-" "Mozilla/5.0 (compatible; Googlebot/2.1; +http://www.google.com/bot.html)"
66.249.79.1 - - [12/Sep/2026:22:49:58 +0300] "GET /?shopdetail/P51791412922 HTTP/1.1" 301 - "-" "Mozilla/5.0 (Linux; Android 6.0.1; Nexus 5X Build/MMB29P) AppleWebKit/537.36 (KHTML, like Gecko) Chrome/152.0.7977.82 Mobile Safari/537.36 (compatible; Googlebot/2.1; +http://www.google.com/bot.html)"
66.249.79.1 - - [12/Sep/2026:22:49:59 +0300] "GET /index.php/pl/?shopdetail/P51791412922 HTTP/1.1" 200 54852 "-" "Mozilla/5.0 (Linux; Android 6.0.1; Nexus 5X Build/MMB29P) AppleWebKit/537.36 (KHTML, like Gecko) Chrome/152.0.7977.82 Mobile Safari/537.36 (compatible; Googlebot/2.1; +http://www.google.com/bot.html)"
66.249.79.2 - - [12/Sep/2026:22:50:02 +0300] "GET /?shopdetail/K51801838662 HTTP/1.1" 301 - "-" "Mozilla/5.0 (Linux; Android 6.0.1; Nexus 5X Build/MMB29P) AppleWebKit/537.36 (KHTML, like Gecko) Chrome/152.0.7977.82 Mobile Safari/537.36 (compatible; Googlebot/2.1; +http://www.google.com/bot.html)"
66.249.79.2 - - [12/Sep/2026:22:50:03 +0300] "GET /index.php/pl/?shopdetail/K51801838662 HTTP/1.1" 200 54852 "-" "Mozilla/5.0 (Linux; Android 6.0.1; Nexus 5X Build/MMB29P) AppleWebKit/537.36 (KHTML, like Gecko) Chrome/152.0.7977.82 Mobile Safari/537.36 (compatible; Googlebot/2.1; +http://www.google.com/bot.html)"
66.249.79.1 - - [12/Sep/2026:22:50:48 +0300] "GET /?shopdetail/C5178710267 HTTP/1.1" 301 - "-" "Mozilla/5.0 (Linux; Android 6.0.1; Nexus 5X Build/MMB29P) AppleWebKit/537.36 (KHTML, like Gecko) Chrome/152.0.7977.82 Mobile Safari/537.36 (compatible; Googlebot/2.1; +http://www.google.com/bot.html)"
66.249.79.1 - - [12/Sep/2026:22:50:49 +0300] "GET /index.php/pl/?shopdetail/C5178710267 HTTP/1.1" 200 54852 "-" "Mozilla/5.0 (Linux; Android 6.0.1; Nexus 5X Build/MMB29P) AppleWebKit/537.36 (KHTML, like Gecko) Chrome/152.0.7977.82 Mobile Safari/537.36 (compatible; Googlebot/2.1; +http://www.google.com/bot.html)"
66.249.79.1 - - [12/Sep/2026:22:51:43 +0300] "GET /?GameID=2333.html HTTP/1.1" 301 - "-" "Mozilla/5.0 (Linux; Android 6.0.1; Nexus 5X Build/MMB29P) AppleWebKit/537.36 (KHTML, like Gecko) Chrome/152.0.7977.82 Mobile Safari/537.36 (compatible; Googlebot/2.1; +http://www.google.com/bot.html)"
66.249.79.3 - - [12/Sep/2026:22:52:03 +0300] "GET /index.php/pl/?GameID=2333.html HTTP/1.1" 200 54852 "-" "Mozilla/5.0 (Linux; Android 6.0.1; Nexus 5X Build/MMB29P) AppleWebKit/537.36 (KHTML, like Gecko) Chrome/152.0.7977.82 Mobile Safari/537.36 (compatible; Googlebot/2.1; +http://www.google.com/bot.html)"
66.249.79.1 - - [12/Sep/2026:22:52:27 +0300] "GET /?shopdetail/D51812230741 HTTP/1.1" 301 - "-" "Mozilla/5.0 (Linux; Android 6.0.1; Nexus 5X Build/MMB29P) AppleWebKit/537.36 (KHTML, like Gecko) Chrome/152.0.7977.82 Mobile Safari/537.36 (compatible; Googlebot/2.1; +http://www.google.com/bot.html)"
66.249.79.1 - - [12/Sep/2026:22:52:27 +0300] "GET /index.php/pl/?shopdetail/D51812230741 HTTP/1.1" 200 54852 "-" "Mozilla/5.0 (Linux; Android 6.0.1; Nexus 5X Build/MMB29P) AppleWebKit/537.36 (KHTML, like Gecko) Chrome/152.0.7977.82 Mobile Safari/537.36 (compatible; Googlebot/2.1; +http://www.google.com/bot.html)"
51.8.102.211 - - [12/Sep/2026:22:53:54 +0300] "GET /robots.txt HTTP/2.0" 200 836 "-" "Mozilla/5.0 (Macintosh; Intel Mac OS X 10_15_7) AppleWebKit/537.36 (KHTML, like Gecko) Chrome/131.0.0.0 Safari/537.36; compatible; OAI-SearchBot/1.0; +https://openai.com/searchbot"
66.249.79.2 - - [12/Sep/2026:22:57:59 +0300] "GET /?shopdetail/F51791108945 HTTP/1.1" 301 - "-" "Mozilla/5.0 (compatible; Googlebot/2.1; +http://www.google.com/bot.html)"
66.249.79.1 - - [12/Sep/2026:22:58:01 +0300] "GET /index.php/pl/?shopdetail/F51791108945 HTTP/1.1" 200 54852 "-" "Mozilla/5.0 (compatible; Googlebot/2.1; +http://www.google.com/bot.html)"
66.249.79.2 - - [12/Sep/2026:22:58:15 +0300] "GET /?shopdetail/D5177228333 HTTP/1.1" 301 - "-" "Mozilla/5.0 (compatible; Googlebot/2.1; +http://www.google.com/bot.html)"
66.249.79.2 - - [12/Sep/2026:22:58:17 +0300] "GET /index.php/pl/?shopdetail/D5177228333 HTTP/1.1" 200 54852 "-" "Mozilla/5.0 (compatible; Googlebot/2.1; +http://www.google.com/bot.html)"
66.249.79.1 - - [12/Sep/2026:22:59:02 +0300] "GET /?ID=21273.html HTTP/1.1" 301 - "-" "Mozilla/5.0 (Linux; Android 6.0.1; Nexus 5X Build/MMB29P) AppleWebKit/537.36 (KHTML, like Gecko) Chrome/152.0.7977.82 Mobile Safari/537.36 (compatible; Googlebot/2.1; +http://www.google.com/bot.html)"
66.249.79.1 - - [12/Sep/2026:22:59:03 +0300] "GET /?shopdetail/I5178947482 HTTP/1.1" 301 - "-" "Mozilla/5.0 (compatible; Googlebot/2.1; +http://www.google.com/bot.html)"
66.249.79.1 - - [12/Sep/2026:22:59:04 +0300] "GET /index.php/pl/?ID=21273.html HTTP/1.1" 200 54852 "-" "Mozilla/5.0 (Linux; Android 6.0.1; Nexus 5X Build/MMB29P) AppleWebKit/537.36 (KHTML, like Gecko) Chrome/152.0.7977.82 Mobile Safari/537.36 (compatible; Googlebot/2.1; +http://www.google.com/bot.html)"
66.249.79.1 - - [12/Sep/2026:22:59:05 +0300] "GET /index.php/pl/?shopdetail/I5178947482 HTTP/1.1" 200 54852 "-" "Mozilla/5.0 (compatible; Googlebot/2.1; +http://www.google.com/bot.html)"
66.249.79.2 - - [12/Sep/2026:22:59:08 +0300] "GET /?shopdetail/P51791412922 HTTP/1.1" 301 - "-" "Mozilla/5.0 (Linux; Android 6.0.1; Nexus 5X Build/MMB29P) AppleWebKit/537.36 (KHTML, like Gecko) Chrome/152.0.7977.82 Mobile Safari/537.36 (compatible; Googlebot/2.1; +http://www.google.com/bot.html)"
66.249.79.1 - - [12/Sep/2026:22:59:11 +0300] "GET /index.php/pl/?shopdetail/P51791412922 HTTP/1.1" 200 54852 "-" "Mozilla/5.0 (Linux; Android 6.0.1; Nexus 5X Build/MMB29P) AppleWebKit/537.36 (KHTML, like Gecko) Chrome/152.0.7977.82 Mobile Safari/537.36 (compatible; Googlebot/2.1; +http://www.google.com/bot.html)"
66.249.79.2 - - [12/Sep/2026:23:03:11 +0300] "GET /?shopdetail/N51801826821 HTTP/1.1" 301 - "-" "Mozilla/5.0 (Linux; Android 6.0.1; Nexus 5X Build/MMB29P) AppleWebKit/537.36 (KHTML, like Gecko) Chrome/152.0.7977.82 Mobile Safari/537.36 (compatible; Googlebot/2.1; +http://www.google.com/bot.html)"
66.249.79.1 - - [12/Sep/2026:23:03:30 +0300] "GET /index.php/pl/?shopdetail/N51801826821 HTTP/1.1" 200 54852 "-" "Mozilla/5.0 (Linux; Android 6.0.1; Nexus 5X Build/MMB29P) AppleWebKit/537.36 (KHTML, like Gecko) Chrome/152.0.7977.82 Mobile Safari/537.36 (compatible; Googlebot/2.1; +http://www.google.com/bot.html)"
66.249.79.1 - - [12/Sep/2026:23:03:50 +0300] "GET /?ID=8029.html HTTP/1.1" 301 - "-" "Mozilla/5.0 (Linux; Android 6.0.1; Nexus 5X Build/MMB29P) AppleWebKit/537.36 (KHTML, like Gecko) Chrome/152.0.7977.82 Mobile Safari/537.36 (compatible; Googlebot/2.1; +http://www.google.com/bot.html)"
66.249.79.1 - - [12/Sep/2026:23:04:10 +0300] "GET /index.php/pl/?ID=8029.html HTTP/1.1" 200 54852 "-" "Mozilla/5.0 (Linux; Android 6.0.1; Nexus 5X Build/MMB29P) AppleWebKit/537.36 (KHTML, like Gecko) Chrome/152.0.7977.82 Mobile Safari/537.36 (compatible; Googlebot/2.1; +http://www.google.com/bot.html)"
66.249.79.2 - - [12/Sep/2026:23:04:15 +0300] "GET /media/jui/css/icomoon.css HTTP/1.1" 200 11814 "https://poznajlitwe.lt/index.php/pl/?ID=8029.html" "Mozilla/5.0 (Linux; Android 6.0.1; Nexus 5X Build/MMB29P) AppleWebKit/537.36 (KHTML, like Gecko) Chrome/152.0.7977.82 Mobile Safari/537.36 (compatible; Googlebot/2.1; +http://www.google.com/bot.html)"
74.7.241.168 - - [12/Sep/2026:23:05:18 +0300] "GET /robots.txt HTTP/2.0" 200 836 "-" "Mozilla/5.0 (Macintosh; Intel Mac OS X 10_15_7) AppleWebKit/537.36 (KHTML, like Gecko) Chrome/131.0.0.0 Safari/537.36; compatible; OAI-SearchBot/1.4; robots.txt; +https://openai.com/searchbot"
74.7.227.50 - - [12/Sep/2026:23:05:18 +0300] "GET / HTTP/2.0" 301 - "-" "Mozilla/5.0 AppleWebKit/537.36 (KHTML, like Gecko; compatible; GPTBot/1.4; +https://openai.com/gptbot)"
74.7.227.50 - - [12/Sep/2026:23:05:19 +0300] "GET /index.php/pl/ HTTP/2.0" 200 54852 "https://poznajlitwe.lt/" "Mozilla/5.0 AppleWebKit/537.36 (KHTML, like Gecko; compatible; GPTBot/1.4; +https://openai.com/gptbot)"
74.7.227.50 - - [12/Sep/2026:23:05:21 +0300] "GET /templates/it_startup/js/template.js HTTP/2.0" 200 403 "https://poznajlitwe.lt/" "Mozilla/5.0 AppleWebKit/537.36 (KHTML, like Gecko; compatible; GPTBot/1.4; +https://openai.com/gptbot)"
74.7.227.50 - - [12/Sep/2026:23:05:23 +0300] "GET /templates/it_startup/custom/css-compiled/custom_16.css HTTP/2.0" 200 9093 "https://poznajlitwe.lt/" "Mozilla/5.0 AppleWebKit/537.36 (KHTML, like Gecko; compatible; GPTBot/1.4; +https://openai.com/gptbot)"
74.7.227.50 - - [12/Sep/2026:23:05:25 +0300] "GET /media/jui/css/icomoon.css HTTP/2.0" 200 11814 "https://poznajlitwe.lt/" "Mozilla/5.0 AppleWebKit/537.36 (KHTML, like Gecko; compatible; GPTBot/1.4; +https://openai.com/gptbot)"
74.7.227.50 - - [12/Sep/2026:23:05:27 +0300] "GET /templates/it_startup/js/pagePreloader.js HTTP/2.0" 200 7068 "https://poznajlitwe.lt/" "Mozilla/5.0 AppleWebKit/537.36 (KHTML, like Gecko; compatible; GPTBot/1.4; +https://openai.com/gptbot)"
74.7.227.50 - - [12/Sep/2026:23:05:28 +0300] "GET /media/jui/js/jquery-migrate.min.js?d0efd80bfea2835e175d45e9291370bf HTTP/2.0" 200 10056 "https://poznajlitwe.lt/" "Mozilla/5.0 AppleWebKit/537.36 (KHTML, like Gecko; compatible; GPTBot/1.4; +https://openai.com/gptbot)"
74.7.227.50 - - [12/Sep/2026:23:05:29 +0300] "GET /media/mod_falang/css/template.css HTTP/2.0" 200 1200 "https://poznajlitwe.lt/" "Mozilla/5.0 AppleWebKit/537.36 (KHTML, like Gecko; compatible; GPTBot/1.4; +https://openai.com/gptbot)"
74.7.227.50 - - [12/Sep/2026:23:05:30 +0300] "GET /templates/it_startup/custom/css-compiled/startup_16.css HTTP/2.0" 200 321905 "https://poznajlitwe.lt/" "Mozilla/5.0 AppleWebKit/537.36 (KHTML, like Gecko; compatible; GPTBot/1.4; +https://openai.com/gptbot)"
74.7.227.50 - - [12/Sep/2026:23:05:30 +0300] "GET /media/gantry5/engines/nucleus/css-compiled/joomla.css HTTP/2.0" 200 10151 "https://poznajlitwe.lt/" "Mozilla/5.0 AppleWebKit/537.36 (KHTML, like Gecko; compatible; GPTBot/1.4; +https://openai.com/gptbot)"
74.7.227.50 - - [12/Sep/2026:23:05:31 +0300] "GET /media/jui/js/jquery-noconflict.js?d0efd80bfea2835e175d45e9291370bf HTTP/2.0" 200 21 "https://poznajlitwe.lt/" "Mozilla/5.0 AppleWebKit/537.36 (KHTML, like Gecko; compatible; GPTBot/1.4; +https://openai.com/gptbot)"
74.7.227.50 - - [12/Sep/2026:23:05:31 +0300] "GET /media/n2/n/dist/nextend-frontend.min.js?1530628338 HTTP/2.0" 200 63879 "https://poznajlitwe.lt/" "Mozilla/5.0 AppleWebKit/537.36 (KHTML, like Gecko; compatible; GPTBot/1.4; +https://openai.com/gptbot)"
74.7.227.50 - - [12/Sep/2026:23:05:32 +0300] "GET /templates/it_startup/uikit/css/uikit.min.css HTTP/2.0" 200 113947 "https://poznajlitwe.lt/" "Mozilla/5.0 AppleWebKit/537.36 (KHTML, like Gecko; compatible; GPTBot/1.4; +https://openai.com/gptbot)"
74.7.227.50 - - [12/Sep/2026:23:05:32 +0300] "GET /index.php/ru/ HTTP/2.0" 200 56939 "https://poznajlitwe.lt/" "Mozilla/5.0 AppleWebKit/537.36 (KHTML, like Gecko; compatible; GPTBot/1.4; +https://openai.com/gptbot)"
74.7.227.50 - - [12/Sep/2026:23:05:33 +0300] "GET /templates/it_startup/uikit/js/uikit.min.js HTTP/2.0" 200 121825 "https://poznajlitwe.lt/" "Mozilla/5.0 AppleWebKit/537.36 (KHTML, like Gecko; compatible; GPTBot/1.4; +https://openai.com/gptbot)"
74.7.227.50 - - [12/Sep/2026:23:05:34 +0300] "GET /media/jui/fonts/IcoMoon.eot HTTP/2.0" 200 25208 "https://poznajlitwe.lt/media/jui/css/icomoon.css" "Mozilla/5.0 AppleWebKit/537.36 (KHTML, like Gecko; compatible; GPTBot/1.4; +https://openai.com/gptbot)"
74.7.227.50 - - [12/Sep/2026:23:05:34 +0300] "GET /templates/it_startup/js/'+settings.imagePath+' HTTP/2.0" 404 - "https://poznajlitwe.lt/templates/it_startup/js/pagePreloader.js" "Mozilla/5.0 AppleWebKit/537.36 (KHTML, like Gecko; compatible; GPTBot/1.4; +https://openai.com/gptbot)"
74.7.227.50 - - [12/Sep/2026:23:05:35 +0300] "GET /media/jui/fonts/IcoMoon.ttf HTTP/2.0" 200 25044 "https://poznajlitwe.lt/media/jui/css/icomoon.css" "Mozilla/5.0 AppleWebKit/537.36 (KHTML, like Gecko; compatible; GPTBot/1.4; +https://openai.com/gptbot)"
74.7.227.50 - - [12/Sep/2026:23:05:35 +0300] "GET /templates/it_startup/js/scrollReveal.min.js HTTP/2.0" 200 8564 "https://poznajlitwe.lt/" "Mozilla/5.0 AppleWebKit/537.36 (KHTML, like Gecko; compatible; GPTBot/1.4; +https://openai.com/gptbot)"
74.7.227.50 - - [12/Sep/2026:23:05:36 +0300] "GET /media/gantry5/engines/nucleus/css-compiled/nucleus.css HTTP/2.0" 200 34265 "https://poznajlitwe.lt/" "Mozilla/5.0 AppleWebKit/537.36 (KHTML, like Gecko; compatible; GPTBot/1.4; +https://openai.com/gptbot)"
74.7.227.50 - - [12/Sep/2026:23:05:36 +0300] "GET /media/n2/n/dist/n2-j.min.js?1530628338 HTTP/2.0" 200 99988 "https://poznajlitwe.lt/" "Mozilla/5.0 AppleWebKit/537.36 (KHTML, like Gecko; compatible; GPTBot/1.4; +https://openai.com/gptbot)"
74.7.227.50 - - [12/Sep/2026:23:05:37 +0300] "GET /media/jui/js/jquery.min.js?d0efd80bfea2835e175d45e9291370bf HTTP/2.0" 200 97646 "https://poznajlitwe.lt/" "Mozilla/5.0 AppleWebKit/537.36 (KHTML, like Gecko; compatible; GPTBot/1.4; +https://openai.com/gptbot)"
74.7.227.50 - - [12/Sep/2026:23:05:37 +0300] "GET /index.php/pl/wycieczki HTTP/2.0" 200 58180 "https://poznajlitwe.lt/" "Mozilla/5.0 AppleWebKit/537.36 (KHTML, like Gecko; compatible; GPTBot/1.4; +https://openai.com/gptbot)"
74.7.227.50 - - [12/Sep/2026:23:05:38 +0300] "GET /index.php/pl/przewodnicy HTTP/2.0" 200 53346 "https://poznajlitwe.lt/" "Mozilla/5.0 AppleWebKit/537.36 (KHTML, like Gecko; compatible; GPTBot/1.4; +https://openai.com/gptbot)"
74.7.227.50 - - [12/Sep/2026:23:05:39 +0300] "GET /index.php/ru/rascenki HTTP/2.0" 200 52448 "https://poznajlitwe.lt/index.php/ru/" "Mozilla/5.0 AppleWebKit/537.36 (KHTML, like Gecko; compatible; GPTBot/1.4; +https://openai.com/gptbot)"
74.7.227.50 - - [12/Sep/2026:23:05:39 +0300] "GET /templates/it_startup/uikit/js/'+i+' HTTP/2.0" 404 - "https://poznajlitwe.lt/templates/it_startup/uikit/js/uikit.min.js" "Mozilla/5.0 AppleWebKit/537.36 (KHTML, like Gecko; compatible; GPTBot/1.4; +https://openai.com/gptbot)"
74.7.227.50 - - [12/Sep/2026:23:05:40 +0300] "GET /index.php/lt/ HTTP/2.0" 200 54258 "https://poznajlitwe.lt/" "Mozilla/5.0 AppleWebKit/537.36 (KHTML, like Gecko; compatible; GPTBot/1.4; +https://openai.com/gptbot)"
74.7.227.50 - - [12/Sep/2026:23:05:41 +0300] "GET /media/jui/fonts/IcoMoon.woff HTTP/2.0" 200 25424 "https://poznajlitwe.lt/media/jui/css/icomoon.css" "Mozilla/5.0 AppleWebKit/537.36 (KHTML, like Gecko; compatible; GPTBot/1.4; +https://openai.com/gptbot)"
74.7.227.50 - - [12/Sep/2026:23:05:41 +0300] "GET /media/n2/n/dist/nextend-gsap.min.js?1530628338 HTTP/2.0" 200 97289 "https://poznajlitwe.lt/" "Mozilla/5.0 AppleWebKit/537.36 (KHTML, like Gecko; compatible; GPTBot/1.4; +https://openai.com/gptbot)"
74.7.227.50 - - [12/Sep/2026:23:05:42 +0300] "GET /index.php/pl/kontakty HTTP/2.0" 200 56661 "https://poznajlitwe.lt/" "Mozilla/5.0 AppleWebKit/537.36 (KHTML, like Gecko; compatible; GPTBot/1.4; +https://openai.com/gptbot)"
74.7.227.50 - - [12/Sep/2026:23:05:43 +0300] "GET /index.php/ru/wycieczki HTTP/2.0" 200 59795 "https://poznajlitwe.lt/index.php/ru/" "Mozilla/5.0 AppleWebKit/537.36 (KHTML, like Gecko; compatible; GPTBot/1.4; +https://openai.com/gptbot)"
74.7.227.50 - - [12/Sep/2026:23:05:43 +0300] "GET /index.php/pl/cennik HTTP/2.0" 200 52073 "https://poznajlitwe.lt/" "Mozilla/5.0 AppleWebKit/537.36 (KHTML, like Gecko; compatible; GPTBot/1.4; +https://openai.com/gptbot)"
74.7.227.50 - - [12/Sep/2026:23:05:44 +0300] "GET /a HTTP/2.0" 404 - "https://poznajlitwe.lt/media/jui/js/jquery.min.js?d0efd80bfea2835e175d45e9291370bf" "Mozilla/5.0 AppleWebKit/537.36 (KHTML, like Gecko; compatible; GPTBot/1.4; +https://openai.com/gptbot)"
74.7.227.50 - - [12/Sep/2026:23:05:45 +0300] "GET /index.php/lt/wycieczki HTTP/2.0" 200 57884 "https://poznajlitwe.lt/index.php/pl/wycieczki" "Mozilla/5.0 AppleWebKit/537.36 (KHTML, like Gecko; compatible; GPTBot/1.4; +https://openai.com/gptbot)"
74.7.227.50 - - [12/Sep/2026:23:05:45 +0300] "GET /index.php/lt/przewodnicy HTTP/2.0" 200 53184 "https://poznajlitwe.lt/index.php/pl/przewodnicy" "Mozilla/5.0 AppleWebKit/537.36 (KHTML, like Gecko; compatible; GPTBot/1.4; +https://openai.com/gptbot)"
74.7.227.50 - - [12/Sep/2026:23:05:46 +0300] "GET /index.php/lt/kainynas HTTP/2.0" 200 52030 "https://poznajlitwe.lt/index.php/ru/rascenki" "Mozilla/5.0 AppleWebKit/537.36 (KHTML, like Gecko; compatible; GPTBot/1.4; +https://openai.com/gptbot)"
74.7.227.50 - - [12/Sep/2026:23:05:47 +0300] "GET /media/sliders/js/script.min.js?v=7.2.8 HTTP/2.0" 200 9939 "https://poznajlitwe.lt/index.php/pl/wycieczki" "Mozilla/5.0 AppleWebKit/537.36 (KHTML, like Gecko; compatible; GPTBot/1.4; +https://openai.com/gptbot)"
74.7.227.50 - - [12/Sep/2026:23:05:47 +0300] "GET /media/jui/fonts/IcoMoon.svg HTTP/2.0" 200 86043 "https://poznajlitwe.lt/media/jui/css/icomoon.css" "Mozilla/5.0 AppleWebKit/537.36 (KHTML, like Gecko; compatible; GPTBot/1.4; +https://openai.com/gptbot)"
74.7.227.50 - - [12/Sep/2026:23:05:48 +0300] "GET /index.php/ru/kontakty HTTP/2.0" 200 57026 "https://poznajlitwe.lt/index.php/ru/" "Mozilla/5.0 AppleWebKit/537.36 (KHTML, like Gecko; compatible; GPTBot/1.4; +https://openai.com/gptbot)"
74.7.227.50 - - [12/Sep/2026:23:05:49 +0300] "GET /index.php/lt/kontaktai HTTP/2.0" 200 56709 "https://poznajlitwe.lt/index.php/lt/" "Mozilla/5.0 AppleWebKit/537.36 (KHTML, like Gecko; compatible; GPTBot/1.4; +https://openai.com/gptbot)"
74.7.227.50 - - [12/Sep/2026:23:05:50 +0300] "GET /media/plg_captcha_recaptcha/js/recaptcha.min.js?d0efd80bfea2835e175d45e9291370bf HTTP/2.0" 200 414 "https://poznajlitwe.lt/index.php/pl/kontakty" "Mozilla/5.0 AppleWebKit/537.36 (KHTML, like Gecko; compatible; GPTBot/1.4; +https://openai.com/gptbot)"
74.7.227.50 - - [12/Sep/2026:23:05:50 +0300] "GET /media/jui/css/chosen.css HTTP/2.0" 200 12500 "https://poznajlitwe.lt/index.php/pl/kontakty" "Mozilla/5.0 AppleWebKit/537.36 (KHTML, like Gecko; compatible; GPTBot/1.4; +https://openai.com/gptbot)"
74.7.227.50 - - [12/Sep/2026:23:05:51 +0300] "GET /media/jui/js/chosen.jquery.min.js HTTP/2.0" 200 34239 "https://poznajlitwe.lt/index.php/pl/kontakty" "Mozilla/5.0 AppleWebKit/537.36 (KHTML, like Gecko; compatible; GPTBot/1.4; +https://openai.com/gptbot)"
74.7.227.50 - - [12/Sep/2026:23:05:51 +0300] "GET /media/com_foxcontact/js/base.min.js?v=1551195556 HTTP/2.0" 200 9305 "https://poznajlitwe.lt/index.php/pl/kontakty" "Mozilla/5.0 AppleWebKit/537.36 (KHTML, like Gecko; compatible; GPTBot/1.4; +https://openai.com/gptbot)"
74.7.227.50 - - [12/Sep/2026:23:05:52 +0300] "GET /media/jui/js/bootstrap.min.js?d0efd80bfea2835e175d45e9291370bf HTTP/2.0" 200 29126 "https://poznajlitwe.lt/" "Mozilla/5.0 AppleWebKit/537.36 (KHTML, like Gecko; compatible; GPTBot/1.4; +https://openai.com/gptbot)"
74.7.227.50 - - [12/Sep/2026:23:05:52 +0300] "GET /index.php/pl/component/foxcontact/name/foxtext/root/components/task/loader.load/type/js/uid/m209 HTTP/2.0" 200 2386 "https://poznajlitwe.lt/index.php/pl/kontakty" "Mozilla/5.0 AppleWebKit/537.36 (KHTML, like Gecko; compatible; GPTBot/1.4; +https://openai.com/gptbot)"
74.7.227.50 - - [12/Sep/2026:23:05:53 +0300] "GET /media/system/js/core.js?d0efd80bfea2835e175d45e9291370bf HTTP/2.0" 200 8735 "https://poznajlitwe.lt/" "Mozilla/5.0 AppleWebKit/537.36 (KHTML, like Gecko; compatible; GPTBot/1.4; +https://openai.com/gptbot)"
74.7.227.50 - - [12/Sep/2026:23:05:53 +0300] "GET /media/system/js/keepalive.js?d0efd80bfea2835e175d45e9291370bf HTTP/2.0" 200 462 "https://poznajlitwe.lt/index.php/pl/kontakty" "Mozilla/5.0 AppleWebKit/537.36 (KHTML, like Gecko; compatible; GPTBot/1.4; +https://openai.com/gptbot)"
74.7.227.50 - - [12/Sep/2026:23:05:54 +0300] "GET /index.php/pl/component/foxcontact/name/bootstrap/root/components/task/loader.load/type/css/uid/m209 HTTP/2.0" 200 10304 "https://poznajlitwe.lt/index.php/pl/kontakty" "Mozilla/5.0 AppleWebKit/537.36 (KHTML, like Gecko; compatible; GPTBot/1.4; +https://openai.com/gptbot)"
74.7.227.50 - - [12/Sep/2026:23:05:54 +0300] "GET /index.php/ru/component/foxcontact/name/foxcontact/root/media/task/loader.load/type/css/uid/m211 HTTP/2.0" 200 29651 "https://poznajlitwe.lt/index.php/ru/kontakty" "Mozilla/5.0 AppleWebKit/537.36 (KHTML, like Gecko; compatible; GPTBot/1.4; +https://openai.com/gptbot)"
74.7.227.50 - - [12/Sep/2026:23:05:55 +0300] "GET /index.php/ru/component/foxcontact/name/bootstrap/root/components/task/loader.load/type/css/uid/m211 HTTP/2.0" 200 10304 "https://poznajlitwe.lt/index.php/ru/kontakty" "Mozilla/5.0 AppleWebKit/537.36 (KHTML, like Gecko; compatible; GPTBot/1.4; +https://openai.com/gptbot)"
74.7.227.50 - - [12/Sep/2026:23:05:55 +0300] "GET /index.php/ru/component/foxcontact/name/foxtext/root/components/task/loader.load/type/js/uid/m211 HTTP/2.0" 200 2581 "https://poznajlitwe.lt/index.php/ru/kontakty" "Mozilla/5.0 AppleWebKit/537.36 (KHTML, like Gecko; compatible; GPTBot/1.4; +https://openai.com/gptbot)"
74.7.227.50 - - [12/Sep/2026:23:05:56 +0300] "GET /index.php/lt/component/foxcontact/name/bootstrap/root/components/task/loader.load/type/css/uid/m210 HTTP/2.0" 200 10304 "https://poznajlitwe.lt/index.php/lt/kontaktai" "Mozilla/5.0 AppleWebKit/537.36 (KHTML, like Gecko; compatible; GPTBot/1.4; +https://openai.com/gptbot)"
74.7.227.50 - - [12/Sep/2026:23:05:56 +0300] "GET /index.php/lt/component/foxcontact/name/foxtext/root/components/task/loader.load/type/js/uid/m210 HTTP/2.0" 200 2389 "https://poznajlitwe.lt/index.php/lt/kontaktai" "Mozilla/5.0 AppleWebKit/537.36 (KHTML, like Gecko; compatible; GPTBot/1.4; +https://openai.com/gptbot)"
74.7.227.50 - - [12/Sep/2026:23:05:57 +0300] "GET /media/sliders/css/style.min.css?v=7.2.8 HTTP/2.0" 200 19716 "https://poznajlitwe.lt/index.php/pl/wycieczki" "Mozilla/5.0 AppleWebKit/537.36 (KHTML, like Gecko; compatible; GPTBot/1.4; +https://openai.com/gptbot)"
74.7.227.50 - - [12/Sep/2026:23:05:57 +0300] "GET /media/gantry5/assets/js/main.js HTTP/2.0" 200 58794 "https://poznajlitwe.lt/" "Mozilla/5.0 AppleWebKit/537.36 (KHTML, like Gecko; compatible; GPTBot/1.4; +https://openai.com/gptbot)"
74.7.227.50 - - [12/Sep/2026:23:05:58 +0300] "GET /media/gantry5/assets/css/font-awesome.min.css HTTP/2.0" 200 31000 "https://poznajlitwe.lt/" "Mozilla/5.0 AppleWebKit/537.36 (KHTML, like Gecko; compatible; GPTBot/1.4; +https://openai.com/gptbot)"
74.7.227.50 - - [12/Sep/2026:23:05:58 +0300] "GET /index.php/ru/przewodnicy HTTP/2.0" 200 53676 "https://poznajlitwe.lt/index.php/ru/" "Mozilla/5.0 AppleWebKit/537.36 (KHTML, like Gecko; compatible; GPTBot/1.4; +https://openai.com/gptbot)"
74.7.227.50 - - [12/Sep/2026:23:05:59 +0300] "GET /templates/it_startup/custom/css-compiled/startup-joomla_16.css HTTP/2.0" 200 89055 "https://poznajlitwe.lt/" "Mozilla/5.0 AppleWebKit/537.36 (KHTML, like Gecko; compatible; GPTBot/1.4; +https://openai.com/gptbot)"
74.7.227.50 - - [12/Sep/2026:23:05:59 +0300] "GET /index.php/lt/component/foxcontact/name/foxcontact/root/media/task/loader.load/type/css/uid/m210 HTTP/2.0" 200 29651 "https://poznajlitwe.lt/index.php/lt/kontaktai" "Mozilla/5.0 AppleWebKit/537.36 (KHTML, like Gecko; compatible; GPTBot/1.4; +https://openai.com/gptbot)"
74.7.227.50 - - [12/Sep/2026:23:06:00 +0300] "GET /index.php/pl/component/foxcontact/name/foxcontact/root/media/task/loader.load/type/css/uid/m209 HTTP/2.0" 200 29651 "https://poznajlitwe.lt/index.php/pl/kontakty" "Mozilla/5.0 AppleWebKit/537.36 (KHTML, like Gecko; compatible; GPTBot/1.4; +https://openai.com/gptbot)"
74.7.227.50 - - [12/Sep/2026:23:06:00 +0300] "GET /media/n2/ss3/dist/smartslider-frontend.min.js?1530628338 HTTP/2.0" 200 182193 "https://poznajlitwe.lt/" "Mozilla/5.0 AppleWebKit/537.36 (KHTML, like Gecko; compatible; GPTBot/1.4; +https://openai.com/gptbot)"
74.7.227.50 - - [12/Sep/2026:23:06:01 +0300] "GET /media/gantry5/assets/css/bootstrap-gantry.css HTTP/2.0" 200 108941 "https://poznajlitwe.lt/" "Mozilla/5.0 AppleWebKit/537.36 (KHTML, like Gecko; compatible; GPTBot/1.4; +https://openai.com/gptbot)"
74.7.227.50 - - [12/Sep/2026:23:06:01 +0300] "GET /media/gantry5/assets/fonts/fontawesome-webfont.eot?v=4.7.0 HTTP/2.0" 200 165742 "https://poznajlitwe.lt/media/gantry5/assets/css/font-awesome.min.css" "Mozilla/5.0 AppleWebKit/537.36 (KHTML, like Gecko; compatible; GPTBot/1.4; +https://openai.com/gptbot)"
74.7.227.50 - - [12/Sep/2026:23:06:02 +0300] "GET /media/gantry5/assets/fonts/fontawesome-webfont.svg?v=4.7.0 HTTP/2.0" 200 444379 "https://poznajlitwe.lt/media/gantry5/assets/css/font-awesome.min.css" "Mozilla/5.0 AppleWebKit/537.36 (KHTML, like Gecko; compatible; GPTBot/1.4; +https://openai.com/gptbot)"
74.7.227.50 - - [12/Sep/2026:23:06:02 +0300] "GET /media/gantry5/assets/fonts/fontawesome-webfont.eot HTTP/2.0" 200 165742 "https://poznajlitwe.lt/media/gantry5/assets/css/font-awesome.min.css" "Mozilla/5.0 AppleWebKit/537.36 (KHTML, like Gecko; compatible; GPTBot/1.4; +https://openai.com/gptbot)"
66.249.79.3 - - [12/Sep/2026:23:06:54 +0300] "GET /?shopdetail/K5178539978 HTTP/1.1" 301 - "-" "Mozilla/5.0 (compatible; Googlebot/2.1; +http://www.google.com/bot.html)"
66.249.79.3 - - [12/Sep/2026:23:06:55 +0300] "GET /index.php/pl/?shopdetail/K5178539978 HTTP/1.1" 200 54852 "-" "Mozilla/5.0 (compatible; Googlebot/2.1; +http://www.google.com/bot.html)"
66.249.79.3 - - [12/Sep/2026:23:07:33 +0300] "GET /?ID=62934.html HTTP/1.1" 301 - "-" "Mozilla/5.0 (compatible; Googlebot/2.1; +http://www.google.com/bot.html)"
66.249.79.3 - - [12/Sep/2026:23:07:34 +0300] "GET /index.php/pl/?ID=62934.html HTTP/1.1" 200 54852 "-" "Mozilla/5.0 (compatible; Googlebot/2.1; +http://www.google.com/bot.html)"
52.167.144.165 - - [12/Sep/2026:23:08:22 +0300] "GET /?ID=11228.html HTTP/2.0" 301 - "-" "Mozilla/5.0 AppleWebKit/537.36 (KHTML, like Gecko; compatible; bingbot/2.0; +http://www.bing.com/bingbot.htm) Chrome/116.0.1938.76 Safari/537.36"
93.152.209.11 - - [12/Sep/2026:23:12:03 +0300] "GET / HTTP/2.0" 301 - "-" "Mozilla/5.0 (Macintosh; Intel Mac OS X 10_15_7) AppleWebKit/537.36 (KHTML, like Gecko) Chrome/124.0.0.0 Safari/537.36"
93.152.209.11 - - [12/Sep/2026:23:12:04 +0300] "GET /index.php/pl/ HTTP/2.0" 200 55006 "https://www.poznajlitwe.testams.vhost.lt:443" "Mozilla/5.0 (Macintosh; Intel Mac OS X 10_15_7) AppleWebKit/537.36 (KHTML, like Gecko) Chrome/124.0.0.0 Safari/537.36"
66.249.79.1 - - [12/Sep/2026:23:14:36 +0300] "GET /?shopdetail/M51822679079 HTTP/1.1" 301 - "-" "Mozilla/5.0 (compatible; Googlebot/2.1; +http://www.google.com/bot.html)"
66.249.79.1 - - [12/Sep/2026:23:14:38 +0300] "GET /index.php/pl/?shopdetail/M51822679079 HTTP/1.1" 200 54852 "-" "Mozilla/5.0 (compatible; Googlebot/2.1; +http://www.google.com/bot.html)"
66.249.79.3 - - [12/Sep/2026:23:16:09 +0300] "GET /?shopdetail/Y517735813 HTTP/1.1" 301 - "-" "Mozilla/5.0 (Linux; Android 6.0.1; Nexus 5X Build/MMB29P) AppleWebKit/537.36 (KHTML, like Gecko) Chrome/152.0.7977.82 Mobile Safari/537.36 (compatible; Googlebot/2.1; +http://www.google.com/bot.html)"
66.249.79.2 - - [12/Sep/2026:23:16:12 +0300] "GET /index.php/pl/?shopdetail/Y517735813 HTTP/1.1" 200 54852 "-" "Mozilla/5.0 (Linux; Android 6.0.1; Nexus 5X Build/MMB29P) AppleWebKit/537.36 (KHTML, like Gecko) Chrome/152.0.7977.82 Mobile Safari/537.36 (compatible; Googlebot/2.1; +http://www.google.com/bot.html)"
207.46.13.154 - - [12/Sep/2026:23:17:36 +0300] "GET /?ID=61626.html HTTP/2.0" 301 - "-" "Mozilla/5.0 AppleWebKit/537.36 (KHTML, like Gecko; compatible; bingbot/2.0; +http://www.bing.com/bingbot.htm) Chrome/116.0.1938.76 Safari/537.36"
66.249.79.3 - - [12/Sep/2026:23:19:38 +0300] "GET /?shopdetail/R51801639411 HTTP/1.1" 301 - "-" "Mozilla/5.0 (compatible; Googlebot/2.1; +http://www.google.com/bot.html)"
66.249.79.3 - - [12/Sep/2026:23:19:39 +0300] "GET /index.php/pl/?shopdetail/R51801639411 HTTP/1.1" 200 54852 "-" "Mozilla/5.0 (compatible; Googlebot/2.1; +http://www.google.com/bot.html)"
52.167.144.211 - - [12/Sep/2026:23:19:59 +0300] "GET /?ID=60635.html HTTP/2.0" 301 - "-" "Mozilla/5.0 AppleWebKit/537.36 (KHTML, like Gecko; compatible; bingbot/2.0; +http://www.bing.com/bingbot.htm) Chrome/116.0.1938.76 Safari/537.36"
66.249.79.3 - - [12/Sep/2026:23:21:17 +0300] "GET /?shopdetail/X51812013500 HTTP/1.1" 301 - "-" "Mozilla/5.0 (compatible; Googlebot/2.1; +http://www.google.com/bot.html)"
66.249.79.2 - - [12/Sep/2026:23:21:19 +0300] "GET /index.php/pl/?shopdetail/X51812013500 HTTP/1.1" 200 54852 "-" "Mozilla/5.0 (compatible; Googlebot/2.1; +http://www.google.com/bot.html)"
66.249.79.1 - - [12/Sep/2026:23:23:27 +0300] "GET /?shopdetail/K51791051508 HTTP/1.1" 301 - "-" "Mozilla/5.0 (Linux; Android 6.0.1; Nexus 5X Build/MMB29P) AppleWebKit/537.36 (KHTML, like Gecko) Chrome/152.0.7977.82 Mobile Safari/537.36 (compatible; Googlebot/2.1; +http://www.google.com/bot.html)"
66.249.79.1 - - [12/Sep/2026:23:23:34 +0300] "GET /index.php/pl/?shopdetail/K51791051508 HTTP/1.1" 200 54852 "-" "Mozilla/5.0 (Linux; Android 6.0.1; Nexus 5X Build/MMB29P) AppleWebKit/537.36 (KHTML, like Gecko) Chrome/152.0.7977.82 Mobile Safari/537.36 (compatible; Googlebot/2.1; +http://www.google.com/bot.html)"
66.249.79.1 - - [12/Sep/2026:23:23:57 +0300] "GET /?shopdetail/B5178721734 HTTP/1.1" 301 - "-" "Mozilla/5.0 (Linux; Android 6.0.1; Nexus 5X Build/MMB29P) AppleWebKit/537.36 (KHTML, like Gecko) Chrome/152.0.7977.82 Mobile Safari/537.36 (compatible; Googlebot/2.1; +http://www.google.com/bot.html)"
66.249.79.1 - - [12/Sep/2026:23:24:04 +0300] "GET /index.php/pl/?shopdetail/B5178721734 HTTP/1.1" 200 54852 "-" "Mozilla/5.0 (Linux; Android 6.0.1; Nexus 5X Build/MMB29P) AppleWebKit/537.36 (KHTML, like Gecko) Chrome/152.0.7977.82 Mobile Safari/537.36 (compatible; Googlebot/2.1; +http://www.google.com/bot.html)"
5.59.249.116 - - [12/Sep/2026:23:27:31 +0300] "GET / HTTP/1.1" 301 - "-" "Mozilla/5.0 (X11; Linux x86_64) AppleWebKit/537.36"
5.59.249.116 - - [12/Sep/2026:23:27:32 +0300] "GET /index.php/pl/ HTTP/1.1" 200 54852 "https://poznajlitwe.lt" "Mozilla/5.0 (X11; Linux x86_64) AppleWebKit/537.36"
5.59.249.116 - - [12/Sep/2026:23:27:33 +0300] "GET /readme.html HTTP/1.1" 404 - "-" "Mozilla/5.0 (X11; Linux x86_64) AppleWebKit/537.36"
5.59.249.116 - - [12/Sep/2026:23:27:33 +0300] "GET /?rest_route=/ HTTP/1.1" 301 - "-" "Mozilla/5.0 (Macintosh; Intel Mac OS X 10_15_7) AppleWebKit/537.36"
5.59.249.116 - - [12/Sep/2026:23:27:33 +0300] "GET /index.php/pl/?rest_route=/ HTTP/1.1" 200 54852 "https://poznajlitwe.lt/?rest_route=/" "Mozilla/5.0 (Macintosh; Intel Mac OS X 10_15_7) AppleWebKit/537.36"
66.249.79.2 - - [12/Sep/2026:23:27:47 +0300] "GET /?shopdetail/L51791198779 HTTP/1.1" 301 - "-" "Mozilla/5.0 (compatible; Googlebot/2.1; +http://www.google.com/bot.html)"
66.249.79.3 - - [12/Sep/2026:23:27:48 +0300] "GET /index.php/pl/?shopdetail/L51791198779 HTTP/1.1" 200 54852 "-" "Mozilla/5.0 (compatible; Googlebot/2.1; +http://www.google.com/bot.html)"
66.249.79.2 - - [12/Sep/2026:23:28:44 +0300] "GET /?shopdetail/Z5178531063 HTTP/1.1" 301 - "-" "Mozilla/5.0 (Linux; Android 6.0.1; Nexus 5X Build/MMB29P) AppleWebKit/537.36 (KHTML, like Gecko) Chrome/152.0.7977.82 Mobile Safari/537.36 (compatible; Googlebot/2.1; +http://www.google.com/bot.html)"
66.249.79.1 - - [12/Sep/2026:23:28:45 +0300] "GET /index.php/pl/?shopdetail/Z5178531063 HTTP/1.1" 200 54852 "-" "Mozilla/5.0 (Linux; Android 6.0.1; Nexus 5X Build/MMB29P) AppleWebKit/537.36 (KHTML, like Gecko) Chrome/152.0.7977.82 Mobile Safari/537.36 (compatible; Googlebot/2.1; +http://www.google.com/bot.html)"
207.46.13.64 - - [12/Sep/2026:23:29:18 +0300] "GET /?ID=36392.html HTTP/2.0" 301 - "-" "Mozilla/5.0 AppleWebKit/537.36 (KHTML, like Gecko; compatible; bingbot/2.0; +http://www.bing.com/bingbot.htm) Chrome/116.0.1938.76 Safari/537.36"
66.249.79.2 - - [12/Sep/2026:23:31:48 +0300] "GET /?shopdetail/W517799087 HTTP/1.1" 301 - "-" "Mozilla/5.0 (Linux; Android 6.0.1; Nexus 5X Build/MMB29P) AppleWebKit/537.36 (KHTML, like Gecko) Chrome/152.0.7977.82 Mobile Safari/537.36 (compatible; Googlebot/2.1; +http://www.google.com/bot.html)"
66.249.79.1 - - [12/Sep/2026:23:31:55 +0300] "GET /index.php/pl/?shopdetail/W517799087 HTTP/1.1" 200 54852 "-" "Mozilla/5.0 (Linux; Android 6.0.1; Nexus 5X Build/MMB29P) AppleWebKit/537.36 (KHTML, like Gecko) Chrome/152.0.7977.82 Mobile Safari/537.36 (compatible; Googlebot/2.1; +http://www.google.com/bot.html)"
66.249.79.2 - - [12/Sep/2026:23:32:13 +0300] "GET /?shopdetail/E5178695337 HTTP/1.1" 301 - "-" "Mozilla/5.0 (compatible; Googlebot/2.1; +http://www.google.com/bot.html)"
66.249.79.2 - - [12/Sep/2026:23:32:14 +0300] "GET /index.php/pl/?shopdetail/E5178695337 HTTP/1.1" 200 54852 "-" "Mozilla/5.0 (compatible; Googlebot/2.1; +http://www.google.com/bot.html)"
66.249.79.1 - - [12/Sep/2026:23:34:09 +0300] "GET /?ID=61532.html HTTP/1.1" 301 - "-" "Mozilla/5.0 (compatible; Googlebot/2.1; +http://www.google.com/bot.html)"
66.249.79.1 - - [12/Sep/2026:23:34:11 +0300] "GET /index.php/pl/?ID=61532.html HTTP/1.1" 200 54852 "-" "Mozilla/5.0 (compatible; Googlebot/2.1; +http://www.google.com/bot.html)"
66.249.79.3 - - [12/Sep/2026:23:34:41 +0300] "GET /?shopdetail/D517777378 HTTP/1.1" 301 - "-" "Mozilla/5.0 (compatible; Googlebot/2.1; +http://www.google.com/bot.html)"
66.249.79.1 - - [12/Sep/2026:23:34:43 +0300] "GET /?shopdetail/D517777378 HTTP/1.1" 301 - "-" "Mozilla/5.0 (Linux; Android 6.0.1; Nexus 5X Build/MMB29P) AppleWebKit/537.36 (KHTML, like Gecko) Chrome/152.0.7977.82 Mobile Safari/537.36 (compatible; Googlebot/2.1; +http://www.google.com/bot.html)"
66.249.79.3 - - [12/Sep/2026:23:34:43 +0300] "GET /index.php/pl/?shopdetail/D517777378 HTTP/1.1" 200 54852 "-" "Mozilla/5.0 (compatible; Googlebot/2.1; +http://www.google.com/bot.html)"
66.249.79.1 - - [12/Sep/2026:23:34:44 +0300] "GET /index.php/pl/?shopdetail/D517777378 HTTP/1.1" 200 54852 "-" "Mozilla/5.0 (Linux; Android 6.0.1; Nexus 5X Build/MMB29P) AppleWebKit/537.36 (KHTML, like Gecko) Chrome/152.0.7977.82 Mobile Safari/537.36 (compatible; Googlebot/2.1; +http://www.google.com/bot.html)"
157.55.39.48 - - [12/Sep/2026:23:39:10 +0300] "GET /?ID=48187.html HTTP/2.0" 301 - "-" "Mozilla/5.0 AppleWebKit/537.36 (KHTML, like Gecko; compatible; bingbot/2.0; +http://www.bing.com/bingbot.htm) Chrome/116.0.1938.76 Safari/537.36"
66.249.79.2 - - [12/Sep/2026:23:40:06 +0300] "GET /?shopdetail/S51812361299 HTTP/1.1" 301 - "-" "Mozilla/5.0 (Linux; Android 6.0.1; Nexus 5X Build/MMB29P) AppleWebKit/537.36 (KHTML, like Gecko) Chrome/152.0.7977.82 Mobile Safari/537.36 (compatible; Googlebot/2.1; +http://www.google.com/bot.html)"
66.249.79.2 - - [12/Sep/2026:23:40:07 +0300] "GET /index.php/pl/?shopdetail/S51812361299 HTTP/1.1" 200 54852 "-" "Mozilla/5.0 (Linux; Android 6.0.1; Nexus 5X Build/MMB29P) AppleWebKit/537.36 (KHTML, like Gecko) Chrome/152.0.7977.82 Mobile Safari/537.36 (compatible; Googlebot/2.1; +http://www.google.com/bot.html)"
66.249.79.2 - - [12/Sep/2026:23:40:31 +0300] "GET /?ID=59497.html HTTP/1.1" 301 - "-" "Mozilla/5.0 (Linux; Android 6.0.1; Nexus 5X Build/MMB29P) AppleWebKit/537.36 (KHTML, like Gecko) Chrome/152.0.7977.82 Mobile Safari/537.36 (compatible; Googlebot/2.1; +http://www.google.com/bot.html)"
66.249.79.2 - - [12/Sep/2026:23:40:31 +0300] "GET /index.php/pl/?ID=59497.html HTTP/1.1" 200 54852 "-" "Mozilla/5.0 (Linux; Android 6.0.1; Nexus 5X Build/MMB29P) AppleWebKit/537.36 (KHTML, like Gecko) Chrome/152.0.7977.82 Mobile Safari/537.36 (compatible; Googlebot/2.1; +http://www.google.com/bot.html)"
66.249.79.1 - - [12/Sep/2026:23:40:57 +0300] "GET /?shopdetail/O51822635052 HTTP/1.1" 301 - "-" "Mozilla/5.0 (Linux; Android 6.0.1; Nexus 5X Build/MMB29P) AppleWebKit/537.36 (KHTML, like Gecko) Chrome/152.0.7977.82 Mobile Safari/537.36 (compatible; Googlebot/2.1; +http://www.google.com/bot.html)"
66.249.79.1 - - [12/Sep/2026:23:40:57 +0300] "GET /index.php/pl/?shopdetail/O51822635052 HTTP/1.1" 200 54852 "-" "Mozilla/5.0 (Linux; Android 6.0.1; Nexus 5X Build/MMB29P) AppleWebKit/537.36 (KHTML, like Gecko) Chrome/152.0.7977.82 Mobile Safari/537.36 (compatible; Googlebot/2.1; +http://www.google.com/bot.html)"
66.249.79.1 - - [12/Sep/2026:23:41:00 +0300] "GET /?shopdetail/R51801569503 HTTP/1.1" 301 - "-" "Mozilla/5.0 (Linux; Android 6.0.1; Nexus 5X Build/MMB29P) AppleWebKit/537.36 (KHTML, like Gecko) Chrome/152.0.7977.82 Mobile Safari/537.36 (compatible; Googlebot/2.1; +http://www.google.com/bot.html)"
66.249.79.1 - - [12/Sep/2026:23:41:00 +0300] "GET /index.php/pl/?shopdetail/R51801569503 HTTP/1.1" 200 54852 "-" "Mozilla/5.0 (Linux; Android 6.0.1; Nexus 5X Build/MMB29P) AppleWebKit/537.36 (KHTML, like Gecko) Chrome/152.0.7977.82 Mobile Safari/537.36 (compatible; Googlebot/2.1; +http://www.google.com/bot.html)"
66.249.79.1 - - [12/Sep/2026:23:43:46 +0300] "GET /?shopdetail/W517799087 HTTP/1.1" 301 - "-" "Mozilla/5.0 (Linux; Android 6.0.1; Nexus 5X Build/MMB29P) AppleWebKit/537.36 (KHTML, like Gecko) Chrome/152.0.7977.82 Mobile Safari/537.36 (compatible; Googlebot/2.1; +http://www.google.com/bot.html)"
66.249.79.2 - - [12/Sep/2026:23:43:47 +0300] "GET /index.php/pl/?shopdetail/W517799087 HTTP/1.1" 200 54852 "-" "Mozilla/5.0 (Linux; Android 6.0.1; Nexus 5X Build/MMB29P) AppleWebKit/537.36 (KHTML, like Gecko) Chrome/152.0.7977.82 Mobile Safari/537.36 (compatible; Googlebot/2.1; +http://www.google.com/bot.html)"
66.249.79.2 - - [12/Sep/2026:23:46:59 +0300] "GET /?shopdetail/A51791313165 HTTP/1.1" 301 - "-" "Mozilla/5.0 (Linux; Android 6.0.1; Nexus 5X Build/MMB29P) AppleWebKit/537.36 (KHTML, like Gecko) Chrome/152.0.7977.82 Mobile Safari/537.36 (compatible; Googlebot/2.1; +http://www.google.com/bot.html)"
66.249.79.1 - - [12/Sep/2026:23:47:02 +0300] "GET /index.php/pl/?shopdetail/A51791313165 HTTP/1.1" 200 54852 "-" "Mozilla/5.0 (Linux; Android 6.0.1; Nexus 5X Build/MMB29P) AppleWebKit/537.36 (KHTML, like Gecko) Chrome/152.0.7977.82 Mobile Safari/537.36 (compatible; Googlebot/2.1; +http://www.google.com/bot.html)"
66.249.79.1 - - [12/Sep/2026:23:47:06 +0300] "GET /media/jui/css/icomoon.css HTTP/1.1" 200 11814 "https://poznajlitwe.lt/index.php/pl/?shopdetail/A51791313165" "Mozilla/5.0 (Linux; Android 6.0.1; Nexus 5X Build/MMB29P) AppleWebKit/537.36 (KHTML, like Gecko) Chrome/152.0.7977.82 Mobile Safari/537.36 (compatible; Googlebot/2.1; +http://www.google.com/bot.html)"
66.249.79.1 - - [12/Sep/2026:23:47:07 +0300] "GET /media/system/js/core.js?d0efd80bfea2835e175d45e9291370bf HTTP/1.1" 200 8735 "https://poznajlitwe.lt/index.php/pl/?shopdetail/A51791313165" "Mozilla/5.0 (Linux; Android 6.0.1; Nexus 5X Build/MMB29P) AppleWebKit/537.36 (KHTML, like Gecko) Chrome/152.0.7977.82 Mobile Safari/537.36 (compatible; Googlebot/2.1; +http://www.google.com/bot.html)"
66.249.79.3 - - [12/Sep/2026:23:48:32 +0300] "GET /?ID=24686.html HTTP/1.1" 301 - "-" "Mozilla/5.0 (compatible; Googlebot/2.1; +http://www.google.com/bot.html)"
66.249.79.1 - - [12/Sep/2026:23:48:34 +0300] "GET /index.php/pl/?ID=24686.html HTTP/1.1" 200 54852 "-" "Mozilla/5.0 (compatible; Googlebot/2.1; +http://www.google.com/bot.html)"
216.24.210.207 - - [12/Sep/2026:23:55:42 +0300] "GET /wp-login.php HTTP/1.1" 404 - "-" "Mozilla/5.0 (Windows NT 10.0; Win64; x64) AppleWebKit/537.36 Chrome/129.0.0.0 Safari/537.36"
157.55.39.197 - - [12/Sep/2026:23:55:43 +0300] "GET /?ID=76367.html HTTP/2.0" 301 - "-" "Mozilla/5.0 AppleWebKit/537.36 (KHTML, like Gecko; compatible; bingbot/2.0; +http://www.bing.com/bingbot.htm) Chrome/116.0.1938.76 Safari/537.36"
