66.187.7.97 - - [13/Sep/2026:03:32:23 +0300] "GET /api/config HTTP/1.1" 404 3419 "-" "Mozilla/5.0 AppleWebKit/537.36 (KHTML, like Gecko; compatible; GPTBot/1.3; +https://openai.com/gptbot)"
66.187.7.97 - - [13/Sep/2026:03:32:23 +0300] "GET /docker-compose.yml HTTP/1.1" 404 3419 "http://cpanel.poznajlitwe.lt/docker-compose.yml" "Mozilla/5.0 (compatible; Google-CloudVertexBot; +https://cloud.google.com/vertex-ai-bot)"
66.187.7.97 - - [13/Sep/2026:03:32:23 +0300] "GET /api/settings HTTP/1.1" 404 3419 "-" "Mozilla/5.0 (compatible; PerplexityBot/1.0; +https://perplexity.ai/perplexitybot)"
66.187.7.97 - - [13/Sep/2026:03:32:24 +0300] "GET /api/v1/config HTTP/1.1" 404 3419 "-" "Mozilla/5.0 AppleWebKit/537.36 (KHTML, like Gecko; compatible; ChatGPT-User/1.0; +https://openai.com/bot)"
66.187.7.97 - - [13/Sep/2026:03:32:24 +0300] "GET /api/config HTTP/1.1" 404 3419 "http://cpanel.poznajlitwe.lt/api/config" "Mozilla/5.0 (compatible; YandexBot/3.0; +http://yandex.com/bots)"
66.187.7.97 - - [13/Sep/2026:03:32:24 +0300] "GET /api/settings HTTP/1.1" 404 3419 "http://cpanel.poznajlitwe.lt/api/settings" "Mozilla/5.0 (compatible; Baiduspider/2.0; +http://www.baidu.com/search/spider.html)"
66.187.7.97 - - [13/Sep/2026:03:32:24 +0300] "GET /api/v1/settings HTTP/1.1" 404 3419 "-" "Mozilla/5.0 AppleWebKit/537.36 (KHTML, like Gecko; compatible; ChatGPT-User/1.0; +https://openai.com/bot)"
66.187.7.97 - - [13/Sep/2026:03:32:24 +0300] "GET /api/v1/config HTTP/1.1" 404 3419 "http://cpanel.poznajlitwe.lt/api/v1/config" "Mozilla/5.0 (compatible; Applebot/0.1; +http://www.apple.com/go/applebot)"
66.187.7.97 - - [13/Sep/2026:03:32:24 +0300] "GET /openapi.json HTTP/1.1" 404 3419 "-" "Mozilla/5.0 (compatible; YandexBot/3.0; +http://yandex.com/bots)"
66.187.7.97 - - [13/Sep/2026:03:32:24 +0300] "GET /api/v1/settings HTTP/1.1" 404 3419 "http://cpanel.poznajlitwe.lt/api/v1/settings" "Mozilla/5.0 AppleWebKit/537.36 (KHTML, like Gecko; compatible; GPTBot/1.3; +https://openai.com/gptbot)"
66.187.7.97 - - [13/Sep/2026:03:32:25 +0300] "GET /id_rsa HTTP/1.1" 404 3419 "-" "Mozilla/5.0 AppleWebKit/537.36 (KHTML, like Gecko; compatible; ChatGPT-User/1.0; +https://openai.com/bot)"
66.187.7.97 - - [13/Sep/2026:03:32:25 +0300] "GET /openapi.json HTTP/1.1" 404 3419 "http://cpanel.poznajlitwe.lt/openapi.json" "Mozilla/5.0 AppleWebKit/537.36 (KHTML, like Gecko; compatible; ChatGPT-User/1.0; +https://openai.com/bot)"
66.187.7.97 - - [13/Sep/2026:03:32:25 +0300] "GET /id_ed25519 HTTP/1.1" 404 3419 "-" "Mozilla/5.0 AppleWebKit/537.36 (KHTML, like Gecko; compatible; GPTBot/1.3; +https://openai.com/gptbot)"
66.187.7.97 - - [13/Sep/2026:03:32:25 +0300] "GET /id_rsa HTTP/1.1" 404 3419 "http://cpanel.poznajlitwe.lt/id_rsa" "Mozilla/5.0 (compatible; bingbot/2.0; +http://www.bing.com/bingbot.htm)"
66.187.7.97 - - [13/Sep/2026:03:32:25 +0300] "GET /.git/HEAD HTTP/1.1" 404 3419 "-" "Mozilla/5.0 AppleWebKit/537.36 (KHTML, like Gecko; compatible; GPTBot/1.3; +https://openai.com/gptbot)"
66.187.7.97 - - [13/Sep/2026:03:32:25 +0300] "GET /app/.git/HEAD HTTP/1.1" 404 3419 "-" "Mozilla/5.0 AppleWebKit/537.36 (KHTML, like Gecko; compatible; GPTBot/1.3; +https://openai.com/gptbot)"
66.187.7.97 - - [13/Sep/2026:03:32:25 +0300] "GET /id_ed25519 HTTP/1.1" 404 3419 "http://cpanel.poznajlitwe.lt/id_ed25519" "Mozilla/5.0 (compatible; YandexBot/3.0; +http://yandex.com/bots)"
66.187.7.97 - - [13/Sep/2026:03:32:25 +0300] "GET /public/.git/HEAD HTTP/1.1" 404 3419 "-" "Mozilla/5.0 (compatible; Amazonbot/0.1; +https://developer.amazon.com/support/amazonbot)"
66.187.7.97 - - [13/Sep/2026:03:32:25 +0300] "GET /src/.git/HEAD HTTP/1.1" 404 3419 "-" "Mozilla/5.0 (compatible; Baiduspider/2.0; +http://www.baidu.com/search/spider.html)"
66.187.7.97 - - [13/Sep/2026:03:32:26 +0300] "GET /.git/HEAD HTTP/1.1" 404 3419 "http://cpanel.poznajlitwe.lt/.git/HEAD" "Mozilla/5.0 (compatible; Google-CloudVertexBot; +https://cloud.google.com/vertex-ai-bot)"
66.187.7.97 - - [13/Sep/2026:03:32:26 +0300] "GET /backend/.git/HEAD HTTP/1.1" 404 3419 "-" "Mozilla/5.0 (compatible; Amazonbot/0.1; +https://developer.amazon.com/support/amazonbot)"
66.187.7.97 - - [13/Sep/2026:03:32:26 +0300] "GET /app/.git/HEAD HTTP/1.1" 404 3419 "http://cpanel.poznajlitwe.lt/app/.git/HEAD" "Mozilla/5.0 (compatible; PerplexityBot/1.0; +https://perplexity.ai/perplexitybot)"
66.187.7.97 - - [13/Sep/2026:03:32:26 +0300] "GET /__nonexistent_7619_91138 HTTP/1.1" 404 3419 "-" "Mozilla/5.0 (compatible; Baiduspider/2.0; +http://www.baidu.com/search/spider.html)"
66.187.7.97 - - [13/Sep/2026:03:32:26 +0300] "GET /public/.git/HEAD HTTP/1.1" 404 3419 "http://cpanel.poznajlitwe.lt/public/.git/HEAD" "Mozilla/5.0 (compatible; Baiduspider/2.0; +http://www.baidu.com/search/spider.html)"
66.187.7.97 - - [13/Sep/2026:03:32:26 +0300] "GET /src/.git/HEAD HTTP/1.1" 404 3419 "http://cpanel.poznajlitwe.lt/src/.git/HEAD" "Mozilla/5.0 (compatible; bingbot/2.0; +http://www.bing.com/bingbot.htm)"
66.187.7.97 - - [13/Sep/2026:03:32:26 +0300] "POST /graphql HTTP/1.1" 404 3419 "-" "Mozilla/5.0 (compatible; OAI-SearchBot/1.3; +https://openai.com/searchbot)"
66.187.7.97 - - [13/Sep/2026:03:32:27 +0300] "GET /backend/.git/HEAD HTTP/1.1" 404 3419 "http://cpanel.poznajlitwe.lt/backend/.git/HEAD" "Mozilla/5.0 (compatible; Baiduspider/2.0; +http://www.baidu.com/search/spider.html)"
66.187.7.97 - - [13/Sep/2026:03:32:27 +0300] "GET /__nonexistent_7619_28358 HTTP/1.1" 404 3419 "http://cpanel.poznajlitwe.lt/__nonexistent_7619_28358" "CCBot/2.0 (https://commoncrawl.org/faq/)"
66.187.7.97 - - [13/Sep/2026:03:32:28 +0300] "GET /graphql HTTP/1.1" 404 3419 "http://cpanel.poznajlitwe.lt/graphql" "Mozilla/5.0 (compatible; Google-CloudVertexBot; +https://cloud.google.com/vertex-ai-bot)"
66.249.79.2 - - [13/Sep/2026:03:33:13 +0300] "GET /?shopdetail/K51822805076 HTTP/1.1" 301 - "-" "Mozilla/5.0 (Linux; Android 6.0.1; Nexus 5X Build/MMB29P) AppleWebKit/537.36 (KHTML, like Gecko) Chrome/152.0.7977.82 Mobile Safari/537.36 (compatible; Googlebot/2.1; +http://www.google.com/bot.html)"
66.249.79.3 - - [13/Sep/2026:03:33:15 +0300] "GET /index.php/pl/?shopdetail/K51822805076 HTTP/1.1" 200 54852 "-" "Mozilla/5.0 (Linux; Android 6.0.1; Nexus 5X Build/MMB29P) AppleWebKit/537.36 (KHTML, like Gecko) Chrome/152.0.7977.82 Mobile Safari/537.36 (compatible; Googlebot/2.1; +http://www.google.com/bot.html)"
3.255.198.231 - - [13/Sep/2026:03:33:57 +0300] "GET / HTTP/1.0" 401 36 "-" "Mozilla/5.0 (compatible; NetcraftSurveyAgent/1.0; +info@netcraft.com)"
66.249.79.2 - - [13/Sep/2026:03:34:56 +0300] "GET /?shopdetail/Y5177464590 HTTP/1.1" 301 - "-" "Mozilla/5.0 (Linux; Android 6.0.1; Nexus 5X Build/MMB29P) AppleWebKit/537.36 (KHTML, like Gecko) Chrome/152.0.7977.82 Mobile Safari/537.36 (compatible; Googlebot/2.1; +http://www.google.com/bot.html)"
66.249.79.3 - - [13/Sep/2026:03:34:58 +0300] "GET /index.php/pl/?shopdetail/Y5177464590 HTTP/1.1" 200 54852 "-" "Mozilla/5.0 (Linux; Android 6.0.1; Nexus 5X Build/MMB29P) AppleWebKit/537.36 (KHTML, like Gecko) Chrome/152.0.7977.82 Mobile Safari/537.36 (compatible; Googlebot/2.1; +http://www.google.com/bot.html)"
66.249.79.2 - - [13/Sep/2026:03:36:20 +0300] "GET /?shopdetail/N51801783859 HTTP/1.1" 301 - "-" "Mozilla/5.0 (Linux; Android 6.0.1; Nexus 5X Build/MMB29P) AppleWebKit/537.36 (KHTML, like Gecko) Chrome/152.0.7977.82 Mobile Safari/537.36 (compatible; Googlebot/2.1; +http://www.google.com/bot.html)"
66.249.79.1 - - [13/Sep/2026:03:36:25 +0300] "GET /?shopdetail/Y5178987701 HTTP/1.1" 301 - "-" "Mozilla/5.0 (Linux; Android 6.0.1; Nexus 5X Build/MMB29P) AppleWebKit/537.36 (KHTML, like Gecko) Chrome/153.0.8010.36 Mobile Safari/537.36 (compatible; Googlebot/2.1; +http://www.google.com/bot.html)"
66.249.79.1 - - [13/Sep/2026:03:36:28 +0300] "GET /index.php/pl/?shopdetail/N51801783859 HTTP/1.1" 200 54852 "-" "Mozilla/5.0 (Linux; Android 6.0.1; Nexus 5X Build/MMB29P) AppleWebKit/537.36 (KHTML, like Gecko) Chrome/152.0.7977.82 Mobile Safari/537.36 (compatible; Googlebot/2.1; +http://www.google.com/bot.html)"
66.249.79.1 - - [13/Sep/2026:03:36:34 +0300] "GET /index.php/pl/?shopdetail/Y5178987701 HTTP/1.1" 200 54852 "-" "Mozilla/5.0 (Linux; Android 6.0.1; Nexus 5X Build/MMB29P) AppleWebKit/537.36 (KHTML, like Gecko) Chrome/153.0.8010.36 Mobile Safari/537.36 (compatible; Googlebot/2.1; +http://www.google.com/bot.html)"
66.249.79.1 - - [13/Sep/2026:03:36:52 +0300] "GET /?shopdetail/A517720204 HTTP/1.1" 301 - "-" "Mozilla/5.0 (compatible; Googlebot/2.1; +http://www.google.com/bot.html)"
66.249.79.1 - - [13/Sep/2026:03:36:54 +0300] "GET /index.php/pl/?shopdetail/A517720204 HTTP/1.1" 200 54852 "-" "Mozilla/5.0 (compatible; Googlebot/2.1; +http://www.google.com/bot.html)"
66.249.79.1 - - [13/Sep/2026:03:37:16 +0300] "GET /?shopdetail/G51812297995 HTTP/1.1" 301 - "-" "Mozilla/5.0 (compatible; Googlebot/2.1; +http://www.google.com/bot.html)"
66.249.79.1 - - [13/Sep/2026:03:37:17 +0300] "GET /index.php/pl/?shopdetail/G51812297995 HTTP/1.1" 200 54852 "-" "Mozilla/5.0 (compatible; Googlebot/2.1; +http://www.google.com/bot.html)"
66.249.79.2 - - [13/Sep/2026:03:37:25 +0300] "GET /?shopdetail/Y51791240173 HTTP/1.1" 301 - "-" "Mozilla/5.0 (Linux; Android 6.0.1; Nexus 5X Build/MMB29P) AppleWebKit/537.36 (KHTML, like Gecko) Chrome/153.0.8010.36 Mobile Safari/537.36 (compatible; Googlebot/2.1; +http://www.google.com/bot.html)"
66.249.79.1 - - [13/Sep/2026:03:37:47 +0300] "GET /index.php/pl/?shopdetail/Y51791240173 HTTP/1.1" 200 54852 "-" "Mozilla/5.0 (Linux; Android 6.0.1; Nexus 5X Build/MMB29P) AppleWebKit/537.36 (KHTML, like Gecko) Chrome/153.0.8010.36 Mobile Safari/537.36 (compatible; Googlebot/2.1; +http://www.google.com/bot.html)"
40.77.167.18 - - [13/Sep/2026:03:37:56 +0300] "GET /?ID=07601.html HTTP/2.0" 301 - "-" "Mozilla/5.0 AppleWebKit/537.36 (KHTML, like Gecko; compatible; bingbot/2.0; +http://www.bing.com/bingbot.htm) Chrome/116.0.1938.76 Safari/537.36"
66.249.79.2 - - [13/Sep/2026:03:39:00 +0300] "GET /?shopdetail/U51812229557 HTTP/1.1" 301 - "-" "Mozilla/5.0 (compatible; Googlebot/2.1; +http://www.google.com/bot.html)"
66.249.79.1 - - [13/Sep/2026:03:39:02 +0300] "GET /index.php/pl/?shopdetail/U51812229557 HTTP/1.1" 200 54852 "-" "Mozilla/5.0 (compatible; Googlebot/2.1; +http://www.google.com/bot.html)"
66.249.79.2 - - [13/Sep/2026:03:39:25 +0300] "GET /?shopdetail/U51822530701 HTTP/1.1" 301 - "-" "Mozilla/5.0 (Linux; Android 6.0.1; Nexus 5X Build/MMB29P) AppleWebKit/537.36 (KHTML, like Gecko) Chrome/153.0.8010.36 Mobile Safari/537.36 (compatible; Googlebot/2.1; +http://www.google.com/bot.html)"
66.249.79.1 - - [13/Sep/2026:03:39:47 +0300] "GET /index.php/pl/?shopdetail/U51822530701 HTTP/1.1" 200 54852 "-" "Mozilla/5.0 (Linux; Android 6.0.1; Nexus 5X Build/MMB29P) AppleWebKit/537.36 (KHTML, like Gecko) Chrome/153.0.8010.36 Mobile Safari/537.36 (compatible; Googlebot/2.1; +http://www.google.com/bot.html)"
66.187.7.97 - - [13/Sep/2026:03:40:30 +0300] "GET /unprotected/json-minified.js HTTP/1.1" 200 843 "-" "Mozilla/5.0 (compatible; PerplexityBot/1.0; +https://perplexity.ai/perplexitybot)"
66.187.7.97 - - [13/Sep/2026:03:40:30 +0300] "GET /cPanel_magic_revision_1696277153/unprotected/cpanel/images/notice-error.png HTTP/1.1" 200 1026 "-" "Mozilla/5.0 (compatible; Google-CloudVertexBot; +https://cloud.google.com/vertex-ai-bot)"
66.187.7.97 - - [13/Sep/2026:03:40:30 +0300] "GET /cPanel_magic_revision_1748449569/unprotected/cpanel/fonts/open_sans/open_sans.min.css HTTP/1.1" 200 522 "-" "Mozilla/5.0 (compatible; YandexBot/3.0; +http://yandex.com/bots)"
66.187.7.97 - - [13/Sep/2026:03:40:30 +0300] "GET /cPanel_magic_revision_1696277153/unprotected/cpanel/images/cpanel-logo.svg HTTP/1.1" 200 2632 "-" "CCBot/2.0 (https://commoncrawl.org/faq/)"
66.187.7.97 - - [13/Sep/2026:03:40:30 +0300] "GET /cPanel_magic_revision_1749503124/unprotected/cpanel/style_v2_optimized.css HTTP/1.1" 200 33195 "-" "Mozilla/5.0 (compatible; PerplexityBot/1.0; +https://perplexity.ai/perplexitybot)"
66.187.7.97 - - [13/Sep/2026:03:40:30 +0300] "GET /resetpass?start=1 HTTP/1.1" 200 1086 "-" "Mozilla/5.0 (compatible; Google-CloudVertexBot; +https://cloud.google.com/vertex-ai-bot)"
66.187.7.97 - - [13/Sep/2026:03:40:30 +0300] "GET /resetpass?start=1 HTTP/1.1" 308 102 "http://cpanel.poznajlitwe.lt/resetpass?start=1" "Mozilla/5.0 (compatible; Applebot/0.1; +http://www.apple.com/go/applebot)"
66.187.7.97 - - [13/Sep/2026:03:40:30 +0300] "GET /resetpass?start=1 HTTP/1.1" 200 1086 "https://cpanel.poznajlitwe.lt/resetpass?start=1" "Mozilla/5.0 (compatible; Applebot/0.1; +http://www.apple.com/go/applebot)"
66.187.7.97 - - [13/Sep/2026:03:40:59 +0300] "GET /cPanel_magic_revision_1696277153/unprotected/cpanel/favicon.ico HTTP/1.1" 200 767 "-" "CCBot/2.0 (https://commoncrawl.org/faq/)"
66.249.79.3 - - [13/Sep/2026:03:42:33 +0300] "GET /?shopdetail/Q51822810903 HTTP/1.1" 301 - "-" "Mozilla/5.0 (compatible; Googlebot/2.1; +http://www.google.com/bot.html)"
66.249.79.2 - - [13/Sep/2026:03:42:35 +0300] "GET /index.php/pl/?shopdetail/Q51822810903 HTTP/1.1" 200 54852 "-" "Mozilla/5.0 (compatible; Googlebot/2.1; +http://www.google.com/bot.html)"
66.249.79.2 - - [13/Sep/2026:03:44:19 +0300] "GET /?shopdetail/Q51812482843 HTTP/1.1" 301 - "-" "Mozilla/5.0 (compatible; Googlebot/2.1; +http://www.google.com/bot.html)"
66.249.79.3 - - [13/Sep/2026:03:44:20 +0300] "GET /index.php/pl/?shopdetail/Q51812482843 HTTP/1.1" 200 54852 "-" "Mozilla/5.0 (compatible; Googlebot/2.1; +http://www.google.com/bot.html)"
66.249.79.3 - - [13/Sep/2026:03:46:29 +0300] "GET /?ID=34600.html HTTP/1.1" 301 - "-" "Mozilla/5.0 (Linux; Android 6.0.1; Nexus 5X Build/MMB29P) AppleWebKit/537.36 (KHTML, like Gecko) Chrome/152.0.7977.82 Mobile Safari/537.36 (compatible; Googlebot/2.1; +http://www.google.com/bot.html)"
207.46.13.64 - - [13/Sep/2026:03:46:43 +0300] "GET /?ID=45673.html HTTP/2.0" 301 - "-" "Mozilla/5.0 AppleWebKit/537.36 (KHTML, like Gecko; compatible; bingbot/2.0; +http://www.bing.com/bingbot.htm) Chrome/116.0.1938.76 Safari/537.36"
66.249.79.1 - - [13/Sep/2026:03:46:48 +0300] "GET /index.php/pl/?ID=34600.html HTTP/1.1" 200 54852 "-" "Mozilla/5.0 (Linux; Android 6.0.1; Nexus 5X Build/MMB29P) AppleWebKit/537.36 (KHTML, like Gecko) Chrome/152.0.7977.82 Mobile Safari/537.36 (compatible; Googlebot/2.1; +http://www.google.com/bot.html)"
66.249.79.1 - - [13/Sep/2026:03:46:55 +0300] "GET /?shopdetail/A5178852657 HTTP/1.1" 301 - "-" "Mozilla/5.0 (compatible; Googlebot/2.1; +http://www.google.com/bot.html)"
66.249.79.1 - - [13/Sep/2026:03:46:56 +0300] "GET /index.php/pl/?shopdetail/A5178852657 HTTP/1.1" 200 54852 "-" "Mozilla/5.0 (compatible; Googlebot/2.1; +http://www.google.com/bot.html)"
66.249.79.2 - - [13/Sep/2026:03:50:42 +0300] "GET /?shopdetail/U51812353522 HTTP/1.1" 301 - "-" "Mozilla/5.0 (Linux; Android 6.0.1; Nexus 5X Build/MMB29P) AppleWebKit/537.36 (KHTML, like Gecko) Chrome/153.0.8010.36 Mobile Safari/537.36 (compatible; Googlebot/2.1; +http://www.google.com/bot.html)"
66.249.79.1 - - [13/Sep/2026:03:51:04 +0300] "GET /index.php/pl/?shopdetail/U51812353522 HTTP/1.1" 200 54852 "-" "Mozilla/5.0 (Linux; Android 6.0.1; Nexus 5X Build/MMB29P) AppleWebKit/537.36 (KHTML, like Gecko) Chrome/153.0.8010.36 Mobile Safari/537.36 (compatible; Googlebot/2.1; +http://www.google.com/bot.html)"
66.249.79.3 - - [13/Sep/2026:03:54:34 +0300] "GET /?ID=61532.html HTTP/1.1" 301 - "-" "Mozilla/5.0 (Linux; Android 6.0.1; Nexus 5X Build/MMB29P) AppleWebKit/537.36 (KHTML, like Gecko) Chrome/152.0.7977.82 Mobile Safari/537.36 (compatible; Googlebot/2.1; +http://www.google.com/bot.html)"
66.249.79.1 - - [13/Sep/2026:03:54:42 +0300] "GET /?shopdetail/Y51791110615 HTTP/1.1" 301 - "-" "Mozilla/5.0 (Linux; Android 6.0.1; Nexus 5X Build/MMB29P) AppleWebKit/537.36 (KHTML, like Gecko) Chrome/153.0.8010.36 Mobile Safari/537.36 (compatible; Googlebot/2.1; +http://www.google.com/bot.html)"
66.249.79.1 - - [13/Sep/2026:03:55:01 +0300] "GET /index.php/pl/?ID=61532.html HTTP/1.1" 200 54852 "-" "Mozilla/5.0 (Linux; Android 6.0.1; Nexus 5X Build/MMB29P) AppleWebKit/537.36 (KHTML, like Gecko) Chrome/152.0.7977.82 Mobile Safari/537.36 (compatible; Googlebot/2.1; +http://www.google.com/bot.html)"
66.249.79.2 - - [13/Sep/2026:03:55:04 +0300] "GET /index.php/pl/?shopdetail/Y51791110615 HTTP/1.1" 200 54852 "-" "Mozilla/5.0 (Linux; Android 6.0.1; Nexus 5X Build/MMB29P) AppleWebKit/537.36 (KHTML, like Gecko) Chrome/153.0.8010.36 Mobile Safari/537.36 (compatible; Googlebot/2.1; +http://www.google.com/bot.html)"
66.249.79.1 - - [13/Sep/2026:03:55:30 +0300] "GET /?shopdetail/G517713641 HTTP/1.1" 301 - "-" "Mozilla/5.0 (Linux; Android 6.0.1; Nexus 5X Build/MMB29P) AppleWebKit/537.36 (KHTML, like Gecko) Chrome/152.0.7977.82 Mobile Safari/537.36 (compatible; Googlebot/2.1; +http://www.google.com/bot.html)"
66.249.79.1 - - [13/Sep/2026:03:55:30 +0300] "GET /index.php/pl/?shopdetail/G517713641 HTTP/1.1" 200 54852 "-" "Mozilla/5.0 (Linux; Android 6.0.1; Nexus 5X Build/MMB29P) AppleWebKit/537.36 (KHTML, like Gecko) Chrome/152.0.7977.82 Mobile Safari/537.36 (compatible; Googlebot/2.1; +http://www.google.com/bot.html)"
66.249.79.3 - - [13/Sep/2026:03:56:02 +0300] "GET /?shopdetail/T51812085461 HTTP/1.1" 301 - "-" "Mozilla/5.0 (compatible; Googlebot/2.1; +http://www.google.com/bot.html)"
66.249.79.2 - - [13/Sep/2026:03:56:03 +0300] "GET /index.php/pl/?shopdetail/T51812085461 HTTP/1.1" 200 54852 "-" "Mozilla/5.0 (compatible; Googlebot/2.1; +http://www.google.com/bot.html)"
66.249.79.1 - - [13/Sep/2026:03:59:27 +0300] "GET /?shopdetail/H51801808251 HTTP/1.1" 301 - "-" "Mozilla/5.0 (Linux; Android 6.0.1; Nexus 5X Build/MMB29P) AppleWebKit/537.36 (KHTML, like Gecko) Chrome/152.0.7977.82 Mobile Safari/537.36 (compatible; Googlebot/2.1; +http://www.google.com/bot.html)"
66.249.79.1 - - [13/Sep/2026:03:59:30 +0300] "GET /index.php/pl/?shopdetail/H51801808251 HTTP/1.1" 200 54852 "-" "Mozilla/5.0 (Linux; Android 6.0.1; Nexus 5X Build/MMB29P) AppleWebKit/537.36 (KHTML, like Gecko) Chrome/152.0.7977.82 Mobile Safari/537.36 (compatible; Googlebot/2.1; +http://www.google.com/bot.html)"
157.55.39.52 - - [13/Sep/2026:03:59:49 +0300] "GET /?ID=62120.html HTTP/2.0" 301 - "-" "Mozilla/5.0 AppleWebKit/537.36 (KHTML, like Gecko; compatible; bingbot/2.0; +http://www.bing.com/bingbot.htm) Chrome/116.0.1938.76 Safari/537.36"
66.249.79.3 - - [13/Sep/2026:04:00:37 +0300] "GET /?shopdetail/A51812371328 HTTP/1.1" 301 - "-" "Mozilla/5.0 (Linux; Android 6.0.1; Nexus 5X Build/MMB29P) AppleWebKit/537.36 (KHTML, like Gecko) Chrome/152.0.7977.82 Mobile Safari/537.36 (compatible; Googlebot/2.1; +http://www.google.com/bot.html)"
66.249.79.3 - - [13/Sep/2026:04:00:38 +0300] "GET /index.php/pl/?shopdetail/A51812371328 HTTP/1.1" 200 54852 "-" "Mozilla/5.0 (Linux; Android 6.0.1; Nexus 5X Build/MMB29P) AppleWebKit/537.36 (KHTML, like Gecko) Chrome/152.0.7977.82 Mobile Safari/537.36 (compatible; Googlebot/2.1; +http://www.google.com/bot.html)"
66.249.79.1 - - [13/Sep/2026:04:04:46 +0300] "GET /?shopdetail/U51812400324 HTTP/1.1" 301 - "-" "Mozilla/5.0 (Linux; Android 6.0.1; Nexus 5X Build/MMB29P) AppleWebKit/537.36 (KHTML, like Gecko) Chrome/153.0.8010.36 Mobile Safari/537.36 (compatible; Googlebot/2.1; +http://www.google.com/bot.html)"
66.249.79.2 - - [13/Sep/2026:04:05:08 +0300] "GET /index.php/pl/?shopdetail/U51812400324 HTTP/1.1" 200 54852 "-" "Mozilla/5.0 (Linux; Android 6.0.1; Nexus 5X Build/MMB29P) AppleWebKit/537.36 (KHTML, like Gecko) Chrome/153.0.8010.36 Mobile Safari/537.36 (compatible; Googlebot/2.1; +http://www.google.com/bot.html)"
66.249.79.2 - - [13/Sep/2026:04:05:24 +0300] "GET /templates/it_startup/uikit/css/uikit.min.css HTTP/1.1" 200 113947 "https://poznajlitwe.lt/index.php/pl/?shopdetail/O5177402736" "Mozilla/5.0 (Linux; Android 6.0.1; Nexus 5X Build/MMB29P) AppleWebKit/537.36 (KHTML, like Gecko) Chrome/151.0.7922.173 Mobile Safari/537.36 (compatible; Googlebot/2.1; +http://www.google.com/bot.html)"
66.249.79.3 - - [13/Sep/2026:04:06:32 +0300] "GET /?shopdetail/W5177459057 HTTP/1.1" 301 - "-" "Mozilla/5.0 (Linux; Android 6.0.1; Nexus 5X Build/MMB29P) AppleWebKit/537.36 (KHTML, like Gecko) Chrome/152.0.7977.82 Mobile Safari/537.36 (compatible; Googlebot/2.1; +http://www.google.com/bot.html)"
66.249.79.1 - - [13/Sep/2026:04:06:55 +0300] "GET /index.php/pl/?shopdetail/W5177459057 HTTP/1.1" 200 54852 "-" "Mozilla/5.0 (Linux; Android 6.0.1; Nexus 5X Build/MMB29P) AppleWebKit/537.36 (KHTML, like Gecko) Chrome/152.0.7977.82 Mobile Safari/537.36 (compatible; Googlebot/2.1; +http://www.google.com/bot.html)"
66.249.79.2 - - [13/Sep/2026:04:07:54 +0300] "GET /?shopdetail/R51822549269 HTTP/1.1" 301 - "-" "Mozilla/5.0 (Linux; Android 6.0.1; Nexus 5X Build/MMB29P) AppleWebKit/537.36 (KHTML, like Gecko) Chrome/152.0.7977.82 Mobile Safari/537.36 (compatible; Googlebot/2.1; +http://www.google.com/bot.html)"
66.249.79.2 - - [13/Sep/2026:04:07:56 +0300] "GET /index.php/pl/?shopdetail/R51822549269 HTTP/1.1" 200 54852 "-" "Mozilla/5.0 (Linux; Android 6.0.1; Nexus 5X Build/MMB29P) AppleWebKit/537.36 (KHTML, like Gecko) Chrome/152.0.7977.82 Mobile Safari/537.36 (compatible; Googlebot/2.1; +http://www.google.com/bot.html)"
66.249.79.3 - - [13/Sep/2026:04:10:29 +0300] "GET /?shopdetail/W5177405519 HTTP/1.1" 301 - "-" "Mozilla/5.0 (Linux; Android 6.0.1; Nexus 5X Build/MMB29P) AppleWebKit/537.36 (KHTML, like Gecko) Chrome/152.0.7977.82 Mobile Safari/537.36 (compatible; Googlebot/2.1; +http://www.google.com/bot.html)"
66.249.79.3 - - [13/Sep/2026:04:10:30 +0300] "GET /index.php/pl/?shopdetail/W5177405519 HTTP/1.1" 200 54852 "-" "Mozilla/5.0 (Linux; Android 6.0.1; Nexus 5X Build/MMB29P) AppleWebKit/537.36 (KHTML, like Gecko) Chrome/152.0.7977.82 Mobile Safari/537.36 (compatible; Googlebot/2.1; +http://www.google.com/bot.html)"
157.55.39.9 - - [13/Sep/2026:04:10:49 +0300] "GET /?ID=15429.html HTTP/2.0" 301 - "-" "Mozilla/5.0 AppleWebKit/537.36 (KHTML, like Gecko; compatible; bingbot/2.0; +http://www.bing.com/bingbot.htm) Chrome/116.0.1938.76 Safari/537.36"
157.55.39.9 - - [13/Sep/2026:04:10:49 +0300] "GET /?ID=60922.html HTTP/2.0" 301 - "-" "Mozilla/5.0 AppleWebKit/537.36 (KHTML, like Gecko; compatible; bingbot/2.0; +http://www.bing.com/bingbot.htm) Chrome/116.0.1938.76 Safari/537.36"
66.249.79.3 - - [13/Sep/2026:04:12:07 +0300] "GET /?shopdetail/S51822832237 HTTP/1.1" 301 - "-" "Mozilla/5.0 (Linux; Android 6.0.1; Nexus 5X Build/MMB29P) AppleWebKit/537.36 (KHTML, like Gecko) Chrome/152.0.7977.82 Mobile Safari/537.36 (compatible; Googlebot/2.1; +http://www.google.com/bot.html)"
66.249.79.1 - - [13/Sep/2026:04:12:09 +0300] "GET /index.php/pl/?shopdetail/S51822832237 HTTP/1.1" 200 54852 "-" "Mozilla/5.0 (Linux; Android 6.0.1; Nexus 5X Build/MMB29P) AppleWebKit/537.36 (KHTML, like Gecko) Chrome/152.0.7977.82 Mobile Safari/537.36 (compatible; Googlebot/2.1; +http://www.google.com/bot.html)"
66.249.79.2 - - [13/Sep/2026:04:12:16 +0300] "GET /?ID=9286.html HTTP/1.1" 301 - "-" "Mozilla/5.0 (Linux; Android 6.0.1; Nexus 5X Build/MMB29P) AppleWebKit/537.36 (KHTML, like Gecko) Chrome/152.0.7977.82 Mobile Safari/537.36 (compatible; Googlebot/2.1; +http://www.google.com/bot.html)"
104.224.69.104 - - [13/Sep/2026:04:12:18 +0300] "GET /?ID=43225.html HTTP/1.1" 301 - "-" "Mozilla/5.0 (compatible; ExaSearchBot/1.0; +https://crawler.exa.ai/)"
66.249.79.1 - - [13/Sep/2026:04:12:39 +0300] "GET /index.php/pl/?ID=9286.html HTTP/1.1" 200 54852 "-" "Mozilla/5.0 (Linux; Android 6.0.1; Nexus 5X Build/MMB29P) AppleWebKit/537.36 (KHTML, like Gecko) Chrome/152.0.7977.82 Mobile Safari/537.36 (compatible; Googlebot/2.1; +http://www.google.com/bot.html)"
152.163.47.192 - - [13/Sep/2026:04:12:46 +0300] "GET /?ID=26926.html HTTP/1.1" 301 - "-" "Mozilla/5.0 (compatible; ExaSearchBot/1.0; +https://crawler.exa.ai/)"
72.63.23.35 - - [13/Sep/2026:04:13:01 +0300] "GET /?ID=59097.html HTTP/1.1" 301 - "-" "Mozilla/5.0 (compatible; ExaSearchBot/1.0; +https://crawler.exa.ai/)"
176.20.222.226 - - [13/Sep/2026:04:13:22 +0300] "GET /?ID=64794.html HTTP/1.1" 301 - "-" "Mozilla/5.0 (compatible; ExaSearchBot/1.0; +https://crawler.exa.ai/)"
152.163.188.120 - - [13/Sep/2026:04:13:44 +0300] "GET /?ID=90560.html HTTP/1.1" 301 - "-" "Mozilla/5.0 (compatible; ExaSearchBot/1.0; +https://crawler.exa.ai/)"
203.100.216.74 - - [13/Sep/2026:04:14:05 +0300] "GET /?ID=73420.html HTTP/1.1" 301 - "-" "Mozilla/5.0 (compatible; ExaSearchBot/1.0; +https://crawler.exa.ai/)"
152.163.205.197 - - [13/Sep/2026:04:14:27 +0300] "GET /?ID=81518.html HTTP/1.1" 301 - "-" "Mozilla/5.0 (compatible; ExaSearchBot/1.0; +https://crawler.exa.ai/)"
66.249.79.2 - - [13/Sep/2026:04:14:35 +0300] "GET /?shopdetail/N5178680604 HTTP/1.1" 301 - "-" "Mozilla/5.0 (Linux; Android 6.0.1; Nexus 5X Build/MMB29P) AppleWebKit/537.36 (KHTML, like Gecko) Chrome/152.0.7977.82 Mobile Safari/537.36 (compatible; Googlebot/2.1; +http://www.google.com/bot.html)"
66.249.79.3 - - [13/Sep/2026:04:14:37 +0300] "GET /index.php/pl/?shopdetail/N5178680604 HTTP/1.1" 200 54852 "-" "Mozilla/5.0 (Linux; Android 6.0.1; Nexus 5X Build/MMB29P) AppleWebKit/537.36 (KHTML, like Gecko) Chrome/152.0.7977.82 Mobile Safari/537.36 (compatible; Googlebot/2.1; +http://www.google.com/bot.html)"
66.249.79.3 - - [13/Sep/2026:04:15:24 +0300] "GET /?shopdetail/Y51791412651 HTTP/1.1" 301 - "-" "Mozilla/5.0 (compatible; Googlebot/2.1; +http://www.google.com/bot.html)"
66.249.79.3 - - [13/Sep/2026:04:15:26 +0300] "GET /index.php/pl/?shopdetail/Y51791412651 HTTP/1.1" 200 54852 "-" "Mozilla/5.0 (compatible; Googlebot/2.1; +http://www.google.com/bot.html)"
66.249.79.2 - - [13/Sep/2026:04:16:28 +0300] "GET /?shopdetail/O5177304332 HTTP/1.1" 301 - "-" "Mozilla/5.0 (compatible; Googlebot/2.1; +http://www.google.com/bot.html)"
66.249.79.2 - - [13/Sep/2026:04:16:30 +0300] "GET /index.php/pl/?shopdetail/O5177304332 HTTP/1.1" 200 54852 "-" "Mozilla/5.0 (compatible; Googlebot/2.1; +http://www.google.com/bot.html)"
66.249.79.1 - - [13/Sep/2026:04:17:03 +0300] "GET /?shopdetail/Y5177450762 HTTP/1.1" 301 - "-" "Mozilla/5.0 (Linux; Android 6.0.1; Nexus 5X Build/MMB29P) AppleWebKit/537.36 (KHTML, like Gecko) Chrome/152.0.7977.82 Mobile Safari/537.36 (compatible; Googlebot/2.1; +http://www.google.com/bot.html)"
66.249.76.64 - - [13/Sep/2026:04:17:04 +0300] "GET /index.php/pl/?shopdetail/Y5177450762 HTTP/1.1" 200 54852 "-" "Mozilla/5.0 (Linux; Android 6.0.1; Nexus 5X Build/MMB29P) AppleWebKit/537.36 (KHTML, like Gecko) Chrome/152.0.7977.82 Mobile Safari/537.36 (compatible; Googlebot/2.1; +http://www.google.com/bot.html)"
66.249.79.3 - - [13/Sep/2026:04:20:09 +0300] "GET /?shopdetail/V5178835401 HTTP/1.1" 301 - "-" "Mozilla/5.0 (Linux; Android 6.0.1; Nexus 5X Build/MMB29P) AppleWebKit/537.36 (KHTML, like Gecko) Chrome/152.0.7977.82 Mobile Safari/537.36 (compatible; Googlebot/2.1; +http://www.google.com/bot.html)"
66.249.79.3 - - [13/Sep/2026:04:20:12 +0300] "GET /index.php/pl/?shopdetail/V5178835401 HTTP/1.1" 200 54852 "-" "Mozilla/5.0 (Linux; Android 6.0.1; Nexus 5X Build/MMB29P) AppleWebKit/537.36 (KHTML, like Gecko) Chrome/152.0.7977.82 Mobile Safari/537.36 (compatible; Googlebot/2.1; +http://www.google.com/bot.html)"
3.248.255.237 - - [13/Sep/2026:04:21:11 +0300] "GET / HTTP/1.0" 301 - "-" "Mozilla/5.0 (compatible; NetcraftSurveyAgent/1.0; +info@netcraft.com)"
66.249.79.1 - - [13/Sep/2026:04:21:30 +0300] "GET /?shopdetail/M5178935684 HTTP/1.1" 301 - "-" "Mozilla/5.0 (Linux; Android 6.0.1; Nexus 5X Build/MMB29P) AppleWebKit/537.36 (KHTML, like Gecko) Chrome/152.0.7977.82 Mobile Safari/537.36 (compatible; Googlebot/2.1; +http://www.google.com/bot.html)"
66.249.79.2 - - [13/Sep/2026:04:21:32 +0300] "GET /index.php/pl/?shopdetail/M5178935684 HTTP/1.1" 200 54852 "-" "Mozilla/5.0 (Linux; Android 6.0.1; Nexus 5X Build/MMB29P) AppleWebKit/537.36 (KHTML, like Gecko) Chrome/152.0.7977.82 Mobile Safari/537.36 (compatible; Googlebot/2.1; +http://www.google.com/bot.html)"
66.249.79.3 - - [13/Sep/2026:04:22:48 +0300] "GET /?shopdetail/B51801748525 HTTP/1.1" 301 - "-" "Mozilla/5.0 (compatible; Googlebot/2.1; +http://www.google.com/bot.html)"
66.249.79.2 - - [13/Sep/2026:04:22:55 +0300] "GET /index.php/pl/?shopdetail/B51801748525 HTTP/1.1" 200 54852 "-" "Mozilla/5.0 (compatible; Googlebot/2.1; +http://www.google.com/bot.html)"
66.249.79.2 - - [13/Sep/2026:04:23:47 +0300] "GET /?shopdetail/E51812302534 HTTP/1.1" 301 - "-" "Mozilla/5.0 (compatible; Googlebot/2.1; +http://www.google.com/bot.html)"
66.249.79.3 - - [13/Sep/2026:04:23:50 +0300] "GET /index.php/pl/?shopdetail/E51812302534 HTTP/1.1" 200 54852 "-" "Mozilla/5.0 (compatible; Googlebot/2.1; +http://www.google.com/bot.html)"
66.249.79.3 - - [13/Sep/2026:04:25:02 +0300] "GET /?shopdetail/A51791340504 HTTP/1.1" 301 - "-" "Mozilla/5.0 (compatible; Googlebot/2.1; +http://www.google.com/bot.html)"
66.249.79.3 - - [13/Sep/2026:04:25:04 +0300] "GET /index.php/pl/?shopdetail/A51791340504 HTTP/1.1" 200 54852 "-" "Mozilla/5.0 (compatible; Googlebot/2.1; +http://www.google.com/bot.html)"
66.249.79.1 - - [13/Sep/2026:04:26:03 +0300] "GET /?shopdetail/W51801812586 HTTP/1.1" 301 - "-" "Mozilla/5.0 (compatible; Googlebot/2.1; +http://www.google.com/bot.html)"
66.249.79.3 - - [13/Sep/2026:04:26:06 +0300] "GET /index.php/pl/?shopdetail/W51801812586 HTTP/1.1" 200 54852 "-" "Mozilla/5.0 (compatible; Googlebot/2.1; +http://www.google.com/bot.html)"
66.249.79.2 - - [13/Sep/2026:04:26:23 +0300] "GET /?shopdetail/C517742147 HTTP/1.1" 301 - "-" "Mozilla/5.0 (compatible; Googlebot/2.1; +http://www.google.com/bot.html)"
66.249.79.1 - - [13/Sep/2026:04:26:26 +0300] "GET /index.php/pl/?shopdetail/C517742147 HTTP/1.1" 200 54852 "-" "Mozilla/5.0 (compatible; Googlebot/2.1; +http://www.google.com/bot.html)"
66.249.79.1 - - [13/Sep/2026:04:29:16 +0300] "GET /?ID=81234.html HTTP/1.1" 301 - "-" "Mozilla/5.0 (Linux; Android 6.0.1; Nexus 5X Build/MMB29P) AppleWebKit/537.36 (KHTML, like Gecko) Chrome/152.0.7977.82 Mobile Safari/537.36 (compatible; Googlebot/2.1; +http://www.google.com/bot.html)"
66.249.79.2 - - [13/Sep/2026:04:29:21 +0300] "GET /index.php/pl/?ID=81234.html HTTP/1.1" 200 54852 "-" "Mozilla/5.0 (Linux; Android 6.0.1; Nexus 5X Build/MMB29P) AppleWebKit/537.36 (KHTML, like Gecko) Chrome/152.0.7977.82 Mobile Safari/537.36 (compatible; Googlebot/2.1; +http://www.google.com/bot.html)"
66.249.79.2 - - [13/Sep/2026:04:29:22 +0300] "GET /?ID=51772.html HTTP/1.1" 301 - "-" "Mozilla/5.0 (Linux; Android 6.0.1; Nexus 5X Build/MMB29P) AppleWebKit/537.36 (KHTML, like Gecko) Chrome/152.0.7977.82 Mobile Safari/537.36 (compatible; Googlebot/2.1; +http://www.google.com/bot.html)"
207.46.13.6 - - [13/Sep/2026:04:29:32 +0300] "GET /?ID=27411.html HTTP/2.0" 301 - "-" "Mozilla/5.0 AppleWebKit/537.36 (KHTML, like Gecko; compatible; bingbot/2.0; +http://www.bing.com/bingbot.htm) Chrome/116.0.1938.76 Safari/537.36"
66.249.79.1 - - [13/Sep/2026:04:29:51 +0300] "GET /?shopdetail/S51822737888 HTTP/1.1" 301 - "-" "Mozilla/5.0 (compatible; Googlebot/2.1; +http://www.google.com/bot.html)"
66.249.79.1 - - [13/Sep/2026:04:29:52 +0300] "GET /index.php/pl/?ID=51772.html HTTP/1.1" 200 54852 "-" "Mozilla/5.0 (Linux; Android 6.0.1; Nexus 5X Build/MMB29P) AppleWebKit/537.36 (KHTML, like Gecko) Chrome/152.0.7977.82 Mobile Safari/537.36 (compatible; Googlebot/2.1; +http://www.google.com/bot.html)"
66.249.79.1 - - [13/Sep/2026:04:29:53 +0300] "GET /index.php/pl/?shopdetail/S51822737888 HTTP/1.1" 200 54852 "-" "Mozilla/5.0 (compatible; Googlebot/2.1; +http://www.google.com/bot.html)"
66.249.79.1 - - [13/Sep/2026:04:29:57 +0300] "GET /media/jui/js/jquery-noconflict.js?d0efd80bfea2835e175d45e9291370bf HTTP/1.1" 200 21 "https://poznajlitwe.lt/index.php/pl/?ID=51772.html" "Mozilla/5.0 (Linux; Android 6.0.1; Nexus 5X Build/MMB29P) AppleWebKit/537.36 (KHTML, like Gecko) Chrome/152.0.7977.82 Mobile Safari/537.36 (compatible; Googlebot/2.1; +http://www.google.com/bot.html)"
66.249.79.3 - - [13/Sep/2026:04:30:20 +0300] "GET /?ID=48870.html HTTP/1.1" 301 - "-" "Mozilla/5.0 (Linux; Android 6.0.1; Nexus 5X Build/MMB29P) AppleWebKit/537.36 (KHTML, like Gecko) Chrome/152.0.7977.82 Mobile Safari/537.36 (compatible; Googlebot/2.1; +http://www.google.com/bot.html)"
66.249.79.1 - - [13/Sep/2026:04:30:21 +0300] "GET /index.php/pl/?ID=48870.html HTTP/1.1" 200 54852 "-" "Mozilla/5.0 (Linux; Android 6.0.1; Nexus 5X Build/MMB29P) AppleWebKit/537.36 (KHTML, like Gecko) Chrome/152.0.7977.82 Mobile Safari/537.36 (compatible; Googlebot/2.1; +http://www.google.com/bot.html)"
66.249.79.1 - - [13/Sep/2026:04:35:41 +0300] "GET /?shopdetail/B51822651925 HTTP/1.1" 301 - "-" "Mozilla/5.0 (Linux; Android 6.0.1; Nexus 5X Build/MMB29P) AppleWebKit/537.36 (KHTML, like Gecko) Chrome/152.0.7977.82 Mobile Safari/537.36 (compatible; Googlebot/2.1; +http://www.google.com/bot.html)"
66.249.79.3 - - [13/Sep/2026:04:35:44 +0300] "GET /index.php/pl/?shopdetail/B51822651925 HTTP/1.1" 200 54852 "-" "Mozilla/5.0 (Linux; Android 6.0.1; Nexus 5X Build/MMB29P) AppleWebKit/537.36 (KHTML, like Gecko) Chrome/152.0.7977.82 Mobile Safari/537.36 (compatible; Googlebot/2.1; +http://www.google.com/bot.html)"
35.87.255.50 - - [13/Sep/2026:04:37:14 +0300] "GET /robots.txt HTTP/2.0" 200 26 "-" "Mozilla/5.0 (compatible; wpbot/1.4; +https://forms.gle/ajBaxygz9jSR8p8G9)"
40.77.167.2 - - [13/Sep/2026:04:37:15 +0300] "GET /?ID=01988.html HTTP/2.0" 301 - "-" "Mozilla/5.0 AppleWebKit/537.36 (KHTML, like Gecko; compatible; bingbot/2.0; +http://www.bing.com/bingbot.htm) Chrome/116.0.1938.76 Safari/537.36"
66.249.79.3 - - [13/Sep/2026:04:37:57 +0300] "GET /?ID=30207.html HTTP/1.1" 301 - "-" "Mozilla/5.0 (compatible; Googlebot/2.1; +http://www.google.com/bot.html)"
66.249.79.3 - - [13/Sep/2026:04:38:00 +0300] "GET /index.php/pl/?ID=30207.html HTTP/1.1" 200 54852 "-" "Mozilla/5.0 (compatible; Googlebot/2.1; +http://www.google.com/bot.html)"
66.249.79.3 - - [13/Sep/2026:04:41:03 +0300] "GET /?ID=47197.html HTTP/1.1" 301 - "-" "Mozilla/5.0 (Linux; Android 6.0.1; Nexus 5X Build/MMB29P) AppleWebKit/537.36 (KHTML, like Gecko) Chrome/152.0.7977.82 Mobile Safari/537.36 (compatible; Googlebot/2.1; +http://www.google.com/bot.html)"
66.249.79.3 - - [13/Sep/2026:04:41:04 +0300] "GET /index.php/pl/?ID=47197.html HTTP/1.1" 200 54852 "-" "Mozilla/5.0 (Linux; Android 6.0.1; Nexus 5X Build/MMB29P) AppleWebKit/537.36 (KHTML, like Gecko) Chrome/152.0.7977.82 Mobile Safari/537.36 (compatible; Googlebot/2.1; +http://www.google.com/bot.html)"
66.249.79.1 - - [13/Sep/2026:04:42:00 +0300] "GET /?ID=66978.html HTTP/1.1" 301 - "-" "Mozilla/5.0 (Linux; Android 6.0.1; Nexus 5X Build/MMB29P) AppleWebKit/537.36 (KHTML, like Gecko) Chrome/152.0.7977.82 Mobile Safari/537.36 (compatible; Googlebot/2.1; +http://www.google.com/bot.html)"
66.249.79.3 - - [13/Sep/2026:04:42:11 +0300] "GET /?ID=00928.html HTTP/1.1" 301 - "-" "Mozilla/5.0 (compatible; Googlebot/2.1; +http://www.google.com/bot.html)"
66.249.79.3 - - [13/Sep/2026:04:42:12 +0300] "GET /index.php/pl/?ID=00928.html HTTP/1.1" 200 54852 "-" "Mozilla/5.0 (compatible; Googlebot/2.1; +http://www.google.com/bot.html)"
66.249.79.2 - - [13/Sep/2026:04:42:25 +0300] "GET /index.php/pl/?ID=66978.html HTTP/1.1" 200 54852 "-" "Mozilla/5.0 (Linux; Android 6.0.1; Nexus 5X Build/MMB29P) AppleWebKit/537.36 (KHTML, like Gecko) Chrome/152.0.7977.82 Mobile Safari/537.36 (compatible; Googlebot/2.1; +http://www.google.com/bot.html)"
66.249.79.1 - - [13/Sep/2026:04:47:43 +0300] "GET /?shopdetail/X51801764842 HTTP/1.1" 301 - "-" "Mozilla/5.0 (compatible; Googlebot/2.1; +http://www.google.com/bot.html)"
66.249.79.1 - - [13/Sep/2026:04:47:44 +0300] "GET /index.php/pl/?shopdetail/X51801764842 HTTP/1.1" 200 54852 "-" "Mozilla/5.0 (compatible; Googlebot/2.1; +http://www.google.com/bot.html)"
66.249.79.2 - - [13/Sep/2026:04:48:32 +0300] "GET /?shopdetail/N51791277336 HTTP/1.1" 301 - "-" "Mozilla/5.0 (Linux; Android 6.0.1; Nexus 5X Build/MMB29P) AppleWebKit/537.36 (KHTML, like Gecko) Chrome/152.0.7977.82 Mobile Safari/537.36 (compatible; Googlebot/2.1; +http://www.google.com/bot.html)"
66.249.79.1 - - [13/Sep/2026:04:48:51 +0300] "GET /index.php/pl/?shopdetail/N51791277336 HTTP/1.1" 200 54852 "-" "Mozilla/5.0 (Linux; Android 6.0.1; Nexus 5X Build/MMB29P) AppleWebKit/537.36 (KHTML, like Gecko) Chrome/152.0.7977.82 Mobile Safari/537.36 (compatible; Googlebot/2.1; +http://www.google.com/bot.html)"
152.163.46.99 - - [13/Sep/2026:04:49:49 +0300] "GET /?ID=53765.html HTTP/1.1" 301 - "-" "Mozilla/5.0 (compatible; ExaSearchBot/1.0; +https://crawler.exa.ai/)"
45.61.91.179 - - [13/Sep/2026:04:50:11 +0300] "GET /?ID=00990.html HTTP/1.1" 301 - "-" "Mozilla/5.0 (compatible; ExaSearchBot/1.0; +https://crawler.exa.ai/)"
152.163.18.233 - - [13/Sep/2026:04:50:53 +0300] "GET /?ID=92893.html HTTP/1.1" 301 - "-" "Mozilla/5.0 (compatible; ExaSearchBot/1.0; +https://crawler.exa.ai/)"
66.249.79.2 - - [13/Sep/2026:04:51:06 +0300] "GET /?shopdetail/O5178657087 HTTP/1.1" 301 - "-" "Mozilla/5.0 (Linux; Android 6.0.1; Nexus 5X Build/MMB29P) AppleWebKit/537.36 (KHTML, like Gecko) Chrome/152.0.7977.82 Mobile Safari/537.36 (compatible; Googlebot/2.1; +http://www.google.com/bot.html)"
66.249.79.2 - - [13/Sep/2026:04:51:17 +0300] "GET /index.php/pl/?shopdetail/O5178657087 HTTP/1.1" 200 54852 "-" "Mozilla/5.0 (Linux; Android 6.0.1; Nexus 5X Build/MMB29P) AppleWebKit/537.36 (KHTML, like Gecko) Chrome/152.0.7977.82 Mobile Safari/537.36 (compatible; Googlebot/2.1; +http://www.google.com/bot.html)"
152.163.188.201 - - [13/Sep/2026:04:51:36 +0300] "GET /?ID=50020.html HTTP/1.1" 301 - "-" "Mozilla/5.0 (compatible; ExaSearchBot/1.0; +https://crawler.exa.ai/)"
205.210.31.60 - - [13/Sep/2026:04:51:46 +0300] "GET / HTTP/1.1" 301 - "-" "Hello from Palo Alto Networks, find out more about our scans in https://docs-cortex.paloaltonetworks.com/r/1/Cortex-Xpanse/Scanning-activity"
45.61.92.77 - - [13/Sep/2026:04:51:58 +0300] "GET /?ID=52080.html HTTP/1.1" 301 - "-" "Mozilla/5.0 (compatible; ExaSearchBot/1.0; +https://crawler.exa.ai/)"
207.46.13.130 - - [13/Sep/2026:04:52:45 +0300] "GET /?ID=72626.html HTTP/2.0" 301 - "-" "Mozilla/5.0 AppleWebKit/537.36 (KHTML, like Gecko; compatible; bingbot/2.0; +http://www.bing.com/bingbot.htm) Chrome/116.0.1938.76 Safari/537.36"
207.46.13.130 - - [13/Sep/2026:04:52:46 +0300] "GET /?ID=04431.html HTTP/2.0" 301 - "-" "Mozilla/5.0 AppleWebKit/537.36 (KHTML, like Gecko; compatible; bingbot/2.0; +http://www.bing.com/bingbot.htm) Chrome/116.0.1938.76 Safari/537.36"
66.249.79.2 - - [13/Sep/2026:04:53:59 +0300] "GET /templates/it_startup/uikit/css/uikit.min.css HTTP/1.1" 200 113947 "https://poznajlitwe.lt/index.php/pl/?shopdetail/U51822802763" "Mozilla/5.0 (Linux; Android 6.0.1; Nexus 5X Build/MMB29P) AppleWebKit/537.36 (KHTML, like Gecko) Chrome/151.0.7922.173 Mobile Safari/537.36 (compatible; Googlebot/2.1; +http://www.google.com/bot.html)"
66.249.79.2 - - [13/Sep/2026:04:53:59 +0300] "GET /?shopdetail/I5177145350 HTTP/1.1" 301 - "-" "Mozilla/5.0 (Linux; Android 6.0.1; Nexus 5X Build/MMB29P) AppleWebKit/537.36 (KHTML, like Gecko) Chrome/152.0.7977.82 Mobile Safari/537.36 (compatible; Googlebot/2.1; +http://www.google.com/bot.html)"
66.249.79.1 - - [13/Sep/2026:04:54:02 +0300] "GET /index.php/pl/?shopdetail/I5177145350 HTTP/1.1" 200 54852 "-" "Mozilla/5.0 (Linux; Android 6.0.1; Nexus 5X Build/MMB29P) AppleWebKit/537.36 (KHTML, like Gecko) Chrome/152.0.7977.82 Mobile Safari/537.36 (compatible; Googlebot/2.1; +http://www.google.com/bot.html)"
66.249.79.3 - - [13/Sep/2026:04:55:06 +0300] "GET /?shopdetail/R51812343711 HTTP/1.1" 301 - "-" "Mozilla/5.0 (compatible; Googlebot/2.1; +http://www.google.com/bot.html)"
66.249.79.2 - - [13/Sep/2026:04:55:08 +0300] "GET /index.php/pl/?shopdetail/R51812343711 HTTP/1.1" 200 54852 "-" "Mozilla/5.0 (compatible; Googlebot/2.1; +http://www.google.com/bot.html)"
66.249.79.1 - - [13/Sep/2026:04:55:54 +0300] "GET /?ID=43998.html HTTP/1.1" 301 - "-" "Mozilla/5.0 (Linux; Android 6.0.1; Nexus 5X Build/MMB29P) AppleWebKit/537.36 (KHTML, like Gecko) Chrome/152.0.7977.82 Mobile Safari/537.36 (compatible; Googlebot/2.1; +http://www.google.com/bot.html)"
66.249.79.3 - - [13/Sep/2026:04:56:21 +0300] "GET /index.php/pl/?ID=43998.html HTTP/1.1" 200 54852 "-" "Mozilla/5.0 (Linux; Android 6.0.1; Nexus 5X Build/MMB29P) AppleWebKit/537.36 (KHTML, like Gecko) Chrome/152.0.7977.82 Mobile Safari/537.36 (compatible; Googlebot/2.1; +http://www.google.com/bot.html)"
66.249.79.2 - - [13/Sep/2026:04:57:57 +0300] "GET /?shopdetail/S5178591858 HTTP/1.1" 301 - "-" "Mozilla/5.0 (compatible; Googlebot/2.1; +http://www.google.com/bot.html)"
66.249.79.2 - - [13/Sep/2026:04:58:00 +0300] "GET /index.php/pl/?shopdetail/S5178591858 HTTP/1.1" 200 54852 "-" "Mozilla/5.0 (compatible; Googlebot/2.1; +http://www.google.com/bot.html)"
66.249.79.1 - - [13/Sep/2026:05:00:04 +0300] "GET /?shopdetail/E5177377214 HTTP/1.1" 301 - "-" "Mozilla/5.0 (Linux; Android 6.0.1; Nexus 5X Build/MMB29P) AppleWebKit/537.36 (KHTML, like Gecko) Chrome/152.0.7977.82 Mobile Safari/537.36 (compatible; Googlebot/2.1; +http://www.google.com/bot.html)"
66.249.79.2 - - [13/Sep/2026:05:00:07 +0300] "GET /index.php/pl/?shopdetail/E5177377214 HTTP/1.1" 200 54852 "-" "Mozilla/5.0 (Linux; Android 6.0.1; Nexus 5X Build/MMB29P) AppleWebKit/537.36 (KHTML, like Gecko) Chrome/152.0.7977.82 Mobile Safari/537.36 (compatible; Googlebot/2.1; +http://www.google.com/bot.html)"
66.249.79.1 - - [13/Sep/2026:05:00:24 +0300] "GET /?shopdetail/S51812461734 HTTP/1.1" 301 - "-" "Mozilla/5.0 (Linux; Android 6.0.1; Nexus 5X Build/MMB29P) AppleWebKit/537.36 (KHTML, like Gecko) Chrome/152.0.7977.82 Mobile Safari/537.36 (compatible; Googlebot/2.1; +http://www.google.com/bot.html)"
66.249.79.2 - - [13/Sep/2026:05:00:26 +0300] "GET /index.php/pl/?shopdetail/S51812461734 HTTP/1.1" 200 54852 "-" "Mozilla/5.0 (Linux; Android 6.0.1; Nexus 5X Build/MMB29P) AppleWebKit/537.36 (KHTML, like Gecko) Chrome/152.0.7977.82 Mobile Safari/537.36 (compatible; Googlebot/2.1; +http://www.google.com/bot.html)"
66.249.79.3 - - [13/Sep/2026:05:01:14 +0300] "GET /?shopdetail/M51801572662 HTTP/1.1" 301 - "-" "Mozilla/5.0 (compatible; Googlebot/2.1; +http://www.google.com/bot.html)"
66.249.79.1 - - [13/Sep/2026:05:01:15 +0300] "GET /index.php/pl/?shopdetail/M51801572662 HTTP/1.1" 200 54852 "-" "Mozilla/5.0 (compatible; Googlebot/2.1; +http://www.google.com/bot.html)"
207.46.13.130 - - [13/Sep/2026:05:02:29 +0300] "GET /?ID=06810.html HTTP/2.0" 301 - "-" "Mozilla/5.0 AppleWebKit/537.36 (KHTML, like Gecko; compatible; bingbot/2.0; +http://www.bing.com/bingbot.htm) Chrome/116.0.1938.76 Safari/537.36"
66.249.79.1 - - [13/Sep/2026:05:04:14 +0300] "GET /?shopdetail/X51812426575 HTTP/1.1" 301 - "-" "Mozilla/5.0 (compatible; Googlebot/2.1; +http://www.google.com/bot.html)"
66.249.79.2 - - [13/Sep/2026:05:04:16 +0300] "GET /index.php/pl/?shopdetail/X51812426575 HTTP/1.1" 200 54852 "-" "Mozilla/5.0 (compatible; Googlebot/2.1; +http://www.google.com/bot.html)"
66.249.79.1 - - [13/Sep/2026:05:07:35 +0300] "GET /?shopdetail/F51801512238 HTTP/1.1" 301 - "-" "Mozilla/5.0 (Linux; Android 6.0.1; Nexus 5X Build/MMB29P) AppleWebKit/537.36 (KHTML, like Gecko) Chrome/152.0.7977.82 Mobile Safari/537.36 (compatible; Googlebot/2.1; +http://www.google.com/bot.html)"
66.249.79.3 - - [13/Sep/2026:05:07:37 +0300] "GET /index.php/pl/?shopdetail/F51801512238 HTTP/1.1" 200 54852 "-" "Mozilla/5.0 (Linux; Android 6.0.1; Nexus 5X Build/MMB29P) AppleWebKit/537.36 (KHTML, like Gecko) Chrome/152.0.7977.82 Mobile Safari/537.36 (compatible; Googlebot/2.1; +http://www.google.com/bot.html)"
66.249.79.3 - - [13/Sep/2026:05:10:21 +0300] "GET /?shopdetail/K51822883336 HTTP/1.1" 301 - "-" "Mozilla/5.0 (Linux; Android 6.0.1; Nexus 5X Build/MMB29P) AppleWebKit/537.36 (KHTML, like Gecko) Chrome/152.0.7977.82 Mobile Safari/537.36 (compatible; Googlebot/2.1; +http://www.google.com/bot.html)"
66.249.79.1 - - [13/Sep/2026:05:10:22 +0300] "GET /index.php/pl/?shopdetail/K51822883336 HTTP/1.1" 200 54852 "-" "Mozilla/5.0 (Linux; Android 6.0.1; Nexus 5X Build/MMB29P) AppleWebKit/537.36 (KHTML, like Gecko) Chrome/152.0.7977.82 Mobile Safari/537.36 (compatible; Googlebot/2.1; +http://www.google.com/bot.html)"
66.249.79.1 - - [13/Sep/2026:05:12:59 +0300] "GET /?shopdetail/U51812435804 HTTP/1.1" 301 - "-" "Mozilla/5.0 (compatible; Googlebot/2.1; +http://www.google.com/bot.html)"
66.249.79.2 - - [13/Sep/2026:05:13:01 +0300] "GET /index.php/pl/?shopdetail/U51812435804 HTTP/1.1" 200 54852 "-" "Mozilla/5.0 (compatible; Googlebot/2.1; +http://www.google.com/bot.html)"
66.249.79.1 - - [13/Sep/2026:05:13:09 +0300] "GET /?shopdetail/F51791474010 HTTP/1.1" 301 - "-" "Mozilla/5.0 (Linux; Android 6.0.1; Nexus 5X Build/MMB29P) AppleWebKit/537.36 (KHTML, like Gecko) Chrome/152.0.7977.82 Mobile Safari/537.36 (compatible; Googlebot/2.1; +http://www.google.com/bot.html)"
66.249.79.1 - - [13/Sep/2026:05:13:09 +0300] "GET /?ID=44587.html HTTP/1.1" 301 - "-" "Mozilla/5.0 (compatible; Googlebot/2.1; +http://www.google.com/bot.html)"
66.249.79.1 - - [13/Sep/2026:05:13:10 +0300] "GET /index.php/pl/?ID=44587.html HTTP/1.1" 200 54852 "-" "Mozilla/5.0 (compatible; Googlebot/2.1; +http://www.google.com/bot.html)"
66.249.79.1 - - [13/Sep/2026:05:13:31 +0300] "GET /index.php/pl/?shopdetail/F51791474010 HTTP/1.1" 200 54852 "-" "Mozilla/5.0 (Linux; Android 6.0.1; Nexus 5X Build/MMB29P) AppleWebKit/537.36 (KHTML, like Gecko) Chrome/152.0.7977.82 Mobile Safari/537.36 (compatible; Googlebot/2.1; +http://www.google.com/bot.html)"
66.249.79.3 - - [13/Sep/2026:05:14:11 +0300] "GET /?ID=26846.html HTTP/1.1" 301 - "-" "Mozilla/5.0 (Linux; Android 6.0.1; Nexus 5X Build/MMB29P) AppleWebKit/537.36 (KHTML, like Gecko) Chrome/152.0.7977.82 Mobile Safari/537.36 (compatible; Googlebot/2.1; +http://www.google.com/bot.html)"
66.249.79.1 - - [13/Sep/2026:05:14:36 +0300] "GET /index.php/pl/?ID=26846.html HTTP/1.1" 200 54852 "-" "Mozilla/5.0 (Linux; Android 6.0.1; Nexus 5X Build/MMB29P) AppleWebKit/537.36 (KHTML, like Gecko) Chrome/152.0.7977.82 Mobile Safari/537.36 (compatible; Googlebot/2.1; +http://www.google.com/bot.html)"
66.249.79.3 - - [13/Sep/2026:05:15:27 +0300] "GET /?shopdetail/C51801913297 HTTP/1.1" 301 - "-" "Mozilla/5.0 (compatible; Googlebot/2.1; +http://www.google.com/bot.html)"
66.249.79.3 - - [13/Sep/2026:05:15:27 +0300] "GET /index.php/pl/?shopdetail/C51801913297 HTTP/1.1" 200 54852 "-" "Mozilla/5.0 (compatible; Googlebot/2.1; +http://www.google.com/bot.html)"
66.249.79.3 - - [13/Sep/2026:05:16:19 +0300] "GET /templates/it_startup/custom/css-compiled/startup_16.css HTTP/1.1" 200 321905 "https://poznajlitwe.lt/index.php/pl/?shopdetail/B51801618315" "Mozilla/5.0 (Linux; Android 6.0.1; Nexus 5X Build/MMB29P) AppleWebKit/537.36 (KHTML, like Gecko) Chrome/151.0.7922.173 Mobile Safari/537.36 (compatible; Googlebot/2.1; +http://www.google.com/bot.html)"
66.249.79.2 - - [13/Sep/2026:05:16:23 +0300] "GET /media/n2/n/dist/n2-j.min.js?1530628338 HTTP/1.1" 200 99988 "https://poznajlitwe.lt/index.php/pl/?shopdetail/B51801618315" "Mozilla/5.0 (Linux; Android 6.0.1; Nexus 5X Build/MMB29P) AppleWebKit/537.36 (KHTML, like Gecko) Chrome/151.0.7922.173 Mobile Safari/537.36 (compatible; Googlebot/2.1; +http://www.google.com/bot.html)"
34.243.179.116 - - [13/Sep/2026:05:17:06 +0300] "GET / HTTP/1.0" 401 36 "-" "Mozilla/5.0 (compatible; NetcraftSurveyAgent/1.0; +info@netcraft.com)"
66.249.79.2 - - [13/Sep/2026:05:19:54 +0300] "GET /?shopdetail/F5178771535 HTTP/1.1" 301 - "-" "Mozilla/5.0 (compatible; Googlebot/2.1; +http://www.google.com/bot.html)"
66.249.79.2 - - [13/Sep/2026:05:19:56 +0300] "GET /index.php/pl/?shopdetail/F5178771535 HTTP/1.1" 200 54852 "-" "Mozilla/5.0 (compatible; Googlebot/2.1; +http://www.google.com/bot.html)"
66.249.79.3 - - [13/Sep/2026:05:21:31 +0300] "GET /?shopdetail/L51791191534 HTTP/1.1" 301 - "-" "Mozilla/5.0 (compatible; Googlebot/2.1; +http://www.google.com/bot.html)"
66.249.79.2 - - [13/Sep/2026:05:21:33 +0300] "GET /index.php/pl/?shopdetail/L51791191534 HTTP/1.1" 200 54852 "-" "Mozilla/5.0 (compatible; Googlebot/2.1; +http://www.google.com/bot.html)"
66.249.79.3 - - [13/Sep/2026:05:21:34 +0300] "GET /?shopdetail/H5178967387 HTTP/1.1" 301 - "-" "Mozilla/5.0 (compatible; Googlebot/2.1; +http://www.google.com/bot.html)"
66.249.79.1 - - [13/Sep/2026:05:21:35 +0300] "GET /index.php/pl/?shopdetail/H5178967387 HTTP/1.1" 200 54852 "-" "Mozilla/5.0 (compatible; Googlebot/2.1; +http://www.google.com/bot.html)"
66.249.79.3 - - [13/Sep/2026:05:22:00 +0300] "GET /?ID=03050.html HTTP/1.1" 301 - "-" "Mozilla/5.0 (Linux; Android 6.0.1; Nexus 5X Build/MMB29P) AppleWebKit/537.36 (KHTML, like Gecko) Chrome/152.0.7977.82 Mobile Safari/537.36 (compatible; Googlebot/2.1; +http://www.google.com/bot.html)"
66.249.79.1 - - [13/Sep/2026:05:22:02 +0300] "GET /index.php/pl/?ID=03050.html HTTP/1.1" 200 54852 "-" "Mozilla/5.0 (Linux; Android 6.0.1; Nexus 5X Build/MMB29P) AppleWebKit/537.36 (KHTML, like Gecko) Chrome/152.0.7977.82 Mobile Safari/537.36 (compatible; Googlebot/2.1; +http://www.google.com/bot.html)"
216.73.217.162 - - [13/Sep/2026:05:22:10 +0300] "GET /robots.txt HTTP/2.0" 200 836 "-" "Mozilla/5.0 AppleWebKit/537.36 (KHTML, like Gecko; compatible; ClaudeBot/1.0; +claudebot@anthropic.com)"
216.73.217.162 - - [13/Sep/2026:05:22:10 +0300] "GET /sitemap.xml HTTP/2.0" 200 2536 "-" "Mozilla/5.0 AppleWebKit/537.36 (KHTML, like Gecko; compatible; ClaudeBot/1.0; +claudebot@anthropic.com)"
72.63.215.212 - - [13/Sep/2026:05:22:20 +0300] "GET /?ID=27088.html HTTP/1.1" 301 - "-" "Mozilla/5.0 (compatible; ExaSearchBot/1.0; +https://crawler.exa.ai/)"
66.249.79.1 - - [13/Sep/2026:05:24:34 +0300] "GET /?ID=8085.html HTTP/1.1" 301 - "-" "Mozilla/5.0 (Linux; Android 6.0.1; Nexus 5X Build/MMB29P) AppleWebKit/537.36 (KHTML, like Gecko) Chrome/152.0.7977.82 Mobile Safari/537.36 (compatible; Googlebot/2.1; +http://www.google.com/bot.html)"
66.249.79.1 - - [13/Sep/2026:05:24:54 +0300] "GET /index.php/pl/?ID=8085.html HTTP/1.1" 200 54852 "-" "Mozilla/5.0 (Linux; Android 6.0.1; Nexus 5X Build/MMB29P) AppleWebKit/537.36 (KHTML, like Gecko) Chrome/152.0.7977.82 Mobile Safari/537.36 (compatible; Googlebot/2.1; +http://www.google.com/bot.html)"
