66.249.79.3 - - [13/Sep/2026:05:26:02 +0300] "GET /?shopdetail/Z51801794838 HTTP/1.1" 301 - "-" "Mozilla/5.0 (Linux; Android 6.0.1; Nexus 5X Build/MMB29P) AppleWebKit/537.36 (KHTML, like Gecko) Chrome/152.0.7977.82 Mobile Safari/537.36 (compatible; Googlebot/2.1; +http://www.google.com/bot.html)"
66.249.79.1 - - [13/Sep/2026:05:26:07 +0300] "GET /index.php/pl/?shopdetail/Z51801794838 HTTP/1.1" 200 54852 "-" "Mozilla/5.0 (Linux; Android 6.0.1; Nexus 5X Build/MMB29P) AppleWebKit/537.36 (KHTML, like Gecko) Chrome/152.0.7977.82 Mobile Safari/537.36 (compatible; Googlebot/2.1; +http://www.google.com/bot.html)"
207.46.13.141 - - [13/Sep/2026:05:26:26 +0300] "GET /?ID=23685.html HTTP/2.0" 301 - "-" "Mozilla/5.0 AppleWebKit/537.36 (KHTML, like Gecko; compatible; bingbot/2.0; +http://www.bing.com/bingbot.htm) Chrome/116.0.1938.76 Safari/537.36"
207.46.13.141 - - [13/Sep/2026:05:26:27 +0300] "GET /?ID=40028.html HTTP/2.0" 301 - "-" "Mozilla/5.0 AppleWebKit/537.36 (KHTML, like Gecko; compatible; bingbot/2.0; +http://www.bing.com/bingbot.htm) Chrome/116.0.1938.76 Safari/537.36"
157.55.39.57 - - [13/Sep/2026:05:27:43 +0300] "GET /?ID=26880.html HTTP/2.0" 301 - "-" "Mozilla/5.0 AppleWebKit/537.36 (KHTML, like Gecko; compatible; bingbot/2.0; +http://www.bing.com/bingbot.htm) Chrome/116.0.1938.76 Safari/537.36"
66.249.79.2 - - [13/Sep/2026:05:27:48 +0300] "GET /?ID=3295.html HTTP/1.1" 301 - "-" "Mozilla/5.0 (compatible; Googlebot/2.1; +http://www.google.com/bot.html)"
66.249.79.3 - - [13/Sep/2026:05:27:49 +0300] "GET /index.php/pl/?ID=3295.html HTTP/1.1" 200 54852 "-" "Mozilla/5.0 (compatible; Googlebot/2.1; +http://www.google.com/bot.html)"
66.249.79.1 - - [13/Sep/2026:05:29:03 +0300] "GET /?ID=95370.html HTTP/1.1" 301 - "-" "Mozilla/5.0 (Linux; Android 6.0.1; Nexus 5X Build/MMB29P) AppleWebKit/537.36 (KHTML, like Gecko) Chrome/152.0.7977.82 Mobile Safari/537.36 (compatible; Googlebot/2.1; +http://www.google.com/bot.html)"
66.249.79.2 - - [13/Sep/2026:05:29:07 +0300] "GET /?shopdetail/D51812165849 HTTP/1.1" 301 - "-" "Mozilla/5.0 (compatible; Googlebot/2.1; +http://www.google.com/bot.html)"
66.249.79.1 - - [13/Sep/2026:05:29:09 +0300] "GET /index.php/pl/?shopdetail/D51812165849 HTTP/1.1" 200 54852 "-" "Mozilla/5.0 (compatible; Googlebot/2.1; +http://www.google.com/bot.html)"
66.249.79.1 - - [13/Sep/2026:05:29:13 +0300] "GET /?shopdetail/T51812187250 HTTP/1.1" 301 - "-" "Mozilla/5.0 (Linux; Android 6.0.1; Nexus 5X Build/MMB29P) AppleWebKit/537.36 (KHTML, like Gecko) Chrome/152.0.7977.82 Mobile Safari/537.36 (compatible; Googlebot/2.1; +http://www.google.com/bot.html)"
66.249.79.1 - - [13/Sep/2026:05:29:14 +0300] "GET /index.php/pl/?shopdetail/T51812187250 HTTP/1.1" 200 54852 "-" "Mozilla/5.0 (Linux; Android 6.0.1; Nexus 5X Build/MMB29P) AppleWebKit/537.36 (KHTML, like Gecko) Chrome/152.0.7977.82 Mobile Safari/537.36 (compatible; Googlebot/2.1; +http://www.google.com/bot.html)"
66.249.79.1 - - [13/Sep/2026:05:29:29 +0300] "GET /index.php/pl/?ID=95370.html HTTP/1.1" 200 54852 "-" "Mozilla/5.0 (Linux; Android 6.0.1; Nexus 5X Build/MMB29P) AppleWebKit/537.36 (KHTML, like Gecko) Chrome/152.0.7977.82 Mobile Safari/537.36 (compatible; Googlebot/2.1; +http://www.google.com/bot.html)"
66.249.79.3 - - [13/Sep/2026:05:30:17 +0300] "GET /?shopdetail/H51801979647 HTTP/1.1" 301 - "-" "Mozilla/5.0 (Linux; Android 6.0.1; Nexus 5X Build/MMB29P) AppleWebKit/537.36 (KHTML, like Gecko) Chrome/152.0.7977.82 Mobile Safari/537.36 (compatible; Googlebot/2.1; +http://www.google.com/bot.html)"
66.249.79.1 - - [13/Sep/2026:05:30:19 +0300] "GET /index.php/pl/?shopdetail/H51801979647 HTTP/1.1" 200 54852 "-" "Mozilla/5.0 (Linux; Android 6.0.1; Nexus 5X Build/MMB29P) AppleWebKit/537.36 (KHTML, like Gecko) Chrome/152.0.7977.82 Mobile Safari/537.36 (compatible; Googlebot/2.1; +http://www.google.com/bot.html)"
185.117.225.120 - - [13/Sep/2026:05:30:22 +0300] "GET /robots.txt HTTP/1.1" 200 836 "-" "python-requests/2.31.0"
185.117.225.120 - - [13/Sep/2026:05:30:22 +0300] "GET / HTTP/2.0" 301 - "-" "Mozilla/5.0 AppleWebKit/537.36 (KHTML, like Gecko) Chrome/123.0.6312.86 Safari/537.36 BitSightBot/1.0"
185.117.225.120 - - [13/Sep/2026:05:30:22 +0300] "GET /index.php/pl/ HTTP/2.0" 200 54887 "-" "Mozilla/5.0 AppleWebKit/537.36 (KHTML, like Gecko) Chrome/123.0.6312.86 Safari/537.36 BitSightBot/1.0"
185.117.225.120 - - [13/Sep/2026:05:30:23 +0300] "GET /components/com_sppagebuilder/assets/css/font-awesome.min.css HTTP/2.0" 200 30961 "https://mail.poznajlitwe.lt/index.php/pl/" "Mozilla/5.0 (X11; Linux x86_64) AppleWebKit/537.36 (KHTML, like Gecko) HeadlessChrome/123.0.6312.86 Safari/537.36"
185.117.225.120 - - [13/Sep/2026:05:30:23 +0300] "GET /components/com_sppagebuilder/assets/css/animate.min.css HTTP/2.0" 200 53431 "https://mail.poznajlitwe.lt/index.php/pl/" "Mozilla/5.0 (X11; Linux x86_64) AppleWebKit/537.36 (KHTML, like Gecko) HeadlessChrome/123.0.6312.86 Safari/537.36"
185.117.225.120 - - [13/Sep/2026:05:30:23 +0300] "GET /components/com_sppagebuilder/assets/css/sppagebuilder.css HTTP/2.0" 200 102517 "https://mail.poznajlitwe.lt/index.php/pl/" "Mozilla/5.0 (X11; Linux x86_64) AppleWebKit/537.36 (KHTML, like Gecko) HeadlessChrome/123.0.6312.86 Safari/537.36"
185.117.225.120 - - [13/Sep/2026:05:30:23 +0300] "GET /components/com_sppagebuilder/assets/css/sppagecontainer.css HTTP/2.0" 200 268 "https://mail.poznajlitwe.lt/index.php/pl/" "Mozilla/5.0 (X11; Linux x86_64) AppleWebKit/537.36 (KHTML, like Gecko) HeadlessChrome/123.0.6312.86 Safari/537.36"
185.117.225.120 - - [13/Sep/2026:05:30:23 +0300] "GET /components/com_sppagebuilder/assets/css/magnific-popup.css HTTP/2.0" 200 5920 "https://mail.poznajlitwe.lt/index.php/pl/" "Mozilla/5.0 (X11; Linux x86_64) AppleWebKit/537.36 (KHTML, like Gecko) HeadlessChrome/123.0.6312.86 Safari/537.36"
185.117.225.120 - - [13/Sep/2026:05:30:23 +0300] "GET /media/mod_falang/css/template.css HTTP/2.0" 200 1200 "https://mail.poznajlitwe.lt/index.php/pl/" "Mozilla/5.0 (X11; Linux x86_64) AppleWebKit/537.36 (KHTML, like Gecko) HeadlessChrome/123.0.6312.86 Safari/537.36"
185.117.225.120 - - [13/Sep/2026:05:30:23 +0300] "GET /templates/it_startup/uikit/css/uikit.min.css HTTP/2.0" 200 113947 "https://mail.poznajlitwe.lt/index.php/pl/" "Mozilla/5.0 (X11; Linux x86_64) AppleWebKit/537.36 (KHTML, like Gecko) HeadlessChrome/123.0.6312.86 Safari/537.36"
185.117.225.120 - - [13/Sep/2026:05:30:23 +0300] "GET /media/gantry5/assets/css/font-awesome.min.css HTTP/2.0" 200 31000 "https://mail.poznajlitwe.lt/index.php/pl/" "Mozilla/5.0 (X11; Linux x86_64) AppleWebKit/537.36 (KHTML, like Gecko) HeadlessChrome/123.0.6312.86 Safari/537.36"
185.117.225.120 - - [13/Sep/2026:05:30:23 +0300] "GET /media/gantry5/engines/nucleus/css-compiled/nucleus.css HTTP/2.0" 200 34265 "https://mail.poznajlitwe.lt/index.php/pl/" "Mozilla/5.0 (X11; Linux x86_64) AppleWebKit/537.36 (KHTML, like Gecko) HeadlessChrome/123.0.6312.86 Safari/537.36"
185.117.225.120 - - [13/Sep/2026:05:30:23 +0300] "GET /templates/it_startup/custom/css-compiled/startup_16.css HTTP/2.0" 200 321905 "https://mail.poznajlitwe.lt/index.php/pl/" "Mozilla/5.0 (X11; Linux x86_64) AppleWebKit/537.36 (KHTML, like Gecko) HeadlessChrome/123.0.6312.86 Safari/537.36"
185.117.225.120 - - [13/Sep/2026:05:30:23 +0300] "GET /media/gantry5/assets/css/bootstrap-gantry.css HTTP/2.0" 200 108941 "https://mail.poznajlitwe.lt/index.php/pl/" "Mozilla/5.0 (X11; Linux x86_64) AppleWebKit/537.36 (KHTML, like Gecko) HeadlessChrome/123.0.6312.86 Safari/537.36"
185.117.225.120 - - [13/Sep/2026:05:30:24 +0300] "GET /media/gantry5/engines/nucleus/css-compiled/joomla.css HTTP/2.0" 200 10151 "https://mail.poznajlitwe.lt/index.php/pl/" "Mozilla/5.0 (X11; Linux x86_64) AppleWebKit/537.36 (KHTML, like Gecko) HeadlessChrome/123.0.6312.86 Safari/537.36"
185.117.225.120 - - [13/Sep/2026:05:30:24 +0300] "GET /media/jui/css/icomoon.css HTTP/2.0" 200 11814 "https://mail.poznajlitwe.lt/index.php/pl/" "Mozilla/5.0 (X11; Linux x86_64) AppleWebKit/537.36 (KHTML, like Gecko) HeadlessChrome/123.0.6312.86 Safari/537.36"
185.117.225.120 - - [13/Sep/2026:05:30:24 +0300] "GET /templates/it_startup/custom/css-compiled/startup-joomla_16.css HTTP/2.0" 200 89055 "https://mail.poznajlitwe.lt/index.php/pl/" "Mozilla/5.0 (X11; Linux x86_64) AppleWebKit/537.36 (KHTML, like Gecko) HeadlessChrome/123.0.6312.86 Safari/537.36"
185.117.225.120 - - [13/Sep/2026:05:30:24 +0300] "GET /templates/it_startup/custom/css-compiled/custom_16.css HTTP/2.0" 200 9093 "https://mail.poznajlitwe.lt/index.php/pl/" "Mozilla/5.0 (X11; Linux x86_64) AppleWebKit/537.36 (KHTML, like Gecko) HeadlessChrome/123.0.6312.86 Safari/537.36"
185.117.225.120 - - [13/Sep/2026:05:30:24 +0300] "GET /media/jui/js/jquery.min.js?d0efd80bfea2835e175d45e9291370bf HTTP/2.0" 200 97646 "https://mail.poznajlitwe.lt/index.php/pl/" "Mozilla/5.0 (X11; Linux x86_64) AppleWebKit/537.36 (KHTML, like Gecko) HeadlessChrome/123.0.6312.86 Safari/537.36"
185.117.225.120 - - [13/Sep/2026:05:30:24 +0300] "GET /media/jui/js/jquery-noconflict.js?d0efd80bfea2835e175d45e9291370bf HTTP/2.0" 200 21 "https://mail.poznajlitwe.lt/index.php/pl/" "Mozilla/5.0 (X11; Linux x86_64) AppleWebKit/537.36 (KHTML, like Gecko) HeadlessChrome/123.0.6312.86 Safari/537.36"
185.117.225.120 - - [13/Sep/2026:05:30:24 +0300] "GET /media/jui/js/jquery-migrate.min.js?d0efd80bfea2835e175d45e9291370bf HTTP/2.0" 200 10056 "https://mail.poznajlitwe.lt/index.php/pl/" "Mozilla/5.0 (X11; Linux x86_64) AppleWebKit/537.36 (KHTML, like Gecko) HeadlessChrome/123.0.6312.86 Safari/537.36"
185.117.225.120 - - [13/Sep/2026:05:30:24 +0300] "GET /components/com_sppagebuilder/assets/js/jquery.parallax-1.1.3.js HTTP/2.0" 200 892 "https://mail.poznajlitwe.lt/index.php/pl/" "Mozilla/5.0 (X11; Linux x86_64) AppleWebKit/537.36 (KHTML, like Gecko) HeadlessChrome/123.0.6312.86 Safari/537.36"
185.117.225.120 - - [13/Sep/2026:05:30:24 +0300] "GET /components/com_sppagebuilder/assets/js/sppagebuilder.js HTTP/2.0" 200 36099 "https://mail.poznajlitwe.lt/index.php/pl/" "Mozilla/5.0 (X11; Linux x86_64) AppleWebKit/537.36 (KHTML, like Gecko) HeadlessChrome/123.0.6312.86 Safari/537.36"
185.117.225.120 - - [13/Sep/2026:05:30:24 +0300] "GET /components/com_sppagebuilder/assets/js/jquery.magnific-popup.min.js HTTP/2.0" 200 19991 "https://mail.poznajlitwe.lt/index.php/pl/" "Mozilla/5.0 (X11; Linux x86_64) AppleWebKit/537.36 (KHTML, like Gecko) HeadlessChrome/123.0.6312.86 Safari/537.36"
185.117.225.120 - - [13/Sep/2026:05:30:24 +0300] "GET /media/jui/js/bootstrap.min.js?d0efd80bfea2835e175d45e9291370bf HTTP/2.0" 200 29126 "https://mail.poznajlitwe.lt/index.php/pl/" "Mozilla/5.0 (X11; Linux x86_64) AppleWebKit/537.36 (KHTML, like Gecko) HeadlessChrome/123.0.6312.86 Safari/537.36"
185.117.225.120 - - [13/Sep/2026:05:30:24 +0300] "GET /media/system/js/core.js?d0efd80bfea2835e175d45e9291370bf HTTP/2.0" 200 8735 "https://mail.poznajlitwe.lt/index.php/pl/" "Mozilla/5.0 (X11; Linux x86_64) AppleWebKit/537.36 (KHTML, like Gecko) HeadlessChrome/123.0.6312.86 Safari/537.36"
185.117.225.120 - - [13/Sep/2026:05:30:24 +0300] "GET /media/n2/n/dist/n2-j.min.js?1530628338 HTTP/2.0" 200 99988 "https://mail.poznajlitwe.lt/index.php/pl/" "Mozilla/5.0 (X11; Linux x86_64) AppleWebKit/537.36 (KHTML, like Gecko) HeadlessChrome/123.0.6312.86 Safari/537.36"
185.117.225.120 - - [13/Sep/2026:05:30:24 +0300] "GET /media/n2/n/dist/nextend-gsap.min.js?1530628338 HTTP/2.0" 200 97289 "https://mail.poznajlitwe.lt/index.php/pl/" "Mozilla/5.0 (X11; Linux x86_64) AppleWebKit/537.36 (KHTML, like Gecko) HeadlessChrome/123.0.6312.86 Safari/537.36"
185.117.225.120 - - [13/Sep/2026:05:30:24 +0300] "GET /media/n2/n/dist/nextend-frontend.min.js?1530628338 HTTP/2.0" 200 63879 "https://mail.poznajlitwe.lt/index.php/pl/" "Mozilla/5.0 (X11; Linux x86_64) AppleWebKit/537.36 (KHTML, like Gecko) HeadlessChrome/123.0.6312.86 Safari/537.36"
185.117.225.120 - - [13/Sep/2026:05:30:24 +0300] "GET /media/n2/ss3/dist/smartslider-frontend.min.js?1530628338 HTTP/2.0" 200 182193 "https://mail.poznajlitwe.lt/index.php/pl/" "Mozilla/5.0 (X11; Linux x86_64) AppleWebKit/537.36 (KHTML, like Gecko) HeadlessChrome/123.0.6312.86 Safari/537.36"
185.117.225.120 - - [13/Sep/2026:05:30:24 +0300] "GET /media/gantry5/assets/js/main.js HTTP/2.0" 200 58794 "https://mail.poznajlitwe.lt/index.php/pl/" "Mozilla/5.0 (X11; Linux x86_64) AppleWebKit/537.36 (KHTML, like Gecko) HeadlessChrome/123.0.6312.86 Safari/537.36"
185.117.225.120 - - [13/Sep/2026:05:30:24 +0300] "GET /templates/it_startup/uikit/js/uikit.min.js HTTP/2.0" 200 121825 "https://mail.poznajlitwe.lt/index.php/pl/" "Mozilla/5.0 (X11; Linux x86_64) AppleWebKit/537.36 (KHTML, like Gecko) HeadlessChrome/123.0.6312.86 Safari/537.36"
185.117.225.120 - - [13/Sep/2026:05:30:24 +0300] "GET /templates/it_startup/js/pagePreloader.js HTTP/2.0" 200 7068 "https://mail.poznajlitwe.lt/index.php/pl/" "Mozilla/5.0 (X11; Linux x86_64) AppleWebKit/537.36 (KHTML, like Gecko) HeadlessChrome/123.0.6312.86 Safari/537.36"
185.117.225.120 - - [13/Sep/2026:05:30:24 +0300] "GET /templates/it_startup/js/template.js HTTP/2.0" 200 403 "https://mail.poznajlitwe.lt/index.php/pl/" "Mozilla/5.0 (X11; Linux x86_64) AppleWebKit/537.36 (KHTML, like Gecko) HeadlessChrome/123.0.6312.86 Safari/537.36"
185.117.225.120 - - [13/Sep/2026:05:30:24 +0300] "GET /templates/it_startup/js/scrollReveal.min.js HTTP/2.0" 200 8564 "https://mail.poznajlitwe.lt/index.php/pl/" "Mozilla/5.0 (X11; Linux x86_64) AppleWebKit/537.36 (KHTML, like Gecko) HeadlessChrome/123.0.6312.86 Safari/537.36"
185.117.225.120 - - [13/Sep/2026:05:30:24 +0300] "GET /media/gantry5/assets/fonts/fontawesome-webfont.woff2?v=4.7.0 HTTP/2.0" 200 77160 "https://mail.poznajlitwe.lt/media/gantry5/assets/css/font-awesome.min.css" "Mozilla/5.0 AppleWebKit/537.36 (KHTML, like Gecko) Chrome/123.0.6312.86 Safari/537.36 BitSightBot/1.0"
185.117.225.120 - - [13/Sep/2026:05:30:28 +0300] "GET /robots.txt HTTP/1.1" 200 836 "-" "python-requests/2.31.0"
185.117.225.120 - - [13/Sep/2026:05:30:29 +0300] "GET /administrator HTTP/2.0" 301 290 "-" "Mozilla/5.0 AppleWebKit/537.36 (KHTML, like Gecko) Chrome/123.0.6312.86 Safari/537.36 BitSightBot/1.0"
185.117.225.120 - - [13/Sep/2026:05:30:29 +0300] "GET /administrator/ HTTP/2.0" 200 7092 "-" "Mozilla/5.0 AppleWebKit/537.36 (KHTML, like Gecko) Chrome/123.0.6312.86 Safari/537.36 BitSightBot/1.0"
185.117.225.120 - - [13/Sep/2026:05:30:29 +0300] "GET /media/jui/css/chosen.css?d0efd80bfea2835e175d45e9291370bf HTTP/2.0" 200 12500 "https://mail.poznajlitwe.lt/administrator/" "Mozilla/5.0 (X11; Linux x86_64) AppleWebKit/537.36 (KHTML, like Gecko) HeadlessChrome/123.0.6312.86 Safari/537.36"
185.117.225.120 - - [13/Sep/2026:05:30:29 +0300] "GET /administrator/templates/isis/css/template.css?d0efd80bfea2835e175d45e9291370bf HTTP/2.0" 200 188192 "https://mail.poznajlitwe.lt/administrator/" "Mozilla/5.0 (X11; Linux x86_64) AppleWebKit/537.36 (KHTML, like Gecko) HeadlessChrome/123.0.6312.86 Safari/537.36"
185.117.225.120 - - [13/Sep/2026:05:30:29 +0300] "GET /media/system/js/keepalive.js?d0efd80bfea2835e175d45e9291370bf HTTP/2.0" 200 462 "https://mail.poznajlitwe.lt/administrator/" "Mozilla/5.0 (X11; Linux x86_64) AppleWebKit/537.36 (KHTML, like Gecko) HeadlessChrome/123.0.6312.86 Safari/537.36"
185.117.225.120 - - [13/Sep/2026:05:30:29 +0300] "GET /media/jui/js/chosen.jquery.min.js?d0efd80bfea2835e175d45e9291370bf HTTP/2.0" 200 34239 "https://mail.poznajlitwe.lt/administrator/" "Mozilla/5.0 (X11; Linux x86_64) AppleWebKit/537.36 (KHTML, like Gecko) HeadlessChrome/123.0.6312.86 Safari/537.36"
185.117.225.120 - - [13/Sep/2026:05:30:29 +0300] "GET /media/regularlabs/js/script.min.js?v=17.9.4890 HTTP/2.0" 200 7024 "https://mail.poznajlitwe.lt/administrator/" "Mozilla/5.0 (X11; Linux x86_64) AppleWebKit/537.36 (KHTML, like Gecko) HeadlessChrome/123.0.6312.86 Safari/537.36"
185.117.225.120 - - [13/Sep/2026:05:30:30 +0300] "GET /media/jui/fonts/IcoMoon.woff HTTP/2.0" 200 25424 "https://mail.poznajlitwe.lt/administrator/templates/isis/css/template.css?d0efd80bfea2835e175d45e9291370bf" "Mozilla/5.0 AppleWebKit/537.36 (KHTML, like Gecko) Chrome/123.0.6312.86 Safari/537.36 BitSightBot/1.0"
66.249.79.3 - - [13/Sep/2026:05:31:24 +0300] "GET /?shopdetail/Z51791023425 HTTP/1.1" 301 - "-" "Mozilla/5.0 (compatible; Googlebot/2.1; +http://www.google.com/bot.html)"
66.249.79.3 - - [13/Sep/2026:05:31:27 +0300] "GET /index.php/pl/?shopdetail/Z51791023425 HTTP/1.1" 200 54852 "-" "Mozilla/5.0 (compatible; Googlebot/2.1; +http://www.google.com/bot.html)"
66.249.79.1 - - [13/Sep/2026:05:31:32 +0300] "GET /?shopdetail/W51801729444 HTTP/1.1" 301 - "-" "Mozilla/5.0 (compatible; Googlebot/2.1; +http://www.google.com/bot.html)"
66.249.79.1 - - [13/Sep/2026:05:31:33 +0300] "GET /index.php/pl/?shopdetail/W51801729444 HTTP/1.1" 200 54852 "-" "Mozilla/5.0 (compatible; Googlebot/2.1; +http://www.google.com/bot.html)"
66.249.79.2 - - [13/Sep/2026:05:31:35 +0300] "GET /?shopdetail/H5178607384 HTTP/1.1" 301 - "-" "Mozilla/5.0 (compatible; Googlebot/2.1; +http://www.google.com/bot.html)"
66.249.79.1 - - [13/Sep/2026:05:31:37 +0300] "GET /index.php/pl/?shopdetail/H5178607384 HTTP/1.1" 200 54852 "-" "Mozilla/5.0 (compatible; Googlebot/2.1; +http://www.google.com/bot.html)"
66.249.79.1 - - [13/Sep/2026:05:32:44 +0300] "GET /?shopdetail/R51822550934 HTTP/1.1" 301 - "-" "Mozilla/5.0 (compatible; Googlebot/2.1; +http://www.google.com/bot.html)"
66.249.79.1 - - [13/Sep/2026:05:32:46 +0300] "GET /index.php/pl/?shopdetail/R51822550934 HTTP/1.1" 200 54852 "-" "Mozilla/5.0 (compatible; Googlebot/2.1; +http://www.google.com/bot.html)"
66.249.79.3 - - [13/Sep/2026:05:34:17 +0300] "GET /?shopdetail/S5177138231 HTTP/1.1" 301 - "-" "Mozilla/5.0 (Linux; Android 6.0.1; Nexus 5X Build/MMB29P) AppleWebKit/537.36 (KHTML, like Gecko) Chrome/152.0.7977.82 Mobile Safari/537.36 (compatible; Googlebot/2.1; +http://www.google.com/bot.html)"
66.249.79.2 - - [13/Sep/2026:05:34:38 +0300] "GET /index.php/pl/?shopdetail/S5177138231 HTTP/1.1" 200 54852 "-" "Mozilla/5.0 (Linux; Android 6.0.1; Nexus 5X Build/MMB29P) AppleWebKit/537.36 (KHTML, like Gecko) Chrome/152.0.7977.82 Mobile Safari/537.36 (compatible; Googlebot/2.1; +http://www.google.com/bot.html)"
66.249.79.1 - - [13/Sep/2026:05:34:58 +0300] "GET /?shopdetail/V51822604406 HTTP/1.1" 301 - "-" "Mozilla/5.0 (Linux; Android 6.0.1; Nexus 5X Build/MMB29P) AppleWebKit/537.36 (KHTML, like Gecko) Chrome/152.0.7977.82 Mobile Safari/537.36 (compatible; Googlebot/2.1; +http://www.google.com/bot.html)"
66.249.79.1 - - [13/Sep/2026:05:35:01 +0300] "GET /index.php/pl/?shopdetail/V51822604406 HTTP/1.1" 200 54852 "-" "Mozilla/5.0 (Linux; Android 6.0.1; Nexus 5X Build/MMB29P) AppleWebKit/537.36 (KHTML, like Gecko) Chrome/152.0.7977.82 Mobile Safari/537.36 (compatible; Googlebot/2.1; +http://www.google.com/bot.html)"
66.249.79.1 - - [13/Sep/2026:05:35:50 +0300] "GET /?ID=00263.html HTTP/1.1" 301 - "-" "Mozilla/5.0 (compatible; Googlebot/2.1; +http://www.google.com/bot.html)"
66.249.79.1 - - [13/Sep/2026:05:35:51 +0300] "GET /?ID=00263.html HTTP/1.1" 301 - "-" "Mozilla/5.0 (Linux; Android 6.0.1; Nexus 5X Build/MMB29P) AppleWebKit/537.36 (KHTML, like Gecko) Chrome/152.0.7977.82 Mobile Safari/537.36 (compatible; Googlebot/2.1; +http://www.google.com/bot.html)"
66.249.79.1 - - [13/Sep/2026:05:35:52 +0300] "GET /index.php/pl/?ID=00263.html HTTP/1.1" 200 54852 "-" "Mozilla/5.0 (compatible; Googlebot/2.1; +http://www.google.com/bot.html)"
66.249.79.1 - - [13/Sep/2026:05:35:53 +0300] "GET /index.php/pl/?ID=00263.html HTTP/1.1" 200 54852 "-" "Mozilla/5.0 (Linux; Android 6.0.1; Nexus 5X Build/MMB29P) AppleWebKit/537.36 (KHTML, like Gecko) Chrome/152.0.7977.82 Mobile Safari/537.36 (compatible; Googlebot/2.1; +http://www.google.com/bot.html)"
66.249.79.1 - - [13/Sep/2026:05:36:53 +0300] "GET /?shopdetail/W51822956466 HTTP/1.1" 301 - "-" "Mozilla/5.0 (compatible; Googlebot/2.1; +http://www.google.com/bot.html)"
66.249.79.3 - - [13/Sep/2026:05:36:55 +0300] "GET /index.php/pl/?shopdetail/W51822956466 HTTP/1.1" 200 54852 "-" "Mozilla/5.0 (compatible; Googlebot/2.1; +http://www.google.com/bot.html)"
63.34.11.16 - - [13/Sep/2026:05:38:54 +0300] "GET / HTTP/1.0" 301 - "-" "Mozilla/5.0 (compatible; NetcraftSurveyAgent/1.0; +info@netcraft.com)"
157.55.39.52 - - [13/Sep/2026:05:42:57 +0300] "GET /?ID=03433.html HTTP/2.0" 301 - "-" "Mozilla/5.0 AppleWebKit/537.36 (KHTML, like Gecko; compatible; bingbot/2.0; +http://www.bing.com/bingbot.htm) Chrome/116.0.1938.76 Safari/537.36"
52.167.144.225 - - [13/Sep/2026:05:43:11 +0300] "GET /?ID=29400.html HTTP/2.0" 301 - "-" "Mozilla/5.0 AppleWebKit/537.36 (KHTML, like Gecko; compatible; bingbot/2.0; +http://www.bing.com/bingbot.htm) Chrome/116.0.1938.76 Safari/537.36"
66.249.79.1 - - [13/Sep/2026:05:44:16 +0300] "GET /?shopdetail/T5178556201 HTTP/1.1" 301 - "-" "Mozilla/5.0 (compatible; Googlebot/2.1; +http://www.google.com/bot.html)"
66.249.79.1 - - [13/Sep/2026:05:44:20 +0300] "GET /index.php/pl/?shopdetail/T5178556201 HTTP/1.1" 200 54852 "-" "Mozilla/5.0 (compatible; Googlebot/2.1; +http://www.google.com/bot.html)"
66.249.79.2 - - [13/Sep/2026:05:45:18 +0300] "GET /?shopdetail/U51791100068 HTTP/1.1" 301 - "-" "Mozilla/5.0 (Linux; Android 6.0.1; Nexus 5X Build/MMB29P) AppleWebKit/537.36 (KHTML, like Gecko) Chrome/152.0.7977.82 Mobile Safari/537.36 (compatible; Googlebot/2.1; +http://www.google.com/bot.html)"
66.249.79.2 - - [13/Sep/2026:05:45:27 +0300] "GET /index.php/pl/?shopdetail/U51791100068 HTTP/1.1" 200 54852 "-" "Mozilla/5.0 (Linux; Android 6.0.1; Nexus 5X Build/MMB29P) AppleWebKit/537.36 (KHTML, like Gecko) Chrome/152.0.7977.82 Mobile Safari/537.36 (compatible; Googlebot/2.1; +http://www.google.com/bot.html)"
66.249.79.2 - - [13/Sep/2026:05:45:31 +0300] "GET /?shopdetail/U51812066744 HTTP/1.1" 301 - "-" "Mozilla/5.0 (Linux; Android 6.0.1; Nexus 5X Build/MMB29P) AppleWebKit/537.36 (KHTML, like Gecko) Chrome/152.0.7977.82 Mobile Safari/537.36 (compatible; Googlebot/2.1; +http://www.google.com/bot.html)"
66.249.79.1 - - [13/Sep/2026:05:45:33 +0300] "GET /index.php/pl/?shopdetail/U51812066744 HTTP/1.1" 200 54852 "-" "Mozilla/5.0 (Linux; Android 6.0.1; Nexus 5X Build/MMB29P) AppleWebKit/537.36 (KHTML, like Gecko) Chrome/152.0.7977.82 Mobile Safari/537.36 (compatible; Googlebot/2.1; +http://www.google.com/bot.html)"
209.50.178.191 - - [13/Sep/2026:05:46:39 +0300] "GET /wp-login.php HTTP/1.1" 400 52 "-" "Mozilla/5.0 (Macintosh; Intel Mac OS X 10_15_7) AppleWebKit/605.1.15 (KHTML, like Gecko) Version/17.4 Safari/605.1.15"
66.249.79.3 - - [13/Sep/2026:05:47:04 +0300] "GET /?shopdetail/T51801804293 HTTP/1.1" 301 - "-" "Mozilla/5.0 (Linux; Android 6.0.1; Nexus 5X Build/MMB29P) AppleWebKit/537.36 (KHTML, like Gecko) Chrome/152.0.7977.82 Mobile Safari/537.36 (compatible; Googlebot/2.1; +http://www.google.com/bot.html)"
66.249.79.2 - - [13/Sep/2026:05:47:08 +0300] "GET /index.php/pl/?shopdetail/T51801804293 HTTP/1.1" 200 54852 "-" "Mozilla/5.0 (Linux; Android 6.0.1; Nexus 5X Build/MMB29P) AppleWebKit/537.36 (KHTML, like Gecko) Chrome/152.0.7977.82 Mobile Safari/537.36 (compatible; Googlebot/2.1; +http://www.google.com/bot.html)"
66.249.79.2 - - [13/Sep/2026:05:48:48 +0300] "GET /?shopdetail/I51791399150 HTTP/1.1" 301 - "-" "Mozilla/5.0 (Linux; Android 6.0.1; Nexus 5X Build/MMB29P) AppleWebKit/537.36 (KHTML, like Gecko) Chrome/152.0.7977.82 Mobile Safari/537.36 (compatible; Googlebot/2.1; +http://www.google.com/bot.html)"
66.249.79.1 - - [13/Sep/2026:05:48:50 +0300] "GET /index.php/pl/?shopdetail/I51791399150 HTTP/1.1" 200 54852 "-" "Mozilla/5.0 (Linux; Android 6.0.1; Nexus 5X Build/MMB29P) AppleWebKit/537.36 (KHTML, like Gecko) Chrome/152.0.7977.82 Mobile Safari/537.36 (compatible; Googlebot/2.1; +http://www.google.com/bot.html)"
66.249.79.3 - - [13/Sep/2026:05:50:23 +0300] "GET /?shopdetail/J5178525336 HTTP/1.1" 301 - "-" "Mozilla/5.0 (Linux; Android 6.0.1; Nexus 5X Build/MMB29P) AppleWebKit/537.36 (KHTML, like Gecko) Chrome/152.0.7977.82 Mobile Safari/537.36 (compatible; Googlebot/2.1; +http://www.google.com/bot.html)"
66.249.79.3 - - [13/Sep/2026:05:50:25 +0300] "GET /index.php/pl/?shopdetail/J5178525336 HTTP/1.1" 200 54852 "-" "Mozilla/5.0 (Linux; Android 6.0.1; Nexus 5X Build/MMB29P) AppleWebKit/537.36 (KHTML, like Gecko) Chrome/152.0.7977.82 Mobile Safari/537.36 (compatible; Googlebot/2.1; +http://www.google.com/bot.html)"
66.249.79.1 - - [13/Sep/2026:05:52:58 +0300] "GET /?shopdetail/Z517731681 HTTP/1.1" 301 - "-" "Mozilla/5.0 (Linux; Android 6.0.1; Nexus 5X Build/MMB29P) AppleWebKit/537.36 (KHTML, like Gecko) Chrome/152.0.7977.82 Mobile Safari/537.36 (compatible; Googlebot/2.1; +http://www.google.com/bot.html)"
54.74.6.114 - - [13/Sep/2026:05:53:02 +0300] "GET / HTTP/1.0" 301 - "-" "Mozilla/5.0 (compatible; NetcraftSurveyAgent/1.0; +info@netcraft.com)"
66.249.79.1 - - [13/Sep/2026:05:53:13 +0300] "GET /index.php/pl/?shopdetail/Z517731681 HTTP/1.1" 200 54852 "-" "Mozilla/5.0 (Linux; Android 6.0.1; Nexus 5X Build/MMB29P) AppleWebKit/537.36 (KHTML, like Gecko) Chrome/152.0.7977.82 Mobile Safari/537.36 (compatible; Googlebot/2.1; +http://www.google.com/bot.html)"
66.249.79.2 - - [13/Sep/2026:05:53:31 +0300] "GET /media/jui/js/bootstrap.min.js?d0efd80bfea2835e175d45e9291370bf HTTP/1.1" 200 29126 "https://poznajlitwe.lt/index.php/pl/?shopdetail/Z517731681" "Mozilla/5.0 (Linux; Android 6.0.1; Nexus 5X Build/MMB29P) AppleWebKit/537.36 (KHTML, like Gecko) Chrome/152.0.7977.82 Mobile Safari/537.36 (compatible; Googlebot/2.1; +http://www.google.com/bot.html)"
66.249.79.1 - - [13/Sep/2026:05:55:02 +0300] "GET /?ID=87140.html HTTP/1.1" 301 - "-" "Mozilla/5.0 (Linux; Android 6.0.1; Nexus 5X Build/MMB29P) AppleWebKit/537.36 (KHTML, like Gecko) Chrome/152.0.7977.82 Mobile Safari/537.36 (compatible; Googlebot/2.1; +http://www.google.com/bot.html)"
66.249.79.1 - - [13/Sep/2026:05:55:23 +0300] "GET /?shopdetail/W51801691854 HTTP/1.1" 301 - "-" "Mozilla/5.0 (Linux; Android 6.0.1; Nexus 5X Build/MMB29P) AppleWebKit/537.36 (KHTML, like Gecko) Chrome/152.0.7977.82 Mobile Safari/537.36 (compatible; Googlebot/2.1; +http://www.google.com/bot.html)"
66.249.79.1 - - [13/Sep/2026:05:55:24 +0300] "GET /index.php/pl/?shopdetail/W51801691854 HTTP/1.1" 200 54852 "-" "Mozilla/5.0 (Linux; Android 6.0.1; Nexus 5X Build/MMB29P) AppleWebKit/537.36 (KHTML, like Gecko) Chrome/152.0.7977.82 Mobile Safari/537.36 (compatible; Googlebot/2.1; +http://www.google.com/bot.html)"
66.249.79.2 - - [13/Sep/2026:05:55:24 +0300] "GET /index.php/pl/?ID=87140.html HTTP/1.1" 200 54852 "-" "Mozilla/5.0 (Linux; Android 6.0.1; Nexus 5X Build/MMB29P) AppleWebKit/537.36 (KHTML, like Gecko) Chrome/152.0.7977.82 Mobile Safari/537.36 (compatible; Googlebot/2.1; +http://www.google.com/bot.html)"
66.249.79.2 - - [13/Sep/2026:05:57:32 +0300] "GET /?shopdetail/C51812443204 HTTP/1.1" 301 - "-" "Mozilla/5.0 (Linux; Android 6.0.1; Nexus 5X Build/MMB29P) AppleWebKit/537.36 (KHTML, like Gecko) Chrome/152.0.7977.82 Mobile Safari/537.36 (compatible; Googlebot/2.1; +http://www.google.com/bot.html)"
66.249.79.1 - - [13/Sep/2026:05:57:35 +0300] "GET /index.php/pl/?shopdetail/C51812443204 HTTP/1.1" 200 54852 "-" "Mozilla/5.0 (Linux; Android 6.0.1; Nexus 5X Build/MMB29P) AppleWebKit/537.36 (KHTML, like Gecko) Chrome/152.0.7977.82 Mobile Safari/537.36 (compatible; Googlebot/2.1; +http://www.google.com/bot.html)"
66.249.79.3 - - [13/Sep/2026:05:58:07 +0300] "GET /?shopdetail/E5178809898 HTTP/1.1" 301 - "-" "Mozilla/5.0 (Linux; Android 6.0.1; Nexus 5X Build/MMB29P) AppleWebKit/537.36 (KHTML, like Gecko) Chrome/152.0.7977.82 Mobile Safari/537.36 (compatible; Googlebot/2.1; +http://www.google.com/bot.html)"
66.249.79.1 - - [13/Sep/2026:05:58:23 +0300] "GET /index.php/pl/?shopdetail/E5178809898 HTTP/1.1" 200 54852 "-" "Mozilla/5.0 (Linux; Android 6.0.1; Nexus 5X Build/MMB29P) AppleWebKit/537.36 (KHTML, like Gecko) Chrome/152.0.7977.82 Mobile Safari/537.36 (compatible; Googlebot/2.1; +http://www.google.com/bot.html)"
66.249.79.1 - - [13/Sep/2026:05:58:37 +0300] "GET /?shopdetail/S51812069320 HTTP/1.1" 301 - "-" "Mozilla/5.0 (compatible; Googlebot/2.1; +http://www.google.com/bot.html)"
66.249.79.1 - - [13/Sep/2026:05:58:38 +0300] "GET /index.php/pl/?shopdetail/S51812069320 HTTP/1.1" 200 54852 "-" "Mozilla/5.0 (compatible; Googlebot/2.1; +http://www.google.com/bot.html)"
63.35.176.126 - - [13/Sep/2026:06:00:19 +0300] "GET / HTTP/1.0" 200 40285 "-" "Mozilla/5.0 (compatible; NetcraftSurveyAgent/1.0; +info@netcraft.com)"
66.249.79.3 - - [13/Sep/2026:06:00:24 +0300] "GET /?shopdetail/Z51822909858 HTTP/1.1" 301 - "-" "Mozilla/5.0 (Linux; Android 6.0.1; Nexus 5X Build/MMB29P) AppleWebKit/537.36 (KHTML, like Gecko) Chrome/152.0.7977.82 Mobile Safari/537.36 (compatible; Googlebot/2.1; +http://www.google.com/bot.html)"
66.249.79.1 - - [13/Sep/2026:06:00:39 +0300] "GET /?shopdetail/X51822529484 HTTP/1.1" 301 - "-" "Mozilla/5.0 (Linux; Android 6.0.1; Nexus 5X Build/MMB29P) AppleWebKit/537.36 (KHTML, like Gecko) Chrome/152.0.7977.82 Mobile Safari/537.36 (compatible; Googlebot/2.1; +http://www.google.com/bot.html)"
66.249.79.1 - - [13/Sep/2026:06:00:40 +0300] "GET /index.php/pl/?shopdetail/X51822529484 HTTP/1.1" 200 54852 "-" "Mozilla/5.0 (Linux; Android 6.0.1; Nexus 5X Build/MMB29P) AppleWebKit/537.36 (KHTML, like Gecko) Chrome/152.0.7977.82 Mobile Safari/537.36 (compatible; Googlebot/2.1; +http://www.google.com/bot.html)"
66.249.79.1 - - [13/Sep/2026:06:00:46 +0300] "GET /index.php/pl/?shopdetail/Z51822909858 HTTP/1.1" 200 54852 "-" "Mozilla/5.0 (Linux; Android 6.0.1; Nexus 5X Build/MMB29P) AppleWebKit/537.36 (KHTML, like Gecko) Chrome/152.0.7977.82 Mobile Safari/537.36 (compatible; Googlebot/2.1; +http://www.google.com/bot.html)"
66.249.79.3 - - [13/Sep/2026:06:01:02 +0300] "GET /?shopdetail/H5177201035 HTTP/1.1" 301 - "-" "Mozilla/5.0 (compatible; Googlebot/2.1; +http://www.google.com/bot.html)"
66.249.79.3 - - [13/Sep/2026:06:01:03 +0300] "GET /index.php/pl/?shopdetail/H5177201035 HTTP/1.1" 200 54852 "-" "Mozilla/5.0 (compatible; Googlebot/2.1; +http://www.google.com/bot.html)"
52.167.144.173 - - [13/Sep/2026:06:01:10 +0300] "GET /?ID=06337.html HTTP/2.0" 301 - "-" "Mozilla/5.0 AppleWebKit/537.36 (KHTML, like Gecko; compatible; bingbot/2.0; +http://www.bing.com/bingbot.htm) Chrome/116.0.1938.76 Safari/537.36"
198.235.24.10 - - [13/Sep/2026:06:01:58 +0300] "GET / HTTP/1.1" 301 - "-" "Hello from Palo Alto Networks, find out more about our scans in https://docs-cortex.paloaltonetworks.com/r/1/Cortex-Xpanse/Scanning-activity"
66.249.79.2 - - [13/Sep/2026:06:02:18 +0300] "GET /?shopdetail/I51791250794 HTTP/1.1" 301 - "-" "Mozilla/5.0 (Linux; Android 6.0.1; Nexus 5X Build/MMB29P) AppleWebKit/537.36 (KHTML, like Gecko) Chrome/152.0.7977.82 Mobile Safari/537.36 (compatible; Googlebot/2.1; +http://www.google.com/bot.html)"
66.249.79.3 - - [13/Sep/2026:06:02:19 +0300] "GET /index.php/pl/?shopdetail/I51791250794 HTTP/1.1" 200 54852 "-" "Mozilla/5.0 (Linux; Android 6.0.1; Nexus 5X Build/MMB29P) AppleWebKit/537.36 (KHTML, like Gecko) Chrome/152.0.7977.82 Mobile Safari/537.36 (compatible; Googlebot/2.1; +http://www.google.com/bot.html)"
66.249.79.3 - - [13/Sep/2026:06:03:17 +0300] "GET /?ID=83334.html HTTP/1.1" 301 - "-" "Mozilla/5.0 (Linux; Android 6.0.1; Nexus 5X Build/MMB29P) AppleWebKit/537.36 (KHTML, like Gecko) Chrome/152.0.7977.82 Mobile Safari/537.36 (compatible; Googlebot/2.1; +http://www.google.com/bot.html)"
66.249.79.2 - - [13/Sep/2026:06:03:19 +0300] "GET /index.php/pl/?ID=83334.html HTTP/1.1" 200 54852 "-" "Mozilla/5.0 (Linux; Android 6.0.1; Nexus 5X Build/MMB29P) AppleWebKit/537.36 (KHTML, like Gecko) Chrome/152.0.7977.82 Mobile Safari/537.36 (compatible; Googlebot/2.1; +http://www.google.com/bot.html)"
181.177.99.216 - - [13/Sep/2026:06:04:52 +0300] "GET /?ID=22048.html HTTP/1.1" 301 - "-" "Mozilla/5.0 (compatible; ExaSearchBot/1.0; +https://crawler.exa.ai/)"
107.174.111.100 - - [13/Sep/2026:06:05:13 +0300] "GET /?ID=80128.html HTTP/1.1" 301 - "-" "Mozilla/5.0 (compatible; ExaSearchBot/1.0; +https://crawler.exa.ai/)"
152.163.213.77 - - [13/Sep/2026:06:05:40 +0300] "GET /?ID=61338.html HTTP/1.1" 301 - "-" "Mozilla/5.0 (compatible; ExaSearchBot/1.0; +https://crawler.exa.ai/)"
45.61.92.56 - - [13/Sep/2026:06:05:56 +0300] "GET /?ID=48179.html HTTP/1.1" 301 - "-" "Mozilla/5.0 (compatible; ExaSearchBot/1.0; +https://crawler.exa.ai/)"
152.163.188.75 - - [13/Sep/2026:06:06:18 +0300] "GET /?ID=22860.html HTTP/1.1" 301 - "-" "Mozilla/5.0 (compatible; ExaSearchBot/1.0; +https://crawler.exa.ai/)"
205.188.100.199 - - [13/Sep/2026:06:06:39 +0300] "GET /?ID=89222.html HTTP/1.1" 301 - "-" "Mozilla/5.0 (compatible; ExaSearchBot/1.0; +https://crawler.exa.ai/)"
152.163.12.45 - - [13/Sep/2026:06:07:00 +0300] "GET /?ID=86422.html HTTP/1.1" 301 - "-" "Mozilla/5.0 (compatible; ExaSearchBot/1.0; +https://crawler.exa.ai/)"
66.249.79.2 - - [13/Sep/2026:06:09:23 +0300] "GET /?shopdetail/B51791079608 HTTP/1.1" 301 - "-" "Mozilla/5.0 (compatible; Googlebot/2.1; +http://www.google.com/bot.html)"
66.249.79.2 - - [13/Sep/2026:06:09:25 +0300] "GET /index.php/pl/?shopdetail/B51791079608 HTTP/1.1" 200 54852 "-" "Mozilla/5.0 (compatible; Googlebot/2.1; +http://www.google.com/bot.html)"
66.249.79.1 - - [13/Sep/2026:06:09:47 +0300] "GET /?shopdetail/Q51822922871 HTTP/1.1" 301 - "-" "Mozilla/5.0 (compatible; Googlebot/2.1; +http://www.google.com/bot.html)"
66.249.79.2 - - [13/Sep/2026:06:09:50 +0300] "GET /index.php/pl/?shopdetail/Q51822922871 HTTP/1.1" 200 54852 "-" "Mozilla/5.0 (compatible; Googlebot/2.1; +http://www.google.com/bot.html)"
66.249.79.2 - - [13/Sep/2026:06:11:13 +0300] "GET /?shopdetail/O51801997715 HTTP/1.1" 301 - "-" "Mozilla/5.0 (compatible; Googlebot/2.1; +http://www.google.com/bot.html)"
66.249.79.3 - - [13/Sep/2026:06:11:15 +0300] "GET /index.php/pl/?shopdetail/O51801997715 HTTP/1.1" 200 54852 "-" "Mozilla/5.0 (compatible; Googlebot/2.1; +http://www.google.com/bot.html)"
66.249.79.2 - - [13/Sep/2026:06:12:39 +0300] "GET /?shopdetail/X51791188423 HTTP/1.1" 301 - "-" "Mozilla/5.0 (compatible; Googlebot/2.1; +http://www.google.com/bot.html)"
66.249.79.3 - - [13/Sep/2026:06:12:43 +0300] "GET /index.php/pl/?shopdetail/X51791188423 HTTP/1.1" 200 54852 "-" "Mozilla/5.0 (compatible; Googlebot/2.1; +http://www.google.com/bot.html)"
66.249.79.2 - - [13/Sep/2026:06:13:08 +0300] "GET /?ID=52128.html HTTP/1.1" 301 - "-" "Mozilla/5.0 (Linux; Android 6.0.1; Nexus 5X Build/MMB29P) AppleWebKit/537.36 (KHTML, like Gecko) Chrome/152.0.7977.82 Mobile Safari/537.36 (compatible; Googlebot/2.1; +http://www.google.com/bot.html)"
66.249.79.1 - - [13/Sep/2026:06:13:10 +0300] "GET /index.php/pl/?ID=52128.html HTTP/1.1" 200 54852 "-" "Mozilla/5.0 (Linux; Android 6.0.1; Nexus 5X Build/MMB29P) AppleWebKit/537.36 (KHTML, like Gecko) Chrome/152.0.7977.82 Mobile Safari/537.36 (compatible; Googlebot/2.1; +http://www.google.com/bot.html)"
157.55.39.9 - - [13/Sep/2026:06:14:27 +0300] "GET /?ID=86808.html HTTP/2.0" 301 - "-" "Mozilla/5.0 AppleWebKit/537.36 (KHTML, like Gecko; compatible; bingbot/2.0; +http://www.bing.com/bingbot.htm) Chrome/116.0.1938.76 Safari/537.36"
66.249.79.3 - - [13/Sep/2026:06:16:37 +0300] "GET /?shopdetail/B5178639687 HTTP/1.1" 301 - "-" "Mozilla/5.0 (compatible; Googlebot/2.1; +http://www.google.com/bot.html)"
66.249.79.3 - - [13/Sep/2026:06:16:39 +0300] "GET /index.php/pl/?shopdetail/B5178639687 HTTP/1.1" 200 54852 "-" "Mozilla/5.0 (compatible; Googlebot/2.1; +http://www.google.com/bot.html)"
157.55.39.9 - - [13/Sep/2026:06:16:55 +0300] "GET /?ID=83545.html HTTP/2.0" 301 - "-" "Mozilla/5.0 AppleWebKit/537.36 (KHTML, like Gecko; compatible; bingbot/2.0; +http://www.bing.com/bingbot.htm) Chrome/116.0.1938.76 Safari/537.36"
66.249.79.2 - - [13/Sep/2026:06:17:12 +0300] "GET /?shopdetail/Q51812469583 HTTP/1.1" 301 - "-" "Mozilla/5.0 (Linux; Android 6.0.1; Nexus 5X Build/MMB29P) AppleWebKit/537.36 (KHTML, like Gecko) Chrome/152.0.7977.82 Mobile Safari/537.36 (compatible; Googlebot/2.1; +http://www.google.com/bot.html)"
66.249.79.1 - - [13/Sep/2026:06:17:19 +0300] "GET /?shopdetail/N51791203105 HTTP/1.1" 301 - "-" "Mozilla/5.0 (compatible; Googlebot/2.1; +http://www.google.com/bot.html)"
66.249.79.1 - - [13/Sep/2026:06:17:20 +0300] "GET /index.php/pl/?shopdetail/N51791203105 HTTP/1.1" 200 54852 "-" "Mozilla/5.0 (compatible; Googlebot/2.1; +http://www.google.com/bot.html)"
66.249.79.1 - - [13/Sep/2026:06:17:40 +0300] "GET /index.php/pl/?shopdetail/Q51812469583 HTTP/1.1" 200 54852 "-" "Mozilla/5.0 (Linux; Android 6.0.1; Nexus 5X Build/MMB29P) AppleWebKit/537.36 (KHTML, like Gecko) Chrome/152.0.7977.82 Mobile Safari/537.36 (compatible; Googlebot/2.1; +http://www.google.com/bot.html)"
66.249.79.3 - - [13/Sep/2026:06:18:30 +0300] "GET /?ID=18489.html HTTP/1.1" 301 - "-" "Mozilla/5.0 (Linux; Android 6.0.1; Nexus 5X Build/MMB29P) AppleWebKit/537.36 (KHTML, like Gecko) Chrome/152.0.7977.82 Mobile Safari/537.36 (compatible; Googlebot/2.1; +http://www.google.com/bot.html)"
66.249.79.2 - - [13/Sep/2026:06:18:32 +0300] "GET /index.php/pl/?ID=18489.html HTTP/1.1" 200 54852 "-" "Mozilla/5.0 (Linux; Android 6.0.1; Nexus 5X Build/MMB29P) AppleWebKit/537.36 (KHTML, like Gecko) Chrome/152.0.7977.82 Mobile Safari/537.36 (compatible; Googlebot/2.1; +http://www.google.com/bot.html)"
66.249.79.1 - - [13/Sep/2026:06:18:53 +0300] "GET /?shopdetail/D51801872222 HTTP/1.1" 301 - "-" "Mozilla/5.0 (Linux; Android 6.0.1; Nexus 5X Build/MMB29P) AppleWebKit/537.36 (KHTML, like Gecko) Chrome/152.0.7977.82 Mobile Safari/537.36 (compatible; Googlebot/2.1; +http://www.google.com/bot.html)"
66.249.79.1 - - [13/Sep/2026:06:18:53 +0300] "GET /index.php/pl/?shopdetail/D51801872222 HTTP/1.1" 200 54852 "-" "Mozilla/5.0 (Linux; Android 6.0.1; Nexus 5X Build/MMB29P) AppleWebKit/537.36 (KHTML, like Gecko) Chrome/152.0.7977.82 Mobile Safari/537.36 (compatible; Googlebot/2.1; +http://www.google.com/bot.html)"
66.249.79.1 - - [13/Sep/2026:06:22:24 +0300] "GET /?shopdetail/R51822548073 HTTP/1.1" 301 - "-" "Mozilla/5.0 (Linux; Android 6.0.1; Nexus 5X Build/MMB29P) AppleWebKit/537.36 (KHTML, like Gecko) Chrome/152.0.7977.82 Mobile Safari/537.36 (compatible; Googlebot/2.1; +http://www.google.com/bot.html)"
66.249.79.1 - - [13/Sep/2026:06:22:32 +0300] "GET /index.php/pl/?shopdetail/R51822548073 HTTP/1.1" 200 54852 "-" "Mozilla/5.0 (Linux; Android 6.0.1; Nexus 5X Build/MMB29P) AppleWebKit/537.36 (KHTML, like Gecko) Chrome/152.0.7977.82 Mobile Safari/537.36 (compatible; Googlebot/2.1; +http://www.google.com/bot.html)"
66.249.79.1 - - [13/Sep/2026:06:23:47 +0300] "GET /?shopdetail/R51791260728 HTTP/1.1" 301 - "-" "Mozilla/5.0 (compatible; Googlebot/2.1; +http://www.google.com/bot.html)"
66.249.79.2 - - [13/Sep/2026:06:23:50 +0300] "GET /index.php/pl/?shopdetail/R51791260728 HTTP/1.1" 200 54852 "-" "Mozilla/5.0 (compatible; Googlebot/2.1; +http://www.google.com/bot.html)"
66.249.79.3 - - [13/Sep/2026:06:24:45 +0300] "GET /?shopdetail/B51822963302 HTTP/1.1" 301 - "-" "Mozilla/5.0 (Linux; Android 6.0.1; Nexus 5X Build/MMB29P) AppleWebKit/537.36 (KHTML, like Gecko) Chrome/152.0.7977.82 Mobile Safari/537.36 (compatible; Googlebot/2.1; +http://www.google.com/bot.html)"
66.249.79.2 - - [13/Sep/2026:06:25:06 +0300] "GET /index.php/pl/?shopdetail/B51822963302 HTTP/1.1" 200 54852 "-" "Mozilla/5.0 (Linux; Android 6.0.1; Nexus 5X Build/MMB29P) AppleWebKit/537.36 (KHTML, like Gecko) Chrome/152.0.7977.82 Mobile Safari/537.36 (compatible; Googlebot/2.1; +http://www.google.com/bot.html)"
66.249.79.3 - - [13/Sep/2026:06:25:07 +0300] "GET /?ID=70735.html HTTP/1.1" 301 - "-" "Mozilla/5.0 (Linux; Android 6.0.1; Nexus 5X Build/MMB29P) AppleWebKit/537.36 (KHTML, like Gecko) Chrome/152.0.7977.82 Mobile Safari/537.36 (compatible; Googlebot/2.1; +http://www.google.com/bot.html)"
66.249.79.1 - - [13/Sep/2026:06:25:28 +0300] "GET /index.php/pl/?ID=70735.html HTTP/1.1" 200 54852 "-" "Mozilla/5.0 (Linux; Android 6.0.1; Nexus 5X Build/MMB29P) AppleWebKit/537.36 (KHTML, like Gecko) Chrome/152.0.7977.82 Mobile Safari/537.36 (compatible; Googlebot/2.1; +http://www.google.com/bot.html)"
66.249.79.1 - - [13/Sep/2026:06:26:06 +0300] "GET /?ID=%ED%85%8D%EC%82%AC%EC%8A%A4%20%ED%99%80%EB%8D%A4%20%EC%82%AC%EC%9D%B4%ED%8A%B8.html HTTP/1.1" 301 - "-" "Mozilla/5.0 (Linux; Android 6.0.1; Nexus 5X Build/MMB29P) AppleWebKit/537.36 (KHTML, like Gecko) Chrome/152.0.7977.82 Mobile Safari/537.36 (compatible; Googlebot/2.1; +http://www.google.com/bot.html)"
66.249.79.1 - - [13/Sep/2026:06:26:32 +0300] "GET /index.php/pl/?ID=%ED%85%8D%EC%82%AC%EC%8A%A4%20%ED%99%80%EB%8D%A4%20%EC%82%AC%EC%9D%B4%ED%8A%B8.html HTTP/1.1" 200 54852 "-" "Mozilla/5.0 (Linux; Android 6.0.1; Nexus 5X Build/MMB29P) AppleWebKit/537.36 (KHTML, like Gecko) Chrome/152.0.7977.82 Mobile Safari/537.36 (compatible; Googlebot/2.1; +http://www.google.com/bot.html)"
66.249.79.1 - - [13/Sep/2026:06:27:14 +0300] "GET /?ID=63401.html HTTP/1.1" 301 - "-" "Mozilla/5.0 (Linux; Android 6.0.1; Nexus 5X Build/MMB29P) AppleWebKit/537.36 (KHTML, like Gecko) Chrome/152.0.7977.82 Mobile Safari/537.36 (compatible; Googlebot/2.1; +http://www.google.com/bot.html)"
66.249.79.2 - - [13/Sep/2026:06:27:41 +0300] "GET /index.php/pl/?ID=63401.html HTTP/1.1" 200 54852 "-" "Mozilla/5.0 (Linux; Android 6.0.1; Nexus 5X Build/MMB29P) AppleWebKit/537.36 (KHTML, like Gecko) Chrome/152.0.7977.82 Mobile Safari/537.36 (compatible; Googlebot/2.1; +http://www.google.com/bot.html)"
66.249.79.1 - - [13/Sep/2026:06:28:09 +0300] "GET /media/jui/js/bootstrap.min.js?d0efd80bfea2835e175d45e9291370bf HTTP/1.1" 200 29126 "https://poznajlitwe.lt/index.php/pl/?ID=63401.html" "Mozilla/5.0 (Linux; Android 6.0.1; Nexus 5X Build/MMB29P) AppleWebKit/537.36 (KHTML, like Gecko) Chrome/152.0.7977.82 Mobile Safari/537.36 (compatible; Googlebot/2.1; +http://www.google.com/bot.html)"
66.249.79.1 - - [13/Sep/2026:06:28:18 +0300] "GET /?ID=51254.html HTTP/1.1" 301 - "-" "Mozilla/5.0 (compatible; Googlebot/2.1; +http://www.google.com/bot.html)"
66.249.79.1 - - [13/Sep/2026:06:28:19 +0300] "GET /index.php/pl/?ID=51254.html HTTP/1.1" 200 54852 "-" "Mozilla/5.0 (compatible; Googlebot/2.1; +http://www.google.com/bot.html)"
66.249.79.1 - - [13/Sep/2026:06:28:28 +0300] "GET /?shopdetail/E51822619932 HTTP/1.1" 301 - "-" "Mozilla/5.0 (compatible; Googlebot/2.1; +http://www.google.com/bot.html)"
66.249.79.1 - - [13/Sep/2026:06:28:29 +0300] "GET /index.php/pl/?shopdetail/E51822619932 HTTP/1.1" 200 54852 "-" "Mozilla/5.0 (compatible; Googlebot/2.1; +http://www.google.com/bot.html)"
32.193.46.237 - - [13/Sep/2026:06:28:36 +0300] "GET /robots.txt HTTP/1.1" 200 836 "-" "Mozilla/5.0 (Macintosh; Intel Mac OS X 10_10_1) AppleWebKit/600.2.5 (KHTML, like Gecko) Version/8.0.2 Safari/600.2.5 (Gort)"
66.249.79.3 - - [13/Sep/2026:06:32:26 +0300] "GET /?ID=40254.html HTTP/1.1" 301 - "-" "Mozilla/5.0 (Linux; Android 6.0.1; Nexus 5X Build/MMB29P) AppleWebKit/537.36 (KHTML, like Gecko) Chrome/152.0.7977.82 Mobile Safari/537.36 (compatible; Googlebot/2.1; +http://www.google.com/bot.html)"
66.249.79.2 - - [13/Sep/2026:06:32:41 +0300] "GET /index.php/pl/?ID=40254.html HTTP/1.1" 200 54852 "-" "Mozilla/5.0 (Linux; Android 6.0.1; Nexus 5X Build/MMB29P) AppleWebKit/537.36 (KHTML, like Gecko) Chrome/152.0.7977.82 Mobile Safari/537.36 (compatible; Googlebot/2.1; +http://www.google.com/bot.html)"
66.249.79.1 - - [13/Sep/2026:06:32:42 +0300] "GET /?shopdetail/J51812470536 HTTP/1.1" 301 - "-" "Mozilla/5.0 (Linux; Android 6.0.1; Nexus 5X Build/MMB29P) AppleWebKit/537.36 (KHTML, like Gecko) Chrome/152.0.7977.82 Mobile Safari/537.36 (compatible; Googlebot/2.1; +http://www.google.com/bot.html)"
66.249.79.2 - - [13/Sep/2026:06:32:43 +0300] "GET /index.php/pl/?shopdetail/J51812470536 HTTP/1.1" 200 54852 "-" "Mozilla/5.0 (Linux; Android 6.0.1; Nexus 5X Build/MMB29P) AppleWebKit/537.36 (KHTML, like Gecko) Chrome/152.0.7977.82 Mobile Safari/537.36 (compatible; Googlebot/2.1; +http://www.google.com/bot.html)"
66.249.79.3 - - [13/Sep/2026:06:33:07 +0300] "GET /?shopdetail/E517731795 HTTP/1.1" 301 - "-" "Mozilla/5.0 (compatible; Googlebot/2.1; +http://www.google.com/bot.html)"
66.249.79.2 - - [13/Sep/2026:06:33:08 +0300] "GET /index.php/pl/?shopdetail/E517731795 HTTP/1.1" 200 54852 "-" "Mozilla/5.0 (compatible; Googlebot/2.1; +http://www.google.com/bot.html)"
66.249.79.2 - - [13/Sep/2026:06:33:12 +0300] "GET /?shopdetail/X51812211609 HTTP/1.1" 301 - "-" "Mozilla/5.0 (Linux; Android 6.0.1; Nexus 5X Build/MMB29P) AppleWebKit/537.36 (KHTML, like Gecko) Chrome/152.0.7977.82 Mobile Safari/537.36 (compatible; Googlebot/2.1; +http://www.google.com/bot.html)"
66.249.79.1 - - [13/Sep/2026:06:33:12 +0300] "GET /index.php/pl/?shopdetail/X51812211609 HTTP/1.1" 200 54852 "-" "Mozilla/5.0 (Linux; Android 6.0.1; Nexus 5X Build/MMB29P) AppleWebKit/537.36 (KHTML, like Gecko) Chrome/152.0.7977.82 Mobile Safari/537.36 (compatible; Googlebot/2.1; +http://www.google.com/bot.html)"
66.249.79.2 - - [13/Sep/2026:06:33:15 +0300] "GET /?shopdetail/C51801954986 HTTP/1.1" 301 - "-" "Mozilla/5.0 (Linux; Android 6.0.1; Nexus 5X Build/MMB29P) AppleWebKit/537.36 (KHTML, like Gecko) Chrome/152.0.7977.82 Mobile Safari/537.36 (compatible; Googlebot/2.1; +http://www.google.com/bot.html)"
66.249.79.1 - - [13/Sep/2026:06:33:17 +0300] "GET /index.php/pl/?shopdetail/C51801954986 HTTP/1.1" 200 54852 "-" "Mozilla/5.0 (Linux; Android 6.0.1; Nexus 5X Build/MMB29P) AppleWebKit/537.36 (KHTML, like Gecko) Chrome/152.0.7977.82 Mobile Safari/537.36 (compatible; Googlebot/2.1; +http://www.google.com/bot.html)"
66.249.79.1 - - [13/Sep/2026:06:33:22 +0300] "GET /?ID=56086.html HTTP/1.1" 301 - "-" "Mozilla/5.0 (compatible; Googlebot/2.1; +http://www.google.com/bot.html)"
66.249.79.1 - - [13/Sep/2026:06:33:23 +0300] "GET /index.php/pl/?ID=56086.html HTTP/1.1" 200 54852 "-" "Mozilla/5.0 (compatible; Googlebot/2.1; +http://www.google.com/bot.html)"
66.249.79.1 - - [13/Sep/2026:06:33:27 +0300] "GET /?shopdetail/V5178860938 HTTP/1.1" 301 - "-" "Mozilla/5.0 (compatible; Googlebot/2.1; +http://www.google.com/bot.html)"
66.249.79.1 - - [13/Sep/2026:06:33:28 +0300] "GET /index.php/pl/?shopdetail/V5178860938 HTTP/1.1" 200 54852 "-" "Mozilla/5.0 (compatible; Googlebot/2.1; +http://www.google.com/bot.html)"
66.249.79.1 - - [13/Sep/2026:06:35:14 +0300] "GET /?shopdetail/O51791222800 HTTP/1.1" 301 - "-" "Mozilla/5.0 (compatible; Googlebot/2.1; +http://www.google.com/bot.html)"
66.249.79.1 - - [13/Sep/2026:06:35:14 +0300] "GET /index.php/pl/?shopdetail/O51791222800 HTTP/1.1" 200 54852 "-" "Mozilla/5.0 (compatible; Googlebot/2.1; +http://www.google.com/bot.html)"
66.249.79.1 - - [13/Sep/2026:06:38:45 +0300] "GET /?ID=75209.html HTTP/1.1" 301 - "-" "Mozilla/5.0 (compatible; Googlebot/2.1; +http://www.google.com/bot.html)"
66.249.79.2 - - [13/Sep/2026:06:38:46 +0300] "GET /?shopdetail/P51822604856 HTTP/1.1" 301 - "-" "Mozilla/5.0 (compatible; Googlebot/2.1; +http://www.google.com/bot.html)"
66.249.79.3 - - [13/Sep/2026:06:38:47 +0300] "GET /index.php/pl/?ID=75209.html HTTP/1.1" 200 54852 "-" "Mozilla/5.0 (compatible; Googlebot/2.1; +http://www.google.com/bot.html)"
66.249.79.2 - - [13/Sep/2026:06:38:48 +0300] "GET /index.php/pl/?shopdetail/P51822604856 HTTP/1.1" 200 54852 "-" "Mozilla/5.0 (compatible; Googlebot/2.1; +http://www.google.com/bot.html)"
66.249.79.3 - - [13/Sep/2026:06:41:06 +0300] "GET /?shopdetail/T51801830318 HTTP/1.1" 301 - "-" "Mozilla/5.0 (compatible; Googlebot/2.1; +http://www.google.com/bot.html)"
66.249.79.2 - - [13/Sep/2026:06:41:09 +0300] "GET /index.php/pl/?shopdetail/T51801830318 HTTP/1.1" 200 54852 "-" "Mozilla/5.0 (compatible; Googlebot/2.1; +http://www.google.com/bot.html)"
66.249.79.2 - - [13/Sep/2026:06:41:13 +0300] "GET /?shopdetail/X5177420294 HTTP/1.1" 301 - "-" "Mozilla/5.0 (Linux; Android 6.0.1; Nexus 5X Build/MMB29P) AppleWebKit/537.36 (KHTML, like Gecko) Chrome/152.0.7977.82 Mobile Safari/537.36 (compatible; Googlebot/2.1; +http://www.google.com/bot.html)"
66.249.79.1 - - [13/Sep/2026:06:41:15 +0300] "GET /index.php/pl/?shopdetail/X5177420294 HTTP/1.1" 200 54852 "-" "Mozilla/5.0 (Linux; Android 6.0.1; Nexus 5X Build/MMB29P) AppleWebKit/537.36 (KHTML, like Gecko) Chrome/152.0.7977.82 Mobile Safari/537.36 (compatible; Googlebot/2.1; +http://www.google.com/bot.html)"
66.249.79.2 - - [13/Sep/2026:06:43:26 +0300] "GET /?shopdetail/S51791022841 HTTP/1.1" 301 - "-" "Mozilla/5.0 (compatible; Googlebot/2.1; +http://www.google.com/bot.html)"
66.249.79.2 - - [13/Sep/2026:06:43:28 +0300] "GET /index.php/pl/?shopdetail/S51791022841 HTTP/1.1" 200 54852 "-" "Mozilla/5.0 (compatible; Googlebot/2.1; +http://www.google.com/bot.html)"
66.249.79.2 - - [13/Sep/2026:06:43:59 +0300] "GET /?ID=85481.html HTTP/1.1" 301 - "-" "Mozilla/5.0 (Linux; Android 6.0.1; Nexus 5X Build/MMB29P) AppleWebKit/537.36 (KHTML, like Gecko) Chrome/152.0.7977.82 Mobile Safari/537.36 (compatible; Googlebot/2.1; +http://www.google.com/bot.html)"
66.249.79.1 - - [13/Sep/2026:06:44:01 +0300] "GET /index.php/pl/?ID=85481.html HTTP/1.1" 200 54852 "-" "Mozilla/5.0 (Linux; Android 6.0.1; Nexus 5X Build/MMB29P) AppleWebKit/537.36 (KHTML, like Gecko) Chrome/152.0.7977.82 Mobile Safari/537.36 (compatible; Googlebot/2.1; +http://www.google.com/bot.html)"
66.249.79.1 - - [13/Sep/2026:06:44:26 +0300] "GET /?ID=96091.html HTTP/1.1" 301 - "-" "Mozilla/5.0 (compatible; Googlebot/2.1; +http://www.google.com/bot.html)"
66.249.79.1 - - [13/Sep/2026:06:44:27 +0300] "GET /index.php/pl/?ID=96091.html HTTP/1.1" 200 54852 "-" "Mozilla/5.0 (compatible; Googlebot/2.1; +http://www.google.com/bot.html)"
66.249.79.1 - - [13/Sep/2026:06:44:51 +0300] "GET /media/jui/js/jquery-migrate.min.js?d0efd80bfea2835e175d45e9291370bf HTTP/1.1" 200 10056 "https://poznajlitwe.lt/index.php/pl/?shopdetail/G51812003161" "Mozilla/5.0 (Linux; Android 6.0.1; Nexus 5X Build/MMB29P) AppleWebKit/537.36 (KHTML, like Gecko) Chrome/151.0.7922.173 Mobile Safari/537.36 (compatible; Googlebot/2.1; +http://www.google.com/bot.html)"
66.249.79.3 - - [13/Sep/2026:06:45:24 +0300] "GET /?shopdetail/E51822841832 HTTP/1.1" 301 - "-" "Mozilla/5.0 (compatible; Googlebot/2.1; +http://www.google.com/bot.html)"
