66.249.79.3 - - [12/Sep/2026:23:58:36 +0300] "GET /?shopdetail/K51822749576 HTTP/1.1" 301 - "-" "Mozilla/5.0 (Linux; Android 6.0.1; Nexus 5X Build/MMB29P) AppleWebKit/537.36 (KHTML, like Gecko) Chrome/152.0.7977.82 Mobile Safari/537.36 (compatible; Googlebot/2.1; +http://www.google.com/bot.html)"
216.26.232.99 - - [12/Sep/2026:23:58:37 +0300] "GET /wp-login.php HTTP/1.1" 401 53 "-" "Mozilla/5.0 (Macintosh; Intel Mac OS X 10_15_7) AppleWebKit/605.1.15 (KHTML, like Gecko) Version/17.4 Safari/605.1.15"
66.249.79.1 - - [12/Sep/2026:23:58:37 +0300] "GET /index.php/pl/?shopdetail/K51822749576 HTTP/1.1" 200 54852 "-" "Mozilla/5.0 (Linux; Android 6.0.1; Nexus 5X Build/MMB29P) AppleWebKit/537.36 (KHTML, like Gecko) Chrome/152.0.7977.82 Mobile Safari/537.36 (compatible; Googlebot/2.1; +http://www.google.com/bot.html)"
66.249.79.1 - - [13/Sep/2026:00:01:05 +0300] "GET /?shopdetail/K51801563229 HTTP/1.1" 301 - "-" "Mozilla/5.0 (Linux; Android 6.0.1; Nexus 5X Build/MMB29P) AppleWebKit/537.36 (KHTML, like Gecko) Chrome/152.0.7977.82 Mobile Safari/537.36 (compatible; Googlebot/2.1; +http://www.google.com/bot.html)"
66.249.79.1 - - [13/Sep/2026:00:01:05 +0300] "GET /index.php/pl/?shopdetail/K51801563229 HTTP/1.1" 200 54852 "-" "Mozilla/5.0 (Linux; Android 6.0.1; Nexus 5X Build/MMB29P) AppleWebKit/537.36 (KHTML, like Gecko) Chrome/152.0.7977.82 Mobile Safari/537.36 (compatible; Googlebot/2.1; +http://www.google.com/bot.html)"
216.24.210.198 - - [13/Sep/2026:00:02:06 +0300] "GET /wp-login.php HTTP/1.1" 404 - "-" "Mozilla/5.0 (Windows NT 10.0; Win64; rv:143.0) Gecko/20100101 Firefox/143.0"
66.249.79.2 - - [13/Sep/2026:00:08:34 +0300] "GET /?shopdetail/K5178563029 HTTP/1.1" 301 - "-" "Mozilla/5.0 (Linux; Android 6.0.1; Nexus 5X Build/MMB29P) AppleWebKit/537.36 (KHTML, like Gecko) Chrome/152.0.7977.82 Mobile Safari/537.36 (compatible; Googlebot/2.1; +http://www.google.com/bot.html)"
66.249.79.3 - - [13/Sep/2026:00:08:35 +0300] "GET /index.php/pl/?shopdetail/K5178563029 HTTP/1.1" 200 54852 "-" "Mozilla/5.0 (Linux; Android 6.0.1; Nexus 5X Build/MMB29P) AppleWebKit/537.36 (KHTML, like Gecko) Chrome/152.0.7977.82 Mobile Safari/537.36 (compatible; Googlebot/2.1; +http://www.google.com/bot.html)"
66.249.79.2 - - [13/Sep/2026:00:09:59 +0300] "GET /?shopdetail/N51822915905 HTTP/1.1" 301 - "-" "Mozilla/5.0 (Linux; Android 6.0.1; Nexus 5X Build/MMB29P) AppleWebKit/537.36 (KHTML, like Gecko) Chrome/152.0.7977.82 Mobile Safari/537.36 (compatible; Googlebot/2.1; +http://www.google.com/bot.html)"
66.249.79.3 - - [13/Sep/2026:00:10:01 +0300] "GET /index.php/pl/?shopdetail/N51822915905 HTTP/1.1" 200 54852 "-" "Mozilla/5.0 (Linux; Android 6.0.1; Nexus 5X Build/MMB29P) AppleWebKit/537.36 (KHTML, like Gecko) Chrome/152.0.7977.82 Mobile Safari/537.36 (compatible; Googlebot/2.1; +http://www.google.com/bot.html)"
66.249.79.1 - - [13/Sep/2026:00:11:29 +0300] "GET /?shopdetail/B51822689003 HTTP/1.1" 301 - "-" "Mozilla/5.0 (Linux; Android 6.0.1; Nexus 5X Build/MMB29P) AppleWebKit/537.36 (KHTML, like Gecko) Chrome/152.0.7977.82 Mobile Safari/537.36 (compatible; Googlebot/2.1; +http://www.google.com/bot.html)"
66.249.79.2 - - [13/Sep/2026:00:11:31 +0300] "GET /index.php/pl/?shopdetail/B51822689003 HTTP/1.1" 200 54852 "-" "Mozilla/5.0 (Linux; Android 6.0.1; Nexus 5X Build/MMB29P) AppleWebKit/537.36 (KHTML, like Gecko) Chrome/152.0.7977.82 Mobile Safari/537.36 (compatible; Googlebot/2.1; +http://www.google.com/bot.html)"
66.249.79.1 - - [13/Sep/2026:00:12:31 +0300] "GET /?shopdetail/W5178773105 HTTP/1.1" 301 - "-" "Mozilla/5.0 (Linux; Android 6.0.1; Nexus 5X Build/MMB29P) AppleWebKit/537.36 (KHTML, like Gecko) Chrome/152.0.7977.82 Mobile Safari/537.36 (compatible; Googlebot/2.1; +http://www.google.com/bot.html)"
66.249.79.2 - - [13/Sep/2026:00:12:33 +0300] "GET /index.php/pl/?shopdetail/W5178773105 HTTP/1.1" 200 54852 "-" "Mozilla/5.0 (Linux; Android 6.0.1; Nexus 5X Build/MMB29P) AppleWebKit/537.36 (KHTML, like Gecko) Chrome/152.0.7977.82 Mobile Safari/537.36 (compatible; Googlebot/2.1; +http://www.google.com/bot.html)"
66.249.79.2 - - [13/Sep/2026:00:15:17 +0300] "GET /?shopdetail/G51791383987 HTTP/1.1" 301 - "-" "Mozilla/5.0 (compatible; Googlebot/2.1; +http://www.google.com/bot.html)"
66.249.79.3 - - [13/Sep/2026:00:15:18 +0300] "GET /index.php/pl/?shopdetail/G51791383987 HTTP/1.1" 200 54852 "-" "Mozilla/5.0 (compatible; Googlebot/2.1; +http://www.google.com/bot.html)"
66.249.79.1 - - [13/Sep/2026:00:15:39 +0300] "GET /?shopdetail/V51801508848 HTTP/1.1" 301 - "-" "Mozilla/5.0 (compatible; Googlebot/2.1; +http://www.google.com/bot.html)"
66.249.79.2 - - [13/Sep/2026:00:15:41 +0300] "GET /index.php/pl/?shopdetail/V51801508848 HTTP/1.1" 200 54852 "-" "Mozilla/5.0 (compatible; Googlebot/2.1; +http://www.google.com/bot.html)"
207.46.13.7 - - [13/Sep/2026:00:17:20 +0300] "GET /?ID=60065.html HTTP/2.0" 301 - "-" "Mozilla/5.0 AppleWebKit/537.36 (KHTML, like Gecko; compatible; bingbot/2.0; +http://www.bing.com/bingbot.htm) Chrome/116.0.1938.76 Safari/537.36"
66.249.79.1 - - [13/Sep/2026:00:17:33 +0300] "GET /media/n2/n/dist/n2-j.min.js?1530628338 HTTP/1.1" 200 99988 "https://poznajlitwe.lt/index.php/pl/?shopdetail/W517799087" "Mozilla/5.0 (Linux; Android 6.0.1; Nexus 5X Build/MMB29P) AppleWebKit/537.36 (KHTML, like Gecko) Chrome/152.0.7977.82 Mobile Safari/537.36 (compatible; Googlebot/2.1; +http://www.google.com/bot.html)"
66.249.79.3 - - [13/Sep/2026:00:17:33 +0300] "GET /?shopdetail/F51822726095 HTTP/1.1" 301 - "-" "Mozilla/5.0 (compatible; Googlebot/2.1; +http://www.google.com/bot.html)"
66.249.79.1 - - [13/Sep/2026:00:17:34 +0300] "GET /index.php/pl/?shopdetail/F51822726095 HTTP/1.1" 200 54852 "-" "Mozilla/5.0 (compatible; Googlebot/2.1; +http://www.google.com/bot.html)"
66.249.79.1 - - [13/Sep/2026:00:20:00 +0300] "GET /?shopdetail/G51791109889 HTTP/1.1" 301 - "-" "Mozilla/5.0 (Linux; Android 6.0.1; Nexus 5X Build/MMB29P) AppleWebKit/537.36 (KHTML, like Gecko) Chrome/152.0.7977.82 Mobile Safari/537.36 (compatible; Googlebot/2.1; +http://www.google.com/bot.html)"
66.249.79.1 - - [13/Sep/2026:00:20:02 +0300] "GET /index.php/pl/?shopdetail/G51791109889 HTTP/1.1" 200 54852 "-" "Mozilla/5.0 (Linux; Android 6.0.1; Nexus 5X Build/MMB29P) AppleWebKit/537.36 (KHTML, like Gecko) Chrome/152.0.7977.82 Mobile Safari/537.36 (compatible; Googlebot/2.1; +http://www.google.com/bot.html)"
66.249.79.2 - - [13/Sep/2026:00:21:41 +0300] "GET /?shopdetail/O51791320417 HTTP/1.1" 301 - "-" "Mozilla/5.0 (Linux; Android 6.0.1; Nexus 5X Build/MMB29P) AppleWebKit/537.36 (KHTML, like Gecko) Chrome/152.0.7977.82 Mobile Safari/537.36 (compatible; Googlebot/2.1; +http://www.google.com/bot.html)"
66.249.79.1 - - [13/Sep/2026:00:21:42 +0300] "GET /index.php/pl/?shopdetail/O51791320417 HTTP/1.1" 200 54852 "-" "Mozilla/5.0 (Linux; Android 6.0.1; Nexus 5X Build/MMB29P) AppleWebKit/537.36 (KHTML, like Gecko) Chrome/152.0.7977.82 Mobile Safari/537.36 (compatible; Googlebot/2.1; +http://www.google.com/bot.html)"
66.249.79.2 - - [13/Sep/2026:00:21:56 +0300] "GET /?shopdetail/V51812388130 HTTP/1.1" 301 - "-" "Mozilla/5.0 (Linux; Android 6.0.1; Nexus 5X Build/MMB29P) AppleWebKit/537.36 (KHTML, like Gecko) Chrome/152.0.7977.82 Mobile Safari/537.36 (compatible; Googlebot/2.1; +http://www.google.com/bot.html)"
66.249.79.1 - - [13/Sep/2026:00:21:57 +0300] "GET /index.php/pl/?shopdetail/V51812388130 HTTP/1.1" 200 54852 "-" "Mozilla/5.0 (Linux; Android 6.0.1; Nexus 5X Build/MMB29P) AppleWebKit/537.36 (KHTML, like Gecko) Chrome/152.0.7977.82 Mobile Safari/537.36 (compatible; Googlebot/2.1; +http://www.google.com/bot.html)"
66.249.79.3 - - [13/Sep/2026:00:22:13 +0300] "GET /?shopdetail/Y5178634416 HTTP/1.1" 301 - "-" "Mozilla/5.0 (Linux; Android 6.0.1; Nexus 5X Build/MMB29P) AppleWebKit/537.36 (KHTML, like Gecko) Chrome/152.0.7977.82 Mobile Safari/537.36 (compatible; Googlebot/2.1; +http://www.google.com/bot.html)"
66.249.79.3 - - [13/Sep/2026:00:22:14 +0300] "GET /index.php/pl/?shopdetail/Y5178634416 HTTP/1.1" 200 54852 "-" "Mozilla/5.0 (Linux; Android 6.0.1; Nexus 5X Build/MMB29P) AppleWebKit/537.36 (KHTML, like Gecko) Chrome/152.0.7977.82 Mobile Safari/537.36 (compatible; Googlebot/2.1; +http://www.google.com/bot.html)"
66.249.79.2 - - [13/Sep/2026:00:22:55 +0300] "GET /?ID=61885.html HTTP/1.1" 301 - "-" "Mozilla/5.0 (compatible; Googlebot/2.1; +http://www.google.com/bot.html)"
66.249.79.2 - - [13/Sep/2026:00:22:56 +0300] "GET /index.php/pl/?ID=61885.html HTTP/1.1" 200 54852 "-" "Mozilla/5.0 (compatible; Googlebot/2.1; +http://www.google.com/bot.html)"
66.249.79.3 - - [13/Sep/2026:00:23:34 +0300] "GET /?ID=%EC%B4%9D%ED%8C%90%20%EC%B2%98%EB%B2%8C%20%20%EC%8A%AC%EB%A1%AF%EA%B2%80%EC%A6%9D%EC%82%AC%EC%9D%B4%ED%8A%B8.html HTTP/1.1" 301 - "-" "Mozilla/5.0 (compatible; Googlebot/2.1; +http://www.google.com/bot.html)"
66.249.79.1 - - [13/Sep/2026:00:23:35 +0300] "GET /index.php/pl/?ID=%EC%B4%9D%ED%8C%90%20%EC%B2%98%EB%B2%8C%20%20%EC%8A%AC%EB%A1%AF%EA%B2%80%EC%A6%9D%EC%82%AC%EC%9D%B4%ED%8A%B8.html HTTP/1.1" 200 54852 "-" "Mozilla/5.0 (compatible; Googlebot/2.1; +http://www.google.com/bot.html)"
66.249.79.3 - - [13/Sep/2026:00:24:18 +0300] "GET /?shopdetail/B51791136818 HTTP/1.1" 301 - "-" "Mozilla/5.0 (Linux; Android 6.0.1; Nexus 5X Build/MMB29P) AppleWebKit/537.36 (KHTML, like Gecko) Chrome/152.0.7977.82 Mobile Safari/537.36 (compatible; Googlebot/2.1; +http://www.google.com/bot.html)"
66.249.79.3 - - [13/Sep/2026:00:24:20 +0300] "GET /?ID=53433.html HTTP/1.1" 301 - "-" "Mozilla/5.0 (compatible; Googlebot/2.1; +http://www.google.com/bot.html)"
66.249.79.1 - - [13/Sep/2026:00:24:21 +0300] "GET /index.php/pl/?ID=53433.html HTTP/1.1" 200 54852 "-" "Mozilla/5.0 (compatible; Googlebot/2.1; +http://www.google.com/bot.html)"
66.249.79.2 - - [13/Sep/2026:00:24:22 +0300] "GET /index.php/pl/?shopdetail/B51791136818 HTTP/1.1" 200 54852 "-" "Mozilla/5.0 (Linux; Android 6.0.1; Nexus 5X Build/MMB29P) AppleWebKit/537.36 (KHTML, like Gecko) Chrome/152.0.7977.82 Mobile Safari/537.36 (compatible; Googlebot/2.1; +http://www.google.com/bot.html)"
66.249.79.1 - - [13/Sep/2026:00:25:13 +0300] "GET /?shopdetail/M51822635930 HTTP/1.1" 301 - "-" "Mozilla/5.0 (Linux; Android 6.0.1; Nexus 5X Build/MMB29P) AppleWebKit/537.36 (KHTML, like Gecko) Chrome/152.0.7977.82 Mobile Safari/537.36 (compatible; Googlebot/2.1; +http://www.google.com/bot.html)"
66.249.79.3 - - [13/Sep/2026:00:25:14 +0300] "GET /index.php/pl/?shopdetail/M51822635930 HTTP/1.1" 200 54852 "-" "Mozilla/5.0 (Linux; Android 6.0.1; Nexus 5X Build/MMB29P) AppleWebKit/537.36 (KHTML, like Gecko) Chrome/152.0.7977.82 Mobile Safari/537.36 (compatible; Googlebot/2.1; +http://www.google.com/bot.html)"
66.249.79.1 - - [13/Sep/2026:00:25:30 +0300] "GET /?shopdetail/L5178670889 HTTP/1.1" 301 - "-" "Mozilla/5.0 (compatible; Googlebot/2.1; +http://www.google.com/bot.html)"
66.249.79.1 - - [13/Sep/2026:00:25:31 +0300] "GET /index.php/pl/?shopdetail/L5178670889 HTTP/1.1" 200 54852 "-" "Mozilla/5.0 (compatible; Googlebot/2.1; +http://www.google.com/bot.html)"
66.249.79.1 - - [13/Sep/2026:00:25:42 +0300] "GET /?ID=28939.html HTTP/1.1" 301 - "-" "Mozilla/5.0 (Linux; Android 6.0.1; Nexus 5X Build/MMB29P) AppleWebKit/537.36 (KHTML, like Gecko) Chrome/152.0.7977.82 Mobile Safari/537.36 (compatible; Googlebot/2.1; +http://www.google.com/bot.html)"
66.249.79.1 - - [13/Sep/2026:00:25:42 +0300] "GET /index.php/pl/?ID=28939.html HTTP/1.1" 200 54852 "-" "Mozilla/5.0 (Linux; Android 6.0.1; Nexus 5X Build/MMB29P) AppleWebKit/537.36 (KHTML, like Gecko) Chrome/152.0.7977.82 Mobile Safari/537.36 (compatible; Googlebot/2.1; +http://www.google.com/bot.html)"
207.46.13.7 - - [13/Sep/2026:00:25:51 +0300] "GET /?ID=66099.html HTTP/2.0" 301 - "-" "Mozilla/5.0 AppleWebKit/537.36 (KHTML, like Gecko; compatible; bingbot/2.0; +http://www.bing.com/bingbot.htm) Chrome/116.0.1938.76 Safari/537.36"
207.46.13.87 - - [13/Sep/2026:00:26:00 +0300] "GET /?ID=19589.html HTTP/2.0" 301 - "-" "Mozilla/5.0 AppleWebKit/537.36 (KHTML, like Gecko; compatible; bingbot/2.0; +http://www.bing.com/bingbot.htm) Chrome/116.0.1938.76 Safari/537.36"
66.249.79.1 - - [13/Sep/2026:00:26:15 +0300] "GET /media/gantry5/assets/css/font-awesome.min.css HTTP/1.1" 200 31000 "https://poznajlitwe.lt/index.php/pl/?ID=28939.html" "Mozilla/5.0 (Linux; Android 6.0.1; Nexus 5X Build/MMB29P) AppleWebKit/537.36 (KHTML, like Gecko) Chrome/152.0.7977.82 Mobile Safari/537.36 (compatible; Googlebot/2.1; +http://www.google.com/bot.html)"
66.249.79.3 - - [13/Sep/2026:00:28:48 +0300] "GET /?ID=68208.html HTTP/1.1" 301 - "-" "Mozilla/5.0 (Linux; Android 6.0.1; Nexus 5X Build/MMB29P) AppleWebKit/537.36 (KHTML, like Gecko) Chrome/152.0.7977.82 Mobile Safari/537.36 (compatible; Googlebot/2.1; +http://www.google.com/bot.html)"
66.249.79.1 - - [13/Sep/2026:00:28:50 +0300] "GET /index.php/pl/?ID=68208.html HTTP/1.1" 200 54852 "-" "Mozilla/5.0 (Linux; Android 6.0.1; Nexus 5X Build/MMB29P) AppleWebKit/537.36 (KHTML, like Gecko) Chrome/152.0.7977.82 Mobile Safari/537.36 (compatible; Googlebot/2.1; +http://www.google.com/bot.html)"
66.249.79.1 - - [13/Sep/2026:00:29:10 +0300] "GET /?shopdetail/Z51812019120 HTTP/1.1" 301 - "-" "Mozilla/5.0 (compatible; Googlebot/2.1; +http://www.google.com/bot.html)"
66.249.79.3 - - [13/Sep/2026:00:29:11 +0300] "GET /index.php/pl/?shopdetail/Z51812019120 HTTP/1.1" 200 54852 "-" "Mozilla/5.0 (compatible; Googlebot/2.1; +http://www.google.com/bot.html)"
66.249.79.1 - - [13/Sep/2026:00:29:29 +0300] "GET /?shopdetail/D51812413054 HTTP/1.1" 301 - "-" "Mozilla/5.0 (Linux; Android 6.0.1; Nexus 5X Build/MMB29P) AppleWebKit/537.36 (KHTML, like Gecko) Chrome/152.0.7977.82 Mobile Safari/537.36 (compatible; Googlebot/2.1; +http://www.google.com/bot.html)"
66.249.79.2 - - [13/Sep/2026:00:29:31 +0300] "GET /index.php/pl/?shopdetail/D51812413054 HTTP/1.1" 200 54852 "-" "Mozilla/5.0 (Linux; Android 6.0.1; Nexus 5X Build/MMB29P) AppleWebKit/537.36 (KHTML, like Gecko) Chrome/152.0.7977.82 Mobile Safari/537.36 (compatible; Googlebot/2.1; +http://www.google.com/bot.html)"
52.167.144.159 - - [13/Sep/2026:00:30:22 +0300] "GET /?ID=30171.html HTTP/2.0" 301 - "-" "Mozilla/5.0 AppleWebKit/537.36 (KHTML, like Gecko; compatible; bingbot/2.0; +http://www.bing.com/bingbot.htm) Chrome/116.0.1938.76 Safari/537.36"
95.108.213.81 - - [13/Sep/2026:00:30:47 +0300] "GET /robots.txt HTTP/1.1" 200 836 "-" "Mozilla/5.0 (compatible; YandexBot/3.0; +http://yandex.com/bots)"
77.88.9.144 - - [13/Sep/2026:00:30:48 +0300] "GET /templates/it_startup/favicon.ico HTTP/2.0" 200 51478 "-" "Mozilla/5.0 (compatible; YandexFavicons/1.0; +http://yandex.com/bots)"
66.249.79.3 - - [13/Sep/2026:00:31:52 +0300] "GET /?ID=8585.html HTTP/1.1" 301 - "-" "Mozilla/5.0 (Linux; Android 6.0.1; Nexus 5X Build/MMB29P) AppleWebKit/537.36 (KHTML, like Gecko) Chrome/152.0.7977.82 Mobile Safari/537.36 (compatible; Googlebot/2.1; +http://www.google.com/bot.html)"
66.249.79.1 - - [13/Sep/2026:00:31:53 +0300] "GET /index.php/pl/?ID=8585.html HTTP/1.1" 200 54852 "-" "Mozilla/5.0 (Linux; Android 6.0.1; Nexus 5X Build/MMB29P) AppleWebKit/537.36 (KHTML, like Gecko) Chrome/152.0.7977.82 Mobile Safari/537.36 (compatible; Googlebot/2.1; +http://www.google.com/bot.html)"
45.156.128.173 - - [13/Sep/2026:00:34:16 +0300] "GET / HTTP/1.1" 301 - "-" "Mozilla/5.0 AppleWebKit/537.36 (KHTML, like Gecko) Chrome/123.0.6312.86 Safari/537.36"
45.156.128.173 - - [13/Sep/2026:00:34:17 +0300] "GET /index.php/pl/ HTTP/1.1" 200 54852 "https://poznajlitwe.lt/" "Mozilla/5.0 AppleWebKit/537.36 (KHTML, like Gecko) Chrome/123.0.6312.86 Safari/537.36"
45.156.128.175 - - [13/Sep/2026:00:34:18 +0300] "GET /zabbix/favicon.ico HTTP/1.1" 404 - "-" "Mozilla/5.0 AppleWebKit/537.36 (KHTML, like Gecko) Chrome/123.0.6312.86 Safari/537.36"
45.156.128.174 - - [13/Sep/2026:00:34:20 +0300] "GET /favicon.ico HTTP/1.1" 404 - "-" "Mozilla/5.0 AppleWebKit/537.36 (KHTML, like Gecko) Chrome/123.0.6312.86 Safari/537.36"
45.156.128.175 - - [13/Sep/2026:00:34:21 +0300] "GET / HTTP/1.1" 301 - "-" "Mozilla/5.0 AppleWebKit/537.36 (KHTML, like Gecko) Chrome/123.0.6312.86 Safari/537.36"
45.156.128.175 - - [13/Sep/2026:00:34:22 +0300] "GET /aspera/faspex/ HTTP/1.1" 404 - "-" "Mozilla/5.0 AppleWebKit/537.36 (KHTML, like Gecko) Chrome/123.0.6312.86 Safari/537.36"
45.156.128.172 - - [13/Sep/2026:00:34:22 +0300] "GET /sitecore/shell/sitecore.version.xml HTTP/1.1" 404 - "-" "Mozilla/5.0 AppleWebKit/537.36 (KHTML, like Gecko) Chrome/123.0.6312.86 Safari/537.36"
45.156.128.173 - - [13/Sep/2026:00:34:23 +0300] "GET /admin/ HTTP/1.1" 404 - "-" "Mozilla/5.0 AppleWebKit/537.36 (KHTML, like Gecko) Chrome/123.0.6312.86 Safari/537.36"
45.156.128.174 - - [13/Sep/2026:00:34:23 +0300] "GET / HTTP/1.1" 301 - "-" "Mozilla/5.0 AppleWebKit/537.36 (KHTML, like Gecko) Chrome/123.0.6312.86 Safari/537.36"
45.156.128.174 - - [13/Sep/2026:00:34:24 +0300] "GET /index.php/pl/ HTTP/1.1" 200 54852 "https://poznajlitwe.lt/" "Mozilla/5.0 AppleWebKit/537.36 (KHTML, like Gecko) Chrome/123.0.6312.86 Safari/537.36"
45.156.128.174 - - [13/Sep/2026:00:34:24 +0300] "GET /WebInterface/ HTTP/1.1" 404 - "-" "Mozilla/5.0 AppleWebKit/537.36 (KHTML, like Gecko) Chrome/123.0.6312.86 Safari/537.36"
45.156.128.175 - - [13/Sep/2026:00:34:26 +0300] "GET /index.jsp HTTP/1.1" 404 - "-" "Mozilla/5.0 AppleWebKit/537.36 (KHTML, like Gecko) Chrome/123.0.6312.86 Safari/537.36"
66.249.79.1 - - [13/Sep/2026:00:34:27 +0300] "GET /?shopdetail/J51791154377 HTTP/1.1" 301 - "-" "Mozilla/5.0 (Linux; Android 6.0.1; Nexus 5X Build/MMB29P) AppleWebKit/537.36 (KHTML, like Gecko) Chrome/152.0.7977.82 Mobile Safari/537.36 (compatible; Googlebot/2.1; +http://www.google.com/bot.html)"
45.156.128.174 - - [13/Sep/2026:00:34:27 +0300] "GET / HTTP/1.1" 301 - "-" "Mozilla/5.0 AppleWebKit/537.36 (KHTML, like Gecko) Chrome/123.0.6312.86 Safari/537.36"
45.156.128.174 - - [13/Sep/2026:00:34:27 +0300] "GET /index.php/pl/ HTTP/1.1" 200 54852 "https://poznajlitwe.lt/" "Mozilla/5.0 AppleWebKit/537.36 (KHTML, like Gecko) Chrome/123.0.6312.86 Safari/537.36"
45.156.128.172 - - [13/Sep/2026:00:34:28 +0300] "GET /license.txt HTTP/1.1" 404 - "-" "Mozilla/5.0 AppleWebKit/537.36 (KHTML, like Gecko) Chrome/123.0.6312.86 Safari/537.36"
66.249.79.2 - - [13/Sep/2026:00:34:28 +0300] "GET /index.php/pl/?shopdetail/J51791154377 HTTP/1.1" 200 54852 "-" "Mozilla/5.0 (Linux; Android 6.0.1; Nexus 5X Build/MMB29P) AppleWebKit/537.36 (KHTML, like Gecko) Chrome/152.0.7977.82 Mobile Safari/537.36 (compatible; Googlebot/2.1; +http://www.google.com/bot.html)"
45.156.128.172 - - [13/Sep/2026:00:34:30 +0300] "GET /wp-json HTTP/1.1" 404 - "-" "Mozilla/5.0 AppleWebKit/537.36 (KHTML, like Gecko) Chrome/123.0.6312.86 Safari/537.36"
45.156.128.173 - - [13/Sep/2026:00:34:32 +0300] "HEAD /icons/sphere1.png HTTP/1.1" 404 - "-" "Mozilla/5.0 AppleWebKit/537.36 (KHTML, like Gecko) Chrome/123.0.6312.86 Safari/537.36"
45.156.128.175 - - [13/Sep/2026:00:34:32 +0300] "GET /console HTTP/1.1" 404 - "-" "Mozilla/5.0 AppleWebKit/537.36 (KHTML, like Gecko) Chrome/123.0.6312.86 Safari/537.36"
45.156.128.172 - - [13/Sep/2026:00:34:33 +0300] "GET /login HTTP/1.1" 404 - "-" "Mozilla/5.0 AppleWebKit/537.36 (KHTML, like Gecko) Chrome/123.0.6312.86 Safari/537.36"
45.156.128.174 - - [13/Sep/2026:00:34:33 +0300] "GET /favicon-32x32.png HTTP/1.1" 404 - "-" "Mozilla/5.0 AppleWebKit/537.36 (KHTML, like Gecko) Chrome/123.0.6312.86 Safari/537.36"
45.156.128.173 - - [13/Sep/2026:00:34:33 +0300] "GET /solr/ HTTP/1.1" 404 - "-" "Mozilla/5.0 AppleWebKit/537.36 (KHTML, like Gecko) Chrome/123.0.6312.86 Safari/537.36"
45.156.128.173 - - [13/Sep/2026:00:34:35 +0300] "GET /Telerik.Web.UI.WebResource.axd?type=rau HTTP/1.1" 404 - "-" "Mozilla/5.0 AppleWebKit/537.36 (KHTML, like Gecko) Chrome/123.0.6312.86 Safari/537.36"
45.156.128.173 - - [13/Sep/2026:00:34:36 +0300] "GET /cf_scripts/scripts/ajax/ckeditor/ckeditor.js HTTP/1.1" 404 - "-" "Mozilla/5.0 AppleWebKit/537.36 (KHTML, like Gecko) Chrome/123.0.6312.86 Safari/537.36"
45.156.128.173 - - [13/Sep/2026:00:34:36 +0300] "GET /showLogin.cc HTTP/1.1" 404 - "-" "Mozilla/5.0 AppleWebKit/537.36 (KHTML, like Gecko) Chrome/123.0.6312.86 Safari/537.36"
45.156.128.172 - - [13/Sep/2026:00:34:37 +0300] "GET /static/historypage.js HTTP/1.1" 404 - "-" "Mozilla/5.0 AppleWebKit/537.36 (KHTML, like Gecko) Chrome/123.0.6312.86 Safari/537.36"
45.156.128.172 - - [13/Sep/2026:00:34:38 +0300] "GET /administrator/manifests/files/joomla.xml HTTP/1.1" 200 1772 "-" "Mozilla/5.0 AppleWebKit/537.36 (KHTML, like Gecko) Chrome/123.0.6312.86 Safari/537.36"
45.156.128.173 - - [13/Sep/2026:00:34:39 +0300] "GET /administrator/manifests/packages/pkg_jce.xml HTTP/1.1" 200 1689 "-" "Mozilla/5.0 AppleWebKit/537.36 (KHTML, like Gecko) Chrome/123.0.6312.86 Safari/537.36"
45.156.128.173 - - [13/Sep/2026:00:34:39 +0300] "GET /index.php?option=com_jce&task=plugin.display HTTP/1.1" 301 - "-" "Mozilla/5.0 AppleWebKit/537.36 (KHTML, like Gecko) Chrome/123.0.6312.86 Safari/537.36"
45.156.128.173 - - [13/Sep/2026:00:34:40 +0300] "GET /index.php/pl/?option=com_jce&task=plugin.display HTTP/1.1" 500 48030 "https://poznajlitwe.lt/index.php?option=com_jce&task=plugin.display" "Mozilla/5.0 AppleWebKit/537.36 (KHTML, like Gecko) Chrome/123.0.6312.86 Safari/537.36"
45.156.128.173 - - [13/Sep/2026:00:34:41 +0300] "GET /administrator/components/com_sppagebuilder/sppagebuilder.xml HTTP/1.1" 200 3285 "-" "Mozilla/5.0 AppleWebKit/537.36 (KHTML, like Gecko) Chrome/123.0.6312.86 Safari/537.36"
45.156.128.174 - - [13/Sep/2026:00:34:41 +0300] "GET /administrator/components/com_baforms/baforms.xml HTTP/1.1" 404 - "-" "Mozilla/5.0 AppleWebKit/537.36 (KHTML, like Gecko) Chrome/123.0.6312.86 Safari/537.36"
66.249.79.1 - - [13/Sep/2026:00:34:41 +0300] "GET /?shopdetail/Y51812398009 HTTP/1.1" 301 - "-" "Mozilla/5.0 (compatible; Googlebot/2.1; +http://www.google.com/bot.html)"
45.156.128.174 - - [13/Sep/2026:00:34:42 +0300] "GET /administrator/components/com_pagebuilderck/pagebuilderck.xml HTTP/1.1" 404 - "-" "Mozilla/5.0 AppleWebKit/537.36 (KHTML, like Gecko) Chrome/123.0.6312.86 Safari/537.36"
45.156.128.175 - - [13/Sep/2026:00:34:42 +0300] "GET /login.do HTTP/1.1" 404 - "-" "Mozilla/5.0 AppleWebKit/537.36 (KHTML, like Gecko) Chrome/123.0.6312.86 Safari/537.36"
45.156.128.174 - - [13/Sep/2026:00:34:42 +0300] "GET /js/NewWindow_2_all.js HTTP/1.1" 404 - "-" "Mozilla/5.0 AppleWebKit/537.36 (KHTML, like Gecko) Chrome/123.0.6312.86 Safari/537.36"
45.156.128.174 - - [13/Sep/2026:00:34:43 +0300] "GET /owa/ HTTP/1.1" 404 - "-" "Mozilla/5.0 AppleWebKit/537.36 (KHTML, like Gecko) Chrome/123.0.6312.86 Safari/537.36"
45.156.128.175 - - [13/Sep/2026:00:34:43 +0300] "GET /api/session/properties HTTP/1.1" 404 - "-" "Mozilla/5.0 AppleWebKit/537.36 (KHTML, like Gecko) Chrome/123.0.6312.86 Safari/537.36"
66.249.79.1 - - [13/Sep/2026:00:34:43 +0300] "GET /index.php/pl/?shopdetail/Y51812398009 HTTP/1.1" 200 54852 "-" "Mozilla/5.0 (compatible; Googlebot/2.1; +http://www.google.com/bot.html)"
45.156.128.175 - - [13/Sep/2026:00:34:43 +0300] "GET /cgi-bin/authLogin.cgi HTTP/1.1" 404 - "-" "Mozilla/5.0 AppleWebKit/537.36 (KHTML, like Gecko) Chrome/123.0.6312.86 Safari/537.36"
45.156.128.172 - - [13/Sep/2026:00:34:43 +0300] "GET /favicon.ico HTTP/1.1" 404 - "-" "Mozilla/5.0 AppleWebKit/537.36 (KHTML, like Gecko) Chrome/123.0.6312.86 Safari/537.36"
45.156.128.172 - - [13/Sep/2026:00:34:43 +0300] "GET /templates/it_startup/favicon.ico HTTP/1.1" 200 51478 "-" "Mozilla/5.0 AppleWebKit/537.36 (KHTML, like Gecko) Chrome/123.0.6312.86 Safari/537.36"
45.156.128.172 - - [13/Sep/2026:00:34:44 +0300] "GET /sugar_version.json HTTP/1.1" 404 - "-" "Mozilla/5.0 AppleWebKit/537.36 (KHTML, like Gecko) Chrome/123.0.6312.86 Safari/537.36"
45.156.128.174 - - [13/Sep/2026:00:34:44 +0300] "GET /identity HTTP/1.1" 404 - "-" "Mozilla/5.0 AppleWebKit/537.36 (KHTML, like Gecko) Chrome/123.0.6312.86 Safari/537.36"
45.156.128.174 - - [13/Sep/2026:00:34:44 +0300] "GET / HTTP/1.1" 301 - "-" "Mozilla/5.0 AppleWebKit/537.36 (KHTML, like Gecko) Chrome/123.0.6312.86 Safari/537.36"
45.156.128.174 - - [13/Sep/2026:00:34:44 +0300] "GET /index.php/pl/ HTTP/1.1" 200 54852 "https://poznajlitwe.lt/" "Mozilla/5.0 AppleWebKit/537.36 (KHTML, like Gecko) Chrome/123.0.6312.86 Safari/537.36"
66.249.79.2 - - [13/Sep/2026:00:37:15 +0300] "GET /?shopdetail/V51791189140 HTTP/1.1" 301 - "-" "Mozilla/5.0 (Linux; Android 6.0.1; Nexus 5X Build/MMB29P) AppleWebKit/537.36 (KHTML, like Gecko) Chrome/152.0.7977.82 Mobile Safari/537.36 (compatible; Googlebot/2.1; +http://www.google.com/bot.html)"
66.249.79.2 - - [13/Sep/2026:00:37:16 +0300] "GET /index.php/pl/?shopdetail/V51791189140 HTTP/1.1" 200 54852 "-" "Mozilla/5.0 (Linux; Android 6.0.1; Nexus 5X Build/MMB29P) AppleWebKit/537.36 (KHTML, like Gecko) Chrome/152.0.7977.82 Mobile Safari/537.36 (compatible; Googlebot/2.1; +http://www.google.com/bot.html)"
66.249.79.1 - - [13/Sep/2026:00:37:55 +0300] "GET /?shopdetail/R51801539739 HTTP/1.1" 301 - "-" "Mozilla/5.0 (Linux; Android 6.0.1; Nexus 5X Build/MMB29P) AppleWebKit/537.36 (KHTML, like Gecko) Chrome/152.0.7977.82 Mobile Safari/537.36 (compatible; Googlebot/2.1; +http://www.google.com/bot.html)"
66.249.79.1 - - [13/Sep/2026:00:37:57 +0300] "GET /index.php/pl/?shopdetail/R51801539739 HTTP/1.1" 200 54852 "-" "Mozilla/5.0 (Linux; Android 6.0.1; Nexus 5X Build/MMB29P) AppleWebKit/537.36 (KHTML, like Gecko) Chrome/152.0.7977.82 Mobile Safari/537.36 (compatible; Googlebot/2.1; +http://www.google.com/bot.html)"
66.249.79.3 - - [13/Sep/2026:00:41:08 +0300] "GET /?shopdetail/P51812018017 HTTP/1.1" 301 - "-" "Mozilla/5.0 (compatible; Googlebot/2.1; +http://www.google.com/bot.html)"
66.249.79.2 - - [13/Sep/2026:00:41:10 +0300] "GET /index.php/pl/?shopdetail/P51812018017 HTTP/1.1" 200 54852 "-" "Mozilla/5.0 (compatible; Googlebot/2.1; +http://www.google.com/bot.html)"
66.249.79.1 - - [13/Sep/2026:00:41:44 +0300] "GET /?shopdetail/F5177422884 HTTP/1.1" 301 - "-" "Mozilla/5.0 (compatible; Googlebot/2.1; +http://www.google.com/bot.html)"
66.249.79.1 - - [13/Sep/2026:00:41:45 +0300] "GET /index.php/pl/?shopdetail/F5177422884 HTTP/1.1" 200 54852 "-" "Mozilla/5.0 (compatible; Googlebot/2.1; +http://www.google.com/bot.html)"
66.249.79.2 - - [13/Sep/2026:00:42:55 +0300] "GET /?ID=99137.html HTTP/1.1" 301 - "-" "Mozilla/5.0 (Linux; Android 6.0.1; Nexus 5X Build/MMB29P) AppleWebKit/537.36 (KHTML, like Gecko) Chrome/152.0.7977.82 Mobile Safari/537.36 (compatible; Googlebot/2.1; +http://www.google.com/bot.html)"
66.249.79.2 - - [13/Sep/2026:00:43:22 +0300] "GET /index.php/pl/?ID=99137.html HTTP/1.1" 200 54852 "-" "Mozilla/5.0 (Linux; Android 6.0.1; Nexus 5X Build/MMB29P) AppleWebKit/537.36 (KHTML, like Gecko) Chrome/152.0.7977.82 Mobile Safari/537.36 (compatible; Googlebot/2.1; +http://www.google.com/bot.html)"
66.249.79.2 - - [13/Sep/2026:00:44:51 +0300] "GET /templates/it_startup/custom/css-compiled/startup-joomla_16.css HTTP/1.1" 200 89055 "https://poznajlitwe.lt/index.php/pl/?ID=99137.html" "Mozilla/5.0 (Linux; Android 6.0.1; Nexus 5X Build/MMB29P) AppleWebKit/537.36 (KHTML, like Gecko) Chrome/152.0.7977.82 Mobile Safari/537.36 (compatible; Googlebot/2.1; +http://www.google.com/bot.html)"
66.249.79.2 - - [13/Sep/2026:00:48:08 +0300] "GET /?ID=84018.html HTTP/1.1" 301 - "-" "Mozilla/5.0 (compatible; Googlebot/2.1; +http://www.google.com/bot.html)"
66.249.79.2 - - [13/Sep/2026:00:48:09 +0300] "GET /index.php/pl/?ID=84018.html HTTP/1.1" 200 54852 "-" "Mozilla/5.0 (compatible; Googlebot/2.1; +http://www.google.com/bot.html)"
52.167.144.54 - - [13/Sep/2026:00:50:30 +0300] "GET /robots.txt HTTP/2.0" 200 836 "-" "Mozilla/5.0 AppleWebKit/537.36 (KHTML, like Gecko; compatible; bingbot/2.0; +http://www.bing.com/bingbot.htm) Chrome/116.0.1938.76 Safari/537.36"
94.26.106.73 - - [13/Sep/2026:00:50:52 +0300] "GET / HTTP/1.1" 301 - "-" "Mozilla/5.0 (Macintosh; Intel Mac OS X 10_15_7) AppleWebKit/537.36"
94.26.106.73 - - [13/Sep/2026:00:50:52 +0300] "GET /index.php/pl/ HTTP/1.1" 200 54950 "https://poznajlitwe.testams.vhost.lt" "Mozilla/5.0 (Macintosh; Intel Mac OS X 10_15_7) AppleWebKit/537.36"
94.26.106.73 - - [13/Sep/2026:00:50:52 +0300] "GET /readme.html HTTP/1.1" 404 - "-" "Mozilla/5.0 (Windows NT 10.0; Win64; x64) AppleWebKit/537.36"
94.26.106.73 - - [13/Sep/2026:00:50:52 +0300] "GET /?rest_route=/ HTTP/1.1" 301 - "-" "Mozilla/5.0 (X11; Linux x86_64) AppleWebKit/537.36"
94.26.106.73 - - [13/Sep/2026:00:50:52 +0300] "GET /index.php/pl/?rest_route=/ HTTP/1.1" 200 54950 "https://poznajlitwe.testams.vhost.lt/?rest_route=/" "Mozilla/5.0 (X11; Linux x86_64) AppleWebKit/537.36"
34.94.32.166 - - [13/Sep/2026:00:50:56 +0300] "GET / HTTP/2.0" 301 - "-" "Mozilla/5.0 (Linux; Android 10; K) AppleWebKit/537.36 (KHTML, like Gecko) Chrome/151.0.0.0 Mobile Safari/537.36"
34.94.32.166 - - [13/Sep/2026:00:50:56 +0300] "GET /index.php/pl/ HTTP/2.0" 200 54852 "https://poznajlitwe.lt" "Mozilla/5.0 (Linux; Android 10; K) AppleWebKit/537.36 (KHTML, like Gecko) Chrome/151.0.0.0 Mobile Safari/537.36"
34.94.32.166 - - [13/Sep/2026:00:50:59 +0300] "GET /@fs/.env?import&?raw?? HTTP/2.0" 404 - "-" "CCBot/2.0 (https://commoncrawl.org/faq/)"
34.94.32.166 - - [13/Sep/2026:00:50:59 +0300] "GET /@fs/.env?raw&url?? HTTP/2.0" 404 - "-" "Mozilla/5.0 (Macintosh; Intel Mac OS X 10_15_7) AppleWebKit/605.1.15 (KHTML, like Gecko) Version/17.0 Safari/605.1.15 (Applebot/0.1)"
34.94.32.166 - - [13/Sep/2026:00:50:59 +0300] "GET /z9x8c7v6b5-debug-trigger-poznajlitwe.lt HTTP/2.0" 404 - "-" "Mozilla/5.0 (compatible; DeepSeekBot/1.0; +https://www.deepseek.com/)"
34.94.32.166 - - [13/Sep/2026:00:50:59 +0300] "GET /wp-json HTTP/2.0" 404 - "-" "Mozilla/5.0 AppleWebKit/537.36 (KHTML, like Gecko; compatible; PerplexityBot/1.0; +https://perplexity.ai/perplexitybot)"
34.94.32.166 - - [13/Sep/2026:00:50:59 +0300] "GET /rclone.conf HTTP/2.0" 404 - "-" "Mozilla/5.0 (compatible; Meta-ExternalAgent/1.0; +https://developers.facebook.com/docs/sharing/webmasters/crawler)"
34.94.32.166 - - [13/Sep/2026:00:50:59 +0300] "GET /__vite_rsc_findSourceMapURL?filename=file:///proc/self/environ&environmentName=rsc HTTP/2.0" 404 - "-" "DuckAssistBot/1.1 (https://duckduckgo.com/duckassistbot)"
34.94.32.166 - - [13/Sep/2026:00:51:00 +0300] "GET /templates/it_startup/js/pagePreloader.js HTTP/2.0" 200 7068 "-" "Mozilla/5.0 (Linux; Android 10; K) AppleWebKit/537.36 (KHTML, like Gecko) Chrome/151.0.0.0 Mobile Safari/537.36"
34.94.32.166 - - [13/Sep/2026:00:51:00 +0300] "GET /assets/manifest.json HTTP/2.0" 404 - "-" "Mozilla/5.0 (Linux; Android 10; K) AppleWebKit/537.36 (KHTML, like Gecko) Chrome/151.0.0.0 Mobile Safari/537.36"
34.94.32.166 - - [13/Sep/2026:00:51:00 +0300] "GET /media/n2/ss3/dist/smartslider-frontend.min.js?1530628338 HTTP/2.0" 200 182193 "-" "Mozilla/5.0 (Linux; Android 10; K) AppleWebKit/537.36 (KHTML, like Gecko) Chrome/151.0.0.0 Mobile Safari/537.36"
34.94.32.166 - - [13/Sep/2026:00:51:00 +0300] "GET /media/jui/js/jquery-noconflict.js?d0efd80bfea2835e175d45e9291370bf HTTP/2.0" 200 21 "-" "Mozilla/5.0 (Linux; Android 10; K) AppleWebKit/537.36 (KHTML, like Gecko) Chrome/151.0.0.0 Mobile Safari/537.36"
34.94.32.166 - - [13/Sep/2026:00:51:00 +0300] "GET /media/jui/js/jquery-migrate.min.js?d0efd80bfea2835e175d45e9291370bf HTTP/2.0" 200 10056 "-" "Mozilla/5.0 (Linux; Android 10; K) AppleWebKit/537.36 (KHTML, like Gecko) Chrome/151.0.0.0 Mobile Safari/537.36"
34.94.32.166 - - [13/Sep/2026:00:51:00 +0300] "GET /media/jui/js/jquery.min.js?d0efd80bfea2835e175d45e9291370bf HTTP/2.0" 200 97646 "-" "Mozilla/5.0 (Linux; Android 10; K) AppleWebKit/537.36 (KHTML, like Gecko) Chrome/151.0.0.0 Mobile Safari/537.36"
34.94.32.166 - - [13/Sep/2026:00:51:00 +0300] "GET /components/com_sppagebuilder/assets/js/sppagebuilder.js HTTP/2.0" 200 36099 "-" "Mozilla/5.0 (Linux; Android 10; K) AppleWebKit/537.36 (KHTML, like Gecko) Chrome/151.0.0.0 Mobile Safari/537.36"
34.94.32.166 - - [13/Sep/2026:00:51:00 +0300] "GET /components/com_sppagebuilder/assets/js/jquery.magnific-popup.min.js HTTP/2.0" 200 19991 "-" "Mozilla/5.0 (Linux; Android 10; K) AppleWebKit/537.36 (KHTML, like Gecko) Chrome/151.0.0.0 Mobile Safari/537.36"
34.94.32.166 - - [13/Sep/2026:00:51:00 +0300] "GET /media/system/js/core.js?d0efd80bfea2835e175d45e9291370bf HTTP/2.0" 200 8735 "-" "Mozilla/5.0 (Linux; Android 10; K) AppleWebKit/537.36 (KHTML, like Gecko) Chrome/151.0.0.0 Mobile Safari/537.36"
34.94.32.166 - - [13/Sep/2026:00:51:00 +0300] "GET /media/gantry5/assets/js/matchmedia.polyfill.js HTTP/2.0" 200 1243 "-" "Mozilla/5.0 (Linux; Android 10; K) AppleWebKit/537.36 (KHTML, like Gecko) Chrome/151.0.0.0 Mobile Safari/537.36"
34.94.32.166 - - [13/Sep/2026:00:51:00 +0300] "GET /media/jui/js/bootstrap.min.js?d0efd80bfea2835e175d45e9291370bf HTTP/2.0" 200 29126 "-" "Mozilla/5.0 (Linux; Android 10; K) AppleWebKit/537.36 (KHTML, like Gecko) Chrome/151.0.0.0 Mobile Safari/537.36"
34.94.32.166 - - [13/Sep/2026:00:51:00 +0300] "GET /media/gantry5/assets/js/html5shiv-printshiv.min.js HTTP/2.0" 200 4135 "-" "Mozilla/5.0 (Linux; Android 10; K) AppleWebKit/537.36 (KHTML, like Gecko) Chrome/151.0.0.0 Mobile Safari/537.36"
34.94.32.166 - - [13/Sep/2026:00:51:00 +0300] "GET /components/com_sppagebuilder/assets/js/jquery.parallax-1.1.3.js HTTP/2.0" 200 892 "-" "Mozilla/5.0 (Linux; Android 10; K) AppleWebKit/537.36 (KHTML, like Gecko) Chrome/151.0.0.0 Mobile Safari/537.36"
34.94.32.166 - - [13/Sep/2026:00:51:01 +0300] "POST /graphql HTTP/2.0" 404 - "https://poznajlitwe.lt" "Mozilla/5.0 (Linux; Android 10; K) AppleWebKit/537.36 (KHTML, like Gecko) Chrome/151.0.0.0 Mobile Safari/537.36"
34.94.32.166 - - [13/Sep/2026:00:51:01 +0300] "GET /media/n2/n/dist/n2-j.min.js?1530628338 HTTP/2.0" 200 99988 "-" "Mozilla/5.0 (Linux; Android 10; K) AppleWebKit/537.36 (KHTML, like Gecko) Chrome/151.0.0.0 Mobile Safari/537.36"
66.249.79.3 - - [13/Sep/2026:00:51:00 +0300] "GET /?ID=41651.html HTTP/1.1" 301 - "-" "Mozilla/5.0 (Linux; Android 6.0.1; Nexus 5X Build/MMB29P) AppleWebKit/537.36 (KHTML, like Gecko) Chrome/152.0.7977.82 Mobile Safari/537.36 (compatible; Googlebot/2.1; +http://www.google.com/bot.html)"
34.94.32.166 - - [13/Sep/2026:00:51:01 +0300] "GET /media/n2/n/dist/nextend-frontend.min.js?1530628338 HTTP/2.0" 200 63879 "-" "Mozilla/5.0 (Linux; Android 10; K) AppleWebKit/537.36 (KHTML, like Gecko) Chrome/151.0.0.0 Mobile Safari/537.36"
34.94.32.166 - - [13/Sep/2026:00:51:01 +0300] "GET /media/n2/n/dist/nextend-gsap.min.js?1530628338 HTTP/2.0" 200 97289 "-" "Mozilla/5.0 (Linux; Android 10; K) AppleWebKit/537.36 (KHTML, like Gecko) Chrome/151.0.0.0 Mobile Safari/537.36"
34.94.32.166 - - [13/Sep/2026:00:51:01 +0300] "GET /media/gantry5/assets/js/main.js HTTP/2.0" 200 58794 "-" "Mozilla/5.0 (Linux; Android 10; K) AppleWebKit/537.36 (KHTML, like Gecko) Chrome/151.0.0.0 Mobile Safari/537.36"
34.94.32.166 - - [13/Sep/2026:00:51:01 +0300] "GET /templates/it_startup/uikit/js/uikit.min.js HTTP/2.0" 200 121825 "-" "Mozilla/5.0 (Linux; Android 10; K) AppleWebKit/537.36 (KHTML, like Gecko) Chrome/151.0.0.0 Mobile Safari/537.36"
34.94.32.166 - - [13/Sep/2026:00:51:01 +0300] "GET /templates/it_startup/js/scrollReveal.min.js HTTP/2.0" 200 8564 "-" "Mozilla/5.0 (Linux; Android 10; K) AppleWebKit/537.36 (KHTML, like Gecko) Chrome/151.0.0.0 Mobile Safari/537.36"
34.94.32.166 - - [13/Sep/2026:00:51:01 +0300] "GET /templates/it_startup/js/template.js HTTP/2.0" 200 403 "-" "Mozilla/5.0 (Linux; Android 10; K) AppleWebKit/537.36 (KHTML, like Gecko) Chrome/151.0.0.0 Mobile Safari/537.36"
34.94.32.166 - - [13/Sep/2026:00:51:01 +0300] "POST /api/graphql HTTP/2.0" 404 - "https://poznajlitwe.lt" "Mozilla/5.0 (Linux; Android 10; K) AppleWebKit/537.36 (KHTML, like Gecko) Chrome/151.0.0.0 Mobile Safari/537.36"
34.94.32.166 - - [13/Sep/2026:00:51:02 +0300] "POST /v1/graphql HTTP/2.0" 404 - "https://poznajlitwe.lt" "Mozilla/5.0 (Linux; Android 10; K) AppleWebKit/537.36 (KHTML, like Gecko) Chrome/151.0.0.0 Mobile Safari/537.36"
34.94.32.166 - - [13/Sep/2026:00:51:02 +0300] "GET /@fs/var/run/secrets/kubernetes.io/serviceaccount/ca.crt?raw?? HTTP/2.0" 404 - "-" "Mozilla/5.0 AppleWebKit/537.36 (KHTML, like Gecko; compatible; ClaudeBot/1.0; +claudebot@anthropic.com)"
34.94.32.166 - - [13/Sep/2026:00:51:02 +0300] "GET /@fs/proc/self/cmdline?raw?? HTTP/2.0" 404 - "-" "Mozilla/5.0 (compatible; cohere-ai; +https://cohere.com/crawler)"
34.94.32.166 - - [13/Sep/2026:00:51:02 +0300] "GET /__vite_rsc_findSourceMapURL?filename=file:///root/.ssh/id_rsa&environmentName=rsc HTTP/2.0" 404 - "-" "Mozilla/5.0 AppleWebKit/537.36 (KHTML, like Gecko; compatible; OAI-SearchBot/1.0; +https://openai.com/searchbot)"
34.94.32.166 - - [13/Sep/2026:00:51:02 +0300] "GET /@fs/var/run/secrets/kubernetes.io/serviceaccount/token?raw?? HTTP/2.0" 404 - "-" "Mozilla/5.0 (compatible; Bravebot/1.0; +https://brave.com/search/)"
34.94.32.166 - - [13/Sep/2026:00:51:02 +0300] "GET /manifest.json HTTP/2.0" 404 - "-" "Mozilla/5.0 (Linux; Android 10; K) AppleWebKit/537.36 (KHTML, like Gecko) Chrome/151.0.0.0 Mobile Safari/537.36"
34.94.32.166 - - [13/Sep/2026:00:51:02 +0300] "GET /asset-manifest.json HTTP/2.0" 404 - "-" "Mozilla/5.0 (Linux; Android 10; K) AppleWebKit/537.36 (KHTML, like Gecko) Chrome/151.0.0.0 Mobile Safari/537.36"
34.94.32.166 - - [13/Sep/2026:00:51:02 +0300] "GET /webpack-stats.json HTTP/2.0" 404 - "-" "Mozilla/5.0 (Linux; Android 10; K) AppleWebKit/537.36 (KHTML, like Gecko) Chrome/151.0.0.0 Mobile Safari/537.36"
34.94.32.166 - - [13/Sep/2026:00:51:02 +0300] "GET /static/manifest.json HTTP/2.0" 404 - "-" "Mozilla/5.0 (Linux; Android 10; K) AppleWebKit/537.36 (KHTML, like Gecko) Chrome/151.0.0.0 Mobile Safari/537.36"
34.94.32.166 - - [13/Sep/2026:00:51:02 +0300] "GET /dist/manifest.json HTTP/2.0" 404 - "-" "Mozilla/5.0 (Linux; Android 10; K) AppleWebKit/537.36 (KHTML, like Gecko) Chrome/151.0.0.0 Mobile Safari/537.36"
34.94.32.166 - - [13/Sep/2026:00:51:02 +0300] "GET /__vite_rsc_findSourceMapURL?filename=file:///app/.env&environmentName=rsc HTTP/2.0" 404 - "-" "Mozilla/5.0 (compatible; xAI-Grok/1.0; +https://x.ai/)"
34.94.32.166 - - [13/Sep/2026:00:51:02 +0300] "GET /__vite_rsc_findSourceMapURL?filename=file:///root/.aws/credentials&environmentName=rsc HTTP/2.0" 404 - "-" "Mozilla/5.0 (compatible; Meta-ExternalAgent/1.0; +https://developers.facebook.com/docs/sharing/webmasters/crawler)"
34.94.32.166 - - [13/Sep/2026:00:51:02 +0300] "GET /public/plugins/grafana-clock-panel/../../../../../../../../proc/self/environ HTTP/2.0" 404 - "-" "Mozilla/5.0 (compatible; GrokBot/1.0; +https://x.ai/)"
34.94.32.166 - - [13/Sep/2026:00:51:02 +0300] "GET /public/plugins/text/../../../../../../../../proc/self/environ HTTP/2.0" 404 - "-" "Mozilla/5.0 (compatible; YiBot/1.0; +https://01.ai/)"
34.94.32.166 - - [13/Sep/2026:00:51:02 +0300] "GET /api/w/default/jobs_u/get_log_file/../../../../proc/self/environ HTTP/2.0" 404 - "-" "Mozilla/5.0 (compatible; Hunyuan/1.0; +https://hunyuan.tencent.com/)"
34.94.32.166 - - [13/Sep/2026:00:51:02 +0300] "GET /api/w/admins/jobs_u/get_log_file/../../../../proc/self/environ HTTP/2.0" 404 - "-" "Mozilla/5.0 (compatible; Baiduspider/2.0; +http://www.baidu.com/search/spider.html)"
34.94.32.166 - - [13/Sep/2026:00:51:03 +0300] "GET /api/uploads/%2e%2e%2f%2e%2e%2f%2e%2e%2f.env HTTP/2.0" 404 - "-" "Mozilla/5.0 (compatible; Amazonbot/0.1; +https://developer.amazon.com/support/amazonbot)"
34.94.32.166 - - [13/Sep/2026:00:51:03 +0300] "GET /%2E%2E/%2E%2E/%2E%2E/%2E%2E/proc/self/environ HTTP/2.0" 404 - "-" "Mozilla/5.0 (compatible; DeepSeekBot/1.0; +https://www.deepseek.com/)"
34.94.32.166 - - [13/Sep/2026:00:51:03 +0300] "GET /api/uploads/%2e%2e%2f%2e%2e%2f.env HTTP/2.0" 404 - "-" "Mozilla/5.0 (compatible; Kimi-SearchBot/1.0; +https://kimi.ai/)"
34.94.32.166 - - [13/Sep/2026:00:51:03 +0300] "GET /%2E%2E/%2E%2E/%2E%2E/%2E%2E/.env HTTP/2.0" 404 - "-" "Mozilla/5.0 AppleWebKit/537.36 (KHTML, like Gecko; compatible; OAI-SearchBot/1.0; +https://openai.com/searchbot)"
34.94.32.166 - - [13/Sep/2026:00:51:03 +0300] "GET /api/w/starter/jobs_u/get_log_file/../../../../proc/self/environ HTTP/2.0" 404 - "-" "Mozilla/5.0 (compatible; MistralAI-User/1.0; +https://mistral.ai/)"
34.94.32.166 - - [13/Sep/2026:00:51:03 +0300] "GET /api/uploads/%2e%2e%2f%2e%2e%2f%2e%2e%2fproc/self/environ HTTP/2.0" 404 - "-" "Mozilla/5.0 AppleWebKit/537.36 (KHTML, like Gecko; compatible; Perplexity-User/1.0; +https://perplexity.ai/perplexitybot)"
34.94.32.166 - - [13/Sep/2026:00:51:03 +0300] "GET /var/run/secrets/kubernetes.io/serviceaccount/token HTTP/2.0" 404 - "-" "Mozilla/5.0 (compatible; xAI-Grok/1.0; +https://x.ai/)"
34.94.32.166 - - [13/Sep/2026:00:51:03 +0300] "GET /appearance/../../proc/self/environ HTTP/2.0" 404 - "-" "Mozilla/5.0 (compatible; PanguBot/1.0; +https://www.huaweicloud.com/)"
34.94.32.166 - - [13/Sep/2026:00:51:03 +0300] "GET /public/plugins/alertlist/../../../../../../../../proc/self/cmdline HTTP/2.0" 404 - "-" "Mozilla/5.0 (compatible; Kimi-SearchBot/1.0; +https://kimi.ai/)"
34.94.32.166 - - [13/Sep/2026:00:51:03 +0300] "GET /proc/self/cmdline HTTP/2.0" 404 - "-" "Mozilla/5.0 (compatible; Qwenbot/1.0; +https://qwen.alibaba.com/)"
34.94.32.166 - - [13/Sep/2026:00:51:03 +0300] "GET /appearance/../../.env HTTP/2.0" 404 - "-" "CCBot/2.0 (https://commoncrawl.org/faq/)"
34.94.32.166 - - [13/Sep/2026:00:51:04 +0300] "GET /.env?import&url&inline HTTP/2.0" 404 - "-" "Mozilla/5.0 (compatible; ChatGLM-Spider/1.0; +https://zhipuai.cn/)"
34.94.32.166 - - [13/Sep/2026:00:51:04 +0300] "GET /.env.local?raw HTTP/2.0" 404 - "-" "Mozilla/5.0 AppleWebKit/537.36 (KHTML, like Gecko; compatible; Claude-SearchBot/1.0; +claudebot@anthropic.com)"
34.94.32.166 - - [13/Sep/2026:00:51:04 +0300] "GET /proc/self/cgroup HTTP/2.0" 404 - "-" "Mozilla/5.0 (compatible; Hunyuan/1.0; +https://hunyuan.tencent.com/)"
34.94.32.166 - - [13/Sep/2026:00:51:04 +0300] "GET /.env?import&raw HTTP/2.0" 404 - "-" "Mozilla/5.0 (compatible; Hunyuan/1.0; +https://hunyuan.tencent.com/)"
34.94.32.166 - - [13/Sep/2026:00:51:04 +0300] "GET /.dockerenv HTTP/2.0" 404 - "-" "Mozilla/5.0 (compatible; YouBot/1.0; +https://you.com/bot)"
34.94.32.166 - - [13/Sep/2026:00:51:04 +0300] "GET /.env?raw HTTP/2.0" 404 - "-" "Mozilla/5.0 (compatible; KimiBot/1.0; +https://kimi.ai/)"
34.94.32.166 - - [13/Sep/2026:00:51:05 +0300] "GET /@fs/app/.env?import&raw?? HTTP/2.0" 404 - "-" "Mozilla/5.0 (compatible; Google-Extended; +http://www.google.com/bot.html)"
34.94.32.166 - - [13/Sep/2026:00:51:05 +0300] "GET /.env.production?import&raw HTTP/2.0" 404 - "-" "Mozilla/5.0 (compatible; GrokBot/1.0; +https://x.ai/)"
34.94.32.166 - - [13/Sep/2026:00:51:05 +0300] "GET /.env.production?raw HTTP/2.0" 404 - "-" "Mozilla/5.0 (compatible; PanguBot/1.0; +https://www.huaweicloud.com/)"
34.94.32.166 - - [13/Sep/2026:00:51:05 +0300] "GET /.env.development?import&raw HTTP/2.0" 404 - "-" "Mozilla/5.0 AppleWebKit/537.36 (KHTML, like Gecko; compatible; OAI-SearchBot/1.0; +https://openai.com/searchbot)"
34.94.32.166 - - [13/Sep/2026:00:51:05 +0300] "GET /.env.local?import&raw HTTP/2.0" 404 - "-" "Mozilla/5.0 (compatible; Meta-ExternalAgent/1.0; +https://developers.facebook.com/docs/sharing/webmasters/crawler)"
34.94.32.166 - - [13/Sep/2026:00:51:05 +0300] "GET /.env.development?raw HTTP/2.0" 404 - "-" "Mozilla/5.0 (compatible; Hunyuan/1.0; +https://hunyuan.tencent.com/)"
34.94.32.166 - - [13/Sep/2026:00:51:05 +0300] "GET /index.php/pl/ HTTP/2.0" 200 54852 "-" "Mozilla/5.0 (Linux; Android 10; K) AppleWebKit/537.36 (KHTML, like Gecko) Chrome/151.0.0.0 Mobile Safari/537.36"
34.94.32.166 - - [13/Sep/2026:00:51:06 +0300] "GET /@fs/src/.env?import&raw?? HTTP/2.0" 404 - "-" "Mozilla/5.0 (compatible; cohere-ai; +https://cohere.com/crawler)"
34.94.32.166 - - [13/Sep/2026:00:51:06 +0300] "GET /@fs/app/.env.production?import&raw?? HTTP/2.0" 404 - "-" "Mozilla/5.0 (compatible; Googlebot/2.1; +http://www.google.com/bot.html)"
34.94.32.166 - - [13/Sep/2026:00:51:06 +0300] "GET /.env.local?.svg?.wasm?init HTTP/2.0" 404 - "-" "Mozilla/5.0 AppleWebKit/537.36 (KHTML, like Gecko; compatible; Claude-User/1.0; +claudebot@anthropic.com)"
34.94.32.166 - - [13/Sep/2026:00:51:06 +0300] "GET /@fs/app/.env.local?import&raw?? HTTP/2.0" 404 - "-" "Mozilla/5.0 AppleWebKit/537.36 (KHTML, like Gecko; compatible; PerplexityBot/1.0; +https://perplexity.ai/perplexitybot)"
34.94.32.166 - - [13/Sep/2026:00:51:06 +0300] "GET /@fs/../.env?import&raw?? HTTP/2.0" 404 - "-" "Mozilla/5.0 (Macintosh; Intel Mac OS X 10_15_7) AppleWebKit/605.1.15 (KHTML, like Gecko) Version/17.0 Safari/605.1.15 (Applebot/0.1)"
34.94.32.166 - - [13/Sep/2026:00:51:06 +0300] "GET /.env?.svg?.wasm?init HTTP/2.0" 404 - "-" "Mozilla/5.0 (compatible; Meta-ExternalAgent/1.0; +https://developers.facebook.com/docs/sharing/webmasters/crawler)"
34.94.32.166 - - [13/Sep/2026:00:51:06 +0300] "GET /pages/index.astro.mjs.map HTTP/2.0" 404 - "-" "Mozilla/5.0 (compatible; Bravebot/1.0; +https://brave.com/search/)"
34.94.32.166 - - [13/Sep/2026:00:51:07 +0300] "GET /js../.env HTTP/2.0" 404 - "-" "Mozilla/5.0 (compatible; YouBot/1.0; +https://you.com/bot)"
34.94.32.166 - - [13/Sep/2026:00:51:07 +0300] "GET /public../.env HTTP/2.0" 404 - "-" "Mozilla/5.0 (compatible; Amazonbot/0.1; +https://developer.amazon.com/support/amazonbot)"
34.94.32.166 - - [13/Sep/2026:00:51:07 +0300] "GET /css../.env HTTP/2.0" 404 - "-" "Mozilla/5.0 (compatible; xAI-Grok/1.0; +https://x.ai/)"
34.94.32.166 - - [13/Sep/2026:00:51:07 +0300] "GET /dist../.env HTTP/2.0" 404 - "-" "Mozilla/5.0 (compatible; Qwenbot/1.0; +https://qwen.alibaba.com/)"
34.94.32.166 - - [13/Sep/2026:00:51:07 +0300] "GET /build../.env HTTP/2.0" 404 - "-" "Mozilla/5.0 (compatible; ChatGLM-Spider/1.0; +https://zhipuai.cn/)"
34.94.32.166 - - [13/Sep/2026:00:51:06 +0300] "GET /index.php/pl/wycieczki HTTP/2.0" 200 58184 "-" "Mozilla/5.0 (Linux; Android 10; K) AppleWebKit/537.36 (KHTML, like Gecko) Chrome/151.0.0.0 Mobile Safari/537.36"
34.94.32.166 - - [13/Sep/2026:00:51:07 +0300] "GET /pages/api/index.astro.mjs.map HTTP/2.0" 404 - "-" "Mozilla/5.0 (compatible; Amazonbot/0.1; +https://developer.amazon.com/support/amazonbot)"
34.94.32.166 - - [13/Sep/2026:00:51:07 +0300] "GET /_astro/pages/index.astro.mjs.map HTTP/2.0" 404 - "-" "Mozilla/5.0 (compatible; Qwenbot/1.0; +https://qwen.alibaba.com/)"
34.94.32.166 - - [13/Sep/2026:00:51:07 +0300] "GET /userfiles?path=../../.env HTTP/2.0" 404 - "-" "Mozilla/5.0 (compatible; ChatGLM-Spider/1.0; +https://zhipuai.cn/)"
34.94.32.166 - - [13/Sep/2026:00:51:07 +0300] "GET /userfiles?path=../../../.env HTTP/2.0" 404 - "-" "Mozilla/5.0 (compatible; cohere-ai; +https://cohere.com/crawler)"
34.94.32.166 - - [13/Sep/2026:00:51:07 +0300] "GET /userfiles?path=../../../../.env HTTP/2.0" 404 - "-" "Mozilla/5.0 (compatible; Kimi-SearchBot/1.0; +https://kimi.ai/)"
34.94.32.166 - - [13/Sep/2026:00:51:07 +0300] "GET /userfiles?path=../../../../proc/self/environ HTTP/2.0" 404 - "-" "Mozilla/5.0 (compatible; YiBot/1.0; +https://01.ai/)"
34.94.32.166 - - [13/Sep/2026:00:51:07 +0300] "GET /wp-config.php.old HTTP/2.0" 404 - "-" "Mozilla/5.0 (compatible; Baiduspider/2.0; +http://www.baidu.com/search/spider.html)"
34.94.32.166 - - [13/Sep/2026:00:51:08 +0300] "GET /storage/logs/laravel.log HTTP/2.0" 404 - "-" "Mozilla/5.0 (compatible; MistralAI-User/1.0; +https://mistral.ai/)"
34.94.32.166 - - [13/Sep/2026:00:51:08 +0300] "GET /wp-config.php.bak HTTP/2.0" 404 - "-" "Mozilla/5.0 AppleWebKit/537.36 (KHTML, like Gecko; compatible; ChatGPT-User/1.0; +https://openai.com/bot)"
34.94.32.166 - - [13/Sep/2026:00:51:08 +0300] "GET /userfiles/x?path=../../../../proc/self/environ HTTP/2.0" 404 - "-" "Mozilla/5.0 (compatible; Google-Extended; +http://www.google.com/bot.html)"
34.94.32.166 - - [13/Sep/2026:00:51:08 +0300] "GET /userfiles/x?path=../../.env HTTP/2.0" 404 - "-" "Mozilla/5.0 (compatible; Baiduspider/2.0; +http://www.baidu.com/search/spider.html)"
34.94.32.166 - - [13/Sep/2026:00:51:08 +0300] "GET /laravel/.env HTTP/2.0" 404 - "-" "Mozilla/5.0 (compatible; Qwenbot/1.0; +https://qwen.alibaba.com/)"
34.94.32.166 - - [13/Sep/2026:00:51:08 +0300] "GET /configuration.php.bak HTTP/2.0" 404 - "-" "Mozilla/5.0 (compatible; cohere-ai; +https://cohere.com/crawler)"
34.94.32.166 - - [13/Sep/2026:00:51:08 +0300] "GET /config/.env.php HTTP/2.0" 404 - "-" "Mozilla/5.0 (compatible; cohere-ai; +https://cohere.com/crawler)"
34.94.32.166 - - [13/Sep/2026:00:51:08 +0300] "GET /auth.json HTTP/2.0" 404 - "-" "Mozilla/5.0 (compatible; Qwenbot/1.0; +https://qwen.alibaba.com/)"
34.94.32.166 - - [13/Sep/2026:00:51:08 +0300] "GET /.env.php.bak HTTP/2.0" 404 - "-" "Mozilla/5.0 AppleWebKit/537.36 (KHTML, like Gecko; compatible; ChatGPT-User/1.0; +https://openai.com/bot)"
34.94.32.166 - - [13/Sep/2026:00:51:08 +0300] "GET /core/.env HTTP/2.0" 404 - "-" "Mozilla/5.0 AppleWebKit/537.36 (KHTML, like Gecko; compatible; Perplexity-User/1.0; +https://perplexity.ai/perplexitybot)"
34.94.32.166 - - [13/Sep/2026:00:51:08 +0300] "GET /config.php.bak HTTP/2.0" 404 - "-" "Mozilla/5.0 (compatible; MoonshotBot/1.0; +https://kimi.ai/)"
34.94.32.166 - - [13/Sep/2026:00:51:08 +0300] "GET /index.php/pl/przewodnicy HTTP/2.0" 200 53346 "-" "Mozilla/5.0 (Linux; Android 10; K) AppleWebKit/537.36 (KHTML, like Gecko) Chrome/151.0.0.0 Mobile Safari/537.36"
34.94.32.166 - - [13/Sep/2026:00:51:10 +0300] "GET /.env.dev HTTP/2.0" 404 - "-" "Mozilla/5.0 (compatible; YiBot/1.0; +https://01.ai/)"
34.94.32.166 - - [13/Sep/2026:00:51:10 +0300] "GET /web/.env HTTP/2.0" 404 - "-" "Mozilla/5.0 AppleWebKit/537.36 (KHTML, like Gecko; compatible; PerplexityBot/1.0; +https://perplexity.ai/perplexitybot)"
34.94.32.166 - - [13/Sep/2026:00:51:10 +0300] "GET /.env.swp HTTP/2.0" 404 - "-" "Mozilla/5.0 (compatible; MistralAI-User/1.0; +https://mistral.ai/)"
34.94.32.166 - - [13/Sep/2026:00:51:10 +0300] "GET /public/.env HTTP/2.0" 404 - "-" "Mozilla/5.0 (compatible; MoonshotBot/1.0; +https://kimi.ai/)"
34.94.32.166 - - [13/Sep/2026:00:51:10 +0300] "GET /storage/.env HTTP/2.0" 404 - "-" "CCBot/2.0 (https://commoncrawl.org/faq/)"
34.94.32.166 - - [13/Sep/2026:00:51:10 +0300] "GET /wp/.env HTTP/2.0" 404 - "-" "Mozilla/5.0 (compatible; PanguBot/1.0; +https://www.huaweicloud.com/)"
