34.94.32.166 - - [13/Sep/2026:00:51:10 +0300] "GET /media/sliders/js/script.min.js?v=7.2.8 HTTP/2.0" 200 9939 "-" "Mozilla/5.0 (Linux; Android 10; K) AppleWebKit/537.36 (KHTML, like Gecko) Chrome/151.0.0.0 Mobile Safari/537.36"
34.94.32.166 - - [13/Sep/2026:00:51:10 +0300] "GET /values.yaml HTTP/2.0" 404 - "-" "Mozilla/5.0 (compatible; Kimi-SearchBot/1.0; +https://kimi.ai/)"
34.94.32.166 - - [13/Sep/2026:00:51:10 +0300] "GET /wp-config.php~ HTTP/2.0" 404 - "-" "Mozilla/5.0 (compatible; xAI-Grok/1.0; +https://x.ai/)"
34.94.32.166 - - [13/Sep/2026:00:51:10 +0300] "GET /__/firebase/init.json HTTP/2.0" 404 - "-" "Mozilla/5.0 AppleWebKit/537.36 (KHTML, like Gecko; compatible; OAI-SearchBot/1.0; +https://openai.com/searchbot)"
34.94.32.166 - - [13/Sep/2026:00:51:10 +0300] "GET /wp-config.old HTTP/2.0" 404 - "-" "Mozilla/5.0 (compatible; MistralAI-User/1.0; +https://mistral.ai/)"
34.94.32.166 - - [13/Sep/2026:00:51:10 +0300] "GET /config.json HTTP/2.0" 404 - "-" "Mozilla/5.0 (compatible; Hunyuan/1.0; +https://hunyuan.tencent.com/)"
34.94.32.166 - - [13/Sep/2026:00:51:10 +0300] "GET /wp-config.php.swp HTTP/2.0" 404 - "-" "Mozilla/5.0 (compatible; ChatGLM-Spider/1.0; +https://zhipuai.cn/)"
34.94.32.166 - - [13/Sep/2026:00:51:10 +0300] "GET /account/login HTTP/2.0" 404 - "-" "Mozilla/5.0 (Linux; Android 10; K) AppleWebKit/537.36 (KHTML, like Gecko) Chrome/151.0.0.0 Mobile Safari/537.36"
34.94.32.166 - - [13/Sep/2026:00:51:11 +0300] "GET /login HTTP/2.0" 404 - "-" "Mozilla/5.0 (Linux; Android 10; K) AppleWebKit/537.36 (KHTML, like Gecko) Chrome/151.0.0.0 Mobile Safari/537.36"
34.94.32.166 - - [13/Sep/2026:00:51:11 +0300] "GET /sign-in HTTP/2.0" 404 - "-" "Mozilla/5.0 (Linux; Android 10; K) AppleWebKit/537.36 (KHTML, like Gecko) Chrome/151.0.0.0 Mobile Safari/537.36"
34.94.32.166 - - [13/Sep/2026:00:51:11 +0300] "GET /signin HTTP/2.0" 404 - "-" "Mozilla/5.0 (Linux; Android 10; K) AppleWebKit/537.36 (KHTML, like Gecko) Chrome/151.0.0.0 Mobile Safari/537.36"
34.94.32.166 - - [13/Sep/2026:00:51:11 +0300] "GET /auth HTTP/2.0" 404 - "-" "Mozilla/5.0 (Linux; Android 10; K) AppleWebKit/537.36 (KHTML, like Gecko) Chrome/151.0.0.0 Mobile Safari/537.36"
34.94.32.166 - - [13/Sep/2026:00:51:11 +0300] "GET /auth/login HTTP/2.0" 404 - "-" "Mozilla/5.0 (Linux; Android 10; K) AppleWebKit/537.36 (KHTML, like Gecko) Chrome/151.0.0.0 Mobile Safari/537.36"
34.94.32.166 - - [13/Sep/2026:00:51:11 +0300] "GET /admin HTTP/2.0" 404 - "-" "Mozilla/5.0 (Linux; Android 10; K) AppleWebKit/537.36 (KHTML, like Gecko) Chrome/151.0.0.0 Mobile Safari/537.36"
34.94.32.166 - - [13/Sep/2026:00:51:11 +0300] "GET /forgot-password HTTP/2.0" 404 - "-" "Mozilla/5.0 (Linux; Android 10; K) AppleWebKit/537.36 (KHTML, like Gecko) Chrome/151.0.0.0 Mobile Safari/537.36"
34.94.32.166 - - [13/Sep/2026:00:51:11 +0300] "GET /register HTTP/2.0" 404 - "-" "Mozilla/5.0 (Linux; Android 10; K) AppleWebKit/537.36 (KHTML, like Gecko) Chrome/151.0.0.0 Mobile Safari/537.36"
34.94.32.166 - - [13/Sep/2026:00:51:11 +0300] "GET /signup HTTP/2.0" 404 - "-" "Mozilla/5.0 (Linux; Android 10; K) AppleWebKit/537.36 (KHTML, like Gecko) Chrome/151.0.0.0 Mobile Safari/537.36"
34.94.32.166 - - [13/Sep/2026:00:51:11 +0300] "GET /reset-password HTTP/2.0" 404 - "-" "Mozilla/5.0 (Linux; Android 10; K) AppleWebKit/537.36 (KHTML, like Gecko) Chrome/151.0.0.0 Mobile Safari/537.36"
34.94.32.166 - - [13/Sep/2026:00:51:11 +0300] "GET /user/login HTTP/2.0" 404 - "-" "Mozilla/5.0 (Linux; Android 10; K) AppleWebKit/537.36 (KHTML, like Gecko) Chrome/151.0.0.0 Mobile Safari/537.36"
34.94.32.166 - - [13/Sep/2026:00:51:11 +0300] "GET /users/login HTTP/2.0" 404 - "-" "Mozilla/5.0 (Linux; Android 10; K) AppleWebKit/537.36 (KHTML, like Gecko) Chrome/151.0.0.0 Mobile Safari/537.36"
34.94.32.166 - - [13/Sep/2026:00:51:11 +0300] "GET /admin/login HTTP/2.0" 404 - "-" "Mozilla/5.0 (Linux; Android 10; K) AppleWebKit/537.36 (KHTML, like Gecko) Chrome/151.0.0.0 Mobile Safari/537.36"
34.94.32.166 - - [13/Sep/2026:00:51:11 +0300] "GET /dashboard HTTP/2.0" 404 - "-" "Mozilla/5.0 (Linux; Android 10; K) AppleWebKit/537.36 (KHTML, like Gecko) Chrome/151.0.0.0 Mobile Safari/537.36"
34.94.32.166 - - [13/Sep/2026:00:51:11 +0300] "GET /console HTTP/2.0" 404 - "-" "Mozilla/5.0 (Linux; Android 10; K) AppleWebKit/537.36 (KHTML, like Gecko) Chrome/151.0.0.0 Mobile Safari/537.36"
34.94.32.166 - - [13/Sep/2026:00:51:11 +0300] "GET /backoffice HTTP/2.0" 404 - "-" "Mozilla/5.0 (Linux; Android 10; K) AppleWebKit/537.36 (KHTML, like Gecko) Chrome/151.0.0.0 Mobile Safari/537.36"
34.94.32.166 - - [13/Sep/2026:00:51:11 +0300] "GET /panel HTTP/2.0" 404 - "-" "Mozilla/5.0 (Linux; Android 10; K) AppleWebKit/537.36 (KHTML, like Gecko) Chrome/151.0.0.0 Mobile Safari/537.36"
34.94.32.166 - - [13/Sep/2026:00:51:12 +0300] "GET /account HTTP/2.0" 404 - "-" "Mozilla/5.0 (Linux; Android 10; K) AppleWebKit/537.36 (KHTML, like Gecko) Chrome/151.0.0.0 Mobile Safari/537.36"
34.94.32.166 - - [13/Sep/2026:00:51:12 +0300] "GET /app HTTP/2.0" 404 - "-" "Mozilla/5.0 (Linux; Android 10; K) AppleWebKit/537.36 (KHTML, like Gecko) Chrome/151.0.0.0 Mobile Safari/537.36"
34.94.32.166 - - [13/Sep/2026:00:51:12 +0300] "GET /secure HTTP/2.0" 404 - "-" "Mozilla/5.0 (Linux; Android 10; K) AppleWebKit/537.36 (KHTML, like Gecko) Chrome/151.0.0.0 Mobile Safari/537.36"
34.94.32.166 - - [13/Sep/2026:00:51:12 +0300] "POST /api HTTP/2.0" 404 - "-" "Mozilla/5.0 AppleWebKit/537.36 (KHTML, like Gecko; compatible; Claude-User/1.0; +claudebot@anthropic.com)"
34.94.32.166 - - [13/Sep/2026:00:51:12 +0300] "GET /portal HTTP/2.0" 404 - "-" "Mozilla/5.0 (Linux; Android 10; K) AppleWebKit/537.36 (KHTML, like Gecko) Chrome/151.0.0.0 Mobile Safari/537.36"
34.94.32.166 - - [13/Sep/2026:00:51:15 +0300] "POST /api/v1/validate/code HTTP/2.0" 404 - "-" "Mozilla/5.0 (Macintosh; Intel Mac OS X 10_15_7) AppleWebKit/605.1.15 (KHTML, like Gecko) Version/17.0 Safari/605.1.15 (Applebot/0.1)"
34.94.32.166 - - [13/Sep/2026:00:51:15 +0300] "POST /api/fs/exec HTTP/2.0" 404 - "-" "Mozilla/5.0 (compatible; Kimi-SearchBot/1.0; +https://kimi.ai/)"
34.94.32.166 - - [13/Sep/2026:00:51:18 +0300] "DELETE /api/inngest HTTP/2.0" 404 - "-" "Mozilla/5.0 AppleWebKit/537.36 (KHTML, like Gecko; compatible; ClaudeBot/1.0; +claudebot@anthropic.com)"
34.94.32.166 - - [13/Sep/2026:00:51:19 +0300] "DELETE /inngest HTTP/2.0" 404 - "-" "Mozilla/5.0 (compatible; PanguBot/1.0; +https://www.huaweicloud.com/)"
34.94.32.166 - - [13/Sep/2026:00:51:20 +0300] "POST /read-document HTTP/2.0" 404 - "-" "Mozilla/5.0 (compatible; Hunyuan/1.0; +https://hunyuan.tencent.com/)"
34.94.32.166 - - [13/Sep/2026:00:51:20 +0300] "POST /read-document HTTP/2.0" 404 - "-" "Mozilla/5.0 (compatible; Qwenbot/1.0; +https://qwen.alibaba.com/)"
34.94.32.166 - - [13/Sep/2026:00:51:21 +0300] "POST /mcp HTTP/2.0" 404 - "-" "Mozilla/5.0 (compatible; MoonshotBot/1.0; +https://kimi.ai/)"
66.249.79.1 - - [13/Sep/2026:00:51:26 +0300] "GET /index.php/pl/?ID=41651.html HTTP/1.1" 200 54852 "-" "Mozilla/5.0 (Linux; Android 6.0.1; Nexus 5X Build/MMB29P) AppleWebKit/537.36 (KHTML, like Gecko) Chrome/152.0.7977.82 Mobile Safari/537.36 (compatible; Googlebot/2.1; +http://www.google.com/bot.html)"
207.46.13.14 - - [13/Sep/2026:00:51:39 +0300] "GET /?ID=50743.html HTTP/2.0" 301 - "-" "Mozilla/5.0 AppleWebKit/537.36 (KHTML, like Gecko; compatible; bingbot/2.0; +http://www.bing.com/bingbot.htm) Chrome/116.0.1938.76 Safari/537.36"
66.249.79.2 - - [13/Sep/2026:00:52:16 +0300] "GET /?ID=08933.html HTTP/1.1" 301 - "-" "Mozilla/5.0 (Linux; Android 6.0.1; Nexus 5X Build/MMB29P) AppleWebKit/537.36 (KHTML, like Gecko) Chrome/152.0.7977.82 Mobile Safari/537.36 (compatible; Googlebot/2.1; +http://www.google.com/bot.html)"
66.249.79.2 - - [13/Sep/2026:00:52:17 +0300] "GET /?ID=41684.html HTTP/1.1" 301 - "-" "Mozilla/5.0 (Linux; Android 6.0.1; Nexus 5X Build/MMB29P) AppleWebKit/537.36 (KHTML, like Gecko) Chrome/152.0.7977.82 Mobile Safari/537.36 (compatible; Googlebot/2.1; +http://www.google.com/bot.html)"
66.249.79.1 - - [13/Sep/2026:00:52:42 +0300] "GET /index.php/pl/?ID=08933.html HTTP/1.1" 200 54852 "-" "Mozilla/5.0 (Linux; Android 6.0.1; Nexus 5X Build/MMB29P) AppleWebKit/537.36 (KHTML, like Gecko) Chrome/152.0.7977.82 Mobile Safari/537.36 (compatible; Googlebot/2.1; +http://www.google.com/bot.html)"
66.249.79.1 - - [13/Sep/2026:00:52:43 +0300] "GET /?shopdetail/J51822584144 HTTP/1.1" 301 - "-" "Mozilla/5.0 (Linux; Android 6.0.1; Nexus 5X Build/MMB29P) AppleWebKit/537.36 (KHTML, like Gecko) Chrome/152.0.7977.82 Mobile Safari/537.36 (compatible; Googlebot/2.1; +http://www.google.com/bot.html)"
66.249.79.1 - - [13/Sep/2026:00:52:43 +0300] "GET /index.php/pl/?ID=41684.html HTTP/1.1" 200 54852 "-" "Mozilla/5.0 (Linux; Android 6.0.1; Nexus 5X Build/MMB29P) AppleWebKit/537.36 (KHTML, like Gecko) Chrome/152.0.7977.82 Mobile Safari/537.36 (compatible; Googlebot/2.1; +http://www.google.com/bot.html)"
66.249.79.1 - - [13/Sep/2026:00:52:43 +0300] "GET /index.php/pl/?shopdetail/J51822584144 HTTP/1.1" 200 54852 "-" "Mozilla/5.0 (Linux; Android 6.0.1; Nexus 5X Build/MMB29P) AppleWebKit/537.36 (KHTML, like Gecko) Chrome/152.0.7977.82 Mobile Safari/537.36 (compatible; Googlebot/2.1; +http://www.google.com/bot.html)"
66.249.79.1 - - [13/Sep/2026:00:53:19 +0300] "GET /?ID=45952.html HTTP/1.1" 301 - "-" "Mozilla/5.0 (compatible; Googlebot/2.1; +http://www.google.com/bot.html)"
66.249.79.2 - - [13/Sep/2026:00:53:19 +0300] "GET /index.php/pl/?ID=45952.html HTTP/1.1" 200 54852 "-" "Mozilla/5.0 (compatible; Googlebot/2.1; +http://www.google.com/bot.html)"
66.249.79.2 - - [13/Sep/2026:00:53:44 +0300] "GET /?shopdetail/R5177125352 HTTP/1.1" 301 - "-" "Mozilla/5.0 (Linux; Android 6.0.1; Nexus 5X Build/MMB29P) AppleWebKit/537.36 (KHTML, like Gecko) Chrome/152.0.7977.82 Mobile Safari/537.36 (compatible; Googlebot/2.1; +http://www.google.com/bot.html)"
66.249.79.1 - - [13/Sep/2026:00:53:44 +0300] "GET /index.php/pl/?shopdetail/R5177125352 HTTP/1.1" 200 54852 "-" "Mozilla/5.0 (Linux; Android 6.0.1; Nexus 5X Build/MMB29P) AppleWebKit/537.36 (KHTML, like Gecko) Chrome/152.0.7977.82 Mobile Safari/537.36 (compatible; Googlebot/2.1; +http://www.google.com/bot.html)"
66.249.79.3 - - [13/Sep/2026:00:54:32 +0300] "GET /?shopdetail/I5177416125 HTTP/1.1" 301 - "-" "Mozilla/5.0 (compatible; Googlebot/2.1; +http://www.google.com/bot.html)"
66.249.79.2 - - [13/Sep/2026:00:54:34 +0300] "GET /index.php/pl/?shopdetail/I5177416125 HTTP/1.1" 200 54852 "-" "Mozilla/5.0 (compatible; Googlebot/2.1; +http://www.google.com/bot.html)"
66.249.79.1 - - [13/Sep/2026:00:55:23 +0300] "GET /?ID=72049.html HTTP/1.1" 301 - "-" "Mozilla/5.0 (compatible; Googlebot/2.1; +http://www.google.com/bot.html)"
66.249.79.1 - - [13/Sep/2026:00:55:24 +0300] "GET /?ID=72049.html HTTP/1.1" 301 - "-" "Mozilla/5.0 (Linux; Android 6.0.1; Nexus 5X Build/MMB29P) AppleWebKit/537.36 (KHTML, like Gecko) Chrome/152.0.7977.82 Mobile Safari/537.36 (compatible; Googlebot/2.1; +http://www.google.com/bot.html)"
66.249.79.3 - - [13/Sep/2026:00:55:25 +0300] "GET /index.php/pl/?ID=72049.html HTTP/1.1" 200 54852 "-" "Mozilla/5.0 (compatible; Googlebot/2.1; +http://www.google.com/bot.html)"
66.249.79.3 - - [13/Sep/2026:00:55:25 +0300] "GET /index.php/pl/?ID=72049.html HTTP/1.1" 200 54852 "-" "Mozilla/5.0 (Linux; Android 6.0.1; Nexus 5X Build/MMB29P) AppleWebKit/537.36 (KHTML, like Gecko) Chrome/152.0.7977.82 Mobile Safari/537.36 (compatible; Googlebot/2.1; +http://www.google.com/bot.html)"
66.249.79.1 - - [13/Sep/2026:01:00:10 +0300] "GET /?ID=19121.html HTTP/1.1" 301 - "-" "Mozilla/5.0 (Linux; Android 6.0.1; Nexus 5X Build/MMB29P) AppleWebKit/537.36 (KHTML, like Gecko) Chrome/152.0.7977.82 Mobile Safari/537.36 (compatible; Googlebot/2.1; +http://www.google.com/bot.html)"
66.249.79.3 - - [13/Sep/2026:01:00:12 +0300] "GET /index.php/pl/?ID=19121.html HTTP/1.1" 200 54852 "-" "Mozilla/5.0 (Linux; Android 6.0.1; Nexus 5X Build/MMB29P) AppleWebKit/537.36 (KHTML, like Gecko) Chrome/152.0.7977.82 Mobile Safari/537.36 (compatible; Googlebot/2.1; +http://www.google.com/bot.html)"
66.249.79.2 - - [13/Sep/2026:01:01:13 +0300] "GET /?ID=42183.html HTTP/1.1" 301 - "-" "Mozilla/5.0 (Linux; Android 6.0.1; Nexus 5X Build/MMB29P) AppleWebKit/537.36 (KHTML, like Gecko) Chrome/152.0.7977.82 Mobile Safari/537.36 (compatible; Googlebot/2.1; +http://www.google.com/bot.html)"
66.249.79.1 - - [13/Sep/2026:01:01:42 +0300] "GET /index.php/pl/?ID=42183.html HTTP/1.1" 200 54852 "-" "Mozilla/5.0 (Linux; Android 6.0.1; Nexus 5X Build/MMB29P) AppleWebKit/537.36 (KHTML, like Gecko) Chrome/152.0.7977.82 Mobile Safari/537.36 (compatible; Googlebot/2.1; +http://www.google.com/bot.html)"
66.249.79.3 - - [13/Sep/2026:01:03:24 +0300] "GET /?shopdetail/E51791213334 HTTP/1.1" 301 - "-" "Mozilla/5.0 (Linux; Android 6.0.1; Nexus 5X Build/MMB29P) AppleWebKit/537.36 (KHTML, like Gecko) Chrome/152.0.7977.82 Mobile Safari/537.36 (compatible; Googlebot/2.1; +http://www.google.com/bot.html)"
66.249.79.2 - - [13/Sep/2026:01:03:25 +0300] "GET /index.php/pl/?shopdetail/E51791213334 HTTP/1.1" 200 54852 "-" "Mozilla/5.0 (Linux; Android 6.0.1; Nexus 5X Build/MMB29P) AppleWebKit/537.36 (KHTML, like Gecko) Chrome/152.0.7977.82 Mobile Safari/537.36 (compatible; Googlebot/2.1; +http://www.google.com/bot.html)"
66.249.79.2 - - [13/Sep/2026:01:05:06 +0300] "GET /?shopdetail/K51801763197 HTTP/1.1" 301 - "-" "Mozilla/5.0 (Linux; Android 6.0.1; Nexus 5X Build/MMB29P) AppleWebKit/537.36 (KHTML, like Gecko) Chrome/152.0.7977.82 Mobile Safari/537.36 (compatible; Googlebot/2.1; +http://www.google.com/bot.html)"
66.249.79.2 - - [13/Sep/2026:01:05:07 +0300] "GET /index.php/pl/?shopdetail/K51801763197 HTTP/1.1" 200 54852 "-" "Mozilla/5.0 (Linux; Android 6.0.1; Nexus 5X Build/MMB29P) AppleWebKit/537.36 (KHTML, like Gecko) Chrome/152.0.7977.82 Mobile Safari/537.36 (compatible; Googlebot/2.1; +http://www.google.com/bot.html)"
66.249.79.1 - - [13/Sep/2026:01:05:20 +0300] "GET /?shopdetail/Y51791457873 HTTP/1.1" 301 - "-" "Mozilla/5.0 (compatible; Googlebot/2.1; +http://www.google.com/bot.html)"
66.249.79.2 - - [13/Sep/2026:01:05:22 +0300] "GET /index.php/pl/?shopdetail/Y51791457873 HTTP/1.1" 200 54852 "-" "Mozilla/5.0 (compatible; Googlebot/2.1; +http://www.google.com/bot.html)"
66.249.79.1 - - [13/Sep/2026:01:09:27 +0300] "GET /?shopdetail/C51812038585 HTTP/1.1" 301 - "-" "Mozilla/5.0 (Linux; Android 6.0.1; Nexus 5X Build/MMB29P) AppleWebKit/537.36 (KHTML, like Gecko) Chrome/152.0.7977.82 Mobile Safari/537.36 (compatible; Googlebot/2.1; +http://www.google.com/bot.html)"
66.249.79.3 - - [13/Sep/2026:01:09:28 +0300] "GET /index.php/pl/?shopdetail/C51812038585 HTTP/1.1" 200 54852 "-" "Mozilla/5.0 (Linux; Android 6.0.1; Nexus 5X Build/MMB29P) AppleWebKit/537.36 (KHTML, like Gecko) Chrome/152.0.7977.82 Mobile Safari/537.36 (compatible; Googlebot/2.1; +http://www.google.com/bot.html)"
216.73.217.162 - - [13/Sep/2026:01:10:01 +0300] "GET /robots.txt HTTP/2.0" 200 836 "-" "Mozilla/5.0 AppleWebKit/537.36 (KHTML, like Gecko; compatible; ClaudeBot/1.0; +claudebot@anthropic.com)"
216.73.217.162 - - [13/Sep/2026:01:10:01 +0300] "GET /sitemap.xml HTTP/2.0" 200 2536 "-" "Mozilla/5.0 AppleWebKit/537.36 (KHTML, like Gecko; compatible; ClaudeBot/1.0; +claudebot@anthropic.com)"
66.249.79.3 - - [13/Sep/2026:01:10:21 +0300] "GET /?ID=31007.html HTTP/1.1" 301 - "-" "Mozilla/5.0 (compatible; Googlebot/2.1; +http://www.google.com/bot.html)"
66.249.79.2 - - [13/Sep/2026:01:10:23 +0300] "GET /index.php/pl/?ID=31007.html HTTP/1.1" 200 54852 "-" "Mozilla/5.0 (compatible; Googlebot/2.1; +http://www.google.com/bot.html)"
66.249.79.2 - - [13/Sep/2026:01:11:11 +0300] "GET /?shopdetail/Z51801751463 HTTP/1.1" 301 - "-" "Mozilla/5.0 (Linux; Android 6.0.1; Nexus 5X Build/MMB29P) AppleWebKit/537.36 (KHTML, like Gecko) Chrome/152.0.7977.82 Mobile Safari/537.36 (compatible; Googlebot/2.1; +http://www.google.com/bot.html)"
66.249.79.2 - - [13/Sep/2026:01:11:12 +0300] "GET /index.php/pl/?shopdetail/Z51801751463 HTTP/1.1" 200 54852 "-" "Mozilla/5.0 (Linux; Android 6.0.1; Nexus 5X Build/MMB29P) AppleWebKit/537.36 (KHTML, like Gecko) Chrome/152.0.7977.82 Mobile Safari/537.36 (compatible; Googlebot/2.1; +http://www.google.com/bot.html)"
66.249.79.3 - - [13/Sep/2026:01:12:51 +0300] "GET /?ID=44530.html HTTP/1.1" 301 - "-" "Mozilla/5.0 (Linux; Android 6.0.1; Nexus 5X Build/MMB29P) AppleWebKit/537.36 (KHTML, like Gecko) Chrome/152.0.7977.82 Mobile Safari/537.36 (compatible; Googlebot/2.1; +http://www.google.com/bot.html)"
66.249.79.3 - - [13/Sep/2026:01:12:54 +0300] "GET /index.php/pl/?ID=44530.html HTTP/1.1" 200 54852 "-" "Mozilla/5.0 (Linux; Android 6.0.1; Nexus 5X Build/MMB29P) AppleWebKit/537.36 (KHTML, like Gecko) Chrome/152.0.7977.82 Mobile Safari/537.36 (compatible; Googlebot/2.1; +http://www.google.com/bot.html)"
66.249.79.2 - - [13/Sep/2026:01:15:27 +0300] "GET /?shopdetail/E5178927736 HTTP/1.1" 301 - "-" "Mozilla/5.0 (Linux; Android 6.0.1; Nexus 5X Build/MMB29P) AppleWebKit/537.36 (KHTML, like Gecko) Chrome/152.0.7977.82 Mobile Safari/537.36 (compatible; Googlebot/2.1; +http://www.google.com/bot.html)"
66.249.79.2 - - [13/Sep/2026:01:15:53 +0300] "GET /index.php/pl/?shopdetail/E5178927736 HTTP/1.1" 200 54852 "-" "Mozilla/5.0 (Linux; Android 6.0.1; Nexus 5X Build/MMB29P) AppleWebKit/537.36 (KHTML, like Gecko) Chrome/152.0.7977.82 Mobile Safari/537.36 (compatible; Googlebot/2.1; +http://www.google.com/bot.html)"
66.249.79.1 - - [13/Sep/2026:01:16:06 +0300] "GET /?shopdetail/A51801965590 HTTP/1.1" 301 - "-" "Mozilla/5.0 (Linux; Android 6.0.1; Nexus 5X Build/MMB29P) AppleWebKit/537.36 (KHTML, like Gecko) Chrome/152.0.7977.82 Mobile Safari/537.36 (compatible; Googlebot/2.1; +http://www.google.com/bot.html)"
66.249.79.2 - - [13/Sep/2026:01:16:08 +0300] "GET /index.php/pl/?shopdetail/A51801965590 HTTP/1.1" 200 54852 "-" "Mozilla/5.0 (Linux; Android 6.0.1; Nexus 5X Build/MMB29P) AppleWebKit/537.36 (KHTML, like Gecko) Chrome/152.0.7977.82 Mobile Safari/537.36 (compatible; Googlebot/2.1; +http://www.google.com/bot.html)"
66.249.79.2 - - [13/Sep/2026:01:17:15 +0300] "GET /?ID=34600.html HTTP/1.1" 301 - "-" "Mozilla/5.0 (Linux; Android 6.0.1; Nexus 5X Build/MMB29P) AppleWebKit/537.36 (KHTML, like Gecko) Chrome/152.0.7977.82 Mobile Safari/537.36 (compatible; Googlebot/2.1; +http://www.google.com/bot.html)"
66.249.79.2 - - [13/Sep/2026:01:17:16 +0300] "GET /index.php/pl/?ID=34600.html HTTP/1.1" 200 54852 "-" "Mozilla/5.0 (Linux; Android 6.0.1; Nexus 5X Build/MMB29P) AppleWebKit/537.36 (KHTML, like Gecko) Chrome/152.0.7977.82 Mobile Safari/537.36 (compatible; Googlebot/2.1; +http://www.google.com/bot.html)"
40.77.167.43 - - [13/Sep/2026:01:18:19 +0300] "GET /?ID=75190.html HTTP/2.0" 301 - "-" "Mozilla/5.0 AppleWebKit/537.36 (KHTML, like Gecko; compatible; bingbot/2.0; +http://www.bing.com/bingbot.htm) Chrome/116.0.1938.76 Safari/537.36"
66.249.79.2 - - [13/Sep/2026:01:20:22 +0300] "GET /?ID=13631.html HTTP/1.1" 301 - "-" "Mozilla/5.0 (Linux; Android 6.0.1; Nexus 5X Build/MMB29P) AppleWebKit/537.36 (KHTML, like Gecko) Chrome/152.0.7977.82 Mobile Safari/537.36 (compatible; Googlebot/2.1; +http://www.google.com/bot.html)"
66.249.79.2 - - [13/Sep/2026:01:20:22 +0300] "GET /index.php/pl/?ID=13631.html HTTP/1.1" 200 54852 "-" "Mozilla/5.0 (Linux; Android 6.0.1; Nexus 5X Build/MMB29P) AppleWebKit/537.36 (KHTML, like Gecko) Chrome/152.0.7977.82 Mobile Safari/537.36 (compatible; Googlebot/2.1; +http://www.google.com/bot.html)"
66.249.79.1 - - [13/Sep/2026:01:20:50 +0300] "GET /?ID=95311.html HTTP/1.1" 301 - "-" "Mozilla/5.0 (Linux; Android 6.0.1; Nexus 5X Build/MMB29P) AppleWebKit/537.36 (KHTML, like Gecko) Chrome/152.0.7977.82 Mobile Safari/537.36 (compatible; Googlebot/2.1; +http://www.google.com/bot.html)"
66.249.79.3 - - [13/Sep/2026:01:21:11 +0300] "GET /index.php/pl/?ID=95311.html HTTP/1.1" 200 54852 "-" "Mozilla/5.0 (Linux; Android 6.0.1; Nexus 5X Build/MMB29P) AppleWebKit/537.36 (KHTML, like Gecko) Chrome/152.0.7977.82 Mobile Safari/537.36 (compatible; Googlebot/2.1; +http://www.google.com/bot.html)"
66.249.79.3 - - [13/Sep/2026:01:24:43 +0300] "GET /?shopdetail/C51791134255 HTTP/1.1" 301 - "-" "Mozilla/5.0 (compatible; Googlebot/2.1; +http://www.google.com/bot.html)"
66.249.79.3 - - [13/Sep/2026:01:24:43 +0300] "GET /index.php/pl/?shopdetail/C51791134255 HTTP/1.1" 200 54852 "-" "Mozilla/5.0 (compatible; Googlebot/2.1; +http://www.google.com/bot.html)"
66.249.79.1 - - [13/Sep/2026:01:26:46 +0300] "GET /?ID=37312.html HTTP/1.1" 301 - "-" "Mozilla/5.0 (Linux; Android 6.0.1; Nexus 5X Build/MMB29P) AppleWebKit/537.36 (KHTML, like Gecko) Chrome/152.0.7977.82 Mobile Safari/537.36 (compatible; Googlebot/2.1; +http://www.google.com/bot.html)"
66.249.79.1 - - [13/Sep/2026:01:27:15 +0300] "GET /index.php/pl/?ID=37312.html HTTP/1.1" 200 54852 "-" "Mozilla/5.0 (Linux; Android 6.0.1; Nexus 5X Build/MMB29P) AppleWebKit/537.36 (KHTML, like Gecko) Chrome/152.0.7977.82 Mobile Safari/537.36 (compatible; Googlebot/2.1; +http://www.google.com/bot.html)"
66.249.79.1 - - [13/Sep/2026:01:27:44 +0300] "GET /?shopdetail/Z51801557094 HTTP/1.1" 301 - "-" "Mozilla/5.0 (compatible; Googlebot/2.1; +http://www.google.com/bot.html)"
66.249.79.2 - - [13/Sep/2026:01:27:46 +0300] "GET /index.php/pl/?shopdetail/Z51801557094 HTTP/1.1" 200 54852 "-" "Mozilla/5.0 (compatible; Googlebot/2.1; +http://www.google.com/bot.html)"
66.249.79.2 - - [13/Sep/2026:01:28:31 +0300] "GET /?ID=61537.html HTTP/1.1" 301 - "-" "Mozilla/5.0 (compatible; Googlebot/2.1; +http://www.google.com/bot.html)"
66.249.79.2 - - [13/Sep/2026:01:28:33 +0300] "GET /index.php/pl/?ID=61537.html HTTP/1.1" 200 54852 "-" "Mozilla/5.0 (compatible; Googlebot/2.1; +http://www.google.com/bot.html)"
66.249.79.1 - - [13/Sep/2026:01:30:19 +0300] "GET /?ID=71548.html HTTP/1.1" 301 - "-" "Mozilla/5.0 (compatible; Googlebot/2.1; +http://www.google.com/bot.html)"
66.249.79.2 - - [13/Sep/2026:01:30:21 +0300] "GET /index.php/pl/?ID=71548.html HTTP/1.1" 200 54852 "-" "Mozilla/5.0 (compatible; Googlebot/2.1; +http://www.google.com/bot.html)"
66.249.79.2 - - [13/Sep/2026:01:33:56 +0300] "GET /?ID=13943.html HTTP/1.1" 301 - "-" "Mozilla/5.0 (Linux; Android 6.0.1; Nexus 5X Build/MMB29P) AppleWebKit/537.36 (KHTML, like Gecko) Chrome/152.0.7977.82 Mobile Safari/537.36 (compatible; Googlebot/2.1; +http://www.google.com/bot.html)"
66.249.79.2 - - [13/Sep/2026:01:34:24 +0300] "GET /index.php/pl/?ID=13943.html HTTP/1.1" 200 54852 "-" "Mozilla/5.0 (Linux; Android 6.0.1; Nexus 5X Build/MMB29P) AppleWebKit/537.36 (KHTML, like Gecko) Chrome/152.0.7977.82 Mobile Safari/537.36 (compatible; Googlebot/2.1; +http://www.google.com/bot.html)"
66.249.79.3 - - [13/Sep/2026:01:38:05 +0300] "GET /?ID=57267.html HTTP/1.1" 301 - "-" "Mozilla/5.0 (compatible; Googlebot/2.1; +http://www.google.com/bot.html)"
66.249.79.3 - - [13/Sep/2026:01:38:06 +0300] "GET /index.php/pl/?ID=57267.html HTTP/1.1" 200 54852 "-" "Mozilla/5.0 (compatible; Googlebot/2.1; +http://www.google.com/bot.html)"
66.249.79.1 - - [13/Sep/2026:01:38:30 +0300] "GET /?shopdetail/B5178934154 HTTP/1.1" 301 - "-" "Mozilla/5.0 (compatible; Googlebot/2.1; +http://www.google.com/bot.html)"
66.249.79.1 - - [13/Sep/2026:01:38:32 +0300] "GET /index.php/pl/?shopdetail/B5178934154 HTTP/1.1" 200 54852 "-" "Mozilla/5.0 (compatible; Googlebot/2.1; +http://www.google.com/bot.html)"
66.249.79.2 - - [13/Sep/2026:01:39:00 +0300] "GET /?shopdetail/B51812285362 HTTP/1.1" 301 - "-" "Mozilla/5.0 (compatible; Googlebot/2.1; +http://www.google.com/bot.html)"
66.249.79.3 - - [13/Sep/2026:01:39:01 +0300] "GET /index.php/pl/?shopdetail/B51812285362 HTTP/1.1" 200 54852 "-" "Mozilla/5.0 (compatible; Googlebot/2.1; +http://www.google.com/bot.html)"
66.249.79.2 - - [13/Sep/2026:01:39:06 +0300] "GET /?shopdetail/O51812237888 HTTP/1.1" 301 - "-" "Mozilla/5.0 (Linux; Android 6.0.1; Nexus 5X Build/MMB29P) AppleWebKit/537.36 (KHTML, like Gecko) Chrome/152.0.7977.82 Mobile Safari/537.36 (compatible; Googlebot/2.1; +http://www.google.com/bot.html)"
66.249.79.2 - - [13/Sep/2026:01:39:07 +0300] "GET /index.php/pl/?shopdetail/O51812237888 HTTP/1.1" 200 54852 "-" "Mozilla/5.0 (Linux; Android 6.0.1; Nexus 5X Build/MMB29P) AppleWebKit/537.36 (KHTML, like Gecko) Chrome/152.0.7977.82 Mobile Safari/537.36 (compatible; Googlebot/2.1; +http://www.google.com/bot.html)"
66.249.79.1 - - [13/Sep/2026:01:39:48 +0300] "GET /?shopdetail/D517765454 HTTP/1.1" 301 - "-" "Mozilla/5.0 (compatible; Googlebot/2.1; +http://www.google.com/bot.html)"
66.249.79.1 - - [13/Sep/2026:01:39:49 +0300] "GET /index.php/pl/?shopdetail/D517765454 HTTP/1.1" 200 54852 "-" "Mozilla/5.0 (compatible; Googlebot/2.1; +http://www.google.com/bot.html)"
66.249.79.2 - - [13/Sep/2026:01:41:47 +0300] "GET /?shopdetail/H51801996699 HTTP/1.1" 301 - "-" "Mozilla/5.0 (Linux; Android 6.0.1; Nexus 5X Build/MMB29P) AppleWebKit/537.36 (KHTML, like Gecko) Chrome/152.0.7977.82 Mobile Safari/537.36 (compatible; Googlebot/2.1; +http://www.google.com/bot.html)"
66.249.79.1 - - [13/Sep/2026:01:41:48 +0300] "GET /index.php/pl/?shopdetail/H51801996699 HTTP/1.1" 200 54852 "-" "Mozilla/5.0 (Linux; Android 6.0.1; Nexus 5X Build/MMB29P) AppleWebKit/537.36 (KHTML, like Gecko) Chrome/152.0.7977.82 Mobile Safari/537.36 (compatible; Googlebot/2.1; +http://www.google.com/bot.html)"
66.249.79.2 - - [13/Sep/2026:01:42:30 +0300] "GET /?shopdetail/K51791357978 HTTP/1.1" 301 - "-" "Mozilla/5.0 (compatible; Googlebot/2.1; +http://www.google.com/bot.html)"
66.249.79.3 - - [13/Sep/2026:01:42:32 +0300] "GET /index.php/pl/?shopdetail/K51791357978 HTTP/1.1" 200 54852 "-" "Mozilla/5.0 (compatible; Googlebot/2.1; +http://www.google.com/bot.html)"
66.249.79.1 - - [13/Sep/2026:01:42:44 +0300] "GET /?shopdetail/F5178875802 HTTP/1.1" 301 - "-" "Mozilla/5.0 (compatible; Googlebot/2.1; +http://www.google.com/bot.html)"
66.249.79.2 - - [13/Sep/2026:01:42:46 +0300] "GET /index.php/pl/?shopdetail/F5178875802 HTTP/1.1" 200 54852 "-" "Mozilla/5.0 (compatible; Googlebot/2.1; +http://www.google.com/bot.html)"
66.249.79.3 - - [13/Sep/2026:01:43:43 +0300] "GET /?shopdetail/Y5177134947 HTTP/1.1" 301 - "-" "Mozilla/5.0 (Linux; Android 6.0.1; Nexus 5X Build/MMB29P) AppleWebKit/537.36 (KHTML, like Gecko) Chrome/152.0.7977.82 Mobile Safari/537.36 (compatible; Googlebot/2.1; +http://www.google.com/bot.html)"
66.249.79.1 - - [13/Sep/2026:01:43:44 +0300] "GET /index.php/pl/?shopdetail/Y5177134947 HTTP/1.1" 200 54852 "-" "Mozilla/5.0 (Linux; Android 6.0.1; Nexus 5X Build/MMB29P) AppleWebKit/537.36 (KHTML, like Gecko) Chrome/152.0.7977.82 Mobile Safari/537.36 (compatible; Googlebot/2.1; +http://www.google.com/bot.html)"
153.51.238.66 - - [13/Sep/2026:01:44:07 +0300] "GET / HTTP/1.1" 301 - "https://five.co.in/redirect.php?ref_host=educom.ink" "Mozilla/5.0 (Windows NT 10.0; Win64; x64) AppleWebKit/537.36 (KHTML, like Gecko) Chrome/125.0.6400.44 Safari/537.36"
153.51.238.66 - - [13/Sep/2026:01:44:08 +0300] "GET /index.php/pl/ HTTP/1.1" 200 54852 "https://five.co.in/redirect.php?ref_host=educom.ink" "Mozilla/5.0 (Windows NT 10.0; Win64; x64) AppleWebKit/537.36 (KHTML, like Gecko) Chrome/125.0.6400.44 Safari/537.36"
66.249.79.3 - - [13/Sep/2026:01:44:16 +0300] "GET /?shopdetail/D5178528928 HTTP/1.1" 301 - "-" "Mozilla/5.0 (Linux; Android 6.0.1; Nexus 5X Build/MMB29P) AppleWebKit/537.36 (KHTML, like Gecko) Chrome/152.0.7977.82 Mobile Safari/537.36 (compatible; Googlebot/2.1; +http://www.google.com/bot.html)"
66.249.79.1 - - [13/Sep/2026:01:44:17 +0300] "GET /index.php/pl/?shopdetail/D5178528928 HTTP/1.1" 200 54852 "-" "Mozilla/5.0 (Linux; Android 6.0.1; Nexus 5X Build/MMB29P) AppleWebKit/537.36 (KHTML, like Gecko) Chrome/152.0.7977.82 Mobile Safari/537.36 (compatible; Googlebot/2.1; +http://www.google.com/bot.html)"
66.249.79.2 - - [13/Sep/2026:01:49:13 +0300] "GET /?GameID=2026-07-07/986.html HTTP/1.1" 301 - "-" "Mozilla/5.0 (Linux; Android 6.0.1; Nexus 5X Build/MMB29P) AppleWebKit/537.36 (KHTML, like Gecko) Chrome/152.0.7977.82 Mobile Safari/537.36 (compatible; Googlebot/2.1; +http://www.google.com/bot.html)"
66.249.79.1 - - [13/Sep/2026:01:49:14 +0300] "GET /index.php/pl/?GameID=2026-07-07/986.html HTTP/1.1" 200 54852 "-" "Mozilla/5.0 (Linux; Android 6.0.1; Nexus 5X Build/MMB29P) AppleWebKit/537.36 (KHTML, like Gecko) Chrome/152.0.7977.82 Mobile Safari/537.36 (compatible; Googlebot/2.1; +http://www.google.com/bot.html)"
66.249.79.1 - - [13/Sep/2026:01:49:22 +0300] "GET /templates/it_startup/js/template.js HTTP/1.1" 200 403 "https://poznajlitwe.lt/index.php/pl/?GameID=2026-07-07/986.html" "Mozilla/5.0 (Linux; Android 6.0.1; Nexus 5X Build/MMB29P) AppleWebKit/537.36 (KHTML, like Gecko) Chrome/152.0.7977.82 Mobile Safari/537.36 (compatible; Googlebot/2.1; +http://www.google.com/bot.html)"
66.249.79.2 - - [13/Sep/2026:01:50:21 +0300] "GET /?shopdetail/N5177456895 HTTP/1.1" 301 - "-" "Mozilla/5.0 (Linux; Android 6.0.1; Nexus 5X Build/MMB29P) AppleWebKit/537.36 (KHTML, like Gecko) Chrome/152.0.7977.82 Mobile Safari/537.36 (compatible; Googlebot/2.1; +http://www.google.com/bot.html)"
66.249.79.1 - - [13/Sep/2026:01:50:22 +0300] "GET /index.php/pl/?shopdetail/N5177456895 HTTP/1.1" 200 54852 "-" "Mozilla/5.0 (Linux; Android 6.0.1; Nexus 5X Build/MMB29P) AppleWebKit/537.36 (KHTML, like Gecko) Chrome/152.0.7977.82 Mobile Safari/537.36 (compatible; Googlebot/2.1; +http://www.google.com/bot.html)"
66.249.79.1 - - [13/Sep/2026:01:50:24 +0300] "GET /?GameID=2026-07-08/qoaaed.html HTTP/1.1" 301 - "-" "Mozilla/5.0 (compatible; Googlebot/2.1; +http://www.google.com/bot.html)"
66.249.79.1 - - [13/Sep/2026:01:50:25 +0300] "GET /index.php/pl/?GameID=2026-07-08/qoaaed.html HTTP/1.1" 200 54852 "-" "Mozilla/5.0 (compatible; Googlebot/2.1; +http://www.google.com/bot.html)"
66.249.79.1 - - [13/Sep/2026:01:51:02 +0300] "GET /?ID=18963.html HTTP/1.1" 301 - "-" "Mozilla/5.0 (compatible; Googlebot/2.1; +http://www.google.com/bot.html)"
66.249.79.1 - - [13/Sep/2026:01:51:02 +0300] "GET /index.php/pl/?ID=18963.html HTTP/1.1" 200 54852 "-" "Mozilla/5.0 (compatible; Googlebot/2.1; +http://www.google.com/bot.html)"
66.249.79.3 - - [13/Sep/2026:01:52:51 +0300] "GET /?ID=66468.html HTTP/1.1" 301 - "-" "Mozilla/5.0 (Linux; Android 6.0.1; Nexus 5X Build/MMB29P) AppleWebKit/537.36 (KHTML, like Gecko) Chrome/152.0.7977.82 Mobile Safari/537.36 (compatible; Googlebot/2.1; +http://www.google.com/bot.html)"
66.249.79.1 - - [13/Sep/2026:01:52:53 +0300] "GET /index.php/pl/?ID=66468.html HTTP/1.1" 200 54852 "-" "Mozilla/5.0 (Linux; Android 6.0.1; Nexus 5X Build/MMB29P) AppleWebKit/537.36 (KHTML, like Gecko) Chrome/152.0.7977.82 Mobile Safari/537.36 (compatible; Googlebot/2.1; +http://www.google.com/bot.html)"
66.249.79.1 - - [13/Sep/2026:01:53:46 +0300] "GET /?ID=81195.html HTTP/1.1" 301 - "-" "Mozilla/5.0 (Linux; Android 6.0.1; Nexus 5X Build/MMB29P) AppleWebKit/537.36 (KHTML, like Gecko) Chrome/152.0.7977.82 Mobile Safari/537.36 (compatible; Googlebot/2.1; +http://www.google.com/bot.html)"
66.249.79.2 - - [13/Sep/2026:01:53:46 +0300] "GET /?ID=44447.html HTTP/1.1" 301 - "-" "Mozilla/5.0 (Linux; Android 6.0.1; Nexus 5X Build/MMB29P) AppleWebKit/537.36 (KHTML, like Gecko) Chrome/152.0.7977.82 Mobile Safari/537.36 (compatible; Googlebot/2.1; +http://www.google.com/bot.html)"
66.249.79.1 - - [13/Sep/2026:01:53:47 +0300] "GET /index.php/pl/?ID=81195.html HTTP/1.1" 200 54852 "-" "Mozilla/5.0 (Linux; Android 6.0.1; Nexus 5X Build/MMB29P) AppleWebKit/537.36 (KHTML, like Gecko) Chrome/152.0.7977.82 Mobile Safari/537.36 (compatible; Googlebot/2.1; +http://www.google.com/bot.html)"
66.249.79.2 - - [13/Sep/2026:01:53:47 +0300] "GET /index.php/pl/?ID=44447.html HTTP/1.1" 200 54852 "-" "Mozilla/5.0 (Linux; Android 6.0.1; Nexus 5X Build/MMB29P) AppleWebKit/537.36 (KHTML, like Gecko) Chrome/152.0.7977.82 Mobile Safari/537.36 (compatible; Googlebot/2.1; +http://www.google.com/bot.html)"
66.249.79.1 - - [13/Sep/2026:01:53:58 +0300] "GET /?shopdetail/A51801597383 HTTP/1.1" 301 - "-" "Mozilla/5.0 (Linux; Android 6.0.1; Nexus 5X Build/MMB29P) AppleWebKit/537.36 (KHTML, like Gecko) Chrome/152.0.7977.82 Mobile Safari/537.36 (compatible; Googlebot/2.1; +http://www.google.com/bot.html)"
66.249.79.2 - - [13/Sep/2026:01:53:59 +0300] "GET /index.php/pl/?shopdetail/A51801597383 HTTP/1.1" 200 54852 "-" "Mozilla/5.0 (Linux; Android 6.0.1; Nexus 5X Build/MMB29P) AppleWebKit/537.36 (KHTML, like Gecko) Chrome/152.0.7977.82 Mobile Safari/537.36 (compatible; Googlebot/2.1; +http://www.google.com/bot.html)"
66.249.79.1 - - [13/Sep/2026:01:54:28 +0300] "GET /?shopdetail/O5177144729 HTTP/1.1" 301 - "-" "Mozilla/5.0 (Linux; Android 6.0.1; Nexus 5X Build/MMB29P) AppleWebKit/537.36 (KHTML, like Gecko) Chrome/152.0.7977.82 Mobile Safari/537.36 (compatible; Googlebot/2.1; +http://www.google.com/bot.html)"
66.249.79.1 - - [13/Sep/2026:01:54:29 +0300] "GET /index.php/pl/?shopdetail/O5177144729 HTTP/1.1" 200 54852 "-" "Mozilla/5.0 (Linux; Android 6.0.1; Nexus 5X Build/MMB29P) AppleWebKit/537.36 (KHTML, like Gecko) Chrome/152.0.7977.82 Mobile Safari/537.36 (compatible; Googlebot/2.1; +http://www.google.com/bot.html)"
66.249.79.1 - - [13/Sep/2026:01:55:36 +0300] "GET /?ID=67884.html HTTP/1.1" 301 - "-" "Mozilla/5.0 (compatible; Googlebot/2.1; +http://www.google.com/bot.html)"
66.249.79.2 - - [13/Sep/2026:01:55:37 +0300] "GET /index.php/pl/?ID=67884.html HTTP/1.1" 200 54852 "-" "Mozilla/5.0 (compatible; Googlebot/2.1; +http://www.google.com/bot.html)"
52.167.144.168 - - [13/Sep/2026:01:58:19 +0300] "GET /?ID=03638.html HTTP/2.0" 301 - "-" "Mozilla/5.0 AppleWebKit/537.36 (KHTML, like Gecko; compatible; bingbot/2.0; +http://www.bing.com/bingbot.htm) Chrome/116.0.1938.76 Safari/537.36"
66.249.79.1 - - [13/Sep/2026:01:59:06 +0300] "GET /media/gantry5/assets/js/main.js HTTP/1.1" 200 58794 "https://poznajlitwe.lt/index.php/pl/?shopdetail/O5177144729" "Mozilla/5.0 (Linux; Android 6.0.1; Nexus 5X Build/MMB29P) AppleWebKit/537.36 (KHTML, like Gecko) Chrome/152.0.7977.82 Mobile Safari/537.36 (compatible; Googlebot/2.1; +http://www.google.com/bot.html)"
66.249.79.3 - - [13/Sep/2026:01:59:07 +0300] "GET /?shopdetail/D5177484050 HTTP/1.1" 301 - "-" "Mozilla/5.0 (Linux; Android 6.0.1; Nexus 5X Build/MMB29P) AppleWebKit/537.36 (KHTML, like Gecko) Chrome/152.0.7977.82 Mobile Safari/537.36 (compatible; Googlebot/2.1; +http://www.google.com/bot.html)"
66.249.79.3 - - [13/Sep/2026:01:59:08 +0300] "GET /index.php/pl/?shopdetail/D5177484050 HTTP/1.1" 200 54852 "-" "Mozilla/5.0 (Linux; Android 6.0.1; Nexus 5X Build/MMB29P) AppleWebKit/537.36 (KHTML, like Gecko) Chrome/152.0.7977.82 Mobile Safari/537.36 (compatible; Googlebot/2.1; +http://www.google.com/bot.html)"
66.249.79.1 - - [13/Sep/2026:01:59:15 +0300] "GET /media/system/js/core.js?d0efd80bfea2835e175d45e9291370bf HTTP/1.1" 200 8735 "https://poznajlitwe.lt/index.php/pl/?shopdetail/D5177484050" "Mozilla/5.0 (Linux; Android 6.0.1; Nexus 5X Build/MMB29P) AppleWebKit/537.36 (KHTML, like Gecko) Chrome/152.0.7977.82 Mobile Safari/537.36 (compatible; Googlebot/2.1; +http://www.google.com/bot.html)"
66.249.79.2 - - [13/Sep/2026:02:00:37 +0300] "GET /?shopdetail/A51822512845 HTTP/1.1" 301 - "-" "Mozilla/5.0 (compatible; Googlebot/2.1; +http://www.google.com/bot.html)"
66.249.79.2 - - [13/Sep/2026:02:00:38 +0300] "GET /index.php/pl/?shopdetail/A51822512845 HTTP/1.1" 200 54852 "-" "Mozilla/5.0 (compatible; Googlebot/2.1; +http://www.google.com/bot.html)"
66.249.79.3 - - [13/Sep/2026:02:01:04 +0300] "GET /?shopdetail/A5178636315 HTTP/1.1" 301 - "-" "Mozilla/5.0 (Linux; Android 6.0.1; Nexus 5X Build/MMB29P) AppleWebKit/537.36 (KHTML, like Gecko) Chrome/152.0.7977.82 Mobile Safari/537.36 (compatible; Googlebot/2.1; +http://www.google.com/bot.html)"
66.249.79.2 - - [13/Sep/2026:02:01:05 +0300] "GET /index.php/pl/?shopdetail/A5178636315 HTTP/1.1" 200 54852 "-" "Mozilla/5.0 (Linux; Android 6.0.1; Nexus 5X Build/MMB29P) AppleWebKit/537.36 (KHTML, like Gecko) Chrome/152.0.7977.82 Mobile Safari/537.36 (compatible; Googlebot/2.1; +http://www.google.com/bot.html)"
66.249.79.1 - - [13/Sep/2026:02:04:32 +0300] "GET /?shopdetail/J51812040582 HTTP/1.1" 301 - "-" "Mozilla/5.0 (Linux; Android 6.0.1; Nexus 5X Build/MMB29P) AppleWebKit/537.36 (KHTML, like Gecko) Chrome/152.0.7977.82 Mobile Safari/537.36 (compatible; Googlebot/2.1; +http://www.google.com/bot.html)"
66.249.79.2 - - [13/Sep/2026:02:04:33 +0300] "GET /index.php/pl/?shopdetail/J51812040582 HTTP/1.1" 200 54852 "-" "Mozilla/5.0 (Linux; Android 6.0.1; Nexus 5X Build/MMB29P) AppleWebKit/537.36 (KHTML, like Gecko) Chrome/152.0.7977.82 Mobile Safari/537.36 (compatible; Googlebot/2.1; +http://www.google.com/bot.html)"
66.249.79.1 - - [13/Sep/2026:02:05:01 +0300] "GET /?GameID=3839.html HTTP/1.1" 301 - "-" "Mozilla/5.0 (Linux; Android 6.0.1; Nexus 5X Build/MMB29P) AppleWebKit/537.36 (KHTML, like Gecko) Chrome/152.0.7977.82 Mobile Safari/537.36 (compatible; Googlebot/2.1; +http://www.google.com/bot.html)"
66.249.79.3 - - [13/Sep/2026:02:05:02 +0300] "GET /index.php/pl/?GameID=3839.html HTTP/1.1" 200 54852 "-" "Mozilla/5.0 (Linux; Android 6.0.1; Nexus 5X Build/MMB29P) AppleWebKit/537.36 (KHTML, like Gecko) Chrome/152.0.7977.82 Mobile Safari/537.36 (compatible; Googlebot/2.1; +http://www.google.com/bot.html)"
66.249.79.2 - - [13/Sep/2026:02:05:06 +0300] "GET /templates/it_startup/custom/css-compiled/startup-joomla_16.css HTTP/1.1" 200 89055 "https://poznajlitwe.lt/index.php/pl/?GameID=3839.html" "Mozilla/5.0 (Linux; Android 6.0.1; Nexus 5X Build/MMB29P) AppleWebKit/537.36 (KHTML, like Gecko) Chrome/152.0.7977.82 Mobile Safari/537.36 (compatible; Googlebot/2.1; +http://www.google.com/bot.html)"
66.187.7.97 - - [13/Sep/2026:02:05:15 +0300] "GET / HTTP/1.1" 400 52 "-" "Mozilla/5.0 (compatible; YandexBot/3.0; +http://yandex.com/bots)"
66.187.7.97 - - [13/Sep/2026:02:05:16 +0300] "GET /autodiscover/autodiscover.xml HTTP/1.1" 400 52 "http://autodiscover.poznajlitwe.lt/" "Mozilla/5.0 (compatible; Applebot/0.1; +http://www.apple.com/go/applebot)"
66.249.79.1 - - [13/Sep/2026:02:05:27 +0300] "GET /?shopdetail/E5178926470 HTTP/1.1" 301 - "-" "Mozilla/5.0 (Linux; Android 6.0.1; Nexus 5X Build/MMB29P) AppleWebKit/537.36 (KHTML, like Gecko) Chrome/152.0.7977.82 Mobile Safari/537.36 (compatible; Googlebot/2.1; +http://www.google.com/bot.html)"
66.249.79.1 - - [13/Sep/2026:02:05:29 +0300] "GET /index.php/pl/?shopdetail/E5178926470 HTTP/1.1" 200 54852 "-" "Mozilla/5.0 (Linux; Android 6.0.1; Nexus 5X Build/MMB29P) AppleWebKit/537.36 (KHTML, like Gecko) Chrome/152.0.7977.82 Mobile Safari/537.36 (compatible; Googlebot/2.1; +http://www.google.com/bot.html)"
66.249.79.1 - - [13/Sep/2026:02:05:37 +0300] "GET /?shopdetail/D51812050968 HTTP/1.1" 301 - "-" "Mozilla/5.0 (Linux; Android 6.0.1; Nexus 5X Build/MMB29P) AppleWebKit/537.36 (KHTML, like Gecko) Chrome/152.0.7977.82 Mobile Safari/537.36 (compatible; Googlebot/2.1; +http://www.google.com/bot.html)"
66.249.79.1 - - [13/Sep/2026:02:05:38 +0300] "GET /index.php/pl/?shopdetail/D51812050968 HTTP/1.1" 200 54852 "-" "Mozilla/5.0 (Linux; Android 6.0.1; Nexus 5X Build/MMB29P) AppleWebKit/537.36 (KHTML, like Gecko) Chrome/152.0.7977.82 Mobile Safari/537.36 (compatible; Googlebot/2.1; +http://www.google.com/bot.html)"
66.249.79.1 - - [13/Sep/2026:02:05:48 +0300] "GET /?shopdetail/T5178611028 HTTP/1.1" 301 - "-" "Mozilla/5.0 (compatible; Googlebot/2.1; +http://www.google.com/bot.html)"
66.249.79.1 - - [13/Sep/2026:02:05:49 +0300] "GET /index.php/pl/?shopdetail/T5178611028 HTTP/1.1" 200 54852 "-" "Mozilla/5.0 (compatible; Googlebot/2.1; +http://www.google.com/bot.html)"
66.249.79.3 - - [13/Sep/2026:02:06:09 +0300] "GET /?shopdetail/Z51791159654 HTTP/1.1" 301 - "-" "Mozilla/5.0 (compatible; Googlebot/2.1; +http://www.google.com/bot.html)"
66.249.79.2 - - [13/Sep/2026:02:06:10 +0300] "GET /index.php/pl/?shopdetail/Z51791159654 HTTP/1.1" 200 54852 "-" "Mozilla/5.0 (compatible; Googlebot/2.1; +http://www.google.com/bot.html)"
66.249.79.1 - - [13/Sep/2026:02:06:49 +0300] "GET /?ID=02853.html HTTP/1.1" 301 - "-" "Mozilla/5.0 (Linux; Android 6.0.1; Nexus 5X Build/MMB29P) AppleWebKit/537.36 (KHTML, like Gecko) Chrome/152.0.7977.82 Mobile Safari/537.36 (compatible; Googlebot/2.1; +http://www.google.com/bot.html)"
66.249.79.2 - - [13/Sep/2026:02:06:50 +0300] "GET /index.php/pl/?ID=02853.html HTTP/1.1" 200 54852 "-" "Mozilla/5.0 (Linux; Android 6.0.1; Nexus 5X Build/MMB29P) AppleWebKit/537.36 (KHTML, like Gecko) Chrome/152.0.7977.82 Mobile Safari/537.36 (compatible; Googlebot/2.1; +http://www.google.com/bot.html)"
207.46.13.64 - - [13/Sep/2026:02:09:29 +0300] "GET /?ID=14002.html HTTP/2.0" 301 - "-" "Mozilla/5.0 AppleWebKit/537.36 (KHTML, like Gecko; compatible; bingbot/2.0; +http://www.bing.com/bingbot.htm) Chrome/116.0.1938.76 Safari/537.36"
66.249.79.2 - - [13/Sep/2026:02:10:44 +0300] "GET /?ID=30225.html HTTP/1.1" 301 - "-" "Mozilla/5.0 (Linux; Android 6.0.1; Nexus 5X Build/MMB29P) AppleWebKit/537.36 (KHTML, like Gecko) Chrome/152.0.7977.82 Mobile Safari/537.36 (compatible; Googlebot/2.1; +http://www.google.com/bot.html)"
66.249.79.1 - - [13/Sep/2026:02:10:45 +0300] "GET /index.php/pl/?ID=30225.html HTTP/1.1" 200 54852 "-" "Mozilla/5.0 (Linux; Android 6.0.1; Nexus 5X Build/MMB29P) AppleWebKit/537.36 (KHTML, like Gecko) Chrome/152.0.7977.82 Mobile Safari/537.36 (compatible; Googlebot/2.1; +http://www.google.com/bot.html)"
66.249.79.1 - - [13/Sep/2026:02:11:35 +0300] "GET /?shopdetail/T5177424895 HTTP/1.1" 301 - "-" "Mozilla/5.0 (Linux; Android 6.0.1; Nexus 5X Build/MMB29P) AppleWebKit/537.36 (KHTML, like Gecko) Chrome/152.0.7977.82 Mobile Safari/537.36 (compatible; Googlebot/2.1; +http://www.google.com/bot.html)"
66.249.79.1 - - [13/Sep/2026:02:11:36 +0300] "GET /index.php/pl/?shopdetail/T5177424895 HTTP/1.1" 200 54852 "-" "Mozilla/5.0 (Linux; Android 6.0.1; Nexus 5X Build/MMB29P) AppleWebKit/537.36 (KHTML, like Gecko) Chrome/152.0.7977.82 Mobile Safari/537.36 (compatible; Googlebot/2.1; +http://www.google.com/bot.html)"
66.249.79.1 - - [13/Sep/2026:02:12:08 +0300] "GET /?shopdetail/J51812024700 HTTP/1.1" 301 - "-" "Mozilla/5.0 (Linux; Android 6.0.1; Nexus 5X Build/MMB29P) AppleWebKit/537.36 (KHTML, like Gecko) Chrome/152.0.7977.82 Mobile Safari/537.36 (compatible; Googlebot/2.1; +http://www.google.com/bot.html)"
66.249.79.2 - - [13/Sep/2026:02:12:09 +0300] "GET /index.php/pl/?shopdetail/J51812024700 HTTP/1.1" 200 54852 "-" "Mozilla/5.0 (Linux; Android 6.0.1; Nexus 5X Build/MMB29P) AppleWebKit/537.36 (KHTML, like Gecko) Chrome/152.0.7977.82 Mobile Safari/537.36 (compatible; Googlebot/2.1; +http://www.google.com/bot.html)"
66.249.79.2 - - [13/Sep/2026:02:12:12 +0300] "GET /media/gantry5/assets/js/main.js HTTP/1.1" 200 58794 "https://poznajlitwe.lt/index.php/pl/?shopdetail/J51812024700" "Mozilla/5.0 (Linux; Android 6.0.1; Nexus 5X Build/MMB29P) AppleWebKit/537.36 (KHTML, like Gecko) Chrome/152.0.7977.82 Mobile Safari/537.36 (compatible; Googlebot/2.1; +http://www.google.com/bot.html)"
66.249.79.2 - - [13/Sep/2026:02:12:13 +0300] "GET /media/system/js/core.js?d0efd80bfea2835e175d45e9291370bf HTTP/1.1" 200 8735 "https://poznajlitwe.lt/index.php/pl/?shopdetail/J51812024700" "Mozilla/5.0 (Linux; Android 6.0.1; Nexus 5X Build/MMB29P) AppleWebKit/537.36 (KHTML, like Gecko) Chrome/152.0.7977.82 Mobile Safari/537.36 (compatible; Googlebot/2.1; +http://www.google.com/bot.html)"
66.249.79.1 - - [13/Sep/2026:02:12:24 +0300] "GET /?shopdetail/K51791076326 HTTP/1.1" 301 - "-" "Mozilla/5.0 (Linux; Android 6.0.1; Nexus 5X Build/MMB29P) AppleWebKit/537.36 (KHTML, like Gecko) Chrome/152.0.7977.82 Mobile Safari/537.36 (compatible; Googlebot/2.1; +http://www.google.com/bot.html)"
66.249.79.1 - - [13/Sep/2026:02:12:24 +0300] "GET /index.php/pl/?shopdetail/K51791076326 HTTP/1.1" 200 54852 "-" "Mozilla/5.0 (Linux; Android 6.0.1; Nexus 5X Build/MMB29P) AppleWebKit/537.36 (KHTML, like Gecko) Chrome/152.0.7977.82 Mobile Safari/537.36 (compatible; Googlebot/2.1; +http://www.google.com/bot.html)"
138.246.253.24 - - [13/Sep/2026:02:12:39 +0300] "GET /robots.txt HTTP/1.1" 200 26 "-" "Mozilla/5.0 (Windows NT 10.0; Win64; x64) AppleWebKit/537.36 (KHTML, like Gecko) Chrome/103.0.5060.134 Safari/537.36"
66.249.79.1 - - [13/Sep/2026:02:12:43 +0300] "GET /?ID=61885.html HTTP/1.1" 301 - "-" "Mozilla/5.0 (Linux; Android 6.0.1; Nexus 5X Build/MMB29P) AppleWebKit/537.36 (KHTML, like Gecko) Chrome/152.0.7977.82 Mobile Safari/537.36 (compatible; Googlebot/2.1; +http://www.google.com/bot.html)"
66.249.79.1 - - [13/Sep/2026:02:12:43 +0300] "GET /index.php/pl/?ID=61885.html HTTP/1.1" 200 54852 "-" "Mozilla/5.0 (Linux; Android 6.0.1; Nexus 5X Build/MMB29P) AppleWebKit/537.36 (KHTML, like Gecko) Chrome/152.0.7977.82 Mobile Safari/537.36 (compatible; Googlebot/2.1; +http://www.google.com/bot.html)"
66.249.79.1 - - [13/Sep/2026:02:12:53 +0300] "GET /?ID=60936.html HTTP/1.1" 301 - "-" "Mozilla/5.0 (Linux; Android 6.0.1; Nexus 5X Build/MMB29P) AppleWebKit/537.36 (KHTML, like Gecko) Chrome/152.0.7977.82 Mobile Safari/537.36 (compatible; Googlebot/2.1; +http://www.google.com/bot.html)"
66.249.79.1 - - [13/Sep/2026:02:12:54 +0300] "GET /index.php/pl/?ID=60936.html HTTP/1.1" 200 54852 "-" "Mozilla/5.0 (Linux; Android 6.0.1; Nexus 5X Build/MMB29P) AppleWebKit/537.36 (KHTML, like Gecko) Chrome/152.0.7977.82 Mobile Safari/537.36 (compatible; Googlebot/2.1; +http://www.google.com/bot.html)"
66.249.79.1 - - [13/Sep/2026:02:13:11 +0300] "GET /?shopdetail/O5177398384 HTTP/1.1" 301 - "-" "Mozilla/5.0 (Linux; Android 6.0.1; Nexus 5X Build/MMB29P) AppleWebKit/537.36 (KHTML, like Gecko) Chrome/152.0.7977.82 Mobile Safari/537.36 (compatible; Googlebot/2.1; +http://www.google.com/bot.html)"
66.249.79.2 - - [13/Sep/2026:02:13:12 +0300] "GET /index.php/pl/?shopdetail/O5177398384 HTTP/1.1" 200 54852 "-" "Mozilla/5.0 (Linux; Android 6.0.1; Nexus 5X Build/MMB29P) AppleWebKit/537.36 (KHTML, like Gecko) Chrome/152.0.7977.82 Mobile Safari/537.36 (compatible; Googlebot/2.1; +http://www.google.com/bot.html)"
66.249.79.2 - - [13/Sep/2026:02:13:15 +0300] "GET /?shopdetail/G5177237286 HTTP/1.1" 301 - "-" "Mozilla/5.0 (Linux; Android 6.0.1; Nexus 5X Build/MMB29P) AppleWebKit/537.36 (KHTML, like Gecko) Chrome/152.0.7977.82 Mobile Safari/537.36 (compatible; Googlebot/2.1; +http://www.google.com/bot.html)"
66.249.79.2 - - [13/Sep/2026:02:13:16 +0300] "GET /index.php/pl/?shopdetail/G5177237286 HTTP/1.1" 200 54852 "-" "Mozilla/5.0 (Linux; Android 6.0.1; Nexus 5X Build/MMB29P) AppleWebKit/537.36 (KHTML, like Gecko) Chrome/152.0.7977.82 Mobile Safari/537.36 (compatible; Googlebot/2.1; +http://www.google.com/bot.html)"
66.249.79.2 - - [13/Sep/2026:02:13:19 +0300] "GET /media/n2/n/dist/nextend-gsap.min.js?1530628338 HTTP/1.1" 200 97289 "https://poznajlitwe.lt/index.php/pl/?shopdetail/O5177398384" "Mozilla/5.0 (Linux; Android 6.0.1; Nexus 5X Build/MMB29P) AppleWebKit/537.36 (KHTML, like Gecko) Chrome/152.0.7977.82 Mobile Safari/537.36 (compatible; Googlebot/2.1; +http://www.google.com/bot.html)"
66.249.79.2 - - [13/Sep/2026:02:17:07 +0300] "GET /?shopdetail/L51801700545 HTTP/1.1" 301 - "-" "Mozilla/5.0 (Linux; Android 6.0.1; Nexus 5X Build/MMB29P) AppleWebKit/537.36 (KHTML, like Gecko) Chrome/152.0.7977.82 Mobile Safari/537.36 (compatible; Googlebot/2.1; +http://www.google.com/bot.html)"
66.249.79.3 - - [13/Sep/2026:02:17:09 +0300] "GET /index.php/pl/?shopdetail/L51801700545 HTTP/1.1" 200 54852 "-" "Mozilla/5.0 (Linux; Android 6.0.1; Nexus 5X Build/MMB29P) AppleWebKit/537.36 (KHTML, like Gecko) Chrome/152.0.7977.82 Mobile Safari/537.36 (compatible; Googlebot/2.1; +http://www.google.com/bot.html)"
66.249.79.2 - - [13/Sep/2026:02:17:23 +0300] "GET /?ID=70996.html HTTP/1.1" 301 - "-" "Mozilla/5.0 (Linux; Android 6.0.1; Nexus 5X Build/MMB29P) AppleWebKit/537.36 (KHTML, like Gecko) Chrome/152.0.7977.82 Mobile Safari/537.36 (compatible; Googlebot/2.1; +http://www.google.com/bot.html)"
66.249.79.2 - - [13/Sep/2026:02:17:24 +0300] "GET /index.php/pl/?ID=70996.html HTTP/1.1" 200 54852 "-" "Mozilla/5.0 (Linux; Android 6.0.1; Nexus 5X Build/MMB29P) AppleWebKit/537.36 (KHTML, like Gecko) Chrome/152.0.7977.82 Mobile Safari/537.36 (compatible; Googlebot/2.1; +http://www.google.com/bot.html)"
66.249.79.1 - - [13/Sep/2026:02:18:50 +0300] "GET /?ID=6436.html HTTP/1.1" 301 - "-" "Mozilla/5.0 (compatible; Googlebot/2.1; +http://www.google.com/bot.html)"
66.249.79.1 - - [13/Sep/2026:02:18:51 +0300] "GET /index.php/pl/?ID=6436.html HTTP/1.1" 200 54852 "-" "Mozilla/5.0 (compatible; Googlebot/2.1; +http://www.google.com/bot.html)"
66.249.79.2 - - [13/Sep/2026:02:20:25 +0300] "GET /?GameID=2026-07-07/ynsrtp.html HTTP/1.1" 301 - "-" "Mozilla/5.0 (compatible; Googlebot/2.1; +http://www.google.com/bot.html)"
66.249.79.1 - - [13/Sep/2026:02:20:26 +0300] "GET /index.php/pl/?GameID=2026-07-07/ynsrtp.html HTTP/1.1" 200 54852 "-" "Mozilla/5.0 (compatible; Googlebot/2.1; +http://www.google.com/bot.html)"
87.56.23.172 - - [13/Sep/2026:02:22:14 +0300] "GET /?ID=34306.html HTTP/1.1" 301 - "-" "Mozilla/5.0 (compatible; ExaSearchBot/1.0; +https://crawler.exa.ai/)"
66.249.79.1 - - [13/Sep/2026:02:22:30 +0300] "GET /?shopdetail/K51822635906 HTTP/1.1" 301 - "-" "Mozilla/5.0 (Linux; Android 6.0.1; Nexus 5X Build/MMB29P) AppleWebKit/537.36 (KHTML, like Gecko) Chrome/152.0.7977.82 Mobile Safari/537.36 (compatible; Googlebot/2.1; +http://www.google.com/bot.html)"
66.249.79.2 - - [13/Sep/2026:02:22:31 +0300] "GET /index.php/pl/?shopdetail/K51822635906 HTTP/1.1" 200 54852 "-" "Mozilla/5.0 (Linux; Android 6.0.1; Nexus 5X Build/MMB29P) AppleWebKit/537.36 (KHTML, like Gecko) Chrome/152.0.7977.82 Mobile Safari/537.36 (compatible; Googlebot/2.1; +http://www.google.com/bot.html)"
66.249.79.2 - - [13/Sep/2026:02:24:00 +0300] "GET /?shopdetail/X51812274110 HTTP/1.1" 301 - "-" "Mozilla/5.0 (compatible; Googlebot/2.1; +http://www.google.com/bot.html)"
66.249.79.2 - - [13/Sep/2026:02:24:00 +0300] "GET /index.php/pl/?shopdetail/X51812274110 HTTP/1.1" 200 54852 "-" "Mozilla/5.0 (compatible; Googlebot/2.1; +http://www.google.com/bot.html)"
