66.187.7.97 - - [13/Sep/2026:10:25:44 +0300] "GET /media/jui/js/chosen.jquery.min.js HTTP/1.1" 200 34239 "-" "Mozilla/5.0 (compatible; DuckDuckBot/1.1; +http://duckduckgo.com/duckduckbot.html)"
66.187.7.97 - - [13/Sep/2026:10:25:44 +0300] "GET /index.php/pl/component/foxcontact/name/bootstrap/root/components/task/loader.load/type/css/uid/m209 HTTP/1.1" 200 10304 "-" "Mozilla/5.0 (compatible; bingbot/2.0; +http://www.bing.com/bingbot.htm)"
66.187.7.97 - - [13/Sep/2026:10:25:44 +0300] "GET /index.php/pl/component/foxcontact/name/foxcontact/root/media/task/loader.load/type/css/uid/m209 HTTP/1.1" 200 29651 "-" "Mozilla/5.0 (compatible; Amazonbot/0.1; +https://developer.amazon.com/support/amazonbot)"
66.187.7.97 - - [13/Sep/2026:10:25:43 +0300] "GET /index.php/ru/wycieczki HTTP/1.1" 200 59917 "-" "Mozilla/5.0 (compatible; Applebot/0.1; +http://www.apple.com/go/applebot)"
66.187.7.97 - - [13/Sep/2026:10:25:44 +0300] "GET /index.php/pl/component/foxcontact/name/foxtext/root/components/task/loader.load/type/js/uid/m209 HTTP/1.1" 200 2386 "-" "Mozilla/5.0 AppleWebKit/537.36 (KHTML, like Gecko; compatible; GPTBot/1.3; +https://openai.com/gptbot)"
66.187.7.97 - - [13/Sep/2026:10:25:44 +0300] "GET /index.php/pl/component/foxcontact/name/foxcontact/root/media/task/loader.load/type/css/uid/m209 HTTP/1.1" 200 29651 "-" "CCBot/2.0 (https://commoncrawl.org/faq/)"
66.187.7.97 - - [13/Sep/2026:10:25:44 +0300] "GET /index.php/pl/component/foxcontact/name/bootstrap/root/components/task/loader.load/type/css/uid/m209 HTTP/1.1" 200 10304 "-" "CCBot/2.0 (https://commoncrawl.org/faq/)"
66.187.7.97 - - [13/Sep/2026:10:25:43 +0300] "GET /index.php/ru/rascenki HTTP/1.1" 200 52546 "-" "Mozilla/5.0 AppleWebKit/537.36 (KHTML, like Gecko; compatible; ChatGPT-User/1.0; +https://openai.com/bot)"
66.187.7.97 - - [13/Sep/2026:10:25:44 +0300] "GET /index.php/lt/wycieczki HTTP/1.1" 200 58010 "-" "Mozilla/5.0 AppleWebKit/537.36 (KHTML, like Gecko; compatible; ChatGPT-User/1.0; +https://openai.com/bot)"
66.187.7.97 - - [13/Sep/2026:10:25:43 +0300] "GET /index.php/ru/kontakty HTTP/1.1" 200 57138 "-" "Mozilla/5.0 (compatible; Amazonbot/0.1; +https://developer.amazon.com/support/amazonbot)"
66.187.7.97 - - [13/Sep/2026:10:25:44 +0300] "GET /index.php/lt/przewodnicy HTTP/1.1" 200 53268 "-" "Mozilla/5.0 (compatible; Baiduspider/2.0; +http://www.baidu.com/search/spider.html)"
66.187.7.97 - - [13/Sep/2026:10:25:44 +0300] "GET /index.php/ru/przewodnicy HTTP/1.1" 200 53760 "-" "Mozilla/5.0 (compatible; Google-CloudVertexBot; +https://cloud.google.com/vertex-ai-bot)"
66.187.7.97 - - [13/Sep/2026:10:25:44 +0300] "GET /index.php/lt/kainynas HTTP/1.1" 200 52128 "-" "Mozilla/5.0 (compatible; Google-CloudVertexBot; +https://cloud.google.com/vertex-ai-bot)"
66.187.7.97 - - [13/Sep/2026:10:25:44 +0300] "GET /index.php/lt/kontaktai HTTP/1.1" 200 56821 "-" "Mozilla/5.0 (compatible; Amazonbot/0.1; +https://developer.amazon.com/support/amazonbot)"
66.187.7.97 - - [13/Sep/2026:10:25:44 +0300] "GET /index.php/ru/przewodnicy HTTP/1.1" 200 53676 "-" "Mozilla/5.0 (compatible; Google-CloudVertexBot; +https://cloud.google.com/vertex-ai-bot)"
66.187.7.97 - - [13/Sep/2026:10:25:44 +0300] "GET /index.php/lt/przewodnicy HTTP/1.1" 200 53184 "-" "Mozilla/5.0 (compatible; DuckDuckBot/1.1; +http://duckduckgo.com/duckduckbot.html)"
66.187.7.97 - - [13/Sep/2026:10:25:44 +0300] "GET /index.php/ru/rascenki HTTP/1.1" 200 52448 "-" "Mozilla/5.0 (compatible; GoogleOther; +https://developers.google.com/search/)"
66.187.7.97 - - [13/Sep/2026:10:25:44 +0300] "GET /index.php/lt/kainynas HTTP/1.1" 200 52030 "-" "Mozilla/5.0 (compatible; OAI-SearchBot/1.3; +https://openai.com/searchbot)"
66.187.7.97 - - [13/Sep/2026:10:25:44 +0300] "GET /index.php/lt/kontaktai HTTP/1.1" 200 56709 "-" "Mozilla/5.0 (compatible; DuckDuckBot/1.1; +http://duckduckgo.com/duckduckbot.html)"
66.187.7.97 - - [13/Sep/2026:10:25:44 +0300] "GET /index.php/ru/kontakty HTTP/1.1" 200 57026 "-" "Mozilla/5.0 (compatible; Google-CloudVertexBot; +https://cloud.google.com/vertex-ai-bot)"
66.249.79.1 - - [13/Sep/2026:10:26:03 +0300] "GET /?shopdetail/G51822501351 HTTP/1.1" 301 - "-" "Mozilla/5.0 (Linux; Android 6.0.1; Nexus 5X Build/MMB29P) AppleWebKit/537.36 (KHTML, like Gecko) Chrome/152.0.7977.82 Mobile Safari/537.36 (compatible; Googlebot/2.1; +http://www.google.com/bot.html)"
66.249.79.2 - - [13/Sep/2026:10:26:06 +0300] "GET /index.php/pl/?shopdetail/G51822501351 HTTP/1.1" 200 54852 "-" "Mozilla/5.0 (Linux; Android 6.0.1; Nexus 5X Build/MMB29P) AppleWebKit/537.36 (KHTML, like Gecko) Chrome/152.0.7977.82 Mobile Safari/537.36 (compatible; Googlebot/2.1; +http://www.google.com/bot.html)"
66.187.7.97 - - [13/Sep/2026:10:26:13 +0300] "GET /media/sliders/js/script.min.js?v=7.2.8 HTTP/1.1" 200 9939 "-" "Mozilla/5.0 (compatible; Applebot/0.1; +http://www.apple.com/go/applebot)"
66.187.7.97 - - [13/Sep/2026:10:26:13 +0300] "GET /images/Gallery/Ausros_vartai.jpg HTTP/1.1" 200 46437 "-" "Mozilla/5.0 AppleWebKit/537.36 (KHTML, like Gecko; compatible; GPTBot/1.3; +https://openai.com/gptbot)"
66.187.7.97 - - [13/Sep/2026:10:26:13 +0300] "GET /images/Gallery/katedra.jpg HTTP/1.1" 200 93355 "-" "Mozilla/5.0 (compatible; DuckDuckBot/1.1; +http://duckduckgo.com/duckduckbot.html)"
66.187.7.97 - - [13/Sep/2026:10:26:13 +0300] "GET /index.php/ru/component/foxcontact/name/foxcontact/root/media/task/loader.load/type/css/uid/m211 HTTP/1.1" 200 29651 "-" "Mozilla/5.0 (compatible; DuckDuckBot/1.1; +http://duckduckgo.com/duckduckbot.html)"
66.187.7.97 - - [13/Sep/2026:10:26:14 +0300] "GET /media/plg_captcha_recaptcha/js/recaptcha.min.js?d0efd80bfea2835e175d45e9291370bf HTTP/1.1" 200 414 "-" "Mozilla/5.0 (compatible; Baiduspider/2.0; +http://www.baidu.com/search/spider.html)"
66.187.7.97 - - [13/Sep/2026:10:26:13 +0300] "GET /images/Gallery/petro_povilo.jpg HTTP/1.1" 200 101151 "-" "Mozilla/5.0 AppleWebKit/537.36 (KHTML, like Gecko; compatible; ChatGPT-User/1.0; +https://openai.com/bot)"
66.187.7.97 - - [13/Sep/2026:10:26:13 +0300] "GET /images/Gallery/onosb.jpg HTTP/1.1" 200 107739 "-" "Mozilla/5.0 (compatible; Amazonbot/0.1; +https://developer.amazon.com/support/amazonbot)"
66.187.7.97 - - [13/Sep/2026:10:26:14 +0300] "GET /media/system/js/polyfill.event.js?d0efd80bfea2835e175d45e9291370bf HTTP/1.1" 200 6470 "-" "Mozilla/5.0 (compatible; YandexBot/3.0; +http://yandex.com/bots)"
66.187.7.97 - - [13/Sep/2026:10:26:13 +0300] "GET /index.php/ru/component/foxcontact/name/bootstrap/root/components/task/loader.load/type/css/uid/m211 HTTP/1.1" 200 10304 "-" "Mozilla/5.0 (compatible; Google-CloudVertexBot; +https://cloud.google.com/vertex-ai-bot)"
66.187.7.97 - - [13/Sep/2026:10:26:14 +0300] "GET /media/system/js/keepalive.js?d0efd80bfea2835e175d45e9291370bf HTTP/1.1" 200 462 "-" "Mozilla/5.0 (compatible; YandexBot/3.0; +http://yandex.com/bots)"
66.187.7.97 - - [13/Sep/2026:10:26:14 +0300] "GET /media/jui/js/chosen.jquery.min.js HTTP/1.1" 200 34239 "-" "Mozilla/5.0 AppleWebKit/537.36 (KHTML, like Gecko; compatible; GPTBot/1.3; +https://openai.com/gptbot)"
66.187.7.97 - - [13/Sep/2026:10:26:14 +0300] "GET /media/com_foxcontact/js/base.min.js?v=1551195556 HTTP/1.1" 200 9305 "-" "Mozilla/5.0 (compatible; DuckDuckBot/1.1; +http://duckduckgo.com/duckduckbot.html)"
66.187.7.97 - - [13/Sep/2026:10:26:14 +0300] "GET /index.php/lt/component/foxcontact/name/foxcontact/root/media/task/loader.load/type/css/uid/m210 HTTP/1.1" 200 29651 "-" "Mozilla/5.0 (compatible; bingbot/2.0; +http://www.bing.com/bingbot.htm)"
66.187.7.97 - - [13/Sep/2026:10:26:14 +0300] "GET /index.php/lt/component/foxcontact/name/bootstrap/root/components/task/loader.load/type/css/uid/m210 HTTP/1.1" 200 10304 "-" "Mozilla/5.0 (compatible; OAI-SearchBot/1.3; +https://openai.com/searchbot)"
66.187.7.97 - - [13/Sep/2026:10:26:14 +0300] "GET /index.php/lt/component/foxcontact/name/foxtext/root/components/task/loader.load/type/js/uid/m210 HTTP/1.1" 200 2389 "-" "Mozilla/5.0 (compatible; Google-CloudVertexBot; +https://cloud.google.com/vertex-ai-bot)"
66.187.7.97 - - [13/Sep/2026:10:26:14 +0300] "GET /index.php/ru/component/foxcontact/name/foxtext/root/components/task/loader.load/type/js/uid/m211 HTTP/1.1" 200 2581 "-" "Mozilla/5.0 AppleWebKit/537.36 (KHTML, like Gecko; compatible; ChatGPT-User/1.0; +https://openai.com/bot)"
66.187.7.97 - - [13/Sep/2026:10:26:15 +0300] "GET /index.php/lt/component/foxcontact/name/foxcontact/root/media/task/loader.load/type/css/uid/m210 HTTP/1.1" 200 29651 "-" "Mozilla/5.0 (compatible; bingbot/2.0; +http://www.bing.com/bingbot.htm)"
66.187.7.97 - - [13/Sep/2026:10:26:15 +0300] "GET /index.php/lt/component/foxcontact/name/bootstrap/root/components/task/loader.load/type/css/uid/m210 HTTP/1.1" 200 10304 "-" "Mozilla/5.0 (compatible; YandexBot/3.0; +http://yandex.com/bots)"
66.249.79.2 - - [13/Sep/2026:10:26:42 +0300] "GET /?shopdetail/H5177144604 HTTP/1.1" 301 - "-" "Mozilla/5.0 (Linux; Android 6.0.1; Nexus 5X Build/MMB29P) AppleWebKit/537.36 (KHTML, like Gecko) Chrome/152.0.7977.82 Mobile Safari/537.36 (compatible; Googlebot/2.1; +http://www.google.com/bot.html)"
66.249.79.1 - - [13/Sep/2026:10:26:43 +0300] "GET /index.php/pl/?shopdetail/H5177144604 HTTP/1.1" 200 54852 "-" "Mozilla/5.0 (Linux; Android 6.0.1; Nexus 5X Build/MMB29P) AppleWebKit/537.36 (KHTML, like Gecko) Chrome/152.0.7977.82 Mobile Safari/537.36 (compatible; Googlebot/2.1; +http://www.google.com/bot.html)"
66.249.79.3 - - [13/Sep/2026:10:28:21 +0300] "GET /?shopdetail/P5177276524 HTTP/1.1" 301 - "-" "Mozilla/5.0 (Linux; Android 6.0.1; Nexus 5X Build/MMB29P) AppleWebKit/537.36 (KHTML, like Gecko) Chrome/152.0.7977.82 Mobile Safari/537.36 (compatible; Googlebot/2.1; +http://www.google.com/bot.html)"
66.249.79.2 - - [13/Sep/2026:10:28:24 +0300] "GET /index.php/pl/?shopdetail/P5177276524 HTTP/1.1" 200 54852 "-" "Mozilla/5.0 (Linux; Android 6.0.1; Nexus 5X Build/MMB29P) AppleWebKit/537.36 (KHTML, like Gecko) Chrome/152.0.7977.82 Mobile Safari/537.36 (compatible; Googlebot/2.1; +http://www.google.com/bot.html)"
66.249.79.2 - - [13/Sep/2026:10:30:45 +0300] "GET /?shopdetail/D51791064738 HTTP/1.1" 301 - "-" "Mozilla/5.0 (compatible; Googlebot/2.1; +http://www.google.com/bot.html)"
66.249.79.3 - - [13/Sep/2026:10:30:46 +0300] "GET /index.php/pl/?shopdetail/D51791064738 HTTP/1.1" 200 54852 "-" "Mozilla/5.0 (compatible; Googlebot/2.1; +http://www.google.com/bot.html)"
66.249.79.3 - - [13/Sep/2026:10:31:46 +0300] "GET /?ID=72352.html HTTP/1.1" 301 - "-" "Mozilla/5.0 (Linux; Android 6.0.1; Nexus 5X Build/MMB29P) AppleWebKit/537.36 (KHTML, like Gecko) Chrome/152.0.7977.82 Mobile Safari/537.36 (compatible; Googlebot/2.1; +http://www.google.com/bot.html)"
66.249.79.1 - - [13/Sep/2026:10:31:51 +0300] "GET /?ID=87719.html HTTP/1.1" 301 - "-" "Mozilla/5.0 (Linux; Android 6.0.1; Nexus 5X Build/MMB29P) AppleWebKit/537.36 (KHTML, like Gecko) Chrome/152.0.7977.82 Mobile Safari/537.36 (compatible; Googlebot/2.1; +http://www.google.com/bot.html)"
66.249.79.3 - - [13/Sep/2026:10:32:02 +0300] "GET /index.php/pl/?ID=72352.html HTTP/1.1" 200 54852 "-" "Mozilla/5.0 (Linux; Android 6.0.1; Nexus 5X Build/MMB29P) AppleWebKit/537.36 (KHTML, like Gecko) Chrome/152.0.7977.82 Mobile Safari/537.36 (compatible; Googlebot/2.1; +http://www.google.com/bot.html)"
66.249.79.1 - - [13/Sep/2026:10:32:07 +0300] "GET /index.php/pl/?ID=87719.html HTTP/1.1" 200 54852 "-" "Mozilla/5.0 (Linux; Android 6.0.1; Nexus 5X Build/MMB29P) AppleWebKit/537.36 (KHTML, like Gecko) Chrome/152.0.7977.82 Mobile Safari/537.36 (compatible; Googlebot/2.1; +http://www.google.com/bot.html)"
66.249.79.1 - - [13/Sep/2026:10:32:23 +0300] "GET /?shopdetail/O51812295114 HTTP/1.1" 301 - "-" "Mozilla/5.0 (compatible; Googlebot/2.1; +http://www.google.com/bot.html)"
66.249.79.1 - - [13/Sep/2026:10:32:23 +0300] "GET /index.php/pl/?shopdetail/O51812295114 HTTP/1.1" 200 54852 "-" "Mozilla/5.0 (compatible; Googlebot/2.1; +http://www.google.com/bot.html)"
66.249.79.1 - - [13/Sep/2026:10:32:43 +0300] "GET /?shopdetail/P5177114078 HTTP/1.1" 301 - "-" "Mozilla/5.0 (Linux; Android 6.0.1; Nexus 5X Build/MMB29P) AppleWebKit/537.36 (KHTML, like Gecko) Chrome/152.0.7977.82 Mobile Safari/537.36 (compatible; Googlebot/2.1; +http://www.google.com/bot.html)"
66.249.79.1 - - [13/Sep/2026:10:32:58 +0300] "GET /?ID=4695.html HTTP/1.1" 301 - "-" "Mozilla/5.0 (Linux; Android 6.0.1; Nexus 5X Build/MMB29P) AppleWebKit/537.36 (KHTML, like Gecko) Chrome/152.0.7977.82 Mobile Safari/537.36 (compatible; Googlebot/2.1; +http://www.google.com/bot.html)"
66.249.79.1 - - [13/Sep/2026:10:33:00 +0300] "GET /index.php/pl/?ID=4695.html HTTP/1.1" 200 54852 "-" "Mozilla/5.0 (Linux; Android 6.0.1; Nexus 5X Build/MMB29P) AppleWebKit/537.36 (KHTML, like Gecko) Chrome/152.0.7977.82 Mobile Safari/537.36 (compatible; Googlebot/2.1; +http://www.google.com/bot.html)"
66.249.79.1 - - [13/Sep/2026:10:33:04 +0300] "GET /index.php/pl/?shopdetail/P5177114078 HTTP/1.1" 200 54852 "-" "Mozilla/5.0 (Linux; Android 6.0.1; Nexus 5X Build/MMB29P) AppleWebKit/537.36 (KHTML, like Gecko) Chrome/152.0.7977.82 Mobile Safari/537.36 (compatible; Googlebot/2.1; +http://www.google.com/bot.html)"
66.249.79.1 - - [13/Sep/2026:10:33:29 +0300] "GET /?shopdetail/F51791276842 HTTP/1.1" 301 - "-" "Mozilla/5.0 (Linux; Android 6.0.1; Nexus 5X Build/MMB29P) AppleWebKit/537.36 (KHTML, like Gecko) Chrome/152.0.7977.82 Mobile Safari/537.36 (compatible; Googlebot/2.1; +http://www.google.com/bot.html)"
66.249.79.1 - - [13/Sep/2026:10:33:30 +0300] "GET /index.php/pl/?shopdetail/F51791276842 HTTP/1.1" 200 54852 "-" "Mozilla/5.0 (Linux; Android 6.0.1; Nexus 5X Build/MMB29P) AppleWebKit/537.36 (KHTML, like Gecko) Chrome/152.0.7977.82 Mobile Safari/537.36 (compatible; Googlebot/2.1; +http://www.google.com/bot.html)"
66.249.79.1 - - [13/Sep/2026:10:33:31 +0300] "GET /?shopdetail/J5177333064 HTTP/1.1" 301 - "-" "Mozilla/5.0 (compatible; Googlebot/2.1; +http://www.google.com/bot.html)"
66.249.79.1 - - [13/Sep/2026:10:33:32 +0300] "GET /index.php/pl/?shopdetail/J5177333064 HTTP/1.1" 200 54852 "-" "Mozilla/5.0 (compatible; Googlebot/2.1; +http://www.google.com/bot.html)"
66.249.79.1 - - [13/Sep/2026:10:34:33 +0300] "GET /media/jui/js/jquery.min.js?d0efd80bfea2835e175d45e9291370bf HTTP/1.1" 200 97646 "https://poznajlitwe.lt/index.php/pl/?shopdetail/P5177114078" "Mozilla/5.0 (Linux; Android 6.0.1; Nexus 5X Build/MMB29P) AppleWebKit/537.36 (KHTML, like Gecko) Chrome/152.0.7977.82 Mobile Safari/537.36 (compatible; Googlebot/2.1; +http://www.google.com/bot.html)"
66.249.79.3 - - [13/Sep/2026:10:37:12 +0300] "GET /?ID=60155.html HTTP/1.1" 301 - "-" "Mozilla/5.0 (Linux; Android 6.0.1; Nexus 5X Build/MMB29P) AppleWebKit/537.36 (KHTML, like Gecko) Chrome/152.0.7977.82 Mobile Safari/537.36 (compatible; Googlebot/2.1; +http://www.google.com/bot.html)"
66.249.79.1 - - [13/Sep/2026:10:37:14 +0300] "GET /index.php/pl/?ID=60155.html HTTP/1.1" 200 54852 "-" "Mozilla/5.0 (Linux; Android 6.0.1; Nexus 5X Build/MMB29P) AppleWebKit/537.36 (KHTML, like Gecko) Chrome/152.0.7977.82 Mobile Safari/537.36 (compatible; Googlebot/2.1; +http://www.google.com/bot.html)"
66.249.79.1 - - [13/Sep/2026:10:38:29 +0300] "GET /?shopdetail/Y5177214189 HTTP/1.1" 301 - "-" "Mozilla/5.0 (compatible; Googlebot/2.1; +http://www.google.com/bot.html)"
66.249.79.3 - - [13/Sep/2026:10:38:31 +0300] "GET /index.php/pl/?shopdetail/Y5177214189 HTTP/1.1" 200 54852 "-" "Mozilla/5.0 (compatible; Googlebot/2.1; +http://www.google.com/bot.html)"
66.249.79.1 - - [13/Sep/2026:10:40:32 +0300] "GET /?shopdetail/Y5177432268 HTTP/1.1" 301 - "-" "Mozilla/5.0 (compatible; Googlebot/2.1; +http://www.google.com/bot.html)"
66.249.79.3 - - [13/Sep/2026:10:40:35 +0300] "GET /index.php/pl/?shopdetail/Y5177432268 HTTP/1.1" 200 54852 "-" "Mozilla/5.0 (compatible; Googlebot/2.1; +http://www.google.com/bot.html)"
66.249.79.3 - - [13/Sep/2026:10:41:53 +0300] "GET /?ID=04382.html HTTP/1.1" 301 - "-" "Mozilla/5.0 (compatible; Googlebot/2.1; +http://www.google.com/bot.html)"
66.249.79.2 - - [13/Sep/2026:10:41:54 +0300] "GET /index.php/pl/?ID=04382.html HTTP/1.1" 200 54852 "-" "Mozilla/5.0 (compatible; Googlebot/2.1; +http://www.google.com/bot.html)"
66.249.79.1 - - [13/Sep/2026:10:43:53 +0300] "GET /media/gantry5/engines/nucleus/css-compiled/joomla.css HTTP/1.1" 200 10151 "https://poznajlitwe.lt/index.php/pl/?shopdetail/M5178904764" "Mozilla/5.0 (Linux; Android 6.0.1; Nexus 5X Build/MMB29P) AppleWebKit/537.36 (KHTML, like Gecko) Chrome/151.0.7922.173 Mobile Safari/537.36 (compatible; Googlebot/2.1; +http://www.google.com/bot.html)"
40.77.167.157 - - [13/Sep/2026:10:44:40 +0300] "GET /?ID=59395.html HTTP/2.0" 301 - "-" "Mozilla/5.0 AppleWebKit/537.36 (KHTML, like Gecko; compatible; bingbot/2.0; +http://www.bing.com/bingbot.htm) Chrome/116.0.1938.76 Safari/537.36"
66.249.79.2 - - [13/Sep/2026:10:45:52 +0300] "GET /?shopdetail/V51791475052 HTTP/1.1" 301 - "-" "Mozilla/5.0 (compatible; Googlebot/2.1; +http://www.google.com/bot.html)"
66.249.79.3 - - [13/Sep/2026:10:45:55 +0300] "GET /index.php/pl/?shopdetail/V51791475052 HTTP/1.1" 200 54852 "-" "Mozilla/5.0 (compatible; Googlebot/2.1; +http://www.google.com/bot.html)"
66.249.79.1 - - [13/Sep/2026:10:47:03 +0300] "GET /?shopdetail/J51822743908 HTTP/1.1" 301 - "-" "Mozilla/5.0 (compatible; Googlebot/2.1; +http://www.google.com/bot.html)"
66.249.79.3 - - [13/Sep/2026:10:47:07 +0300] "GET /index.php/pl/?shopdetail/J51822743908 HTTP/1.1" 200 54852 "-" "Mozilla/5.0 (compatible; Googlebot/2.1; +http://www.google.com/bot.html)"
40.77.167.123 - - [13/Sep/2026:10:48:27 +0300] "GET /?ID=73185.html HTTP/2.0" 301 - "-" "Mozilla/5.0 AppleWebKit/537.36 (KHTML, like Gecko; compatible; bingbot/2.0; +http://www.bing.com/bingbot.htm) Chrome/116.0.1938.76 Safari/537.36"
207.46.13.51 - - [13/Sep/2026:10:48:42 +0300] "GET /?ID=42753.html HTTP/2.0" 301 - "-" "Mozilla/5.0 AppleWebKit/537.36 (KHTML, like Gecko; compatible; bingbot/2.0; +http://www.bing.com/bingbot.htm) Chrome/116.0.1938.76 Safari/537.36"
66.249.79.2 - - [13/Sep/2026:10:49:19 +0300] "GET /?shopdetail/V51812402644 HTTP/1.1" 301 - "-" "Mozilla/5.0 (Linux; Android 6.0.1; Nexus 5X Build/MMB29P) AppleWebKit/537.36 (KHTML, like Gecko) Chrome/152.0.7977.82 Mobile Safari/537.36 (compatible; Googlebot/2.1; +http://www.google.com/bot.html)"
66.249.79.1 - - [13/Sep/2026:10:49:22 +0300] "GET /index.php/pl/?shopdetail/V51812402644 HTTP/1.1" 200 54852 "-" "Mozilla/5.0 (Linux; Android 6.0.1; Nexus 5X Build/MMB29P) AppleWebKit/537.36 (KHTML, like Gecko) Chrome/152.0.7977.82 Mobile Safari/537.36 (compatible; Googlebot/2.1; +http://www.google.com/bot.html)"
66.249.79.3 - - [13/Sep/2026:10:51:14 +0300] "GET /?shopdetail/Q51822949452 HTTP/1.1" 301 - "-" "Mozilla/5.0 (compatible; Googlebot/2.1; +http://www.google.com/bot.html)"
66.249.79.3 - - [13/Sep/2026:10:51:16 +0300] "GET /index.php/pl/?shopdetail/Q51822949452 HTTP/1.1" 200 54852 "-" "Mozilla/5.0 (compatible; Googlebot/2.1; +http://www.google.com/bot.html)"
66.249.79.2 - - [13/Sep/2026:10:52:01 +0300] "GET /?shopdetail/L51801578528 HTTP/1.1" 301 - "-" "Mozilla/5.0 (compatible; Googlebot/2.1; +http://www.google.com/bot.html)"
66.249.79.3 - - [13/Sep/2026:10:52:02 +0300] "GET /index.php/pl/?shopdetail/L51801578528 HTTP/1.1" 200 54852 "-" "Mozilla/5.0 (compatible; Googlebot/2.1; +http://www.google.com/bot.html)"
66.249.79.1 - - [13/Sep/2026:10:52:11 +0300] "GET /?shopdetail/M51822684110 HTTP/1.1" 301 - "-" "Mozilla/5.0 (Linux; Android 6.0.1; Nexus 5X Build/MMB29P) AppleWebKit/537.36 (KHTML, like Gecko) Chrome/152.0.7977.82 Mobile Safari/537.36 (compatible; Googlebot/2.1; +http://www.google.com/bot.html)"
66.249.79.1 - - [13/Sep/2026:10:52:12 +0300] "GET /index.php/pl/?shopdetail/M51822684110 HTTP/1.1" 200 54852 "-" "Mozilla/5.0 (Linux; Android 6.0.1; Nexus 5X Build/MMB29P) AppleWebKit/537.36 (KHTML, like Gecko) Chrome/152.0.7977.82 Mobile Safari/537.36 (compatible; Googlebot/2.1; +http://www.google.com/bot.html)"
66.249.79.1 - - [13/Sep/2026:10:52:18 +0300] "GET /?ID=59142.html HTTP/1.1" 301 - "-" "Mozilla/5.0 (Linux; Android 6.0.1; Nexus 5X Build/MMB29P) AppleWebKit/537.36 (KHTML, like Gecko) Chrome/152.0.7977.82 Mobile Safari/537.36 (compatible; Googlebot/2.1; +http://www.google.com/bot.html)"
66.249.79.1 - - [13/Sep/2026:10:52:19 +0300] "GET /index.php/pl/?ID=59142.html HTTP/1.1" 200 54852 "-" "Mozilla/5.0 (Linux; Android 6.0.1; Nexus 5X Build/MMB29P) AppleWebKit/537.36 (KHTML, like Gecko) Chrome/152.0.7977.82 Mobile Safari/537.36 (compatible; Googlebot/2.1; +http://www.google.com/bot.html)"
45.61.92.131 - - [13/Sep/2026:10:52:31 +0300] "GET /?ID=33497.html HTTP/1.1" 301 - "-" "Mozilla/5.0 (compatible; ExaSearchBot/1.0; +https://crawler.exa.ai/)"
66.249.79.1 - - [13/Sep/2026:10:52:34 +0300] "GET /media/n2/n/dist/nextend-gsap.min.js?1530628338 HTTP/1.1" 200 97289 "https://poznajlitwe.lt/index.php/pl/?shopdetail/W517766497" "Mozilla/5.0 (Linux; Android 6.0.1; Nexus 5X Build/MMB29P) AppleWebKit/537.36 (KHTML, like Gecko) Chrome/151.0.7922.173 Mobile Safari/537.36 (compatible; Googlebot/2.1; +http://www.google.com/bot.html)"
66.249.79.1 - - [13/Sep/2026:10:54:33 +0300] "GET /?shopdetail/J51812423703 HTTP/1.1" 301 - "-" "Mozilla/5.0 (compatible; Googlebot/2.1; +http://www.google.com/bot.html)"
66.249.79.1 - - [13/Sep/2026:10:54:35 +0300] "GET /index.php/pl/?shopdetail/J51812423703 HTTP/1.1" 200 54852 "-" "Mozilla/5.0 (compatible; Googlebot/2.1; +http://www.google.com/bot.html)"
66.249.79.2 - - [13/Sep/2026:10:55:07 +0300] "GET /templates/it_startup/custom/css-compiled/custom_16.css HTTP/1.1" 200 9093 "https://poznajlitwe.lt/index.php/pl/?shopdetail/H5178766455" "Mozilla/5.0 (Linux; Android 6.0.1; Nexus 5X Build/MMB29P) AppleWebKit/537.36 (KHTML, like Gecko) Chrome/151.0.7922.173 Mobile Safari/537.36 (compatible; Googlebot/2.1; +http://www.google.com/bot.html)"
72.63.22.58 - - [13/Sep/2026:10:57:31 +0300] "GET /?ID=88376.html HTTP/1.1" 301 - "-" "Mozilla/5.0 (compatible; ExaSearchBot/1.0; +https://crawler.exa.ai/)"
52.167.144.163 - - [13/Sep/2026:10:57:48 +0300] "GET /?ID=74751.html HTTP/2.0" 301 - "-" "Mozilla/5.0 AppleWebKit/537.36 (KHTML, like Gecko; compatible; bingbot/2.0; +http://www.bing.com/bingbot.htm) Chrome/116.0.1938.76 Safari/537.36"
72.63.22.174 - - [13/Sep/2026:10:57:50 +0300] "GET /?ID=40295.html HTTP/1.1" 301 - "-" "Mozilla/5.0 (compatible; ExaSearchBot/1.0; +https://crawler.exa.ai/)"
205.188.103.123 - - [13/Sep/2026:10:58:09 +0300] "GET /?ID=93641.html HTTP/1.1" 301 - "-" "Mozilla/5.0 (compatible; ExaSearchBot/1.0; +https://crawler.exa.ai/)"
198.145.143.213 - - [13/Sep/2026:10:58:27 +0300] "GET /?ID=43748.html HTTP/1.1" 301 - "-" "Mozilla/5.0 (compatible; ExaSearchBot/1.0; +https://crawler.exa.ai/)"
45.61.91.64 - - [13/Sep/2026:10:58:46 +0300] "GET /?ID=48450.html HTTP/1.1" 301 - "-" "Mozilla/5.0 (compatible; ExaSearchBot/1.0; +https://crawler.exa.ai/)"
79.98.182.81 - - [13/Sep/2026:10:59:05 +0300] "GET /?ID=19614.html HTTP/1.1" 301 - "-" "Mozilla/5.0 (compatible; ExaSearchBot/1.0; +https://crawler.exa.ai/)"
66.249.79.2 - - [13/Sep/2026:10:59:19 +0300] "GET /?ID=9221.html HTTP/1.1" 301 - "-" "Mozilla/5.0 (compatible; Googlebot/2.1; +http://www.google.com/bot.html)"
66.249.79.2 - - [13/Sep/2026:10:59:20 +0300] "GET /index.php/pl/?ID=9221.html HTTP/1.1" 200 54852 "-" "Mozilla/5.0 (compatible; Googlebot/2.1; +http://www.google.com/bot.html)"
72.63.23.246 - - [13/Sep/2026:10:59:24 +0300] "GET /?ID=42883.html HTTP/1.1" 301 - "-" "Mozilla/5.0 (compatible; ExaSearchBot/1.0; +https://crawler.exa.ai/)"
103.186.238.97 - - [13/Sep/2026:10:59:58 +0300] "GET / HTTP/1.1" 301 - "https://five.co.in/redirect.php?ref_host=mydesignathome77.ch" "Mozilla/5.0 (X11; Linux x86_64) AppleWebKit/537.36 (KHTML, like Gecko) Chrome/128.0.6613.85 Safari/537.36"
103.186.238.97 - - [13/Sep/2026:10:59:59 +0300] "GET /index.php/pl/ HTTP/1.1" 200 54852 "https://five.co.in/redirect.php?ref_host=mydesignathome77.ch" "Mozilla/5.0 (X11; Linux x86_64) AppleWebKit/537.36 (KHTML, like Gecko) Chrome/128.0.6613.85 Safari/537.36"
66.249.79.2 - - [13/Sep/2026:11:00:14 +0300] "GET /?ID=15186.html HTTP/1.1" 301 - "-" "Mozilla/5.0 (compatible; Googlebot/2.1; +http://www.google.com/bot.html)"
66.249.79.1 - - [13/Sep/2026:11:00:16 +0300] "GET /index.php/pl/?ID=15186.html HTTP/1.1" 200 54852 "-" "Mozilla/5.0 (compatible; Googlebot/2.1; +http://www.google.com/bot.html)"
66.249.79.1 - - [13/Sep/2026:11:00:27 +0300] "GET /?shopdetail/R51822720575 HTTP/1.1" 301 - "-" "Mozilla/5.0 (Linux; Android 6.0.1; Nexus 5X Build/MMB29P) AppleWebKit/537.36 (KHTML, like Gecko) Chrome/152.0.7977.82 Mobile Safari/537.36 (compatible; Googlebot/2.1; +http://www.google.com/bot.html)"
66.249.79.1 - - [13/Sep/2026:11:00:54 +0300] "GET /index.php/pl/?shopdetail/R51822720575 HTTP/1.1" 200 54852 "-" "Mozilla/5.0 (Linux; Android 6.0.1; Nexus 5X Build/MMB29P) AppleWebKit/537.36 (KHTML, like Gecko) Chrome/152.0.7977.82 Mobile Safari/537.36 (compatible; Googlebot/2.1; +http://www.google.com/bot.html)"
66.249.79.3 - - [13/Sep/2026:11:01:18 +0300] "GET /?shopdetail/N51822997319 HTTP/1.1" 301 - "-" "Mozilla/5.0 (Linux; Android 6.0.1; Nexus 5X Build/MMB29P) AppleWebKit/537.36 (KHTML, like Gecko) Chrome/152.0.7977.82 Mobile Safari/537.36 (compatible; Googlebot/2.1; +http://www.google.com/bot.html)"
66.249.79.2 - - [13/Sep/2026:11:01:19 +0300] "GET /index.php/pl/?shopdetail/N51822997319 HTTP/1.1" 200 54852 "-" "Mozilla/5.0 (Linux; Android 6.0.1; Nexus 5X Build/MMB29P) AppleWebKit/537.36 (KHTML, like Gecko) Chrome/152.0.7977.82 Mobile Safari/537.36 (compatible; Googlebot/2.1; +http://www.google.com/bot.html)"
66.249.79.1 - - [13/Sep/2026:11:02:31 +0300] "GET /?shopdetail/N51791037336 HTTP/1.1" 301 - "-" "Mozilla/5.0 (compatible; Googlebot/2.1; +http://www.google.com/bot.html)"
66.249.79.3 - - [13/Sep/2026:11:02:33 +0300] "GET /index.php/pl/?shopdetail/N51791037336 HTTP/1.1" 200 54852 "-" "Mozilla/5.0 (compatible; Googlebot/2.1; +http://www.google.com/bot.html)"
66.249.79.2 - - [13/Sep/2026:11:03:27 +0300] "GET /?shopdetail/N51791216504 HTTP/1.1" 301 - "-" "Mozilla/5.0 (Linux; Android 6.0.1; Nexus 5X Build/MMB29P) AppleWebKit/537.36 (KHTML, like Gecko) Chrome/152.0.7977.82 Mobile Safari/537.36 (compatible; Googlebot/2.1; +http://www.google.com/bot.html)"
66.249.79.1 - - [13/Sep/2026:11:03:28 +0300] "GET /index.php/pl/?shopdetail/N51791216504 HTTP/1.1" 200 54852 "-" "Mozilla/5.0 (Linux; Android 6.0.1; Nexus 5X Build/MMB29P) AppleWebKit/537.36 (KHTML, like Gecko) Chrome/152.0.7977.82 Mobile Safari/537.36 (compatible; Googlebot/2.1; +http://www.google.com/bot.html)"
66.249.79.2 - - [13/Sep/2026:11:04:12 +0300] "GET /?shopdetail/L51791446907 HTTP/1.1" 301 - "-" "Mozilla/5.0 (Linux; Android 6.0.1; Nexus 5X Build/MMB29P) AppleWebKit/537.36 (KHTML, like Gecko) Chrome/152.0.7977.82 Mobile Safari/537.36 (compatible; Googlebot/2.1; +http://www.google.com/bot.html)"
66.249.79.1 - - [13/Sep/2026:11:04:28 +0300] "GET /?shopdetail/U51822544073 HTTP/1.1" 301 - "-" "Mozilla/5.0 (Linux; Android 6.0.1; Nexus 5X Build/MMB29P) AppleWebKit/537.36 (KHTML, like Gecko) Chrome/153.0.8010.36 Mobile Safari/537.36 (compatible; Googlebot/2.1; +http://www.google.com/bot.html)"
66.249.79.1 - - [13/Sep/2026:11:04:40 +0300] "GET /index.php/pl/?shopdetail/L51791446907 HTTP/1.1" 200 54852 "-" "Mozilla/5.0 (Linux; Android 6.0.1; Nexus 5X Build/MMB29P) AppleWebKit/537.36 (KHTML, like Gecko) Chrome/152.0.7977.82 Mobile Safari/537.36 (compatible; Googlebot/2.1; +http://www.google.com/bot.html)"
66.249.79.1 - - [13/Sep/2026:11:04:50 +0300] "GET /index.php/pl/?shopdetail/U51822544073 HTTP/1.1" 200 54852 "-" "Mozilla/5.0 (Linux; Android 6.0.1; Nexus 5X Build/MMB29P) AppleWebKit/537.36 (KHTML, like Gecko) Chrome/153.0.8010.36 Mobile Safari/537.36 (compatible; Googlebot/2.1; +http://www.google.com/bot.html)"
66.249.79.3 - - [13/Sep/2026:11:05:34 +0300] "GET /?ID=38694.html HTTP/1.1" 301 - "-" "Mozilla/5.0 (compatible; Googlebot/2.1; +http://www.google.com/bot.html)"
66.249.79.3 - - [13/Sep/2026:11:05:35 +0300] "GET /index.php/pl/?ID=38694.html HTTP/1.1" 200 54852 "-" "Mozilla/5.0 (compatible; Googlebot/2.1; +http://www.google.com/bot.html)"
66.249.79.3 - - [13/Sep/2026:11:06:25 +0300] "GET /?shopdetail/L5178740465 HTTP/1.1" 301 - "-" "Mozilla/5.0 (Linux; Android 6.0.1; Nexus 5X Build/MMB29P) AppleWebKit/537.36 (KHTML, like Gecko) Chrome/152.0.7977.82 Mobile Safari/537.36 (compatible; Googlebot/2.1; +http://www.google.com/bot.html)"
66.249.79.1 - - [13/Sep/2026:11:06:54 +0300] "GET /index.php/pl/?shopdetail/L5178740465 HTTP/1.1" 200 54852 "-" "Mozilla/5.0 (Linux; Android 6.0.1; Nexus 5X Build/MMB29P) AppleWebKit/537.36 (KHTML, like Gecko) Chrome/152.0.7977.82 Mobile Safari/537.36 (compatible; Googlebot/2.1; +http://www.google.com/bot.html)"
66.249.79.2 - - [13/Sep/2026:11:09:44 +0300] "GET /?shopdetail/T51801623577 HTTP/1.1" 301 - "-" "Mozilla/5.0 (compatible; Googlebot/2.1; +http://www.google.com/bot.html)"
66.249.79.2 - - [13/Sep/2026:11:09:45 +0300] "GET /index.php/pl/?shopdetail/T51801623577 HTTP/1.1" 200 54852 "-" "Mozilla/5.0 (compatible; Googlebot/2.1; +http://www.google.com/bot.html)"
52.167.144.179 - - [13/Sep/2026:11:10:02 +0300] "GET /?ID=21996.html HTTP/2.0" 301 - "-" "Mozilla/5.0 AppleWebKit/537.36 (KHTML, like Gecko; compatible; bingbot/2.0; +http://www.bing.com/bingbot.htm) Chrome/116.0.1938.76 Safari/537.36"
66.249.79.1 - - [13/Sep/2026:11:10:17 +0300] "GET /?shopdetail/N51822548147 HTTP/1.1" 301 - "-" "Mozilla/5.0 (compatible; Googlebot/2.1; +http://www.google.com/bot.html)"
66.249.79.2 - - [13/Sep/2026:11:10:19 +0300] "GET /index.php/pl/?shopdetail/N51822548147 HTTP/1.1" 200 54852 "-" "Mozilla/5.0 (compatible; Googlebot/2.1; +http://www.google.com/bot.html)"
66.249.79.2 - - [13/Sep/2026:11:12:09 +0300] "GET /?shopdetail/V51822812158 HTTP/1.1" 301 - "-" "Mozilla/5.0 (Linux; Android 6.0.1; Nexus 5X Build/MMB29P) AppleWebKit/537.36 (KHTML, like Gecko) Chrome/152.0.7977.82 Mobile Safari/537.36 (compatible; Googlebot/2.1; +http://www.google.com/bot.html)"
66.167.75.15 - - [13/Sep/2026:11:12:32 +0300] "GET /?ID=86298.html HTTP/1.1" 301 - "-" "Mozilla/5.0 (compatible; ExaSearchBot/1.0; +https://crawler.exa.ai/)"
66.249.79.1 - - [13/Sep/2026:11:12:36 +0300] "GET /index.php/pl/?shopdetail/V51822812158 HTTP/1.1" 200 54852 "-" "Mozilla/5.0 (Linux; Android 6.0.1; Nexus 5X Build/MMB29P) AppleWebKit/537.36 (KHTML, like Gecko) Chrome/152.0.7977.82 Mobile Safari/537.36 (compatible; Googlebot/2.1; +http://www.google.com/bot.html)"
52.167.144.167 - - [13/Sep/2026:11:12:43 +0300] "GET /?ID=34803.html HTTP/2.0" 301 - "-" "Mozilla/5.0 AppleWebKit/537.36 (KHTML, like Gecko; compatible; bingbot/2.0; +http://www.bing.com/bingbot.htm) Chrome/116.0.1938.76 Safari/537.36"
45.61.92.33 - - [13/Sep/2026:11:12:47 +0300] "GET /?ID=74673.html HTTP/1.1" 301 - "-" "Mozilla/5.0 (compatible; ExaSearchBot/1.0; +https://crawler.exa.ai/)"
152.163.47.208 - - [13/Sep/2026:11:13:02 +0300] "GET /?ID=48588.html HTTP/1.1" 301 - "-" "Mozilla/5.0 (compatible; ExaSearchBot/1.0; +https://crawler.exa.ai/)"
198.46.191.253 - - [13/Sep/2026:11:13:17 +0300] "GET /?ID=12541.html HTTP/1.1" 301 - "-" "Mozilla/5.0 (compatible; ExaSearchBot/1.0; +https://crawler.exa.ai/)"
107.172.202.225 - - [13/Sep/2026:11:13:32 +0300] "GET /?ID=54829.html HTTP/1.1" 301 - "-" "Mozilla/5.0 (compatible; ExaSearchBot/1.0; +https://crawler.exa.ai/)"
172.240.206.128 - - [13/Sep/2026:11:13:47 +0300] "GET /?ID=34564.html HTTP/1.1" 301 - "-" "Mozilla/5.0 (compatible; ExaSearchBot/1.0; +https://crawler.exa.ai/)"
66.249.79.3 - - [13/Sep/2026:11:13:54 +0300] "GET /?shopdetail/F51812072298 HTTP/1.1" 301 - "-" "Mozilla/5.0 (compatible; Googlebot/2.1; +http://www.google.com/bot.html)"
66.249.79.3 - - [13/Sep/2026:11:13:56 +0300] "GET /index.php/pl/?shopdetail/F51812072298 HTTP/1.1" 200 54852 "-" "Mozilla/5.0 (compatible; Googlebot/2.1; +http://www.google.com/bot.html)"
104.224.69.107 - - [13/Sep/2026:11:14:02 +0300] "GET /?ID=32433.html HTTP/1.1" 301 - "-" "Mozilla/5.0 (compatible; ExaSearchBot/1.0; +https://crawler.exa.ai/)"
152.163.184.173 - - [13/Sep/2026:11:14:17 +0300] "GET /?ID=51062.html HTTP/1.1" 301 - "-" "Mozilla/5.0 (compatible; ExaSearchBot/1.0; +https://crawler.exa.ai/)"
176.20.219.37 - - [13/Sep/2026:11:14:47 +0300] "GET /?ID=86489.html HTTP/1.1" 301 - "-" "Mozilla/5.0 (compatible; ExaSearchBot/1.0; +https://crawler.exa.ai/)"
66.249.79.1 - - [13/Sep/2026:11:15:17 +0300] "GET /?shopdetail/M51801745115 HTTP/1.1" 301 - "-" "Mozilla/5.0 (Linux; Android 6.0.1; Nexus 5X Build/MMB29P) AppleWebKit/537.36 (KHTML, like Gecko) Chrome/152.0.7977.82 Mobile Safari/537.36 (compatible; Googlebot/2.1; +http://www.google.com/bot.html)"
66.249.79.2 - - [13/Sep/2026:11:15:37 +0300] "GET /index.php/pl/?shopdetail/M51801745115 HTTP/1.1" 200 54852 "-" "Mozilla/5.0 (Linux; Android 6.0.1; Nexus 5X Build/MMB29P) AppleWebKit/537.36 (KHTML, like Gecko) Chrome/152.0.7977.82 Mobile Safari/537.36 (compatible; Googlebot/2.1; +http://www.google.com/bot.html)"
66.249.79.1 - - [13/Sep/2026:11:23:08 +0300] "GET /shopdetail/M51822873016 HTTP/1.1" 404 - "-" "Mozilla/5.0 (Linux; Android 6.0.1; Nexus 5X Build/MMB29P) AppleWebKit/537.36 (KHTML, like Gecko) Chrome/152.0.7977.82 Mobile Safari/537.36 (compatible; Googlebot/2.1; +http://www.google.com/bot.html)"
66.249.79.3 - - [13/Sep/2026:11:24:34 +0300] "GET /?shopdetail/J51822860517 HTTP/1.1" 301 - "-" "Mozilla/5.0 (Linux; Android 6.0.1; Nexus 5X Build/MMB29P) AppleWebKit/537.36 (KHTML, like Gecko) Chrome/152.0.7977.82 Mobile Safari/537.36 (compatible; Googlebot/2.1; +http://www.google.com/bot.html)"
66.249.79.2 - - [13/Sep/2026:11:24:58 +0300] "GET /index.php/pl/?shopdetail/J51822860517 HTTP/1.1" 200 54852 "-" "Mozilla/5.0 (Linux; Android 6.0.1; Nexus 5X Build/MMB29P) AppleWebKit/537.36 (KHTML, like Gecko) Chrome/152.0.7977.82 Mobile Safari/537.36 (compatible; Googlebot/2.1; +http://www.google.com/bot.html)"
66.249.79.3 - - [13/Sep/2026:11:26:33 +0300] "GET /?ID=52222.html HTTP/1.1" 301 - "-" "Mozilla/5.0 (Linux; Android 6.0.1; Nexus 5X Build/MMB29P) AppleWebKit/537.36 (KHTML, like Gecko) Chrome/152.0.7977.82 Mobile Safari/537.36 (compatible; Googlebot/2.1; +http://www.google.com/bot.html)"
66.249.79.2 - - [13/Sep/2026:11:26:35 +0300] "GET /index.php/pl/?ID=52222.html HTTP/1.1" 200 54852 "-" "Mozilla/5.0 (Linux; Android 6.0.1; Nexus 5X Build/MMB29P) AppleWebKit/537.36 (KHTML, like Gecko) Chrome/152.0.7977.82 Mobile Safari/537.36 (compatible; Googlebot/2.1; +http://www.google.com/bot.html)"
66.249.79.3 - - [13/Sep/2026:11:26:49 +0300] "GET /?shopdetail/Y51774364 HTTP/1.1" 301 - "-" "Mozilla/5.0 (Linux; Android 6.0.1; Nexus 5X Build/MMB29P) AppleWebKit/537.36 (KHTML, like Gecko) Chrome/152.0.7977.82 Mobile Safari/537.36 (compatible; Googlebot/2.1; +http://www.google.com/bot.html)"
66.249.79.2 - - [13/Sep/2026:11:26:58 +0300] "GET /index.php/pl/?shopdetail/Y51774364 HTTP/1.1" 200 54852 "-" "Mozilla/5.0 (Linux; Android 6.0.1; Nexus 5X Build/MMB29P) AppleWebKit/537.36 (KHTML, like Gecko) Chrome/152.0.7977.82 Mobile Safari/537.36 (compatible; Googlebot/2.1; +http://www.google.com/bot.html)"
66.249.79.3 - - [13/Sep/2026:11:27:02 +0300] "GET /?shopdetail/A51822748830 HTTP/1.1" 301 - "-" "Mozilla/5.0 (Linux; Android 6.0.1; Nexus 5X Build/MMB29P) AppleWebKit/537.36 (KHTML, like Gecko) Chrome/152.0.7977.82 Mobile Safari/537.36 (compatible; Googlebot/2.1; +http://www.google.com/bot.html)"
66.249.79.1 - - [13/Sep/2026:11:27:16 +0300] "GET /index.php/pl/?shopdetail/A51822748830 HTTP/1.1" 200 54852 "-" "Mozilla/5.0 (Linux; Android 6.0.1; Nexus 5X Build/MMB29P) AppleWebKit/537.36 (KHTML, like Gecko) Chrome/152.0.7977.82 Mobile Safari/537.36 (compatible; Googlebot/2.1; +http://www.google.com/bot.html)"
173.252.70.112 - - [13/Sep/2026:11:28:54 +0300] "GET /robots.txt HTTP/2.0" 206 836 "-" "facebookexternalhit/1.1 (+http://www.facebook.com/externalhit_uatext.php)"
216.73.217.162 - - [13/Sep/2026:11:29:54 +0300] "GET /robots.txt HTTP/2.0" 200 836 "-" "Mozilla/5.0 AppleWebKit/537.36 (KHTML, like Gecko; compatible; ClaudeBot/1.0; +claudebot@anthropic.com)"
216.73.217.162 - - [13/Sep/2026:11:29:54 +0300] "GET /sitemap.xml HTTP/2.0" 200 2536 "-" "Mozilla/5.0 AppleWebKit/537.36 (KHTML, like Gecko; compatible; ClaudeBot/1.0; +claudebot@anthropic.com)"
66.249.79.2 - - [13/Sep/2026:11:30:16 +0300] "GET /robots.txt HTTP/1.1" 200 836 "-" "Mozilla/5.0 (compatible; Googlebot/2.1; +http://www.google.com/bot.html)"