| Current Path : /home/antonen/access-logs/ |
| Current File : //home/antonen/access-logs/keliauk-uk.lt.testams.vhost.lt-ssl_log |
85.208.96.200 - - [12/Sep/2026:15:09:41 +0300] "GET /?sale%2Fsearch%2Fdetail%2F%3FITMCODE=51995497564 HTTP/1.1" 200 31562 "-" "Mozilla/5.0 (compatible; SemrushBot/7~bl; +http://www.semrush.com/bot.html)"
66.249.79.1 - - [12/Sep/2026:15:09:43 +0300] "GET /index.php/zinynas-keliaujantiems?sale/search/detail/?ITMCODE=51992144652 HTTP/1.1" 200 209422 "-" "Mozilla/5.0 (Linux; Android 6.0.1; Nexus 5X Build/MMB29P) AppleWebKit/537.36 (KHTML, like Gecko) Chrome/153.0.8010.36 Mobile Safari/537.36 (compatible; Googlebot/2.1; +http://www.google.com/bot.html)"
66.249.79.1 - - [12/Sep/2026:15:09:44 +0300] "GET /?sale/search/detail/?ITMCODE=51971350240 HTTP/1.1" 200 198206 "-" "Mozilla/5.0 (Linux; Android 6.0.1; Nexus 5X Build/MMB29P) AppleWebKit/537.36 (KHTML, like Gecko) Chrome/153.0.8010.36 Mobile Safari/537.36 (compatible; Googlebot/2.1; +http://www.google.com/bot.html)"
66.249.79.1 - - [12/Sep/2026:15:09:52 +0300] "GET /index.php/zinynas-keliaujantiems?sale/search/detail/?ITMCODE=51981952375 HTTP/1.1" 200 203133 "-" "Mozilla/5.0 (Linux; Android 6.0.1; Nexus 5X Build/MMB29P) AppleWebKit/537.36 (KHTML, like Gecko) Chrome/153.0.8010.36 Mobile Safari/537.36 (compatible; Googlebot/2.1; +http://www.google.com/bot.html)"
66.249.79.1 - - [12/Sep/2026:15:09:53 +0300] "GET /index.php/zinynas-keliaujantiems?sale/search/detail/?ITMCODE=5196955486 HTTP/1.1" 200 235996 "-" "Mozilla/5.0 (Linux; Android 6.0.1; Nexus 5X Build/MMB29P) AppleWebKit/537.36 (KHTML, like Gecko) Chrome/153.0.8010.36 Mobile Safari/537.36 (compatible; Googlebot/2.1; +http://www.google.com/bot.html)"
66.249.79.1 - - [12/Sep/2026:15:09:53 +0300] "GET /index.php/zinynas-keliaujantiems?sale/search/detail/?ITMCODE=51971265242 HTTP/1.1" 200 206231 "-" "Mozilla/5.0 (Linux; Android 6.0.1; Nexus 5X Build/MMB29P) AppleWebKit/537.36 (KHTML, like Gecko) Chrome/153.0.8010.36 Mobile Safari/537.36 (compatible; Googlebot/2.1; +http://www.google.com/bot.html)"
85.208.96.198 - - [12/Sep/2026:15:10:01 +0300] "GET /?sale%2Fsearch%2Fdetail%2F%3FITMCODE=519758382352 HTTP/1.1" 200 31563 "-" "Mozilla/5.0 (compatible; SemrushBot/7~bl; +http://www.semrush.com/bot.html)"
85.208.96.204 - - [12/Sep/2026:15:10:03 +0300] "GET /?sale%2Fsearch%2Fdetail%2F%3FITMCODE=519734189615 HTTP/1.1" 200 31563 "-" "Mozilla/5.0 (compatible; SemrushBot/7~bl; +http://www.semrush.com/bot.html)"
66.249.79.1 - - [12/Sep/2026:15:10:03 +0300] "GET /index.php/zinynas-keliaujantiems?sale/search/detail/?ITMCODE=5196665266 HTTP/1.1" 200 215809 "-" "Mozilla/5.0 (Linux; Android 6.0.1; Nexus 5X Build/MMB29P) AppleWebKit/537.36 (KHTML, like Gecko) Chrome/153.0.8010.36 Mobile Safari/537.36 (compatible; Googlebot/2.1; +http://www.google.com/bot.html)"
57.141.20.64 - - [12/Sep/2026:15:10:12 +0300] "GET /index.php/component/search/?sale/search/detail/?ITMCODE=51998428817&id=1&Itemid=437&format=opensearch HTTP/2.0" 200 584 "-" "Mozilla/5.0 (Macintosh; Intel Mac OS X 10_15_7) AppleWebKit/537.36 (KHTML, like Gecko) Chrome/145.0.0.0 Safari/537.36 (compatible; meta-externalagent/1.1 (+https://developers.facebook.com/docs/sharing/webmasters/crawler))"
185.191.171.12 - - [12/Sep/2026:15:10:13 +0300] "GET /?sale%2Fsearch%2Fdetail%2F%3FITMCODE=520068652557 HTTP/1.1" 200 31563 "-" "Mozilla/5.0 (compatible; SemrushBot/7~bl; +http://www.semrush.com/bot.html)"
66.249.79.2 - - [12/Sep/2026:15:10:16 +0300] "GET /?sale/search/detail/?ITMCODE=51992055622 HTTP/1.1" 200 194728 "-" "Mozilla/5.0 (Linux; Android 6.0.1; Nexus 5X Build/MMB29P) AppleWebKit/537.36 (KHTML, like Gecko) Chrome/153.0.8010.36 Mobile Safari/537.36 (compatible; Googlebot/2.1; +http://www.google.com/bot.html)"
185.191.171.7 - - [12/Sep/2026:15:10:18 +0300] "GET /?sale%2Fsearch%2Fdetail%2F%3FITMCODE=52005765075 HTTP/1.1" 200 31562 "-" "Mozilla/5.0 (compatible; SemrushBot/7~bl; +http://www.semrush.com/bot.html)"
185.191.171.11 - - [12/Sep/2026:15:10:21 +0300] "GET /?sale%2Fsearch%2Fdetail%2F%3FITMCODE=519761216932 HTTP/1.1" 200 31563 "-" "Mozilla/5.0 (compatible; SemrushBot/7~bl; +http://www.semrush.com/bot.html)"
57.141.20.28 - - [12/Sep/2026:15:10:22 +0300] "GET /index.php/component/search/?sale/search/detail/?ITMCODE=519515107425&id=1&Itemid=437&format=opensearch HTTP/2.0" 200 585 "-" "Mozilla/5.0 (Windows NT 10.0; Win64; x64) AppleWebKit/537.36 (KHTML, like Gecko) Chrome/145.0.0.0 Safari/537.36 (compatible; meta-externalagent/1.1 (+https://developers.facebook.com/docs/sharing/webmasters/crawler))"
72.14.199.96 - - [12/Sep/2026:15:10:33 +0300] "GET /index.php/paslaugos?sale/search/detail/?ITMCODE=52002590058 HTTP/1.1" 200 18988 "-" "Mozilla/5.0 (X11; Linux x86_64) AppleWebKit/537.36 (KHTML, like Gecko) Chrome/152.0.7977.64 Safari/537.36"
66.249.79.1 - - [12/Sep/2026:15:10:33 +0300] "GET /index.php/zinynas-keliaujantiems?sale/search/detail/?ITMCODE=5196631211 HTTP/1.1" 200 205038 "-" "Mozilla/5.0 (Linux; Android 6.0.1; Nexus 5X Build/MMB29P) AppleWebKit/537.36 (KHTML, like Gecko) Chrome/153.0.8010.36 Mobile Safari/537.36 (compatible; Googlebot/2.1; +http://www.google.com/bot.html)"
66.249.79.1 - - [12/Sep/2026:15:10:34 +0300] "GET /index.php/zinynas-keliaujantiems?sale/search/detail/?ITMCODE=5196555077 HTTP/1.1" 200 204580 "-" "Mozilla/5.0 (Linux; Android 6.0.1; Nexus 5X Build/MMB29P) AppleWebKit/537.36 (KHTML, like Gecko) Chrome/153.0.8010.36 Mobile Safari/537.36 (compatible; Googlebot/2.1; +http://www.google.com/bot.html)"
72.14.199.96 - - [12/Sep/2026:15:10:36 +0300] "GET /templates/shaper_helix3/css/frontend-edit.css HTTP/1.1" 200 2748 "https://keliauk-uk.lt/index.php/paslaugos?sale/search/detail/?ITMCODE=52002590058" "Mozilla/5.0 (X11; Linux x86_64) AppleWebKit/537.36 (KHTML, like Gecko) Chrome/152.0.7977.64 Safari/537.36"
72.14.199.96 - - [12/Sep/2026:15:10:36 +0300] "GET /templates/shaper_helix3/css/legacy.css HTTP/1.1" 200 27509 "https://keliauk-uk.lt/index.php/paslaugos?sale/search/detail/?ITMCODE=52002590058" "Mozilla/5.0 (X11; Linux x86_64) AppleWebKit/537.36 (KHTML, like Gecko) Chrome/152.0.7977.64 Safari/537.36"
72.14.199.96 - - [12/Sep/2026:15:10:37 +0300] "GET /presets/.css HTTP/1.1" 404 1444 "https://keliauk-uk.lt/index.php/paslaugos?sale/search/detail/?ITMCODE=52002590058" "Mozilla/5.0 (X11; Linux x86_64) AppleWebKit/537.36 (KHTML, like Gecko) Chrome/152.0.7977.64 Safari/537.36"
185.191.171.1 - - [12/Sep/2026:15:10:37 +0300] "GET /?sale%2Fsearch%2Fdetail%2F%3FITMCODE=519819971803 HTTP/1.1" 200 31563 "-" "Mozilla/5.0 (compatible; SemrushBot/7~bl; +http://www.semrush.com/bot.html)"
72.14.199.96 - - [12/Sep/2026:15:10:38 +0300] "GET /templates/shaper_helix3/js/jquery.sticky.js HTTP/1.1" 200 5739 "https://keliauk-uk.lt/index.php/paslaugos?sale/search/detail/?ITMCODE=52002590058" "Mozilla/5.0 (X11; Linux x86_64) AppleWebKit/537.36 (KHTML, like Gecko) Chrome/152.0.7977.64 Safari/537.36"
72.14.199.96 - - [12/Sep/2026:15:10:38 +0300] "GET /media/jui/js/jquery.min.js?9269b06e3acb0506ab6cff0b64adb5e3 HTTP/1.1" 200 96606 "https://keliauk-uk.lt/index.php/paslaugos?sale/search/detail/?ITMCODE=52002590058" "Mozilla/5.0 (X11; Linux x86_64) AppleWebKit/537.36 (KHTML, like Gecko) Chrome/152.0.7977.64 Safari/537.36"
72.14.199.96 - - [12/Sep/2026:15:10:41 +0300] "GET /modules/mod_za_slitslider/js/jquery.slitslider.js HTTP/1.1" 200 16300 "https://keliauk-uk.lt/index.php/paslaugos?sale/search/detail/?ITMCODE=52002590058" "Mozilla/5.0 (X11; Linux x86_64) AppleWebKit/537.36 (KHTML, like Gecko) Chrome/152.0.7977.64 Safari/537.36"
72.14.199.96 - - [12/Sep/2026:15:10:42 +0300] "GET /templates/shaper_helix3/js/frontend-edit.js HTTP/1.1" 200 1948 "https://keliauk-uk.lt/index.php/paslaugos?sale/search/detail/?ITMCODE=52002590058" "Mozilla/5.0 (X11; Linux x86_64) AppleWebKit/537.36 (KHTML, like Gecko) Chrome/152.0.7977.64 Safari/537.36"
72.14.199.96 - - [12/Sep/2026:15:10:43 +0300] "GET /modules/mod_za_slitslider/js/modernizr.custom.79639.js HTTP/1.1" 200 9376 "https://keliauk-uk.lt/index.php/paslaugos?sale/search/detail/?ITMCODE=52002590058" "Mozilla/5.0 (X11; Linux x86_64) AppleWebKit/537.36 (KHTML, like Gecko) Chrome/152.0.7977.64 Safari/537.36"
72.14.199.96 - - [12/Sep/2026:15:10:44 +0300] "GET /images/slide2.jpg HTTP/1.1" 200 126305 "https://keliauk-uk.lt/index.php/paslaugos?sale/search/detail/?ITMCODE=52002590058" "Mozilla/5.0 (X11; Linux x86_64) AppleWebKit/537.36 (KHTML, like Gecko) Chrome/152.0.7977.64 Safari/537.36"
114.119.135.63 - - [12/Sep/2026:15:10:45 +0300] "GET /?sale/search/detail/%3FITMCODE=51987977188 HTTP/1.1" 200 31590 "https://www.keliauk-uk.lt/?sitemap-items.xml" "Mozilla/5.0 (Linux; Android 7.0;) AppleWebKit/537.36 (HTML, like Gecko) Mobile Safari/537.36 (compatible; PetalBot;+https://webmaster.petalsearch.com/site/petalbot)"
72.14.199.96 - - [12/Sep/2026:15:10:46 +0300] "GET /images/slide1.jpg HTTP/1.1" 200 137764 "https://keliauk-uk.lt/index.php/paslaugos?sale/search/detail/?ITMCODE=52002590058" "Mozilla/5.0 (X11; Linux x86_64) AppleWebKit/537.36 (KHTML, like Gecko) Chrome/152.0.7977.64 Safari/537.36"
72.14.199.96 - - [12/Sep/2026:15:10:47 +0300] "GET /media/jui/js/jquery-noconflict.js?9269b06e3acb0506ab6cff0b64adb5e3 HTTP/1.1" 200 21 "https://keliauk-uk.lt/index.php/paslaugos?sale/search/detail/?ITMCODE=52002590058" "Mozilla/5.0 (X11; Linux x86_64) AppleWebKit/537.36 (KHTML, like Gecko) Chrome/152.0.7977.64 Safari/537.36"
72.14.199.96 - - [12/Sep/2026:15:10:47 +0300] "GET /modules/mod_fblikeboxslider/css/style.css HTTP/1.1" 200 490 "https://keliauk-uk.lt/index.php/paslaugos?sale/search/detail/?ITMCODE=52002590058" "Mozilla/5.0 (X11; Linux x86_64) AppleWebKit/537.36 (KHTML, like Gecko) Chrome/152.0.7977.64 Safari/537.36"
72.14.199.96 - - [12/Sep/2026:15:10:48 +0300] "GET /media/system/js/caption.js?9269b06e3acb0506ab6cff0b64adb5e3 HTTP/1.1" 200 491 "https://keliauk-uk.lt/index.php/paslaugos?sale/search/detail/?ITMCODE=52002590058" "Mozilla/5.0 (X11; Linux x86_64) AppleWebKit/537.36 (KHTML, like Gecko) Chrome/152.0.7977.64 Safari/537.36"
72.14.199.96 - - [12/Sep/2026:15:10:47 +0300] "GET /modules/mod_za_slitslider/js/jquery-1.9.1.min.js HTTP/1.1" 200 92629 "https://keliauk-uk.lt/index.php/paslaugos?sale/search/detail/?ITMCODE=52002590058" "Mozilla/5.0 (X11; Linux x86_64) AppleWebKit/537.36 (KHTML, like Gecko) Chrome/152.0.7977.64 Safari/537.36"
72.14.199.96 - - [12/Sep/2026:15:10:48 +0300] "GET /modules/mod_za_slitslider/js/jquery.ba-cond.min.js HTTP/1.1" 200 532 "https://keliauk-uk.lt/index.php/paslaugos?sale/search/detail/?ITMCODE=52002590058" "Mozilla/5.0 (X11; Linux x86_64) AppleWebKit/537.36 (KHTML, like Gecko) Chrome/152.0.7977.64 Safari/537.36"
72.14.199.96 - - [12/Sep/2026:15:10:48 +0300] "GET /modules/mod_za_slitslider/css/style.css HTTP/1.1" 200 2082 "https://keliauk-uk.lt/index.php/paslaugos?sale/search/detail/?ITMCODE=52002590058" "Mozilla/5.0 (X11; Linux x86_64) AppleWebKit/537.36 (KHTML, like Gecko) Chrome/152.0.7977.64 Safari/537.36"
72.14.199.96 - - [12/Sep/2026:15:10:48 +0300] "GET /modules/mod_za_slitslider/css/custom.css HTTP/1.1" 200 12046 "https://keliauk-uk.lt/index.php/paslaugos?sale/search/detail/?ITMCODE=52002590058" "Mozilla/5.0 (X11; Linux x86_64) AppleWebKit/537.36 (KHTML, like Gecko) Chrome/152.0.7977.64 Safari/537.36"
72.14.199.96 - - [12/Sep/2026:15:10:49 +0300] "GET /templates/shaper_helix3/js/main.js HTTP/1.1" 200 8742 "https://keliauk-uk.lt/index.php/paslaugos?sale/search/detail/?ITMCODE=52002590058" "Mozilla/5.0 (X11; Linux x86_64) AppleWebKit/537.36 (KHTML, like Gecko) Chrome/152.0.7977.64 Safari/537.36"
72.14.199.96 - - [12/Sep/2026:15:10:49 +0300] "GET /templates/shaper_helix3/js/bootstrap.min.js HTTP/1.1" 200 37045 "https://keliauk-uk.lt/index.php/paslaugos?sale/search/detail/?ITMCODE=52002590058" "Mozilla/5.0 (X11; Linux x86_64) AppleWebKit/537.36 (KHTML, like Gecko) Chrome/152.0.7977.64 Safari/537.36"
72.14.199.96 - - [12/Sep/2026:15:10:49 +0300] "GET /media/jui/js/jquery-migrate.min.js?9269b06e3acb0506ab6cff0b64adb5e3 HTTP/1.1" 200 10056 "https://keliauk-uk.lt/index.php/paslaugos?sale/search/detail/?ITMCODE=52002590058" "Mozilla/5.0 (X11; Linux x86_64) AppleWebKit/537.36 (KHTML, like Gecko) Chrome/152.0.7977.64 Safari/537.36"
72.14.199.96 - - [12/Sep/2026:15:10:50 +0300] "GET /images/slide3.jpg HTTP/1.1" 200 126379 "https://keliauk-uk.lt/index.php/paslaugos?sale/search/detail/?ITMCODE=52002590058" "Mozilla/5.0 (X11; Linux x86_64) AppleWebKit/537.36 (KHTML, like Gecko) Chrome/152.0.7977.64 Safari/537.36"
72.14.199.96 - - [12/Sep/2026:15:10:50 +0300] "GET /images/powered.png HTTP/1.1" 200 5403 "https://keliauk-uk.lt/index.php/paslaugos?sale/search/detail/?ITMCODE=52002590058" "Mozilla/5.0 (X11; Linux x86_64) AppleWebKit/537.36 (KHTML, like Gecko) Chrome/152.0.7977.64 Safari/537.36"
72.14.199.96 - - [12/Sep/2026:15:10:50 +0300] "GET /modules/mod_fblikeboxslider/images/fb.png HTTP/1.1" 200 9554 "https://keliauk-uk.lt/index.php/paslaugos?sale/search/detail/?ITMCODE=52002590058" "Mozilla/5.0 (X11; Linux x86_64) AppleWebKit/537.36 (KHTML, like Gecko) Chrome/152.0.7977.64 Safari/537.36"
52.167.144.172 - - [12/Sep/2026:15:10:50 +0300] "GET /shop/pg/1721830 HTTP/2.0" 200 201679 "-" "Mozilla/5.0 AppleWebKit/537.36 (KHTML, like Gecko; compatible; bingbot/2.0; +http://www.bing.com/bingbot.htm) Chrome/116.0.1938.76 Safari/537.36"
185.191.171.13 - - [12/Sep/2026:15:10:52 +0300] "GET /?sale%2Fsearch%2Fdetail%2F%3FITMCODE=51956135950 HTTP/1.1" 200 31562 "-" "Mozilla/5.0 (compatible; SemrushBot/7~bl; +http://www.semrush.com/bot.html)"
185.191.171.4 - - [12/Sep/2026:15:10:57 +0300] "GET /?sale%2Fsearch%2Fdetail%2F%3FITMCODE=519554066557 HTTP/1.1" 200 31563 "-" "Mozilla/5.0 (compatible; SemrushBot/7~bl; +http://www.semrush.com/bot.html)"
52.167.144.198 - - [12/Sep/2026:15:10:58 +0300] "GET /shop/pg/1252037 HTTP/2.0" 200 210446 "-" "Mozilla/5.0 AppleWebKit/537.36 (KHTML, like Gecko; compatible; bingbot/2.0; +http://www.bing.com/bingbot.htm) Chrome/116.0.1938.76 Safari/537.36"
66.249.79.3 - - [12/Sep/2026:15:11:00 +0300] "GET /?sale/search/detail/?ITMCODE=51981507530 HTTP/1.1" 200 195991 "-" "Mozilla/5.0 (Linux; Android 6.0.1; Nexus 5X Build/MMB29P) AppleWebKit/537.36 (KHTML, like Gecko) Chrome/153.0.8010.36 Mobile Safari/537.36 (compatible; Googlebot/2.1; +http://www.google.com/bot.html)"
66.249.79.1 - - [12/Sep/2026:15:11:15 +0300] "GET /index.php/zinynas-keliaujantiems?sale/search/detail/?ITMCODE=51971225492 HTTP/1.1" 200 204166 "-" "Mozilla/5.0 (Linux; Android 6.0.1; Nexus 5X Build/MMB29P) AppleWebKit/537.36 (KHTML, like Gecko) Chrome/153.0.8010.36 Mobile Safari/537.36 (compatible; Googlebot/2.1; +http://www.google.com/bot.html)"
66.249.79.1 - - [12/Sep/2026:15:11:30 +0300] "GET /index.php/zinynas-keliaujantiems?sale/search/detail/?ITMCODE=51971161621 HTTP/1.1" 200 204662 "-" "Mozilla/5.0 (Linux; Android 6.0.1; Nexus 5X Build/MMB29P) AppleWebKit/537.36 (KHTML, like Gecko) Chrome/153.0.8010.36 Mobile Safari/537.36 (compatible; Googlebot/2.1; +http://www.google.com/bot.html)"
66.249.79.1 - - [12/Sep/2026:15:11:35 +0300] "GET /index.php/zinynas-keliaujantiems?sale/search/detail/?ITMCODE=51992244479 HTTP/1.1" 200 207647 "-" "Mozilla/5.0 (Linux; Android 6.0.1; Nexus 5X Build/MMB29P) AppleWebKit/537.36 (KHTML, like Gecko) Chrome/153.0.8010.36 Mobile Safari/537.36 (compatible; Googlebot/2.1; +http://www.google.com/bot.html)"
66.249.79.1 - - [12/Sep/2026:15:11:36 +0300] "GET /?sale/search/detail/?ITMCODE=51981592437 HTTP/1.1" 200 213629 "-" "Mozilla/5.0 (Linux; Android 6.0.1; Nexus 5X Build/MMB29P) AppleWebKit/537.36 (KHTML, like Gecko) Chrome/153.0.8010.36 Mobile Safari/537.36 (compatible; Googlebot/2.1; +http://www.google.com/bot.html)"
66.249.79.1 - - [12/Sep/2026:15:11:40 +0300] "GET /?sale/search/detail/?ITMCODE=5196649642 HTTP/1.1" 200 201703 "-" "Mozilla/5.0 (Linux; Android 6.0.1; Nexus 5X Build/MMB29P) AppleWebKit/537.36 (KHTML, like Gecko) Chrome/153.0.8010.36 Mobile Safari/537.36 (compatible; Googlebot/2.1; +http://www.google.com/bot.html)"
57.141.20.69 - - [12/Sep/2026:15:11:42 +0300] "GET /index.php/component/search/?sale/search/detail/?ITMCODE=520092731034& HTTP/2.0" 200 19807 "-" "Mozilla/5.0 (Macintosh; Intel Mac OS X 10_15_7) AppleWebKit/537.36 (KHTML, like Gecko) Chrome/145.0.0.0 Safari/537.36 (compatible; meta-externalagent/1.1 (+https://developers.facebook.com/docs/sharing/webmasters/crawler))"
57.141.20.32 - - [12/Sep/2026:15:11:43 +0300] "GET /presets/.css HTTP/2.0" 404 1461 "https://keliauk-uk.lt.testams.vhost.lt/index.php/component/search/?sale/search/detail/?ITMCODE=520092731034&" "Mozilla/5.0 (Macintosh; Intel Mac OS X 10_15_7) AppleWebKit/537.36 (KHTML, like Gecko) Chrome/145.0.0.0 Safari/537.36 (compatible; meta-externalagent/1.1 (+https://developers.facebook.com/docs/sharing/webmasters/crawler))"
57.141.20.8 - - [12/Sep/2026:15:11:45 +0300] "GET /index.php/component/search/?sale/search/detail/?ITMCODE=520020717302&id=1&Itemid=437&format=opensearch HTTP/2.0" 200 585 "-" "Mozilla/5.0 (Windows NT 10.0; Win64; x64) AppleWebKit/537.36 (KHTML, like Gecko) Chrome/145.0.0.0 Safari/537.36 (compatible; meta-externalagent/1.1 (+https://developers.facebook.com/docs/sharing/webmasters/crawler))"
57.141.20.65 - - [12/Sep/2026:15:12:08 +0300] "GET /?sale/search/detail/?ITMCODE=520044680957 HTTP/2.0" 200 31591 "-" "Mozilla/5.0 (Macintosh; Intel Mac OS X 10_15_7) AppleWebKit/537.36 (KHTML, like Gecko) Chrome/145.0.0.0 Safari/537.36 (compatible; meta-externalagent/1.1 (+https://developers.facebook.com/docs/sharing/webmasters/crawler))"
114.119.152.47 - - [12/Sep/2026:15:12:10 +0300] "GET /?sale/search/detail/%3FITMCODE=51987972988 HTTP/1.1" 200 31590 "https://www.keliauk-uk.lt/?sitemap-items.xml" "Mozilla/5.0 (Linux; Android 7.0;) AppleWebKit/537.36 (HTML, like Gecko) Mobile Safari/537.36 (compatible; PetalBot;+https://webmaster.petalsearch.com/site/petalbot)"
85.208.96.201 - - [12/Sep/2026:15:12:20 +0300] "GET /?sale%2Fsearch%2Fdetail%2F%3FITMCODE=519669758492 HTTP/1.1" 200 31563 "-" "Mozilla/5.0 (compatible; SemrushBot/7~bl; +http://www.semrush.com/bot.html)"
66.249.79.2 - - [12/Sep/2026:15:12:39 +0300] "GET /?sale/search/detail/?ITMCODE=51992349546 HTTP/1.1" 200 193849 "-" "Mozilla/5.0 (Linux; Android 6.0.1; Nexus 5X Build/MMB29P) AppleWebKit/537.36 (KHTML, like Gecko) Chrome/153.0.8010.36 Mobile Safari/537.36 (compatible; Googlebot/2.1; +http://www.google.com/bot.html)"
66.249.79.1 - - [12/Sep/2026:15:12:40 +0300] "GET /index.php/zinynas-keliaujantiems?sale/search/detail/?ITMCODE=5195490699 HTTP/1.1" 200 210350 "-" "Mozilla/5.0 (Linux; Android 6.0.1; Nexus 5X Build/MMB29P) AppleWebKit/537.36 (KHTML, like Gecko) Chrome/153.0.8010.36 Mobile Safari/537.36 (compatible; Googlebot/2.1; +http://www.google.com/bot.html)"
66.249.79.3 - - [12/Sep/2026:15:12:42 +0300] "GET /index.php/zinynas-keliaujantiems?sale/search/detail/?ITMCODE=51992057344 HTTP/1.1" 200 203430 "-" "Mozilla/5.0 (Linux; Android 6.0.1; Nexus 5X Build/MMB29P) AppleWebKit/537.36 (KHTML, like Gecko) Chrome/153.0.8010.36 Mobile Safari/537.36 (compatible; Googlebot/2.1; +http://www.google.com/bot.html)"
57.141.20.18 - - [12/Sep/2026:15:12:48 +0300] "GET /index.php/component/search/?sale/search/detail/?ITMCODE=51959127936&id=1&Itemid=437&format=opensearch HTTP/2.0" 200 584 "-" "Mozilla/5.0 (Macintosh; Intel Mac OS X 10_15_7) AppleWebKit/537.36 (KHTML, like Gecko) Chrome/145.0.0.0 Safari/537.36 (compatible; meta-externalagent/1.1 (+https://developers.facebook.com/docs/sharing/webmasters/crawler))"
66.249.79.1 - - [12/Sep/2026:15:12:54 +0300] "GET /index.php/zinynas-keliaujantiems?sale/search/detail/?ITMCODE=51981582181 HTTP/1.1" 200 205661 "-" "Mozilla/5.0 (Linux; Android 6.0.1; Nexus 5X Build/MMB29P) AppleWebKit/537.36 (KHTML, like Gecko) Chrome/153.0.8010.36 Mobile Safari/537.36 (compatible; Googlebot/2.1; +http://www.google.com/bot.html)"
185.191.171.3 - - [12/Sep/2026:15:12:56 +0300] "GET /?sale%2Fsearch%2Fdetail%2F%3FITMCODE=519633878287 HTTP/1.1" 200 31563 "-" "Mozilla/5.0 (compatible; SemrushBot/7~bl; +http://www.semrush.com/bot.html)"
66.249.79.1 - - [12/Sep/2026:15:12:58 +0300] "GET /index.php/zinynas-keliaujantiems?sale/search/detail/?ITMCODE=5196913948 HTTP/1.1" 200 224343 "-" "Mozilla/5.0 (Linux; Android 6.0.1; Nexus 5X Build/MMB29P) AppleWebKit/537.36 (KHTML, like Gecko) Chrome/153.0.8010.36 Mobile Safari/537.36 (compatible; Googlebot/2.1; +http://www.google.com/bot.html)"
57.141.20.25 - - [12/Sep/2026:15:12:58 +0300] "GET /index.php/component/search/?sale/search/detail/?ITMCODE=519920135836& HTTP/2.0" 200 19807 "-" "Mozilla/5.0 (Macintosh; Intel Mac OS X 10_15_7) AppleWebKit/537.36 (KHTML, like Gecko) Chrome/145.0.0.0 Safari/537.36 (compatible; meta-externalagent/1.1 (+https://developers.facebook.com/docs/sharing/webmasters/crawler))"
85.208.96.196 - - [12/Sep/2026:15:13:02 +0300] "GET /?sale%2Fsearch%2Fdetail%2F%3FITMCODE=520068757344 HTTP/1.1" 200 31563 "-" "Mozilla/5.0 (compatible; SemrushBot/7~bl; +http://www.semrush.com/bot.html)"
85.208.96.205 - - [12/Sep/2026:15:13:04 +0300] "GET /?sale%2Fsearch%2Fdetail%2F%3FITMCODE=51966798575 HTTP/1.1" 200 31562 "-" "Mozilla/5.0 (compatible; SemrushBot/7~bl; +http://www.semrush.com/bot.html)"
66.249.79.1 - - [12/Sep/2026:15:13:05 +0300] "GET /index.php/zinynas-keliaujantiems?sale/search/detail/?ITMCODE=51992399371 HTTP/1.1" 200 205187 "-" "Mozilla/5.0 (Linux; Android 6.0.1; Nexus 5X Build/MMB29P) AppleWebKit/537.36 (KHTML, like Gecko) Chrome/153.0.8010.36 Mobile Safari/537.36 (compatible; Googlebot/2.1; +http://www.google.com/bot.html)"
85.208.96.206 - - [12/Sep/2026:15:13:07 +0300] "GET /?sale%2Fsearch%2Fdetail%2F%3FITMCODE=51966602075 HTTP/1.1" 200 31562 "-" "Mozilla/5.0 (compatible; SemrushBot/7~bl; +http://www.semrush.com/bot.html)"
66.249.79.1 - - [12/Sep/2026:15:13:07 +0300] "GET /index.php/zinynas-keliaujantiems?sale/search/detail/?ITMCODE=51981946733 HTTP/1.1" 200 216164 "-" "Mozilla/5.0 (Linux; Android 6.0.1; Nexus 5X Build/MMB29P) AppleWebKit/537.36 (KHTML, like Gecko) Chrome/153.0.8010.36 Mobile Safari/537.36 (compatible; Googlebot/2.1; +http://www.google.com/bot.html)"
57.141.20.65 - - [12/Sep/2026:15:13:08 +0300] "GET /index.php/component/search/?sale/search/detail/?ITMCODE=519615868945& HTTP/2.0" 200 19807 "-" "Mozilla/5.0 (Windows NT 10.0; Win64; x64) AppleWebKit/537.36 (KHTML, like Gecko) Chrome/145.0.0.0 Safari/537.36 (compatible; meta-externalagent/1.1 (+https://developers.facebook.com/docs/sharing/webmasters/crawler))"
85.208.96.196 - - [12/Sep/2026:15:13:11 +0300] "GET /?sale%2Fsearch%2Fdetail%2F%3FITMCODE=51956363893 HTTP/1.1" 200 31562 "-" "Mozilla/5.0 (compatible; SemrushBot/7~bl; +http://www.semrush.com/bot.html)"
85.208.96.205 - - [12/Sep/2026:15:13:13 +0300] "GET /?sale%2Fsearch%2Fdetail%2F%3FITMCODE=51966949536 HTTP/1.1" 200 31562 "-" "Mozilla/5.0 (compatible; SemrushBot/7~bl; +http://www.semrush.com/bot.html)"
66.249.79.2 - - [12/Sep/2026:15:13:30 +0300] "GET /index.php/zinynas-keliaujantiems?sale/search/detail/?ITMCODE=5195270871 HTTP/1.1" 200 204402 "-" "Mozilla/5.0 (Linux; Android 6.0.1; Nexus 5X Build/MMB29P) AppleWebKit/537.36 (KHTML, like Gecko) Chrome/153.0.8010.36 Mobile Safari/537.36 (compatible; Googlebot/2.1; +http://www.google.com/bot.html)"
66.249.79.1 - - [12/Sep/2026:15:13:31 +0300] "GET /index.php/zinynas-keliaujantiems?sale/search/detail/?ITMCODE=51971466684 HTTP/1.1" 200 226230 "-" "Mozilla/5.0 (Linux; Android 6.0.1; Nexus 5X Build/MMB29P) AppleWebKit/537.36 (KHTML, like Gecko) Chrome/153.0.8010.36 Mobile Safari/537.36 (compatible; Googlebot/2.1; +http://www.google.com/bot.html)"
114.119.135.63 - - [12/Sep/2026:15:13:34 +0300] "GET /?sale/search/detail/%3FITMCODE=51987971391 HTTP/1.1" 200 31590 "https://www.keliauk-uk.lt/?sitemap-products.xml" "Mozilla/5.0 (Linux; Android 7.0;) AppleWebKit/537.36 (HTML, like Gecko) Mobile Safari/537.36 (compatible; PetalBot;+https://webmaster.petalsearch.com/site/petalbot)"
66.249.79.1 - - [12/Sep/2026:15:13:40 +0300] "GET /index.php/zinynas-keliaujantiems?sale/search/detail/?ITMCODE=51992165091 HTTP/1.1" 200 203693 "-" "Mozilla/5.0 (Linux; Android 6.0.1; Nexus 5X Build/MMB29P) AppleWebKit/537.36 (KHTML, like Gecko) Chrome/153.0.8010.36 Mobile Safari/537.36 (compatible; Googlebot/2.1; +http://www.google.com/bot.html)"
85.208.96.195 - - [12/Sep/2026:15:13:41 +0300] "GET /?sale%2Fsearch%2Fdetail%2F%3FITMCODE=51992405961 HTTP/1.1" 200 31562 "-" "Mozilla/5.0 (compatible; SemrushBot/7~bl; +http://www.semrush.com/bot.html)"
185.191.171.7 - - [12/Sep/2026:15:13:42 +0300] "GET /?sale%2Fsearch%2Fdetail%2F%3FITMCODE=52005587325 HTTP/1.1" 200 31562 "-" "Mozilla/5.0 (compatible; SemrushBot/7~bl; +http://www.semrush.com/bot.html)"
85.208.96.210 - - [12/Sep/2026:15:13:45 +0300] "GET /?sale%2Fsearch%2Fdetail%2F%3FITMCODE=51963740946 HTTP/1.1" 200 31562 "-" "Mozilla/5.0 (compatible; SemrushBot/7~bl; +http://www.semrush.com/bot.html)"
57.141.20.64 - - [12/Sep/2026:15:13:46 +0300] "GET /index.php/component/search/?sale/search/detail/?ITMCODE=519917473340&id=1&Itemid=437&format=opensearch HTTP/2.0" 200 585 "-" "Mozilla/5.0 (Windows NT 10.0; Win64; x64) AppleWebKit/537.36 (KHTML, like Gecko) Chrome/145.0.0.0 Safari/537.36 (compatible; meta-externalagent/1.1 (+https://developers.facebook.com/docs/sharing/webmasters/crawler))"
85.208.96.207 - - [12/Sep/2026:15:13:52 +0300] "GET /?sale%2Fsearch%2Fdetail%2F%3FITMCODE=519867836416 HTTP/1.1" 200 31563 "-" "Mozilla/5.0 (compatible; SemrushBot/7~bl; +http://www.semrush.com/bot.html)"
66.249.79.1 - - [12/Sep/2026:15:13:54 +0300] "GET /index.php/zinynas-keliaujantiems?sale/search/detail/?ITMCODE=52002647785 HTTP/1.1" 200 238589 "-" "Mozilla/5.0 (Linux; Android 6.0.1; Nexus 5X Build/MMB29P) AppleWebKit/537.36 (KHTML, like Gecko) Chrome/153.0.8010.36 Mobile Safari/537.36 (compatible; Googlebot/2.1; +http://www.google.com/bot.html)"
85.208.96.210 - - [12/Sep/2026:15:14:04 +0300] "GET /?sale%2Fsearch%2Fdetail%2F%3FITMCODE=51963672600 HTTP/1.1" 200 31562 "-" "Mozilla/5.0 (compatible; SemrushBot/7~bl; +http://www.semrush.com/bot.html)"
85.208.96.196 - - [12/Sep/2026:15:14:16 +0300] "GET /?sale%2Fsearch%2Fdetail%2F%3FITMCODE=51963575878 HTTP/1.1" 200 31562 "-" "Mozilla/5.0 (compatible; SemrushBot/7~bl; +http://www.semrush.com/bot.html)"
185.191.171.16 - - [12/Sep/2026:15:14:22 +0300] "GET /?sale%2Fsearch%2Fdetail%2F%3FITMCODE=51963893475 HTTP/1.1" 200 31562 "-" "Mozilla/5.0 (compatible; SemrushBot/7~bl; +http://www.semrush.com/bot.html)"
66.249.79.3 - - [12/Sep/2026:15:14:24 +0300] "GET /index.php/zinynas-keliaujantiems?sale/search/detail/?ITMCODE=5195280691 HTTP/1.1" 200 212784 "-" "Mozilla/5.0 (Linux; Android 6.0.1; Nexus 5X Build/MMB29P) AppleWebKit/537.36 (KHTML, like Gecko) Chrome/153.0.8010.36 Mobile Safari/537.36 (compatible; Googlebot/2.1; +http://www.google.com/bot.html)"
185.191.171.2 - - [12/Sep/2026:15:14:27 +0300] "GET /robots.txt HTTP/1.1" 200 115 "-" "Mozilla/5.0 (compatible; SemrushBot/7~bl; +http://www.semrush.com/bot.html)"
85.208.96.205 - - [12/Sep/2026:15:14:28 +0300] "GET /?sale%2Fsearch%2Fdetail%2F%3FITMCODE=519651905477 HTTP/1.1" 200 31563 "-" "Mozilla/5.0 (compatible; SemrushBot/7~bl; +http://www.semrush.com/bot.html)"
52.167.144.198 - - [12/Sep/2026:15:14:29 +0300] "GET /shop/pg/2958526 HTTP/2.0" 200 199999 "-" "Mozilla/5.0 AppleWebKit/537.36 (KHTML, like Gecko; compatible; bingbot/2.0; +http://www.bing.com/bingbot.htm) Chrome/116.0.1938.76 Safari/537.36"
66.249.79.2 - - [12/Sep/2026:15:14:30 +0300] "GET /index.php/zinynas-keliaujantiems?sale/search/detail/?ITMCODE=5195320669 HTTP/1.1" 200 213555 "-" "Mozilla/5.0 (Linux; Android 6.0.1; Nexus 5X Build/MMB29P) AppleWebKit/537.36 (KHTML, like Gecko) Chrome/153.0.8010.36 Mobile Safari/537.36 (compatible; Googlebot/2.1; +http://www.google.com/bot.html)"
66.249.79.1 - - [12/Sep/2026:15:14:30 +0300] "GET /index.php/zinynas-keliaujantiems?sale/search/detail/?ITMCODE=51992381356 HTTP/1.1" 200 213189 "-" "Mozilla/5.0 (Linux; Android 6.0.1; Nexus 5X Build/MMB29P) AppleWebKit/537.36 (KHTML, like Gecko) Chrome/153.0.8010.36 Mobile Safari/537.36 (compatible; Googlebot/2.1; +http://www.google.com/bot.html)"
57.141.20.8 - - [12/Sep/2026:15:14:39 +0300] "GET /index.php/component/search/?sale/search/detail/?ITMCODE=51987659478&id=1&Itemid=437&format=opensearch HTTP/2.0" 200 584 "-" "Mozilla/5.0 (Macintosh; Intel Mac OS X 10_15_7) AppleWebKit/537.36 (KHTML, like Gecko) Chrome/145.0.0.0 Safari/537.36 (compatible; meta-externalagent/1.1 (+https://developers.facebook.com/docs/sharing/webmasters/crawler))"
85.208.96.206 - - [12/Sep/2026:15:14:40 +0300] "GET /?sale%2Fsearch%2Fdetail%2F%3FITMCODE=519690607056 HTTP/1.1" 200 31563 "-" "Mozilla/5.0 (compatible; SemrushBot/7~bl; +http://www.semrush.com/bot.html)"
57.141.20.73 - - [12/Sep/2026:15:14:42 +0300] "GET /index.php/component/search/?sale/search/detail/?ITMCODE=51974222092&format=opensearch HTTP/2.0" 200 560 "-" "Mozilla/5.0 (Macintosh; Intel Mac OS X 10_15_7) AppleWebKit/537.36 (KHTML, like Gecko) Chrome/145.0.0.0 Safari/537.36 (compatible; meta-externalagent/1.1 (+https://developers.facebook.com/docs/sharing/webmasters/crawler))"
57.141.20.34 - - [12/Sep/2026:15:14:50 +0300] "GET /index.php/component/search/?sale/search/detail/?ITMCODE=519675504806&id=1&Itemid=437&format=opensearch HTTP/2.0" 200 585 "-" "Mozilla/5.0 (Windows NT 10.0; Win64; x64) AppleWebKit/537.36 (KHTML, like Gecko) Chrome/145.0.0.0 Safari/537.36 (compatible; meta-externalagent/1.1 (+https://developers.facebook.com/docs/sharing/webmasters/crawler))"
185.191.171.17 - - [12/Sep/2026:15:14:51 +0300] "GET /?sale%2Fsearch%2Fdetail%2F%3FITMCODE=519651738167 HTTP/1.1" 200 31563 "-" "Mozilla/5.0 (compatible; SemrushBot/7~bl; +http://www.semrush.com/bot.html)"
66.249.79.1 - - [12/Sep/2026:15:14:58 +0300] "GET /index.php/zinynas-keliaujantiems?sale/search/detail/?ITMCODE=5196672818 HTTP/1.1" 200 204154 "-" "Mozilla/5.0 (Linux; Android 6.0.1; Nexus 5X Build/MMB29P) AppleWebKit/537.36 (KHTML, like Gecko) Chrome/153.0.8010.36 Mobile Safari/537.36 (compatible; Googlebot/2.1; +http://www.google.com/bot.html)"
114.119.144.15 - - [12/Sep/2026:15:14:58 +0300] "GET /?sale/search/detail/%3FITMCODE=51987970290 HTTP/1.1" 200 31590 "https://www.keliauk-uk.lt/?sitemap-shopdetail.xml" "Mozilla/5.0 (Linux; Android 7.0;) AppleWebKit/537.36 (HTML, like Gecko) Mobile Safari/537.36 (compatible; PetalBot;+https://webmaster.petalsearch.com/site/petalbot)"
185.191.171.1 - - [12/Sep/2026:15:14:58 +0300] "GET /?sale%2Fsearch%2Fdetail%2F%3FITMCODE=519660507033 HTTP/1.1" 200 31563 "-" "Mozilla/5.0 (compatible; SemrushBot/7~bl; +http://www.semrush.com/bot.html)"
66.249.79.1 - - [12/Sep/2026:15:15:07 +0300] "GET /index.php/zinynas-keliaujantiems?sale/search/detail/?ITMCODE=51981536423 HTTP/1.1" 200 205321 "-" "Mozilla/5.0 (Linux; Android 6.0.1; Nexus 5X Build/MMB29P) AppleWebKit/537.36 (KHTML, like Gecko) Chrome/153.0.8010.36 Mobile Safari/537.36 (compatible; Googlebot/2.1; +http://www.google.com/bot.html)"
66.249.79.2 - - [12/Sep/2026:15:15:14 +0300] "GET /index.php/zinynas-keliaujantiems?sale/search/detail/?ITMCODE=5195465209 HTTP/1.1" 200 209723 "-" "Mozilla/5.0 (Linux; Android 6.0.1; Nexus 5X Build/MMB29P) AppleWebKit/537.36 (KHTML, like Gecko) Chrome/153.0.8010.36 Mobile Safari/537.36 (compatible; Googlebot/2.1; +http://www.google.com/bot.html)"
66.249.79.1 - - [12/Sep/2026:15:15:18 +0300] "GET /index.php/zinynas-keliaujantiems?sale/search/detail/?ITMCODE=52002723653 HTTP/1.1" 200 202494 "-" "Mozilla/5.0 (Linux; Android 6.0.1; Nexus 5X Build/MMB29P) AppleWebKit/537.36 (KHTML, like Gecko) Chrome/153.0.8010.36 Mobile Safari/537.36 (compatible; Googlebot/2.1; +http://www.google.com/bot.html)"
52.167.144.172 - - [12/Sep/2026:15:15:30 +0300] "GET /?sale/search/detail/?ITMCODE=51992315445 HTTP/2.0" 200 211624 "-" "Mozilla/5.0 AppleWebKit/537.36 (KHTML, like Gecko; compatible; bingbot/2.0; +http://www.bing.com/bingbot.htm) Chrome/116.0.1938.76 Safari/537.36"
57.141.20.9 - - [12/Sep/2026:15:16:05 +0300] "GET /index.php/component/search/?sale/search/detail/?ITMCODE=519813561711&id=1&Itemid=437&format=opensearch HTTP/2.0" 200 585 "-" "Mozilla/5.0 (Macintosh; Intel Mac OS X 10_15_7) AppleWebKit/537.36 (KHTML, like Gecko) Chrome/145.0.0.0 Safari/537.36 (compatible; meta-externalagent/1.1 (+https://developers.facebook.com/docs/sharing/webmasters/crawler))"
85.208.96.207 - - [12/Sep/2026:15:16:08 +0300] "GET /?sale%2Fsearch%2Fdetail%2F%3FITMCODE=519953297777 HTTP/1.1" 200 31563 "-" "Mozilla/5.0 (compatible; SemrushBot/7~bl; +http://www.semrush.com/bot.html)"
114.119.137.116 - - [12/Sep/2026:15:16:22 +0300] "GET /?sale/search/detail/%3FITMCODE=51987968907 HTTP/1.1" 200 31590 "https://www.keliauk-uk.lt/?sitemap-items.xml" "Mozilla/5.0 (Linux; Android 7.0;) AppleWebKit/537.36 (HTML, like Gecko) Mobile Safari/537.36 (compatible; PetalBot;+https://webmaster.petalsearch.com/site/petalbot)"
66.249.79.3 - - [12/Sep/2026:15:16:26 +0300] "GET /index.php/zinynas-keliaujantiems?shop/c/c519810008/ HTTP/1.1" 200 276640 "-" "Mozilla/5.0 (Linux; Android 6.0.1; Nexus 5X Build/MMB29P) AppleWebKit/537.36 (KHTML, like Gecko) Chrome/153.0.8010.36 Mobile Safari/537.36 (compatible; Googlebot/2.1; +http://www.google.com/bot.html)"
185.191.171.11 - - [12/Sep/2026:15:16:29 +0300] "GET /?sale%2Fsearch%2Fdetail%2F%3FITMCODE=519858906785 HTTP/1.1" 200 31563 "-" "Mozilla/5.0 (compatible; SemrushBot/7~bl; +http://www.semrush.com/bot.html)"
57.141.20.65 - - [12/Sep/2026:15:16:53 +0300] "GET /index.php/component/search/?sale/search/detail/?ITMCODE=519716100200& HTTP/2.0" 200 19807 "-" "Mozilla/5.0 (Macintosh; Intel Mac OS X 10_15_7) AppleWebKit/537.36 (KHTML, like Gecko) Chrome/145.0.0.0 Safari/537.36 (compatible; meta-externalagent/1.1 (+https://developers.facebook.com/docs/sharing/webmasters/crawler))"
185.191.171.16 - - [12/Sep/2026:15:16:56 +0300] "GET /?sale%2Fsearch%2Fdetail%2F%3FITMCODE=519557134997 HTTP/1.1" 200 31563 "-" "Mozilla/5.0 (compatible; SemrushBot/7~bl; +http://www.semrush.com/bot.html)"
57.141.20.33 - - [12/Sep/2026:15:17:13 +0300] "GET /index.php/component/search/?sale/search/detail/?ITMCODE=519810933852&format=opensearch HTTP/2.0" 200 561 "-" "Mozilla/5.0 (Windows NT 10.0; Win64; x64) AppleWebKit/537.36 (KHTML, like Gecko) Chrome/145.0.0.0 Safari/537.36 (compatible; meta-externalagent/1.1 (+https://developers.facebook.com/docs/sharing/webmasters/crawler))"
85.208.96.195 - - [12/Sep/2026:15:17:15 +0300] "GET /?sale%2Fsearch%2Fdetail%2F%3FITMCODE=519657712893 HTTP/1.1" 200 31563 "-" "Mozilla/5.0 (compatible; SemrushBot/7~bl; +http://www.semrush.com/bot.html)"
185.191.171.4 - - [12/Sep/2026:15:17:17 +0300] "GET /?sale%2Fsearch%2Fdetail%2F%3FITMCODE=519551497888 HTTP/1.1" 200 31563 "-" "Mozilla/5.0 (compatible; SemrushBot/7~bl; +http://www.semrush.com/bot.html)"
57.141.20.18 - - [12/Sep/2026:15:17:27 +0300] "GET /index.php/component/search/?sale/search/detail/?ITMCODE=520080904956&format=opensearch HTTP/2.0" 200 561 "-" "Mozilla/5.0 (Macintosh; Intel Mac OS X 10_15_7) AppleWebKit/537.36 (KHTML, like Gecko) Chrome/145.0.0.0 Safari/537.36 (compatible; meta-externalagent/1.1 (+https://developers.facebook.com/docs/sharing/webmasters/crawler))"
66.249.79.2 - - [12/Sep/2026:15:17:27 +0300] "GET /index.php/zinynas-keliaujantiems?sale/search/detail/?ITMCODE=51992441398 HTTP/1.1" 200 207631 "-" "Mozilla/5.0 (Linux; Android 6.0.1; Nexus 5X Build/MMB29P) AppleWebKit/537.36 (KHTML, like Gecko) Chrome/153.0.8010.36 Mobile Safari/537.36 (compatible; Googlebot/2.1; +http://www.google.com/bot.html)"
57.141.20.60 - - [12/Sep/2026:15:17:32 +0300] "GET /index.php/component/search/?sale/search/detail/?ITMCODE=519575249781& HTTP/2.0" 200 19729 "-" "Mozilla/5.0 (Windows NT 10.0; Win64; x64) AppleWebKit/537.36 (KHTML, like Gecko) Chrome/145.0.0.0 Safari/537.36 (compatible; meta-externalagent/1.1 (+https://developers.facebook.com/docs/sharing/webmasters/crawler))"
185.191.171.9 - - [12/Sep/2026:15:17:33 +0300] "GET /?sale%2Fsearch%2Fdetail%2F%3FITMCODE=52005969993 HTTP/1.1" 200 31562 "-" "Mozilla/5.0 (compatible; SemrushBot/7~bl; +http://www.semrush.com/bot.html)"
57.141.20.8 - - [12/Sep/2026:15:17:34 +0300] "GET /presets/.css HTTP/2.0" 404 1448 "https://www.keliauk-uk.lt/index.php/component/search/?sale/search/detail/?ITMCODE=519575249781&" "Mozilla/5.0 (Windows NT 10.0; Win64; x64) AppleWebKit/537.36 (KHTML, like Gecko) Chrome/145.0.0.0 Safari/537.36 (compatible; meta-externalagent/1.1 (+https://developers.facebook.com/docs/sharing/webmasters/crawler))"
57.141.20.9 - - [12/Sep/2026:15:17:40 +0300] "GET /index.php/component/search/?sale/search/detail/?ITMCODE=519816575215&id=1&Itemid=437&format=opensearch HTTP/2.0" 200 585 "-" "Mozilla/5.0 (Macintosh; Intel Mac OS X 10_15_7) AppleWebKit/537.36 (KHTML, like Gecko) Chrome/145.0.0.0 Safari/537.36 (compatible; meta-externalagent/1.1 (+https://developers.facebook.com/docs/sharing/webmasters/crawler))"
66.249.79.1 - - [12/Sep/2026:15:17:42 +0300] "GET /index.php/zinynas-keliaujantiems?sale/search/detail/?ITMCODE=51992245266 HTTP/1.1" 200 205442 "-" "Mozilla/5.0 (Linux; Android 6.0.1; Nexus 5X Build/MMB29P) AppleWebKit/537.36 (KHTML, like Gecko) Chrome/153.0.8010.36 Mobile Safari/537.36 (compatible; Googlebot/2.1; +http://www.google.com/bot.html)"
114.119.144.15 - - [12/Sep/2026:15:17:44 +0300] "GET /?sale/search/detail/%3FITMCODE=51987967155 HTTP/1.1" 200 31590 "https://www.keliauk-uk.lt/?sitemap-items.xml" "Mozilla/5.0 (Linux; Android 7.0;) AppleWebKit/537.36 (HTML, like Gecko) Mobile Safari/537.36 (compatible; PetalBot;+https://webmaster.petalsearch.com/site/petalbot)"
85.208.96.196 - - [12/Sep/2026:15:17:48 +0300] "GET /?sale%2Fsearch%2Fdetail%2F%3FITMCODE=519690767034 HTTP/1.1" 200 31563 "-" "Mozilla/5.0 (compatible; SemrushBot/7~bl; +http://www.semrush.com/bot.html)"
66.249.79.1 - - [12/Sep/2026:15:17:48 +0300] "GET /index.php/zinynas-keliaujantiems?sale/search/detail/?ITMCODE=51981897991 HTTP/1.1" 200 206700 "-" "Mozilla/5.0 (Linux; Android 6.0.1; Nexus 5X Build/MMB29P) AppleWebKit/537.36 (KHTML, like Gecko) Chrome/153.0.8010.36 Mobile Safari/537.36 (compatible; Googlebot/2.1; +http://www.google.com/bot.html)"
66.249.79.3 - - [12/Sep/2026:15:18:00 +0300] "GET /index.php/zinynas-keliaujantiems?sale/search/detail/?ITMCODE=5195425910 HTTP/1.1" 200 234483 "-" "Mozilla/5.0 (Linux; Android 6.0.1; Nexus 5X Build/MMB29P) AppleWebKit/537.36 (KHTML, like Gecko) Chrome/153.0.8010.36 Mobile Safari/537.36 (compatible; Googlebot/2.1; +http://www.google.com/bot.html)"
57.141.20.0 - - [12/Sep/2026:15:18:02 +0300] "GET /index.php/component/search/?sale/search/detail/?ITMCODE=519758160594& HTTP/2.0" 200 19729 "-" "Mozilla/5.0 (Windows NT 10.0; Win64; x64) AppleWebKit/537.36 (KHTML, like Gecko) Chrome/145.0.0.0 Safari/537.36 (compatible; meta-externalagent/1.1 (+https://developers.facebook.com/docs/sharing/webmasters/crawler))"
57.141.20.49 - - [12/Sep/2026:15:18:05 +0300] "GET /index.php/component/search/?sale/search/detail/?ITMCODE=519974232831& HTTP/2.0" 200 19729 "-" "Mozilla/5.0 (Windows NT 10.0; Win64; x64) AppleWebKit/537.36 (KHTML, like Gecko) Chrome/145.0.0.0 Safari/537.36 (compatible; meta-externalagent/1.1 (+https://developers.facebook.com/docs/sharing/webmasters/crawler))"
85.208.96.205 - - [12/Sep/2026:15:18:14 +0300] "GET /?sale%2Fsearch%2Fdetail%2F%3FITMCODE=51956334325 HTTP/1.1" 200 31562 "-" "Mozilla/5.0 (compatible; SemrushBot/7~bl; +http://www.semrush.com/bot.html)"
185.191.171.2 - - [12/Sep/2026:15:18:18 +0300] "GET /?sale%2Fsearch%2Fdetail%2F%3FITMCODE=519788496535 HTTP/1.1" 200 31563 "-" "Mozilla/5.0 (compatible; SemrushBot/7~bl; +http://www.semrush.com/bot.html)"
52.167.144.172 - - [12/Sep/2026:15:18:21 +0300] "GET /shop/pg/2154965 HTTP/2.0" 200 217447 "-" "Mozilla/5.0 AppleWebKit/537.36 (KHTML, like Gecko; compatible; bingbot/2.0; +http://www.bing.com/bingbot.htm) Chrome/116.0.1938.76 Safari/537.36"
66.249.79.1 - - [12/Sep/2026:15:18:22 +0300] "GET /index.php/zinynas-keliaujantiems?ID=7445.html HTTP/1.1" 200 203070 "-" "Mozilla/5.0 (Linux; Android 6.0.1; Nexus 5X Build/MMB29P) AppleWebKit/537.36 (KHTML, like Gecko) Chrome/153.0.8010.36 Mobile Safari/537.36 (compatible; Googlebot/2.1; +http://www.google.com/bot.html)"
85.208.96.200 - - [12/Sep/2026:15:18:26 +0300] "GET /?sale%2Fsearch%2Fdetail%2F%3FITMCODE=519536137692 HTTP/1.1" 200 31563 "-" "Mozilla/5.0 (compatible; SemrushBot/7~bl; +http://www.semrush.com/bot.html)"
85.208.96.205 - - [12/Sep/2026:15:18:28 +0300] "GET /?sale%2Fsearch%2Fdetail%2F%3FITMCODE=51956358080 HTTP/1.1" 200 31562 "-" "Mozilla/5.0 (compatible; SemrushBot/7~bl; +http://www.semrush.com/bot.html)"
85.208.96.194 - - [12/Sep/2026:15:18:34 +0300] "GET /?sale%2Fsearch%2Fdetail%2F%3FITMCODE=519618872444 HTTP/1.1" 200 31563 "-" "Mozilla/5.0 (compatible; SemrushBot/7~bl; +http://www.semrush.com/bot.html)"
85.208.96.194 - - [12/Sep/2026:15:18:38 +0300] "GET /?sale%2Fsearch%2Fdetail%2F%3FITMCODE=519719483394 HTTP/1.1" 200 31563 "-" "Mozilla/5.0 (compatible; SemrushBot/7~bl; +http://www.semrush.com/bot.html)"
52.167.144.198 - - [12/Sep/2026:15:18:39 +0300] "GET /?shop/c/c519710184/ HTTP/2.0" 200 276200 "-" "Mozilla/5.0 AppleWebKit/537.36 (KHTML, like Gecko; compatible; bingbot/2.0; +http://www.bing.com/bingbot.htm) Chrome/116.0.1938.76 Safari/537.36"
52.167.144.198 - - [12/Sep/2026:15:18:40 +0300] "GET /shop/pg/52002613420 HTTP/2.0" 200 210930 "-" "Mozilla/5.0 AppleWebKit/537.36 (KHTML, like Gecko; compatible; bingbot/2.0; +http://www.bing.com/bingbot.htm) Chrome/116.0.1938.76 Safari/537.36"
66.249.79.1 - - [12/Sep/2026:15:18:51 +0300] "GET /index.php/zinynas-keliaujantiems?sale/search/detail/?ITMCODE=5195346939 HTTP/1.1" 200 221192 "-" "Mozilla/5.0 (Linux; Android 6.0.1; Nexus 5X Build/MMB29P) AppleWebKit/537.36 (KHTML, like Gecko) Chrome/153.0.8010.36 Mobile Safari/537.36 (compatible; Googlebot/2.1; +http://www.google.com/bot.html)"
85.208.96.207 - - [12/Sep/2026:15:18:52 +0300] "GET /?sale%2Fsearch%2Fdetail%2F%3FITMCODE=519971221877 HTTP/1.1" 200 31563 "-" "Mozilla/5.0 (compatible; SemrushBot/7~bl; +http://www.semrush.com/bot.html)"
57.141.20.17 - - [12/Sep/2026:15:18:53 +0300] "GET /index.php/component/search/?sale/search/detail/?ITMCODE=519719219693& HTTP/2.0" 200 19807 "-" "Mozilla/5.0 (X11; Linux x86_64) AppleWebKit/537.36 (KHTML, like Gecko) Chrome/145.0.0.0 Safari/537.36 (compatible; meta-externalagent/1.1 (+https://developers.facebook.com/docs/sharing/webmasters/crawler))"
85.208.96.205 - - [12/Sep/2026:15:18:56 +0300] "GET /?sale%2Fsearch%2Fdetail%2F%3FITMCODE=519710336412 HTTP/1.1" 200 31563 "-" "Mozilla/5.0 (compatible; SemrushBot/7~bl; +http://www.semrush.com/bot.html)"
114.119.158.46 - - [12/Sep/2026:15:19:09 +0300] "GET /?sale/search/detail/%3FITMCODE=51987962405 HTTP/1.1" 200 31590 "https://www.keliauk-uk.lt/?sitemap-shopdetail.xml" "Mozilla/5.0 (Linux; Android 7.0;) AppleWebKit/537.36 (HTML, like Gecko) Mobile Safari/537.36 (compatible; PetalBot;+https://webmaster.petalsearch.com/site/petalbot)"
52.167.144.142 - - [12/Sep/2026:15:19:10 +0300] "GET /shop/pg/940149 HTTP/2.0" 200 218740 "-" "Mozilla/5.0 AppleWebKit/537.36 (KHTML, like Gecko; compatible; bingbot/2.0; +http://www.bing.com/bingbot.htm) Chrome/116.0.1938.76 Safari/537.36"
157.55.39.52 - - [12/Sep/2026:15:19:11 +0300] "GET /?sale/search/detail/?ITMCODE=51987923521 HTTP/2.0" 200 208389 "-" "Mozilla/5.0 AppleWebKit/537.36 (KHTML, like Gecko; compatible; bingbot/2.0; +http://www.bing.com/bingbot.htm) Chrome/116.0.1938.76 Safari/537.36"
52.167.144.142 - - [12/Sep/2026:15:19:12 +0300] "GET /?sale/search/detail/?ITMCODE=5196757625 HTTP/2.0" 200 219984 "-" "Mozilla/5.0 AppleWebKit/537.36 (KHTML, like Gecko; compatible; bingbot/2.0; +http://www.bing.com/bingbot.htm) Chrome/116.0.1938.76 Safari/537.36"
52.167.144.142 - - [12/Sep/2026:15:19:13 +0300] "GET /?sale/search/detail/?ITMCODE=51971475755 HTTP/2.0" 200 203044 "-" "Mozilla/5.0 AppleWebKit/537.36 (KHTML, like Gecko; compatible; bingbot/2.0; +http://www.bing.com/bingbot.htm) Chrome/116.0.1938.76 Safari/537.36"
157.55.39.52 - - [12/Sep/2026:15:19:13 +0300] "GET /?sale/search/detail/?ITMCODE=519831779661 HTTP/2.0" 200 195782 "-" "Mozilla/5.0 AppleWebKit/537.36 (KHTML, like Gecko; compatible; bingbot/2.0; +http://www.bing.com/bingbot.htm) Chrome/116.0.1938.76 Safari/537.36"
52.167.144.142 - - [12/Sep/2026:15:19:14 +0300] "GET /?sale/search/detail/?ITMCODE=51963622813 HTTP/2.0" 200 209848 "-" "Mozilla/5.0 AppleWebKit/537.36 (KHTML, like Gecko; compatible; bingbot/2.0; +http://www.bing.com/bingbot.htm) Chrome/116.0.1938.76 Safari/537.36"
57.141.20.56 - - [12/Sep/2026:15:19:15 +0300] "GET /index.php/component/search/?sale/search/detail/?ITMCODE=520017979493&format=opensearch HTTP/2.0" 200 561 "-" "Mozilla/5.0 (Windows NT 10.0; Win64; x64) AppleWebKit/537.36 (KHTML, like Gecko) Chrome/145.0.0.0 Safari/537.36 (compatible; meta-externalagent/1.1 (+https://developers.facebook.com/docs/sharing/webmasters/crawler))"
157.55.39.52 - - [12/Sep/2026:15:19:14 +0300] "GET /?sale/search/detail/?ITMCODE=519941284410 HTTP/2.0" 200 201545 "-" "Mozilla/5.0 AppleWebKit/537.36 (KHTML, like Gecko; compatible; bingbot/2.0; +http://www.bing.com/bingbot.htm) Chrome/116.0.1938.76 Safari/537.36"
157.55.39.52 - - [12/Sep/2026:15:19:15 +0300] "GET /?sale/search/detail/?ITMCODE=519639599942 HTTP/2.0" 200 195189 "-" "Mozilla/5.0 AppleWebKit/537.36 (KHTML, like Gecko; compatible; bingbot/2.0; +http://www.bing.com/bingbot.htm) Chrome/116.0.1938.76 Safari/537.36"
207.46.13.64 - - [12/Sep/2026:15:19:17 +0300] "GET /?sale/search/detail/?ITMCODE=519813997238 HTTP/2.0" 200 199192 "-" "Mozilla/5.0 AppleWebKit/537.36 (KHTML, like Gecko; compatible; bingbot/2.0; +http://www.bing.com/bingbot.htm) Chrome/116.0.1938.76 Safari/537.36"
207.46.13.64 - - [12/Sep/2026:15:19:18 +0300] "GET /?sale/search/detail/?ITMCODE=519788204054 HTTP/2.0" 200 195142 "-" "Mozilla/5.0 AppleWebKit/537.36 (KHTML, like Gecko; compatible; bingbot/2.0; +http://www.bing.com/bingbot.htm) Chrome/116.0.1938.76 Safari/537.36"
57.141.20.35 - - [12/Sep/2026:15:19:23 +0300] "GET /index.php/component/search/?sale/search/detail/?ITMCODE=51966828003&format=opensearch HTTP/2.0" 200 560 "-" "Mozilla/5.0 (Windows NT 10.0; Win64; x64) AppleWebKit/537.36 (KHTML, like Gecko) Chrome/145.0.0.0 Safari/537.36 (compatible; meta-externalagent/1.1 (+https://developers.facebook.com/docs/sharing/webmasters/crawler))"
52.167.144.142 - - [12/Sep/2026:15:19:23 +0300] "GET /?sale/search/detail/?ITMCODE=519810570819 HTTP/2.0" 200 208248 "-" "Mozilla/5.0 AppleWebKit/537.36 (KHTML, like Gecko; compatible; bingbot/2.0; +http://www.bing.com/bingbot.htm) Chrome/116.0.1938.76 Safari/537.36"
157.55.39.52 - - [12/Sep/2026:15:19:23 +0300] "GET /?sale/search/detail/?ITMCODE=519737306171 HTTP/2.0" 200 199821 "-" "Mozilla/5.0 AppleWebKit/537.36 (KHTML, like Gecko; compatible; bingbot/2.0; +http://www.bing.com/bingbot.htm) Chrome/116.0.1938.76 Safari/537.36"
52.167.144.142 - - [12/Sep/2026:15:19:24 +0300] "GET /?sale/search/detail/?ITMCODE=51956098760 HTTP/2.0" 200 210149 "-" "Mozilla/5.0 AppleWebKit/537.36 (KHTML, like Gecko; compatible; bingbot/2.0; +http://www.bing.com/bingbot.htm) Chrome/116.0.1938.76 Safari/537.36"
157.55.39.52 - - [12/Sep/2026:15:19:24 +0300] "GET /?sale/search/detail/?ITMCODE=51963879977 HTTP/2.0" 200 198236 "-" "Mozilla/5.0 AppleWebKit/537.36 (KHTML, like Gecko; compatible; bingbot/2.0; +http://www.bing.com/bingbot.htm) Chrome/116.0.1938.76 Safari/537.36"
52.167.144.142 - - [12/Sep/2026:15:19:25 +0300] "GET /?sale/search/detail/?ITMCODE=5196546374 HTTP/2.0" 200 222452 "-" "Mozilla/5.0 AppleWebKit/537.36 (KHTML, like Gecko; compatible; bingbot/2.0; +http://www.bing.com/bingbot.htm) Chrome/116.0.1938.76 Safari/537.36"
157.55.39.52 - - [12/Sep/2026:15:19:26 +0300] "GET /?sale/search/detail/?ITMCODE=51992481408 HTTP/2.0" 200 196715 "-" "Mozilla/5.0 AppleWebKit/537.36 (KHTML, like Gecko; compatible; bingbot/2.0; +http://www.bing.com/bingbot.htm) Chrome/116.0.1938.76 Safari/537.36"
52.167.144.142 - - [12/Sep/2026:15:19:26 +0300] "GET /?sale/search/detail/?ITMCODE=5196582974 HTTP/2.0" 200 204844 "-" "Mozilla/5.0 AppleWebKit/537.36 (KHTML, like Gecko; compatible; bingbot/2.0; +http://www.bing.com/bingbot.htm) Chrome/116.0.1938.76 Safari/537.36"
157.55.39.52 - - [12/Sep/2026:15:19:26 +0300] "GET /?sale/search/detail/?ITMCODE=519618902150 HTTP/2.0" 200 196388 "-" "Mozilla/5.0 AppleWebKit/537.36 (KHTML, like Gecko; compatible; bingbot/2.0; +http://www.bing.com/bingbot.htm) Chrome/116.0.1938.76 Safari/537.36"
52.167.144.142 - - [12/Sep/2026:15:19:27 +0300] "GET /?sale/search/detail/?ITMCODE=51981648688 HTTP/2.0" 200 211496 "-" "Mozilla/5.0 AppleWebKit/537.36 (KHTML, like Gecko; compatible; bingbot/2.0; +http://www.bing.com/bingbot.htm) Chrome/116.0.1938.76 Safari/537.36"
40.77.167.130 - - [12/Sep/2026:15:19:27 +0300] "GET /?sale/search/detail/?ITMCODE=51992312784 HTTP/2.0" 200 207065 "-" "Mozilla/5.0 AppleWebKit/537.36 (KHTML, like Gecko; compatible; bingbot/2.0; +http://www.bing.com/bingbot.htm) Chrome/116.0.1938.76 Safari/537.36"
40.77.167.130 - - [12/Sep/2026:15:19:29 +0300] "GET /?sale/search/detail/?ITMCODE=519586261 HTTP/2.0" 200 206902 "-" "Mozilla/5.0 AppleWebKit/537.36 (KHTML, like Gecko; compatible; bingbot/2.0; +http://www.bing.com/bingbot.htm) Chrome/116.0.1938.76 Safari/537.36"
40.77.167.130 - - [12/Sep/2026:15:19:31 +0300] "GET /?sale/search/detail/?ITMCODE=51981540077 HTTP/2.0" 200 203558 "-" "Mozilla/5.0 AppleWebKit/537.36 (KHTML, like Gecko; compatible; bingbot/2.0; +http://www.bing.com/bingbot.htm) Chrome/116.0.1938.76 Safari/537.36"
40.77.167.130 - - [12/Sep/2026:15:19:32 +0300] "GET /?sale/search/detail/?ITMCODE=51981746972 HTTP/2.0" 200 210586 "-" "Mozilla/5.0 AppleWebKit/537.36 (KHTML, like Gecko; compatible; bingbot/2.0; +http://www.bing.com/bingbot.htm) Chrome/116.0.1938.76 Safari/537.36"
52.167.144.142 - - [12/Sep/2026:15:19:33 +0300] "GET /?sale/search/detail/?ITMCODE=52008998643 HTTP/2.0" 200 212918 "-" "Mozilla/5.0 AppleWebKit/537.36 (KHTML, like Gecko; compatible; bingbot/2.0; +http://www.bing.com/bingbot.htm) Chrome/116.0.1938.76 Safari/537.36"
