207.46.13.92 - - [12/Sep/2026:16:18:02 +0300] "GET /?sale/search/detail/?ITMCODE=519627956453 HTTP/2.0" 200 199244 "-" "Mozilla/5.0 AppleWebKit/537.36 (KHTML, like Gecko; compatible; bingbot/2.0; +http://www.bing.com/bingbot.htm) Chrome/116.0.1938.76 Safari/537.36"
207.46.13.92 - - [12/Sep/2026:16:18:03 +0300] "GET /?sale/search/detail/?ITMCODE=51963734080 HTTP/2.0" 200 219857 "-" "Mozilla/5.0 AppleWebKit/537.36 (KHTML, like Gecko; compatible; bingbot/2.0; +http://www.bing.com/bingbot.htm) Chrome/116.0.1938.76 Safari/537.36"
52.167.144.174 - - [12/Sep/2026:16:18:03 +0300] "GET /?sale/search/detail/?ITMCODE=519713202600 HTTP/2.0" 200 204254 "-" "Mozilla/5.0 AppleWebKit/537.36 (KHTML, like Gecko; compatible; bingbot/2.0; +http://www.bing.com/bingbot.htm) Chrome/116.0.1938.76 Safari/537.36"
66.249.79.1 - - [12/Sep/2026:16:18:03 +0300] "GET /?sale/search/detail/?ITMCODE=51981643161 HTTP/1.1" 200 203573 "-" "Mozilla/5.0 (Linux; Android 6.0.1; Nexus 5X Build/MMB29P) AppleWebKit/537.36 (KHTML, like Gecko) Chrome/153.0.8010.36 Mobile Safari/537.36 (compatible; Googlebot/2.1; +http://www.google.com/bot.html)"
207.46.13.92 - - [12/Sep/2026:16:18:04 +0300] "GET /?sale/search/detail/?ITMCODE=51984934172 HTTP/2.0" 200 195267 "-" "Mozilla/5.0 AppleWebKit/537.36 (KHTML, like Gecko; compatible; bingbot/2.0; +http://www.bing.com/bingbot.htm) Chrome/116.0.1938.76 Safari/537.36"
52.167.144.174 - - [12/Sep/2026:16:18:04 +0300] "GET /?sale/search/detail/?ITMCODE=51992182967 HTTP/2.0" 200 213978 "-" "Mozilla/5.0 AppleWebKit/537.36 (KHTML, like Gecko; compatible; bingbot/2.0; +http://www.bing.com/bingbot.htm) Chrome/116.0.1938.76 Safari/537.36"
185.191.171.11 - - [12/Sep/2026:16:18:06 +0300] "GET /?sale%2Fsearch%2Fdetail%2F%3FITMCODE=519953453348 HTTP/1.1" 200 31563 "-" "Mozilla/5.0 (compatible; SemrushBot/7~bl; +http://www.semrush.com/bot.html)"
207.46.13.92 - - [12/Sep/2026:16:18:09 +0300] "GET /?sale/search/detail/?ITMCODE=519530033620 HTTP/2.0" 200 194131 "-" "Mozilla/5.0 AppleWebKit/537.36 (KHTML, like Gecko; compatible; bingbot/2.0; +http://www.bing.com/bingbot.htm) Chrome/116.0.1938.76 Safari/537.36"
207.46.13.92 - - [12/Sep/2026:16:18:10 +0300] "GET /?sale/search/detail/?ITMCODE=51995026508 HTTP/2.0" 200 195946 "-" "Mozilla/5.0 AppleWebKit/537.36 (KHTML, like Gecko; compatible; bingbot/2.0; +http://www.bing.com/bingbot.htm) Chrome/116.0.1938.76 Safari/537.36"
85.208.96.210 - - [12/Sep/2026:16:18:10 +0300] "GET /?sale%2Fsearch%2Fdetail%2F%3FITMCODE=519956011148 HTTP/1.1" 200 31563 "-" "Mozilla/5.0 (compatible; SemrushBot/7~bl; +http://www.semrush.com/bot.html)"
207.46.13.92 - - [12/Sep/2026:16:18:10 +0300] "GET /?sale/search/detail/?ITMCODE=51963557509 HTTP/2.0" 200 227121 "-" "Mozilla/5.0 AppleWebKit/537.36 (KHTML, like Gecko; compatible; bingbot/2.0; +http://www.bing.com/bingbot.htm) Chrome/116.0.1938.76 Safari/537.36"
207.46.13.92 - - [12/Sep/2026:16:18:11 +0300] "GET /?sale/search/detail/?ITMCODE=519645825047 HTTP/2.0" 200 197471 "-" "Mozilla/5.0 AppleWebKit/537.36 (KHTML, like Gecko; compatible; bingbot/2.0; +http://www.bing.com/bingbot.htm) Chrome/116.0.1938.76 Safari/537.36"
57.141.20.1 - - [12/Sep/2026:16:18:13 +0300] "GET /index.php/component/search/?sale/search/detail/?ITMCODE=519911374594&format=opensearch HTTP/2.0" 200 561 "-" "Mozilla/5.0 (Windows NT 10.0; Win64; x64) AppleWebKit/537.36 (KHTML, like Gecko) Chrome/145.0.0.0 Safari/537.36 (compatible; meta-externalagent/1.1 (+https://developers.facebook.com/docs/sharing/webmasters/crawler))"
185.191.171.13 - - [12/Sep/2026:16:18:16 +0300] "GET /?sale%2Fsearch%2Fdetail%2F%3FITMCODE=519852914413 HTTP/1.1" 200 31563 "-" "Mozilla/5.0 (compatible; SemrushBot/7~bl; +http://www.semrush.com/bot.html)"
129.146.203.203 - - [12/Sep/2026:16:18:18 +0300] "GET /robots.txt HTTP/1.1" 200 116 "-" "AteveSearchSourceUrlDiscovery/0.1 (+mailto:crawler@example.com)"
129.146.203.203 - - [12/Sep/2026:16:18:18 +0300] "GET /index.php/component/search/?Itemid=437&format=opensearch&id=1&sale/search/detail/?ITMCODE=51998424848 HTTP/1.1" 200 550 "-" "AteveSearchSourceUrlDiscovery/0.1 (+mailto:crawler@example.com)"
129.146.203.203 - - [12/Sep/2026:16:18:19 +0300] "GET /index.php/component/search/?Itemid=437&format=opensearch&id=1&sale/search/detail/?ITMCODE=51998428121 HTTP/1.1" 200 550 "-" "AteveSearchSourceUrlDiscovery/0.1 (+mailto:crawler@example.com)"
129.146.203.203 - - [12/Sep/2026:16:18:19 +0300] "GET /index.php/component/search/?Itemid=437&format=opensearch&id=1&sale/search/detail/?ITMCODE=51998426480 HTTP/1.1" 200 550 "-" "AteveSearchSourceUrlDiscovery/0.1 (+mailto:crawler@example.com)"
129.146.203.203 - - [12/Sep/2026:16:18:19 +0300] "GET /index.php/component/search/?Itemid=437&format=opensearch&id=1&sale/search/detail/?ITMCODE=51998429771 HTTP/1.1" 200 550 "-" "AteveSearchSourceUrlDiscovery/0.1 (+mailto:crawler@example.com)"
129.146.203.203 - - [12/Sep/2026:16:18:20 +0300] "GET /index.php/component/search/?Itemid=437&format=opensearch&id=1&sale/search/detail/?ITMCODE=51998431430 HTTP/1.1" 200 550 "-" "AteveSearchSourceUrlDiscovery/0.1 (+mailto:crawler@example.com)"
129.146.203.203 - - [12/Sep/2026:16:18:20 +0300] "GET /index.php/component/search/?Itemid=437&format=opensearch&id=1&sale/search/detail/?ITMCODE=51998433098 HTTP/1.1" 200 550 "-" "AteveSearchSourceUrlDiscovery/0.1 (+mailto:crawler@example.com)"
129.146.203.203 - - [12/Sep/2026:16:18:20 +0300] "GET /index.php/component/search/?Itemid=437&format=opensearch&id=1&sale/search/detail/?ITMCODE=51998434775 HTTP/1.1" 200 550 "-" "AteveSearchSourceUrlDiscovery/0.1 (+mailto:crawler@example.com)"
129.146.203.203 - - [12/Sep/2026:16:18:20 +0300] "GET /index.php/component/search/?Itemid=437&format=opensearch&id=1&sale/search/detail/?ITMCODE=51998436461 HTTP/1.1" 200 550 "-" "AteveSearchSourceUrlDiscovery/0.1 (+mailto:crawler@example.com)"
129.146.203.203 - - [12/Sep/2026:16:18:21 +0300] "GET /index.php/component/search/?Itemid=437&format=opensearch&id=1&sale/search/detail/?ITMCODE=51998438156 HTTP/1.1" 200 550 "-" "AteveSearchSourceUrlDiscovery/0.1 (+mailto:crawler@example.com)"
129.146.203.203 - - [12/Sep/2026:16:18:21 +0300] "GET /index.php/component/search/?Itemid=437&format=opensearch&id=1&sale/search/detail/?ITMCODE=51998439860 HTTP/1.1" 200 550 "-" "AteveSearchSourceUrlDiscovery/0.1 (+mailto:crawler@example.com)"
129.146.203.203 - - [12/Sep/2026:16:18:21 +0300] "GET /index.php/component/search/?Itemid=437&format=opensearch&id=1&sale/search/detail/?ITMCODE=51998441573 HTTP/1.1" 200 550 "-" "AteveSearchSourceUrlDiscovery/0.1 (+mailto:crawler@example.com)"
52.167.144.174 - - [12/Sep/2026:16:18:21 +0300] "GET /?sale/search/detail/?ITMCODE=51956439994 HTTP/2.0" 200 221990 "-" "Mozilla/5.0 AppleWebKit/537.36 (KHTML, like Gecko; compatible; bingbot/2.0; +http://www.bing.com/bingbot.htm) Chrome/116.0.1938.76 Safari/537.36"
129.146.203.203 - - [12/Sep/2026:16:18:22 +0300] "GET /index.php/component/search/?Itemid=437&format=opensearch&id=1&sale/search/detail/?ITMCODE=51998443295 HTTP/1.1" 200 550 "-" "AteveSearchSourceUrlDiscovery/0.1 (+mailto:crawler@example.com)"
52.167.144.174 - - [12/Sep/2026:16:18:22 +0300] "GET /?sale/search/detail/?ITMCODE=51992200037 HTTP/2.0" 200 201305 "-" "Mozilla/5.0 AppleWebKit/537.36 (KHTML, like Gecko; compatible; bingbot/2.0; +http://www.bing.com/bingbot.htm) Chrome/116.0.1938.76 Safari/537.36"
129.146.203.203 - - [12/Sep/2026:16:18:22 +0300] "GET /index.php/component/search/?Itemid=437&format=opensearch&id=1&sale/search/detail/?ITMCODE=51998445026 HTTP/1.1" 200 550 "-" "AteveSearchSourceUrlDiscovery/0.1 (+mailto:crawler@example.com)"
129.146.203.203 - - [12/Sep/2026:16:18:23 +0300] "GET /index.php/component/search/?Itemid=437&format=opensearch&id=1&sale/search/detail/?ITMCODE=51998446766 HTTP/1.1" 200 550 "-" "AteveSearchSourceUrlDiscovery/0.1 (+mailto:crawler@example.com)"
129.146.203.203 - - [12/Sep/2026:16:18:23 +0300] "GET /index.php/component/search/?Itemid=437&format=opensearch&id=1&sale/search/detail/?ITMCODE=51998448515 HTTP/1.1" 200 550 "-" "AteveSearchSourceUrlDiscovery/0.1 (+mailto:crawler@example.com)"
129.146.203.203 - - [12/Sep/2026:16:18:23 +0300] "GET /index.php/component/search/?Itemid=437&format=opensearch&id=1&sale/search/detail/?ITMCODE=51998450273 HTTP/1.1" 200 550 "-" "AteveSearchSourceUrlDiscovery/0.1 (+mailto:crawler@example.com)"
129.146.203.203 - - [12/Sep/2026:16:18:23 +0300] "GET /index.php/component/search/?Itemid=437&format=opensearch&id=1&sale/search/detail/?ITMCODE=51998452040 HTTP/1.1" 200 550 "-" "AteveSearchSourceUrlDiscovery/0.1 (+mailto:crawler@example.com)"
129.146.203.203 - - [12/Sep/2026:16:18:24 +0300] "GET /index.php/component/search/?Itemid=437&format=opensearch&id=1&sale/search/detail/?ITMCODE=51998453816 HTTP/1.1" 200 550 "-" "AteveSearchSourceUrlDiscovery/0.1 (+mailto:crawler@example.com)"
129.146.203.203 - - [12/Sep/2026:16:18:24 +0300] "GET /index.php/component/search/?Itemid=437&format=opensearch&id=1&sale/search/detail/?ITMCODE=51998455601 HTTP/1.1" 200 550 "-" "AteveSearchSourceUrlDiscovery/0.1 (+mailto:crawler@example.com)"
129.146.203.203 - - [12/Sep/2026:16:18:24 +0300] "GET /index.php/component/search/?Itemid=437&format=opensearch&id=1&sale/search/detail/?ITMCODE=51998457395 HTTP/1.1" 200 550 "-" "AteveSearchSourceUrlDiscovery/0.1 (+mailto:crawler@example.com)"
129.146.203.203 - - [12/Sep/2026:16:18:24 +0300] "GET /index.php/component/search/?Itemid=437&format=opensearch&id=1&sale/search/detail/?ITMCODE=51998459198 HTTP/1.1" 200 550 "-" "AteveSearchSourceUrlDiscovery/0.1 (+mailto:crawler@example.com)"
40.77.167.7 - - [12/Sep/2026:16:18:25 +0300] "GET /?sale/search/detail/?ITMCODE=51971107634 HTTP/2.0" 200 203260 "-" "Mozilla/5.0 AppleWebKit/537.36 (KHTML, like Gecko; compatible; bingbot/2.0; +http://www.bing.com/bingbot.htm) Chrome/116.0.1938.76 Safari/537.36"
66.249.79.1 - - [12/Sep/2026:16:18:26 +0300] "GET /index.php/zinynas-keliaujantiems?sale/search/detail/?ITMCODE=51981968580 HTTP/1.1" 200 203940 "-" "Mozilla/5.0 (Linux; Android 6.0.1; Nexus 5X Build/MMB29P) AppleWebKit/537.36 (KHTML, like Gecko) Chrome/153.0.8010.36 Mobile Safari/537.36 (compatible; Googlebot/2.1; +http://www.google.com/bot.html)"
40.77.167.7 - - [12/Sep/2026:16:18:27 +0300] "GET /?sale/search/detail/?ITMCODE=52008511071 HTTP/2.0" 200 207078 "-" "Mozilla/5.0 AppleWebKit/537.36 (KHTML, like Gecko; compatible; bingbot/2.0; +http://www.bing.com/bingbot.htm) Chrome/116.0.1938.76 Safari/537.36"
40.77.167.7 - - [12/Sep/2026:16:18:27 +0300] "GET /?sale/search/detail/?ITMCODE=51981846195 HTTP/2.0" 200 203287 "-" "Mozilla/5.0 AppleWebKit/537.36 (KHTML, like Gecko; compatible; bingbot/2.0; +http://www.bing.com/bingbot.htm) Chrome/116.0.1938.76 Safari/537.36"
157.55.39.62 - - [12/Sep/2026:16:18:28 +0300] "GET /?sale/search/detail/?ITMCODE=51995478975 HTTP/2.0" 200 221580 "-" "Mozilla/5.0 AppleWebKit/537.36 (KHTML, like Gecko; compatible; bingbot/2.0; +http://www.bing.com/bingbot.htm) Chrome/116.0.1938.76 Safari/537.36"
40.77.167.7 - - [12/Sep/2026:16:18:28 +0300] "GET /?sale/search/detail/?ITMCODE=52002527015 HTTP/2.0" 200 212052 "-" "Mozilla/5.0 AppleWebKit/537.36 (KHTML, like Gecko; compatible; bingbot/2.0; +http://www.bing.com/bingbot.htm) Chrome/116.0.1938.76 Safari/537.36"
157.55.39.62 - - [12/Sep/2026:16:18:29 +0300] "GET /?sale/search/detail/?ITMCODE=5200101880329 HTTP/2.0" 200 196132 "-" "Mozilla/5.0 AppleWebKit/537.36 (KHTML, like Gecko; compatible; bingbot/2.0; +http://www.bing.com/bingbot.htm) Chrome/116.0.1938.76 Safari/537.36"
40.77.167.7 - - [12/Sep/2026:16:18:29 +0300] "GET /sale/search/detail/?ITMCODE=5196882358 HTTP/2.0" 200 204525 "-" "Mozilla/5.0 AppleWebKit/537.36 (KHTML, like Gecko; compatible; bingbot/2.0; +http://www.bing.com/bingbot.htm) Chrome/116.0.1938.76 Safari/537.36"
66.249.79.1 - - [12/Sep/2026:16:18:29 +0300] "GET /index.php/zinynas-keliaujantiems?sale/search/detail/?ITMCODE=52002707321 HTTP/1.1" 200 210522 "-" "Mozilla/5.0 (Linux; Android 6.0.1; Nexus 5X Build/MMB29P) AppleWebKit/537.36 (KHTML, like Gecko) Chrome/153.0.8010.36 Mobile Safari/537.36 (compatible; Googlebot/2.1; +http://www.google.com/bot.html)"
185.191.171.15 - - [12/Sep/2026:16:18:37 +0300] "GET /?sale%2Fsearch%2Fdetail%2F%3FITMCODE=519855956563 HTTP/1.1" 200 31563 "-" "Mozilla/5.0 (compatible; SemrushBot/7~bl; +http://www.semrush.com/bot.html)"
52.167.144.174 - - [12/Sep/2026:16:18:36 +0300] "GET /shop/pg/2339447 HTTP/2.0" 200 201684 "-" "Mozilla/5.0 AppleWebKit/537.36 (KHTML, like Gecko; compatible; bingbot/2.0; +http://www.bing.com/bingbot.htm) Chrome/116.0.1938.76 Safari/537.36"
66.249.79.1 - - [12/Sep/2026:16:18:51 +0300] "GET /index.php/zinynas-keliaujantiems?sale/search/detail/?ITMCODE=5196786865 HTTP/1.1" 200 202983 "-" "Mozilla/5.0 (Linux; Android 6.0.1; Nexus 5X Build/MMB29P) AppleWebKit/537.36 (KHTML, like Gecko) Chrome/153.0.8010.36 Mobile Safari/537.36 (compatible; Googlebot/2.1; +http://www.google.com/bot.html)"
114.119.152.47 - - [12/Sep/2026:16:19:00 +0300] "GET /?sale/search/detail/%3FITMCODE=51987880740 HTTP/1.1" 200 31590 "https://www.keliauk-uk.lt/?sitemap-items.xml" "Mozilla/5.0 (Linux; Android 7.0;) AppleWebKit/537.36 (HTML, like Gecko) Mobile Safari/537.36 (compatible; PetalBot;+https://webmaster.petalsearch.com/site/petalbot)"
66.249.79.3 - - [12/Sep/2026:16:19:11 +0300] "GET /index.php/zinynas-keliaujantiems?sale/search/detail/?ITMCODE=51981581372 HTTP/1.1" 200 214337 "-" "Mozilla/5.0 (Linux; Android 6.0.1; Nexus 5X Build/MMB29P) AppleWebKit/537.36 (KHTML, like Gecko) Chrome/153.0.8010.36 Mobile Safari/537.36 (compatible; Googlebot/2.1; +http://www.google.com/bot.html)"
66.249.79.3 - - [12/Sep/2026:16:19:12 +0300] "GET /index.php/zinynas-keliaujantiems?sale/search/detail/?ITMCODE=51992255174 HTTP/1.1" 200 210380 "-" "Mozilla/5.0 (Linux; Android 6.0.1; Nexus 5X Build/MMB29P) AppleWebKit/537.36 (KHTML, like Gecko) Chrome/153.0.8010.36 Mobile Safari/537.36 (compatible; Googlebot/2.1; +http://www.google.com/bot.html)"
66.249.79.1 - - [12/Sep/2026:16:19:14 +0300] "GET /shop/pg/51992178596 HTTP/1.1" 200 203733 "-" "Mozilla/5.0 (Linux; Android 6.0.1; Nexus 5X Build/MMB29P) AppleWebKit/537.36 (KHTML, like Gecko) Chrome/153.0.8010.36 Mobile Safari/537.36 (compatible; Googlebot/2.1; +http://www.google.com/bot.html)"
85.208.96.197 - - [12/Sep/2026:16:19:21 +0300] "GET /?sale%2Fsearch%2Fdetail%2F%3FITMCODE=519633873607 HTTP/1.1" 200 31563 "-" "Mozilla/5.0 (compatible; SemrushBot/7~bl; +http://www.semrush.com/bot.html)"
66.249.79.2 - - [12/Sep/2026:16:19:21 +0300] "GET /index.php/zinynas-keliaujantiems?sale/search/detail/?ITMCODE=5195463779 HTTP/1.1" 200 202414 "-" "Mozilla/5.0 (Linux; Android 6.0.1; Nexus 5X Build/MMB29P) AppleWebKit/537.36 (KHTML, like Gecko) Chrome/153.0.8010.36 Mobile Safari/537.36 (compatible; Googlebot/2.1; +http://www.google.com/bot.html)"
66.249.79.1 - - [12/Sep/2026:16:19:21 +0300] "GET /index.php/zinynas-keliaujantiems?sale/search/detail/?ITMCODE=51981932606 HTTP/1.1" 200 203644 "-" "Mozilla/5.0 (Linux; Android 6.0.1; Nexus 5X Build/MMB29P) AppleWebKit/537.36 (KHTML, like Gecko) Chrome/153.0.8010.36 Mobile Safari/537.36 (compatible; Googlebot/2.1; +http://www.google.com/bot.html)"
185.191.171.3 - - [12/Sep/2026:16:19:34 +0300] "GET /?sale%2Fsearch%2Fdetail%2F%3FITMCODE=51974466156 HTTP/1.1" 200 31562 "-" "Mozilla/5.0 (compatible; SemrushBot/7~bl; +http://www.semrush.com/bot.html)"
57.141.20.17 - - [12/Sep/2026:16:19:35 +0300] "GET /?sale/search/detail/?ITMCODE=519545116277 HTTP/2.0" 200 31591 "-" "Mozilla/5.0 (Windows NT 10.0; Win64; x64) AppleWebKit/537.36 (KHTML, like Gecko) Chrome/145.0.0.0 Safari/537.36 (compatible; meta-externalagent/1.1 (+https://developers.facebook.com/docs/sharing/webmasters/crawler))"
57.141.20.6 - - [12/Sep/2026:16:19:36 +0300] "GET /presets/.css HTTP/2.0" 404 1448 "https://www.keliauk-uk.lt/?sale/search/detail/?ITMCODE=519545116277" "Mozilla/5.0 (Windows NT 10.0; Win64; x64) AppleWebKit/537.36 (KHTML, like Gecko) Chrome/145.0.0.0 Safari/537.36 (compatible; meta-externalagent/1.1 (+https://developers.facebook.com/docs/sharing/webmasters/crawler))"
66.249.79.1 - - [12/Sep/2026:16:19:36 +0300] "GET /index.php/zinynas-keliaujantiems?sale/search/detail/?ITMCODE=51992221654 HTTP/1.1" 200 210572 "-" "Mozilla/5.0 (Linux; Android 6.0.1; Nexus 5X Build/MMB29P) AppleWebKit/537.36 (KHTML, like Gecko) Chrome/153.0.8010.36 Mobile Safari/537.36 (compatible; Googlebot/2.1; +http://www.google.com/bot.html)"
85.208.96.200 - - [12/Sep/2026:16:19:42 +0300] "GET /?sale%2Fsearch%2Fdetail%2F%3FITMCODE=519666933917 HTTP/1.1" 200 31563 "-" "Mozilla/5.0 (compatible; SemrushBot/7~bl; +http://www.semrush.com/bot.html)"
185.191.171.12 - - [12/Sep/2026:16:19:50 +0300] "GET /?sale%2Fsearch%2Fdetail%2F%3FITMCODE=519687936102 HTTP/1.1" 200 31563 "-" "Mozilla/5.0 (compatible; SemrushBot/7~bl; +http://www.semrush.com/bot.html)"
66.249.79.2 - - [12/Sep/2026:16:19:51 +0300] "GET /index.php/zinynas-keliaujantiems?sale/search/detail/?ITMCODE=51981663894 HTTP/1.1" 200 217531 "-" "Mozilla/5.0 (Linux; Android 6.0.1; Nexus 5X Build/MMB29P) AppleWebKit/537.36 (KHTML, like Gecko) Chrome/153.0.8010.36 Mobile Safari/537.36 (compatible; Googlebot/2.1; +http://www.google.com/bot.html)"
66.249.79.2 - - [12/Sep/2026:16:19:52 +0300] "GET /index.php/zinynas-keliaujantiems?sale/search/detail/?ITMCODE=5195220447 HTTP/1.1" 200 222930 "-" "Mozilla/5.0 (Linux; Android 6.0.1; Nexus 5X Build/MMB29P) AppleWebKit/537.36 (KHTML, like Gecko) Chrome/153.0.8010.36 Mobile Safari/537.36 (compatible; Googlebot/2.1; +http://www.google.com/bot.html)"
185.191.171.15 - - [12/Sep/2026:16:20:01 +0300] "GET /?sale%2Fsearch%2Fdetail%2F%3FITMCODE=519710056467 HTTP/1.1" 200 31563 "-" "Mozilla/5.0 (compatible; SemrushBot/7~bl; +http://www.semrush.com/bot.html)"
185.191.171.8 - - [12/Sep/2026:16:20:03 +0300] "GET /?sale%2Fsearch%2Fdetail%2F%3FITMCODE=51974133676 HTTP/1.1" 200 31562 "-" "Mozilla/5.0 (compatible; SemrushBot/7~bl; +http://www.semrush.com/bot.html)"
66.249.79.3 - - [12/Sep/2026:16:20:11 +0300] "GET /index.php/zinynas-keliaujantiems?sale/search/detail/?ITMCODE=52002882962 HTTP/1.1" 200 204269 "-" "Mozilla/5.0 (Linux; Android 6.0.1; Nexus 5X Build/MMB29P) AppleWebKit/537.36 (KHTML, like Gecko) Chrome/153.0.8010.36 Mobile Safari/537.36 (compatible; Googlebot/2.1; +http://www.google.com/bot.html)"
66.249.79.1 - - [12/Sep/2026:16:20:12 +0300] "GET /index.php/zinynas-keliaujantiems?sale/search/detail/?ITMCODE=51971285077 HTTP/1.1" 200 207370 "-" "Mozilla/5.0 (Linux; Android 6.0.1; Nexus 5X Build/MMB29P) AppleWebKit/537.36 (KHTML, like Gecko) Chrome/153.0.8010.36 Mobile Safari/537.36 (compatible; Googlebot/2.1; +http://www.google.com/bot.html)"
66.249.79.2 - - [12/Sep/2026:16:20:14 +0300] "GET /index.php/zinynas-keliaujantiems?sale/search/detail/?ITMCODE=519583861 HTTP/1.1" 200 216373 "-" "Mozilla/5.0 (Linux; Android 6.0.1; Nexus 5X Build/MMB29P) AppleWebKit/537.36 (KHTML, like Gecko) Chrome/153.0.8010.36 Mobile Safari/537.36 (compatible; Googlebot/2.1; +http://www.google.com/bot.html)"
66.249.79.2 - - [12/Sep/2026:16:20:17 +0300] "GET /index.php/zinynas-keliaujantiems?sale/search/detail/?ITMCODE=5195383794 HTTP/1.1" 200 202339 "-" "Mozilla/5.0 (Linux; Android 6.0.1; Nexus 5X Build/MMB29P) AppleWebKit/537.36 (KHTML, like Gecko) Chrome/153.0.8010.36 Mobile Safari/537.36 (compatible; Googlebot/2.1; +http://www.google.com/bot.html)"
52.167.144.174 - - [12/Sep/2026:16:20:18 +0300] "GET /?sale/search/detail/?ITMCODE=5196950773 HTTP/2.0" 200 202199 "-" "Mozilla/5.0 AppleWebKit/537.36 (KHTML, like Gecko; compatible; bingbot/2.0; +http://www.bing.com/bingbot.htm) Chrome/116.0.1938.76 Safari/537.36"
52.167.144.174 - - [12/Sep/2026:16:20:19 +0300] "GET /?sale/search/detail/?ITMCODE=5196777658 HTTP/2.0" 200 216106 "-" "Mozilla/5.0 AppleWebKit/537.36 (KHTML, like Gecko; compatible; bingbot/2.0; +http://www.bing.com/bingbot.htm) Chrome/116.0.1938.76 Safari/537.36"
52.167.144.174 - - [12/Sep/2026:16:20:19 +0300] "GET /?sale/search/detail/?ITMCODE=5196786716 HTTP/2.0" 200 212227 "-" "Mozilla/5.0 AppleWebKit/537.36 (KHTML, like Gecko; compatible; bingbot/2.0; +http://www.bing.com/bingbot.htm) Chrome/116.0.1938.76 Safari/537.36"
66.249.79.2 - - [12/Sep/2026:16:20:20 +0300] "GET /index.php/zinynas-keliaujantiems?sale/search/detail/?ITMCODE=51992391780 HTTP/1.1" 200 216109 "-" "Mozilla/5.0 (Linux; Android 6.0.1; Nexus 5X Build/MMB29P) AppleWebKit/537.36 (KHTML, like Gecko) Chrome/153.0.8010.36 Mobile Safari/537.36 (compatible; Googlebot/2.1; +http://www.google.com/bot.html)"
185.191.171.4 - - [12/Sep/2026:16:20:22 +0300] "GET /?sale%2Fsearch%2Fdetail%2F%3FITMCODE=51987542917 HTTP/1.1" 200 31562 "-" "Mozilla/5.0 (compatible; SemrushBot/7~bl; +http://www.semrush.com/bot.html)"
57.141.20.53 - - [12/Sep/2026:16:20:24 +0300] "GET /index.php/component/search/?sale/search/detail/?ITMCODE=51969602173&id=1&Itemid=437&format=opensearch HTTP/2.0" 200 584 "-" "Mozilla/5.0 (Windows NT 10.0; Win64; x64) AppleWebKit/537.36 (KHTML, like Gecko) Chrome/145.0.0.0 Safari/537.36 (compatible; meta-externalagent/1.1 (+https://developers.facebook.com/docs/sharing/webmasters/crawler))"
114.119.158.46 - - [12/Sep/2026:16:20:26 +0300] "GET /?sale/search/detail/%3FITMCODE=51987878961 HTTP/1.1" 200 31590 "https://www.keliauk-uk.lt/?sitemap-products.xml" "Mozilla/5.0 (Linux; Android 7.0;) AppleWebKit/537.36 (HTML, like Gecko) Mobile Safari/537.36 (compatible; PetalBot;+https://webmaster.petalsearch.com/site/petalbot)"
52.167.144.174 - - [12/Sep/2026:16:20:29 +0300] "GET /?sale/search/detail/?ITMCODE=52002968624 HTTP/2.0" 200 203139 "-" "Mozilla/5.0 AppleWebKit/537.36 (KHTML, like Gecko; compatible; bingbot/2.0; +http://www.bing.com/bingbot.htm) Chrome/116.0.1938.76 Safari/537.36"
57.141.20.13 - - [12/Sep/2026:16:20:32 +0300] "GET /index.php/component/search/?sale/search/detail/?ITMCODE=520074726843&id=1&Itemid=437&format=opensearch HTTP/2.0" 200 585 "-" "Mozilla/5.0 (Windows NT 10.0; Win64; x64) AppleWebKit/537.36 (KHTML, like Gecko) Chrome/145.0.0.0 Safari/537.36 (compatible; meta-externalagent/1.1 (+https://developers.facebook.com/docs/sharing/webmasters/crawler))"
57.141.20.42 - - [12/Sep/2026:16:20:32 +0300] "GET /index.php/component/search/?sale/search/detail/?ITMCODE=519518277522& HTTP/2.0" 200 19807 "-" "Mozilla/5.0 (Windows NT 10.0; Win64; x64) AppleWebKit/537.36 (KHTML, like Gecko) Chrome/145.0.0.0 Safari/537.36 (compatible; meta-externalagent/1.1 (+https://developers.facebook.com/docs/sharing/webmasters/crawler))"
52.167.144.174 - - [12/Sep/2026:16:20:32 +0300] "GET /?sale/search/detail/?ITMCODE=51971063311 HTTP/2.0" 200 209143 "-" "Mozilla/5.0 AppleWebKit/537.36 (KHTML, like Gecko; compatible; bingbot/2.0; +http://www.bing.com/bingbot.htm) Chrome/116.0.1938.76 Safari/537.36"
57.141.20.71 - - [12/Sep/2026:16:20:33 +0300] "GET /presets/.css HTTP/2.0" 404 1461 "https://keliauk-uk.lt.testams.vhost.lt/index.php/component/search/?sale/search/detail/?ITMCODE=519518277522&" "Mozilla/5.0 (Windows NT 10.0; Win64; x64) AppleWebKit/537.36 (KHTML, like Gecko) Chrome/145.0.0.0 Safari/537.36 (compatible; meta-externalagent/1.1 (+https://developers.facebook.com/docs/sharing/webmasters/crawler))"
52.167.144.174 - - [12/Sep/2026:16:20:33 +0300] "GET /?sale/search/detail/?ITMCODE=519950054083 HTTP/2.0" 200 202287 "-" "Mozilla/5.0 AppleWebKit/537.36 (KHTML, like Gecko; compatible; bingbot/2.0; +http://www.bing.com/bingbot.htm) Chrome/116.0.1938.76 Safari/537.36"
66.249.79.1 - - [12/Sep/2026:16:20:34 +0300] "GET /index.php/zinynas-keliaujantiems?sale/search/detail/?ITMCODE=52002694425 HTTP/1.1" 200 207299 "-" "Mozilla/5.0 (Linux; Android 6.0.1; Nexus 5X Build/MMB29P) AppleWebKit/537.36 (KHTML, like Gecko) Chrome/153.0.8010.36 Mobile Safari/537.36 (compatible; Googlebot/2.1; +http://www.google.com/bot.html)"
52.167.144.174 - - [12/Sep/2026:16:20:35 +0300] "GET /?sale/search/detail/?ITMCODE=52002762089 HTTP/2.0" 200 202067 "-" "Mozilla/5.0 AppleWebKit/537.36 (KHTML, like Gecko; compatible; bingbot/2.0; +http://www.bing.com/bingbot.htm) Chrome/116.0.1938.76 Safari/537.36"
40.77.167.7 - - [12/Sep/2026:16:20:35 +0300] "GET /?sale/search/detail/?ITMCODE=51992064493 HTTP/2.0" 200 202835 "-" "Mozilla/5.0 AppleWebKit/537.36 (KHTML, like Gecko; compatible; bingbot/2.0; +http://www.bing.com/bingbot.htm) Chrome/116.0.1938.76 Safari/537.36"
40.77.167.7 - - [12/Sep/2026:16:20:37 +0300] "GET /?sale/search/detail/?ITMCODE=51971405810 HTTP/2.0" 200 207842 "-" "Mozilla/5.0 AppleWebKit/537.36 (KHTML, like Gecko; compatible; bingbot/2.0; +http://www.bing.com/bingbot.htm) Chrome/116.0.1938.76 Safari/537.36"
66.249.79.1 - - [12/Sep/2026:16:20:37 +0300] "GET /index.php/zinynas-keliaujantiems?sale/search/detail/?ITMCODE=5196688860 HTTP/1.1" 200 229152 "-" "Mozilla/5.0 (Linux; Android 6.0.1; Nexus 5X Build/MMB29P) AppleWebKit/537.36 (KHTML, like Gecko) Chrome/153.0.8010.36 Mobile Safari/537.36 (compatible; Googlebot/2.1; +http://www.google.com/bot.html)"
157.55.39.62 - - [12/Sep/2026:16:20:38 +0300] "GET /?sale/search/detail/?ITMCODE=519557175205 HTTP/2.0" 200 211105 "-" "Mozilla/5.0 AppleWebKit/537.36 (KHTML, like Gecko; compatible; bingbot/2.0; +http://www.bing.com/bingbot.htm) Chrome/116.0.1938.76 Safari/537.36"
157.55.39.62 - - [12/Sep/2026:16:20:39 +0300] "GET /?sale/search/detail/?ITMCODE=51966611314 HTTP/2.0" 200 203980 "-" "Mozilla/5.0 AppleWebKit/537.36 (KHTML, like Gecko; compatible; bingbot/2.0; +http://www.bing.com/bingbot.htm) Chrome/116.0.1938.76 Safari/537.36"
52.167.144.174 - - [12/Sep/2026:16:20:49 +0300] "GET /?sale/search/detail/?ITMCODE=52002977243 HTTP/2.0" 200 207377 "-" "Mozilla/5.0 AppleWebKit/537.36 (KHTML, like Gecko; compatible; bingbot/2.0; +http://www.bing.com/bingbot.htm) Chrome/116.0.1938.76 Safari/537.36"
40.77.167.7 - - [12/Sep/2026:16:20:55 +0300] "GET /?sale/search/detail/?ITMCODE=51971082976 HTTP/2.0" 200 198312 "-" "Mozilla/5.0 AppleWebKit/537.36 (KHTML, like Gecko; compatible; bingbot/2.0; +http://www.bing.com/bingbot.htm) Chrome/116.0.1938.76 Safari/537.36"
40.77.167.7 - - [12/Sep/2026:16:20:57 +0300] "GET /?sale/search/detail/?ITMCODE=51995241644 HTTP/2.0" 200 210961 "-" "Mozilla/5.0 AppleWebKit/537.36 (KHTML, like Gecko; compatible; bingbot/2.0; +http://www.bing.com/bingbot.htm) Chrome/116.0.1938.76 Safari/537.36"
40.77.167.7 - - [12/Sep/2026:16:20:58 +0300] "GET /?sale/search/detail/?ITMCODE=52002888371 HTTP/2.0" 200 227368 "-" "Mozilla/5.0 AppleWebKit/537.36 (KHTML, like Gecko; compatible; bingbot/2.0; +http://www.bing.com/bingbot.htm) Chrome/116.0.1938.76 Safari/537.36"
85.208.96.196 - - [12/Sep/2026:16:21:08 +0300] "GET /?sale%2Fsearch%2Fdetail%2F%3FITMCODE=51981999363 HTTP/1.1" 200 31562 "-" "Mozilla/5.0 (compatible; SemrushBot/7~bl; +http://www.semrush.com/bot.html)"
157.55.39.62 - - [12/Sep/2026:16:21:09 +0300] "GET /?sale/search/detail/?ITMCODE=51981993977 HTTP/2.0" 200 206545 "-" "Mozilla/5.0 AppleWebKit/537.36 (KHTML, like Gecko; compatible; bingbot/2.0; +http://www.bing.com/bingbot.htm) Chrome/116.0.1938.76 Safari/537.36"
157.55.39.62 - - [12/Sep/2026:16:21:10 +0300] "GET /?sale/search/detail/?ITMCODE=51971214263 HTTP/2.0" 200 201118 "-" "Mozilla/5.0 AppleWebKit/537.36 (KHTML, like Gecko; compatible; bingbot/2.0; +http://www.bing.com/bingbot.htm) Chrome/116.0.1938.76 Safari/537.36"
40.77.167.7 - - [12/Sep/2026:16:21:13 +0300] "GET /sale/search/detail/?ITMCODE=52002893517 HTTP/2.0" 200 201174 "-" "Mozilla/5.0 AppleWebKit/537.36 (KHTML, like Gecko; compatible; bingbot/2.0; +http://www.bing.com/bingbot.htm) Chrome/116.0.1938.76 Safari/537.36"
85.208.96.212 - - [12/Sep/2026:16:21:40 +0300] "GET /?sale%2Fsearch%2Fdetail%2F%3FITMCODE=51963523560 HTTP/1.1" 200 31562 "-" "Mozilla/5.0 (compatible; SemrushBot/7~bl; +http://www.semrush.com/bot.html)"
114.119.137.116 - - [12/Sep/2026:16:21:48 +0300] "GET /?sale/search/detail/%3FITMCODE=51987878410 HTTP/1.1" 200 31590 "https://www.keliauk-uk.lt/?sitemap-items.xml" "Mozilla/5.0 (Linux; Android 7.0;) AppleWebKit/537.36 (HTML, like Gecko) Mobile Safari/537.36 (compatible; PetalBot;+https://webmaster.petalsearch.com/site/petalbot)"
66.249.79.2 - - [12/Sep/2026:16:21:50 +0300] "GET /index.php/zinynas-keliaujantiems?sale/search/detail/?ITMCODE=51992332248 HTTP/1.1" 200 215982 "-" "Mozilla/5.0 (Linux; Android 6.0.1; Nexus 5X Build/MMB29P) AppleWebKit/537.36 (KHTML, like Gecko) Chrome/153.0.8010.36 Mobile Safari/537.36 (compatible; Googlebot/2.1; +http://www.google.com/bot.html)"
66.249.79.3 - - [12/Sep/2026:16:21:58 +0300] "GET /index.php/zinynas-keliaujantiems?sale/search/detail/?ITMCODE=52002690523 HTTP/1.1" 200 207403 "-" "Mozilla/5.0 (Linux; Android 6.0.1; Nexus 5X Build/MMB29P) AppleWebKit/537.36 (KHTML, like Gecko) Chrome/153.0.8010.36 Mobile Safari/537.36 (compatible; Googlebot/2.1; +http://www.google.com/bot.html)"
66.249.79.3 - - [12/Sep/2026:16:22:04 +0300] "GET /index.php/zinynas-keliaujantiems?sale/search/detail/?ITMCODE=5195195057 HTTP/1.1" 200 217153 "-" "Mozilla/5.0 (Linux; Android 6.0.1; Nexus 5X Build/MMB29P) AppleWebKit/537.36 (KHTML, like Gecko) Chrome/153.0.8010.36 Mobile Safari/537.36 (compatible; Googlebot/2.1; +http://www.google.com/bot.html)"
85.208.96.212 - - [12/Sep/2026:16:22:06 +0300] "GET /?sale%2Fsearch%2Fdetail%2F%3FITMCODE=51998052503 HTTP/1.1" 200 31562 "-" "Mozilla/5.0 (compatible; SemrushBot/7~bl; +http://www.semrush.com/bot.html)"
157.55.39.62 - - [12/Sep/2026:16:22:07 +0300] "GET /?sale/search/detail/?ITMCODE=519788213360 HTTP/2.0" 200 193825 "-" "Mozilla/5.0 AppleWebKit/537.36 (KHTML, like Gecko; compatible; bingbot/2.0; +http://www.bing.com/bingbot.htm) Chrome/116.0.1938.76 Safari/537.36"
157.55.39.62 - - [12/Sep/2026:16:22:08 +0300] "GET /?sale/search/detail/?ITMCODE=519773433387 HTTP/2.0" 200 228190 "-" "Mozilla/5.0 AppleWebKit/537.36 (KHTML, like Gecko; compatible; bingbot/2.0; +http://www.bing.com/bingbot.htm) Chrome/116.0.1938.76 Safari/537.36"
157.55.39.62 - - [12/Sep/2026:16:22:09 +0300] "GET /?sale/search/detail/?ITMCODE=519512013234 HTTP/2.0" 200 217438 "-" "Mozilla/5.0 AppleWebKit/537.36 (KHTML, like Gecko; compatible; bingbot/2.0; +http://www.bing.com/bingbot.htm) Chrome/116.0.1938.76 Safari/537.36"
157.55.39.62 - - [12/Sep/2026:16:22:10 +0300] "GET /?sale/search/detail/?ITMCODE=519584395352 HTTP/2.0" 200 216184 "-" "Mozilla/5.0 AppleWebKit/537.36 (KHTML, like Gecko; compatible; bingbot/2.0; +http://www.bing.com/bingbot.htm) Chrome/116.0.1938.76 Safari/537.36"
85.208.96.196 - - [12/Sep/2026:16:22:11 +0300] "GET /?sale%2Fsearch%2Fdetail%2F%3FITMCODE=519888772265 HTTP/1.1" 200 31563 "-" "Mozilla/5.0 (compatible; SemrushBot/7~bl; +http://www.semrush.com/bot.html)"
157.55.39.62 - - [12/Sep/2026:16:22:12 +0300] "GET /?sale/search/detail/?ITMCODE=51981886491 HTTP/2.0" 200 198242 "-" "Mozilla/5.0 AppleWebKit/537.36 (KHTML, like Gecko; compatible; bingbot/2.0; +http://www.bing.com/bingbot.htm) Chrome/116.0.1938.76 Safari/537.36"
185.191.171.17 - - [12/Sep/2026:16:22:13 +0300] "GET /?sale%2Fsearch%2Fdetail%2F%3FITMCODE=519690925119 HTTP/1.1" 200 31563 "-" "Mozilla/5.0 (compatible; SemrushBot/7~bl; +http://www.semrush.com/bot.html)"
57.141.20.69 - - [12/Sep/2026:16:22:15 +0300] "GET /index.php/component/search/?sale/search/detail/?ITMCODE=519944027463&id=1&Itemid=437&format=opensearch HTTP/2.0" 200 559 "-" "Mozilla/5.0 (X11; Linux x86_64) AppleWebKit/537.36 (KHTML, like Gecko) Chrome/145.0.0.0 Safari/537.36 (compatible; meta-externalagent/1.1 (+https://developers.facebook.com/docs/sharing/webmasters/crawler))"
66.249.79.2 - - [12/Sep/2026:16:22:19 +0300] "GET /index.php/zinynas-keliaujantiems?sale/search/detail/?ITMCODE=51971099506 HTTP/1.1" 200 213917 "-" "Mozilla/5.0 (Linux; Android 6.0.1; Nexus 5X Build/MMB29P) AppleWebKit/537.36 (KHTML, like Gecko) Chrome/153.0.8010.36 Mobile Safari/537.36 (compatible; Googlebot/2.1; +http://www.google.com/bot.html)"
157.55.39.62 - - [12/Sep/2026:16:22:20 +0300] "GET /?sale/search/detail/?ITMCODE=51971401137 HTTP/2.0" 200 201251 "-" "Mozilla/5.0 AppleWebKit/537.36 (KHTML, like Gecko; compatible; bingbot/2.0; +http://www.bing.com/bingbot.htm) Chrome/116.0.1938.76 Safari/537.36"
157.55.39.62 - - [12/Sep/2026:16:22:21 +0300] "GET /?sale/search/detail/?ITMCODE=51984636756 HTTP/2.0" 200 195746 "-" "Mozilla/5.0 AppleWebKit/537.36 (KHTML, like Gecko; compatible; bingbot/2.0; +http://www.bing.com/bingbot.htm) Chrome/116.0.1938.76 Safari/537.36"
157.55.39.62 - - [12/Sep/2026:16:22:22 +0300] "GET /?sale/search/detail/?ITMCODE=51987921414 HTTP/2.0" 200 193726 "-" "Mozilla/5.0 AppleWebKit/537.36 (KHTML, like Gecko; compatible; bingbot/2.0; +http://www.bing.com/bingbot.htm) Chrome/116.0.1938.76 Safari/537.36"
157.55.39.62 - - [12/Sep/2026:16:22:24 +0300] "GET /?sale/search/detail/?ITMCODE=519542470096 HTTP/2.0" 200 193569 "-" "Mozilla/5.0 AppleWebKit/537.36 (KHTML, like Gecko; compatible; bingbot/2.0; +http://www.bing.com/bingbot.htm) Chrome/116.0.1938.76 Safari/537.36"
40.77.167.7 - - [12/Sep/2026:16:22:24 +0300] "GET /?sale/search/detail/?ITMCODE=519828803712 HTTP/2.0" 200 206896 "-" "Mozilla/5.0 AppleWebKit/537.36 (KHTML, like Gecko; compatible; bingbot/2.0; +http://www.bing.com/bingbot.htm) Chrome/116.0.1938.76 Safari/537.36"
40.77.167.7 - - [12/Sep/2026:16:22:25 +0300] "GET /?sale/search/detail/?ITMCODE=51959195211 HTTP/2.0" 200 213073 "-" "Mozilla/5.0 AppleWebKit/537.36 (KHTML, like Gecko; compatible; bingbot/2.0; +http://www.bing.com/bingbot.htm) Chrome/116.0.1938.76 Safari/537.36"
66.249.79.1 - - [12/Sep/2026:16:22:24 +0300] "GET /index.php/zinynas-keliaujantiems?sale/search/detail/?ITMCODE=5196833262 HTTP/1.1" 200 204714 "-" "Mozilla/5.0 (Linux; Android 6.0.1; Nexus 5X Build/MMB29P) AppleWebKit/537.36 (KHTML, like Gecko) Chrome/153.0.8010.36 Mobile Safari/537.36 (compatible; Googlebot/2.1; +http://www.google.com/bot.html)"
40.77.167.7 - - [12/Sep/2026:16:22:26 +0300] "GET /?sale/search/detail/?ITMCODE=51971306288 HTTP/2.0" 200 210955 "-" "Mozilla/5.0 AppleWebKit/537.36 (KHTML, like Gecko; compatible; bingbot/2.0; +http://www.bing.com/bingbot.htm) Chrome/116.0.1938.76 Safari/537.36"
40.77.167.7 - - [12/Sep/2026:16:22:26 +0300] "GET /?sale/search/detail/?ITMCODE=519678713469 HTTP/2.0" 200 202168 "-" "Mozilla/5.0 AppleWebKit/537.36 (KHTML, like Gecko; compatible; bingbot/2.0; +http://www.bing.com/bingbot.htm) Chrome/116.0.1938.76 Safari/537.36"
40.77.167.7 - - [12/Sep/2026:16:22:27 +0300] "GET /?sale/search/detail/?ITMCODE=5196724138 HTTP/2.0" 200 207971 "-" "Mozilla/5.0 AppleWebKit/537.36 (KHTML, like Gecko; compatible; bingbot/2.0; +http://www.bing.com/bingbot.htm) Chrome/116.0.1938.76 Safari/537.36"
40.77.167.7 - - [12/Sep/2026:16:22:28 +0300] "GET /?sale/search/detail/?ITMCODE=51971435662 HTTP/2.0" 200 207411 "-" "Mozilla/5.0 AppleWebKit/537.36 (KHTML, like Gecko; compatible; bingbot/2.0; +http://www.bing.com/bingbot.htm) Chrome/116.0.1938.76 Safari/537.36"
185.191.171.3 - - [12/Sep/2026:16:22:29 +0300] "GET /?sale%2Fsearch%2Fdetail%2F%3FITMCODE=52002990893 HTTP/1.1" 200 31562 "-" "Mozilla/5.0 (compatible; SemrushBot/7~bl; +http://www.semrush.com/bot.html)"
52.167.144.174 - - [12/Sep/2026:16:22:30 +0300] "GET /?sale/search/detail/?ITMCODE=519879985494 HTTP/2.0" 200 209408 "-" "Mozilla/5.0 AppleWebKit/537.36 (KHTML, like Gecko; compatible; bingbot/2.0; +http://www.bing.com/bingbot.htm) Chrome/116.0.1938.76 Safari/537.36"
52.167.144.174 - - [12/Sep/2026:16:22:30 +0300] "GET /?sale/search/detail/?ITMCODE=519941278894 HTTP/2.0" 200 206213 "-" "Mozilla/5.0 AppleWebKit/537.36 (KHTML, like Gecko; compatible; bingbot/2.0; +http://www.bing.com/bingbot.htm) Chrome/116.0.1938.76 Safari/537.36"
157.55.39.62 - - [12/Sep/2026:16:22:30 +0300] "GET /?sale/search/detail/?ITMCODE=519524383445 HTTP/2.0" 200 195796 "-" "Mozilla/5.0 AppleWebKit/537.36 (KHTML, like Gecko; compatible; bingbot/2.0; +http://www.bing.com/bingbot.htm) Chrome/116.0.1938.76 Safari/537.36"
57.141.20.51 - - [12/Sep/2026:16:22:31 +0300] "GET /index.php/component/search/?sale/search/detail/?ITMCODE=519615868945&id=1&Itemid=437&format=opensearch HTTP/2.0" 200 585 "-" "Mozilla/5.0 (Macintosh; Intel Mac OS X 10_15_7) AppleWebKit/537.36 (KHTML, like Gecko) Chrome/145.0.0.0 Safari/537.36 (compatible; meta-externalagent/1.1 (+https://developers.facebook.com/docs/sharing/webmasters/crawler))"
52.167.144.174 - - [12/Sep/2026:16:22:31 +0300] "GET /?sale/search/detail/?ITMCODE=51971461690 HTTP/2.0" 200 206364 "-" "Mozilla/5.0 AppleWebKit/537.36 (KHTML, like Gecko; compatible; bingbot/2.0; +http://www.bing.com/bingbot.htm) Chrome/116.0.1938.76 Safari/537.36"
52.167.144.174 - - [12/Sep/2026:16:22:32 +0300] "GET /?sale/search/detail/?ITMCODE=51992329941 HTTP/2.0" 200 205359 "-" "Mozilla/5.0 AppleWebKit/537.36 (KHTML, like Gecko; compatible; bingbot/2.0; +http://www.bing.com/bingbot.htm) Chrome/116.0.1938.76 Safari/537.36"
52.167.144.174 - - [12/Sep/2026:16:22:33 +0300] "GET /?sale/search/detail/?ITMCODE=51981543946 HTTP/2.0" 200 209890 "-" "Mozilla/5.0 AppleWebKit/537.36 (KHTML, like Gecko; compatible; bingbot/2.0; +http://www.bing.com/bingbot.htm) Chrome/116.0.1938.76 Safari/537.36"
85.208.96.193 - - [12/Sep/2026:16:22:34 +0300] "GET /?sale%2Fsearch%2Fdetail%2F%3FITMCODE=519852505543 HTTP/1.1" 200 31563 "-" "Mozilla/5.0 (compatible; SemrushBot/7~bl; +http://www.semrush.com/bot.html)"
157.55.39.62 - - [12/Sep/2026:16:22:33 +0300] "GET /?sale/search/detail/?ITMCODE=52008500455 HTTP/2.0" 200 200079 "-" "Mozilla/5.0 AppleWebKit/537.36 (KHTML, like Gecko; compatible; bingbot/2.0; +http://www.bing.com/bingbot.htm) Chrome/116.0.1938.76 Safari/537.36"
157.55.39.62 - - [12/Sep/2026:16:22:34 +0300] "GET /?sale/search/detail/?ITMCODE=5196878535 HTTP/2.0" 200 197499 "-" "Mozilla/5.0 AppleWebKit/537.36 (KHTML, like Gecko; compatible; bingbot/2.0; +http://www.bing.com/bingbot.htm) Chrome/116.0.1938.76 Safari/537.36"
52.167.144.174 - - [12/Sep/2026:16:22:35 +0300] "GET /?sale/search/detail/?ITMCODE=51953412047 HTTP/2.0" 200 222632 "-" "Mozilla/5.0 AppleWebKit/537.36 (KHTML, like Gecko; compatible; bingbot/2.0; +http://www.bing.com/bingbot.htm) Chrome/116.0.1938.76 Safari/537.36"
185.191.171.18 - - [12/Sep/2026:16:22:36 +0300] "GET /?sale%2Fsearch%2Fdetail%2F%3FITMCODE=519639941218 HTTP/1.1" 200 31563 "-" "Mozilla/5.0 (compatible; SemrushBot/7~bl; +http://www.semrush.com/bot.html)"
66.249.79.1 - - [12/Sep/2026:16:22:46 +0300] "GET /index.php/zinynas-keliaujantiems?sale/search/detail/?ITMCODE=5196573115 HTTP/1.1" 200 203142 "-" "Mozilla/5.0 (Linux; Android 6.0.1; Nexus 5X Build/MMB29P) AppleWebKit/537.36 (KHTML, like Gecko) Chrome/153.0.8010.36 Mobile Safari/537.36 (compatible; Googlebot/2.1; +http://www.google.com/bot.html)"
52.167.144.174 - - [12/Sep/2026:16:22:51 +0300] "GET /?sale/search/detail/?ITMCODE=519876797653 HTTP/2.0" 200 203655 "-" "Mozilla/5.0 AppleWebKit/537.36 (KHTML, like Gecko; compatible; bingbot/2.0; +http://www.bing.com/bingbot.htm) Chrome/116.0.1938.76 Safari/537.36"
52.167.144.174 - - [12/Sep/2026:16:22:52 +0300] "GET /?sale/search/detail/?ITMCODE=52002965772 HTTP/2.0" 200 210964 "-" "Mozilla/5.0 AppleWebKit/537.36 (KHTML, like Gecko; compatible; bingbot/2.0; +http://www.bing.com/bingbot.htm) Chrome/116.0.1938.76 Safari/537.36"
52.167.144.174 - - [12/Sep/2026:16:22:52 +0300] "GET /?sale/search/detail/?ITMCODE=52002507067 HTTP/2.0" 200 207182 "-" "Mozilla/5.0 AppleWebKit/537.36 (KHTML, like Gecko; compatible; bingbot/2.0; +http://www.bing.com/bingbot.htm) Chrome/116.0.1938.76 Safari/537.36"
52.167.144.174 - - [12/Sep/2026:16:22:53 +0300] "GET /?sale/search/detail/?ITMCODE=52002968743 HTTP/2.0" 200 200886 "-" "Mozilla/5.0 AppleWebKit/537.36 (KHTML, like Gecko; compatible; bingbot/2.0; +http://www.bing.com/bingbot.htm) Chrome/116.0.1938.76 Safari/537.36"
157.55.39.62 - - [12/Sep/2026:16:22:53 +0300] "GET /?sale/search/detail/?ITMCODE=520038966204 HTTP/2.0" 200 230487 "-" "Mozilla/5.0 AppleWebKit/537.36 (KHTML, like Gecko; compatible; bingbot/2.0; +http://www.bing.com/bingbot.htm) Chrome/116.0.1938.76 Safari/537.36"
157.55.39.62 - - [12/Sep/2026:16:22:55 +0300] "GET /?sale/search/detail/?ITMCODE=51998454366 HTTP/2.0" 200 203674 "-" "Mozilla/5.0 AppleWebKit/537.36 (KHTML, like Gecko; compatible; bingbot/2.0; +http://www.bing.com/bingbot.htm) Chrome/116.0.1938.76 Safari/537.36"
157.55.39.62 - - [12/Sep/2026:16:22:55 +0300] "GET /?sale/search/detail/?ITMCODE=51984572415 HTTP/2.0" 200 201580 "-" "Mozilla/5.0 AppleWebKit/537.36 (KHTML, like Gecko; compatible; bingbot/2.0; +http://www.bing.com/bingbot.htm) Chrome/116.0.1938.76 Safari/537.36"
157.55.39.62 - - [12/Sep/2026:16:22:56 +0300] "GET /?sale/search/detail/?ITMCODE=52002882594 HTTP/2.0" 200 209309 "-" "Mozilla/5.0 AppleWebKit/537.36 (KHTML, like Gecko; compatible; bingbot/2.0; +http://www.bing.com/bingbot.htm) Chrome/116.0.1938.76 Safari/537.36"
157.55.39.62 - - [12/Sep/2026:16:22:57 +0300] "GET /?sale/search/detail/?ITMCODE=51992273376 HTTP/2.0" 200 194766 "-" "Mozilla/5.0 AppleWebKit/537.36 (KHTML, like Gecko; compatible; bingbot/2.0; +http://www.bing.com/bingbot.htm) Chrome/116.0.1938.76 Safari/537.36"
114.119.144.15 - - [12/Sep/2026:16:23:11 +0300] "GET /?sale/search/detail/%3FITMCODE=51987876264 HTTP/1.1" 200 31590 "https://www.keliauk-uk.lt/?sitemap-shopdetail.xml" "Mozilla/5.0 (Linux; Android 7.0;) AppleWebKit/537.36 (HTML, like Gecko) Mobile Safari/537.36 (compatible; PetalBot;+https://webmaster.petalsearch.com/site/petalbot)"
66.249.79.2 - - [12/Sep/2026:16:23:15 +0300] "GET /index.php/zinynas-keliaujantiems?sale/search/detail/?ITMCODE=5196508747 HTTP/1.1" 200 205118 "-" "Mozilla/5.0 (Linux; Android 6.0.1; Nexus 5X Build/MMB29P) AppleWebKit/537.36 (KHTML, like Gecko) Chrome/153.0.8010.36 Mobile Safari/537.36 (compatible; Googlebot/2.1; +http://www.google.com/bot.html)"
66.249.79.3 - - [12/Sep/2026:16:23:16 +0300] "GET /index.php/zinynas-keliaujantiems?sale/search/detail/?ITMCODE=5195158091 HTTP/1.1" 200 214007 "-" "Mozilla/5.0 (Linux; Android 6.0.1; Nexus 5X Build/MMB29P) AppleWebKit/537.36 (KHTML, like Gecko) Chrome/153.0.8010.36 Mobile Safari/537.36 (compatible; Googlebot/2.1; +http://www.google.com/bot.html)"
85.208.96.194 - - [12/Sep/2026:16:23:20 +0300] "GET /?sale%2Fsearch%2Fdetail%2F%3FITMCODE=519734349593 HTTP/1.1" 200 31563 "-" "Mozilla/5.0 (compatible; SemrushBot/7~bl; +http://www.semrush.com/bot.html)"
40.77.167.7 - - [12/Sep/2026:16:23:23 +0300] "GET /?sale/search/detail/?ITMCODE=51995485623 HTTP/2.0" 200 213708 "-" "Mozilla/5.0 AppleWebKit/537.36 (KHTML, like Gecko; compatible; bingbot/2.0; +http://www.bing.com/bingbot.htm) Chrome/116.0.1938.76 Safari/537.36"
85.208.96.212 - - [12/Sep/2026:16:23:23 +0300] "GET /?sale%2Fsearch%2Fdetail%2F%3FITMCODE=519669636194 HTTP/1.1" 200 31563 "-" "Mozilla/5.0 (compatible; SemrushBot/7~bl; +http://www.semrush.com/bot.html)"
40.77.167.7 - - [12/Sep/2026:16:23:24 +0300] "GET /?sale/search/detail/?ITMCODE=52002564937 HTTP/2.0" 200 216121 "-" "Mozilla/5.0 AppleWebKit/537.36 (KHTML, like Gecko; compatible; bingbot/2.0; +http://www.bing.com/bingbot.htm) Chrome/116.0.1938.76 Safari/537.36"
40.77.167.7 - - [12/Sep/2026:16:23:24 +0300] "GET /?sale/search/detail/?ITMCODE=51971448512 HTTP/2.0" 200 213145 "-" "Mozilla/5.0 AppleWebKit/537.36 (KHTML, like Gecko; compatible; bingbot/2.0; +http://www.bing.com/bingbot.htm) Chrome/116.0.1938.76 Safari/537.36"
40.77.167.7 - - [12/Sep/2026:16:23:25 +0300] "GET /?sale/search/detail/?ITMCODE=51971320173 HTTP/2.0" 200 215184 "-" "Mozilla/5.0 AppleWebKit/537.36 (KHTML, like Gecko; compatible; bingbot/2.0; +http://www.bing.com/bingbot.htm) Chrome/116.0.1938.76 Safari/537.36"
40.77.167.7 - - [12/Sep/2026:16:23:26 +0300] "GET /?sale/search/detail/?ITMCODE=51998432297 HTTP/2.0" 200 200901 "-" "Mozilla/5.0 AppleWebKit/537.36 (KHTML, like Gecko; compatible; bingbot/2.0; +http://www.bing.com/bingbot.htm) Chrome/116.0.1938.76 Safari/537.36"
40.77.167.7 - - [12/Sep/2026:16:23:26 +0300] "GET /?sale/search/detail/?ITMCODE=52002597832 HTTP/2.0" 200 231801 "-" "Mozilla/5.0 AppleWebKit/537.36 (KHTML, like Gecko; compatible; bingbot/2.0; +http://www.bing.com/bingbot.htm) Chrome/116.0.1938.76 Safari/537.36"
66.249.79.2 - - [12/Sep/2026:16:23:26 +0300] "GET /index.php/zinynas-keliaujantiems?sale/search/detail/?ITMCODE=51981586772 HTTP/1.1" 200 208373 "-" "Mozilla/5.0 (Linux; Android 6.0.1; Nexus 5X Build/MMB29P) AppleWebKit/537.36 (KHTML, like Gecko) Chrome/153.0.8010.36 Mobile Safari/537.36 (compatible; Googlebot/2.1; +http://www.google.com/bot.html)"
40.77.167.7 - - [12/Sep/2026:16:23:27 +0300] "GET /?sale/search/detail/?ITMCODE=520047939366 HTTP/2.0" 200 216538 "-" "Mozilla/5.0 AppleWebKit/537.36 (KHTML, like Gecko; compatible; bingbot/2.0; +http://www.bing.com/bingbot.htm) Chrome/116.0.1938.76 Safari/537.36"
40.77.167.7 - - [12/Sep/2026:16:23:28 +0300] "GET /?sale/search/detail/?ITMCODE=52002954846 HTTP/2.0" 200 213980 "-" "Mozilla/5.0 AppleWebKit/537.36 (KHTML, like Gecko; compatible; bingbot/2.0; +http://www.bing.com/bingbot.htm) Chrome/116.0.1938.76 Safari/537.36"
40.77.167.7 - - [12/Sep/2026:16:23:28 +0300] "GET /sale/search/detail/?ITMCODE=51981586946 HTTP/2.0" 200 209724 "-" "Mozilla/5.0 AppleWebKit/537.36 (KHTML, like Gecko; compatible; bingbot/2.0; +http://www.bing.com/bingbot.htm) Chrome/116.0.1938.76 Safari/537.36"
66.249.79.2 - - [12/Sep/2026:16:23:29 +0300] "GET /index.php/zinynas-keliaujantiems?sale/search/detail/?ITMCODE=51992074662 HTTP/1.1" 200 209788 "-" "Mozilla/5.0 (Linux; Android 6.0.1; Nexus 5X Build/MMB29P) AppleWebKit/537.36 (KHTML, like Gecko) Chrome/153.0.8010.36 Mobile Safari/537.36 (compatible; Googlebot/2.1; +http://www.google.com/bot.html)"
66.249.79.1 - - [12/Sep/2026:16:23:34 +0300] "GET /index.php/zinynas-keliaujantiems?sale/search/detail/?ITMCODE=51971497614 HTTP/1.1" 200 215735 "-" "Mozilla/5.0 (Linux; Android 6.0.1; Nexus 5X Build/MMB29P) AppleWebKit/537.36 (KHTML, like Gecko) Chrome/153.0.8010.36 Mobile Safari/537.36 (compatible; Googlebot/2.1; +http://www.google.com/bot.html)"
66.249.79.1 - - [12/Sep/2026:16:23:36 +0300] "GET /index.php/zinynas-keliaujantiems?sale/search/detail/?ITMCODE=51971184734 HTTP/1.1" 200 203754 "-" "Mozilla/5.0 (Linux; Android 6.0.1; Nexus 5X Build/MMB29P) AppleWebKit/537.36 (KHTML, like Gecko) Chrome/153.0.8010.36 Mobile Safari/537.36 (compatible; Googlebot/2.1; +http://www.google.com/bot.html)"
185.191.171.12 - - [12/Sep/2026:16:23:38 +0300] "GET /?sale%2Fsearch%2Fdetail%2F%3FITMCODE=519557439247 HTTP/1.1" 200 31563 "-" "Mozilla/5.0 (compatible; SemrushBot/7~bl; +http://www.semrush.com/bot.html)"
66.249.79.1 - - [12/Sep/2026:16:23:41 +0300] "GET /index.php/zinynas-keliaujantiems?sale/search/detail/?ITMCODE=51981780059 HTTP/1.1" 200 206200 "-" "Mozilla/5.0 (Linux; Android 6.0.1; Nexus 5X Build/MMB29P) AppleWebKit/537.36 (KHTML, like Gecko) Chrome/153.0.8010.36 Mobile Safari/537.36 (compatible; Googlebot/2.1; +http://www.google.com/bot.html)"
66.249.79.2 - - [12/Sep/2026:16:23:42 +0300] "GET /index.php/zinynas-keliaujantiems?sale/search/detail/?ITMCODE=51981918580 HTTP/1.1" 200 211280 "-" "Mozilla/5.0 (Linux; Android 6.0.1; Nexus 5X Build/MMB29P) AppleWebKit/537.36 (KHTML, like Gecko) Chrome/153.0.8010.36 Mobile Safari/537.36 (compatible; Googlebot/2.1; +http://www.google.com/bot.html)"
185.191.171.9 - - [12/Sep/2026:16:23:44 +0300] "GET /?sale%2Fsearch%2Fdetail%2F%3FITMCODE=519992076039 HTTP/1.1" 200 31563 "-" "Mozilla/5.0 (compatible; SemrushBot/7~bl; +http://www.semrush.com/bot.html)"
66.249.79.2 - - [12/Sep/2026:16:24:00 +0300] "GET /index.php/zinynas-keliaujantiems?sale/search/detail/?ITMCODE=51981729199 HTTP/1.1" 200 226692 "-" "Mozilla/5.0 (Linux; Android 6.0.1; Nexus 5X Build/MMB29P) AppleWebKit/537.36 (KHTML, like Gecko) Chrome/153.0.8010.36 Mobile Safari/537.36 (compatible; Googlebot/2.1; +http://www.google.com/bot.html)"
85.208.96.208 - - [12/Sep/2026:16:24:09 +0300] "GET /?sale%2Fsearch%2Fdetail%2F%3FITMCODE=519590280443 HTTP/1.1" 200 31563 "-" "Mozilla/5.0 (compatible; SemrushBot/7~bl; +http://www.semrush.com/bot.html)"
66.249.79.1 - - [12/Sep/2026:16:24:23 +0300] "GET /index.php/zinynas-keliaujantiems?sale/search/detail/?ITMCODE=519545475 HTTP/1.1" 200 206249 "-" "Mozilla/5.0 (Linux; Android 6.0.1; Nexus 5X Build/MMB29P) AppleWebKit/537.36 (KHTML, like Gecko) Chrome/153.0.8010.36 Mobile Safari/537.36 (compatible; Googlebot/2.1; +http://www.google.com/bot.html)"
85.208.96.195 - - [12/Sep/2026:16:24:29 +0300] "GET /?sale%2Fsearch%2Fdetail%2F%3FITMCODE=51974360896 HTTP/1.1" 200 31562 "-" "Mozilla/5.0 (compatible; SemrushBot/7~bl; +http://www.semrush.com/bot.html)"
85.208.96.193 - - [12/Sep/2026:16:24:35 +0300] "GET /?sale%2Fsearch%2Fdetail%2F%3FITMCODE=51963622191 HTTP/1.1" 200 31562 "-" "Mozilla/5.0 (compatible; SemrushBot/7~bl; +http://www.semrush.com/bot.html)"
114.119.137.116 - - [12/Sep/2026:16:24:35 +0300] "GET /?sale/search/detail/%3FITMCODE=51987875051 HTTP/1.1" 200 31590 "https://www.keliauk-uk.lt/?sitemap-items.xml" "Mozilla/5.0 (Linux; Android 7.0;) AppleWebKit/537.36 (HTML, like Gecko) Mobile Safari/537.36 (compatible; PetalBot;+https://webmaster.petalsearch.com/site/petalbot)"
185.191.171.12 - - [12/Sep/2026:16:24:45 +0300] "GET /?sale%2Fsearch%2Fdetail%2F%3FITMCODE=51974486744 HTTP/1.1" 200 31562 "-" "Mozilla/5.0 (compatible; SemrushBot/7~bl; +http://www.semrush.com/bot.html)"
66.249.79.1 - - [12/Sep/2026:16:24:44 +0300] "GET /shop/customer/bookmark.php?sale/search/detail/?ITMCODE=51971420650 HTTP/1.1" 200 213009 "-" "Mozilla/5.0 (Linux; Android 6.0.1; Nexus 5X Build/MMB29P) AppleWebKit/537.36 (KHTML, like Gecko) Chrome/153.0.8010.36 Mobile Safari/537.36 (compatible; Googlebot/2.1; +http://www.google.com/bot.html)"
66.249.79.1 - - [12/Sep/2026:16:24:48 +0300] "GET /index.php/zinynas-keliaujantiems?sale/search/detail/?ITMCODE=51971263993 HTTP/1.1" 200 210073 "-" "Mozilla/5.0 (Linux; Android 6.0.1; Nexus 5X Build/MMB29P) AppleWebKit/537.36 (KHTML, like Gecko) Chrome/153.0.8010.36 Mobile Safari/537.36 (compatible; Googlebot/2.1; +http://www.google.com/bot.html)"
