74.7.243.247 - - [12/Sep/2026:17:33:55 +0300] "GET /?sale/search/detail/?ITMCODE=51995044224 HTTP/2.0" 200 31681 "https://keliauk-uk.lt.testams.vhost.lt/?sitemap-127.xml" "Mozilla/5.0 AppleWebKit/537.36 (KHTML, like Gecko; compatible; GPTBot/1.4; +https://openai.com/gptbot)"
74.7.243.247 - - [12/Sep/2026:17:33:56 +0300] "GET /?sale/search/detail/?ITMCODE=51963595904 HTTP/2.0" 200 31681 "https://keliauk-uk.lt.testams.vhost.lt/?sitemap-804.xml" "Mozilla/5.0 AppleWebKit/537.36 (KHTML, like Gecko; compatible; GPTBot/1.4; +https://openai.com/gptbot)"
74.7.243.247 - - [12/Sep/2026:17:33:56 +0300] "GET /?sale/search/detail/?ITMCODE=51981592279 HTTP/2.0" 200 31681 "https://keliauk-uk.lt.testams.vhost.lt/?sitemap-804.xml" "Mozilla/5.0 AppleWebKit/537.36 (KHTML, like Gecko; compatible; GPTBot/1.4; +https://openai.com/gptbot)"
74.7.243.247 - - [12/Sep/2026:17:33:57 +0300] "GET /?sale/search/detail/?ITMCODE=52002965464 HTTP/2.0" 200 31681 "https://keliauk-uk.lt.testams.vhost.lt/?sitemap-127.xml" "Mozilla/5.0 AppleWebKit/537.36 (KHTML, like Gecko; compatible; GPTBot/1.4; +https://openai.com/gptbot)"
74.7.243.247 - - [12/Sep/2026:17:33:57 +0300] "GET /?sale/search/detail/?ITMCODE=51981837121 HTTP/2.0" 200 31681 "https://keliauk-uk.lt.testams.vhost.lt/?sitemap-804.xml" "Mozilla/5.0 AppleWebKit/537.36 (KHTML, like Gecko; compatible; GPTBot/1.4; +https://openai.com/gptbot)"
74.7.243.247 - - [12/Sep/2026:17:33:58 +0300] "GET /?sale/search/detail/?ITMCODE=51984811542 HTTP/2.0" 200 31681 "https://keliauk-uk.lt.testams.vhost.lt/?sitemap-433.xml" "Mozilla/5.0 AppleWebKit/537.36 (KHTML, like Gecko; compatible; GPTBot/1.4; +https://openai.com/gptbot)"
74.7.243.247 - - [12/Sep/2026:17:33:58 +0300] "GET /?sale/search/detail/?ITMCODE=51974174675 HTTP/2.0" 200 31681 "https://keliauk-uk.lt.testams.vhost.lt/?sitemap-937.xml" "Mozilla/5.0 AppleWebKit/537.36 (KHTML, like Gecko; compatible; GPTBot/1.4; +https://openai.com/gptbot)"
74.7.243.247 - - [12/Sep/2026:17:33:59 +0300] "GET /?sale/search/detail/?ITMCODE=51987679656 HTTP/2.0" 200 31681 "https://keliauk-uk.lt.testams.vhost.lt/?sitemap-433.xml" "Mozilla/5.0 AppleWebKit/537.36 (KHTML, like Gecko; compatible; GPTBot/1.4; +https://openai.com/gptbot)"
74.7.243.247 - - [12/Sep/2026:17:33:59 +0300] "GET /?sale/search/detail/?ITMCODE=51953466594 HTTP/2.0" 200 31681 "https://keliauk-uk.lt.testams.vhost.lt/?sitemap-433.xml" "Mozilla/5.0 AppleWebKit/537.36 (KHTML, like Gecko; compatible; GPTBot/1.4; +https://openai.com/gptbot)"
74.7.243.247 - - [12/Sep/2026:17:34:00 +0300] "GET /?sale/search/detail/?ITMCODE=51956022906 HTTP/2.0" 200 31681 "https://keliauk-uk.lt.testams.vhost.lt/?sitemap-433.xml" "Mozilla/5.0 AppleWebKit/537.36 (KHTML, like Gecko; compatible; GPTBot/1.4; +https://openai.com/gptbot)"
74.7.243.247 - - [12/Sep/2026:17:34:00 +0300] "GET /index.php/component/search/?Itemid=437&format=opensearch&id=1&sale/search/detail/?ITMCODE=51953466594 HTTP/2.0" 200 584 "https://keliauk-uk.lt.testams.vhost.lt/?sale/search/detail/?ITMCODE=51953466594" "Mozilla/5.0 AppleWebKit/537.36 (KHTML, like Gecko; compatible; GPTBot/1.4; +https://openai.com/gptbot)"
74.7.243.247 - - [12/Sep/2026:17:34:01 +0300] "GET /?sale/search/detail/?ITMCODE=51992219850 HTTP/2.0" 200 31681 "https://keliauk-uk.lt.testams.vhost.lt/?sitemap-292.xml" "Mozilla/5.0 AppleWebKit/537.36 (KHTML, like Gecko; compatible; GPTBot/1.4; +https://openai.com/gptbot)"
74.7.243.247 - - [12/Sep/2026:17:34:01 +0300] "GET /?sale/search/detail/?ITMCODE=51953340493 HTTP/2.0" 200 31681 "https://keliauk-uk.lt.testams.vhost.lt/?sitemap-804.xml" "Mozilla/5.0 AppleWebKit/537.36 (KHTML, like Gecko; compatible; GPTBot/1.4; +https://openai.com/gptbot)"
74.7.243.247 - - [12/Sep/2026:17:34:02 +0300] "GET /?sale/search/detail/?ITMCODE=52002515137 HTTP/2.0" 200 31681 "https://keliauk-uk.lt.testams.vhost.lt/?sitemap-127.xml" "Mozilla/5.0 AppleWebKit/537.36 (KHTML, like Gecko; compatible; GPTBot/1.4; +https://openai.com/gptbot)"
74.7.243.247 - - [12/Sep/2026:17:34:02 +0300] "GET /?sale/search/detail/?ITMCODE=51987887067 HTTP/2.0" 200 31681 "https://keliauk-uk.lt.testams.vhost.lt/?sitemap-937.xml" "Mozilla/5.0 AppleWebKit/537.36 (KHTML, like Gecko; compatible; GPTBot/1.4; +https://openai.com/gptbot)"
74.7.243.247 - - [12/Sep/2026:17:34:03 +0300] "GET /?sale/search/detail/?ITMCODE=52008921700 HTTP/2.0" 200 31681 "https://keliauk-uk.lt.testams.vhost.lt/?sitemap-292.xml" "Mozilla/5.0 AppleWebKit/537.36 (KHTML, like Gecko; compatible; GPTBot/1.4; +https://openai.com/gptbot)"
74.7.243.247 - - [12/Sep/2026:17:34:03 +0300] "GET /?sale/search/detail/?ITMCODE=51995208022 HTTP/2.0" 200 31681 "https://keliauk-uk.lt.testams.vhost.lt/?sitemap-433.xml" "Mozilla/5.0 AppleWebKit/537.36 (KHTML, like Gecko; compatible; GPTBot/1.4; +https://openai.com/gptbot)"
74.7.243.247 - - [12/Sep/2026:17:34:04 +0300] "GET /?sale/search/detail/?ITMCODE=51959229681 HTTP/2.0" 200 31681 "https://keliauk-uk.lt.testams.vhost.lt/?sitemap-433.xml" "Mozilla/5.0 AppleWebKit/537.36 (KHTML, like Gecko; compatible; GPTBot/1.4; +https://openai.com/gptbot)"
74.7.243.247 - - [12/Sep/2026:17:34:04 +0300] "GET /?sale/search/detail/?ITMCODE=51966585436 HTTP/2.0" 200 31681 "https://keliauk-uk.lt.testams.vhost.lt/?sitemap-433.xml" "Mozilla/5.0 AppleWebKit/537.36 (KHTML, like Gecko; compatible; GPTBot/1.4; +https://openai.com/gptbot)"
74.7.243.247 - - [12/Sep/2026:17:34:05 +0300] "GET /?sale/search/detail/?ITMCODE=51981833443 HTTP/2.0" 200 31681 "https://keliauk-uk.lt.testams.vhost.lt/?sitemap-804.xml" "Mozilla/5.0 AppleWebKit/537.36 (KHTML, like Gecko; compatible; GPTBot/1.4; +https://openai.com/gptbot)"
74.7.243.247 - - [12/Sep/2026:17:34:05 +0300] "GET /?sale/search/detail/?ITMCODE=51981838784 HTTP/2.0" 200 31681 "https://keliauk-uk.lt.testams.vhost.lt/?sitemap-127.xml" "Mozilla/5.0 AppleWebKit/537.36 (KHTML, like Gecko; compatible; GPTBot/1.4; +https://openai.com/gptbot)"
74.7.243.247 - - [12/Sep/2026:17:34:06 +0300] "GET /?sale/search/detail/?ITMCODE=51995271256 HTTP/2.0" 200 31681 "https://keliauk-uk.lt.testams.vhost.lt/?sitemap-433.xml" "Mozilla/5.0 AppleWebKit/537.36 (KHTML, like Gecko; compatible; GPTBot/1.4; +https://openai.com/gptbot)"
66.249.79.2 - - [12/Sep/2026:17:34:06 +0300] "GET /index.php/zinynas-keliaujantiems?sale/search/detail/?ITMCODE=5195449189 HTTP/1.1" 200 203436 "-" "Mozilla/5.0 (Linux; Android 6.0.1; Nexus 5X Build/MMB29P) AppleWebKit/537.36 (KHTML, like Gecko) Chrome/153.0.8010.36 Mobile Safari/537.36 (compatible; Googlebot/2.1; +http://www.google.com/bot.html)"
74.7.243.247 - - [12/Sep/2026:17:34:06 +0300] "GET /?sale/search/detail/?ITMCODE=51998154100 HTTP/2.0" 200 31681 "https://keliauk-uk.lt.testams.vhost.lt/?sitemap-937.xml" "Mozilla/5.0 AppleWebKit/537.36 (KHTML, like Gecko; compatible; GPTBot/1.4; +https://openai.com/gptbot)"
74.7.243.247 - - [12/Sep/2026:17:34:07 +0300] "GET /?sale/search/detail/?ITMCODE=51959306592 HTTP/2.0" 200 31681 "https://keliauk-uk.lt.testams.vhost.lt/?sitemap-834.xml" "Mozilla/5.0 AppleWebKit/537.36 (KHTML, like Gecko; compatible; GPTBot/1.4; +https://openai.com/gptbot)"
74.7.243.247 - - [12/Sep/2026:17:34:07 +0300] "GET /?sale/search/detail/?ITMCODE=51959082810 HTTP/2.0" 200 31681 "https://keliauk-uk.lt.testams.vhost.lt/?sitemap-834.xml" "Mozilla/5.0 AppleWebKit/537.36 (KHTML, like Gecko; compatible; GPTBot/1.4; +https://openai.com/gptbot)"
74.7.243.247 - - [12/Sep/2026:17:34:08 +0300] "GET /?sale/search/detail/?ITMCODE=52002736922 HTTP/2.0" 200 31681 "https://keliauk-uk.lt.testams.vhost.lt/?sitemap-937.xml" "Mozilla/5.0 AppleWebKit/537.36 (KHTML, like Gecko; compatible; GPTBot/1.4; +https://openai.com/gptbot)"
74.7.243.247 - - [12/Sep/2026:17:34:08 +0300] "GET /?sale/search/detail/?ITMCODE=51966980581 HTTP/2.0" 200 31681 "https://keliauk-uk.lt.testams.vhost.lt/?sitemap-433.xml" "Mozilla/5.0 AppleWebKit/537.36 (KHTML, like Gecko; compatible; GPTBot/1.4; +https://openai.com/gptbot)"
74.7.243.247 - - [12/Sep/2026:17:34:09 +0300] "GET /?sale/search/detail/?ITMCODE=52005904421 HTTP/2.0" 200 31681 "https://keliauk-uk.lt.testams.vhost.lt/?sitemap-433.xml" "Mozilla/5.0 AppleWebKit/537.36 (KHTML, like Gecko; compatible; GPTBot/1.4; +https://openai.com/gptbot)"
74.7.243.247 - - [12/Sep/2026:17:34:09 +0300] "GET /?sale/search/detail/?ITMCODE=52005504638 HTTP/2.0" 200 31681 "https://keliauk-uk.lt.testams.vhost.lt/?sitemap-937.xml" "Mozilla/5.0 AppleWebKit/537.36 (KHTML, like Gecko; compatible; GPTBot/1.4; +https://openai.com/gptbot)"
74.7.243.247 - - [12/Sep/2026:17:34:10 +0300] "GET /?sale/search/detail/?ITMCODE=51963990759 HTTP/2.0" 200 31681 "https://keliauk-uk.lt.testams.vhost.lt/?sitemap-127.xml" "Mozilla/5.0 AppleWebKit/537.36 (KHTML, like Gecko; compatible; GPTBot/1.4; +https://openai.com/gptbot)"
74.7.243.247 - - [12/Sep/2026:17:34:10 +0300] "GET /?sale/search/detail/?ITMCODE=51984819295 HTTP/2.0" 200 31681 "https://keliauk-uk.lt.testams.vhost.lt/?sitemap-498.xml" "Mozilla/5.0 AppleWebKit/537.36 (KHTML, like Gecko; compatible; GPTBot/1.4; +https://openai.com/gptbot)"
74.7.243.247 - - [12/Sep/2026:17:34:11 +0300] "GET /?sale/search/detail/?ITMCODE=51995256818 HTTP/2.0" 200 31681 "https://keliauk-uk.lt.testams.vhost.lt/?sitemap-498.xml" "Mozilla/5.0 AppleWebKit/537.36 (KHTML, like Gecko; compatible; GPTBot/1.4; +https://openai.com/gptbot)"
74.7.243.247 - - [12/Sep/2026:17:34:11 +0300] "GET /?sale/search/detail/?ITMCODE=51987825892 HTTP/2.0" 200 31681 "https://keliauk-uk.lt.testams.vhost.lt/?sitemap-498.xml" "Mozilla/5.0 AppleWebKit/537.36 (KHTML, like Gecko; compatible; GPTBot/1.4; +https://openai.com/gptbot)"
74.7.243.247 - - [12/Sep/2026:17:34:12 +0300] "GET /?sale/search/detail/?ITMCODE=51974107181 HTTP/2.0" 200 31681 "https://keliauk-uk.lt.testams.vhost.lt/?sitemap-433.xml" "Mozilla/5.0 AppleWebKit/537.36 (KHTML, like Gecko; compatible; GPTBot/1.4; +https://openai.com/gptbot)"
74.7.243.247 - - [12/Sep/2026:17:34:12 +0300] "GET /?sale/search/detail/?ITMCODE=51977193003 HTTP/2.0" 200 31681 "https://keliauk-uk.lt.testams.vhost.lt/?sitemap-804.xml" "Mozilla/5.0 AppleWebKit/537.36 (KHTML, like Gecko; compatible; GPTBot/1.4; +https://openai.com/gptbot)"
74.7.243.247 - - [12/Sep/2026:17:34:13 +0300] "GET /?sale/search/detail/?ITMCODE=51974358551 HTTP/2.0" 200 31681 "https://keliauk-uk.lt.testams.vhost.lt/?sitemap-433.xml" "Mozilla/5.0 AppleWebKit/537.36 (KHTML, like Gecko; compatible; GPTBot/1.4; +https://openai.com/gptbot)"
74.7.243.247 - - [12/Sep/2026:17:34:13 +0300] "GET /?sale/search/detail/?ITMCODE=51953005602 HTTP/2.0" 200 31681 "https://keliauk-uk.lt.testams.vhost.lt/?sitemap-433.xml" "Mozilla/5.0 AppleWebKit/537.36 (KHTML, like Gecko; compatible; GPTBot/1.4; +https://openai.com/gptbot)"
74.7.243.247 - - [12/Sep/2026:17:34:14 +0300] "GET /?sale/search/detail/?ITMCODE=52005877899 HTTP/2.0" 200 31681 "https://keliauk-uk.lt.testams.vhost.lt/?sitemap-804.xml" "Mozilla/5.0 AppleWebKit/537.36 (KHTML, like Gecko; compatible; GPTBot/1.4; +https://openai.com/gptbot)"
74.7.243.247 - - [12/Sep/2026:17:34:15 +0300] "GET /?sale/search/detail/?ITMCODE=51977065170 HTTP/2.0" 200 31681 "https://keliauk-uk.lt.testams.vhost.lt/?sitemap-498.xml" "Mozilla/5.0 AppleWebKit/537.36 (KHTML, like Gecko; compatible; GPTBot/1.4; +https://openai.com/gptbot)"
74.7.243.247 - - [12/Sep/2026:17:34:15 +0300] "GET /?sale/search/detail/?ITMCODE=52002615288 HTTP/2.0" 200 31681 "https://keliauk-uk.lt.testams.vhost.lt/?sitemap-498.xml" "Mozilla/5.0 AppleWebKit/537.36 (KHTML, like Gecko; compatible; GPTBot/1.4; +https://openai.com/gptbot)"
74.7.243.247 - - [12/Sep/2026:17:34:15 +0300] "GET /?sale/search/detail/?ITMCODE=51953081152 HTTP/2.0" 200 31681 "https://keliauk-uk.lt.testams.vhost.lt/?sitemap-498.xml" "Mozilla/5.0 AppleWebKit/537.36 (KHTML, like Gecko; compatible; GPTBot/1.4; +https://openai.com/gptbot)"
74.7.243.247 - - [12/Sep/2026:17:34:16 +0300] "GET /?sale/search/detail/?ITMCODE=51974015574 HTTP/2.0" 200 31681 "https://keliauk-uk.lt.testams.vhost.lt/?sitemap-804.xml" "Mozilla/5.0 AppleWebKit/537.36 (KHTML, like Gecko; compatible; GPTBot/1.4; +https://openai.com/gptbot)"
57.141.20.2 - - [12/Sep/2026:17:34:16 +0300] "GET /index.php/component/search/?sale/search/detail/?ITMCODE=520011931397& HTTP/2.0" 200 19807 "-" "Mozilla/5.0 (Windows NT 10.0; Win64; x64) AppleWebKit/537.36 (KHTML, like Gecko) Chrome/145.0.0.0 Safari/537.36 (compatible; meta-externalagent/1.1 (+https://developers.facebook.com/docs/sharing/webmasters/crawler))"
74.7.243.247 - - [12/Sep/2026:17:34:16 +0300] "GET /?sale/search/detail/?ITMCODE=51995468984 HTTP/2.0" 200 31681 "https://keliauk-uk.lt.testams.vhost.lt/?sitemap-804.xml" "Mozilla/5.0 AppleWebKit/537.36 (KHTML, like Gecko; compatible; GPTBot/1.4; +https://openai.com/gptbot)"
52.167.144.193 - - [12/Sep/2026:17:34:16 +0300] "GET /?sale/search/detail/?ITMCODE=51971011748 HTTP/2.0" 200 215695 "-" "Mozilla/5.0 AppleWebKit/537.36 (KHTML, like Gecko; compatible; bingbot/2.0; +http://www.bing.com/bingbot.htm) Chrome/116.0.1938.76 Safari/537.36"
74.7.243.247 - - [12/Sep/2026:17:34:17 +0300] "GET /index.php/component/search/?Itemid=437&format=opensearch&id=1&sale/search/detail/?ITMCODE=51974015574 HTTP/2.0" 200 584 "https://keliauk-uk.lt.testams.vhost.lt/?sale/search/detail/?ITMCODE=51974015574" "Mozilla/5.0 AppleWebKit/537.36 (KHTML, like Gecko; compatible; GPTBot/1.4; +https://openai.com/gptbot)"
66.249.79.1 - - [12/Sep/2026:17:34:17 +0300] "GET /?sale/search/detail/?ITMCODE=5195474150 HTTP/1.1" 200 213540 "-" "Mozilla/5.0 (Linux; Android 6.0.1; Nexus 5X Build/MMB29P) AppleWebKit/537.36 (KHTML, like Gecko) Chrome/153.0.8010.36 Mobile Safari/537.36 (compatible; Googlebot/2.1; +http://www.google.com/bot.html)"
52.167.144.193 - - [12/Sep/2026:17:34:17 +0300] "GET /?sale/search/detail/?ITMCODE=5195461525 HTTP/2.0" 200 211946 "-" "Mozilla/5.0 AppleWebKit/537.36 (KHTML, like Gecko; compatible; bingbot/2.0; +http://www.bing.com/bingbot.htm) Chrome/116.0.1938.76 Safari/537.36"
57.141.20.47 - - [12/Sep/2026:17:34:17 +0300] "GET /presets/.css HTTP/2.0" 404 1461 "https://keliauk-uk.lt.testams.vhost.lt/index.php/component/search/?sale/search/detail/?ITMCODE=520011931397&" "Mozilla/5.0 (Windows NT 10.0; Win64; x64) AppleWebKit/537.36 (KHTML, like Gecko) Chrome/145.0.0.0 Safari/537.36 (compatible; meta-externalagent/1.1 (+https://developers.facebook.com/docs/sharing/webmasters/crawler))"
74.7.243.247 - - [12/Sep/2026:17:34:17 +0300] "GET /?sale/search/detail/?ITMCODE=51995404200 HTTP/2.0" 200 31681 "https://keliauk-uk.lt.testams.vhost.lt/?sitemap-292.xml" "Mozilla/5.0 AppleWebKit/537.36 (KHTML, like Gecko; compatible; GPTBot/1.4; +https://openai.com/gptbot)"
74.7.243.247 - - [12/Sep/2026:17:34:18 +0300] "GET /?sale/search/detail/?ITMCODE=51977399067 HTTP/2.0" 200 31681 "https://keliauk-uk.lt.testams.vhost.lt/?sitemap-498.xml" "Mozilla/5.0 AppleWebKit/537.36 (KHTML, like Gecko; compatible; GPTBot/1.4; +https://openai.com/gptbot)"
74.7.243.247 - - [12/Sep/2026:17:34:19 +0300] "GET /?sale/search/detail/?ITMCODE=51998137398 HTTP/2.0" 200 31681 "https://keliauk-uk.lt.testams.vhost.lt/?sitemap-292.xml" "Mozilla/5.0 AppleWebKit/537.36 (KHTML, like Gecko; compatible; GPTBot/1.4; +https://openai.com/gptbot)"
74.7.243.247 - - [12/Sep/2026:17:34:19 +0300] "GET /?sale/search/detail/?ITMCODE=52008919829 HTTP/2.0" 200 31681 "https://keliauk-uk.lt.testams.vhost.lt/?sitemap-834.xml" "Mozilla/5.0 AppleWebKit/537.36 (KHTML, like Gecko; compatible; GPTBot/1.4; +https://openai.com/gptbot)"
52.167.144.193 - - [12/Sep/2026:17:34:19 +0300] "GET /?sale/search/detail/?ITMCODE=51971486151 HTTP/2.0" 200 220392 "-" "Mozilla/5.0 AppleWebKit/537.36 (KHTML, like Gecko; compatible; bingbot/2.0; +http://www.bing.com/bingbot.htm) Chrome/116.0.1938.76 Safari/537.36"
74.7.243.247 - - [12/Sep/2026:17:34:20 +0300] "GET /?sale/search/detail/?ITMCODE=51977115400 HTTP/2.0" 200 31681 "https://keliauk-uk.lt.testams.vhost.lt/?sitemap-127.xml" "Mozilla/5.0 AppleWebKit/537.36 (KHTML, like Gecko; compatible; GPTBot/1.4; +https://openai.com/gptbot)"
74.7.243.247 - - [12/Sep/2026:17:34:20 +0300] "GET /?sale/search/detail/?ITMCODE=51969730099 HTTP/2.0" 200 31681 "https://keliauk-uk.lt.testams.vhost.lt/?sitemap-834.xml" "Mozilla/5.0 AppleWebKit/537.36 (KHTML, like Gecko; compatible; GPTBot/1.4; +https://openai.com/gptbot)"
52.167.144.193 - - [12/Sep/2026:17:34:20 +0300] "GET /?sale/search/detail/?ITMCODE=51971028199 HTTP/2.0" 200 203676 "-" "Mozilla/5.0 AppleWebKit/537.36 (KHTML, like Gecko; compatible; bingbot/2.0; +http://www.bing.com/bingbot.htm) Chrome/116.0.1938.76 Safari/537.36"
74.7.243.247 - - [12/Sep/2026:17:34:21 +0300] "GET /?sale/search/detail/?ITMCODE=51998263898 HTTP/2.0" 200 31681 "https://keliauk-uk.lt.testams.vhost.lt/?sitemap-804.xml" "Mozilla/5.0 AppleWebKit/537.36 (KHTML, like Gecko; compatible; GPTBot/1.4; +https://openai.com/gptbot)"
74.7.243.247 - - [12/Sep/2026:17:34:21 +0300] "GET /?sale/search/detail/?ITMCODE=51992421150 HTTP/2.0" 200 31681 "https://keliauk-uk.lt.testams.vhost.lt/?sitemap-292.xml" "Mozilla/5.0 AppleWebKit/537.36 (KHTML, like Gecko; compatible; GPTBot/1.4; +https://openai.com/gptbot)"
74.7.243.247 - - [12/Sep/2026:17:34:22 +0300] "GET /?sale/search/detail/?ITMCODE=51971494015 HTTP/2.0" 200 31681 "https://keliauk-uk.lt.testams.vhost.lt/?sitemap-127.xml" "Mozilla/5.0 AppleWebKit/537.36 (KHTML, like Gecko; compatible; GPTBot/1.4; +https://openai.com/gptbot)"
74.7.243.247 - - [12/Sep/2026:17:34:22 +0300] "GET /?sale/search/detail/?ITMCODE=51981531638 HTTP/2.0" 200 31681 "https://keliauk-uk.lt.testams.vhost.lt/?sitemap-292.xml" "Mozilla/5.0 AppleWebKit/537.36 (KHTML, like Gecko; compatible; GPTBot/1.4; +https://openai.com/gptbot)"
74.7.243.247 - - [12/Sep/2026:17:34:23 +0300] "GET /?sale/search/detail/?ITMCODE=51959465400 HTTP/2.0" 200 31681 "https://keliauk-uk.lt.testams.vhost.lt/?sitemap-937.xml" "Mozilla/5.0 AppleWebKit/537.36 (KHTML, like Gecko; compatible; GPTBot/1.4; +https://openai.com/gptbot)"
74.7.243.247 - - [12/Sep/2026:17:34:23 +0300] "GET /?sale/search/detail/?ITMCODE=51966991033 HTTP/2.0" 200 31681 "https://keliauk-uk.lt.testams.vhost.lt/?sitemap-937.xml" "Mozilla/5.0 AppleWebKit/537.36 (KHTML, like Gecko; compatible; GPTBot/1.4; +https://openai.com/gptbot)"
74.7.243.247 - - [12/Sep/2026:17:34:24 +0300] "GET /?sale/search/detail/?ITMCODE=52002997669 HTTP/2.0" 200 31681 "https://keliauk-uk.lt.testams.vhost.lt/?sitemap-127.xml" "Mozilla/5.0 AppleWebKit/537.36 (KHTML, like Gecko; compatible; GPTBot/1.4; +https://openai.com/gptbot)"
85.208.96.207 - - [12/Sep/2026:17:34:24 +0300] "GET /?sale%2Fsearch%2Fdetail%2F%3FITMCODE=519651691940 HTTP/1.1" 200 31563 "-" "Mozilla/5.0 (compatible; SemrushBot/7~bl; +http://www.semrush.com/bot.html)"
74.7.243.247 - - [12/Sep/2026:17:34:24 +0300] "GET /?sale/search/detail/?ITMCODE=51953185617 HTTP/2.0" 200 31681 "https://keliauk-uk.lt.testams.vhost.lt/?sitemap-433.xml" "Mozilla/5.0 AppleWebKit/537.36 (KHTML, like Gecko; compatible; GPTBot/1.4; +https://openai.com/gptbot)"
74.7.243.247 - - [12/Sep/2026:17:34:25 +0300] "GET /?sale/search/detail/?ITMCODE=51984595334 HTTP/2.0" 200 31681 "https://keliauk-uk.lt.testams.vhost.lt/?sitemap-127.xml" "Mozilla/5.0 AppleWebKit/537.36 (KHTML, like Gecko; compatible; GPTBot/1.4; +https://openai.com/gptbot)"
74.7.243.247 - - [12/Sep/2026:17:34:25 +0300] "GET /?sale/search/detail/?ITMCODE=51992334314 HTTP/2.0" 200 31681 "https://keliauk-uk.lt.testams.vhost.lt/?sitemap-804.xml" "Mozilla/5.0 AppleWebKit/537.36 (KHTML, like Gecko; compatible; GPTBot/1.4; +https://openai.com/gptbot)"
74.7.243.247 - - [12/Sep/2026:17:34:26 +0300] "GET /?sale/search/detail/?ITMCODE=51956132993 HTTP/2.0" 200 31681 "https://keliauk-uk.lt.testams.vhost.lt/?sitemap-292.xml" "Mozilla/5.0 AppleWebKit/537.36 (KHTML, like Gecko; compatible; GPTBot/1.4; +https://openai.com/gptbot)"
74.7.243.247 - - [12/Sep/2026:17:34:26 +0300] "GET /?sale/search/detail/?ITMCODE=51977018875 HTTP/2.0" 200 31681 "https://keliauk-uk.lt.testams.vhost.lt/?sitemap-127.xml" "Mozilla/5.0 AppleWebKit/537.36 (KHTML, like Gecko; compatible; GPTBot/1.4; +https://openai.com/gptbot)"
74.7.243.247 - - [12/Sep/2026:17:34:27 +0300] "GET /?sale/search/detail/?ITMCODE=52002752437 HTTP/2.0" 200 31681 "https://keliauk-uk.lt.testams.vhost.lt/?sitemap-127.xml" "Mozilla/5.0 AppleWebKit/537.36 (KHTML, like Gecko; compatible; GPTBot/1.4; +https://openai.com/gptbot)"
74.7.243.247 - - [12/Sep/2026:17:34:27 +0300] "GET /?sale/search/detail/?ITMCODE=51963946113 HTTP/2.0" 200 31681 "https://keliauk-uk.lt.testams.vhost.lt/?sitemap-292.xml" "Mozilla/5.0 AppleWebKit/537.36 (KHTML, like Gecko; compatible; GPTBot/1.4; +https://openai.com/gptbot)"
74.7.243.247 - - [12/Sep/2026:17:34:28 +0300] "GET /?sale/search/detail/?ITMCODE=52002547458 HTTP/2.0" 200 31681 "https://keliauk-uk.lt.testams.vhost.lt/?sitemap-498.xml" "Mozilla/5.0 AppleWebKit/537.36 (KHTML, like Gecko; compatible; GPTBot/1.4; +https://openai.com/gptbot)"
74.7.243.247 - - [12/Sep/2026:17:34:28 +0300] "GET /?sale/search/detail/?ITMCODE=51995009227 HTTP/2.0" 200 31681 "https://keliauk-uk.lt.testams.vhost.lt/?sitemap-433.xml" "Mozilla/5.0 AppleWebKit/537.36 (KHTML, like Gecko; compatible; GPTBot/1.4; +https://openai.com/gptbot)"
74.7.243.247 - - [12/Sep/2026:17:34:29 +0300] "GET /?sale/search/detail/?ITMCODE=51981576545 HTTP/2.0" 200 31681 "https://keliauk-uk.lt.testams.vhost.lt/?sitemap-127.xml" "Mozilla/5.0 AppleWebKit/537.36 (KHTML, like Gecko; compatible; GPTBot/1.4; +https://openai.com/gptbot)"
52.167.144.193 - - [12/Sep/2026:17:34:29 +0300] "GET /?sale/search/detail/?ITMCODE=51963641053 HTTP/2.0" 200 213294 "-" "Mozilla/5.0 AppleWebKit/537.36 (KHTML, like Gecko; compatible; bingbot/2.0; +http://www.bing.com/bingbot.htm) Chrome/116.0.1938.76 Safari/537.36"
207.46.13.153 - - [12/Sep/2026:17:34:27 +0300] "GET /?sale/search/detail/?ITMCODE=5196941263 HTTP/2.0" 200 235638 "-" "Mozilla/5.0 AppleWebKit/537.36 (KHTML, like Gecko; compatible; bingbot/2.0; +http://www.bing.com/bingbot.htm) Chrome/116.0.1938.76 Safari/537.36"
74.7.243.247 - - [12/Sep/2026:17:34:29 +0300] "GET /?sale/search/detail/?ITMCODE=51984910504 HTTP/2.0" 200 31681 "https://keliauk-uk.lt.testams.vhost.lt/?sitemap-804.xml" "Mozilla/5.0 AppleWebKit/537.36 (KHTML, like Gecko; compatible; GPTBot/1.4; +https://openai.com/gptbot)"
74.7.243.247 - - [12/Sep/2026:17:34:30 +0300] "GET /?sale/search/detail/?ITMCODE=51953227228 HTTP/2.0" 200 31681 "https://keliauk-uk.lt.testams.vhost.lt/?sitemap-804.xml" "Mozilla/5.0 AppleWebKit/537.36 (KHTML, like Gecko; compatible; GPTBot/1.4; +https://openai.com/gptbot)"
74.7.243.247 - - [12/Sep/2026:17:34:30 +0300] "GET /?sale/search/detail/?ITMCODE=51966968637 HTTP/2.0" 200 31681 "https://keliauk-uk.lt.testams.vhost.lt/?sitemap-292.xml" "Mozilla/5.0 AppleWebKit/537.36 (KHTML, like Gecko; compatible; GPTBot/1.4; +https://openai.com/gptbot)"
74.7.243.247 - - [12/Sep/2026:17:34:31 +0300] "GET /?sale/search/detail/?ITMCODE=51963935317 HTTP/2.0" 200 31681 "https://keliauk-uk.lt.testams.vhost.lt/?sitemap-937.xml" "Mozilla/5.0 AppleWebKit/537.36 (KHTML, like Gecko; compatible; GPTBot/1.4; +https://openai.com/gptbot)"
74.7.243.247 - - [12/Sep/2026:17:34:31 +0300] "GET /?sale/search/detail/?ITMCODE=51963964943 HTTP/2.0" 200 31681 "https://keliauk-uk.lt.testams.vhost.lt/?sitemap-804.xml" "Mozilla/5.0 AppleWebKit/537.36 (KHTML, like Gecko; compatible; GPTBot/1.4; +https://openai.com/gptbot)"
74.7.243.247 - - [12/Sep/2026:17:34:32 +0300] "GET /?sale/search/detail/?ITMCODE=51977475562 HTTP/2.0" 200 31681 "https://keliauk-uk.lt.testams.vhost.lt/?sitemap-127.xml" "Mozilla/5.0 AppleWebKit/537.36 (KHTML, like Gecko; compatible; GPTBot/1.4; +https://openai.com/gptbot)"
74.7.243.247 - - [12/Sep/2026:17:34:33 +0300] "GET /?sale/search/detail/?ITMCODE=51969767500 HTTP/2.0" 200 31681 "https://keliauk-uk.lt.testams.vhost.lt/?sitemap-834.xml" "Mozilla/5.0 AppleWebKit/537.36 (KHTML, like Gecko; compatible; GPTBot/1.4; +https://openai.com/gptbot)"
74.7.243.247 - - [12/Sep/2026:17:34:33 +0300] "GET /?sale/search/detail/?ITMCODE=52005621321 HTTP/2.0" 200 31681 "https://keliauk-uk.lt.testams.vhost.lt/?sitemap-804.xml" "Mozilla/5.0 AppleWebKit/537.36 (KHTML, like Gecko; compatible; GPTBot/1.4; +https://openai.com/gptbot)"
74.7.243.247 - - [12/Sep/2026:17:34:34 +0300] "GET /?sale/search/detail/?ITMCODE=51963950558 HTTP/2.0" 200 31681 "https://keliauk-uk.lt.testams.vhost.lt/?sitemap-804.xml" "Mozilla/5.0 AppleWebKit/537.36 (KHTML, like Gecko; compatible; GPTBot/1.4; +https://openai.com/gptbot)"
74.7.243.247 - - [12/Sep/2026:17:34:34 +0300] "GET /?sale/search/detail/?ITMCODE=51956465292 HTTP/2.0" 200 31681 "https://keliauk-uk.lt.testams.vhost.lt/?sitemap-937.xml" "Mozilla/5.0 AppleWebKit/537.36 (KHTML, like Gecko; compatible; GPTBot/1.4; +https://openai.com/gptbot)"
207.46.13.153 - - [12/Sep/2026:17:34:33 +0300] "GET /?sale/search/detail/?ITMCODE=520056722100 HTTP/2.0" 200 209139 "-" "Mozilla/5.0 AppleWebKit/537.36 (KHTML, like Gecko; compatible; bingbot/2.0; +http://www.bing.com/bingbot.htm) Chrome/116.0.1938.76 Safari/537.36"
74.7.243.247 - - [12/Sep/2026:17:34:35 +0300] "GET /?sale/search/detail/?ITMCODE=51974295598 HTTP/2.0" 200 31681 "https://keliauk-uk.lt.testams.vhost.lt/?sitemap-292.xml" "Mozilla/5.0 AppleWebKit/537.36 (KHTML, like Gecko; compatible; GPTBot/1.4; +https://openai.com/gptbot)"
74.7.243.247 - - [12/Sep/2026:17:34:35 +0300] "GET /?sale/search/detail/?ITMCODE=51992044934 HTTP/2.0" 200 31681 "https://keliauk-uk.lt.testams.vhost.lt/?sitemap-804.xml" "Mozilla/5.0 AppleWebKit/537.36 (KHTML, like Gecko; compatible; GPTBot/1.4; +https://openai.com/gptbot)"
114.119.148.64 - - [12/Sep/2026:17:34:35 +0300] "GET /?sale/search/detail/%3FITMCODE=51987779715 HTTP/1.1" 200 31590 "https://www.keliauk-uk.lt/?sitemap-items.xml" "Mozilla/5.0 (Linux; Android 7.0;) AppleWebKit/537.36 (HTML, like Gecko) Mobile Safari/537.36 (compatible; PetalBot;+https://webmaster.petalsearch.com/site/petalbot)"
74.7.243.247 - - [12/Sep/2026:17:34:36 +0300] "GET /?sale/search/detail/?ITMCODE=52002620173 HTTP/2.0" 200 31681 "https://keliauk-uk.lt.testams.vhost.lt/?sitemap-292.xml" "Mozilla/5.0 AppleWebKit/537.36 (KHTML, like Gecko; compatible; GPTBot/1.4; +https://openai.com/gptbot)"
74.7.243.247 - - [12/Sep/2026:17:34:36 +0300] "GET /?sale/search/detail/?ITMCODE=52008686540 HTTP/2.0" 200 31681 "https://keliauk-uk.lt.testams.vhost.lt/?sitemap-834.xml" "Mozilla/5.0 AppleWebKit/537.36 (KHTML, like Gecko; compatible; GPTBot/1.4; +https://openai.com/gptbot)"
74.7.243.247 - - [12/Sep/2026:17:34:37 +0300] "GET /?sale/search/detail/?ITMCODE=51984548391 HTTP/2.0" 200 31681 "https://keliauk-uk.lt.testams.vhost.lt/?sitemap-433.xml" "Mozilla/5.0 AppleWebKit/537.36 (KHTML, like Gecko; compatible; GPTBot/1.4; +https://openai.com/gptbot)"
74.7.243.247 - - [12/Sep/2026:17:34:37 +0300] "GET /?sale/search/detail/?ITMCODE=51981935908 HTTP/2.0" 200 31681 "https://keliauk-uk.lt.testams.vhost.lt/?sitemap-804.xml" "Mozilla/5.0 AppleWebKit/537.36 (KHTML, like Gecko; compatible; GPTBot/1.4; +https://openai.com/gptbot)"
185.191.171.4 - - [12/Sep/2026:17:34:37 +0300] "GET /?sale%2Fsearch%2Fdetail%2F%3FITMCODE=519633922240 HTTP/1.1" 200 31563 "-" "Mozilla/5.0 (compatible; SemrushBot/7~bl; +http://www.semrush.com/bot.html)"
74.7.243.247 - - [12/Sep/2026:17:34:38 +0300] "GET /?sale/search/detail/?ITMCODE=51992335665 HTTP/2.0" 200 31681 "https://keliauk-uk.lt.testams.vhost.lt/?sitemap-127.xml" "Mozilla/5.0 AppleWebKit/537.36 (KHTML, like Gecko; compatible; GPTBot/1.4; +https://openai.com/gptbot)"
74.7.243.247 - - [12/Sep/2026:17:34:38 +0300] "GET /?sale/search/detail/?ITMCODE=51969552712 HTTP/2.0" 200 31681 "https://keliauk-uk.lt.testams.vhost.lt/?sitemap-433.xml" "Mozilla/5.0 AppleWebKit/537.36 (KHTML, like Gecko; compatible; GPTBot/1.4; +https://openai.com/gptbot)"
52.167.144.163 - - [12/Sep/2026:17:34:38 +0300] "GET /?sale/search/detail/?ITMCODE=51969904551 HTTP/2.0" 200 205794 "-" "Mozilla/5.0 AppleWebKit/537.36 (KHTML, like Gecko; compatible; bingbot/2.0; +http://www.bing.com/bingbot.htm) Chrome/116.0.1938.76 Safari/537.36"
74.7.243.247 - - [12/Sep/2026:17:34:39 +0300] "GET /?sale/search/detail/?ITMCODE=51956014944 HTTP/2.0" 200 31681 "https://keliauk-uk.lt.testams.vhost.lt/?sitemap-433.xml" "Mozilla/5.0 AppleWebKit/537.36 (KHTML, like Gecko; compatible; GPTBot/1.4; +https://openai.com/gptbot)"
74.7.243.247 - - [12/Sep/2026:17:34:39 +0300] "GET /?sale/search/detail/?ITMCODE=51998057787 HTTP/2.0" 200 31681 "https://keliauk-uk.lt.testams.vhost.lt/?sitemap-292.xml" "Mozilla/5.0 AppleWebKit/537.36 (KHTML, like Gecko; compatible; GPTBot/1.4; +https://openai.com/gptbot)"
74.7.243.247 - - [12/Sep/2026:17:34:40 +0300] "GET /?sale/search/detail/?ITMCODE=52002752718 HTTP/2.0" 200 31681 "https://keliauk-uk.lt.testams.vhost.lt/?sitemap-498.xml" "Mozilla/5.0 AppleWebKit/537.36 (KHTML, like Gecko; compatible; GPTBot/1.4; +https://openai.com/gptbot)"
74.7.243.247 - - [12/Sep/2026:17:34:40 +0300] "GET /?sale/search/detail/?ITMCODE=51995070112 HTTP/2.0" 200 31681 "https://keliauk-uk.lt.testams.vhost.lt/?sitemap-433.xml" "Mozilla/5.0 AppleWebKit/537.36 (KHTML, like Gecko; compatible; GPTBot/1.4; +https://openai.com/gptbot)"
74.7.243.247 - - [12/Sep/2026:17:34:41 +0300] "GET /?sale/search/detail/?ITMCODE=52002561445 HTTP/2.0" 200 31681 "https://keliauk-uk.lt.testams.vhost.lt/?sitemap-127.xml" "Mozilla/5.0 AppleWebKit/537.36 (KHTML, like Gecko; compatible; GPTBot/1.4; +https://openai.com/gptbot)"
74.7.243.247 - - [12/Sep/2026:17:34:41 +0300] "GET /?sale/search/detail/?ITMCODE=51981722915 HTTP/2.0" 200 31681 "https://keliauk-uk.lt.testams.vhost.lt/?sitemap-127.xml" "Mozilla/5.0 AppleWebKit/537.36 (KHTML, like Gecko; compatible; GPTBot/1.4; +https://openai.com/gptbot)"
52.167.144.163 - - [12/Sep/2026:17:34:41 +0300] "GET /?sale/search/detail/?ITMCODE=5196851213 HTTP/2.0" 200 200573 "-" "Mozilla/5.0 AppleWebKit/537.36 (KHTML, like Gecko; compatible; bingbot/2.0; +http://www.bing.com/bingbot.htm) Chrome/116.0.1938.76 Safari/537.36"
74.7.243.247 - - [12/Sep/2026:17:34:42 +0300] "GET /?sale/search/detail/?ITMCODE=51981761773 HTTP/2.0" 200 31681 "https://keliauk-uk.lt.testams.vhost.lt/?sitemap-804.xml" "Mozilla/5.0 AppleWebKit/537.36 (KHTML, like Gecko; compatible; GPTBot/1.4; +https://openai.com/gptbot)"
74.7.243.247 - - [12/Sep/2026:17:34:42 +0300] "GET /?sale/search/detail/?ITMCODE=52002784842 HTTP/2.0" 200 31681 "https://keliauk-uk.lt.testams.vhost.lt/?sitemap-498.xml" "Mozilla/5.0 AppleWebKit/537.36 (KHTML, like Gecko; compatible; GPTBot/1.4; +https://openai.com/gptbot)"
74.7.243.247 - - [12/Sep/2026:17:34:43 +0300] "GET /?sale/search/detail/?ITMCODE=51998495769 HTTP/2.0" 200 31681 "https://keliauk-uk.lt.testams.vhost.lt/?sitemap-127.xml" "Mozilla/5.0 AppleWebKit/537.36 (KHTML, like Gecko; compatible; GPTBot/1.4; +https://openai.com/gptbot)"
74.7.243.247 - - [12/Sep/2026:17:34:43 +0300] "GET /?sale/search/detail/?ITMCODE=51969507706 HTTP/2.0" 200 31681 "https://keliauk-uk.lt.testams.vhost.lt/?sitemap-433.xml" "Mozilla/5.0 AppleWebKit/537.36 (KHTML, like Gecko; compatible; GPTBot/1.4; +https://openai.com/gptbot)"
74.7.243.247 - - [12/Sep/2026:17:34:44 +0300] "GET /?sale/search/detail/?ITMCODE=51963525961 HTTP/2.0" 200 31681 "https://keliauk-uk.lt.testams.vhost.lt/?sitemap-433.xml" "Mozilla/5.0 AppleWebKit/537.36 (KHTML, like Gecko; compatible; GPTBot/1.4; +https://openai.com/gptbot)"
74.7.243.247 - - [12/Sep/2026:17:34:44 +0300] "GET /?sale/search/detail/?ITMCODE=52005611245 HTTP/2.0" 200 31681 "https://keliauk-uk.lt.testams.vhost.lt/?sitemap-127.xml" "Mozilla/5.0 AppleWebKit/537.36 (KHTML, like Gecko; compatible; GPTBot/1.4; +https://openai.com/gptbot)"
52.167.144.163 - - [12/Sep/2026:17:34:44 +0300] "GET /?sale/search/detail/?ITMCODE=5196899875 HTTP/2.0" 200 214832 "-" "Mozilla/5.0 AppleWebKit/537.36 (KHTML, like Gecko; compatible; bingbot/2.0; +http://www.bing.com/bingbot.htm) Chrome/116.0.1938.76 Safari/537.36"
74.7.243.247 - - [12/Sep/2026:17:34:45 +0300] "GET /?sale/search/detail/?ITMCODE=51992497920 HTTP/2.0" 200 31681 "https://keliauk-uk.lt.testams.vhost.lt/?sitemap-127.xml" "Mozilla/5.0 AppleWebKit/537.36 (KHTML, like Gecko; compatible; GPTBot/1.4; +https://openai.com/gptbot)"
74.7.243.247 - - [12/Sep/2026:17:34:45 +0300] "GET /?sale/search/detail/?ITMCODE=51953105162 HTTP/2.0" 200 31681 "https://keliauk-uk.lt.testams.vhost.lt/?sitemap-292.xml" "Mozilla/5.0 AppleWebKit/537.36 (KHTML, like Gecko; compatible; GPTBot/1.4; +https://openai.com/gptbot)"
74.7.243.247 - - [12/Sep/2026:17:34:46 +0300] "GET /?sale/search/detail/?ITMCODE=52008512312 HTTP/2.0" 200 31681 "https://keliauk-uk.lt.testams.vhost.lt/?sitemap-433.xml" "Mozilla/5.0 AppleWebKit/537.36 (KHTML, like Gecko; compatible; GPTBot/1.4; +https://openai.com/gptbot)"
52.167.144.142 - - [12/Sep/2026:17:34:46 +0300] "GET /?sale/search/detail/?ITMCODE=52005755505 HTTP/2.0" 200 196169 "-" "Mozilla/5.0 AppleWebKit/537.36 (KHTML, like Gecko; compatible; bingbot/2.0; +http://www.bing.com/bingbot.htm) Chrome/116.0.1938.76 Safari/537.36"
74.7.243.247 - - [12/Sep/2026:17:34:46 +0300] "GET /?sale/search/detail/?ITMCODE=51969731533 HTTP/2.0" 200 31681 "https://keliauk-uk.lt.testams.vhost.lt/?sitemap-937.xml" "Mozilla/5.0 AppleWebKit/537.36 (KHTML, like Gecko; compatible; GPTBot/1.4; +https://openai.com/gptbot)"
74.7.243.247 - - [12/Sep/2026:17:34:47 +0300] "GET /?sale/search/detail/?ITMCODE=51953122100 HTTP/2.0" 200 31681 "https://keliauk-uk.lt.testams.vhost.lt/?sitemap-127.xml" "Mozilla/5.0 AppleWebKit/537.36 (KHTML, like Gecko; compatible; GPTBot/1.4; +https://openai.com/gptbot)"
52.167.144.142 - - [12/Sep/2026:17:34:47 +0300] "GET /?sale/search/detail/?ITMCODE=519633937117 HTTP/2.0" 200 210051 "-" "Mozilla/5.0 AppleWebKit/537.36 (KHTML, like Gecko; compatible; bingbot/2.0; +http://www.bing.com/bingbot.htm) Chrome/116.0.1938.76 Safari/537.36"
52.167.144.163 - - [12/Sep/2026:17:34:47 +0300] "GET /?sale/search/detail/?ITMCODE=51987980154 HTTP/2.0" 200 215102 "-" "Mozilla/5.0 AppleWebKit/537.36 (KHTML, like Gecko; compatible; bingbot/2.0; +http://www.bing.com/bingbot.htm) Chrome/116.0.1938.76 Safari/537.36"
74.7.243.247 - - [12/Sep/2026:17:34:47 +0300] "GET /?sale/search/detail/?ITMCODE=52005830389 HTTP/2.0" 200 31681 "https://keliauk-uk.lt.testams.vhost.lt/?sitemap-127.xml" "Mozilla/5.0 AppleWebKit/537.36 (KHTML, like Gecko; compatible; GPTBot/1.4; +https://openai.com/gptbot)"
52.167.144.142 - - [12/Sep/2026:17:34:47 +0300] "GET /?sale/search/detail/?ITMCODE=51981769612 HTTP/2.0" 200 199275 "-" "Mozilla/5.0 AppleWebKit/537.36 (KHTML, like Gecko; compatible; bingbot/2.0; +http://www.bing.com/bingbot.htm) Chrome/116.0.1938.76 Safari/537.36"
207.46.13.153 - - [12/Sep/2026:17:34:46 +0300] "GET /?sale/search/detail/?ITMCODE=51992070121 HTTP/2.0" 200 203897 "-" "Mozilla/5.0 AppleWebKit/537.36 (KHTML, like Gecko; compatible; bingbot/2.0; +http://www.bing.com/bingbot.htm) Chrome/116.0.1938.76 Safari/537.36"
74.7.243.247 - - [12/Sep/2026:17:34:48 +0300] "GET /?sale/search/detail/?ITMCODE=51998173831 HTTP/2.0" 200 31681 "https://keliauk-uk.lt.testams.vhost.lt/?sitemap-433.xml" "Mozilla/5.0 AppleWebKit/537.36 (KHTML, like Gecko; compatible; GPTBot/1.4; +https://openai.com/gptbot)"
74.7.243.247 - - [12/Sep/2026:17:34:48 +0300] "GET /?sale/search/detail/?ITMCODE=51984948758 HTTP/2.0" 200 31681 "https://keliauk-uk.lt.testams.vhost.lt/?sitemap-292.xml" "Mozilla/5.0 AppleWebKit/537.36 (KHTML, like Gecko; compatible; GPTBot/1.4; +https://openai.com/gptbot)"
74.7.243.247 - - [12/Sep/2026:17:34:49 +0300] "GET /?sale/search/detail/?ITMCODE=51969983950 HTTP/2.0" 200 31681 "https://keliauk-uk.lt.testams.vhost.lt/?sitemap-834.xml" "Mozilla/5.0 AppleWebKit/537.36 (KHTML, like Gecko; compatible; GPTBot/1.4; +https://openai.com/gptbot)"
74.7.243.247 - - [12/Sep/2026:17:34:49 +0300] "GET /?sale/search/detail/?ITMCODE=52008965290 HTTP/2.0" 200 31681 "https://keliauk-uk.lt.testams.vhost.lt/?sitemap-127.xml" "Mozilla/5.0 AppleWebKit/537.36 (KHTML, like Gecko; compatible; GPTBot/1.4; +https://openai.com/gptbot)"
74.7.243.247 - - [12/Sep/2026:17:34:50 +0300] "GET /?sale/search/detail/?ITMCODE=51956474676 HTTP/2.0" 200 31681 "https://keliauk-uk.lt.testams.vhost.lt/?sitemap-433.xml" "Mozilla/5.0 AppleWebKit/537.36 (KHTML, like Gecko; compatible; GPTBot/1.4; +https://openai.com/gptbot)"
74.7.243.247 - - [12/Sep/2026:17:34:50 +0300] "GET /?sale/search/detail/?ITMCODE=51959305737 HTTP/2.0" 200 31681 "https://keliauk-uk.lt.testams.vhost.lt/?sitemap-937.xml" "Mozilla/5.0 AppleWebKit/537.36 (KHTML, like Gecko; compatible; GPTBot/1.4; +https://openai.com/gptbot)"
52.167.144.163 - - [12/Sep/2026:17:34:49 +0300] "GET /?sale/search/detail/?ITMCODE=5196742161 HTTP/2.0" 200 203196 "-" "Mozilla/5.0 AppleWebKit/537.36 (KHTML, like Gecko; compatible; bingbot/2.0; +http://www.bing.com/bingbot.htm) Chrome/116.0.1938.76 Safari/537.36"
185.191.171.12 - - [12/Sep/2026:17:34:50 +0300] "GET /?sale%2Fsearch%2Fdetail%2F%3FITMCODE=51977200345 HTTP/1.1" 200 31562 "-" "Mozilla/5.0 (compatible; SemrushBot/7~bl; +http://www.semrush.com/bot.html)"
52.167.144.163 - - [12/Sep/2026:17:34:49 +0300] "GET /?sale/search/detail/?ITMCODE=51971072666 HTTP/2.0" 200 207598 "-" "Mozilla/5.0 AppleWebKit/537.36 (KHTML, like Gecko; compatible; bingbot/2.0; +http://www.bing.com/bingbot.htm) Chrome/116.0.1938.76 Safari/537.36"
66.249.79.1 - - [12/Sep/2026:17:34:50 +0300] "GET /index.php/zinynas-keliaujantiems?sale/search/detail/?ITMCODE=51971167174 HTTP/1.1" 200 210129 "-" "Mozilla/5.0 (Linux; Android 6.0.1; Nexus 5X Build/MMB29P) AppleWebKit/537.36 (KHTML, like Gecko) Chrome/153.0.8010.36 Mobile Safari/537.36 (compatible; Googlebot/2.1; +http://www.google.com/bot.html)"
74.7.243.247 - - [12/Sep/2026:17:34:51 +0300] "GET /?sale/search/detail/?ITMCODE=51995305137 HTTP/2.0" 200 31681 "https://keliauk-uk.lt.testams.vhost.lt/?sitemap-127.xml" "Mozilla/5.0 AppleWebKit/537.36 (KHTML, like Gecko; compatible; GPTBot/1.4; +https://openai.com/gptbot)"
74.7.243.247 - - [12/Sep/2026:17:34:51 +0300] "GET /?sale/search/detail/?ITMCODE=51977152892 HTTP/2.0" 200 31681 "https://keliauk-uk.lt.testams.vhost.lt/?sitemap-433.xml" "Mozilla/5.0 AppleWebKit/537.36 (KHTML, like Gecko; compatible; GPTBot/1.4; +https://openai.com/gptbot)"
207.46.13.153 - - [12/Sep/2026:17:34:51 +0300] "GET /?sale/search/detail/?ITMCODE=520059744450 HTTP/2.0" 200 212339 "-" "Mozilla/5.0 AppleWebKit/537.36 (KHTML, like Gecko; compatible; bingbot/2.0; +http://www.bing.com/bingbot.htm) Chrome/116.0.1938.76 Safari/537.36"
74.7.243.247 - - [12/Sep/2026:17:34:52 +0300] "GET /?sale/search/detail/?ITMCODE=51995069725 HTTP/2.0" 200 31681 "https://keliauk-uk.lt.testams.vhost.lt/?sitemap-937.xml" "Mozilla/5.0 AppleWebKit/537.36 (KHTML, like Gecko; compatible; GPTBot/1.4; +https://openai.com/gptbot)"
74.7.243.247 - - [12/Sep/2026:17:34:53 +0300] "GET /?sale/search/detail/?ITMCODE=51963717077 HTTP/2.0" 200 31681 "https://keliauk-uk.lt.testams.vhost.lt/?sitemap-498.xml" "Mozilla/5.0 AppleWebKit/537.36 (KHTML, like Gecko; compatible; GPTBot/1.4; +https://openai.com/gptbot)"
74.7.243.247 - - [12/Sep/2026:17:34:53 +0300] "GET /?sale/search/detail/?ITMCODE=51959208945 HTTP/2.0" 200 31681 "https://keliauk-uk.lt.testams.vhost.lt/?sitemap-834.xml" "Mozilla/5.0 AppleWebKit/537.36 (KHTML, like Gecko; compatible; GPTBot/1.4; +https://openai.com/gptbot)"
66.249.79.1 - - [12/Sep/2026:17:34:53 +0300] "GET /shop/customer/bookmark.php?sale/search/detail/?ITMCODE=51981996661 HTTP/1.1" 200 201612 "-" "Mozilla/5.0 (Linux; Android 6.0.1; Nexus 5X Build/MMB29P) AppleWebKit/537.36 (KHTML, like Gecko) Chrome/153.0.8010.36 Mobile Safari/537.36 (compatible; Googlebot/2.1; +http://www.google.com/bot.html)"
74.7.243.247 - - [12/Sep/2026:17:34:54 +0300] "GET /?sale/search/detail/?ITMCODE=51987898573 HTTP/2.0" 200 31681 "https://keliauk-uk.lt.testams.vhost.lt/?sitemap-498.xml" "Mozilla/5.0 AppleWebKit/537.36 (KHTML, like Gecko; compatible; GPTBot/1.4; +https://openai.com/gptbot)"
52.167.144.163 - - [12/Sep/2026:17:34:53 +0300] "GET /?sale/search/detail/?ITMCODE=51981831026 HTTP/2.0" 200 201601 "-" "Mozilla/5.0 AppleWebKit/537.36 (KHTML, like Gecko; compatible; bingbot/2.0; +http://www.bing.com/bingbot.htm) Chrome/116.0.1938.76 Safari/537.36"
74.7.243.247 - - [12/Sep/2026:17:34:54 +0300] "GET /?sale/search/detail/?ITMCODE=51953384844 HTTP/2.0" 200 31681 "https://keliauk-uk.lt.testams.vhost.lt/?sitemap-433.xml" "Mozilla/5.0 AppleWebKit/537.36 (KHTML, like Gecko; compatible; GPTBot/1.4; +https://openai.com/gptbot)"
74.7.243.247 - - [12/Sep/2026:17:34:55 +0300] "GET /?sale/search/detail/?ITMCODE=51959002797 HTTP/2.0" 200 31681 "https://keliauk-uk.lt.testams.vhost.lt/?sitemap-937.xml" "Mozilla/5.0 AppleWebKit/537.36 (KHTML, like Gecko; compatible; GPTBot/1.4; +https://openai.com/gptbot)"
85.208.96.211 - - [12/Sep/2026:17:34:55 +0300] "GET /?sale%2Fsearch%2Fdetail%2F%3FITMCODE=519894513854 HTTP/1.1" 200 31563 "-" "Mozilla/5.0 (compatible; SemrushBot/7~bl; +http://www.semrush.com/bot.html)"
74.7.243.247 - - [12/Sep/2026:17:34:55 +0300] "GET /?sale/search/detail/?ITMCODE=52002565168 HTTP/2.0" 200 31681 "https://keliauk-uk.lt.testams.vhost.lt/?sitemap-292.xml" "Mozilla/5.0 AppleWebKit/537.36 (KHTML, like Gecko; compatible; GPTBot/1.4; +https://openai.com/gptbot)"
216.73.216.20 - - [12/Sep/2026:17:34:55 +0300] "GET /robots.txt HTTP/2.0" 200 157 "-" "Mozilla/5.0 AppleWebKit/537.36 (KHTML, like Gecko; compatible; ClaudeBot/1.0; +claudebot@anthropic.com)"
66.249.79.1 - - [12/Sep/2026:17:34:55 +0300] "GET /index.php/zinynas-keliaujantiems?sale/search/detail/?ITMCODE=51971479310 HTTP/1.1" 200 220583 "-" "Mozilla/5.0 (Linux; Android 6.0.1; Nexus 5X Build/MMB29P) AppleWebKit/537.36 (KHTML, like Gecko) Chrome/153.0.8010.36 Mobile Safari/537.36 (compatible; Googlebot/2.1; +http://www.google.com/bot.html)"
216.73.216.20 - - [12/Sep/2026:17:34:56 +0300] "GET /sitemap.xml HTTP/2.0" 200 2361 "-" "Mozilla/5.0 AppleWebKit/537.36 (KHTML, like Gecko; compatible; ClaudeBot/1.0; +claudebot@anthropic.com)"
74.7.243.247 - - [12/Sep/2026:17:34:56 +0300] "GET /?sale/search/detail/?ITMCODE=51963921612 HTTP/2.0" 200 31681 "https://keliauk-uk.lt.testams.vhost.lt/?sitemap-127.xml" "Mozilla/5.0 AppleWebKit/537.36 (KHTML, like Gecko; compatible; GPTBot/1.4; +https://openai.com/gptbot)"
74.7.243.247 - - [12/Sep/2026:17:34:56 +0300] "GET /index.php/component/search/?Itemid=437&format=opensearch&id=1&sale/search/detail/?ITMCODE=52002565168 HTTP/2.0" 200 584 "https://keliauk-uk.lt.testams.vhost.lt/?sale/search/detail/?ITMCODE=52002565168" "Mozilla/5.0 AppleWebKit/537.36 (KHTML, like Gecko; compatible; GPTBot/1.4; +https://openai.com/gptbot)"
207.46.13.153 - - [12/Sep/2026:17:34:55 +0300] "GET /?sale/search/detail/?ITMCODE=51971183484 HTTP/2.0" 200 203065 "-" "Mozilla/5.0 AppleWebKit/537.36 (KHTML, like Gecko; compatible; bingbot/2.0; +http://www.bing.com/bingbot.htm) Chrome/116.0.1938.76 Safari/537.36"
74.7.243.247 - - [12/Sep/2026:17:34:57 +0300] "GET /?sale/search/detail/?ITMCODE=51959114232 HTTP/2.0" 200 31681 "https://keliauk-uk.lt.testams.vhost.lt/?sitemap-937.xml" "Mozilla/5.0 AppleWebKit/537.36 (KHTML, like Gecko; compatible; GPTBot/1.4; +https://openai.com/gptbot)"
74.7.243.247 - - [12/Sep/2026:17:34:57 +0300] "GET /?sale/search/detail/?ITMCODE=51977319567 HTTP/2.0" 200 31681 "https://keliauk-uk.lt.testams.vhost.lt/?sitemap-498.xml" "Mozilla/5.0 AppleWebKit/537.36 (KHTML, like Gecko; compatible; GPTBot/1.4; +https://openai.com/gptbot)"
74.7.243.247 - - [12/Sep/2026:17:34:58 +0300] "GET /?sale/search/detail/?ITMCODE=51981826114 HTTP/2.0" 200 31681 "https://keliauk-uk.lt.testams.vhost.lt/?sitemap-804.xml" "Mozilla/5.0 AppleWebKit/537.36 (KHTML, like Gecko; compatible; GPTBot/1.4; +https://openai.com/gptbot)"
66.249.79.1 - - [12/Sep/2026:17:34:58 +0300] "GET /shop/pg/2699090 HTTP/1.1" 200 199468 "-" "Mozilla/5.0 (Linux; Android 6.0.1; Nexus 5X Build/MMB29P) AppleWebKit/537.36 (KHTML, like Gecko) Chrome/153.0.8010.36 Mobile Safari/537.36 (compatible; Googlebot/2.1; +http://www.google.com/bot.html)"
52.167.144.142 - - [12/Sep/2026:17:34:58 +0300] "GET /?sale/search/detail/?ITMCODE=51977491142 HTTP/2.0" 200 195829 "-" "Mozilla/5.0 AppleWebKit/537.36 (KHTML, like Gecko; compatible; bingbot/2.0; +http://www.bing.com/bingbot.htm) Chrome/116.0.1938.76 Safari/537.36"
74.7.243.247 - - [12/Sep/2026:17:34:58 +0300] "GET /?sale/search/detail/?ITMCODE=51977337782 HTTP/2.0" 200 31681 "https://keliauk-uk.lt.testams.vhost.lt/?sitemap-433.xml" "Mozilla/5.0 AppleWebKit/537.36 (KHTML, like Gecko; compatible; GPTBot/1.4; +https://openai.com/gptbot)"
74.7.243.247 - - [12/Sep/2026:17:34:59 +0300] "GET /?sale/search/detail/?ITMCODE=51992156123 HTTP/2.0" 200 31681 "https://keliauk-uk.lt.testams.vhost.lt/?sitemap-804.xml" "Mozilla/5.0 AppleWebKit/537.36 (KHTML, like Gecko; compatible; GPTBot/1.4; +https://openai.com/gptbot)"
74.7.243.247 - - [12/Sep/2026:17:34:59 +0300] "GET /?sale/search/detail/?ITMCODE=51998184539 HTTP/2.0" 200 31681 "https://keliauk-uk.lt.testams.vhost.lt/?sitemap-804.xml" "Mozilla/5.0 AppleWebKit/537.36 (KHTML, like Gecko; compatible; GPTBot/1.4; +https://openai.com/gptbot)"
74.7.243.247 - - [12/Sep/2026:17:35:00 +0300] "GET /?sale/search/detail/?ITMCODE=51987876918 HTTP/2.0" 200 31681 "https://keliauk-uk.lt.testams.vhost.lt/?sitemap-937.xml" "Mozilla/5.0 AppleWebKit/537.36 (KHTML, like Gecko; compatible; GPTBot/1.4; +https://openai.com/gptbot)"
74.7.243.247 - - [12/Sep/2026:17:35:00 +0300] "GET /?sale/search/detail/?ITMCODE=51992492858 HTTP/2.0" 200 31681 "https://keliauk-uk.lt.testams.vhost.lt/?sitemap-498.xml" "Mozilla/5.0 AppleWebKit/537.36 (KHTML, like Gecko; compatible; GPTBot/1.4; +https://openai.com/gptbot)"
52.167.144.163 - - [12/Sep/2026:17:35:00 +0300] "GET /?sale/search/detail/?ITMCODE=51974088106 HTTP/2.0" 200 202987 "-" "Mozilla/5.0 AppleWebKit/537.36 (KHTML, like Gecko; compatible; bingbot/2.0; +http://www.bing.com/bingbot.htm) Chrome/116.0.1938.76 Safari/537.36"
74.7.243.247 - - [12/Sep/2026:17:35:01 +0300] "GET /?sale/search/detail/?ITMCODE=51953167137 HTTP/2.0" 200 31681 "https://keliauk-uk.lt.testams.vhost.lt/?sitemap-937.xml" "Mozilla/5.0 AppleWebKit/537.36 (KHTML, like Gecko; compatible; GPTBot/1.4; +https://openai.com/gptbot)"
185.191.171.1 - - [12/Sep/2026:17:35:01 +0300] "GET /?sale%2Fsearch%2Fdetail%2F%3FITMCODE=51992292981 HTTP/1.1" 200 31562 "-" "Mozilla/5.0 (compatible; SemrushBot/7~bl; +http://www.semrush.com/bot.html)"
74.7.243.247 - - [12/Sep/2026:17:35:01 +0300] "GET /?sale/search/detail/?ITMCODE=52002624633 HTTP/2.0" 200 31681 "https://keliauk-uk.lt.testams.vhost.lt/?sitemap-804.xml" "Mozilla/5.0 AppleWebKit/537.36 (KHTML, like Gecko; compatible; GPTBot/1.4; +https://openai.com/gptbot)"
74.7.243.247 - - [12/Sep/2026:17:35:02 +0300] "GET /?sale/search/detail/?ITMCODE=51998354055 HTTP/2.0" 200 31681 "https://keliauk-uk.lt.testams.vhost.lt/?sitemap-127.xml" "Mozilla/5.0 AppleWebKit/537.36 (KHTML, like Gecko; compatible; GPTBot/1.4; +https://openai.com/gptbot)"
74.7.243.247 - - [12/Sep/2026:17:35:02 +0300] "GET /?sale/search/detail/?ITMCODE=51992268825 HTTP/2.0" 200 31681 "https://keliauk-uk.lt.testams.vhost.lt/?sitemap-292.xml" "Mozilla/5.0 AppleWebKit/537.36 (KHTML, like Gecko; compatible; GPTBot/1.4; +https://openai.com/gptbot)"
66.249.79.3 - - [12/Sep/2026:17:35:02 +0300] "GET /index.php/zinynas-keliaujantiems?sale/search/detail/?ITMCODE=51981941823 HTTP/1.1" 200 207383 "-" "Mozilla/5.0 (Linux; Android 6.0.1; Nexus 5X Build/MMB29P) AppleWebKit/537.36 (KHTML, like Gecko) Chrome/153.0.8010.36 Mobile Safari/537.36 (compatible; Googlebot/2.1; +http://www.google.com/bot.html)"
216.73.216.20 - - [12/Sep/2026:17:35:03 +0300] "GET / HTTP/2.0" 200 31665 "-" "Mozilla/5.0 AppleWebKit/537.36 (KHTML, like Gecko; compatible; ClaudeBot/1.0; +claudebot@anthropic.com)"
66.249.79.3 - - [12/Sep/2026:17:35:03 +0300] "GET /index.php/zinynas-keliaujantiems?sale/search/detail/?ITMCODE=51971214015 HTTP/1.1" 200 202795 "-" "Mozilla/5.0 (Linux; Android 6.0.1; Nexus 5X Build/MMB29P) AppleWebKit/537.36 (KHTML, like Gecko) Chrome/153.0.8010.36 Mobile Safari/537.36 (compatible; Googlebot/2.1; +http://www.google.com/bot.html)"
74.7.243.247 - - [12/Sep/2026:17:35:03 +0300] "GET /?sale/search/detail/?ITMCODE=52008908795 HTTP/2.0" 200 31681 "https://keliauk-uk.lt.testams.vhost.lt/?sitemap-834.xml" "Mozilla/5.0 AppleWebKit/537.36 (KHTML, like Gecko; compatible; GPTBot/1.4; +https://openai.com/gptbot)"
74.7.243.247 - - [12/Sep/2026:17:35:04 +0300] "GET /?sale/search/detail/?ITMCODE=52005630112 HTTP/2.0" 200 31681 "https://keliauk-uk.lt.testams.vhost.lt/?sitemap-127.xml" "Mozilla/5.0 AppleWebKit/537.36 (KHTML, like Gecko; compatible; GPTBot/1.4; +https://openai.com/gptbot)"
74.7.243.247 - - [12/Sep/2026:17:35:04 +0300] "GET /?sale/search/detail/?ITMCODE=51956090977 HTTP/2.0" 200 31681 "https://keliauk-uk.lt.testams.vhost.lt/?sitemap-498.xml" "Mozilla/5.0 AppleWebKit/537.36 (KHTML, like Gecko; compatible; GPTBot/1.4; +https://openai.com/gptbot)"
52.167.144.163 - - [12/Sep/2026:17:35:03 +0300] "GET /?sale/search/detail/?ITMCODE=51971381862 HTTP/2.0" 200 235161 "-" "Mozilla/5.0 AppleWebKit/537.36 (KHTML, like Gecko; compatible; bingbot/2.0; +http://www.bing.com/bingbot.htm) Chrome/116.0.1938.76 Safari/537.36"
74.7.243.247 - - [12/Sep/2026:17:35:05 +0300] "GET /?sale/search/detail/?ITMCODE=51969931300 HTTP/2.0" 200 31681 "https://keliauk-uk.lt.testams.vhost.lt/?sitemap-937.xml" "Mozilla/5.0 AppleWebKit/537.36 (KHTML, like Gecko; compatible; GPTBot/1.4; +https://openai.com/gptbot)"
74.7.243.247 - - [12/Sep/2026:17:35:05 +0300] "GET /?sale/search/detail/?ITMCODE=52008655629 HTTP/2.0" 200 31681 "https://keliauk-uk.lt.testams.vhost.lt/?sitemap-804.xml" "Mozilla/5.0 AppleWebKit/537.36 (KHTML, like Gecko; compatible; GPTBot/1.4; +https://openai.com/gptbot)"
74.7.243.247 - - [12/Sep/2026:17:35:06 +0300] "GET /?sale/search/detail/?ITMCODE=52008991592 HTTP/2.0" 200 31681 "https://keliauk-uk.lt.testams.vhost.lt/?sitemap-834.xml" "Mozilla/5.0 AppleWebKit/537.36 (KHTML, like Gecko; compatible; GPTBot/1.4; +https://openai.com/gptbot)"
