45.148.10.64 - - [12/Sep/2026:16:06:59 +0300] "GET /media/jui/js/jquery.min.js?9269b06e3acb0506ab6cff0b64adb5e3 HTTP/1.1" 200 96606 "-" "Mozilla/5.0 (Windows NT 10.0; Win64; x64) AppleWebKit/537.36 (KHTML, like Gecko) Chrome/131.0.0.0 Safari/537.36"
45.148.10.64 - - [12/Sep/2026:16:06:59 +0300] "GET /modules/mod_za_slitslider/js/jquery-1.9.1.min.js HTTP/1.1" 200 92629 "-" "Mozilla/5.0 (Windows NT 10.0; Win64; x64; rv:133.0) Gecko/20100101 Firefox/133.0"
52.167.144.185 - - [12/Sep/2026:16:06:59 +0300] "GET /?sale/search/detail/?ITMCODE=51971063098 HTTP/2.0" 200 217012 "-" "Mozilla/5.0 AppleWebKit/537.36 (KHTML, like Gecko; compatible; bingbot/2.0; +http://www.bing.com/bingbot.htm) Chrome/116.0.1938.76 Safari/537.36"
66.249.79.1 - - [12/Sep/2026:16:07:00 +0300] "GET /index.php/zinynas-keliaujantiems?sale/search/detail/?ITMCODE=5195388165 HTTP/1.1" 200 206459 "-" "Mozilla/5.0 (Linux; Android 6.0.1; Nexus 5X Build/MMB29P) AppleWebKit/537.36 (KHTML, like Gecko) Chrome/153.0.8010.36 Mobile Safari/537.36 (compatible; Googlebot/2.1; +http://www.google.com/bot.html)"
207.46.13.92 - - [12/Sep/2026:16:07:01 +0300] "GET /?sale/search/detail/?ITMCODE=519642614280 HTTP/2.0" 200 231471 "-" "Mozilla/5.0 AppleWebKit/537.36 (KHTML, like Gecko; compatible; bingbot/2.0; +http://www.bing.com/bingbot.htm) Chrome/116.0.1938.76 Safari/537.36"
52.167.144.185 - - [12/Sep/2026:16:07:01 +0300] "GET /?sale/search/detail/?ITMCODE=5196653831 HTTP/2.0" 200 204894 "-" "Mozilla/5.0 AppleWebKit/537.36 (KHTML, like Gecko; compatible; bingbot/2.0; +http://www.bing.com/bingbot.htm) Chrome/116.0.1938.76 Safari/537.36"
85.208.96.203 - - [12/Sep/2026:16:07:02 +0300] "GET /robots.txt HTTP/1.1" 200 116 "-" "Mozilla/5.0 (compatible; SemrushBot/7~bl; +http://www.semrush.com/bot.html)"
207.46.13.92 - - [12/Sep/2026:16:07:02 +0300] "GET /?sale/search/detail/?ITMCODE=519672717553 HTTP/2.0" 200 198589 "-" "Mozilla/5.0 AppleWebKit/537.36 (KHTML, like Gecko; compatible; bingbot/2.0; +http://www.bing.com/bingbot.htm) Chrome/116.0.1938.76 Safari/537.36"
185.191.171.9 - - [12/Sep/2026:16:07:03 +0300] "GET /?sale%2Fsearch%2Fdetail%2F%3FITMCODE=51963754370 HTTP/1.1" 200 31562 "-" "Mozilla/5.0 (compatible; SemrushBot/7~bl; +http://www.semrush.com/bot.html)"
207.46.13.92 - - [12/Sep/2026:16:07:03 +0300] "GET /?sale/search/detail/?ITMCODE=51974257088 HTTP/2.0" 200 216260 "-" "Mozilla/5.0 AppleWebKit/537.36 (KHTML, like Gecko; compatible; bingbot/2.0; +http://www.bing.com/bingbot.htm) Chrome/116.0.1938.76 Safari/537.36"
207.46.13.92 - - [12/Sep/2026:16:07:04 +0300] "GET /?sale/search/detail/?ITMCODE=519743231149 HTTP/2.0" 200 195793 "-" "Mozilla/5.0 AppleWebKit/537.36 (KHTML, like Gecko; compatible; bingbot/2.0; +http://www.bing.com/bingbot.htm) Chrome/116.0.1938.76 Safari/537.36"
85.208.96.202 - - [12/Sep/2026:16:07:06 +0300] "GET /?sale%2Fsearch%2Fdetail%2F%3FITMCODE=51992429345 HTTP/1.1" 200 31562 "-" "Mozilla/5.0 (compatible; SemrushBot/7~bl; +http://www.semrush.com/bot.html)"
66.249.79.1 - - [12/Sep/2026:16:07:11 +0300] "GET /index.php/zinynas-keliaujantiems?sale/search/detail/?ITMCODE=52002939416 HTTP/1.1" 200 211088 "-" "Mozilla/5.0 (Linux; Android 6.0.1; Nexus 5X Build/MMB29P) AppleWebKit/537.36 (KHTML, like Gecko) Chrome/153.0.8010.36 Mobile Safari/537.36 (compatible; Googlebot/2.1; +http://www.google.com/bot.html)"
85.208.96.194 - - [12/Sep/2026:16:07:12 +0300] "GET /?sale%2Fsearch%2Fdetail%2F%3FITMCODE=520017955644 HTTP/1.1" 200 31563 "-" "Mozilla/5.0 (compatible; SemrushBot/7~bl; +http://www.semrush.com/bot.html)"
85.208.96.203 - - [12/Sep/2026:16:07:18 +0300] "GET /?sale%2Fsearch%2Fdetail%2F%3FITMCODE=519791346289 HTTP/1.1" 200 31563 "-" "Mozilla/5.0 (compatible; SemrushBot/7~bl; +http://www.semrush.com/bot.html)"
207.46.13.92 - - [12/Sep/2026:16:07:20 +0300] "GET /?sale/search/detail/?ITMCODE=51971312941 HTTP/2.0" 200 220991 "-" "Mozilla/5.0 AppleWebKit/537.36 (KHTML, like Gecko; compatible; bingbot/2.0; +http://www.bing.com/bingbot.htm) Chrome/116.0.1938.76 Safari/537.36"
52.167.144.185 - - [12/Sep/2026:16:07:21 +0300] "GET /?sale/search/detail/?ITMCODE=51992492196 HTTP/2.0" 200 208375 "-" "Mozilla/5.0 AppleWebKit/537.36 (KHTML, like Gecko; compatible; bingbot/2.0; +http://www.bing.com/bingbot.htm) Chrome/116.0.1938.76 Safari/537.36"
52.167.144.185 - - [12/Sep/2026:16:07:22 +0300] "GET /?sale/search/detail/?ITMCODE=51971268231 HTTP/2.0" 200 210830 "-" "Mozilla/5.0 AppleWebKit/537.36 (KHTML, like Gecko; compatible; bingbot/2.0; +http://www.bing.com/bingbot.htm) Chrome/116.0.1938.76 Safari/537.36"
207.46.13.92 - - [12/Sep/2026:16:07:22 +0300] "GET /?sale/search/detail/?ITMCODE=51971128115 HTTP/2.0" 200 196381 "-" "Mozilla/5.0 AppleWebKit/537.36 (KHTML, like Gecko; compatible; bingbot/2.0; +http://www.bing.com/bingbot.htm) Chrome/116.0.1938.76 Safari/537.36"
52.167.144.185 - - [12/Sep/2026:16:07:22 +0300] "GET /?sale/search/detail/?ITMCODE=5195727 HTTP/2.0" 200 220419 "-" "Mozilla/5.0 AppleWebKit/537.36 (KHTML, like Gecko; compatible; bingbot/2.0; +http://www.bing.com/bingbot.htm) Chrome/116.0.1938.76 Safari/537.36"
207.46.13.92 - - [12/Sep/2026:16:07:22 +0300] "GET /?sale/search/detail/?ITMCODE=520086723001 HTTP/2.0" 200 206522 "-" "Mozilla/5.0 AppleWebKit/537.36 (KHTML, like Gecko; compatible; bingbot/2.0; +http://www.bing.com/bingbot.htm) Chrome/116.0.1938.76 Safari/537.36"
52.167.144.185 - - [12/Sep/2026:16:07:24 +0300] "GET /?sale/search/detail/?ITMCODE=51981587193 HTTP/2.0" 200 203010 "-" "Mozilla/5.0 AppleWebKit/537.36 (KHTML, like Gecko; compatible; bingbot/2.0; +http://www.bing.com/bingbot.htm) Chrome/116.0.1938.76 Safari/537.36"
66.249.79.1 - - [12/Sep/2026:16:07:24 +0300] "GET /sale/search/detail/?ITMCODE=5195477014 HTTP/1.1" 200 204041 "-" "Mozilla/5.0 (Linux; Android 6.0.1; Nexus 5X Build/MMB29P) AppleWebKit/537.36 (KHTML, like Gecko) Chrome/153.0.8010.36 Mobile Safari/537.36 (compatible; Googlebot/2.1; +http://www.google.com/bot.html)"
52.167.144.185 - - [12/Sep/2026:16:07:24 +0300] "GET /?sale/search/detail/?ITMCODE=51956464491 HTTP/2.0" 200 219996 "-" "Mozilla/5.0 AppleWebKit/537.36 (KHTML, like Gecko; compatible; bingbot/2.0; +http://www.bing.com/bingbot.htm) Chrome/116.0.1938.76 Safari/537.36"
66.249.79.1 - - [12/Sep/2026:16:07:24 +0300] "GET /index.php/zinynas-keliaujantiems?sale/search/detail/?ITMCODE=51992186521 HTTP/1.1" 200 215553 "-" "Mozilla/5.0 (Linux; Android 6.0.1; Nexus 5X Build/MMB29P) AppleWebKit/537.36 (KHTML, like Gecko) Chrome/153.0.8010.36 Mobile Safari/537.36 (compatible; Googlebot/2.1; +http://www.google.com/bot.html)"
40.77.167.4 - - [12/Sep/2026:16:07:35 +0300] "GET /shop/c/c519810093/ HTTP/2.0" 200 268887 "-" "Mozilla/5.0 AppleWebKit/537.36 (KHTML, like Gecko; compatible; bingbot/2.0; +http://www.bing.com/bingbot.htm) Chrome/116.0.1938.76 Safari/537.36"
40.77.167.4 - - [12/Sep/2026:16:07:36 +0300] "GET /?sale/search/detail/?ITMCODE=5196561887 HTTP/2.0" 200 204131 "-" "Mozilla/5.0 AppleWebKit/537.36 (KHTML, like Gecko; compatible; bingbot/2.0; +http://www.bing.com/bingbot.htm) Chrome/116.0.1938.76 Safari/537.36"
40.77.167.4 - - [12/Sep/2026:16:07:37 +0300] "GET /?sale/search/detail/?ITMCODE=52002643435 HTTP/2.0" 200 210675 "-" "Mozilla/5.0 AppleWebKit/537.36 (KHTML, like Gecko; compatible; bingbot/2.0; +http://www.bing.com/bingbot.htm) Chrome/116.0.1938.76 Safari/537.36"
40.77.167.4 - - [12/Sep/2026:16:07:37 +0300] "GET /?sale/search/detail/?ITMCODE=51971421228 HTTP/2.0" 200 205452 "-" "Mozilla/5.0 AppleWebKit/537.36 (KHTML, like Gecko; compatible; bingbot/2.0; +http://www.bing.com/bingbot.htm) Chrome/116.0.1938.76 Safari/537.36"
66.249.79.1 - - [12/Sep/2026:16:07:38 +0300] "GET /?sale/search/detail/?ITMCODE=51971253324 HTTP/1.1" 200 192678 "-" "Mozilla/5.0 (Linux; Android 6.0.1; Nexus 5X Build/MMB29P) AppleWebKit/537.36 (KHTML, like Gecko) Chrome/153.0.8010.36 Mobile Safari/537.36 (compatible; Googlebot/2.1; +http://www.google.com/bot.html)"
40.77.167.4 - - [12/Sep/2026:16:07:38 +0300] "GET /?sale/search/detail/?ITMCODE=52002846758 HTTP/2.0" 200 209034 "-" "Mozilla/5.0 AppleWebKit/537.36 (KHTML, like Gecko; compatible; bingbot/2.0; +http://www.bing.com/bingbot.htm) Chrome/116.0.1938.76 Safari/537.36"
52.167.144.185 - - [12/Sep/2026:16:07:41 +0300] "GET /?sale/search/detail/?ITMCODE=52002975303 HTTP/2.0" 200 206053 "-" "Mozilla/5.0 AppleWebKit/537.36 (KHTML, like Gecko; compatible; bingbot/2.0; +http://www.bing.com/bingbot.htm) Chrome/116.0.1938.76 Safari/537.36"
85.208.96.199 - - [12/Sep/2026:16:07:42 +0300] "GET /?sale%2Fsearch%2Fdetail%2F%3FITMCODE=519618533756 HTTP/1.1" 200 31563 "-" "Mozilla/5.0 (compatible; SemrushBot/7~bl; +http://www.semrush.com/bot.html)"
52.167.144.185 - - [12/Sep/2026:16:07:42 +0300] "GET /?sale/search/detail/?ITMCODE=51981683988 HTTP/2.0" 200 227363 "-" "Mozilla/5.0 AppleWebKit/537.36 (KHTML, like Gecko; compatible; bingbot/2.0; +http://www.bing.com/bingbot.htm) Chrome/116.0.1938.76 Safari/537.36"
52.167.144.185 - - [12/Sep/2026:16:07:42 +0300] "GET /?sale/search/detail/?ITMCODE=51987632679 HTTP/2.0" 200 208347 "-" "Mozilla/5.0 AppleWebKit/537.36 (KHTML, like Gecko; compatible; bingbot/2.0; +http://www.bing.com/bingbot.htm) Chrome/116.0.1938.76 Safari/537.36"
66.249.79.1 - - [12/Sep/2026:16:07:44 +0300] "GET /index.php/zinynas-keliaujantiems?sale/search/detail/?ITMCODE=51992294702 HTTP/1.1" 200 205918 "-" "Mozilla/5.0 (Linux; Android 6.0.1; Nexus 5X Build/MMB29P) AppleWebKit/537.36 (KHTML, like Gecko) Chrome/153.0.8010.36 Mobile Safari/537.36 (compatible; Googlebot/2.1; +http://www.google.com/bot.html)"
85.208.96.210 - - [12/Sep/2026:16:07:59 +0300] "GET /?sale%2Fsearch%2Fdetail%2F%3FITMCODE=519752456703 HTTP/1.1" 200 31563 "-" "Mozilla/5.0 (compatible; SemrushBot/7~bl; +http://www.semrush.com/bot.html)"
40.77.167.4 - - [12/Sep/2026:16:08:02 +0300] "GET /?sale/search/detail/?ITMCODE=519914098341 HTTP/2.0" 200 218982 "-" "Mozilla/5.0 AppleWebKit/537.36 (KHTML, like Gecko; compatible; bingbot/2.0; +http://www.bing.com/bingbot.htm) Chrome/116.0.1938.76 Safari/537.36"
40.77.167.4 - - [12/Sep/2026:16:08:03 +0300] "GET /?sale/search/detail/?ITMCODE=51971144611 HTTP/2.0" 200 206845 "-" "Mozilla/5.0 AppleWebKit/537.36 (KHTML, like Gecko; compatible; bingbot/2.0; +http://www.bing.com/bingbot.htm) Chrome/116.0.1938.76 Safari/537.36"
40.77.167.4 - - [12/Sep/2026:16:08:03 +0300] "GET /?sale/search/detail/?ITMCODE=51953074884 HTTP/2.0" 200 208141 "-" "Mozilla/5.0 AppleWebKit/537.36 (KHTML, like Gecko; compatible; bingbot/2.0; +http://www.bing.com/bingbot.htm) Chrome/116.0.1938.76 Safari/537.36"
57.141.20.10 - - [12/Sep/2026:16:08:04 +0300] "GET /index.php/component/search/?sale/search/detail/?ITMCODE=519785068246& HTTP/2.0" 200 19807 "-" "Mozilla/5.0 (Windows NT 10.0; Win64; x64) AppleWebKit/537.36 (KHTML, like Gecko) Chrome/145.0.0.0 Safari/537.36 (compatible; meta-externalagent/1.1 (+https://developers.facebook.com/docs/sharing/webmasters/crawler))"
40.77.167.4 - - [12/Sep/2026:16:08:04 +0300] "GET /?sale/search/detail/?ITMCODE=51971157644 HTTP/2.0" 200 235021 "-" "Mozilla/5.0 AppleWebKit/537.36 (KHTML, like Gecko; compatible; bingbot/2.0; +http://www.bing.com/bingbot.htm) Chrome/116.0.1938.76 Safari/537.36"
40.77.167.4 - - [12/Sep/2026:16:08:05 +0300] "GET /?sale/search/detail/?ITMCODE=51992268737 HTTP/2.0" 200 206325 "-" "Mozilla/5.0 AppleWebKit/537.36 (KHTML, like Gecko; compatible; bingbot/2.0; +http://www.bing.com/bingbot.htm) Chrome/116.0.1938.76 Safari/537.36"
40.77.167.4 - - [12/Sep/2026:16:08:06 +0300] "GET /?sale/search/detail/?ITMCODE=51971365986 HTTP/2.0" 200 204945 "-" "Mozilla/5.0 AppleWebKit/537.36 (KHTML, like Gecko; compatible; bingbot/2.0; +http://www.bing.com/bingbot.htm) Chrome/116.0.1938.76 Safari/537.36"
54.39.0.65 - - [12/Sep/2026:16:08:07 +0300] "GET /robots.txt HTTP/2.0" 200 116 "-" "Mozilla/5.0 (compatible; AhrefsBot/7.0; +http://ahrefs.com/robot/)"
51.89.39.51 - - [12/Sep/2026:16:08:08 +0300] "GET /sitemap.xml HTTP/2.0" 200 1186 "-" "Mozilla/5.0 (compatible; AhrefsBot/7.0; +http://ahrefs.com/robot/)"
51.89.72.10 - - [12/Sep/2026:16:08:09 +0300] "GET /?sitemap-341.xml HTTP/2.0" 200 180548 "-" "Mozilla/5.0 (compatible; AhrefsBot/7.0; +http://ahrefs.com/robot/)"
51.89.71.87 - - [12/Sep/2026:16:08:10 +0300] "GET /?sitemap-180.xml HTTP/2.0" 200 180548 "-" "Mozilla/5.0 (compatible; AhrefsBot/7.0; +http://ahrefs.com/robot/)"
51.89.83.49 - - [12/Sep/2026:16:08:13 +0300] "GET /?sitemap-942.xml HTTP/2.0" 200 181585 "-" "Mozilla/5.0 (compatible; AhrefsBot/7.0; +http://ahrefs.com/robot/)"
51.89.74.194 - - [12/Sep/2026:16:08:14 +0300] "GET /?sitemap-649.xml HTTP/2.0" 200 180619 "-" "Mozilla/5.0 (compatible; AhrefsBot/7.0; +http://ahrefs.com/robot/)"
57.141.20.56 - - [12/Sep/2026:16:08:14 +0300] "GET /index.php/component/search/?sale/search/detail/?ITMCODE=519873780148& HTTP/2.0" 200 19729 "-" "Mozilla/5.0 (Macintosh; Intel Mac OS X 10_15_7) AppleWebKit/537.36 (KHTML, like Gecko) Chrome/145.0.0.0 Safari/537.36 (compatible; meta-externalagent/1.1 (+https://developers.facebook.com/docs/sharing/webmasters/crawler))"
51.89.71.158 - - [12/Sep/2026:16:08:15 +0300] "GET /?sitemap-633.xml HTTP/2.0" 200 181585 "-" "Mozilla/5.0 (compatible; AhrefsBot/7.0; +http://ahrefs.com/robot/)"
51.89.59.46 - - [12/Sep/2026:16:08:16 +0300] "GET /?sitemap-742.xml HTTP/2.0" 200 181043 "-" "Mozilla/5.0 (compatible; AhrefsBot/7.0; +http://ahrefs.com/robot/)"
51.89.69.43 - - [12/Sep/2026:16:08:18 +0300] "GET /?sitemap-563.xml HTTP/2.0" 200 181585 "-" "Mozilla/5.0 (compatible; AhrefsBot/7.0; +http://ahrefs.com/robot/)"
51.89.38.128 - - [12/Sep/2026:16:08:20 +0300] "GET /?sitemap-274.xml HTTP/2.0" 200 181585 "-" "Mozilla/5.0 (compatible; AhrefsBot/7.0; +http://ahrefs.com/robot/)"
51.89.38.141 - - [12/Sep/2026:16:08:21 +0300] "GET /?sitemap-462.xml HTTP/2.0" 200 180397 "-" "Mozilla/5.0 (compatible; AhrefsBot/7.0; +http://ahrefs.com/robot/)"
114.119.135.63 - - [12/Sep/2026:16:08:21 +0300] "GET /?sale/search/detail/%3FITMCODE=51987897861 HTTP/1.1" 200 31590 "https://www.keliauk-uk.lt/?sitemap-items.xml" "Mozilla/5.0 (Linux; Android 7.0;) AppleWebKit/537.36 (HTML, like Gecko) Mobile Safari/537.36 (compatible; PetalBot;+https://webmaster.petalsearch.com/site/petalbot)"
51.89.72.3 - - [12/Sep/2026:16:08:22 +0300] "GET /?sitemap-867.xml HTTP/2.0" 200 180718 "-" "Mozilla/5.0 (compatible; AhrefsBot/7.0; +http://ahrefs.com/robot/)"
51.89.69.40 - - [12/Sep/2026:16:08:23 +0300] "GET /?sitemap-329.xml HTTP/2.0" 200 180896 "-" "Mozilla/5.0 (compatible; AhrefsBot/7.0; +http://ahrefs.com/robot/)"
85.208.96.202 - - [12/Sep/2026:16:08:39 +0300] "GET /?sale%2Fsearch%2Fdetail%2F%3FITMCODE=52008961092 HTTP/1.1" 200 31562 "-" "Mozilla/5.0 (compatible; SemrushBot/7~bl; +http://www.semrush.com/bot.html)"
66.249.79.3 - - [12/Sep/2026:16:08:42 +0300] "GET /index.php/zinynas-keliaujantiems?sale/search/detail/?ITMCODE=51992449820 HTTP/1.1" 200 217264 "-" "Mozilla/5.0 (Linux; Android 6.0.1; Nexus 5X Build/MMB29P) AppleWebKit/537.36 (KHTML, like Gecko) Chrome/153.0.8010.36 Mobile Safari/537.36 (compatible; Googlebot/2.1; +http://www.google.com/bot.html)"
66.249.79.2 - - [12/Sep/2026:16:08:54 +0300] "GET /index.php/zinynas-keliaujantiems?sale/search/detail/?ITMCODE=51971391400 HTTP/1.1" 200 210807 "-" "Mozilla/5.0 (Linux; Android 6.0.1; Nexus 5X Build/MMB29P) AppleWebKit/537.36 (KHTML, like Gecko) Chrome/153.0.8010.36 Mobile Safari/537.36 (compatible; Googlebot/2.1; +http://www.google.com/bot.html)"
66.249.79.1 - - [12/Sep/2026:16:09:13 +0300] "GET /index.php/zinynas-keliaujantiems?sale/search/detail/?ITMCODE=5195199162 HTTP/1.1" 200 230683 "-" "Mozilla/5.0 (Linux; Android 6.0.1; Nexus 5X Build/MMB29P) AppleWebKit/537.36 (KHTML, like Gecko) Chrome/153.0.8010.36 Mobile Safari/537.36 (compatible; Googlebot/2.1; +http://www.google.com/bot.html)"
114.119.144.15 - - [12/Sep/2026:16:09:18 +0300] "GET /?sale/search/detail/%3FITMCODE=51987894783 HTTP/1.1" 200 31590 "https://www.keliauk-uk.lt/?sitemap-items.xml" "Mozilla/5.0 (Linux; Android 7.0;) AppleWebKit/537.36 (HTML, like Gecko) Mobile Safari/537.36 (compatible; PetalBot;+https://webmaster.petalsearch.com/site/petalbot)"
57.141.20.47 - - [12/Sep/2026:16:09:20 +0300] "GET /index.php/component/search/?sale/search/detail/?ITMCODE=51963857297&id=1&Itemid=437&format=opensearch HTTP/2.0" 200 584 "-" "Mozilla/5.0 (Windows NT 10.0; Win64; x64) AppleWebKit/537.36 (KHTML, like Gecko) Chrome/145.0.0.0 Safari/537.36 (compatible; meta-externalagent/1.1 (+https://developers.facebook.com/docs/sharing/webmasters/crawler))"
185.191.171.11 - - [12/Sep/2026:16:09:33 +0300] "GET /?sale%2Fsearch%2Fdetail%2F%3FITMCODE=520068981897 HTTP/1.1" 200 31563 "-" "Mozilla/5.0 (compatible; SemrushBot/7~bl; +http://www.semrush.com/bot.html)"
85.208.96.201 - - [12/Sep/2026:16:09:36 +0300] "GET /?sale%2Fsearch%2Fdetail%2F%3FITMCODE=519554129440 HTTP/1.1" 200 31563 "-" "Mozilla/5.0 (compatible; SemrushBot/7~bl; +http://www.semrush.com/bot.html)"
85.208.96.199 - - [12/Sep/2026:16:09:39 +0300] "GET /?sale%2Fsearch%2Fdetail%2F%3FITMCODE=51963502038 HTTP/1.1" 200 31562 "-" "Mozilla/5.0 (compatible; SemrushBot/7~bl; +http://www.semrush.com/bot.html)"
85.208.96.199 - - [12/Sep/2026:16:09:51 +0300] "GET /?sale%2Fsearch%2Fdetail%2F%3FITMCODE=51992456221 HTTP/1.1" 200 31562 "-" "Mozilla/5.0 (compatible; SemrushBot/7~bl; +http://www.semrush.com/bot.html)"
185.191.171.18 - - [12/Sep/2026:16:10:03 +0300] "GET /?sale%2Fsearch%2Fdetail%2F%3FITMCODE=520059618763 HTTP/1.1" 200 31563 "-" "Mozilla/5.0 (compatible; SemrushBot/7~bl; +http://www.semrush.com/bot.html)"
185.191.171.1 - - [12/Sep/2026:16:10:06 +0300] "GET /?sale%2Fsearch%2Fdetail%2F%3FITMCODE=519639742117 HTTP/1.1" 200 31563 "-" "Mozilla/5.0 (compatible; SemrushBot/7~bl; +http://www.semrush.com/bot.html)"
185.191.171.15 - - [12/Sep/2026:16:10:13 +0300] "GET /?sale%2Fsearch%2Fdetail%2F%3FITMCODE=519557139998 HTTP/1.1" 200 31563 "-" "Mozilla/5.0 (compatible; SemrushBot/7~bl; +http://www.semrush.com/bot.html)"
66.249.79.3 - - [12/Sep/2026:16:10:25 +0300] "GET /index.php/zinynas-keliaujantiems?sale/search/detail/?ITMCODE=51981831653 HTTP/1.1" 200 218303 "-" "Mozilla/5.0 (Linux; Android 6.0.1; Nexus 5X Build/MMB29P) AppleWebKit/537.36 (KHTML, like Gecko) Chrome/153.0.8010.36 Mobile Safari/537.36 (compatible; Googlebot/2.1; +http://www.google.com/bot.html)"
85.208.96.195 - - [12/Sep/2026:16:10:28 +0300] "GET /?sale%2Fsearch%2Fdetail%2F%3FITMCODE=519995014464 HTTP/1.1" 200 31563 "-" "Mozilla/5.0 (compatible; SemrushBot/7~bl; +http://www.semrush.com/bot.html)"
85.208.96.200 - - [12/Sep/2026:16:10:31 +0300] "GET /?sale%2Fsearch%2Fdetail%2F%3FITMCODE=519989206149 HTTP/1.1" 200 31563 "-" "Mozilla/5.0 (compatible; SemrushBot/7~bl; +http://www.semrush.com/bot.html)"
114.119.152.47 - - [12/Sep/2026:16:10:41 +0300] "GET /?sale/search/detail/%3FITMCODE=51987892145 HTTP/1.1" 200 31590 "https://www.keliauk-uk.lt/?sitemap-items.xml" "Mozilla/5.0 (Linux; Android 7.0;) AppleWebKit/537.36 (HTML, like Gecko) Mobile Safari/537.36 (compatible; PetalBot;+https://webmaster.petalsearch.com/site/petalbot)"
185.191.171.6 - - [12/Sep/2026:16:10:45 +0300] "GET /?sale%2Fsearch%2Fdetail%2F%3FITMCODE=520038785813 HTTP/1.1" 200 31563 "-" "Mozilla/5.0 (compatible; SemrushBot/7~bl; +http://www.semrush.com/bot.html)"
85.208.96.203 - - [12/Sep/2026:16:11:01 +0300] "GET /?sale%2Fsearch%2Fdetail%2F%3FITMCODE=519752024802 HTTP/1.1" 200 31563 "-" "Mozilla/5.0 (compatible; SemrushBot/7~bl; +http://www.semrush.com/bot.html)"
185.191.171.18 - - [12/Sep/2026:16:11:05 +0300] "GET /?sale%2Fsearch%2Fdetail%2F%3FITMCODE=51998017793 HTTP/1.1" 200 31562 "-" "Mozilla/5.0 (compatible; SemrushBot/7~bl; +http://www.semrush.com/bot.html)"
45.148.10.64 - - [12/Sep/2026:16:11:11 +0300] "GET /.env HTTP/1.1" 404 1436 "-" "Mozilla/5.0 (Macintosh; Intel Mac OS X 10_15_7) AppleWebKit/537.36 (KHTML, like Gecko) Chrome/131.0.0.0 Safari/537.36"
45.148.10.64 - - [12/Sep/2026:16:11:11 +0300] "GET /%2f%2eenv HTTP/1.1" 404 1441 "-" "Mozilla/5.0 (Windows NT 10.0; Win64; x64; rv:133.0) Gecko/20100101 Firefox/133.0"
45.148.10.64 - - [12/Sep/2026:16:11:11 +0300] "GET /%2eenv HTTP/1.1" 404 1438 "-" "Mozilla/5.0 (Macintosh; Intel Mac OS X 10_15_7) AppleWebKit/537.36 (KHTML, like Gecko) Chrome/131.0.0.0 Safari/537.36"
45.148.10.64 - - [12/Sep/2026:16:11:11 +0300] "GET /.aws/credentials HTTP/1.1" 404 1448 "-" "Mozilla/5.0 (Windows NT 10.0; Win64; x64) AppleWebKit/537.36 (KHTML, like Gecko) Chrome/131.0.0.0 Safari/537.36"
45.148.10.64 - - [12/Sep/2026:16:11:11 +0300] "GET /?phpinfo=1 HTTP/1.1" 200 31532 "-" "Mozilla/5.0 (X11; Linux x86_64) AppleWebKit/537.36 (KHTML, like Gecko) Chrome/131.0.0.0 Safari/537.36"
45.148.10.64 - - [12/Sep/2026:16:11:12 +0300] "GET /.env.bak HTTP/1.1" 404 1440 "-" "Mozilla/5.0 (Windows NT 10.0; Win64; x64) AppleWebKit/537.36 (KHTML, like Gecko) Chrome/131.0.0.0 Safari/537.36"
45.148.10.64 - - [12/Sep/2026:16:11:12 +0300] "GET /aws-ses.json HTTP/1.1" 404 1444 "-" "Mozilla/5.0 (Macintosh; Intel Mac OS X 10_15_7) AppleWebKit/537.36 (KHTML, like Gecko) Chrome/131.0.0.0 Safari/537.36"
45.148.10.64 - - [12/Sep/2026:16:11:12 +0300] "GET /stripe/.env HTTP/1.1" 404 1443 "-" "Mozilla/5.0 (Windows NT 10.0; Win64; x64; rv:133.0) Gecko/20100101 Firefox/133.0"
45.148.10.64 - - [12/Sep/2026:16:11:12 +0300] "GET /api/.env HTTP/1.1" 404 1440 "-" "Mozilla/5.0 (Windows NT 10.0; Win64; x64) AppleWebKit/537.36 (KHTML, like Gecko) Chrome/131.0.0.0 Safari/537.36"
45.148.10.64 - - [12/Sep/2026:16:11:12 +0300] "GET /.stripe/ HTTP/1.1" 404 1440 "-" "Mozilla/5.0 (Macintosh; Intel Mac OS X 10_15_7) AppleWebKit/537.36 (KHTML, like Gecko) Chrome/131.0.0.0 Safari/537.36"
45.148.10.64 - - [12/Sep/2026:16:11:13 +0300] "GET /backend/.env HTTP/1.1" 404 1444 "-" "Mozilla/5.0 (Macintosh; Intel Mac OS X 10_15_7) AppleWebKit/537.36 (KHTML, like Gecko) Chrome/131.0.0.0 Safari/537.36"
45.148.10.64 - - [12/Sep/2026:16:11:13 +0300] "GET /.env.save HTTP/1.1" 404 1441 "-" "Mozilla/5.0 (Windows NT 10.0; Win64; x64) AppleWebKit/537.36 (KHTML, like Gecko) Chrome/131.0.0.0 Safari/537.36"
45.148.10.64 - - [12/Sep/2026:16:11:13 +0300] "GET /.env.local HTTP/1.1" 404 1442 "-" "Mozilla/5.0 (Windows NT 10.0; Win64; x64) AppleWebKit/537.36 (KHTML, like Gecko) Chrome/131.0.0.0 Safari/537.36"
45.148.10.64 - - [12/Sep/2026:16:11:13 +0300] "GET /.env.aws HTTP/1.1" 404 1440 "-" "Mozilla/5.0 (X11; Linux x86_64) AppleWebKit/537.36 (KHTML, like Gecko) Chrome/131.0.0.0 Safari/537.36"
45.148.10.64 - - [12/Sep/2026:16:11:13 +0300] "GET /test.php HTTP/1.1" 404 1440 "-" "Mozilla/5.0 (Windows NT 10.0; Win64; x64; rv:133.0) Gecko/20100101 Firefox/133.0"
45.148.10.64 - - [12/Sep/2026:16:11:13 +0300] "GET /.env.php.bak HTTP/1.1" 404 1444 "-" "Mozilla/5.0 (Windows NT 10.0; Win64; x64) AppleWebKit/537.36 (KHTML, like Gecko) Chrome/131.0.0.0 Safari/537.36"
45.148.10.64 - - [12/Sep/2026:16:11:13 +0300] "GET /.env.old HTTP/1.1" 404 1440 "-" "Mozilla/5.0 (Windows NT 10.0; Win64; x64; rv:133.0) Gecko/20100101 Firefox/133.0"
45.148.10.64 - - [12/Sep/2026:16:11:13 +0300] "GET /.env.php HTTP/1.1" 404 1440 "-" "Mozilla/5.0 (Windows NT 10.0; Win64; x64) AppleWebKit/537.36 (KHTML, like Gecko) Chrome/131.0.0.0 Safari/537.36"
45.148.10.64 - - [12/Sep/2026:16:11:13 +0300] "GET /.env.tmp HTTP/1.1" 404 1440 "-" "Mozilla/5.0 (Windows NT 10.0; Win64; x64; rv:133.0) Gecko/20100101 Firefox/133.0"
45.148.10.64 - - [12/Sep/2026:16:11:13 +0300] "GET /.env.backup HTTP/1.1" 404 1443 "-" "Mozilla/5.0 (Macintosh; Intel Mac OS X 10_15_7) AppleWebKit/537.36 (KHTML, like Gecko) Chrome/131.0.0.0 Safari/537.36"
45.148.10.64 - - [12/Sep/2026:16:11:13 +0300] "GET /config.json.save HTTP/1.1" 404 1448 "-" "Mozilla/5.0 (Windows NT 10.0; Win64; x64; rv:133.0) Gecko/20100101 Firefox/133.0"
45.148.10.64 - - [12/Sep/2026:16:11:13 +0300] "GET /.env.prod HTTP/1.1" 404 1441 "-" "Mozilla/5.0 (Windows NT 10.0; Win64; x64) AppleWebKit/537.36 (KHTML, like Gecko) Chrome/131.0.0.0 Safari/537.36"
45.148.10.64 - - [12/Sep/2026:16:11:13 +0300] "GET /.env.dev HTTP/1.1" 404 1440 "-" "Mozilla/5.0 (X11; Linux x86_64) AppleWebKit/537.36 (KHTML, like Gecko) Chrome/131.0.0.0 Safari/537.36"
45.148.10.64 - - [12/Sep/2026:16:11:13 +0300] "GET /.env.txt HTTP/1.1" 404 1440 "-" "Mozilla/5.0 (Windows NT 10.0; Win64; x64; rv:133.0) Gecko/20100101 Firefox/133.0"
45.148.10.64 - - [12/Sep/2026:16:11:13 +0300] "GET /.git/config HTTP/1.1" 404 1443 "-" "Mozilla/5.0 (Windows NT 10.0; Win64; x64) AppleWebKit/537.36 (KHTML, like Gecko) Chrome/131.0.0.0 Safari/537.36"
45.148.10.64 - - [12/Sep/2026:16:11:14 +0300] "GET /config.php HTTP/1.1" 404 1442 "-" "Mozilla/5.0 (Windows NT 10.0; Win64; x64; rv:133.0) Gecko/20100101 Firefox/133.0"
45.148.10.64 - - [12/Sep/2026:16:11:14 +0300] "GET /wp-config.php.old HTTP/1.1" 404 1449 "-" "Mozilla/5.0 (Macintosh; Intel Mac OS X 10_15_7) AppleWebKit/537.36 (KHTML, like Gecko) Chrome/131.0.0.0 Safari/537.36"
45.148.10.64 - - [12/Sep/2026:16:11:14 +0300] "GET /config.php.bak HTTP/1.1" 404 1446 "-" "Mozilla/5.0 (Windows NT 10.0; Win64; x64; rv:133.0) Gecko/20100101 Firefox/133.0"
45.148.10.64 - - [12/Sep/2026:16:11:14 +0300] "GET /config.js HTTP/1.1" 404 1441 "-" "Mozilla/5.0 (Macintosh; Intel Mac OS X 10_15_7) AppleWebKit/537.36 (KHTML, like Gecko) Chrome/131.0.0.0 Safari/537.36"
45.148.10.64 - - [12/Sep/2026:16:11:14 +0300] "GET /wp-config.php HTTP/1.1" 404 1445 "-" "Mozilla/5.0 (Macintosh; Intel Mac OS X 10_15_7) AppleWebKit/537.36 (KHTML, like Gecko) Chrome/131.0.0.0 Safari/537.36"
45.148.10.64 - - [12/Sep/2026:16:11:14 +0300] "GET /aws-config.js HTTP/1.1" 404 1445 "-" "Mozilla/5.0 (Windows NT 10.0; Win64; x64) AppleWebKit/537.36 (KHTML, like Gecko) Chrome/131.0.0.0 Safari/537.36"
45.148.10.64 - - [12/Sep/2026:16:11:14 +0300] "GET /aws.config.js HTTP/1.1" 404 1445 "-" "Mozilla/5.0 (Windows NT 10.0; Win64; x64) AppleWebKit/537.36 (KHTML, like Gecko) Chrome/131.0.0.0 Safari/537.36"
45.148.10.64 - - [12/Sep/2026:16:11:15 +0300] "GET /phpinfo.php HTTP/1.1" 404 1443 "-" "Mozilla/5.0 (Macintosh; Intel Mac OS X 10_15_7) AppleWebKit/537.36 (KHTML, like Gecko) Chrome/131.0.0.0 Safari/537.36"
185.191.171.6 - - [12/Sep/2026:16:11:17 +0300] "GET /?sale%2Fsearch%2Fdetail%2F%3FITMCODE=519690758700 HTTP/1.1" 200 31563 "-" "Mozilla/5.0 (compatible; SemrushBot/7~bl; +http://www.semrush.com/bot.html)"
185.191.171.8 - - [12/Sep/2026:16:11:26 +0300] "GET /?sale%2Fsearch%2Fdetail%2F%3FITMCODE=519923146463 HTTP/1.1" 200 31563 "-" "Mozilla/5.0 (compatible; SemrushBot/7~bl; +http://www.semrush.com/bot.html)"
85.208.96.199 - - [12/Sep/2026:16:11:34 +0300] "GET /?sale%2Fsearch%2Fdetail%2F%3FITMCODE=51981853030 HTTP/1.1" 200 31562 "-" "Mozilla/5.0 (compatible; SemrushBot/7~bl; +http://www.semrush.com/bot.html)"
57.141.20.56 - - [12/Sep/2026:16:11:36 +0300] "GET /index.php/component/search/?sale/search/detail/?ITMCODE=520077549156&format=opensearch HTTP/2.0" 200 535 "-" "Mozilla/5.0 (Windows NT 10.0; Win64; x64) AppleWebKit/537.36 (KHTML, like Gecko) Chrome/145.0.0.0 Safari/537.36 (compatible; meta-externalagent/1.1 (+https://developers.facebook.com/docs/sharing/webmasters/crawler))"
85.208.96.199 - - [12/Sep/2026:16:11:36 +0300] "GET /?sale%2Fsearch%2Fdetail%2F%3FITMCODE=52005976650 HTTP/1.1" 200 31562 "-" "Mozilla/5.0 (compatible; SemrushBot/7~bl; +http://www.semrush.com/bot.html)"
57.141.20.5 - - [12/Sep/2026:16:11:52 +0300] "GET /index.php/component/search/?sale/search/detail/?ITMCODE=51995225879&id=1&Itemid=437&format=opensearch HTTP/2.0" 200 584 "-" "Mozilla/5.0 (X11; Linux x86_64) AppleWebKit/537.36 (KHTML, like Gecko) Chrome/145.0.0.0 Safari/537.36 (compatible; meta-externalagent/1.1 (+https://developers.facebook.com/docs/sharing/webmasters/crawler))"
185.191.171.15 - - [12/Sep/2026:16:12:02 +0300] "GET /?sale%2Fsearch%2Fdetail%2F%3FITMCODE=519911183813 HTTP/1.1" 200 31563 "-" "Mozilla/5.0 (compatible; SemrushBot/7~bl; +http://www.semrush.com/bot.html)"
114.119.135.63 - - [12/Sep/2026:16:12:03 +0300] "GET /?sale/search/detail/%3FITMCODE=51987891845 HTTP/1.1" 200 31590 "https://www.keliauk-uk.lt/?sitemap-shopdetail.xml" "Mozilla/5.0 (Linux; Android 7.0;) AppleWebKit/537.36 (HTML, like Gecko) Mobile Safari/537.36 (compatible; PetalBot;+https://webmaster.petalsearch.com/site/petalbot)"
185.191.171.17 - - [12/Sep/2026:16:12:17 +0300] "GET /?sale%2Fsearch%2Fdetail%2F%3FITMCODE=519911071712 HTTP/1.1" 200 31563 "-" "Mozilla/5.0 (compatible; SemrushBot/7~bl; +http://www.semrush.com/bot.html)"
66.249.79.2 - - [12/Sep/2026:16:12:58 +0300] "GET /index.php/zinynas-keliaujantiems?sale/search/detail/?ITMCODE=52002501218 HTTP/1.1" 200 209563 "-" "Mozilla/5.0 (Linux; Android 6.0.1; Nexus 5X Build/MMB29P) AppleWebKit/537.36 (KHTML, like Gecko) Chrome/153.0.8010.36 Mobile Safari/537.36 (compatible; Googlebot/2.1; +http://www.google.com/bot.html)"
207.46.13.127 - - [12/Sep/2026:16:13:11 +0300] "GET /?sale/search/detail/?ITMCODE=51977424104 HTTP/2.0" 200 195955 "-" "Mozilla/5.0 AppleWebKit/537.36 (KHTML, like Gecko; compatible; bingbot/2.0; +http://www.bing.com/bingbot.htm) Chrome/116.0.1938.76 Safari/537.36"
207.46.13.127 - - [12/Sep/2026:16:13:14 +0300] "GET /?sale/search/detail/?ITMCODE=519770086396 HTTP/2.0" 200 196518 "-" "Mozilla/5.0 AppleWebKit/537.36 (KHTML, like Gecko; compatible; bingbot/2.0; +http://www.bing.com/bingbot.htm) Chrome/116.0.1938.76 Safari/537.36"
207.46.13.127 - - [12/Sep/2026:16:13:15 +0300] "GET /?sale/search/detail/?ITMCODE=519938369910 HTTP/2.0" 200 195776 "-" "Mozilla/5.0 AppleWebKit/537.36 (KHTML, like Gecko; compatible; bingbot/2.0; +http://www.bing.com/bingbot.htm) Chrome/116.0.1938.76 Safari/537.36"
207.46.13.127 - - [12/Sep/2026:16:13:15 +0300] "GET /?sale/search/detail/?ITMCODE=520026665158 HTTP/2.0" 200 193772 "-" "Mozilla/5.0 AppleWebKit/537.36 (KHTML, like Gecko; compatible; bingbot/2.0; +http://www.bing.com/bingbot.htm) Chrome/116.0.1938.76 Safari/537.36"
207.46.13.127 - - [12/Sep/2026:16:13:15 +0300] "GET /?sale/search/detail/?ITMCODE=5195219288 HTTP/2.0" 200 199200 "-" "Mozilla/5.0 AppleWebKit/537.36 (KHTML, like Gecko; compatible; bingbot/2.0; +http://www.bing.com/bingbot.htm) Chrome/116.0.1938.76 Safari/537.36"
207.46.13.92 - - [12/Sep/2026:16:13:22 +0300] "GET /?sale/search/detail/?ITMCODE=519687903492 HTTP/2.0" 200 200372 "-" "Mozilla/5.0 AppleWebKit/537.36 (KHTML, like Gecko; compatible; bingbot/2.0; +http://www.bing.com/bingbot.htm) Chrome/116.0.1938.76 Safari/537.36"
207.46.13.92 - - [12/Sep/2026:16:13:24 +0300] "GET /?sale/search/detail/?ITMCODE=5198100708228 HTTP/2.0" 200 205065 "-" "Mozilla/5.0 AppleWebKit/537.36 (KHTML, like Gecko; compatible; bingbot/2.0; +http://www.bing.com/bingbot.htm) Chrome/116.0.1938.76 Safari/537.36"
207.46.13.92 - - [12/Sep/2026:16:13:26 +0300] "GET /?sale/search/detail/?ITMCODE=519962385233 HTTP/2.0" 200 202450 "-" "Mozilla/5.0 AppleWebKit/537.36 (KHTML, like Gecko; compatible; bingbot/2.0; +http://www.bing.com/bingbot.htm) Chrome/116.0.1938.76 Safari/537.36"
114.119.152.47 - - [12/Sep/2026:16:13:28 +0300] "GET /?sale/search/detail/%3FITMCODE=51987889195 HTTP/1.1" 200 31590 "https://www.keliauk-uk.lt/?sitemap-products.xml" "Mozilla/5.0 (Linux; Android 7.0;) AppleWebKit/537.36 (HTML, like Gecko) Mobile Safari/537.36 (compatible; PetalBot;+https://webmaster.petalsearch.com/site/petalbot)"
52.167.144.185 - - [12/Sep/2026:16:13:28 +0300] "GET /?sale/search/detail/?ITMCODE=519710318523 HTTP/2.0" 200 202139 "-" "Mozilla/5.0 AppleWebKit/537.36 (KHTML, like Gecko; compatible; bingbot/2.0; +http://www.bing.com/bingbot.htm) Chrome/116.0.1938.76 Safari/537.36"
52.167.144.185 - - [12/Sep/2026:16:13:29 +0300] "GET /?sale/search/detail/?ITMCODE=51981943383 HTTP/2.0" 200 202565 "-" "Mozilla/5.0 AppleWebKit/537.36 (KHTML, like Gecko; compatible; bingbot/2.0; +http://www.bing.com/bingbot.htm) Chrome/116.0.1938.76 Safari/537.36"
52.167.144.185 - - [12/Sep/2026:16:13:29 +0300] "GET /?sale/search/detail/?ITMCODE=519599082192 HTTP/2.0" 200 202390 "-" "Mozilla/5.0 AppleWebKit/537.36 (KHTML, like Gecko; compatible; bingbot/2.0; +http://www.bing.com/bingbot.htm) Chrome/116.0.1938.76 Safari/537.36"
52.167.144.185 - - [12/Sep/2026:16:13:30 +0300] "GET /?sale/search/detail/?ITMCODE=51971330791 HTTP/2.0" 200 204372 "-" "Mozilla/5.0 AppleWebKit/537.36 (KHTML, like Gecko; compatible; bingbot/2.0; +http://www.bing.com/bingbot.htm) Chrome/116.0.1938.76 Safari/537.36"
52.167.144.185 - - [12/Sep/2026:16:13:31 +0300] "GET /?sale/search/detail/?ITMCODE=51981718086 HTTP/2.0" 200 207194 "-" "Mozilla/5.0 AppleWebKit/537.36 (KHTML, like Gecko; compatible; bingbot/2.0; +http://www.bing.com/bingbot.htm) Chrome/116.0.1938.76 Safari/537.36"
40.77.167.4 - - [12/Sep/2026:16:13:32 +0300] "GET /?sale/search/detail/?ITMCODE=52002845967 HTTP/2.0" 200 202831 "-" "Mozilla/5.0 AppleWebKit/537.36 (KHTML, like Gecko; compatible; bingbot/2.0; +http://www.bing.com/bingbot.htm) Chrome/116.0.1938.76 Safari/537.36"
185.191.171.19 - - [12/Sep/2026:16:13:33 +0300] "GET /?sale%2Fsearch%2Fdetail%2F%3FITMCODE=519959266557 HTTP/1.1" 200 31563 "-" "Mozilla/5.0 (compatible; SemrushBot/7~bl; +http://www.semrush.com/bot.html)"
40.77.167.4 - - [12/Sep/2026:16:13:33 +0300] "GET /?sale/search/detail/?ITMCODE=519920448338 HTTP/2.0" 200 208748 "-" "Mozilla/5.0 AppleWebKit/537.36 (KHTML, like Gecko; compatible; bingbot/2.0; +http://www.bing.com/bingbot.htm) Chrome/116.0.1938.76 Safari/537.36"
40.77.167.4 - - [12/Sep/2026:16:13:33 +0300] "GET /?sale/search/detail/?ITMCODE=5196578848 HTTP/2.0" 200 207902 "-" "Mozilla/5.0 AppleWebKit/537.36 (KHTML, like Gecko; compatible; bingbot/2.0; +http://www.bing.com/bingbot.htm) Chrome/116.0.1938.76 Safari/537.36"
40.77.167.4 - - [12/Sep/2026:16:13:34 +0300] "GET /?sale/search/detail/?ITMCODE=5196760821 HTTP/2.0" 200 204789 "-" "Mozilla/5.0 AppleWebKit/537.36 (KHTML, like Gecko; compatible; bingbot/2.0; +http://www.bing.com/bingbot.htm) Chrome/116.0.1938.76 Safari/537.36"
185.191.171.3 - - [12/Sep/2026:16:13:37 +0300] "GET /?sale%2Fsearch%2Fdetail%2F%3FITMCODE=519569231926 HTTP/1.1" 200 31563 "-" "Mozilla/5.0 (compatible; SemrushBot/7~bl; +http://www.semrush.com/bot.html)"
52.167.144.185 - - [12/Sep/2026:16:13:39 +0300] "GET /?sale/search/detail/?ITMCODE=51971333389 HTTP/2.0" 200 207089 "-" "Mozilla/5.0 AppleWebKit/537.36 (KHTML, like Gecko; compatible; bingbot/2.0; +http://www.bing.com/bingbot.htm) Chrome/116.0.1938.76 Safari/537.36"
52.167.144.185 - - [12/Sep/2026:16:13:39 +0300] "GET /?sale/search/detail/?ITMCODE=52008554809 HTTP/2.0" 200 206812 "-" "Mozilla/5.0 AppleWebKit/537.36 (KHTML, like Gecko; compatible; bingbot/2.0; +http://www.bing.com/bingbot.htm) Chrome/116.0.1938.76 Safari/537.36"
207.46.13.92 - - [12/Sep/2026:16:13:39 +0300] "GET /?sale/search/detail/?ITMCODE=51987986375 HTTP/2.0" 200 195521 "-" "Mozilla/5.0 AppleWebKit/537.36 (KHTML, like Gecko; compatible; bingbot/2.0; +http://www.bing.com/bingbot.htm) Chrome/116.0.1938.76 Safari/537.36"
207.46.13.92 - - [12/Sep/2026:16:13:41 +0300] "GET /?sale/search/detail/?ITMCODE=51995213106 HTTP/2.0" 200 200941 "-" "Mozilla/5.0 AppleWebKit/537.36 (KHTML, like Gecko; compatible; bingbot/2.0; +http://www.bing.com/bingbot.htm) Chrome/116.0.1938.76 Safari/537.36"
207.46.13.92 - - [12/Sep/2026:16:13:43 +0300] "GET /?sale/search/detail/?ITMCODE=52002720968 HTTP/2.0" 200 221873 "-" "Mozilla/5.0 AppleWebKit/537.36 (KHTML, like Gecko; compatible; bingbot/2.0; +http://www.bing.com/bingbot.htm) Chrome/116.0.1938.76 Safari/537.36"
207.46.13.92 - - [12/Sep/2026:16:13:44 +0300] "GET /?sale/search/detail/?ITMCODE=520035628771 HTTP/2.0" 200 199246 "-" "Mozilla/5.0 AppleWebKit/537.36 (KHTML, like Gecko; compatible; bingbot/2.0; +http://www.bing.com/bingbot.htm) Chrome/116.0.1938.76 Safari/537.36"
57.141.20.72 - - [12/Sep/2026:16:13:47 +0300] "GET /index.php/component/search/?sale/search/detail/?ITMCODE=520014593441&id=1&Itemid=437&format=opensearch HTTP/2.0" 200 585 "-" "Mozilla/5.0 (Windows NT 10.0; Win64; x64) AppleWebKit/537.36 (KHTML, like Gecko) Chrome/145.0.0.0 Safari/537.36 (compatible; meta-externalagent/1.1 (+https://developers.facebook.com/docs/sharing/webmasters/crawler))"
207.46.13.92 - - [12/Sep/2026:16:13:49 +0300] "GET /?sale/search/detail/?ITMCODE=51953025282 HTTP/2.0" 200 196455 "-" "Mozilla/5.0 AppleWebKit/537.36 (KHTML, like Gecko; compatible; bingbot/2.0; +http://www.bing.com/bingbot.htm) Chrome/116.0.1938.76 Safari/537.36"
40.77.167.4 - - [12/Sep/2026:16:13:50 +0300] "GET /?sale/search/detail/?ITMCODE=51971291266 HTTP/2.0" 200 219933 "-" "Mozilla/5.0 AppleWebKit/537.36 (KHTML, like Gecko; compatible; bingbot/2.0; +http://www.bing.com/bingbot.htm) Chrome/116.0.1938.76 Safari/537.36"
207.46.13.92 - - [12/Sep/2026:16:13:50 +0300] "GET /?sale/search/detail/?ITMCODE=519785077739 HTTP/2.0" 200 201159 "-" "Mozilla/5.0 AppleWebKit/537.36 (KHTML, like Gecko; compatible; bingbot/2.0; +http://www.bing.com/bingbot.htm) Chrome/116.0.1938.76 Safari/537.36"
207.46.13.92 - - [12/Sep/2026:16:13:52 +0300] "GET /?sale/search/detail/?ITMCODE=52002720279 HTTP/2.0" 200 194662 "-" "Mozilla/5.0 AppleWebKit/537.36 (KHTML, like Gecko; compatible; bingbot/2.0; +http://www.bing.com/bingbot.htm) Chrome/116.0.1938.76 Safari/537.36"
52.167.144.185 - - [12/Sep/2026:16:13:54 +0300] "GET /?sale/search/detail/?ITMCODE=51974337917 HTTP/2.0" 200 211588 "-" "Mozilla/5.0 AppleWebKit/537.36 (KHTML, like Gecko; compatible; bingbot/2.0; +http://www.bing.com/bingbot.htm) Chrome/116.0.1938.76 Safari/537.36"
52.167.144.185 - - [12/Sep/2026:16:13:56 +0300] "GET /?sale/search/detail/?ITMCODE=5195499316 HTTP/2.0" 200 218370 "-" "Mozilla/5.0 AppleWebKit/537.36 (KHTML, like Gecko; compatible; bingbot/2.0; +http://www.bing.com/bingbot.htm) Chrome/116.0.1938.76 Safari/537.36"
185.191.171.13 - - [12/Sep/2026:16:14:06 +0300] "GET /?sale%2Fsearch%2Fdetail%2F%3FITMCODE=51981816865 HTTP/1.1" 200 31562 "-" "Mozilla/5.0 (compatible; SemrushBot/7~bl; +http://www.semrush.com/bot.html)"
185.191.171.15 - - [12/Sep/2026:16:14:31 +0300] "GET /?sale%2Fsearch%2Fdetail%2F%3FITMCODE=519867905944 HTTP/1.1" 200 31563 "-" "Mozilla/5.0 (compatible; SemrushBot/7~bl; +http://www.semrush.com/bot.html)"
66.249.79.3 - - [12/Sep/2026:16:14:41 +0300] "GET /index.php/zinynas-keliaujantiems?sale/search/detail/?ITMCODE=51992254584 HTTP/1.1" 200 213815 "-" "Mozilla/5.0 (Linux; Android 6.0.1; Nexus 5X Build/MMB29P) AppleWebKit/537.36 (KHTML, like Gecko) Chrome/153.0.8010.36 Mobile Safari/537.36 (compatible; Googlebot/2.1; +http://www.google.com/bot.html)"
66.249.79.1 - - [12/Sep/2026:16:14:42 +0300] "GET /index.php/zinynas-keliaujantiems?sale/search/detail/?ITMCODE=5196944398 HTTP/1.1" 200 210348 "-" "Mozilla/5.0 (Linux; Android 6.0.1; Nexus 5X Build/MMB29P) AppleWebKit/537.36 (KHTML, like Gecko) Chrome/153.0.8010.36 Mobile Safari/537.36 (compatible; Googlebot/2.1; +http://www.google.com/bot.html)"
85.208.96.204 - - [12/Sep/2026:16:14:46 +0300] "GET /?sale%2Fsearch%2Fdetail%2F%3FITMCODE=520092832006 HTTP/1.1" 200 31563 "-" "Mozilla/5.0 (compatible; SemrushBot/7~bl; +http://www.semrush.com/bot.html)"
185.191.171.8 - - [12/Sep/2026:16:14:48 +0300] "GET /?sale%2Fsearch%2Fdetail%2F%3FITMCODE=519521369353 HTTP/1.1" 200 31563 "-" "Mozilla/5.0 (compatible; SemrushBot/7~bl; +http://www.semrush.com/bot.html)"
114.119.144.15 - - [12/Sep/2026:16:14:51 +0300] "GET /?sale/search/detail/%3FITMCODE=51987886592 HTTP/1.1" 200 31590 "https://www.keliauk-uk.lt/?sitemap-items.xml" "Mozilla/5.0 (Linux; Android 7.0;) AppleWebKit/537.36 (HTML, like Gecko) Mobile Safari/537.36 (compatible; PetalBot;+https://webmaster.petalsearch.com/site/petalbot)"
185.191.171.13 - - [12/Sep/2026:16:14:52 +0300] "GET /?sale%2Fsearch%2Fdetail%2F%3FITMCODE=51963994378 HTTP/1.1" 200 31562 "-" "Mozilla/5.0 (compatible; SemrushBot/7~bl; +http://www.semrush.com/bot.html)"
185.191.171.18 - - [12/Sep/2026:16:15:14 +0300] "GET /?sale%2Fsearch%2Fdetail%2F%3FITMCODE=519953303648 HTTP/1.1" 200 31563 "-" "Mozilla/5.0 (compatible; SemrushBot/7~bl; +http://www.semrush.com/bot.html)"
185.191.171.6 - - [12/Sep/2026:16:15:16 +0300] "GET /?sale%2Fsearch%2Fdetail%2F%3FITMCODE=519956176847 HTTP/1.1" 200 31563 "-" "Mozilla/5.0 (compatible; SemrushBot/7~bl; +http://www.semrush.com/bot.html)"
185.191.171.5 - - [12/Sep/2026:16:15:23 +0300] "GET /?sale%2Fsearch%2Fdetail%2F%3FITMCODE=519621754934 HTTP/1.1" 200 31563 "-" "Mozilla/5.0 (compatible; SemrushBot/7~bl; +http://www.semrush.com/bot.html)"
66.249.79.1 - - [12/Sep/2026:16:15:26 +0300] "GET /index.php/zinynas-keliaujantiems?sale/search/detail/?ITMCODE=51971416454 HTTP/1.1" 200 205831 "-" "Mozilla/5.0 (Linux; Android 6.0.1; Nexus 5X Build/MMB29P) AppleWebKit/537.36 (KHTML, like Gecko) Chrome/153.0.8010.36 Mobile Safari/537.36 (compatible; Googlebot/2.1; +http://www.google.com/bot.html)"
185.191.171.16 - - [12/Sep/2026:16:15:27 +0300] "GET /?sale%2Fsearch%2Fdetail%2F%3FITMCODE=520056584487 HTTP/1.1" 200 31563 "-" "Mozilla/5.0 (compatible; SemrushBot/7~bl; +http://www.semrush.com/bot.html)"
185.191.171.15 - - [12/Sep/2026:16:15:38 +0300] "GET /?sale%2Fsearch%2Fdetail%2F%3FITMCODE=51953074145 HTTP/1.1" 200 31562 "-" "Mozilla/5.0 (compatible; SemrushBot/7~bl; +http://www.semrush.com/bot.html)"
185.191.171.2 - - [12/Sep/2026:16:15:43 +0300] "GET /?sale%2Fsearch%2Fdetail%2F%3FITMCODE=519719052213 HTTP/1.1" 200 31563 "-" "Mozilla/5.0 (compatible; SemrushBot/7~bl; +http://www.semrush.com/bot.html)"
185.191.171.1 - - [12/Sep/2026:16:15:48 +0300] "GET /?sale%2Fsearch%2Fdetail%2F%3FITMCODE=51995452217 HTTP/1.1" 200 31562 "-" "Mozilla/5.0 (compatible; SemrushBot/7~bl; +http://www.semrush.com/bot.html)"
66.249.79.1 - - [12/Sep/2026:16:15:50 +0300] "GET /index.php/zinynas-keliaujantiems?sale/search/detail/?ITMCODE=51981872543 HTTP/1.1" 200 225691 "-" "Mozilla/5.0 (Linux; Android 6.0.1; Nexus 5X Build/MMB29P) AppleWebKit/537.36 (KHTML, like Gecko) Chrome/153.0.8010.36 Mobile Safari/537.36 (compatible; Googlebot/2.1; +http://www.google.com/bot.html)"
185.191.171.6 - - [12/Sep/2026:16:16:00 +0300] "GET /?sale%2Fsearch%2Fdetail%2F%3FITMCODE=519590332523 HTTP/1.1" 200 31563 "-" "Mozilla/5.0 (compatible; SemrushBot/7~bl; +http://www.semrush.com/bot.html)"
85.208.96.210 - - [12/Sep/2026:16:16:02 +0300] "GET /?sale%2Fsearch%2Fdetail%2F%3FITMCODE=519788492590 HTTP/1.1" 200 31563 "-" "Mozilla/5.0 (compatible; SemrushBot/7~bl; +http://www.semrush.com/bot.html)"
114.119.137.116 - - [12/Sep/2026:16:16:15 +0300] "GET /?sale/search/detail/%3FITMCODE=51987886438 HTTP/1.1" 200 31590 "https://www.keliauk-uk.lt/?sitemap-items.xml" "Mozilla/5.0 (Linux; Android 7.0;) AppleWebKit/537.36 (HTML, like Gecko) Mobile Safari/537.36 (compatible; PetalBot;+https://webmaster.petalsearch.com/site/petalbot)"
40.77.167.7 - - [12/Sep/2026:16:16:34 +0300] "GET /shop/c/c51951000245/ HTTP/2.0" 200 270654 "-" "Mozilla/5.0 AppleWebKit/537.36 (KHTML, like Gecko; compatible; bingbot/2.0; +http://www.bing.com/bingbot.htm) Chrome/116.0.1938.76 Safari/537.36"
185.191.171.4 - - [12/Sep/2026:16:16:38 +0300] "GET /?sale%2Fsearch%2Fdetail%2F%3FITMCODE=51992054419 HTTP/1.1" 200 31562 "-" "Mozilla/5.0 (compatible; SemrushBot/7~bl; +http://www.semrush.com/bot.html)"
52.167.144.174 - - [12/Sep/2026:16:16:38 +0300] "GET /shop/c/c51981000620/ HTTP/2.0" 200 272143 "-" "Mozilla/5.0 AppleWebKit/537.36 (KHTML, like Gecko; compatible; bingbot/2.0; +http://www.bing.com/bingbot.htm) Chrome/116.0.1938.76 Safari/537.36"
66.249.79.3 - - [12/Sep/2026:16:16:59 +0300] "GET /index.php/zinynas-keliaujantiems?sale/search/detail/?ITMCODE=51971457179 HTTP/1.1" 200 215555 "-" "Mozilla/5.0 (Linux; Android 6.0.1; Nexus 5X Build/MMB29P) AppleWebKit/537.36 (KHTML, like Gecko) Chrome/153.0.8010.36 Mobile Safari/537.36 (compatible; Googlebot/2.1; +http://www.google.com/bot.html)"
66.249.79.1 - - [12/Sep/2026:16:17:01 +0300] "GET /?sale/search/detail/?ITMCODE=51971411132 HTTP/1.1" 200 205816 "-" "Mozilla/5.0 (Linux; Android 6.0.1; Nexus 5X Build/MMB29P) AppleWebKit/537.36 (KHTML, like Gecko) Chrome/153.0.8010.36 Mobile Safari/537.36 (compatible; Googlebot/2.1; +http://www.google.com/bot.html)"
66.249.79.3 - - [12/Sep/2026:16:17:02 +0300] "GET /index.php/zinynas-keliaujantiems?sale/search/detail/?ITMCODE=51992266748 HTTP/1.1" 200 213152 "-" "Mozilla/5.0 (Linux; Android 6.0.1; Nexus 5X Build/MMB29P) AppleWebKit/537.36 (KHTML, like Gecko) Chrome/153.0.8010.36 Mobile Safari/537.36 (compatible; Googlebot/2.1; +http://www.google.com/bot.html)"
66.249.79.1 - - [12/Sep/2026:16:17:04 +0300] "GET /index.php/zinynas-keliaujantiems?sale/search/detail/?ITMCODE=52002704426 HTTP/1.1" 200 218550 "-" "Mozilla/5.0 (Linux; Android 6.0.1; Nexus 5X Build/MMB29P) AppleWebKit/537.36 (KHTML, like Gecko) Chrome/153.0.8010.36 Mobile Safari/537.36 (compatible; Googlebot/2.1; +http://www.google.com/bot.html)"
66.249.79.2 - - [12/Sep/2026:16:17:06 +0300] "GET /index.php/zinynas-keliaujantiems?sale/search/detail/?ITMCODE=51992168400 HTTP/1.1" 200 203777 "-" "Mozilla/5.0 (Linux; Android 6.0.1; Nexus 5X Build/MMB29P) AppleWebKit/537.36 (KHTML, like Gecko) Chrome/153.0.8010.36 Mobile Safari/537.36 (compatible; Googlebot/2.1; +http://www.google.com/bot.html)"
85.208.96.197 - - [12/Sep/2026:16:17:11 +0300] "GET /?sale%2Fsearch%2Fdetail%2F%3FITMCODE=519858580910 HTTP/1.1" 200 31563 "-" "Mozilla/5.0 (compatible; SemrushBot/7~bl; +http://www.semrush.com/bot.html)"
66.249.79.1 - - [12/Sep/2026:16:17:15 +0300] "GET /index.php/zinynas-keliaujantiems?sale/search/detail/?ITMCODE=5196813310 HTTP/1.1" 200 203922 "-" "Mozilla/5.0 (Linux; Android 6.0.1; Nexus 5X Build/MMB29P) AppleWebKit/537.36 (KHTML, like Gecko) Chrome/153.0.8010.36 Mobile Safari/537.36 (compatible; Googlebot/2.1; +http://www.google.com/bot.html)"
66.249.79.1 - - [12/Sep/2026:16:17:16 +0300] "GET /index.php/zinynas-keliaujantiems?sale/search/detail/?ITMCODE=51981890625 HTTP/1.1" 200 202180 "-" "Mozilla/5.0 (Linux; Android 6.0.1; Nexus 5X Build/MMB29P) AppleWebKit/537.36 (KHTML, like Gecko) Chrome/153.0.8010.36 Mobile Safari/537.36 (compatible; Googlebot/2.1; +http://www.google.com/bot.html)"
66.249.79.1 - - [12/Sep/2026:16:17:19 +0300] "GET /?sale/search/detail/?ITMCODE=5195359114 HTTP/1.1" 200 197277 "-" "Mozilla/5.0 (Linux; Android 6.0.1; Nexus 5X Build/MMB29P) AppleWebKit/537.36 (KHTML, like Gecko) Chrome/153.0.8010.36 Mobile Safari/537.36 (compatible; Googlebot/2.1; +http://www.google.com/bot.html)"
66.249.79.1 - - [12/Sep/2026:16:17:22 +0300] "GET /index.php/zinynas-keliaujantiems?sale/search/detail/?ITMCODE=51971394411 HTTP/1.1" 200 228428 "-" "Mozilla/5.0 (Linux; Android 6.0.1; Nexus 5X Build/MMB29P) AppleWebKit/537.36 (KHTML, like Gecko) Chrome/153.0.8010.36 Mobile Safari/537.36 (compatible; Googlebot/2.1; +http://www.google.com/bot.html)"
85.208.96.210 - - [12/Sep/2026:16:17:25 +0300] "GET /?sale%2Fsearch%2Fdetail%2F%3FITMCODE=519770321151 HTTP/1.1" 200 31563 "-" "Mozilla/5.0 (compatible; SemrushBot/7~bl; +http://www.semrush.com/bot.html)"
64.23.247.174 - - [12/Sep/2026:16:17:26 +0300] "GET / HTTP/1.1" 400 52 "-" "Mozilla/5.0 (X11; Linux x86_64) AppleWebKit/537.36 (KHTML, like Gecko) Chrome/142.0.0.0 Safari/537.36"
64.23.247.174 - - [12/Sep/2026:16:17:30 +0300] "GET /favicon.ico HTTP/1.1" 400 52 "https://autodiscover.keliauk-uk.lt/" "Mozilla/5.0 (X11; Linux x86_64) AppleWebKit/537.36 (KHTML, like Gecko) Chrome/142.0.0.0 Safari/537.36"
66.249.79.1 - - [12/Sep/2026:16:17:38 +0300] "GET /index.php/zinynas-keliaujantiems?sale/search/detail/?ITMCODE=51981828454 HTTP/1.1" 200 211249 "-" "Mozilla/5.0 (Linux; Android 6.0.1; Nexus 5X Build/MMB29P) AppleWebKit/537.36 (KHTML, like Gecko) Chrome/153.0.8010.36 Mobile Safari/537.36 (compatible; Googlebot/2.1; +http://www.google.com/bot.html)"
114.119.154.166 - - [12/Sep/2026:16:17:39 +0300] "GET /?sale/search/detail/%3FITMCODE=51987884050 HTTP/1.1" 200 31590 "https://www.keliauk-uk.lt/?sitemap-shopdetail.xml" "Mozilla/5.0 (Linux; Android 7.0;) AppleWebKit/537.36 (HTML, like Gecko) Mobile Safari/537.36 (compatible; PetalBot;+https://webmaster.petalsearch.com/site/petalbot)"
66.249.79.1 - - [12/Sep/2026:16:17:38 +0300] "GET /index.php/zinynas-keliaujantiems?sale/search/detail/?ITMCODE=51971241065 HTTP/1.1" 200 223916 "-" "Mozilla/5.0 (Linux; Android 6.0.1; Nexus 5X Build/MMB29P) AppleWebKit/537.36 (KHTML, like Gecko) Chrome/153.0.8010.36 Mobile Safari/537.36 (compatible; Googlebot/2.1; +http://www.google.com/bot.html)"
66.249.79.1 - - [12/Sep/2026:16:17:50 +0300] "GET /index.php/zinynas-keliaujantiems?sale/search/detail/?ITMCODE=51992013217 HTTP/1.1" 200 203551 "-" "Mozilla/5.0 (Linux; Android 6.0.1; Nexus 5X Build/MMB29P) AppleWebKit/537.36 (KHTML, like Gecko) Chrome/153.0.8010.36 Mobile Safari/537.36 (compatible; Googlebot/2.1; +http://www.google.com/bot.html)"
207.46.13.92 - - [12/Sep/2026:16:17:59 +0300] "GET /?sale/search/detail/?ITMCODE=520068764120 HTTP/2.0" 200 198512 "-" "Mozilla/5.0 AppleWebKit/537.36 (KHTML, like Gecko; compatible; bingbot/2.0; +http://www.bing.com/bingbot.htm) Chrome/116.0.1938.76 Safari/537.36"
207.46.13.92 - - [12/Sep/2026:16:18:00 +0300] "GET /?sale/search/detail/?ITMCODE=519971275624 HTTP/2.0" 200 204094 "-" "Mozilla/5.0 AppleWebKit/537.36 (KHTML, like Gecko; compatible; bingbot/2.0; +http://www.bing.com/bingbot.htm) Chrome/116.0.1938.76 Safari/537.36"
52.167.144.174 - - [12/Sep/2026:16:18:01 +0300] "GET /?sale/search/detail/?ITMCODE=51992029112 HTTP/2.0" 200 204057 "-" "Mozilla/5.0 AppleWebKit/537.36 (KHTML, like Gecko; compatible; bingbot/2.0; +http://www.bing.com/bingbot.htm) Chrome/116.0.1938.76 Safari/537.36"
52.167.144.174 - - [12/Sep/2026:16:18:01 +0300] "GET /?sale/search/detail/?ITMCODE=519791299618 HTTP/2.0" 200 213164 "-" "Mozilla/5.0 AppleWebKit/537.36 (KHTML, like Gecko; compatible; bingbot/2.0; +http://www.bing.com/bingbot.htm) Chrome/116.0.1938.76 Safari/537.36"
114.119.135.63 - - [12/Sep/2026:16:18:02 +0300] "GET /robots.txt HTTP/1.1" 200 124 "https://www.keliauk-uk.lt/robots.txt" "Mozilla/5.0 (compatible;PetalBot;+https://webmaster.petalsearch.com/site/petalbot)"
52.167.144.174 - - [12/Sep/2026:16:18:02 +0300] "GET /?sale/search/detail/?ITMCODE=51992074229 HTTP/2.0" 200 227360 "-" "Mozilla/5.0 AppleWebKit/537.36 (KHTML, like Gecko; compatible; bingbot/2.0; +http://www.bing.com/bingbot.htm) Chrome/116.0.1938.76 Safari/537.36"
