66.249.79.2 - - [12/Sep/2026:17:07:03 +0300] "GET /index.php/zinynas-keliaujantiems?sale/search/detail/?ITMCODE=51971011812 HTTP/1.1" 200 210294 "-" "Mozilla/5.0 (Linux; Android 6.0.1; Nexus 5X Build/MMB29P) AppleWebKit/537.36 (KHTML, like Gecko) Chrome/153.0.8010.36 Mobile Safari/537.36 (compatible; Googlebot/2.1; +http://www.google.com/bot.html)"
66.249.79.1 - - [12/Sep/2026:17:07:03 +0300] "GET /index.php/zinynas-keliaujantiems?sale/search/detail/?ITMCODE=51992380960 HTTP/1.1" 200 202803 "-" "Mozilla/5.0 (Linux; Android 6.0.1; Nexus 5X Build/MMB29P) AppleWebKit/537.36 (KHTML, like Gecko) Chrome/153.0.8010.36 Mobile Safari/537.36 (compatible; Googlebot/2.1; +http://www.google.com/bot.html)"
66.249.79.2 - - [12/Sep/2026:17:07:04 +0300] "GET /index.php/zinynas-keliaujantiems?sale/search/detail/?ITMCODE=51971358823 HTTP/1.1" 200 219578 "-" "Mozilla/5.0 (Linux; Android 6.0.1; Nexus 5X Build/MMB29P) AppleWebKit/537.36 (KHTML, like Gecko) Chrome/153.0.8010.36 Mobile Safari/537.36 (compatible; Googlebot/2.1; +http://www.google.com/bot.html)"
66.249.79.1 - - [12/Sep/2026:17:07:04 +0300] "GET /?sale/search/detail/?ITMCODE=51971465916 HTTP/1.1" 200 197909 "-" "Mozilla/5.0 (Linux; Android 6.0.1; Nexus 5X Build/MMB29P) AppleWebKit/537.36 (KHTML, like Gecko) Chrome/153.0.8010.36 Mobile Safari/537.36 (compatible; Googlebot/2.1; +http://www.google.com/bot.html)"
66.249.79.1 - - [12/Sep/2026:17:07:05 +0300] "GET /index.php/zinynas-keliaujantiems?sale/search/detail/?ITMCODE=51992390349 HTTP/1.1" 200 203939 "-" "Mozilla/5.0 (Linux; Android 6.0.1; Nexus 5X Build/MMB29P) AppleWebKit/537.36 (KHTML, like Gecko) Chrome/153.0.8010.36 Mobile Safari/537.36 (compatible; Googlebot/2.1; +http://www.google.com/bot.html)"
66.249.79.2 - - [12/Sep/2026:17:07:05 +0300] "GET /?sale/search/detail/?ITMCODE=5196546349 HTTP/1.1" 200 205972 "-" "Mozilla/5.0 (Linux; Android 6.0.1; Nexus 5X Build/MMB29P) AppleWebKit/537.36 (KHTML, like Gecko) Chrome/153.0.8010.36 Mobile Safari/537.36 (compatible; Googlebot/2.1; +http://www.google.com/bot.html)"
66.249.79.2 - - [12/Sep/2026:17:07:05 +0300] "GET /?sale/search/detail/?ITMCODE=5195149535 HTTP/1.1" 200 221444 "-" "Mozilla/5.0 (Linux; Android 6.0.1; Nexus 5X Build/MMB29P) AppleWebKit/537.36 (KHTML, like Gecko) Chrome/153.0.8010.36 Mobile Safari/537.36 (compatible; Googlebot/2.1; +http://www.google.com/bot.html)"
66.249.79.1 - - [12/Sep/2026:17:07:06 +0300] "GET /index.php/zinynas-keliaujantiems?sale/search/detail/?ITMCODE=51981519108 HTTP/1.1" 200 212348 "-" "Mozilla/5.0 (Linux; Android 6.0.1; Nexus 5X Build/MMB29P) AppleWebKit/537.36 (KHTML, like Gecko) Chrome/153.0.8010.36 Mobile Safari/537.36 (compatible; Googlebot/2.1; +http://www.google.com/bot.html)"
157.55.39.193 - - [12/Sep/2026:17:07:07 +0300] "GET /?sale/search/detail/?ITMCODE=51981705945 HTTP/2.0" 200 207901 "-" "Mozilla/5.0 AppleWebKit/537.36 (KHTML, like Gecko; compatible; bingbot/2.0; +http://www.bing.com/bingbot.htm) Chrome/116.0.1938.76 Safari/537.36"
57.141.20.59 - - [12/Sep/2026:17:07:22 +0300] "GET /index.php/component/search/?sale/search/detail/?ITMCODE=519693957734& HTTP/2.0" 200 19807 "-" "Mozilla/5.0 (Windows NT 10.0; Win64; x64) AppleWebKit/537.36 (KHTML, like Gecko) Chrome/145.0.0.0 Safari/537.36 (compatible; meta-externalagent/1.1 (+https://developers.facebook.com/docs/sharing/webmasters/crawler))"
57.141.20.31 - - [12/Sep/2026:17:07:24 +0300] "GET /presets/.css HTTP/2.0" 404 1461 "https://keliauk-uk.lt.testams.vhost.lt/index.php/component/search/?sale/search/detail/?ITMCODE=519693957734&" "Mozilla/5.0 (Windows NT 10.0; Win64; x64) AppleWebKit/537.36 (KHTML, like Gecko) Chrome/145.0.0.0 Safari/537.36 (compatible; meta-externalagent/1.1 (+https://developers.facebook.com/docs/sharing/webmasters/crawler))"
185.191.171.17 - - [12/Sep/2026:17:07:25 +0300] "GET /?sale%2Fsearch%2Fdetail%2F%3FITMCODE=519654853448 HTTP/1.1" 200 31563 "-" "Mozilla/5.0 (compatible; SemrushBot/7~bl; +http://www.semrush.com/bot.html)"
157.55.39.192 - - [12/Sep/2026:17:07:28 +0300] "GET /?sale/search/detail/?ITMCODE=519885766451 HTTP/2.0" 200 217927 "-" "Mozilla/5.0 AppleWebKit/537.36 (KHTML, like Gecko; compatible; bingbot/2.0; +http://www.bing.com/bingbot.htm) Chrome/116.0.1938.76 Safari/537.36"
66.249.79.3 - - [12/Sep/2026:17:07:29 +0300] "GET /shop/customer/bookmark.php?sale/search/detail/?ITMCODE=52002500359 HTTP/1.1" 200 202342 "-" "Mozilla/5.0 (Linux; Android 6.0.1; Nexus 5X Build/MMB29P) AppleWebKit/537.36 (KHTML, like Gecko) Chrome/153.0.8010.36 Mobile Safari/537.36 (compatible; Googlebot/2.1; +http://www.google.com/bot.html)"
66.249.79.1 - - [12/Sep/2026:17:07:31 +0300] "GET /sale/search/detail/?ITMCODE=51971300040 HTTP/1.1" 200 195307 "-" "Mozilla/5.0 (Linux; Android 6.0.1; Nexus 5X Build/MMB29P) AppleWebKit/537.36 (KHTML, like Gecko) Chrome/153.0.8010.36 Mobile Safari/537.36 (compatible; Googlebot/2.1; +http://www.google.com/bot.html)"
157.55.39.193 - - [12/Sep/2026:17:07:28 +0300] "GET /?sale/search/detail/?ITMCODE=51971141721 HTTP/2.0" 200 204705 "-" "Mozilla/5.0 AppleWebKit/537.36 (KHTML, like Gecko; compatible; bingbot/2.0; +http://www.bing.com/bingbot.htm) Chrome/116.0.1938.76 Safari/537.36"
66.249.79.1 - - [12/Sep/2026:17:07:43 +0300] "GET /index.php/zinynas-keliaujantiems?sale/search/detail/?ITMCODE=519585731 HTTP/1.1" 200 205512 "-" "Mozilla/5.0 (Linux; Android 6.0.1; Nexus 5X Build/MMB29P) AppleWebKit/537.36 (KHTML, like Gecko) Chrome/153.0.8010.36 Mobile Safari/537.36 (compatible; Googlebot/2.1; +http://www.google.com/bot.html)"
157.55.39.193 - - [12/Sep/2026:17:07:56 +0300] "GET /?sale/search/detail/?ITMCODE=51995378208 HTTP/2.0" 200 208180 "-" "Mozilla/5.0 AppleWebKit/537.36 (KHTML, like Gecko; compatible; bingbot/2.0; +http://www.bing.com/bingbot.htm) Chrome/116.0.1938.76 Safari/537.36"
114.119.137.116 - - [12/Sep/2026:17:08:04 +0300] "GET /?sale/search/detail/%3FITMCODE=51987814300 HTTP/1.1" 200 31590 "https://www.keliauk-uk.lt/?sitemap-shopdetail.xml" "Mozilla/5.0 (Linux; Android 7.0;) AppleWebKit/537.36 (HTML, like Gecko) Mobile Safari/537.36 (compatible; PetalBot;+https://webmaster.petalsearch.com/site/petalbot)"
66.249.79.3 - - [12/Sep/2026:17:08:09 +0300] "GET /?sale/search/detail/?ITMCODE=5195317237 HTTP/1.1" 200 207776 "-" "Mozilla/5.0 (Linux; Android 6.0.1; Nexus 5X Build/MMB29P) AppleWebKit/537.36 (KHTML, like Gecko) Chrome/153.0.8010.36 Mobile Safari/537.36 (compatible; Googlebot/2.1; +http://www.google.com/bot.html)"
185.191.171.11 - - [12/Sep/2026:17:08:10 +0300] "GET /?sale%2Fsearch%2Fdetail%2F%3FITMCODE=519572384596 HTTP/1.1" 200 31563 "-" "Mozilla/5.0 (compatible; SemrushBot/7~bl; +http://www.semrush.com/bot.html)"
185.191.171.4 - - [12/Sep/2026:17:08:12 +0300] "GET /?sale%2Fsearch%2Fdetail%2F%3FITMCODE=519758053387 HTTP/1.1" 200 31563 "-" "Mozilla/5.0 (compatible; SemrushBot/7~bl; +http://www.semrush.com/bot.html)"
85.208.96.211 - - [12/Sep/2026:17:08:14 +0300] "GET /?sale%2Fsearch%2Fdetail%2F%3FITMCODE=51953318473 HTTP/1.1" 200 31562 "-" "Mozilla/5.0 (compatible; SemrushBot/7~bl; +http://www.semrush.com/bot.html)"
66.249.79.2 - - [12/Sep/2026:17:08:15 +0300] "GET /index.php/zinynas-keliaujantiems?sale/search/detail/?ITMCODE=52002995161 HTTP/1.1" 200 209911 "-" "Mozilla/5.0 (Linux; Android 6.0.1; Nexus 5X Build/MMB29P) AppleWebKit/537.36 (KHTML, like Gecko) Chrome/153.0.8010.36 Mobile Safari/537.36 (compatible; Googlebot/2.1; +http://www.google.com/bot.html)"
40.77.167.136 - - [12/Sep/2026:17:08:19 +0300] "GET /shop/c/c52001001728/ HTTP/2.0" 200 141597 "-" "Mozilla/5.0 AppleWebKit/537.36 (KHTML, like Gecko; compatible; bingbot/2.0; +http://www.bing.com/bingbot.htm) Chrome/116.0.1938.76 Safari/537.36"
66.249.79.1 - - [12/Sep/2026:17:08:24 +0300] "GET /index.php/zinynas-keliaujantiems?sale/search/detail/?ITMCODE=51981600729 HTTP/1.1" 200 217619 "-" "Mozilla/5.0 (Linux; Android 6.0.1; Nexus 5X Build/MMB29P) AppleWebKit/537.36 (KHTML, like Gecko) Chrome/153.0.8010.36 Mobile Safari/537.36 (compatible; Googlebot/2.1; +http://www.google.com/bot.html)"
66.249.79.1 - - [12/Sep/2026:17:08:31 +0300] "GET /?sale/search/detail/?ITMCODE=52002753636 HTTP/1.1" 200 201901 "-" "Mozilla/5.0 (Linux; Android 6.0.1; Nexus 5X Build/MMB29P) AppleWebKit/537.36 (KHTML, like Gecko) Chrome/153.0.8010.36 Mobile Safari/537.36 (compatible; Googlebot/2.1; +http://www.google.com/bot.html)"
66.249.79.1 - - [12/Sep/2026:17:08:31 +0300] "GET /index.php/zinynas-keliaujantiems?sale/search/detail/?ITMCODE=52002904859 HTTP/1.1" 200 209483 "-" "Mozilla/5.0 (Linux; Android 6.0.1; Nexus 5X Build/MMB29P) AppleWebKit/537.36 (KHTML, like Gecko) Chrome/153.0.8010.36 Mobile Safari/537.36 (compatible; Googlebot/2.1; +http://www.google.com/bot.html)"
85.208.96.197 - - [12/Sep/2026:17:08:33 +0300] "GET /?sale%2Fsearch%2Fdetail%2F%3FITMCODE=52005508281 HTTP/1.1" 200 31562 "-" "Mozilla/5.0 (compatible; SemrushBot/7~bl; +http://www.semrush.com/bot.html)"
40.77.167.136 - - [12/Sep/2026:17:08:39 +0300] "GET /shop/c/c52001002085/ HTTP/2.0" 200 105096 "-" "Mozilla/5.0 AppleWebKit/537.36 (KHTML, like Gecko; compatible; bingbot/2.0; +http://www.bing.com/bingbot.htm) Chrome/116.0.1938.76 Safari/537.36"
66.249.79.1 - - [12/Sep/2026:17:08:44 +0300] "GET /shop/pg/946137 HTTP/1.1" 200 202736 "-" "Mozilla/5.0 (Linux; Android 6.0.1; Nexus 5X Build/MMB29P) AppleWebKit/537.36 (KHTML, like Gecko) Chrome/153.0.8010.36 Mobile Safari/537.36 (compatible; Googlebot/2.1; +http://www.google.com/bot.html)"
157.55.39.193 - - [12/Sep/2026:17:08:40 +0300] "GET /?sale/search/detail/?ITMCODE=51992296022 HTTP/2.0" 200 213232 "-" "Mozilla/5.0 AppleWebKit/537.36 (KHTML, like Gecko; compatible; bingbot/2.0; +http://www.bing.com/bingbot.htm) Chrome/116.0.1938.76 Safari/537.36"
185.191.171.1 - - [12/Sep/2026:17:08:49 +0300] "GET /?sale%2Fsearch%2Fdetail%2F%3FITMCODE=52002804839 HTTP/1.1" 200 31562 "-" "Mozilla/5.0 (compatible; SemrushBot/7~bl; +http://www.semrush.com/bot.html)"
66.249.79.2 - - [12/Sep/2026:17:08:58 +0300] "GET /index.php/zinynas-keliaujantiems?sale/search/detail/?ITMCODE=51992411620 HTTP/1.1" 200 203761 "-" "Mozilla/5.0 (Linux; Android 6.0.1; Nexus 5X Build/MMB29P) AppleWebKit/537.36 (KHTML, like Gecko) Chrome/153.0.8010.36 Mobile Safari/537.36 (compatible; Googlebot/2.1; +http://www.google.com/bot.html)"
66.249.79.1 - - [12/Sep/2026:17:09:07 +0300] "GET /?sale/search/detail/?ITMCODE=5195413593 HTTP/1.1" 200 196052 "-" "Mozilla/5.0 (Linux; Android 6.0.1; Nexus 5X Build/MMB29P) AppleWebKit/537.36 (KHTML, like Gecko) Chrome/153.0.8010.36 Mobile Safari/537.36 (compatible; Googlebot/2.1; +http://www.google.com/bot.html)"
66.249.79.1 - - [12/Sep/2026:17:09:09 +0300] "GET /index.php/zinynas-keliaujantiems?sale/search/detail/?ITMCODE=51971235534 HTTP/1.1" 200 206289 "-" "Mozilla/5.0 (Linux; Android 6.0.1; Nexus 5X Build/MMB29P) AppleWebKit/537.36 (KHTML, like Gecko) Chrome/153.0.8010.36 Mobile Safari/537.36 (compatible; Googlebot/2.1; +http://www.google.com/bot.html)"
66.249.79.3 - - [12/Sep/2026:17:09:09 +0300] "GET /index.php/zinynas-keliaujantiems?sale/search/detail/?ITMCODE=5196592870 HTTP/1.1" 200 209588 "-" "Mozilla/5.0 (Linux; Android 6.0.1; Nexus 5X Build/MMB29P) AppleWebKit/537.36 (KHTML, like Gecko) Chrome/153.0.8010.36 Mobile Safari/537.36 (compatible; Googlebot/2.1; +http://www.google.com/bot.html)"
66.249.79.1 - - [12/Sep/2026:17:09:10 +0300] "GET /index.php/zinynas-keliaujantiems?sale/search/detail/?ITMCODE=5196672225 HTTP/1.1" 200 216019 "-" "Mozilla/5.0 (Linux; Android 6.0.1; Nexus 5X Build/MMB29P) AppleWebKit/537.36 (KHTML, like Gecko) Chrome/153.0.8010.36 Mobile Safari/537.36 (compatible; Googlebot/2.1; +http://www.google.com/bot.html)"
57.141.20.33 - - [12/Sep/2026:17:09:14 +0300] "GET /index.php/component/search/?sale/search/detail/?ITMCODE=51971395618& HTTP/2.0" 200 19806 "-" "Mozilla/5.0 (Windows NT 10.0; Win64; x64) AppleWebKit/537.36 (KHTML, like Gecko) Chrome/145.0.0.0 Safari/537.36 (compatible; meta-externalagent/1.1 (+https://developers.facebook.com/docs/sharing/webmasters/crawler))"
157.55.39.193 - - [12/Sep/2026:17:09:15 +0300] "GET /?sale/search/detail/?ITMCODE=51987628291 HTTP/2.0" 200 201148 "-" "Mozilla/5.0 AppleWebKit/537.36 (KHTML, like Gecko; compatible; bingbot/2.0; +http://www.bing.com/bingbot.htm) Chrome/116.0.1938.76 Safari/537.36"
57.141.20.42 - - [12/Sep/2026:17:09:27 +0300] "GET /index.php/component/search/?sale/search/detail/?ITMCODE=51992053053&id=1&Itemid=437&format=opensearch HTTP/2.0" 200 584 "-" "Mozilla/5.0 (Windows NT 10.0; Win64; x64) AppleWebKit/537.36 (KHTML, like Gecko) Chrome/145.0.0.0 Safari/537.36 (compatible; meta-externalagent/1.1 (+https://developers.facebook.com/docs/sharing/webmasters/crawler))"
85.208.96.208 - - [12/Sep/2026:17:09:35 +0300] "GET /?sale%2Fsearch%2Fdetail%2F%3FITMCODE=51963959838 HTTP/1.1" 200 31562 "-" "Mozilla/5.0 (compatible; SemrushBot/7~bl; +http://www.semrush.com/bot.html)"
114.119.137.116 - - [12/Sep/2026:17:09:42 +0300] "GET /?sale/search/detail/%3FITMCODE=51987813278 HTTP/1.1" 200 31590 "https://www.keliauk-uk.lt/?sitemap-items.xml" "Mozilla/5.0 (Linux; Android 7.0;) AppleWebKit/537.36 (HTML, like Gecko) Mobile Safari/537.36 (compatible; PetalBot;+https://webmaster.petalsearch.com/site/petalbot)"
66.249.79.2 - - [12/Sep/2026:17:09:45 +0300] "GET /?sale/search/detail/?ITMCODE=52002607117 HTTP/1.1" 200 201160 "-" "Mozilla/5.0 (Linux; Android 6.0.1; Nexus 5X Build/MMB29P) AppleWebKit/537.36 (KHTML, like Gecko) Chrome/153.0.8010.36 Mobile Safari/537.36 (compatible; Googlebot/2.1; +http://www.google.com/bot.html)"
66.249.79.1 - - [12/Sep/2026:17:09:46 +0300] "GET /shop/pg/543270 HTTP/1.1" 200 217511 "-" "Mozilla/5.0 (Linux; Android 6.0.1; Nexus 5X Build/MMB29P) AppleWebKit/537.36 (KHTML, like Gecko) Chrome/153.0.8010.36 Mobile Safari/537.36 (compatible; Googlebot/2.1; +http://www.google.com/bot.html)"
157.55.39.193 - - [12/Sep/2026:17:09:50 +0300] "GET /sale/search/detail/?ITMCODE=52002652130 HTTP/2.0" 200 203231 "-" "Mozilla/5.0 AppleWebKit/537.36 (KHTML, like Gecko; compatible; bingbot/2.0; +http://www.bing.com/bingbot.htm) Chrome/116.0.1938.76 Safari/537.36"
207.46.13.141 - - [12/Sep/2026:17:09:57 +0300] "GET /?sale/search/detail/?ITMCODE=519630734972 HTTP/2.0" 200 198188 "-" "Mozilla/5.0 AppleWebKit/537.36 (KHTML, like Gecko; compatible; bingbot/2.0; +http://www.bing.com/bingbot.htm) Chrome/116.0.1938.76 Safari/537.36"
207.46.13.141 - - [12/Sep/2026:17:09:58 +0300] "GET /?sale/search/detail/?ITMCODE=52002746692 HTTP/2.0" 200 197231 "-" "Mozilla/5.0 AppleWebKit/537.36 (KHTML, like Gecko; compatible; bingbot/2.0; +http://www.bing.com/bingbot.htm) Chrome/116.0.1938.76 Safari/537.36"
66.249.79.2 - - [12/Sep/2026:17:09:58 +0300] "GET /?sale/search/detail/?ITMCODE=5196790221 HTTP/1.1" 200 226227 "-" "Mozilla/5.0 (Linux; Android 6.0.1; Nexus 5X Build/MMB29P) AppleWebKit/537.36 (KHTML, like Gecko) Chrome/153.0.8010.36 Mobile Safari/537.36 (compatible; Googlebot/2.1; +http://www.google.com/bot.html)"
207.46.13.141 - - [12/Sep/2026:17:09:59 +0300] "GET /?sale/search/detail/?ITMCODE=519587163252 HTTP/2.0" 200 199305 "-" "Mozilla/5.0 AppleWebKit/537.36 (KHTML, like Gecko; compatible; bingbot/2.0; +http://www.bing.com/bingbot.htm) Chrome/116.0.1938.76 Safari/537.36"
207.46.13.141 - - [12/Sep/2026:17:10:00 +0300] "GET /?sale/search/detail/?ITMCODE=51992287996 HTTP/2.0" 200 195625 "-" "Mozilla/5.0 AppleWebKit/537.36 (KHTML, like Gecko; compatible; bingbot/2.0; +http://www.bing.com/bingbot.htm) Chrome/116.0.1938.76 Safari/537.36"
207.46.13.141 - - [12/Sep/2026:17:10:00 +0300] "GET /?sale/search/detail/?ITMCODE=51966589529 HTTP/2.0" 200 225239 "-" "Mozilla/5.0 AppleWebKit/537.36 (KHTML, like Gecko; compatible; bingbot/2.0; +http://www.bing.com/bingbot.htm) Chrome/116.0.1938.76 Safari/537.36"
207.46.13.141 - - [12/Sep/2026:17:10:01 +0300] "GET /?sale/search/detail/?ITMCODE=51977042000 HTTP/2.0" 200 196549 "-" "Mozilla/5.0 AppleWebKit/537.36 (KHTML, like Gecko; compatible; bingbot/2.0; +http://www.bing.com/bingbot.htm) Chrome/116.0.1938.76 Safari/537.36"
207.46.13.141 - - [12/Sep/2026:17:10:02 +0300] "GET /?sale/search/detail/?ITMCODE=519785162090 HTTP/2.0" 200 192493 "-" "Mozilla/5.0 AppleWebKit/537.36 (KHTML, like Gecko; compatible; bingbot/2.0; +http://www.bing.com/bingbot.htm) Chrome/116.0.1938.76 Safari/537.36"
207.46.13.127 - - [12/Sep/2026:17:10:02 +0300] "GET /shop/pg/2932080 HTTP/2.0" 200 221228 "-" "Mozilla/5.0 AppleWebKit/537.36 (KHTML, like Gecko; compatible; bingbot/2.0; +http://www.bing.com/bingbot.htm) Chrome/116.0.1938.76 Safari/537.36"
85.208.96.206 - - [12/Sep/2026:17:10:02 +0300] "GET /?sale%2Fsearch%2Fdetail%2F%3FITMCODE=519596390393 HTTP/1.1" 200 31563 "-" "Mozilla/5.0 (compatible; SemrushBot/7~bl; +http://www.semrush.com/bot.html)"
207.46.13.141 - - [12/Sep/2026:17:10:02 +0300] "GET /?sale/search/detail/?ITMCODE=519974271951 HTTP/2.0" 200 193950 "-" "Mozilla/5.0 AppleWebKit/537.36 (KHTML, like Gecko; compatible; bingbot/2.0; +http://www.bing.com/bingbot.htm) Chrome/116.0.1938.76 Safari/537.36"
207.46.13.141 - - [12/Sep/2026:17:10:03 +0300] "GET /?sale/search/detail/?ITMCODE=519920184097 HTTP/2.0" 200 209883 "-" "Mozilla/5.0 AppleWebKit/537.36 (KHTML, like Gecko; compatible; bingbot/2.0; +http://www.bing.com/bingbot.htm) Chrome/116.0.1938.76 Safari/537.36"
207.46.13.141 - - [12/Sep/2026:17:10:04 +0300] "GET /?sale/search/detail/?ITMCODE=51981785537 HTTP/2.0" 200 193749 "-" "Mozilla/5.0 AppleWebKit/537.36 (KHTML, like Gecko; compatible; bingbot/2.0; +http://www.bing.com/bingbot.htm) Chrome/116.0.1938.76 Safari/537.36"
85.208.96.201 - - [12/Sep/2026:17:10:05 +0300] "GET /?sale%2Fsearch%2Fdetail%2F%3FITMCODE=51987676603 HTTP/1.1" 200 31562 "-" "Mozilla/5.0 (compatible; SemrushBot/7~bl; +http://www.semrush.com/bot.html)"
207.46.13.141 - - [12/Sep/2026:17:10:04 +0300] "GET /?sale/search/detail/?ITMCODE=51966976054 HTTP/2.0" 200 222555 "-" "Mozilla/5.0 AppleWebKit/537.36 (KHTML, like Gecko; compatible; bingbot/2.0; +http://www.bing.com/bingbot.htm) Chrome/116.0.1938.76 Safari/537.36"
207.46.13.141 - - [12/Sep/2026:17:10:06 +0300] "GET /?sale/search/detail/?ITMCODE=51963772310 HTTP/2.0" 200 208166 "-" "Mozilla/5.0 AppleWebKit/537.36 (KHTML, like Gecko; compatible; bingbot/2.0; +http://www.bing.com/bingbot.htm) Chrome/116.0.1938.76 Safari/537.36"
66.249.79.2 - - [12/Sep/2026:17:10:06 +0300] "GET /index.php/zinynas-keliaujantiems?sale/search/detail/?ITMCODE=51992146929 HTTP/1.1" 200 202737 "-" "Mozilla/5.0 (Linux; Android 6.0.1; Nexus 5X Build/MMB29P) AppleWebKit/537.36 (KHTML, like Gecko) Chrome/153.0.8010.36 Mobile Safari/537.36 (compatible; Googlebot/2.1; +http://www.google.com/bot.html)"
207.46.13.141 - - [12/Sep/2026:17:10:06 +0300] "GET /?sale/search/detail/?ITMCODE=519518170781 HTTP/2.0" 200 198994 "-" "Mozilla/5.0 AppleWebKit/537.36 (KHTML, like Gecko; compatible; bingbot/2.0; +http://www.bing.com/bingbot.htm) Chrome/116.0.1938.76 Safari/537.36"
66.249.79.3 - - [12/Sep/2026:17:10:06 +0300] "GET /index.php/zinynas-keliaujantiems?sale/search/detail/?ITMCODE=52002551068 HTTP/1.1" 200 207591 "-" "Mozilla/5.0 (Linux; Android 6.0.1; Nexus 5X Build/MMB29P) AppleWebKit/537.36 (KHTML, like Gecko) Chrome/153.0.8010.36 Mobile Safari/537.36 (compatible; Googlebot/2.1; +http://www.google.com/bot.html)"
207.46.13.141 - - [12/Sep/2026:17:10:07 +0300] "GET /?sale/search/detail/?ITMCODE=51984875346 HTTP/2.0" 200 200449 "-" "Mozilla/5.0 AppleWebKit/537.36 (KHTML, like Gecko; compatible; bingbot/2.0; +http://www.bing.com/bingbot.htm) Chrome/116.0.1938.76 Safari/537.36"
66.249.79.1 - - [12/Sep/2026:17:10:07 +0300] "GET /index.php/zinynas-keliaujantiems?sale/search/detail/?ITMCODE=5195437911 HTTP/1.1" 200 210884 "-" "Mozilla/5.0 (Linux; Android 6.0.1; Nexus 5X Build/MMB29P) AppleWebKit/537.36 (KHTML, like Gecko) Chrome/153.0.8010.36 Mobile Safari/537.36 (compatible; Googlebot/2.1; +http://www.google.com/bot.html)"
207.46.13.141 - - [12/Sep/2026:17:10:08 +0300] "GET /?sale/search/detail/?ITMCODE=51992157640 HTTP/2.0" 200 194863 "-" "Mozilla/5.0 AppleWebKit/537.36 (KHTML, like Gecko; compatible; bingbot/2.0; +http://www.bing.com/bingbot.htm) Chrome/116.0.1938.76 Safari/537.36"
207.46.13.141 - - [12/Sep/2026:17:10:08 +0300] "GET /?sale/search/detail/?ITMCODE=51971424475 HTTP/2.0" 200 194680 "-" "Mozilla/5.0 AppleWebKit/537.36 (KHTML, like Gecko; compatible; bingbot/2.0; +http://www.bing.com/bingbot.htm) Chrome/116.0.1938.76 Safari/537.36"
207.46.13.141 - - [12/Sep/2026:17:10:09 +0300] "GET /?sale/search/detail/?ITMCODE=51981509053 HTTP/2.0" 200 199001 "-" "Mozilla/5.0 AppleWebKit/537.36 (KHTML, like Gecko; compatible; bingbot/2.0; +http://www.bing.com/bingbot.htm) Chrome/116.0.1938.76 Safari/537.36"
207.46.13.141 - - [12/Sep/2026:17:10:10 +0300] "GET /?sale/search/detail/?ITMCODE=519530243871 HTTP/2.0" 200 203086 "-" "Mozilla/5.0 AppleWebKit/537.36 (KHTML, like Gecko; compatible; bingbot/2.0; +http://www.bing.com/bingbot.htm) Chrome/116.0.1938.76 Safari/537.36"
207.46.13.141 - - [12/Sep/2026:17:10:10 +0300] "GET /?sale/search/detail/?ITMCODE=52005710621 HTTP/2.0" 200 213710 "-" "Mozilla/5.0 AppleWebKit/537.36 (KHTML, like Gecko; compatible; bingbot/2.0; +http://www.bing.com/bingbot.htm) Chrome/116.0.1938.76 Safari/537.36"
207.46.13.141 - - [12/Sep/2026:17:10:11 +0300] "GET /?sale/search/detail/?ITMCODE=519548252835 HTTP/2.0" 200 218792 "-" "Mozilla/5.0 AppleWebKit/537.36 (KHTML, like Gecko; compatible; bingbot/2.0; +http://www.bing.com/bingbot.htm) Chrome/116.0.1938.76 Safari/537.36"
207.46.13.141 - - [12/Sep/2026:17:10:12 +0300] "GET /?sale/search/detail/?ITMCODE=519819984520 HTTP/2.0" 200 199585 "-" "Mozilla/5.0 AppleWebKit/537.36 (KHTML, like Gecko; compatible; bingbot/2.0; +http://www.bing.com/bingbot.htm) Chrome/116.0.1938.76 Safari/537.36"
207.46.13.141 - - [12/Sep/2026:17:10:13 +0300] "GET /?sale/search/detail/?ITMCODE=519929377682 HTTP/2.0" 200 200905 "-" "Mozilla/5.0 AppleWebKit/537.36 (KHTML, like Gecko; compatible; bingbot/2.0; +http://www.bing.com/bingbot.htm) Chrome/116.0.1938.76 Safari/537.36"
207.46.13.141 - - [12/Sep/2026:17:10:13 +0300] "GET /?sale/search/detail/?ITMCODE=51992286400 HTTP/2.0" 200 196161 "-" "Mozilla/5.0 AppleWebKit/537.36 (KHTML, like Gecko; compatible; bingbot/2.0; +http://www.bing.com/bingbot.htm) Chrome/116.0.1938.76 Safari/537.36"
207.46.13.141 - - [12/Sep/2026:17:10:14 +0300] "GET /?sale/search/detail/?ITMCODE=520020832888 HTTP/2.0" 200 195591 "-" "Mozilla/5.0 AppleWebKit/537.36 (KHTML, like Gecko; compatible; bingbot/2.0; +http://www.bing.com/bingbot.htm) Chrome/116.0.1938.76 Safari/537.36"
207.46.13.141 - - [12/Sep/2026:17:10:15 +0300] "GET /?sale/search/detail/?ITMCODE=519917089332 HTTP/2.0" 200 200532 "-" "Mozilla/5.0 AppleWebKit/537.36 (KHTML, like Gecko; compatible; bingbot/2.0; +http://www.bing.com/bingbot.htm) Chrome/116.0.1938.76 Safari/537.36"
207.46.13.141 - - [12/Sep/2026:17:10:15 +0300] "GET /?sale/search/detail/?ITMCODE=51995142608 HTTP/2.0" 200 219527 "-" "Mozilla/5.0 AppleWebKit/537.36 (KHTML, like Gecko; compatible; bingbot/2.0; +http://www.bing.com/bingbot.htm) Chrome/116.0.1938.76 Safari/537.36"
207.46.13.141 - - [12/Sep/2026:17:10:16 +0300] "GET /?sale/search/detail/?ITMCODE=51966978740 HTTP/2.0" 200 193710 "-" "Mozilla/5.0 AppleWebKit/537.36 (KHTML, like Gecko; compatible; bingbot/2.0; +http://www.bing.com/bingbot.htm) Chrome/116.0.1938.76 Safari/537.36"
207.46.13.141 - - [12/Sep/2026:17:10:17 +0300] "GET /?sale/search/detail/?ITMCODE=51984574515 HTTP/2.0" 200 194374 "-" "Mozilla/5.0 AppleWebKit/537.36 (KHTML, like Gecko; compatible; bingbot/2.0; +http://www.bing.com/bingbot.htm) Chrome/116.0.1938.76 Safari/537.36"
57.141.20.66 - - [12/Sep/2026:17:10:17 +0300] "GET /index.php/component/search/?sale/search/detail/?ITMCODE=519618789055& HTTP/2.0" 200 19807 "-" "Mozilla/5.0 (Windows NT 10.0; Win64; x64) AppleWebKit/537.36 (KHTML, like Gecko) Chrome/145.0.0.0 Safari/537.36 (compatible; meta-externalagent/1.1 (+https://developers.facebook.com/docs/sharing/webmasters/crawler))"
185.191.171.17 - - [12/Sep/2026:17:10:17 +0300] "GET /?sale%2Fsearch%2Fdetail%2F%3FITMCODE=520038881558 HTTP/1.1" 200 31563 "-" "Mozilla/5.0 (compatible; SemrushBot/7~bl; +http://www.semrush.com/bot.html)"
66.249.79.1 - - [12/Sep/2026:17:10:17 +0300] "GET /index.php/zinynas-keliaujantiems?sale/search/detail/?ITMCODE=52002755879 HTTP/1.1" 200 226976 "-" "Mozilla/5.0 (Linux; Android 6.0.1; Nexus 5X Build/MMB29P) AppleWebKit/537.36 (KHTML, like Gecko) Chrome/153.0.8010.36 Mobile Safari/537.36 (compatible; Googlebot/2.1; +http://www.google.com/bot.html)"
207.46.13.141 - - [12/Sep/2026:17:10:17 +0300] "GET /?sale/search/detail/?ITMCODE=51998410630 HTTP/2.0" 200 197091 "-" "Mozilla/5.0 AppleWebKit/537.36 (KHTML, like Gecko; compatible; bingbot/2.0; +http://www.bing.com/bingbot.htm) Chrome/116.0.1938.76 Safari/537.36"
207.46.13.141 - - [12/Sep/2026:17:10:18 +0300] "GET /?sale/search/detail/?ITMCODE=51969917992 HTTP/2.0" 200 193085 "-" "Mozilla/5.0 AppleWebKit/537.36 (KHTML, like Gecko; compatible; bingbot/2.0; +http://www.bing.com/bingbot.htm) Chrome/116.0.1938.76 Safari/537.36"
85.208.96.204 - - [12/Sep/2026:17:10:20 +0300] "GET /?sale%2Fsearch%2Fdetail%2F%3FITMCODE=519758355697 HTTP/1.1" 200 31563 "-" "Mozilla/5.0 (compatible; SemrushBot/7~bl; +http://www.semrush.com/bot.html)"
85.208.96.195 - - [12/Sep/2026:17:10:23 +0300] "GET /?sale%2Fsearch%2Fdetail%2F%3FITMCODE=51966637846 HTTP/1.1" 200 31562 "-" "Mozilla/5.0 (compatible; SemrushBot/7~bl; +http://www.semrush.com/bot.html)"
85.208.96.207 - - [12/Sep/2026:17:10:29 +0300] "GET /?sale%2Fsearch%2Fdetail%2F%3FITMCODE=51984562314 HTTP/1.1" 200 31562 "-" "Mozilla/5.0 (compatible; SemrushBot/7~bl; +http://www.semrush.com/bot.html)"
66.249.79.1 - - [12/Sep/2026:17:10:29 +0300] "GET /index.php/zinynas-keliaujantiems?sale/search/detail/?ITMCODE=51981857316 HTTP/1.1" 200 219369 "-" "Mozilla/5.0 (Linux; Android 6.0.1; Nexus 5X Build/MMB29P) AppleWebKit/537.36 (KHTML, like Gecko) Chrome/153.0.8010.36 Mobile Safari/537.36 (compatible; Googlebot/2.1; +http://www.google.com/bot.html)"
185.191.171.3 - - [12/Sep/2026:17:10:31 +0300] "GET /?sale%2Fsearch%2Fdetail%2F%3FITMCODE=51966555200 HTTP/1.1" 200 31562 "-" "Mozilla/5.0 (compatible; SemrushBot/7~bl; +http://www.semrush.com/bot.html)"
66.249.79.1 - - [12/Sep/2026:17:10:31 +0300] "GET /index.php/zinynas-keliaujantiems?sale/search/detail/?ITMCODE=5196528640 HTTP/1.1" 200 205376 "-" "Mozilla/5.0 (Linux; Android 6.0.1; Nexus 5X Build/MMB29P) AppleWebKit/537.36 (KHTML, like Gecko) Chrome/153.0.8010.36 Mobile Safari/537.36 (compatible; Googlebot/2.1; +http://www.google.com/bot.html)"
85.208.96.195 - - [12/Sep/2026:17:10:38 +0300] "GET /?sale%2Fsearch%2Fdetail%2F%3FITMCODE=519710421975 HTTP/1.1" 200 31563 "-" "Mozilla/5.0 (compatible; SemrushBot/7~bl; +http://www.semrush.com/bot.html)"
85.208.96.196 - - [12/Sep/2026:17:10:40 +0300] "GET /?sale%2Fsearch%2Fdetail%2F%3FITMCODE=519791314138 HTTP/1.1" 200 31563 "-" "Mozilla/5.0 (compatible; SemrushBot/7~bl; +http://www.semrush.com/bot.html)"
66.249.79.2 - - [12/Sep/2026:17:10:42 +0300] "GET /?sale/search/detail/?ITMCODE=51971182832 HTTP/1.1" 200 198111 "-" "Mozilla/5.0 (Linux; Android 6.0.1; Nexus 5X Build/MMB29P) AppleWebKit/537.36 (KHTML, like Gecko) Chrome/153.0.8010.36 Mobile Safari/537.36 (compatible; Googlebot/2.1; +http://www.google.com/bot.html)"
114.119.154.166 - - [12/Sep/2026:17:10:55 +0300] "GET /?sale/search/detail/%3FITMCODE=51987813066 HTTP/1.1" 200 31590 "https://www.keliauk-uk.lt/?sitemap-items.xml" "Mozilla/5.0 (Linux; Android 7.0;) AppleWebKit/537.36 (HTML, like Gecko) Mobile Safari/537.36 (compatible; PetalBot;+https://webmaster.petalsearch.com/site/petalbot)"
207.46.13.127 - - [12/Sep/2026:17:11:21 +0300] "GET /?sitemap-141.xml HTTP/2.0" 200 202970 "-" "Mozilla/5.0 AppleWebKit/537.36 (KHTML, like Gecko; compatible; bingbot/2.0; +http://www.bing.com/bingbot.htm) Chrome/116.0.1938.76 Safari/537.36"
207.46.13.127 - - [12/Sep/2026:17:11:22 +0300] "GET /shop/c/c51981001359/ HTTP/2.0" 200 116461 "-" "Mozilla/5.0 AppleWebKit/537.36 (KHTML, like Gecko; compatible; bingbot/2.0; +http://www.bing.com/bingbot.htm) Chrome/116.0.1938.76 Safari/537.36"
85.208.96.204 - - [12/Sep/2026:17:11:31 +0300] "GET /?sale%2Fsearch%2Fdetail%2F%3FITMCODE=519734153423 HTTP/1.1" 200 31563 "-" "Mozilla/5.0 (compatible; SemrushBot/7~bl; +http://www.semrush.com/bot.html)"
205.210.31.148 - - [12/Sep/2026:17:11:32 +0300] "GET / HTTP/1.1" 200 40285 "http://cpanel.keliauk-uk.lt/" "Hello from Palo Alto Networks, find out more about our scans in https://docs-cortex.paloaltonetworks.com/r/1/Cortex-Xpanse/Scanning-activity"
185.191.171.14 - - [12/Sep/2026:17:11:33 +0300] "GET /?sale%2Fsearch%2Fdetail%2F%3FITMCODE=51992319566 HTTP/1.1" 200 31562 "-" "Mozilla/5.0 (compatible; SemrushBot/7~bl; +http://www.semrush.com/bot.html)"
66.249.79.3 - - [12/Sep/2026:17:11:39 +0300] "GET /index.php/zinynas-keliaujantiems?sale/search/detail/?ITMCODE=5196657847 HTTP/1.1" 200 208674 "-" "Mozilla/5.0 (Linux; Android 6.0.1; Nexus 5X Build/MMB29P) AppleWebKit/537.36 (KHTML, like Gecko) Chrome/153.0.8010.36 Mobile Safari/537.36 (compatible; Googlebot/2.1; +http://www.google.com/bot.html)"
66.249.79.1 - - [12/Sep/2026:17:11:41 +0300] "GET /index.php/zinynas-keliaujantiems?sale/search/detail/?ITMCODE=52002711072 HTTP/1.1" 200 204676 "-" "Mozilla/5.0 (Linux; Android 6.0.1; Nexus 5X Build/MMB29P) AppleWebKit/537.36 (KHTML, like Gecko) Chrome/153.0.8010.36 Mobile Safari/537.36 (compatible; Googlebot/2.1; +http://www.google.com/bot.html)"
66.249.79.1 - - [12/Sep/2026:17:11:44 +0300] "GET /index.php/zinynas-keliaujantiems?sale/search/detail/?ITMCODE=51981657575 HTTP/1.1" 200 203837 "-" "Mozilla/5.0 (Linux; Android 6.0.1; Nexus 5X Build/MMB29P) AppleWebKit/537.36 (KHTML, like Gecko) Chrome/153.0.8010.36 Mobile Safari/537.36 (compatible; Googlebot/2.1; +http://www.google.com/bot.html)"
185.191.171.3 - - [12/Sep/2026:17:11:52 +0300] "GET /?sale%2Fsearch%2Fdetail%2F%3FITMCODE=519660910017 HTTP/1.1" 200 31563 "-" "Mozilla/5.0 (compatible; SemrushBot/7~bl; +http://www.semrush.com/bot.html)"
66.249.79.2 - - [12/Sep/2026:17:11:58 +0300] "GET /index.php/zinynas-keliaujantiems?sale/search/detail/?ITMCODE=51971281915 HTTP/1.1" 200 203569 "-" "Mozilla/5.0 (Linux; Android 6.0.1; Nexus 5X Build/MMB29P) AppleWebKit/537.36 (KHTML, like Gecko) Chrome/153.0.8010.36 Mobile Safari/537.36 (compatible; Googlebot/2.1; +http://www.google.com/bot.html)"
173.252.95.23 - - [12/Sep/2026:17:12:06 +0300] "GET /robots.txt HTTP/2.0" 200 123 "-" "facebookexternalhit/1.1 (+http://www.facebook.com/externalhit_uatext.php)"
157.55.39.204 - - [12/Sep/2026:17:12:13 +0300] "GET /?sale/search/detail/?ITMCODE=519758299939 HTTP/2.0" 200 206825 "-" "Mozilla/5.0 AppleWebKit/537.36 (KHTML, like Gecko; compatible; bingbot/2.0; +http://www.bing.com/bingbot.htm) Chrome/116.0.1938.76 Safari/537.36"
157.55.39.204 - - [12/Sep/2026:17:12:14 +0300] "GET /?sale/search/detail/?ITMCODE=519527028632 HTTP/2.0" 200 203368 "-" "Mozilla/5.0 AppleWebKit/537.36 (KHTML, like Gecko; compatible; bingbot/2.0; +http://www.bing.com/bingbot.htm) Chrome/116.0.1938.76 Safari/537.36"
66.249.79.1 - - [12/Sep/2026:17:12:15 +0300] "GET /?sale/search/detail/?ITMCODE=519579219 HTTP/1.1" 200 193655 "-" "Mozilla/5.0 (Linux; Android 6.0.1; Nexus 5X Build/MMB29P) AppleWebKit/537.36 (KHTML, like Gecko) Chrome/153.0.8010.36 Mobile Safari/537.36 (compatible; Googlebot/2.1; +http://www.google.com/bot.html)"
114.119.154.166 - - [12/Sep/2026:17:12:17 +0300] "GET /?sale/search/detail/%3FITMCODE=51987807575 HTTP/1.1" 200 31590 "https://www.keliauk-uk.lt/?sitemap-products.xml" "Mozilla/5.0 (Linux; Android 7.0;) AppleWebKit/537.36 (HTML, like Gecko) Mobile Safari/537.36 (compatible; PetalBot;+https://webmaster.petalsearch.com/site/petalbot)"
157.55.39.204 - - [12/Sep/2026:17:12:17 +0300] "GET /?sale/search/detail/?ITMCODE=520032962517 HTTP/2.0" 200 200782 "-" "Mozilla/5.0 AppleWebKit/537.36 (KHTML, like Gecko; compatible; bingbot/2.0; +http://www.bing.com/bingbot.htm) Chrome/116.0.1938.76 Safari/537.36"
157.55.39.204 - - [12/Sep/2026:17:12:18 +0300] "GET /?sale/search/detail/?ITMCODE=519584361641 HTTP/2.0" 200 196400 "-" "Mozilla/5.0 AppleWebKit/537.36 (KHTML, like Gecko; compatible; bingbot/2.0; +http://www.bing.com/bingbot.htm) Chrome/116.0.1938.76 Safari/537.36"
157.55.39.204 - - [12/Sep/2026:17:12:19 +0300] "GET /?sale/search/detail/?ITMCODE=519858681026 HTTP/2.0" 200 200266 "-" "Mozilla/5.0 AppleWebKit/537.36 (KHTML, like Gecko; compatible; bingbot/2.0; +http://www.bing.com/bingbot.htm) Chrome/116.0.1938.76 Safari/537.36"
157.55.39.204 - - [12/Sep/2026:17:12:20 +0300] "GET /?sale/search/detail/?ITMCODE=519524416381 HTTP/2.0" 200 198988 "-" "Mozilla/5.0 AppleWebKit/537.36 (KHTML, like Gecko; compatible; bingbot/2.0; +http://www.bing.com/bingbot.htm) Chrome/116.0.1938.76 Safari/537.36"
157.55.39.204 - - [12/Sep/2026:17:12:21 +0300] "GET /?sale/search/detail/?ITMCODE=519645561749 HTTP/2.0" 200 227089 "-" "Mozilla/5.0 AppleWebKit/537.36 (KHTML, like Gecko; compatible; bingbot/2.0; +http://www.bing.com/bingbot.htm) Chrome/116.0.1938.76 Safari/537.36"
157.55.39.204 - - [12/Sep/2026:17:12:22 +0300] "GET /?sale/search/detail/?ITMCODE=52002638043 HTTP/2.0" 200 200748 "-" "Mozilla/5.0 AppleWebKit/537.36 (KHTML, like Gecko; compatible; bingbot/2.0; +http://www.bing.com/bingbot.htm) Chrome/116.0.1938.76 Safari/537.36"
40.77.167.68 - - [12/Sep/2026:17:12:29 +0300] "GET /?sale/search/detail/?ITMCODE=519533220283 HTTP/2.0" 200 200503 "-" "Mozilla/5.0 AppleWebKit/537.36 (KHTML, like Gecko; compatible; bingbot/2.0; +http://www.bing.com/bingbot.htm) Chrome/116.0.1938.76 Safari/537.36"
40.77.167.68 - - [12/Sep/2026:17:12:35 +0300] "GET /?sale/search/detail/?ITMCODE=519633636757 HTTP/2.0" 200 197662 "-" "Mozilla/5.0 AppleWebKit/537.36 (KHTML, like Gecko; compatible; bingbot/2.0; +http://www.bing.com/bingbot.htm) Chrome/116.0.1938.76 Safari/537.36"
185.191.171.8 - - [12/Sep/2026:17:12:46 +0300] "GET /?sale%2Fsearch%2Fdetail%2F%3FITMCODE=51956013621 HTTP/1.1" 200 31562 "-" "Mozilla/5.0 (compatible; SemrushBot/7~bl; +http://www.semrush.com/bot.html)"
40.77.167.68 - - [12/Sep/2026:17:12:49 +0300] "GET /?sale/search/detail/?ITMCODE=51984999288 HTTP/2.0" 200 197142 "-" "Mozilla/5.0 AppleWebKit/537.36 (KHTML, like Gecko; compatible; bingbot/2.0; +http://www.bing.com/bingbot.htm) Chrome/116.0.1938.76 Safari/537.36"
185.191.171.13 - - [12/Sep/2026:17:12:52 +0300] "GET /?sale%2Fsearch%2Fdetail%2F%3FITMCODE=51977142927 HTTP/1.1" 200 31562 "-" "Mozilla/5.0 (compatible; SemrushBot/7~bl; +http://www.semrush.com/bot.html)"
40.77.167.68 - - [12/Sep/2026:17:12:55 +0300] "GET /?sale/search/detail/?ITMCODE=51987996796 HTTP/2.0" 200 198344 "-" "Mozilla/5.0 AppleWebKit/537.36 (KHTML, like Gecko; compatible; bingbot/2.0; +http://www.bing.com/bingbot.htm) Chrome/116.0.1938.76 Safari/537.36"
157.55.39.204 - - [12/Sep/2026:17:13:02 +0300] "GET /?sale/search/detail/?ITMCODE=519699783011 HTTP/2.0" 200 212653 "-" "Mozilla/5.0 AppleWebKit/537.36 (KHTML, like Gecko; compatible; bingbot/2.0; +http://www.bing.com/bingbot.htm) Chrome/116.0.1938.76 Safari/537.36"
157.55.39.204 - - [12/Sep/2026:17:13:04 +0300] "GET /?sale/search/detail/?ITMCODE=5196860647 HTTP/2.0" 200 215856 "-" "Mozilla/5.0 AppleWebKit/537.36 (KHTML, like Gecko; compatible; bingbot/2.0; +http://www.bing.com/bingbot.htm) Chrome/116.0.1938.76 Safari/537.36"
157.55.39.204 - - [12/Sep/2026:17:13:05 +0300] "GET /?sale/search/detail/?ITMCODE=519843584614 HTTP/2.0" 200 227773 "-" "Mozilla/5.0 AppleWebKit/537.36 (KHTML, like Gecko; compatible; bingbot/2.0; +http://www.bing.com/bingbot.htm) Chrome/116.0.1938.76 Safari/537.36"
157.55.39.204 - - [12/Sep/2026:17:13:05 +0300] "GET /?sale/search/detail/?ITMCODE=520026923579 HTTP/2.0" 200 211693 "-" "Mozilla/5.0 AppleWebKit/537.36 (KHTML, like Gecko; compatible; bingbot/2.0; +http://www.bing.com/bingbot.htm) Chrome/116.0.1938.76 Safari/537.36"
157.55.39.204 - - [12/Sep/2026:17:13:06 +0300] "GET /?sale/search/detail/?ITMCODE=519645999465 HTTP/2.0" 200 207792 "-" "Mozilla/5.0 AppleWebKit/537.36 (KHTML, like Gecko; compatible; bingbot/2.0; +http://www.bing.com/bingbot.htm) Chrome/116.0.1938.76 Safari/537.36"
157.55.39.204 - - [12/Sep/2026:17:13:07 +0300] "GET /?sale/search/detail/?ITMCODE=51971294118 HTTP/2.0" 200 206823 "-" "Mozilla/5.0 AppleWebKit/537.36 (KHTML, like Gecko; compatible; bingbot/2.0; +http://www.bing.com/bingbot.htm) Chrome/116.0.1938.76 Safari/537.36"
157.55.39.204 - - [12/Sep/2026:17:13:07 +0300] "GET /?sale/search/detail/?ITMCODE=520035569608 HTTP/2.0" 200 198692 "-" "Mozilla/5.0 AppleWebKit/537.36 (KHTML, like Gecko; compatible; bingbot/2.0; +http://www.bing.com/bingbot.htm) Chrome/116.0.1938.76 Safari/537.36"
52.167.144.197 - - [12/Sep/2026:17:13:08 +0300] "GET /?sale/search/detail/?ITMCODE=519944142849 HTTP/2.0" 200 211154 "-" "Mozilla/5.0 AppleWebKit/537.36 (KHTML, like Gecko; compatible; bingbot/2.0; +http://www.bing.com/bingbot.htm) Chrome/116.0.1938.76 Safari/537.36"
157.55.39.204 - - [12/Sep/2026:17:13:08 +0300] "GET /?sale/search/detail/?ITMCODE=51953065737 HTTP/2.0" 200 204265 "-" "Mozilla/5.0 AppleWebKit/537.36 (KHTML, like Gecko; compatible; bingbot/2.0; +http://www.bing.com/bingbot.htm) Chrome/116.0.1938.76 Safari/537.36"
52.167.144.197 - - [12/Sep/2026:17:13:08 +0300] "GET /?sale/search/detail/?ITMCODE=51981970509 HTTP/2.0" 200 204448 "-" "Mozilla/5.0 AppleWebKit/537.36 (KHTML, like Gecko; compatible; bingbot/2.0; +http://www.bing.com/bingbot.htm) Chrome/116.0.1938.76 Safari/537.36"
52.167.144.197 - - [12/Sep/2026:17:13:09 +0300] "GET /?sale/search/detail/?ITMCODE=5196773602 HTTP/2.0" 200 209349 "-" "Mozilla/5.0 AppleWebKit/537.36 (KHTML, like Gecko; compatible; bingbot/2.0; +http://www.bing.com/bingbot.htm) Chrome/116.0.1938.76 Safari/537.36"
52.167.144.197 - - [12/Sep/2026:17:13:09 +0300] "GET /?sale/search/detail/?ITMCODE=5196671639 HTTP/2.0" 200 205774 "-" "Mozilla/5.0 AppleWebKit/537.36 (KHTML, like Gecko; compatible; bingbot/2.0; +http://www.bing.com/bingbot.htm) Chrome/116.0.1938.76 Safari/537.36"
52.167.144.197 - - [12/Sep/2026:17:13:10 +0300] "GET /?sale/search/detail/?ITMCODE=51992111449 HTTP/2.0" 200 203639 "-" "Mozilla/5.0 AppleWebKit/537.36 (KHTML, like Gecko; compatible; bingbot/2.0; +http://www.bing.com/bingbot.htm) Chrome/116.0.1938.76 Safari/537.36"
52.167.144.197 - - [12/Sep/2026:17:13:11 +0300] "GET /?sale/search/detail/?ITMCODE=5195472539 HTTP/2.0" 200 201415 "-" "Mozilla/5.0 AppleWebKit/537.36 (KHTML, like Gecko; compatible; bingbot/2.0; +http://www.bing.com/bingbot.htm) Chrome/116.0.1938.76 Safari/537.36"
52.167.144.197 - - [12/Sep/2026:17:13:11 +0300] "GET /sale/search/detail/?ITMCODE=51971153499 HTTP/2.0" 200 203417 "-" "Mozilla/5.0 AppleWebKit/537.36 (KHTML, like Gecko; compatible; bingbot/2.0; +http://www.bing.com/bingbot.htm) Chrome/116.0.1938.76 Safari/537.36"
66.249.79.2 - - [12/Sep/2026:17:13:14 +0300] "GET /index.php/zinynas-keliaujantiems?sale/search/detail/?ITMCODE=51981805364 HTTP/1.1" 200 207397 "-" "Mozilla/5.0 (Linux; Android 6.0.1; Nexus 5X Build/MMB29P) AppleWebKit/537.36 (KHTML, like Gecko) Chrome/153.0.8010.36 Mobile Safari/537.36 (compatible; Googlebot/2.1; +http://www.google.com/bot.html)"
66.249.79.1 - - [12/Sep/2026:17:13:14 +0300] "GET /index.php/zinynas-keliaujantiems?sale/search/detail/?ITMCODE=52002592885 HTTP/1.1" 200 211085 "-" "Mozilla/5.0 (Linux; Android 6.0.1; Nexus 5X Build/MMB29P) AppleWebKit/537.36 (KHTML, like Gecko) Chrome/153.0.8010.36 Mobile Safari/537.36 (compatible; Googlebot/2.1; +http://www.google.com/bot.html)"
66.249.79.1 - - [12/Sep/2026:17:13:18 +0300] "GET /index.php/zinynas-keliaujantiems?sale/search/detail/?ITMCODE=519522929 HTTP/1.1" 200 215747 "-" "Mozilla/5.0 (Linux; Android 6.0.1; Nexus 5X Build/MMB29P) AppleWebKit/537.36 (KHTML, like Gecko) Chrome/153.0.8010.36 Mobile Safari/537.36 (compatible; Googlebot/2.1; +http://www.google.com/bot.html)"
85.208.96.208 - - [12/Sep/2026:17:13:22 +0300] "GET /?sale%2Fsearch%2Fdetail%2F%3FITMCODE=519734485547 HTTP/1.1" 200 31563 "-" "Mozilla/5.0 (compatible; SemrushBot/7~bl; +http://www.semrush.com/bot.html)"
85.208.96.196 - - [12/Sep/2026:17:13:29 +0300] "GET /?sale%2Fsearch%2Fdetail%2F%3FITMCODE=519590419181 HTTP/1.1" 200 31563 "-" "Mozilla/5.0 (compatible; SemrushBot/7~bl; +http://www.semrush.com/bot.html)"
207.46.13.127 - - [12/Sep/2026:17:13:29 +0300] "GET /?sale/search/detail/?ITMCODE=5196943290 HTTP/2.0" 200 204471 "-" "Mozilla/5.0 AppleWebKit/537.36 (KHTML, like Gecko; compatible; bingbot/2.0; +http://www.bing.com/bingbot.htm) Chrome/116.0.1938.76 Safari/537.36"
207.46.13.127 - - [12/Sep/2026:17:13:30 +0300] "GET /?sale/search/detail/?ITMCODE=5195177689 HTTP/2.0" 200 218444 "-" "Mozilla/5.0 AppleWebKit/537.36 (KHTML, like Gecko; compatible; bingbot/2.0; +http://www.bing.com/bingbot.htm) Chrome/116.0.1938.76 Safari/537.36"
207.46.13.127 - - [12/Sep/2026:17:13:31 +0300] "GET /?sale/search/detail/?ITMCODE=5196504703 HTTP/2.0" 200 206902 "-" "Mozilla/5.0 AppleWebKit/537.36 (KHTML, like Gecko; compatible; bingbot/2.0; +http://www.bing.com/bingbot.htm) Chrome/116.0.1938.76 Safari/537.36"
207.46.13.127 - - [12/Sep/2026:17:13:32 +0300] "GET /?sale/search/detail/?ITMCODE=51992487539 HTTP/2.0" 200 202234 "-" "Mozilla/5.0 AppleWebKit/537.36 (KHTML, like Gecko; compatible; bingbot/2.0; +http://www.bing.com/bingbot.htm) Chrome/116.0.1938.76 Safari/537.36"
207.46.13.127 - - [12/Sep/2026:17:13:32 +0300] "GET /?sale/search/detail/?ITMCODE=5195428077 HTTP/2.0" 200 213894 "-" "Mozilla/5.0 AppleWebKit/537.36 (KHTML, like Gecko; compatible; bingbot/2.0; +http://www.bing.com/bingbot.htm) Chrome/116.0.1938.76 Safari/537.36"
52.167.144.197 - - [12/Sep/2026:17:13:34 +0300] "GET /?sale/search/detail/?ITMCODE=519810607636 HTTP/2.0" 200 201810 "-" "Mozilla/5.0 AppleWebKit/537.36 (KHTML, like Gecko; compatible; bingbot/2.0; +http://www.bing.com/bingbot.htm) Chrome/116.0.1938.76 Safari/537.36"
52.167.144.197 - - [12/Sep/2026:17:13:35 +0300] "GET /?sale/search/detail/?ITMCODE=51992361366 HTTP/2.0" 200 211757 "-" "Mozilla/5.0 AppleWebKit/537.36 (KHTML, like Gecko; compatible; bingbot/2.0; +http://www.bing.com/bingbot.htm) Chrome/116.0.1938.76 Safari/537.36"
52.167.144.197 - - [12/Sep/2026:17:13:37 +0300] "GET /?sale/search/detail/?ITMCODE=52002810159 HTTP/2.0" 200 207365 "-" "Mozilla/5.0 AppleWebKit/537.36 (KHTML, like Gecko; compatible; bingbot/2.0; +http://www.bing.com/bingbot.htm) Chrome/116.0.1938.76 Safari/537.36"
52.167.144.197 - - [12/Sep/2026:17:13:37 +0300] "GET /?sale/search/detail/?ITMCODE=5196595187 HTTP/2.0" 200 204793 "-" "Mozilla/5.0 AppleWebKit/537.36 (KHTML, like Gecko; compatible; bingbot/2.0; +http://www.bing.com/bingbot.htm) Chrome/116.0.1938.76 Safari/537.36"
52.167.144.197 - - [12/Sep/2026:17:13:38 +0300] "GET /?sale/search/detail/?ITMCODE=51981874664 HTTP/2.0" 200 200551 "-" "Mozilla/5.0 AppleWebKit/537.36 (KHTML, like Gecko; compatible; bingbot/2.0; +http://www.bing.com/bingbot.htm) Chrome/116.0.1938.76 Safari/537.36"
52.167.144.182 - - [12/Sep/2026:17:13:38 +0300] "GET /?sale/search/detail/?ITMCODE=5196885086 HTTP/2.0" 200 202578 "-" "Mozilla/5.0 AppleWebKit/537.36 (KHTML, like Gecko; compatible; bingbot/2.0; +http://www.bing.com/bingbot.htm) Chrome/116.0.1938.76 Safari/537.36"
52.167.144.182 - - [12/Sep/2026:17:13:39 +0300] "GET /?sale/search/detail/?ITMCODE=5196723667 HTTP/2.0" 200 202825 "-" "Mozilla/5.0 AppleWebKit/537.36 (KHTML, like Gecko; compatible; bingbot/2.0; +http://www.bing.com/bingbot.htm) Chrome/116.0.1938.76 Safari/537.36"
40.77.167.68 - - [12/Sep/2026:17:13:40 +0300] "GET /?sale/search/detail/?ITMCODE=5195102277654 HTTP/2.0" 200 200901 "-" "Mozilla/5.0 AppleWebKit/537.36 (KHTML, like Gecko; compatible; bingbot/2.0; +http://www.bing.com/bingbot.htm) Chrome/116.0.1938.76 Safari/537.36"
52.167.144.182 - - [12/Sep/2026:17:13:42 +0300] "GET /?sale/search/detail/?ITMCODE=5196580337 HTTP/2.0" 200 218503 "-" "Mozilla/5.0 AppleWebKit/537.36 (KHTML, like Gecko; compatible; bingbot/2.0; +http://www.bing.com/bingbot.htm) Chrome/116.0.1938.76 Safari/537.36"
52.167.144.182 - - [12/Sep/2026:17:13:43 +0300] "GET /?sale/search/detail/?ITMCODE=519870902843 HTTP/2.0" 200 212555 "-" "Mozilla/5.0 AppleWebKit/537.36 (KHTML, like Gecko; compatible; bingbot/2.0; +http://www.bing.com/bingbot.htm) Chrome/116.0.1938.76 Safari/537.36"
52.167.144.182 - - [12/Sep/2026:17:13:43 +0300] "GET /?sale/search/detail/?ITMCODE=51995167386 HTTP/2.0" 200 203286 "-" "Mozilla/5.0 AppleWebKit/537.36 (KHTML, like Gecko; compatible; bingbot/2.0; +http://www.bing.com/bingbot.htm) Chrome/116.0.1938.76 Safari/537.36"
52.167.144.182 - - [12/Sep/2026:17:13:43 +0300] "GET /?sale/search/detail/?ITMCODE=51971169118 HTTP/2.0" 200 207143 "-" "Mozilla/5.0 AppleWebKit/537.36 (KHTML, like Gecko; compatible; bingbot/2.0; +http://www.bing.com/bingbot.htm) Chrome/116.0.1938.76 Safari/537.36"
52.167.144.182 - - [12/Sep/2026:17:13:43 +0300] "GET /?sale/search/detail/?ITMCODE=51981643091 HTTP/2.0" 200 207265 "-" "Mozilla/5.0 AppleWebKit/537.36 (KHTML, like Gecko; compatible; bingbot/2.0; +http://www.bing.com/bingbot.htm) Chrome/116.0.1938.76 Safari/537.36"
52.167.144.182 - - [12/Sep/2026:17:13:44 +0300] "GET /?sale/search/detail/?ITMCODE=51992451376 HTTP/2.0" 200 221851 "-" "Mozilla/5.0 AppleWebKit/537.36 (KHTML, like Gecko; compatible; bingbot/2.0; +http://www.bing.com/bingbot.htm) Chrome/116.0.1938.76 Safari/537.36"
40.77.167.68 - - [12/Sep/2026:17:13:44 +0300] "GET /?sale/search/detail/?ITMCODE=51987839886 HTTP/2.0" 200 192870 "-" "Mozilla/5.0 AppleWebKit/537.36 (KHTML, like Gecko; compatible; bingbot/2.0; +http://www.bing.com/bingbot.htm) Chrome/116.0.1938.76 Safari/537.36"
52.167.144.182 - - [12/Sep/2026:17:13:44 +0300] "GET /?sale/search/detail/?ITMCODE=51977033696 HTTP/2.0" 200 202586 "-" "Mozilla/5.0 AppleWebKit/537.36 (KHTML, like Gecko; compatible; bingbot/2.0; +http://www.bing.com/bingbot.htm) Chrome/116.0.1938.76 Safari/537.36"
52.167.144.182 - - [12/Sep/2026:17:13:45 +0300] "GET /?sale/search/detail/?ITMCODE=52002665593 HTTP/2.0" 200 201082 "-" "Mozilla/5.0 AppleWebKit/537.36 (KHTML, like Gecko; compatible; bingbot/2.0; +http://www.bing.com/bingbot.htm) Chrome/116.0.1938.76 Safari/537.36"
52.167.144.182 - - [12/Sep/2026:17:13:45 +0300] "GET /?sale/search/detail/?ITMCODE=52002772297 HTTP/2.0" 200 213295 "-" "Mozilla/5.0 AppleWebKit/537.36 (KHTML, like Gecko; compatible; bingbot/2.0; +http://www.bing.com/bingbot.htm) Chrome/116.0.1938.76 Safari/537.36"
114.119.144.15 - - [12/Sep/2026:17:13:46 +0300] "GET /?sale/search/detail/%3FITMCODE=51987807485 HTTP/1.1" 200 31590 "https://www.keliauk-uk.lt/?sitemap-items.xml" "Mozilla/5.0 (Linux; Android 7.0;) AppleWebKit/537.36 (HTML, like Gecko) Mobile Safari/537.36 (compatible; PetalBot;+https://webmaster.petalsearch.com/site/petalbot)"
52.167.144.182 - - [12/Sep/2026:17:13:46 +0300] "GET /sale/search/detail/?ITMCODE=5195315191 HTTP/2.0" 200 203608 "-" "Mozilla/5.0 AppleWebKit/537.36 (KHTML, like Gecko; compatible; bingbot/2.0; +http://www.bing.com/bingbot.htm) Chrome/116.0.1938.76 Safari/537.36"
57.141.20.65 - - [12/Sep/2026:17:13:48 +0300] "GET /index.php/component/search/?sale/search/detail/?ITMCODE=51953409310&id=1&Itemid=437&format=opensearch HTTP/2.0" 200 584 "-" "Mozilla/5.0 (Windows NT 10.0; Win64; x64) AppleWebKit/537.36 (KHTML, like Gecko) Chrome/145.0.0.0 Safari/537.36 (compatible; meta-externalagent/1.1 (+https://developers.facebook.com/docs/sharing/webmasters/crawler))"
40.77.167.68 - - [12/Sep/2026:17:13:47 +0300] "GET /?sale/search/detail/?ITMCODE=51956140101 HTTP/2.0" 200 193508 "-" "Mozilla/5.0 AppleWebKit/537.36 (KHTML, like Gecko; compatible; bingbot/2.0; +http://www.bing.com/bingbot.htm) Chrome/116.0.1938.76 Safari/537.36"
157.55.39.204 - - [12/Sep/2026:17:13:48 +0300] "GET /?sale/search/detail/?ITMCODE=519944187745 HTTP/2.0" 200 206886 "-" "Mozilla/5.0 AppleWebKit/537.36 (KHTML, like Gecko; compatible; bingbot/2.0; +http://www.bing.com/bingbot.htm) Chrome/116.0.1938.76 Safari/537.36"
157.55.39.204 - - [12/Sep/2026:17:13:49 +0300] "GET /?sale/search/detail/?ITMCODE=519917018363 HTTP/2.0" 200 200758 "-" "Mozilla/5.0 AppleWebKit/537.36 (KHTML, like Gecko; compatible; bingbot/2.0; +http://www.bing.com/bingbot.htm) Chrome/116.0.1938.76 Safari/537.36"
157.55.39.204 - - [12/Sep/2026:17:13:49 +0300] "GET /?sale/search/detail/?ITMCODE=51953446610 HTTP/2.0" 200 197225 "-" "Mozilla/5.0 AppleWebKit/537.36 (KHTML, like Gecko; compatible; bingbot/2.0; +http://www.bing.com/bingbot.htm) Chrome/116.0.1938.76 Safari/537.36"
40.77.167.68 - - [12/Sep/2026:17:13:51 +0300] "GET /?sale/search/detail/?ITMCODE=51959322905 HTTP/2.0" 200 200282 "-" "Mozilla/5.0 AppleWebKit/537.36 (KHTML, like Gecko; compatible; bingbot/2.0; +http://www.bing.com/bingbot.htm) Chrome/116.0.1938.76 Safari/537.36"
40.77.167.68 - - [12/Sep/2026:17:13:54 +0300] "GET /?sale/search/detail/?ITMCODE=51974457515 HTTP/2.0" 200 199821 "-" "Mozilla/5.0 AppleWebKit/537.36 (KHTML, like Gecko; compatible; bingbot/2.0; +http://www.bing.com/bingbot.htm) Chrome/116.0.1938.76 Safari/537.36"
40.77.167.68 - - [12/Sep/2026:17:13:58 +0300] "GET /?sale/search/detail/?ITMCODE=519713383966 HTTP/2.0" 200 219468 "-" "Mozilla/5.0 AppleWebKit/537.36 (KHTML, like Gecko; compatible; bingbot/2.0; +http://www.bing.com/bingbot.htm) Chrome/116.0.1938.76 Safari/537.36"
40.77.167.68 - - [12/Sep/2026:17:14:01 +0300] "GET /?sale/search/detail/?ITMCODE=519986382391 HTTP/2.0" 200 233123 "-" "Mozilla/5.0 AppleWebKit/537.36 (KHTML, like Gecko; compatible; bingbot/2.0; +http://www.bing.com/bingbot.htm) Chrome/116.0.1938.76 Safari/537.36"
52.167.144.197 - - [12/Sep/2026:17:14:08 +0300] "GET /?sale/search/detail/?ITMCODE=51971011089 HTTP/2.0" 200 212262 "-" "Mozilla/5.0 AppleWebKit/537.36 (KHTML, like Gecko; compatible; bingbot/2.0; +http://www.bing.com/bingbot.htm) Chrome/116.0.1938.76 Safari/537.36"
52.167.144.197 - - [12/Sep/2026:17:14:09 +0300] "GET /?sale/search/detail/?ITMCODE=51981610474 HTTP/2.0" 200 199922 "-" "Mozilla/5.0 AppleWebKit/537.36 (KHTML, like Gecko; compatible; bingbot/2.0; +http://www.bing.com/bingbot.htm) Chrome/116.0.1938.76 Safari/537.36"
