185.191.171.6 - - [12/Sep/2026:16:48:17 +0300] "GET /?sale%2Fsearch%2Fdetail%2F%3FITMCODE=51992252209 HTTP/1.1" 200 31562 "-" "Mozilla/5.0 (compatible; SemrushBot/7~bl; +http://www.semrush.com/bot.html)"
40.77.167.157 - - [12/Sep/2026:16:48:17 +0300] "GET /?sale/search/detail/?ITMCODE=51971339743 HTTP/2.0" 200 204598 "-" "Mozilla/5.0 AppleWebKit/537.36 (KHTML, like Gecko; compatible; bingbot/2.0; +http://www.bing.com/bingbot.htm) Chrome/116.0.1938.76 Safari/537.36"
40.77.167.157 - - [12/Sep/2026:16:48:18 +0300] "GET /?sale/search/detail/?ITMCODE=51953154506 HTTP/2.0" 200 212782 "-" "Mozilla/5.0 AppleWebKit/537.36 (KHTML, like Gecko; compatible; bingbot/2.0; +http://www.bing.com/bingbot.htm) Chrome/116.0.1938.76 Safari/537.36"
40.77.167.157 - - [12/Sep/2026:16:48:19 +0300] "GET /?sale/search/detail/?ITMCODE=51998178139 HTTP/2.0" 200 200678 "-" "Mozilla/5.0 AppleWebKit/537.36 (KHTML, like Gecko; compatible; bingbot/2.0; +http://www.bing.com/bingbot.htm) Chrome/116.0.1938.76 Safari/537.36"
185.191.171.4 - - [12/Sep/2026:16:48:19 +0300] "GET /?sale%2Fsearch%2Fdetail%2F%3FITMCODE=519888785909 HTTP/1.1" 200 31563 "-" "Mozilla/5.0 (compatible; SemrushBot/7~bl; +http://www.semrush.com/bot.html)"
157.55.39.15 - - [12/Sep/2026:16:48:22 +0300] "GET /?sale/search/detail/?ITMCODE=51971349853 HTTP/2.0" 200 205959 "-" "Mozilla/5.0 AppleWebKit/537.36 (KHTML, like Gecko; compatible; bingbot/2.0; +http://www.bing.com/bingbot.htm) Chrome/116.0.1938.76 Safari/537.36"
157.55.39.15 - - [12/Sep/2026:16:48:23 +0300] "GET /sale/search/detail/?ITMCODE=51992215266 HTTP/2.0" 200 216507 "-" "Mozilla/5.0 AppleWebKit/537.36 (KHTML, like Gecko; compatible; bingbot/2.0; +http://www.bing.com/bingbot.htm) Chrome/116.0.1938.76 Safari/537.36"
185.191.171.9 - - [12/Sep/2026:16:48:26 +0300] "GET /?sale%2Fsearch%2Fdetail%2F%3FITMCODE=51956326285 HTTP/1.1" 200 31562 "-" "Mozilla/5.0 (compatible; SemrushBot/7~bl; +http://www.semrush.com/bot.html)"
114.119.148.64 - - [12/Sep/2026:16:48:31 +0300] "GET /?sale/search/detail/%3FITMCODE=51987841106 HTTP/1.1" 200 31590 "https://www.keliauk-uk.lt/?sitemap-items.xml" "Mozilla/5.0 (Linux; Android 7.0;) AppleWebKit/537.36 (HTML, like Gecko) Mobile Safari/537.36 (compatible; PetalBot;+https://webmaster.petalsearch.com/site/petalbot)"
185.191.171.8 - - [12/Sep/2026:16:48:35 +0300] "GET /?sale%2Fsearch%2Fdetail%2F%3FITMCODE=51992465734 HTTP/1.1" 200 31562 "-" "Mozilla/5.0 (compatible; SemrushBot/7~bl; +http://www.semrush.com/bot.html)"
85.208.96.195 - - [12/Sep/2026:16:48:37 +0300] "GET /?sale%2Fsearch%2Fdetail%2F%3FITMCODE=51956169997 HTTP/1.1" 200 31562 "-" "Mozilla/5.0 (compatible; SemrushBot/7~bl; +http://www.semrush.com/bot.html)"
57.141.20.56 - - [12/Sep/2026:16:48:40 +0300] "GET /index.php/component/search/?sale/search/detail/?ITMCODE=519710438639&id=1&Itemid=437&format=opensearch HTTP/2.0" 200 585 "-" "Mozilla/5.0 (Windows NT 10.0; Win64; x64) AppleWebKit/537.36 (KHTML, like Gecko) Chrome/145.0.0.0 Safari/537.36 (compatible; meta-externalagent/1.1 (+https://developers.facebook.com/docs/sharing/webmasters/crawler))"
66.249.79.1 - - [12/Sep/2026:16:48:46 +0300] "GET /index.php/zinynas-keliaujantiems?sale/search/detail/?ITMCODE=51981531687 HTTP/1.1" 200 206187 "-" "Mozilla/5.0 (Linux; Android 6.0.1; Nexus 5X Build/MMB29P) AppleWebKit/537.36 (KHTML, like Gecko) Chrome/153.0.8010.36 Mobile Safari/537.36 (compatible; Googlebot/2.1; +http://www.google.com/bot.html)"
185.191.171.3 - - [12/Sep/2026:16:48:58 +0300] "GET /?sale%2Fsearch%2Fdetail%2F%3FITMCODE=51984868173 HTTP/1.1" 200 31562 "-" "Mozilla/5.0 (compatible; SemrushBot/7~bl; +http://www.semrush.com/bot.html)"
45.148.10.125 - - [12/Sep/2026:16:48:59 +0300] "GET /.git/config HTTP/1.1" 404 1464 "-" "Mozilla/5.0 (X11; CrOS x86_64 12239.67.0) AppleWebKit/537.36 (KHTML, like Gecko) Chrome/76.0.3809.102 Safari/537.36"
57.141.20.65 - - [12/Sep/2026:16:49:04 +0300] "GET /index.php/component/search/?sale/search/detail/?ITMCODE=519813567171&format=opensearch HTTP/2.0" 200 561 "-" "Mozilla/5.0 (Windows NT 10.0; Win64; x64) AppleWebKit/537.36 (KHTML, like Gecko) Chrome/145.0.0.0 Safari/537.36 (compatible; meta-externalagent/1.1 (+https://developers.facebook.com/docs/sharing/webmasters/crawler))"
157.55.39.15 - - [12/Sep/2026:16:49:06 +0300] "GET /?sale/search/detail/?ITMCODE=51963867973 HTTP/2.0" 200 215391 "-" "Mozilla/5.0 AppleWebKit/537.36 (KHTML, like Gecko; compatible; bingbot/2.0; +http://www.bing.com/bingbot.htm) Chrome/116.0.1938.76 Safari/537.36"
157.55.39.15 - - [12/Sep/2026:16:49:08 +0300] "GET /?sale/search/detail/?ITMCODE=51974287192 HTTP/2.0" 200 207209 "-" "Mozilla/5.0 AppleWebKit/537.36 (KHTML, like Gecko; compatible; bingbot/2.0; +http://www.bing.com/bingbot.htm) Chrome/116.0.1938.76 Safari/537.36"
157.55.39.15 - - [12/Sep/2026:16:49:08 +0300] "GET /?sale/search/detail/?ITMCODE=51971451155 HTTP/2.0" 200 210426 "-" "Mozilla/5.0 AppleWebKit/537.36 (KHTML, like Gecko; compatible; bingbot/2.0; +http://www.bing.com/bingbot.htm) Chrome/116.0.1938.76 Safari/537.36"
157.55.39.15 - - [12/Sep/2026:16:49:10 +0300] "GET /?sale/search/detail/?ITMCODE=51977205373 HTTP/2.0" 200 202402 "-" "Mozilla/5.0 AppleWebKit/537.36 (KHTML, like Gecko; compatible; bingbot/2.0; +http://www.bing.com/bingbot.htm) Chrome/116.0.1938.76 Safari/537.36"
185.191.171.9 - - [12/Sep/2026:16:49:20 +0300] "GET /?sale%2Fsearch%2Fdetail%2F%3FITMCODE=520056973447 HTTP/1.1" 200 31563 "-" "Mozilla/5.0 (compatible; SemrushBot/7~bl; +http://www.semrush.com/bot.html)"
157.55.39.15 - - [12/Sep/2026:16:49:27 +0300] "GET /?sale/search/detail/?ITMCODE=51956103710 HTTP/2.0" 200 212415 "-" "Mozilla/5.0 AppleWebKit/537.36 (KHTML, like Gecko; compatible; bingbot/2.0; +http://www.bing.com/bingbot.htm) Chrome/116.0.1938.76 Safari/537.36"
157.55.39.15 - - [12/Sep/2026:16:49:28 +0300] "GET /?sale/search/detail/?ITMCODE=52002761518 HTTP/2.0" 200 197019 "-" "Mozilla/5.0 AppleWebKit/537.36 (KHTML, like Gecko; compatible; bingbot/2.0; +http://www.bing.com/bingbot.htm) Chrome/116.0.1938.76 Safari/537.36"
157.55.39.15 - - [12/Sep/2026:16:49:29 +0300] "GET /?sale/search/detail/?ITMCODE=519618622685 HTTP/2.0" 200 195375 "-" "Mozilla/5.0 AppleWebKit/537.36 (KHTML, like Gecko; compatible; bingbot/2.0; +http://www.bing.com/bingbot.htm) Chrome/116.0.1938.76 Safari/537.36"
157.55.39.15 - - [12/Sep/2026:16:49:29 +0300] "GET /?sale/search/detail/?ITMCODE=51953185673 HTTP/2.0" 200 196591 "-" "Mozilla/5.0 AppleWebKit/537.36 (KHTML, like Gecko; compatible; bingbot/2.0; +http://www.bing.com/bingbot.htm) Chrome/116.0.1938.76 Safari/537.36"
157.55.39.15 - - [12/Sep/2026:16:49:30 +0300] "GET /?sale/search/detail/?ITMCODE=52005964106 HTTP/2.0" 200 199730 "-" "Mozilla/5.0 AppleWebKit/537.36 (KHTML, like Gecko; compatible; bingbot/2.0; +http://www.bing.com/bingbot.htm) Chrome/116.0.1938.76 Safari/537.36"
157.55.39.15 - - [12/Sep/2026:16:49:31 +0300] "GET /?sale/search/detail/?ITMCODE=51981755995 HTTP/2.0" 200 195760 "-" "Mozilla/5.0 AppleWebKit/537.36 (KHTML, like Gecko; compatible; bingbot/2.0; +http://www.bing.com/bingbot.htm) Chrome/116.0.1938.76 Safari/537.36"
66.249.79.2 - - [12/Sep/2026:16:49:31 +0300] "GET /index.php/zinynas-keliaujantiems?sale/search/detail/?ITMCODE=51992131857 HTTP/1.1" 200 226768 "-" "Mozilla/5.0 (Linux; Android 6.0.1; Nexus 5X Build/MMB29P) AppleWebKit/537.36 (KHTML, like Gecko) Chrome/153.0.8010.36 Mobile Safari/537.36 (compatible; Googlebot/2.1; +http://www.google.com/bot.html)"
157.55.39.15 - - [12/Sep/2026:16:49:31 +0300] "GET /?sale/search/detail/?ITMCODE=51974065307 HTTP/2.0" 200 215319 "-" "Mozilla/5.0 AppleWebKit/537.36 (KHTML, like Gecko; compatible; bingbot/2.0; +http://www.bing.com/bingbot.htm) Chrome/116.0.1938.76 Safari/537.36"
85.208.96.212 - - [12/Sep/2026:16:49:33 +0300] "GET /?sale%2Fsearch%2Fdetail%2F%3FITMCODE=519989369994 HTTP/1.1" 200 31563 "-" "Mozilla/5.0 (compatible; SemrushBot/7~bl; +http://www.semrush.com/bot.html)"
66.249.79.2 - - [12/Sep/2026:16:49:41 +0300] "GET /index.php/zinynas-keliaujantiems?sale/search/detail/?ITMCODE=51992402720 HTTP/1.1" 200 238023 "-" "Mozilla/5.0 (Linux; Android 6.0.1; Nexus 5X Build/MMB29P) AppleWebKit/537.36 (KHTML, like Gecko) Chrome/153.0.8010.36 Mobile Safari/537.36 (compatible; Googlebot/2.1; +http://www.google.com/bot.html)"
114.119.158.46 - - [12/Sep/2026:16:49:54 +0300] "GET /?sale/search/detail/%3FITMCODE=51987838115 HTTP/1.1" 200 31590 "https://www.keliauk-uk.lt/?sitemap-products.xml" "Mozilla/5.0 (Linux; Android 7.0;) AppleWebKit/537.36 (HTML, like Gecko) Mobile Safari/537.36 (compatible; PetalBot;+https://webmaster.petalsearch.com/site/petalbot)"
57.141.20.33 - - [12/Sep/2026:16:50:05 +0300] "GET /index.php/component/search/?sale/search/detail/?ITMCODE=519843515677&id=1&Itemid=437&format=opensearch HTTP/2.0" 200 559 "-" "Mozilla/5.0 (X11; Linux x86_64) AppleWebKit/537.36 (KHTML, like Gecko) Chrome/145.0.0.0 Safari/537.36 (compatible; meta-externalagent/1.1 (+https://developers.facebook.com/docs/sharing/webmasters/crawler))"
157.55.39.201 - - [12/Sep/2026:16:50:05 +0300] "GET /?sale/search/detail/?ITMCODE=519696974851 HTTP/2.0" 200 199458 "-" "Mozilla/5.0 AppleWebKit/537.36 (KHTML, like Gecko; compatible; bingbot/2.0; +http://www.bing.com/bingbot.htm) Chrome/116.0.1938.76 Safari/537.36"
157.55.39.201 - - [12/Sep/2026:16:50:06 +0300] "GET /?sale/search/detail/?ITMCODE=51956465910 HTTP/2.0" 200 212952 "-" "Mozilla/5.0 AppleWebKit/537.36 (KHTML, like Gecko; compatible; bingbot/2.0; +http://www.bing.com/bingbot.htm) Chrome/116.0.1938.76 Safari/537.36"
157.55.39.201 - - [12/Sep/2026:16:50:06 +0300] "GET /?sale/search/detail/?ITMCODE=52005524866 HTTP/2.0" 200 213719 "-" "Mozilla/5.0 AppleWebKit/537.36 (KHTML, like Gecko; compatible; bingbot/2.0; +http://www.bing.com/bingbot.htm) Chrome/116.0.1938.76 Safari/537.36"
66.249.79.3 - - [12/Sep/2026:16:50:07 +0300] "GET /index.php/zinynas-keliaujantiems?sale/search/detail/?ITMCODE=5195196682 HTTP/1.1" 200 214011 "-" "Mozilla/5.0 (Linux; Android 6.0.1; Nexus 5X Build/MMB29P) AppleWebKit/537.36 (KHTML, like Gecko) Chrome/153.0.8010.36 Mobile Safari/537.36 (compatible; Googlebot/2.1; +http://www.google.com/bot.html)"
157.55.39.201 - - [12/Sep/2026:16:50:07 +0300] "GET /?sale/search/detail/?ITMCODE=51956216456 HTTP/2.0" 200 208757 "-" "Mozilla/5.0 AppleWebKit/537.36 (KHTML, like Gecko; compatible; bingbot/2.0; +http://www.bing.com/bingbot.htm) Chrome/116.0.1938.76 Safari/537.36"
157.55.39.201 - - [12/Sep/2026:16:50:08 +0300] "GET /?sale/search/detail/?ITMCODE=52002917541 HTTP/2.0" 200 196453 "-" "Mozilla/5.0 AppleWebKit/537.36 (KHTML, like Gecko; compatible; bingbot/2.0; +http://www.bing.com/bingbot.htm) Chrome/116.0.1938.76 Safari/537.36"
157.55.39.201 - - [12/Sep/2026:16:50:09 +0300] "GET /?sale/search/detail/?ITMCODE=520041754310 HTTP/2.0" 200 195362 "-" "Mozilla/5.0 AppleWebKit/537.36 (KHTML, like Gecko; compatible; bingbot/2.0; +http://www.bing.com/bingbot.htm) Chrome/116.0.1938.76 Safari/537.36"
157.55.39.201 - - [12/Sep/2026:16:50:09 +0300] "GET /?sale/search/detail/?ITMCODE=520026596918 HTTP/2.0" 200 198149 "-" "Mozilla/5.0 AppleWebKit/537.36 (KHTML, like Gecko; compatible; bingbot/2.0; +http://www.bing.com/bingbot.htm) Chrome/116.0.1938.76 Safari/537.36"
157.55.39.201 - - [12/Sep/2026:16:50:10 +0300] "GET /?sale/search/detail/?ITMCODE=519642974710 HTTP/2.0" 200 199164 "-" "Mozilla/5.0 AppleWebKit/537.36 (KHTML, like Gecko; compatible; bingbot/2.0; +http://www.bing.com/bingbot.htm) Chrome/116.0.1938.76 Safari/537.36"
185.191.171.13 - - [12/Sep/2026:16:50:20 +0300] "GET /?sale%2Fsearch%2Fdetail%2F%3FITMCODE=519938061067 HTTP/1.1" 200 31563 "-" "Mozilla/5.0 (compatible; SemrushBot/7~bl; +http://www.semrush.com/bot.html)"
85.208.96.193 - - [12/Sep/2026:16:50:27 +0300] "GET /?sale%2Fsearch%2Fdetail%2F%3FITMCODE=51963994223 HTTP/1.1" 200 31562 "-" "Mozilla/5.0 (compatible; SemrushBot/7~bl; +http://www.semrush.com/bot.html)"
157.55.39.14 - - [12/Sep/2026:16:50:31 +0300] "GET /?sale/search/detail/?ITMCODE=51966501809 HTTP/2.0" 200 209894 "-" "Mozilla/5.0 AppleWebKit/537.36 (KHTML, like Gecko; compatible; bingbot/2.0; +http://www.bing.com/bingbot.htm) Chrome/116.0.1938.76 Safari/537.36"
157.55.39.14 - - [12/Sep/2026:16:50:33 +0300] "GET /?sale/search/detail/?ITMCODE=519527028606 HTTP/2.0" 200 196411 "-" "Mozilla/5.0 AppleWebKit/537.36 (KHTML, like Gecko; compatible; bingbot/2.0; +http://www.bing.com/bingbot.htm) Chrome/116.0.1938.76 Safari/537.36"
157.55.39.14 - - [12/Sep/2026:16:50:34 +0300] "GET /?sale/search/detail/?ITMCODE=5195497758 HTTP/2.0" 200 203091 "-" "Mozilla/5.0 AppleWebKit/537.36 (KHTML, like Gecko; compatible; bingbot/2.0; +http://www.bing.com/bingbot.htm) Chrome/116.0.1938.76 Safari/537.36"
85.208.96.199 - - [12/Sep/2026:16:50:34 +0300] "GET /?sale%2Fsearch%2Fdetail%2F%3FITMCODE=520056671913 HTTP/1.1" 200 31563 "-" "Mozilla/5.0 (compatible; SemrushBot/7~bl; +http://www.semrush.com/bot.html)"
157.55.39.14 - - [12/Sep/2026:16:50:34 +0300] "GET /?sale/search/detail/?ITMCODE=51959193780 HTTP/2.0" 200 198937 "-" "Mozilla/5.0 AppleWebKit/537.36 (KHTML, like Gecko; compatible; bingbot/2.0; +http://www.bing.com/bingbot.htm) Chrome/116.0.1938.76 Safari/537.36"
157.55.39.14 - - [12/Sep/2026:16:50:35 +0300] "GET /?sale/search/detail/?ITMCODE=519977103351 HTTP/2.0" 200 195961 "-" "Mozilla/5.0 AppleWebKit/537.36 (KHTML, like Gecko; compatible; bingbot/2.0; +http://www.bing.com/bingbot.htm) Chrome/116.0.1938.76 Safari/537.36"
157.55.39.14 - - [12/Sep/2026:16:50:36 +0300] "GET /?sale/search/detail/?ITMCODE=519914072705 HTTP/2.0" 200 199490 "-" "Mozilla/5.0 AppleWebKit/537.36 (KHTML, like Gecko; compatible; bingbot/2.0; +http://www.bing.com/bingbot.htm) Chrome/116.0.1938.76 Safari/537.36"
157.55.39.14 - - [12/Sep/2026:16:50:36 +0300] "GET /?sale/search/detail/?ITMCODE=519929247758 HTTP/2.0" 200 207924 "-" "Mozilla/5.0 AppleWebKit/537.36 (KHTML, like Gecko; compatible; bingbot/2.0; +http://www.bing.com/bingbot.htm) Chrome/116.0.1938.76 Safari/537.36"
157.55.39.14 - - [12/Sep/2026:16:50:37 +0300] "GET /?sale/search/detail/?ITMCODE=519512361524 HTTP/2.0" 200 206226 "-" "Mozilla/5.0 AppleWebKit/537.36 (KHTML, like Gecko; compatible; bingbot/2.0; +http://www.bing.com/bingbot.htm) Chrome/116.0.1938.76 Safari/537.36"
157.55.39.14 - - [12/Sep/2026:16:50:38 +0300] "GET /?sale/search/detail/?ITMCODE=51992187596 HTTP/2.0" 200 200266 "-" "Mozilla/5.0 AppleWebKit/537.36 (KHTML, like Gecko; compatible; bingbot/2.0; +http://www.bing.com/bingbot.htm) Chrome/116.0.1938.76 Safari/537.36"
157.55.39.14 - - [12/Sep/2026:16:50:39 +0300] "GET /?sale/search/detail/?ITMCODE=520014930388 HTTP/2.0" 200 197967 "-" "Mozilla/5.0 AppleWebKit/537.36 (KHTML, like Gecko; compatible; bingbot/2.0; +http://www.bing.com/bingbot.htm) Chrome/116.0.1938.76 Safari/537.36"
157.55.39.14 - - [12/Sep/2026:16:50:39 +0300] "GET /?sale/search/detail/?ITMCODE=519959368208 HTTP/2.0" 200 196383 "-" "Mozilla/5.0 AppleWebKit/537.36 (KHTML, like Gecko; compatible; bingbot/2.0; +http://www.bing.com/bingbot.htm) Chrome/116.0.1938.76 Safari/537.36"
157.55.39.14 - - [12/Sep/2026:16:50:40 +0300] "GET /?sale/search/detail/?ITMCODE=51969628392 HTTP/2.0" 200 193367 "-" "Mozilla/5.0 AppleWebKit/537.36 (KHTML, like Gecko; compatible; bingbot/2.0; +http://www.bing.com/bingbot.htm) Chrome/116.0.1938.76 Safari/537.36"
157.55.39.14 - - [12/Sep/2026:16:50:41 +0300] "GET /?sale/search/detail/?ITMCODE=520032564076 HTTP/2.0" 200 197962 "-" "Mozilla/5.0 AppleWebKit/537.36 (KHTML, like Gecko; compatible; bingbot/2.0; +http://www.bing.com/bingbot.htm) Chrome/116.0.1938.76 Safari/537.36"
157.55.39.14 - - [12/Sep/2026:16:50:41 +0300] "GET /?sale/search/detail/?ITMCODE=51953158415 HTTP/2.0" 200 200329 "-" "Mozilla/5.0 AppleWebKit/537.36 (KHTML, like Gecko; compatible; bingbot/2.0; +http://www.bing.com/bingbot.htm) Chrome/116.0.1938.76 Safari/537.36"
157.55.39.14 - - [12/Sep/2026:16:50:42 +0300] "GET /?sale/search/detail/?ITMCODE=51995463245 HTTP/2.0" 200 202380 "-" "Mozilla/5.0 AppleWebKit/537.36 (KHTML, like Gecko; compatible; bingbot/2.0; +http://www.bing.com/bingbot.htm) Chrome/116.0.1938.76 Safari/537.36"
57.141.20.10 - - [12/Sep/2026:16:50:51 +0300] "GET /index.php/component/search/?sale/search/detail/?ITMCODE=51971472588&id=1&Itemid=437&format=opensearch HTTP/2.0" 200 584 "-" "Mozilla/5.0 (Windows NT 10.0; Win64; x64) AppleWebKit/537.36 (KHTML, like Gecko) Chrome/145.0.0.0 Safari/537.36 (compatible; meta-externalagent/1.1 (+https://developers.facebook.com/docs/sharing/webmasters/crawler))"
85.208.96.207 - - [12/Sep/2026:16:50:55 +0300] "GET /?sale%2Fsearch%2Fdetail%2F%3FITMCODE=51956277863 HTTP/1.1" 200 31562 "-" "Mozilla/5.0 (compatible; SemrushBot/7~bl; +http://www.semrush.com/bot.html)"
114.119.152.47 - - [12/Sep/2026:16:51:19 +0300] "GET /?sale/search/detail/%3FITMCODE=51987837635 HTTP/1.1" 200 31590 "https://www.keliauk-uk.lt/?sitemap-items.xml" "Mozilla/5.0 (Linux; Android 7.0;) AppleWebKit/537.36 (HTML, like Gecko) Mobile Safari/537.36 (compatible; PetalBot;+https://webmaster.petalsearch.com/site/petalbot)"
85.208.96.207 - - [12/Sep/2026:16:51:40 +0300] "GET /?sale%2Fsearch%2Fdetail%2F%3FITMCODE=519618685223 HTTP/1.1" 200 31563 "-" "Mozilla/5.0 (compatible; SemrushBot/7~bl; +http://www.semrush.com/bot.html)"
85.208.96.201 - - [12/Sep/2026:16:51:47 +0300] "GET /?sale%2Fsearch%2Fdetail%2F%3FITMCODE=51992161183 HTTP/1.1" 200 31562 "-" "Mozilla/5.0 (compatible; SemrushBot/7~bl; +http://www.semrush.com/bot.html)"
85.208.96.200 - - [12/Sep/2026:16:51:56 +0300] "GET /?sale%2Fsearch%2Fdetail%2F%3FITMCODE=519971036972 HTTP/1.1" 200 31563 "-" "Mozilla/5.0 (compatible; SemrushBot/7~bl; +http://www.semrush.com/bot.html)"
185.191.171.19 - - [12/Sep/2026:16:52:05 +0300] "GET /?sale%2Fsearch%2Fdetail%2F%3FITMCODE=520017656394 HTTP/1.1" 200 31563 "-" "Mozilla/5.0 (compatible; SemrushBot/7~bl; +http://www.semrush.com/bot.html)"
85.208.96.204 - - [12/Sep/2026:16:52:12 +0300] "GET /?sale%2Fsearch%2Fdetail%2F%3FITMCODE=520071962637 HTTP/1.1" 200 31563 "-" "Mozilla/5.0 (compatible; SemrushBot/7~bl; +http://www.semrush.com/bot.html)"
85.208.96.201 - - [12/Sep/2026:16:52:29 +0300] "GET /?sale%2Fsearch%2Fdetail%2F%3FITMCODE=51963957721 HTTP/1.1" 200 31562 "-" "Mozilla/5.0 (compatible; SemrushBot/7~bl; +http://www.semrush.com/bot.html)"
114.119.144.15 - - [12/Sep/2026:16:52:42 +0300] "GET /?sale/search/detail/%3FITMCODE=51987837469 HTTP/1.1" 200 31590 "https://www.keliauk-uk.lt/?sitemap-shopdetail.xml" "Mozilla/5.0 (Linux; Android 7.0;) AppleWebKit/537.36 (HTML, like Gecko) Mobile Safari/537.36 (compatible; PetalBot;+https://webmaster.petalsearch.com/site/petalbot)"
57.141.20.30 - - [12/Sep/2026:16:52:48 +0300] "GET /index.php/component/search/?sale/search/detail/?ITMCODE=519843756303&id=1&Itemid=437&format=opensearch HTTP/2.0" 200 559 "-" "Mozilla/5.0 (Windows NT 10.0; Win64; x64) AppleWebKit/537.36 (KHTML, like Gecko) Chrome/145.0.0.0 Safari/537.36 (compatible; meta-externalagent/1.1 (+https://developers.facebook.com/docs/sharing/webmasters/crawler))"
66.249.79.2 - - [12/Sep/2026:16:52:52 +0300] "GET /index.php/zinynas-keliaujantiems?sale/search/detail/?ITMCODE=5195265580 HTTP/1.1" 200 214573 "-" "Mozilla/5.0 (Linux; Android 6.0.1; Nexus 5X Build/MMB29P) AppleWebKit/537.36 (KHTML, like Gecko) Chrome/153.0.8010.36 Mobile Safari/537.36 (compatible; Googlebot/2.1; +http://www.google.com/bot.html)"
185.191.171.2 - - [12/Sep/2026:16:52:59 +0300] "GET /?sale%2Fsearch%2Fdetail%2F%3FITMCODE=519819582799 HTTP/1.1" 200 31563 "-" "Mozilla/5.0 (compatible; SemrushBot/7~bl; +http://www.semrush.com/bot.html)"
157.55.39.15 - - [12/Sep/2026:16:53:09 +0300] "GET /?sale/search/detail/?ITMCODE=5195380210 HTTP/2.0" 200 202218 "-" "Mozilla/5.0 AppleWebKit/537.36 (KHTML, like Gecko; compatible; bingbot/2.0; +http://www.bing.com/bingbot.htm) Chrome/116.0.1938.76 Safari/537.36"
40.77.167.59 - - [12/Sep/2026:16:53:13 +0300] "GET /?sale/search/detail/?ITMCODE=519911243109 HTTP/2.0" 200 207878 "-" "Mozilla/5.0 AppleWebKit/537.36 (KHTML, like Gecko; compatible; bingbot/2.0; +http://www.bing.com/bingbot.htm) Chrome/116.0.1938.76 Safari/537.36"
40.77.167.59 - - [12/Sep/2026:16:53:14 +0300] "GET /?sale/search/detail/?ITMCODE=519710274950 HTTP/2.0" 200 207178 "-" "Mozilla/5.0 AppleWebKit/537.36 (KHTML, like Gecko; compatible; bingbot/2.0; +http://www.bing.com/bingbot.htm) Chrome/116.0.1938.76 Safari/537.36"
40.77.167.59 - - [12/Sep/2026:16:53:15 +0300] "GET /?sale/search/detail/?ITMCODE=51998195683 HTTP/2.0" 200 220208 "-" "Mozilla/5.0 AppleWebKit/537.36 (KHTML, like Gecko; compatible; bingbot/2.0; +http://www.bing.com/bingbot.htm) Chrome/116.0.1938.76 Safari/537.36"
40.77.167.59 - - [12/Sep/2026:16:53:15 +0300] "GET /?sale/search/detail/?ITMCODE=519962259374 HTTP/2.0" 200 206878 "-" "Mozilla/5.0 AppleWebKit/537.36 (KHTML, like Gecko; compatible; bingbot/2.0; +http://www.bing.com/bingbot.htm) Chrome/116.0.1938.76 Safari/537.36"
85.208.96.199 - - [12/Sep/2026:16:53:17 +0300] "GET /?sale%2Fsearch%2Fdetail%2F%3FITMCODE=519690513081 HTTP/1.1" 200 31563 "-" "Mozilla/5.0 (compatible; SemrushBot/7~bl; +http://www.semrush.com/bot.html)"
40.77.167.59 - - [12/Sep/2026:16:53:17 +0300] "GET /?sale/search/detail/?ITMCODE=51981555141 HTTP/2.0" 200 206951 "-" "Mozilla/5.0 AppleWebKit/537.36 (KHTML, like Gecko; compatible; bingbot/2.0; +http://www.bing.com/bingbot.htm) Chrome/116.0.1938.76 Safari/537.36"
157.55.39.15 - - [12/Sep/2026:16:53:19 +0300] "GET /?sale/search/detail/?ITMCODE=51992408929 HTTP/2.0" 200 211276 "-" "Mozilla/5.0 AppleWebKit/537.36 (KHTML, like Gecko; compatible; bingbot/2.0; +http://www.bing.com/bingbot.htm) Chrome/116.0.1938.76 Safari/537.36"
157.55.39.15 - - [12/Sep/2026:16:53:21 +0300] "GET /?sale/search/detail/?ITMCODE=5196514396 HTTP/2.0" 200 227768 "-" "Mozilla/5.0 AppleWebKit/537.36 (KHTML, like Gecko; compatible; bingbot/2.0; +http://www.bing.com/bingbot.htm) Chrome/116.0.1938.76 Safari/537.36"
40.77.167.59 - - [12/Sep/2026:16:53:21 +0300] "GET /?sale/search/detail/?ITMCODE=51981726188 HTTP/2.0" 200 228429 "-" "Mozilla/5.0 AppleWebKit/537.36 (KHTML, like Gecko; compatible; bingbot/2.0; +http://www.bing.com/bingbot.htm) Chrome/116.0.1938.76 Safari/537.36"
157.55.39.15 - - [12/Sep/2026:16:53:22 +0300] "GET /?sale/search/detail/?ITMCODE=52002738564 HTTP/2.0" 200 205583 "-" "Mozilla/5.0 AppleWebKit/537.36 (KHTML, like Gecko; compatible; bingbot/2.0; +http://www.bing.com/bingbot.htm) Chrome/116.0.1938.76 Safari/537.36"
157.55.39.15 - - [12/Sep/2026:16:53:23 +0300] "GET /?sale/search/detail/?ITMCODE=51974433546 HTTP/2.0" 200 205344 "-" "Mozilla/5.0 AppleWebKit/537.36 (KHTML, like Gecko; compatible; bingbot/2.0; +http://www.bing.com/bingbot.htm) Chrome/116.0.1938.76 Safari/537.36"
40.77.167.157 - - [12/Sep/2026:16:53:24 +0300] "GET /?sale/search/detail/?ITMCODE=51992156450 HTTP/2.0" 200 209298 "-" "Mozilla/5.0 AppleWebKit/537.36 (KHTML, like Gecko; compatible; bingbot/2.0; +http://www.bing.com/bingbot.htm) Chrome/116.0.1938.76 Safari/537.36"
40.77.167.157 - - [12/Sep/2026:16:53:25 +0300] "GET /?sale/search/detail/?ITMCODE=51971302187 HTTP/2.0" 200 204366 "-" "Mozilla/5.0 AppleWebKit/537.36 (KHTML, like Gecko; compatible; bingbot/2.0; +http://www.bing.com/bingbot.htm) Chrome/116.0.1938.76 Safari/537.36"
40.77.167.157 - - [12/Sep/2026:16:53:26 +0300] "GET /?sale/search/detail/?ITMCODE=51995030336 HTTP/2.0" 200 218874 "-" "Mozilla/5.0 AppleWebKit/537.36 (KHTML, like Gecko; compatible; bingbot/2.0; +http://www.bing.com/bingbot.htm) Chrome/116.0.1938.76 Safari/537.36"
40.77.167.157 - - [12/Sep/2026:16:53:27 +0300] "GET /?sale/search/detail/?ITMCODE=519894907360 HTTP/2.0" 200 207051 "-" "Mozilla/5.0 AppleWebKit/537.36 (KHTML, like Gecko; compatible; bingbot/2.0; +http://www.bing.com/bingbot.htm) Chrome/116.0.1938.76 Safari/537.36"
40.77.167.157 - - [12/Sep/2026:16:53:28 +0300] "GET /?sale/search/detail/?ITMCODE=51992038521 HTTP/2.0" 200 205735 "-" "Mozilla/5.0 AppleWebKit/537.36 (KHTML, like Gecko; compatible; bingbot/2.0; +http://www.bing.com/bingbot.htm) Chrome/116.0.1938.76 Safari/537.36"
40.77.167.157 - - [12/Sep/2026:16:53:29 +0300] "GET /?sale/search/detail/?ITMCODE=51971155968 HTTP/2.0" 200 202927 "-" "Mozilla/5.0 AppleWebKit/537.36 (KHTML, like Gecko; compatible; bingbot/2.0; +http://www.bing.com/bingbot.htm) Chrome/116.0.1938.76 Safari/537.36"
40.77.167.157 - - [12/Sep/2026:16:53:30 +0300] "GET /?sale/search/detail/?ITMCODE=51971164847 HTTP/2.0" 200 200898 "-" "Mozilla/5.0 AppleWebKit/537.36 (KHTML, like Gecko; compatible; bingbot/2.0; +http://www.bing.com/bingbot.htm) Chrome/116.0.1938.76 Safari/537.36"
40.77.167.157 - - [12/Sep/2026:16:53:31 +0300] "GET /sale/search/detail/?ITMCODE=51981674404 HTTP/2.0" 200 222148 "-" "Mozilla/5.0 AppleWebKit/537.36 (KHTML, like Gecko; compatible; bingbot/2.0; +http://www.bing.com/bingbot.htm) Chrome/116.0.1938.76 Safari/537.36"
40.77.167.59 - - [12/Sep/2026:16:53:34 +0300] "GET /?sale/search/detail/?ITMCODE=51971270769 HTTP/2.0" 200 203707 "-" "Mozilla/5.0 AppleWebKit/537.36 (KHTML, like Gecko; compatible; bingbot/2.0; +http://www.bing.com/bingbot.htm) Chrome/116.0.1938.76 Safari/537.36"
85.208.96.199 - - [12/Sep/2026:16:53:36 +0300] "GET /?sale%2Fsearch%2Fdetail%2F%3FITMCODE=51953204034 HTTP/1.1" 200 31562 "-" "Mozilla/5.0 (compatible; SemrushBot/7~bl; +http://www.semrush.com/bot.html)"
40.77.167.59 - - [12/Sep/2026:16:53:36 +0300] "GET /sale/search/detail/?ITMCODE=52002703618 HTTP/2.0" 200 207346 "-" "Mozilla/5.0 AppleWebKit/537.36 (KHTML, like Gecko; compatible; bingbot/2.0; +http://www.bing.com/bingbot.htm) Chrome/116.0.1938.76 Safari/537.36"
85.208.96.199 - - [12/Sep/2026:16:53:41 +0300] "GET /?sale%2Fsearch%2Fdetail%2F%3FITMCODE=519891732629 HTTP/1.1" 200 31563 "-" "Mozilla/5.0 (compatible; SemrushBot/7~bl; +http://www.semrush.com/bot.html)"
157.55.39.15 - - [12/Sep/2026:16:53:43 +0300] "GET /sale/search/detail/?ITMCODE=51981589164 HTTP/2.0" 200 201910 "-" "Mozilla/5.0 AppleWebKit/537.36 (KHTML, like Gecko; compatible; bingbot/2.0; +http://www.bing.com/bingbot.htm) Chrome/116.0.1938.76 Safari/537.36"
85.208.96.205 - - [12/Sep/2026:16:53:46 +0300] "GET /?sale%2Fsearch%2Fdetail%2F%3FITMCODE=519572215786 HTTP/1.1" 200 31563 "-" "Mozilla/5.0 (compatible; SemrushBot/7~bl; +http://www.semrush.com/bot.html)"
185.191.171.10 - - [12/Sep/2026:16:53:58 +0300] "GET /?sale%2Fsearch%2Fdetail%2F%3FITMCODE=520053527202 HTTP/1.1" 200 31563 "-" "Mozilla/5.0 (compatible; SemrushBot/7~bl; +http://www.semrush.com/bot.html)"
85.208.96.193 - - [12/Sep/2026:16:54:02 +0300] "GET /?sale%2Fsearch%2Fdetail%2F%3FITMCODE=51966538950 HTTP/1.1" 200 31562 "-" "Mozilla/5.0 (compatible; SemrushBot/7~bl; +http://www.semrush.com/bot.html)"
66.249.79.1 - - [12/Sep/2026:16:54:03 +0300] "GET /index.php/zinynas-keliaujantiems?sale/search/detail/?ITMCODE=5196867223 HTTP/1.1" 200 204587 "-" "Mozilla/5.0 (Linux; Android 6.0.1; Nexus 5X Build/MMB29P) AppleWebKit/537.36 (KHTML, like Gecko) Chrome/153.0.8010.36 Mobile Safari/537.36 (compatible; Googlebot/2.1; +http://www.google.com/bot.html)"
114.119.144.15 - - [12/Sep/2026:16:54:05 +0300] "GET /?sale/search/detail/%3FITMCODE=51987835480 HTTP/1.1" 200 31590 "https://www.keliauk-uk.lt/?sitemap-items.xml" "Mozilla/5.0 (Linux; Android 7.0;) AppleWebKit/537.36 (HTML, like Gecko) Mobile Safari/537.36 (compatible; PetalBot;+https://webmaster.petalsearch.com/site/petalbot)"
185.191.171.10 - - [12/Sep/2026:16:54:12 +0300] "GET /?sale%2Fsearch%2Fdetail%2F%3FITMCODE=519690638868 HTTP/1.1" 200 31563 "-" "Mozilla/5.0 (compatible; SemrushBot/7~bl; +http://www.semrush.com/bot.html)"
57.141.20.47 - - [12/Sep/2026:16:54:15 +0300] "GET /index.php/component/search/?sale/search/detail/?ITMCODE=519584425550& HTTP/2.0" 200 19807 "-" "Mozilla/5.0 (Windows NT 10.0; Win64; x64) AppleWebKit/537.36 (KHTML, like Gecko) Chrome/145.0.0.0 Safari/537.36 (compatible; meta-externalagent/1.1 (+https://developers.facebook.com/docs/sharing/webmasters/crawler))"
57.141.20.43 - - [12/Sep/2026:16:54:17 +0300] "GET /presets/.css HTTP/2.0" 404 1461 "https://keliauk-uk.lt.testams.vhost.lt/index.php/component/search/?sale/search/detail/?ITMCODE=519584425550&" "Mozilla/5.0 (Windows NT 10.0; Win64; x64) AppleWebKit/537.36 (KHTML, like Gecko) Chrome/145.0.0.0 Safari/537.36 (compatible; meta-externalagent/1.1 (+https://developers.facebook.com/docs/sharing/webmasters/crawler))"
185.191.171.4 - - [12/Sep/2026:16:54:17 +0300] "GET /?sale%2Fsearch%2Fdetail%2F%3FITMCODE=519687839577 HTTP/1.1" 200 31563 "-" "Mozilla/5.0 (compatible; SemrushBot/7~bl; +http://www.semrush.com/bot.html)"
157.55.39.15 - - [12/Sep/2026:16:55:00 +0300] "GET /?sale/search/detail/?ITMCODE=51966737182 HTTP/2.0" 200 194543 "-" "Mozilla/5.0 AppleWebKit/537.36 (KHTML, like Gecko; compatible; bingbot/2.0; +http://www.bing.com/bingbot.htm) Chrome/116.0.1938.76 Safari/537.36"
157.55.39.15 - - [12/Sep/2026:16:55:01 +0300] "GET /?sale/search/detail/?ITMCODE=51998353346 HTTP/2.0" 200 206990 "-" "Mozilla/5.0 AppleWebKit/537.36 (KHTML, like Gecko; compatible; bingbot/2.0; +http://www.bing.com/bingbot.htm) Chrome/116.0.1938.76 Safari/537.36"
157.55.39.15 - - [12/Sep/2026:16:55:01 +0300] "GET /?sale/search/detail/?ITMCODE=519660923758 HTTP/2.0" 200 197041 "-" "Mozilla/5.0 AppleWebKit/537.36 (KHTML, like Gecko; compatible; bingbot/2.0; +http://www.bing.com/bingbot.htm) Chrome/116.0.1938.76 Safari/537.36"
157.55.39.15 - - [12/Sep/2026:16:55:02 +0300] "GET /?sale/search/detail/?ITMCODE=51992144395 HTTP/2.0" 200 194532 "-" "Mozilla/5.0 AppleWebKit/537.36 (KHTML, like Gecko; compatible; bingbot/2.0; +http://www.bing.com/bingbot.htm) Chrome/116.0.1938.76 Safari/537.36"
157.55.39.15 - - [12/Sep/2026:16:55:03 +0300] "GET /?sale/search/detail/?ITMCODE=519894933813 HTTP/2.0" 200 201850 "-" "Mozilla/5.0 AppleWebKit/537.36 (KHTML, like Gecko; compatible; bingbot/2.0; +http://www.bing.com/bingbot.htm) Chrome/116.0.1938.76 Safari/537.36"
157.55.39.15 - - [12/Sep/2026:16:55:04 +0300] "GET /?sale/search/detail/?ITMCODE=52005813675 HTTP/2.0" 200 199374 "-" "Mozilla/5.0 AppleWebKit/537.36 (KHTML, like Gecko; compatible; bingbot/2.0; +http://www.bing.com/bingbot.htm) Chrome/116.0.1938.76 Safari/537.36"
114.119.148.64 - - [12/Sep/2026:16:55:28 +0300] "GET /?sale/search/detail/%3FITMCODE=51987829863 HTTP/1.1" 200 31590 "https://www.keliauk-uk.lt/?sitemap-items.xml" "Mozilla/5.0 (Linux; Android 7.0;) AppleWebKit/537.36 (HTML, like Gecko) Mobile Safari/537.36 (compatible; PetalBot;+https://webmaster.petalsearch.com/site/petalbot)"
157.55.39.15 - - [12/Sep/2026:16:55:28 +0300] "GET /?sale/search/detail/?ITMCODE=51959024974 HTTP/2.0" 200 226248 "-" "Mozilla/5.0 AppleWebKit/537.36 (KHTML, like Gecko; compatible; bingbot/2.0; +http://www.bing.com/bingbot.htm) Chrome/116.0.1938.76 Safari/537.36"
157.55.39.15 - - [12/Sep/2026:16:55:29 +0300] "GET /?sale/search/detail/?ITMCODE=519587114711 HTTP/2.0" 200 194662 "-" "Mozilla/5.0 AppleWebKit/537.36 (KHTML, like Gecko; compatible; bingbot/2.0; +http://www.bing.com/bingbot.htm) Chrome/116.0.1938.76 Safari/537.36"
157.55.39.15 - - [12/Sep/2026:16:55:30 +0300] "GET /?sale/search/detail/?ITMCODE=51981690365 HTTP/2.0" 200 219028 "-" "Mozilla/5.0 AppleWebKit/537.36 (KHTML, like Gecko; compatible; bingbot/2.0; +http://www.bing.com/bingbot.htm) Chrome/116.0.1938.76 Safari/537.36"
85.208.96.210 - - [12/Sep/2026:16:55:32 +0300] "GET /?sale%2Fsearch%2Fdetail%2F%3FITMCODE=519651563693 HTTP/1.1" 200 31563 "-" "Mozilla/5.0 (compatible; SemrushBot/7~bl; +http://www.semrush.com/bot.html)"
157.55.39.13 - - [12/Sep/2026:16:55:35 +0300] "GET /?sale/search/detail/?ITMCODE=519587131305 HTTP/2.0" 200 204491 "-" "Mozilla/5.0 AppleWebKit/537.36 (KHTML, like Gecko; compatible; bingbot/2.0; +http://www.bing.com/bingbot.htm) Chrome/116.0.1938.76 Safari/537.36"
157.55.39.13 - - [12/Sep/2026:16:55:35 +0300] "GET /?sale/search/detail/?ITMCODE=519713041802 HTTP/2.0" 200 199676 "-" "Mozilla/5.0 AppleWebKit/537.36 (KHTML, like Gecko; compatible; bingbot/2.0; +http://www.bing.com/bingbot.htm) Chrome/116.0.1938.76 Safari/537.36"
157.55.39.13 - - [12/Sep/2026:16:55:38 +0300] "GET /?sale/search/detail/?ITMCODE=51963986512 HTTP/2.0" 200 194562 "-" "Mozilla/5.0 AppleWebKit/537.36 (KHTML, like Gecko; compatible; bingbot/2.0; +http://www.bing.com/bingbot.htm) Chrome/116.0.1938.76 Safari/537.36"
157.55.39.13 - - [12/Sep/2026:16:55:39 +0300] "GET /?sale/search/detail/?ITMCODE=519813844972 HTTP/2.0" 200 201905 "-" "Mozilla/5.0 AppleWebKit/537.36 (KHTML, like Gecko; compatible; bingbot/2.0; +http://www.bing.com/bingbot.htm) Chrome/116.0.1938.76 Safari/537.36"
157.55.39.13 - - [12/Sep/2026:16:55:40 +0300] "GET /?sale/search/detail/?ITMCODE=52008702904 HTTP/2.0" 200 196829 "-" "Mozilla/5.0 AppleWebKit/537.36 (KHTML, like Gecko; compatible; bingbot/2.0; +http://www.bing.com/bingbot.htm) Chrome/116.0.1938.76 Safari/537.36"
157.55.39.13 - - [12/Sep/2026:16:55:40 +0300] "GET /?sale/search/detail/?ITMCODE=519636662037 HTTP/2.0" 200 223126 "-" "Mozilla/5.0 AppleWebKit/537.36 (KHTML, like Gecko; compatible; bingbot/2.0; +http://www.bing.com/bingbot.htm) Chrome/116.0.1938.76 Safari/537.36"
157.55.39.13 - - [12/Sep/2026:16:55:41 +0300] "GET /?sale/search/detail/?ITMCODE=51992109269 HTTP/2.0" 200 195093 "-" "Mozilla/5.0 AppleWebKit/537.36 (KHTML, like Gecko; compatible; bingbot/2.0; +http://www.bing.com/bingbot.htm) Chrome/116.0.1938.76 Safari/537.36"
157.55.39.13 - - [12/Sep/2026:16:55:41 +0300] "GET /?sale/search/detail/?ITMCODE=519557324630 HTTP/2.0" 200 204088 "-" "Mozilla/5.0 AppleWebKit/537.36 (KHTML, like Gecko; compatible; bingbot/2.0; +http://www.bing.com/bingbot.htm) Chrome/116.0.1938.76 Safari/537.36"
157.55.39.13 - - [12/Sep/2026:16:55:42 +0300] "GET /?sale/search/detail/?ITMCODE=51992074794 HTTP/2.0" 200 201834 "-" "Mozilla/5.0 AppleWebKit/537.36 (KHTML, like Gecko; compatible; bingbot/2.0; +http://www.bing.com/bingbot.htm) Chrome/116.0.1938.76 Safari/537.36"
157.55.39.13 - - [12/Sep/2026:16:55:43 +0300] "GET /?sale/search/detail/?ITMCODE=519651996173 HTTP/2.0" 200 212602 "-" "Mozilla/5.0 AppleWebKit/537.36 (KHTML, like Gecko; compatible; bingbot/2.0; +http://www.bing.com/bingbot.htm) Chrome/116.0.1938.76 Safari/537.36"
185.191.171.15 - - [12/Sep/2026:16:55:50 +0300] "GET /?sale%2Fsearch%2Fdetail%2F%3FITMCODE=520068641094 HTTP/1.1" 200 31563 "-" "Mozilla/5.0 (compatible; SemrushBot/7~bl; +http://www.semrush.com/bot.html)"
57.141.20.30 - - [12/Sep/2026:16:55:52 +0300] "GET /index.php/component/search/?sale/search/detail/?ITMCODE=51974309971& HTTP/2.0" 200 19806 "-" "Mozilla/5.0 (Macintosh; Intel Mac OS X 10_15_7) AppleWebKit/537.36 (KHTML, like Gecko) Chrome/145.0.0.0 Safari/537.36 (compatible; meta-externalagent/1.1 (+https://developers.facebook.com/docs/sharing/webmasters/crawler))"
185.191.171.8 - - [12/Sep/2026:16:56:06 +0300] "GET /?sale%2Fsearch%2Fdetail%2F%3FITMCODE=51984846294 HTTP/1.1" 200 31562 "-" "Mozilla/5.0 (compatible; SemrushBot/7~bl; +http://www.semrush.com/bot.html)"
157.55.39.15 - - [12/Sep/2026:16:56:08 +0300] "GET /shop/c/c51981000200/ HTTP/2.0" 200 271738 "-" "Mozilla/5.0 AppleWebKit/537.36 (KHTML, like Gecko; compatible; bingbot/2.0; +http://www.bing.com/bingbot.htm) Chrome/116.0.1938.76 Safari/537.36"
85.208.96.196 - - [12/Sep/2026:16:56:09 +0300] "GET /?sale%2Fsearch%2Fdetail%2F%3FITMCODE=519891629648 HTTP/1.1" 200 31563 "-" "Mozilla/5.0 (compatible; SemrushBot/7~bl; +http://www.semrush.com/bot.html)"
85.208.96.199 - - [12/Sep/2026:16:56:16 +0300] "GET /?sale%2Fsearch%2Fdetail%2F%3FITMCODE=519791209099 HTTP/1.1" 200 31563 "-" "Mozilla/5.0 (compatible; SemrushBot/7~bl; +http://www.semrush.com/bot.html)"
57.141.20.37 - - [12/Sep/2026:16:56:22 +0300] "GET /index.php/component/search/?sale/search/detail/?ITMCODE=51981863166&format=opensearch HTTP/2.0" 200 534 "-" "Mozilla/5.0 (Windows NT 10.0; Win64; x64) AppleWebKit/537.36 (KHTML, like Gecko) Chrome/145.0.0.0 Safari/537.36 (compatible; meta-externalagent/1.1 (+https://developers.facebook.com/docs/sharing/webmasters/crawler))"
185.191.171.4 - - [12/Sep/2026:16:56:30 +0300] "GET /?sale%2Fsearch%2Fdetail%2F%3FITMCODE=520056899410 HTTP/1.1" 200 31563 "-" "Mozilla/5.0 (compatible; SemrushBot/7~bl; +http://www.semrush.com/bot.html)"
185.191.171.13 - - [12/Sep/2026:16:56:40 +0300] "GET /?sale%2Fsearch%2Fdetail%2F%3FITMCODE=519891960329 HTTP/1.1" 200 31563 "-" "Mozilla/5.0 (compatible; SemrushBot/7~bl; +http://www.semrush.com/bot.html)"
66.249.79.2 - - [12/Sep/2026:16:56:41 +0300] "GET /index.php/zinynas-keliaujantiems?sale/search/detail/?ITMCODE=51992281684 HTTP/1.1" 200 209179 "-" "Mozilla/5.0 (Linux; Android 6.0.1; Nexus 5X Build/MMB29P) AppleWebKit/537.36 (KHTML, like Gecko) Chrome/153.0.8010.36 Mobile Safari/537.36 (compatible; Googlebot/2.1; +http://www.google.com/bot.html)"
40.77.167.59 - - [12/Sep/2026:16:56:42 +0300] "GET /?sale/search/detail/?ITMCODE=51953005433 HTTP/2.0" 200 209116 "-" "Mozilla/5.0 AppleWebKit/537.36 (KHTML, like Gecko; compatible; bingbot/2.0; +http://www.bing.com/bingbot.htm) Chrome/116.0.1938.76 Safari/537.36"
185.191.171.2 - - [12/Sep/2026:16:56:43 +0300] "GET /?sale%2Fsearch%2Fdetail%2F%3FITMCODE=519651917783 HTTP/1.1" 200 31563 "-" "Mozilla/5.0 (compatible; SemrushBot/7~bl; +http://www.semrush.com/bot.html)"
40.77.167.59 - - [12/Sep/2026:16:56:43 +0300] "GET /?sale/search/detail/?ITMCODE=51959113391 HTTP/2.0" 200 205798 "-" "Mozilla/5.0 AppleWebKit/537.36 (KHTML, like Gecko; compatible; bingbot/2.0; +http://www.bing.com/bingbot.htm) Chrome/116.0.1938.76 Safari/537.36"
40.77.167.59 - - [12/Sep/2026:16:56:44 +0300] "GET /?sale/search/detail/?ITMCODE=5195416562 HTTP/2.0" 200 207110 "-" "Mozilla/5.0 AppleWebKit/537.36 (KHTML, like Gecko; compatible; bingbot/2.0; +http://www.bing.com/bingbot.htm) Chrome/116.0.1938.76 Safari/537.36"
40.77.167.59 - - [12/Sep/2026:16:56:45 +0300] "GET /?sale/search/detail/?ITMCODE=52002890287 HTTP/2.0" 200 207312 "-" "Mozilla/5.0 AppleWebKit/537.36 (KHTML, like Gecko; compatible; bingbot/2.0; +http://www.bing.com/bingbot.htm) Chrome/116.0.1938.76 Safari/537.36"
157.55.39.15 - - [12/Sep/2026:16:56:46 +0300] "GET /?sale/search/detail/?ITMCODE=51971387673 HTTP/2.0" 200 204639 "-" "Mozilla/5.0 AppleWebKit/537.36 (KHTML, like Gecko; compatible; bingbot/2.0; +http://www.bing.com/bingbot.htm) Chrome/116.0.1938.76 Safari/537.36"
40.77.167.157 - - [12/Sep/2026:16:56:47 +0300] "GET /?sale/search/detail/?ITMCODE=51992096001 HTTP/2.0" 200 207685 "-" "Mozilla/5.0 AppleWebKit/537.36 (KHTML, like Gecko; compatible; bingbot/2.0; +http://www.bing.com/bingbot.htm) Chrome/116.0.1938.76 Safari/537.36"
40.77.167.157 - - [12/Sep/2026:16:56:48 +0300] "GET /?sale/search/detail/?ITMCODE=51992048468 HTTP/2.0" 200 217030 "-" "Mozilla/5.0 AppleWebKit/537.36 (KHTML, like Gecko; compatible; bingbot/2.0; +http://www.bing.com/bingbot.htm) Chrome/116.0.1938.76 Safari/537.36"
40.77.167.157 - - [12/Sep/2026:16:56:49 +0300] "GET /?sale/search/detail/?ITMCODE=5196883546 HTTP/2.0" 200 207421 "-" "Mozilla/5.0 AppleWebKit/537.36 (KHTML, like Gecko; compatible; bingbot/2.0; +http://www.bing.com/bingbot.htm) Chrome/116.0.1938.76 Safari/537.36"
66.249.79.1 - - [12/Sep/2026:16:56:52 +0300] "GET /index.php/zinynas-keliaujantiems?sale/search/detail/?ITMCODE=51971169171 HTTP/1.1" 200 210796 "-" "Mozilla/5.0 (Linux; Android 6.0.1; Nexus 5X Build/MMB29P) AppleWebKit/537.36 (KHTML, like Gecko) Chrome/153.0.8010.36 Mobile Safari/537.36 (compatible; Googlebot/2.1; +http://www.google.com/bot.html)"
114.119.148.64 - - [12/Sep/2026:16:56:53 +0300] "GET /?sale/search/detail/%3FITMCODE=51987829737 HTTP/1.1" 200 31590 "https://www.keliauk-uk.lt/?sitemap-shopdetail.xml" "Mozilla/5.0 (Linux; Android 7.0;) AppleWebKit/537.36 (HTML, like Gecko) Mobile Safari/537.36 (compatible; PetalBot;+https://webmaster.petalsearch.com/site/petalbot)"
40.77.167.59 - - [12/Sep/2026:16:57:03 +0300] "GET /?sale/search/detail/?ITMCODE=5195315841 HTTP/2.0" 200 231337 "-" "Mozilla/5.0 AppleWebKit/537.36 (KHTML, like Gecko; compatible; bingbot/2.0; +http://www.bing.com/bingbot.htm) Chrome/116.0.1938.76 Safari/537.36"
40.77.167.59 - - [12/Sep/2026:16:57:04 +0300] "GET /?sale/search/detail/?ITMCODE=51974353001 HTTP/2.0" 200 207801 "-" "Mozilla/5.0 AppleWebKit/537.36 (KHTML, like Gecko; compatible; bingbot/2.0; +http://www.bing.com/bingbot.htm) Chrome/116.0.1938.76 Safari/537.36"
40.77.167.59 - - [12/Sep/2026:16:57:06 +0300] "GET /shop/pg/5196951861 HTTP/2.0" 200 212643 "-" "Mozilla/5.0 AppleWebKit/537.36 (KHTML, like Gecko; compatible; bingbot/2.0; +http://www.bing.com/bingbot.htm) Chrome/116.0.1938.76 Safari/537.36"
157.55.39.15 - - [12/Sep/2026:16:57:07 +0300] "GET /?sale/search/detail/?ITMCODE=5196604956 HTTP/2.0" 200 221958 "-" "Mozilla/5.0 AppleWebKit/537.36 (KHTML, like Gecko; compatible; bingbot/2.0; +http://www.bing.com/bingbot.htm) Chrome/116.0.1938.76 Safari/537.36"
157.55.39.15 - - [12/Sep/2026:16:57:08 +0300] "GET /?sale/search/detail/?ITMCODE=519584413360 HTTP/2.0" 200 213682 "-" "Mozilla/5.0 AppleWebKit/537.36 (KHTML, like Gecko; compatible; bingbot/2.0; +http://www.bing.com/bingbot.htm) Chrome/116.0.1938.76 Safari/537.36"
157.55.39.15 - - [12/Sep/2026:16:57:09 +0300] "GET /?sale/search/detail/?ITMCODE=519813767116 HTTP/2.0" 200 201349 "-" "Mozilla/5.0 AppleWebKit/537.36 (KHTML, like Gecko; compatible; bingbot/2.0; +http://www.bing.com/bingbot.htm) Chrome/116.0.1938.76 Safari/537.36"
157.55.39.15 - - [12/Sep/2026:16:57:10 +0300] "GET /?sale/search/detail/?ITMCODE=51981838750 HTTP/2.0" 200 209062 "-" "Mozilla/5.0 AppleWebKit/537.36 (KHTML, like Gecko; compatible; bingbot/2.0; +http://www.bing.com/bingbot.htm) Chrome/116.0.1938.76 Safari/537.36"
157.55.39.15 - - [12/Sep/2026:16:57:11 +0300] "GET /?sale/search/detail/?ITMCODE=51971315762 HTTP/2.0" 200 211152 "-" "Mozilla/5.0 AppleWebKit/537.36 (KHTML, like Gecko; compatible; bingbot/2.0; +http://www.bing.com/bingbot.htm) Chrome/116.0.1938.76 Safari/537.36"
157.55.39.15 - - [12/Sep/2026:16:57:10 +0300] "GET /?sale/search/detail/?ITMCODE=52002609684 HTTP/2.0" 200 196804 "-" "Mozilla/5.0 AppleWebKit/537.36 (KHTML, like Gecko; compatible; bingbot/2.0; +http://www.bing.com/bingbot.htm) Chrome/116.0.1938.76 Safari/537.36"
157.55.39.15 - - [12/Sep/2026:16:57:12 +0300] "GET /?sale/search/detail/?ITMCODE=51995378208 HTTP/2.0" 200 208180 "-" "Mozilla/5.0 AppleWebKit/537.36 (KHTML, like Gecko; compatible; bingbot/2.0; +http://www.bing.com/bingbot.htm) Chrome/116.0.1938.76 Safari/537.36"
157.55.39.15 - - [12/Sep/2026:16:57:12 +0300] "GET /?sale/search/detail/?ITMCODE=519977209487 HTTP/2.0" 200 202095 "-" "Mozilla/5.0 AppleWebKit/537.36 (KHTML, like Gecko; compatible; bingbot/2.0; +http://www.bing.com/bingbot.htm) Chrome/116.0.1938.76 Safari/537.36"
157.55.39.15 - - [12/Sep/2026:16:57:12 +0300] "GET /?sale/search/detail/?ITMCODE=51998075280 HTTP/2.0" 200 205180 "-" "Mozilla/5.0 AppleWebKit/537.36 (KHTML, like Gecko; compatible; bingbot/2.0; +http://www.bing.com/bingbot.htm) Chrome/116.0.1938.76 Safari/537.36"
157.55.39.15 - - [12/Sep/2026:16:57:13 +0300] "GET /?sale/search/detail/?ITMCODE=519539258270 HTTP/2.0" 200 201827 "-" "Mozilla/5.0 AppleWebKit/537.36 (KHTML, like Gecko; compatible; bingbot/2.0; +http://www.bing.com/bingbot.htm) Chrome/116.0.1938.76 Safari/537.36"
157.55.39.15 - - [12/Sep/2026:16:57:13 +0300] "GET /?sale/search/detail/?ITMCODE=51992296022 HTTP/2.0" 200 213232 "-" "Mozilla/5.0 AppleWebKit/537.36 (KHTML, like Gecko; compatible; bingbot/2.0; +http://www.bing.com/bingbot.htm) Chrome/116.0.1938.76 Safari/537.36"
157.55.39.15 - - [12/Sep/2026:16:57:13 +0300] "GET /?sale/search/detail/?ITMCODE=51974483425 HTTP/2.0" 200 194761 "-" "Mozilla/5.0 AppleWebKit/537.36 (KHTML, like Gecko; compatible; bingbot/2.0; +http://www.bing.com/bingbot.htm) Chrome/116.0.1938.76 Safari/537.36"
157.55.39.15 - - [12/Sep/2026:16:57:14 +0300] "GET /?shop/c/c51964/ HTTP/2.0" 200 273961 "-" "Mozilla/5.0 AppleWebKit/537.36 (KHTML, like Gecko; compatible; bingbot/2.0; +http://www.bing.com/bingbot.htm) Chrome/116.0.1938.76 Safari/537.36"
157.55.39.15 - - [12/Sep/2026:16:57:14 +0300] "GET /?sale/search/detail/?ITMCODE=519776241855 HTTP/2.0" 200 214136 "-" "Mozilla/5.0 AppleWebKit/537.36 (KHTML, like Gecko; compatible; bingbot/2.0; +http://www.bing.com/bingbot.htm) Chrome/116.0.1938.76 Safari/537.36"
157.55.39.15 - - [12/Sep/2026:16:57:14 +0300] "GET /?sale/search/detail/?ITMCODE=519587344800 HTTP/2.0" 200 203175 "-" "Mozilla/5.0 AppleWebKit/537.36 (KHTML, like Gecko; compatible; bingbot/2.0; +http://www.bing.com/bingbot.htm) Chrome/116.0.1938.76 Safari/537.36"
157.55.39.15 - - [12/Sep/2026:16:57:15 +0300] "GET /?sale/search/detail/?ITMCODE=51969551870 HTTP/2.0" 200 208255 "-" "Mozilla/5.0 AppleWebKit/537.36 (KHTML, like Gecko; compatible; bingbot/2.0; +http://www.bing.com/bingbot.htm) Chrome/116.0.1938.76 Safari/537.36"
157.55.39.15 - - [12/Sep/2026:16:57:15 +0300] "GET /?sale/search/detail/?ITMCODE=520074748119 HTTP/2.0" 200 193972 "-" "Mozilla/5.0 AppleWebKit/537.36 (KHTML, like Gecko; compatible; bingbot/2.0; +http://www.bing.com/bingbot.htm) Chrome/116.0.1938.76 Safari/537.36"
157.55.39.15 - - [12/Sep/2026:16:57:15 +0300] "GET /?sale/search/detail/?ITMCODE=52002728591 HTTP/2.0" 200 193157 "-" "Mozilla/5.0 AppleWebKit/537.36 (KHTML, like Gecko; compatible; bingbot/2.0; +http://www.bing.com/bingbot.htm) Chrome/116.0.1938.76 Safari/537.36"
85.208.96.199 - - [12/Sep/2026:16:57:19 +0300] "GET /?sale%2Fsearch%2Fdetail%2F%3FITMCODE=519539444490 HTTP/1.1" 200 31563 "-" "Mozilla/5.0 (compatible; SemrushBot/7~bl; +http://www.semrush.com/bot.html)"
40.77.167.157 - - [12/Sep/2026:16:57:18 +0300] "GET /?sale/search/detail/?ITMCODE=5196714049 HTTP/2.0" 200 202405 "-" "Mozilla/5.0 AppleWebKit/537.36 (KHTML, like Gecko; compatible; bingbot/2.0; +http://www.bing.com/bingbot.htm) Chrome/116.0.1938.76 Safari/537.36"
85.208.96.205 - - [12/Sep/2026:16:57:22 +0300] "GET /?sale%2Fsearch%2Fdetail%2F%3FITMCODE=51956039469 HTTP/1.1" 200 31562 "-" "Mozilla/5.0 (compatible; SemrushBot/7~bl; +http://www.semrush.com/bot.html)"
185.191.171.4 - - [12/Sep/2026:16:57:31 +0300] "GET /?sale%2Fsearch%2Fdetail%2F%3FITMCODE=51953151451 HTTP/1.1" 200 31562 "-" "Mozilla/5.0 (compatible; SemrushBot/7~bl; +http://www.semrush.com/bot.html)"
185.191.171.16 - - [12/Sep/2026:16:57:36 +0300] "GET /?sale%2Fsearch%2Fdetail%2F%3FITMCODE=519660664068 HTTP/1.1" 200 31563 "-" "Mozilla/5.0 (compatible; SemrushBot/7~bl; +http://www.semrush.com/bot.html)"
85.208.96.207 - - [12/Sep/2026:16:57:39 +0300] "GET /?sale%2Fsearch%2Fdetail%2F%3FITMCODE=51977182827 HTTP/1.1" 200 31562 "-" "Mozilla/5.0 (compatible; SemrushBot/7~bl; +http://www.semrush.com/bot.html)"
66.249.79.3 - - [12/Sep/2026:16:57:46 +0300] "GET /index.php/zinynas-keliaujantiems?sale/search/detail/?ITMCODE=5196834975 HTTP/1.1" 200 212886 "-" "Mozilla/5.0 (Linux; Android 6.0.1; Nexus 5X Build/MMB29P) AppleWebKit/537.36 (KHTML, like Gecko) Chrome/153.0.8010.36 Mobile Safari/537.36 (compatible; Googlebot/2.1; +http://www.google.com/bot.html)"
40.77.167.157 - - [12/Sep/2026:16:57:48 +0300] "GET /?sale/search/detail/?ITMCODE=51974323344 HTTP/2.0" 200 218831 "-" "Mozilla/5.0 AppleWebKit/537.36 (KHTML, like Gecko; compatible; bingbot/2.0; +http://www.bing.com/bingbot.htm) Chrome/116.0.1938.76 Safari/537.36"
40.77.167.157 - - [12/Sep/2026:16:57:49 +0300] "GET /?sale/search/detail/?ITMCODE=51959226685 HTTP/2.0" 200 204720 "-" "Mozilla/5.0 AppleWebKit/537.36 (KHTML, like Gecko; compatible; bingbot/2.0; +http://www.bing.com/bingbot.htm) Chrome/116.0.1938.76 Safari/537.36"
40.77.167.157 - - [12/Sep/2026:16:57:49 +0300] "GET /sale/search/detail/?ITMCODE=51971368234 HTTP/2.0" 200 201808 "-" "Mozilla/5.0 AppleWebKit/537.36 (KHTML, like Gecko; compatible; bingbot/2.0; +http://www.bing.com/bingbot.htm) Chrome/116.0.1938.76 Safari/537.36"
185.191.171.16 - - [12/Sep/2026:16:57:59 +0300] "GET /?sale%2Fsearch%2Fdetail%2F%3FITMCODE=51977068098 HTTP/1.1" 200 31562 "-" "Mozilla/5.0 (compatible; SemrushBot/7~bl; +http://www.semrush.com/bot.html)"
57.141.20.53 - - [12/Sep/2026:16:58:05 +0300] "GET /?sale/search/detail/?ITMCODE=519947236263 HTTP/2.0" 200 31591 "-" "Mozilla/5.0 (Windows NT 10.0; Win64; x64) AppleWebKit/537.36 (KHTML, like Gecko) Chrome/145.0.0.0 Safari/537.36 (compatible; meta-externalagent/1.1 (+https://developers.facebook.com/docs/sharing/webmasters/crawler))"
57.141.20.25 - - [12/Sep/2026:16:58:06 +0300] "GET /presets/.css HTTP/2.0" 404 1448 "https://www.keliauk-uk.lt/?sale/search/detail/?ITMCODE=519947236263" "Mozilla/5.0 (Windows NT 10.0; Win64; x64) AppleWebKit/537.36 (KHTML, like Gecko) Chrome/145.0.0.0 Safari/537.36 (compatible; meta-externalagent/1.1 (+https://developers.facebook.com/docs/sharing/webmasters/crawler))"
57.141.20.18 - - [12/Sep/2026:16:58:13 +0300] "GET /index.php/component/search/?sale/search/detail/?ITMCODE=51971448244& HTTP/2.0" 200 19728 "-" "Mozilla/5.0 (Macintosh; Intel Mac OS X 10_15_7) AppleWebKit/537.36 (KHTML, like Gecko) Chrome/145.0.0.0 Safari/537.36 (compatible; meta-externalagent/1.1 (+https://developers.facebook.com/docs/sharing/webmasters/crawler))"
114.119.144.15 - - [12/Sep/2026:16:58:16 +0300] "GET /?sale/search/detail/%3FITMCODE=51987829507 HTTP/1.1" 200 31590 "https://www.keliauk-uk.lt/?sitemap-items.xml" "Mozilla/5.0 (Linux; Android 7.0;) AppleWebKit/537.36 (HTML, like Gecko) Mobile Safari/537.36 (compatible; PetalBot;+https://webmaster.petalsearch.com/site/petalbot)"
85.208.96.207 - - [12/Sep/2026:16:58:21 +0300] "GET /?sale%2Fsearch%2Fdetail%2F%3FITMCODE=519593242874 HTTP/1.1" 200 31563 "-" "Mozilla/5.0 (compatible; SemrushBot/7~bl; +http://www.semrush.com/bot.html)"
85.208.96.194 - - [12/Sep/2026:16:58:28 +0300] "GET /?sale%2Fsearch%2Fdetail%2F%3FITMCODE=519557091608 HTTP/1.1" 200 31563 "-" "Mozilla/5.0 (compatible; SemrushBot/7~bl; +http://www.semrush.com/bot.html)"
66.249.79.2 - - [12/Sep/2026:16:58:29 +0300] "GET /shop/pg/51971275298 HTTP/1.1" 200 195889 "-" "Mozilla/5.0 (Linux; Android 6.0.1; Nexus 5X Build/MMB29P) AppleWebKit/537.36 (KHTML, like Gecko) Chrome/153.0.8010.36 Mobile Safari/537.36 (compatible; Googlebot/2.1; +http://www.google.com/bot.html)"
