185.191.171.4 - - [12/Sep/2026:17:14:10 +0300] "GET /?sale%2Fsearch%2Fdetail%2F%3FITMCODE=519822960028 HTTP/1.1" 200 31563 "-" "Mozilla/5.0 (compatible; SemrushBot/7~bl; +http://www.semrush.com/bot.html)"
52.167.144.197 - - [12/Sep/2026:17:14:10 +0300] "GET /?sale/search/detail/?ITMCODE=51981756159 HTTP/2.0" 200 204026 "-" "Mozilla/5.0 AppleWebKit/537.36 (KHTML, like Gecko; compatible; bingbot/2.0; +http://www.bing.com/bingbot.htm) Chrome/116.0.1938.76 Safari/537.36"
85.208.96.199 - - [12/Sep/2026:17:14:17 +0300] "GET /?sale%2Fsearch%2Fdetail%2F%3FITMCODE=51984766764 HTTP/1.1" 200 31562 "-" "Mozilla/5.0 (compatible; SemrushBot/7~bl; +http://www.semrush.com/bot.html)"
66.249.79.1 - - [12/Sep/2026:17:14:21 +0300] "GET /?sale/search/detail/?ITMCODE=51992292918 HTTP/1.1" 200 197316 "-" "Mozilla/5.0 (Linux; Android 6.0.1; Nexus 5X Build/MMB29P) AppleWebKit/537.36 (KHTML, like Gecko) Chrome/153.0.8010.36 Mobile Safari/537.36 (compatible; Googlebot/2.1; +http://www.google.com/bot.html)"
185.191.171.16 - - [12/Sep/2026:17:14:23 +0300] "GET /?sale%2Fsearch%2Fdetail%2F%3FITMCODE=519657800463 HTTP/1.1" 200 31563 "-" "Mozilla/5.0 (compatible; SemrushBot/7~bl; +http://www.semrush.com/bot.html)"
85.208.96.210 - - [12/Sep/2026:17:14:32 +0300] "GET /?sale%2Fsearch%2Fdetail%2F%3FITMCODE=519657839208 HTTP/1.1" 200 31563 "-" "Mozilla/5.0 (compatible; SemrushBot/7~bl; +http://www.semrush.com/bot.html)"
40.77.167.68 - - [12/Sep/2026:17:14:32 +0300] "GET /?sale/search/detail/?ITMCODE=51971158208 HTTP/2.0" 200 205299 "-" "Mozilla/5.0 AppleWebKit/537.36 (KHTML, like Gecko; compatible; bingbot/2.0; +http://www.bing.com/bingbot.htm) Chrome/116.0.1938.76 Safari/537.36"
85.208.96.207 - - [12/Sep/2026:17:14:35 +0300] "GET /?sale%2Fsearch%2Fdetail%2F%3FITMCODE=519539434362 HTTP/1.1" 200 31563 "-" "Mozilla/5.0 (compatible; SemrushBot/7~bl; +http://www.semrush.com/bot.html)"
66.249.79.2 - - [12/Sep/2026:17:14:36 +0300] "GET /index.php/zinynas-keliaujantiems?sale/search/detail/?ITMCODE=52002561120 HTTP/1.1" 200 237719 "-" "Mozilla/5.0 (Linux; Android 6.0.1; Nexus 5X Build/MMB29P) AppleWebKit/537.36 (KHTML, like Gecko) Chrome/153.0.8010.36 Mobile Safari/537.36 (compatible; Googlebot/2.1; +http://www.google.com/bot.html)"
185.191.171.12 - - [12/Sep/2026:17:14:37 +0300] "GET /?sale%2Fsearch%2Fdetail%2F%3FITMCODE=519636998365 HTTP/1.1" 200 31563 "-" "Mozilla/5.0 (compatible; SemrushBot/7~bl; +http://www.semrush.com/bot.html)"
85.208.96.209 - - [12/Sep/2026:17:14:41 +0300] "GET /?sale%2Fsearch%2Fdetail%2F%3FITMCODE=519557176013 HTTP/1.1" 200 31563 "-" "Mozilla/5.0 (compatible; SemrushBot/7~bl; +http://www.semrush.com/bot.html)"
66.249.79.1 - - [12/Sep/2026:17:14:41 +0300] "GET /index.php/zinynas-keliaujantiems?sale/search/detail/?ITMCODE=5195377933 HTTP/1.1" 200 205908 "-" "Mozilla/5.0 (Linux; Android 6.0.1; Nexus 5X Build/MMB29P) AppleWebKit/537.36 (KHTML, like Gecko) Chrome/153.0.8010.36 Mobile Safari/537.36 (compatible; Googlebot/2.1; +http://www.google.com/bot.html)"
185.191.171.3 - - [12/Sep/2026:17:14:44 +0300] "GET /?sale%2Fsearch%2Fdetail%2F%3FITMCODE=520035676265 HTTP/1.1" 200 31563 "-" "Mozilla/5.0 (compatible; SemrushBot/7~bl; +http://www.semrush.com/bot.html)"
207.46.13.127 - - [12/Sep/2026:17:14:51 +0300] "GET /?sale/search/detail/?ITMCODE=520053596756 HTTP/2.0" 200 211754 "-" "Mozilla/5.0 AppleWebKit/537.36 (KHTML, like Gecko; compatible; bingbot/2.0; +http://www.bing.com/bingbot.htm) Chrome/116.0.1938.76 Safari/537.36"
207.46.13.127 - - [12/Sep/2026:17:14:52 +0300] "GET /?sale/search/detail/?ITMCODE=52002630874 HTTP/2.0" 200 201123 "-" "Mozilla/5.0 AppleWebKit/537.36 (KHTML, like Gecko; compatible; bingbot/2.0; +http://www.bing.com/bingbot.htm) Chrome/116.0.1938.76 Safari/537.36"
207.46.13.127 - - [12/Sep/2026:17:14:53 +0300] "GET /?sale/search/detail/?ITMCODE=51992053134 HTTP/2.0" 200 213770 "-" "Mozilla/5.0 AppleWebKit/537.36 (KHTML, like Gecko; compatible; bingbot/2.0; +http://www.bing.com/bingbot.htm) Chrome/116.0.1938.76 Safari/537.36"
207.46.13.127 - - [12/Sep/2026:17:14:54 +0300] "GET /?sale/search/detail/?ITMCODE=5196561513 HTTP/2.0" 200 211100 "-" "Mozilla/5.0 AppleWebKit/537.36 (KHTML, like Gecko; compatible; bingbot/2.0; +http://www.bing.com/bingbot.htm) Chrome/116.0.1938.76 Safari/537.36"
207.46.13.127 - - [12/Sep/2026:17:14:54 +0300] "GET /sale/search/detail/?ITMCODE=51981977193 HTTP/2.0" 200 205062 "-" "Mozilla/5.0 AppleWebKit/537.36 (KHTML, like Gecko; compatible; bingbot/2.0; +http://www.bing.com/bingbot.htm) Chrome/116.0.1938.76 Safari/537.36"
207.46.13.127 - - [12/Sep/2026:17:14:55 +0300] "GET /?sale/search/detail/?ITMCODE=51971232676 HTTP/2.0" 200 204443 "-" "Mozilla/5.0 AppleWebKit/537.36 (KHTML, like Gecko; compatible; bingbot/2.0; +http://www.bing.com/bingbot.htm) Chrome/116.0.1938.76 Safari/537.36"
57.141.20.47 - - [12/Sep/2026:17:14:56 +0300] "GET /index.php/component/search/?sale/search/detail/?ITMCODE=51971447053& HTTP/2.0" 200 19806 "-" "Mozilla/5.0 (Macintosh; Intel Mac OS X 10_15_7) AppleWebKit/537.36 (KHTML, like Gecko) Chrome/145.0.0.0 Safari/537.36 (compatible; meta-externalagent/1.1 (+https://developers.facebook.com/docs/sharing/webmasters/crawler))"
207.46.13.127 - - [12/Sep/2026:17:14:56 +0300] "GET /?sale/search/detail/?ITMCODE=5196841999 HTTP/2.0" 200 201907 "-" "Mozilla/5.0 AppleWebKit/537.36 (KHTML, like Gecko; compatible; bingbot/2.0; +http://www.bing.com/bingbot.htm) Chrome/116.0.1938.76 Safari/537.36"
207.46.13.127 - - [12/Sep/2026:17:14:56 +0300] "GET /?sale/search/detail/?ITMCODE=51971269868 HTTP/2.0" 200 214465 "-" "Mozilla/5.0 AppleWebKit/537.36 (KHTML, like Gecko; compatible; bingbot/2.0; +http://www.bing.com/bingbot.htm) Chrome/116.0.1938.76 Safari/537.36"
207.46.13.127 - - [12/Sep/2026:17:14:57 +0300] "GET /?sale/search/detail/?ITMCODE=51977424311 HTTP/2.0" 200 221606 "-" "Mozilla/5.0 AppleWebKit/537.36 (KHTML, like Gecko; compatible; bingbot/2.0; +http://www.bing.com/bingbot.htm) Chrome/116.0.1938.76 Safari/537.36"
207.46.13.127 - - [12/Sep/2026:17:14:58 +0300] "GET /?sale/search/detail/?ITMCODE=52002921183 HTTP/2.0" 200 204549 "-" "Mozilla/5.0 AppleWebKit/537.36 (KHTML, like Gecko; compatible; bingbot/2.0; +http://www.bing.com/bingbot.htm) Chrome/116.0.1938.76 Safari/537.36"
207.46.13.127 - - [12/Sep/2026:17:14:58 +0300] "GET /sale/search/detail/?ITMCODE=51981998783 HTTP/2.0" 200 210448 "-" "Mozilla/5.0 AppleWebKit/537.36 (KHTML, like Gecko; compatible; bingbot/2.0; +http://www.bing.com/bingbot.htm) Chrome/116.0.1938.76 Safari/537.36"
85.208.96.209 - - [12/Sep/2026:17:15:00 +0300] "GET /?sale%2Fsearch%2Fdetail%2F%3FITMCODE=51984711725 HTTP/1.1" 200 31562 "-" "Mozilla/5.0 (compatible; SemrushBot/7~bl; +http://www.semrush.com/bot.html)"
40.77.167.68 - - [12/Sep/2026:17:15:14 +0300] "GET /?sale/search/detail/?ITMCODE=5196660378 HTTP/2.0" 200 210117 "-" "Mozilla/5.0 AppleWebKit/537.36 (KHTML, like Gecko; compatible; bingbot/2.0; +http://www.bing.com/bingbot.htm) Chrome/116.0.1938.76 Safari/537.36"
40.77.167.68 - - [12/Sep/2026:17:15:14 +0300] "GET /?sale/search/detail/?ITMCODE=51963674050 HTTP/2.0" 200 195997 "-" "Mozilla/5.0 AppleWebKit/537.36 (KHTML, like Gecko; compatible; bingbot/2.0; +http://www.bing.com/bingbot.htm) Chrome/116.0.1938.76 Safari/537.36"
40.77.167.68 - - [12/Sep/2026:17:15:15 +0300] "GET /?sale/search/detail/?ITMCODE=51984775584 HTTP/2.0" 200 193872 "-" "Mozilla/5.0 AppleWebKit/537.36 (KHTML, like Gecko; compatible; bingbot/2.0; +http://www.bing.com/bingbot.htm) Chrome/116.0.1938.76 Safari/537.36"
66.249.79.2 - - [12/Sep/2026:17:15:17 +0300] "GET /index.php/zinynas-keliaujantiems?sale/search/detail/?ITMCODE=5195373510 HTTP/1.1" 200 207079 "-" "Mozilla/5.0 (Linux; Android 6.0.1; Nexus 5X Build/MMB29P) AppleWebKit/537.36 (KHTML, like Gecko) Chrome/153.0.8010.36 Mobile Safari/537.36 (compatible; Googlebot/2.1; +http://www.google.com/bot.html)"
52.167.144.197 - - [12/Sep/2026:17:15:19 +0300] "GET /?sale/search/detail/?ITMCODE=51971284807 HTTP/2.0" 200 205269 "-" "Mozilla/5.0 AppleWebKit/537.36 (KHTML, like Gecko; compatible; bingbot/2.0; +http://www.bing.com/bingbot.htm) Chrome/116.0.1938.76 Safari/537.36"
52.167.144.197 - - [12/Sep/2026:17:15:20 +0300] "GET /?sale/search/detail/?ITMCODE=52002671501 HTTP/2.0" 200 212283 "-" "Mozilla/5.0 AppleWebKit/537.36 (KHTML, like Gecko; compatible; bingbot/2.0; +http://www.bing.com/bingbot.htm) Chrome/116.0.1938.76 Safari/537.36"
52.167.144.197 - - [12/Sep/2026:17:15:20 +0300] "GET /?sale/search/detail/?ITMCODE=51971383107 HTTP/2.0" 200 208800 "-" "Mozilla/5.0 AppleWebKit/537.36 (KHTML, like Gecko; compatible; bingbot/2.0; +http://www.bing.com/bingbot.htm) Chrome/116.0.1938.76 Safari/537.36"
52.167.144.197 - - [12/Sep/2026:17:15:21 +0300] "GET /?sale/search/detail/?ITMCODE=51981768495 HTTP/2.0" 200 202821 "-" "Mozilla/5.0 AppleWebKit/537.36 (KHTML, like Gecko; compatible; bingbot/2.0; +http://www.bing.com/bingbot.htm) Chrome/116.0.1938.76 Safari/537.36"
52.167.144.197 - - [12/Sep/2026:17:15:24 +0300] "GET /?sale/search/detail/?ITMCODE=51992320607 HTTP/2.0" 200 208730 "-" "Mozilla/5.0 AppleWebKit/537.36 (KHTML, like Gecko; compatible; bingbot/2.0; +http://www.bing.com/bingbot.htm) Chrome/116.0.1938.76 Safari/537.36"
52.167.144.197 - - [12/Sep/2026:17:15:24 +0300] "GET /?sale/search/detail/?ITMCODE=51981830926 HTTP/2.0" 200 201213 "-" "Mozilla/5.0 AppleWebKit/537.36 (KHTML, like Gecko; compatible; bingbot/2.0; +http://www.bing.com/bingbot.htm) Chrome/116.0.1938.76 Safari/537.36"
114.119.148.64 - - [12/Sep/2026:17:15:31 +0300] "GET /?sale/search/detail/%3FITMCODE=51987806595 HTTP/1.1" 200 31590 "https://www.keliauk-uk.lt/?sitemap-shopdetail.xml" "Mozilla/5.0 (Linux; Android 7.0;) AppleWebKit/537.36 (HTML, like Gecko) Mobile Safari/537.36 (compatible; PetalBot;+https://webmaster.petalsearch.com/site/petalbot)"
185.191.171.4 - - [12/Sep/2026:17:15:38 +0300] "GET /?sale%2Fsearch%2Fdetail%2F%3FITMCODE=519734294615 HTTP/1.1" 200 31563 "-" "Mozilla/5.0 (compatible; SemrushBot/7~bl; +http://www.semrush.com/bot.html)"
66.249.79.1 - - [12/Sep/2026:17:15:46 +0300] "GET /?sale/search/detail/?ITMCODE=51981589027 HTTP/1.1" 200 202167 "-" "Mozilla/5.0 (Linux; Android 6.0.1; Nexus 5X Build/MMB29P) AppleWebKit/537.36 (KHTML, like Gecko) Chrome/153.0.8010.36 Mobile Safari/537.36 (compatible; Googlebot/2.1; +http://www.google.com/bot.html)"
66.249.79.1 - - [12/Sep/2026:17:16:02 +0300] "GET /shop/customer/bookmark.php?sale/search/detail/?ITMCODE=51971196582 HTTP/1.1" 200 208985 "-" "Mozilla/5.0 (Linux; Android 6.0.1; Nexus 5X Build/MMB29P) AppleWebKit/537.36 (KHTML, like Gecko) Chrome/153.0.8010.36 Mobile Safari/537.36 (compatible; Googlebot/2.1; +http://www.google.com/bot.html)"
207.46.13.127 - - [12/Sep/2026:17:16:11 +0300] "GET /?sale/search/detail/?ITMCODE=51956183743 HTTP/2.0" 200 213887 "-" "Mozilla/5.0 AppleWebKit/537.36 (KHTML, like Gecko; compatible; bingbot/2.0; +http://www.bing.com/bingbot.htm) Chrome/116.0.1938.76 Safari/537.36"
207.46.13.127 - - [12/Sep/2026:17:16:12 +0300] "GET /?sale/search/detail/?ITMCODE=51981549178 HTTP/2.0" 200 206279 "-" "Mozilla/5.0 AppleWebKit/537.36 (KHTML, like Gecko; compatible; bingbot/2.0; +http://www.bing.com/bingbot.htm) Chrome/116.0.1938.76 Safari/537.36"
207.46.13.127 - - [12/Sep/2026:17:16:13 +0300] "GET /?sale/search/detail/?ITMCODE=51971091551 HTTP/2.0" 200 201765 "-" "Mozilla/5.0 AppleWebKit/537.36 (KHTML, like Gecko; compatible; bingbot/2.0; +http://www.bing.com/bingbot.htm) Chrome/116.0.1938.76 Safari/537.36"
207.46.13.127 - - [12/Sep/2026:17:16:14 +0300] "GET /?sale/search/detail/?ITMCODE=51981552176 HTTP/2.0" 200 199378 "-" "Mozilla/5.0 AppleWebKit/537.36 (KHTML, like Gecko; compatible; bingbot/2.0; +http://www.bing.com/bingbot.htm) Chrome/116.0.1938.76 Safari/537.36"
207.46.13.127 - - [12/Sep/2026:17:16:14 +0300] "GET /?sale/search/detail/?ITMCODE=51981981454 HTTP/2.0" 200 201420 "-" "Mozilla/5.0 AppleWebKit/537.36 (KHTML, like Gecko; compatible; bingbot/2.0; +http://www.bing.com/bingbot.htm) Chrome/116.0.1938.76 Safari/537.36"
57.141.20.0 - - [12/Sep/2026:17:16:23 +0300] "GET /index.php/component/search/?sale/search/detail/?ITMCODE=519612772718& HTTP/2.0" 200 19807 "-" "Mozilla/5.0 (X11; Linux x86_64) AppleWebKit/537.36 (KHTML, like Gecko) Chrome/145.0.0.0 Safari/537.36 (compatible; meta-externalagent/1.1 (+https://developers.facebook.com/docs/sharing/webmasters/crawler))"
185.191.171.1 - - [12/Sep/2026:17:16:27 +0300] "GET /?sale%2Fsearch%2Fdetail%2F%3FITMCODE=519593293244 HTTP/1.1" 200 31563 "-" "Mozilla/5.0 (compatible; SemrushBot/7~bl; +http://www.semrush.com/bot.html)"
114.119.152.47 - - [12/Sep/2026:17:16:28 +0300] "GET /?sale/search/detail/%3FITMCODE=51987805177 HTTP/1.1" 200 31590 "https://www.keliauk-uk.lt/?sitemap-items.xml" "Mozilla/5.0 (Linux; Android 7.0;) AppleWebKit/537.36 (HTML, like Gecko) Mobile Safari/537.36 (compatible; PetalBot;+https://webmaster.petalsearch.com/site/petalbot)"
66.249.79.2 - - [12/Sep/2026:17:16:38 +0300] "GET /index.php/zinynas-keliaujantiems?sale/search/detail/?ITMCODE=51992428971 HTTP/1.1" 200 215253 "-" "Mozilla/5.0 (Linux; Android 6.0.1; Nexus 5X Build/MMB29P) AppleWebKit/537.36 (KHTML, like Gecko) Chrome/153.0.8010.36 Mobile Safari/537.36 (compatible; Googlebot/2.1; +http://www.google.com/bot.html)"
66.249.79.1 - - [12/Sep/2026:17:17:01 +0300] "GET /index.php/zinynas-keliaujantiems?sale/search/detail/?ITMCODE=51992453488 HTTP/1.1" 200 211731 "-" "Mozilla/5.0 (Linux; Android 6.0.1; Nexus 5X Build/MMB29P) AppleWebKit/537.36 (KHTML, like Gecko) Chrome/153.0.8010.36 Mobile Safari/537.36 (compatible; Googlebot/2.1; +http://www.google.com/bot.html)"
66.249.79.1 - - [12/Sep/2026:17:17:06 +0300] "GET /index.php/zinynas-keliaujantiems?sale/search/detail/?ITMCODE=51981843399 HTTP/1.1" 200 203506 "-" "Mozilla/5.0 (Linux; Android 6.0.1; Nexus 5X Build/MMB29P) AppleWebKit/537.36 (KHTML, like Gecko) Chrome/153.0.8010.36 Mobile Safari/537.36 (compatible; Googlebot/2.1; +http://www.google.com/bot.html)"
85.208.96.196 - - [12/Sep/2026:17:17:08 +0300] "GET /?sale%2Fsearch%2Fdetail%2F%3FITMCODE=519621930608 HTTP/1.1" 200 31563 "-" "Mozilla/5.0 (compatible; SemrushBot/7~bl; +http://www.semrush.com/bot.html)"
52.167.144.197 - - [12/Sep/2026:17:17:08 +0300] "GET /?sale/search/detail/?ITMCODE=51981649526 HTTP/2.0" 200 205870 "-" "Mozilla/5.0 AppleWebKit/537.36 (KHTML, like Gecko; compatible; bingbot/2.0; +http://www.bing.com/bingbot.htm) Chrome/116.0.1938.76 Safari/537.36"
52.167.144.197 - - [12/Sep/2026:17:17:09 +0300] "GET /?sale/search/detail/?ITMCODE=5196961206 HTTP/2.0" 200 216083 "-" "Mozilla/5.0 AppleWebKit/537.36 (KHTML, like Gecko; compatible; bingbot/2.0; +http://www.bing.com/bingbot.htm) Chrome/116.0.1938.76 Safari/537.36"
185.191.171.11 - - [12/Sep/2026:17:17:11 +0300] "GET /?sale%2Fsearch%2Fdetail%2F%3FITMCODE=519572010847 HTTP/1.1" 200 31563 "-" "Mozilla/5.0 (compatible; SemrushBot/7~bl; +http://www.semrush.com/bot.html)"
66.249.79.1 - - [12/Sep/2026:17:17:33 +0300] "GET /?sale/search/detail/?ITMCODE=5195467828 HTTP/1.1" 200 221838 "-" "Mozilla/5.0 (Linux; Android 6.0.1; Nexus 5X Build/MMB29P) AppleWebKit/537.36 (KHTML, like Gecko) Chrome/153.0.8010.36 Mobile Safari/537.36 (compatible; Googlebot/2.1; +http://www.google.com/bot.html)"
57.141.20.55 - - [12/Sep/2026:17:17:34 +0300] "GET /index.php/component/search/?sale/search/detail/?ITMCODE=519822774717&format=opensearch HTTP/2.0" 200 561 "-" "Mozilla/5.0 (Windows NT 10.0; Win64; x64) AppleWebKit/537.36 (KHTML, like Gecko) Chrome/145.0.0.0 Safari/537.36 Edg/145.0.0.0 (compatible; meta-externalagent/1.1 (+https://developers.facebook.com/docs/sharing/webmasters/crawler))"
66.249.79.1 - - [12/Sep/2026:17:17:37 +0300] "GET /?shop/c/c51981000438/ HTTP/1.1" 200 269208 "-" "Mozilla/5.0 (Linux; Android 6.0.1; Nexus 5X Build/MMB29P) AppleWebKit/537.36 (KHTML, like Gecko) Chrome/153.0.8010.36 Mobile Safari/537.36 (compatible; Googlebot/2.1; +http://www.google.com/bot.html)"
66.249.79.1 - - [12/Sep/2026:17:17:39 +0300] "GET /?sale/search/detail/?ITMCODE=52002610040 HTTP/1.1" 200 202850 "-" "Mozilla/5.0 (Linux; Android 6.0.1; Nexus 5X Build/MMB29P) AppleWebKit/537.36 (KHTML, like Gecko) Chrome/153.0.8010.36 Mobile Safari/537.36 (compatible; Googlebot/2.1; +http://www.google.com/bot.html)"
207.46.13.127 - - [12/Sep/2026:17:17:40 +0300] "GET /?sale/search/detail/?ITMCODE=5196524395 HTTP/2.0" 200 223934 "-" "Mozilla/5.0 AppleWebKit/537.36 (KHTML, like Gecko; compatible; bingbot/2.0; +http://www.bing.com/bingbot.htm) Chrome/116.0.1938.76 Safari/537.36"
85.208.96.197 - - [12/Sep/2026:17:17:40 +0300] "GET /?sale%2Fsearch%2Fdetail%2F%3FITMCODE=519822776509 HTTP/1.1" 200 31563 "-" "Mozilla/5.0 (compatible; SemrushBot/7~bl; +http://www.semrush.com/bot.html)"
207.46.13.127 - - [12/Sep/2026:17:17:41 +0300] "GET /?sale/search/detail/?ITMCODE=520011552289 HTTP/2.0" 200 205835 "-" "Mozilla/5.0 AppleWebKit/537.36 (KHTML, like Gecko; compatible; bingbot/2.0; +http://www.bing.com/bingbot.htm) Chrome/116.0.1938.76 Safari/537.36"
207.46.13.127 - - [12/Sep/2026:17:17:42 +0300] "GET /sale/search/detail/?ITMCODE=51971092150 HTTP/2.0" 200 203840 "-" "Mozilla/5.0 AppleWebKit/537.36 (KHTML, like Gecko; compatible; bingbot/2.0; +http://www.bing.com/bingbot.htm) Chrome/116.0.1938.76 Safari/537.36"
85.208.96.204 - - [12/Sep/2026:17:17:46 +0300] "GET /?sale%2Fsearch%2Fdetail%2F%3FITMCODE=519891739709 HTTP/1.1" 200 31563 "-" "Mozilla/5.0 (compatible; SemrushBot/7~bl; +http://www.semrush.com/bot.html)"
114.119.142.39 - - [12/Sep/2026:17:17:52 +0300] "GET /?sale/search/detail/%3FITMCODE=51987801913 HTTP/1.1" 200 31590 "https://www.keliauk-uk.lt/?sitemap-items.xml" "Mozilla/5.0 (Linux; Android 7.0;) AppleWebKit/537.36 (HTML, like Gecko) Mobile Safari/537.36 (compatible; PetalBot;+https://webmaster.petalsearch.com/site/petalbot)"
185.191.171.14 - - [12/Sep/2026:17:17:59 +0300] "GET /?sale%2Fsearch%2Fdetail%2F%3FITMCODE=520095892369 HTTP/1.1" 200 31563 "-" "Mozilla/5.0 (compatible; SemrushBot/7~bl; +http://www.semrush.com/bot.html)"
185.191.171.7 - - [12/Sep/2026:17:18:13 +0300] "GET /?sale%2Fsearch%2Fdetail%2F%3FITMCODE=51992448906 HTTP/1.1" 200 31562 "-" "Mozilla/5.0 (compatible; SemrushBot/7~bl; +http://www.semrush.com/bot.html)"
85.208.96.210 - - [12/Sep/2026:17:18:16 +0300] "GET /?sale%2Fsearch%2Fdetail%2F%3FITMCODE=52008953043 HTTP/1.1" 200 31562 "-" "Mozilla/5.0 (compatible; SemrushBot/7~bl; +http://www.semrush.com/bot.html)"
85.208.96.193 - - [12/Sep/2026:17:18:21 +0300] "GET /?sale%2Fsearch%2Fdetail%2F%3FITMCODE=519791220331 HTTP/1.1" 200 31563 "-" "Mozilla/5.0 (compatible; SemrushBot/7~bl; +http://www.semrush.com/bot.html)"
85.208.96.207 - - [12/Sep/2026:17:18:23 +0300] "GET /?sale%2Fsearch%2Fdetail%2F%3FITMCODE=519758474662 HTTP/1.1" 200 31563 "-" "Mozilla/5.0 (compatible; SemrushBot/7~bl; +http://www.semrush.com/bot.html)"
85.208.96.198 - - [12/Sep/2026:17:18:25 +0300] "GET /?sale%2Fsearch%2Fdetail%2F%3FITMCODE=520053970188 HTTP/1.1" 200 31563 "-" "Mozilla/5.0 (compatible; SemrushBot/7~bl; +http://www.semrush.com/bot.html)"
157.55.39.204 - - [12/Sep/2026:17:18:25 +0300] "GET /?sale/search/detail/?ITMCODE=520020930197 HTTP/2.0" 200 204087 "-" "Mozilla/5.0 AppleWebKit/537.36 (KHTML, like Gecko; compatible; bingbot/2.0; +http://www.bing.com/bingbot.htm) Chrome/116.0.1938.76 Safari/537.36"
157.55.39.204 - - [12/Sep/2026:17:18:26 +0300] "GET /?sale/search/detail/?ITMCODE=52002894484 HTTP/2.0" 200 217561 "-" "Mozilla/5.0 AppleWebKit/537.36 (KHTML, like Gecko; compatible; bingbot/2.0; +http://www.bing.com/bingbot.htm) Chrome/116.0.1938.76 Safari/537.36"
157.55.39.204 - - [12/Sep/2026:17:18:27 +0300] "GET /?sale/search/detail/?ITMCODE=52008852932 HTTP/2.0" 200 200505 "-" "Mozilla/5.0 AppleWebKit/537.36 (KHTML, like Gecko; compatible; bingbot/2.0; +http://www.bing.com/bingbot.htm) Chrome/116.0.1938.76 Safari/537.36"
157.55.39.204 - - [12/Sep/2026:17:18:31 +0300] "GET /?sale/search/detail/?ITMCODE=519813546192 HTTP/2.0" 200 192979 "-" "Mozilla/5.0 AppleWebKit/537.36 (KHTML, like Gecko; compatible; bingbot/2.0; +http://www.bing.com/bingbot.htm) Chrome/116.0.1938.76 Safari/537.36"
157.55.39.204 - - [12/Sep/2026:17:18:32 +0300] "GET /?sale/search/detail/?ITMCODE=519581382261 HTTP/2.0" 200 218603 "-" "Mozilla/5.0 AppleWebKit/537.36 (KHTML, like Gecko; compatible; bingbot/2.0; +http://www.bing.com/bingbot.htm) Chrome/116.0.1938.76 Safari/537.36"
157.55.39.204 - - [12/Sep/2026:17:18:33 +0300] "GET /?sale/search/detail/?ITMCODE=51995057156 HTTP/2.0" 200 196775 "-" "Mozilla/5.0 AppleWebKit/537.36 (KHTML, like Gecko; compatible; bingbot/2.0; +http://www.bing.com/bingbot.htm) Chrome/116.0.1938.76 Safari/537.36"
157.55.39.204 - - [12/Sep/2026:17:18:34 +0300] "GET /?sale/search/detail/?ITMCODE=519788173021 HTTP/2.0" 200 193515 "-" "Mozilla/5.0 AppleWebKit/537.36 (KHTML, like Gecko; compatible; bingbot/2.0; +http://www.bing.com/bingbot.htm) Chrome/116.0.1938.76 Safari/537.36"
157.55.39.204 - - [12/Sep/2026:17:18:34 +0300] "GET /?sale/search/detail/?ITMCODE=520089581873 HTTP/2.0" 200 216477 "-" "Mozilla/5.0 AppleWebKit/537.36 (KHTML, like Gecko; compatible; bingbot/2.0; +http://www.bing.com/bingbot.htm) Chrome/116.0.1938.76 Safari/537.36"
157.55.39.204 - - [12/Sep/2026:17:18:35 +0300] "GET /?sale/search/detail/?ITMCODE=519536273542 HTTP/2.0" 200 198816 "-" "Mozilla/5.0 AppleWebKit/537.36 (KHTML, like Gecko; compatible; bingbot/2.0; +http://www.bing.com/bingbot.htm) Chrome/116.0.1938.76 Safari/537.36"
157.55.39.204 - - [12/Sep/2026:17:18:36 +0300] "GET /?sale/search/detail/?ITMCODE=51992059004 HTTP/2.0" 200 208672 "-" "Mozilla/5.0 AppleWebKit/537.36 (KHTML, like Gecko; compatible; bingbot/2.0; +http://www.bing.com/bingbot.htm) Chrome/116.0.1938.76 Safari/537.36"
157.55.39.204 - - [12/Sep/2026:17:18:36 +0300] "GET /?sale/search/detail/?ITMCODE=519911167056 HTTP/2.0" 200 199176 "-" "Mozilla/5.0 AppleWebKit/537.36 (KHTML, like Gecko; compatible; bingbot/2.0; +http://www.bing.com/bingbot.htm) Chrome/116.0.1938.76 Safari/537.36"
157.55.39.204 - - [12/Sep/2026:17:18:37 +0300] "GET /?sale/search/detail/?ITMCODE=519965235757 HTTP/2.0" 200 194168 "-" "Mozilla/5.0 AppleWebKit/537.36 (KHTML, like Gecko; compatible; bingbot/2.0; +http://www.bing.com/bingbot.htm) Chrome/116.0.1938.76 Safari/537.36"
157.55.39.204 - - [12/Sep/2026:17:18:38 +0300] "GET /?sale/search/detail/?ITMCODE=519624607803 HTTP/2.0" 200 204407 "-" "Mozilla/5.0 AppleWebKit/537.36 (KHTML, like Gecko; compatible; bingbot/2.0; +http://www.bing.com/bingbot.htm) Chrome/116.0.1938.76 Safari/537.36"
157.55.39.204 - - [12/Sep/2026:17:18:38 +0300] "GET /?sale/search/detail/?ITMCODE=51966996908 HTTP/2.0" 200 195134 "-" "Mozilla/5.0 AppleWebKit/537.36 (KHTML, like Gecko; compatible; bingbot/2.0; +http://www.bing.com/bingbot.htm) Chrome/116.0.1938.76 Safari/537.36"
157.55.39.204 - - [12/Sep/2026:17:18:39 +0300] "GET /?sale/search/detail/?ITMCODE=519761256173 HTTP/2.0" 200 197916 "-" "Mozilla/5.0 AppleWebKit/537.36 (KHTML, like Gecko; compatible; bingbot/2.0; +http://www.bing.com/bingbot.htm) Chrome/116.0.1938.76 Safari/537.36"
66.249.79.3 - - [12/Sep/2026:17:18:39 +0300] "GET /index.php/zinynas-keliaujantiems?sale/search/detail/?ITMCODE=51981835868 HTTP/1.1" 200 207151 "-" "Mozilla/5.0 (Linux; Android 6.0.1; Nexus 5X Build/MMB29P) AppleWebKit/537.36 (KHTML, like Gecko) Chrome/153.0.8010.36 Mobile Safari/537.36 (compatible; Googlebot/2.1; +http://www.google.com/bot.html)"
157.55.39.204 - - [12/Sep/2026:17:18:40 +0300] "GET /?sale/search/detail/?ITMCODE=520095562288 HTTP/2.0" 200 208042 "-" "Mozilla/5.0 AppleWebKit/537.36 (KHTML, like Gecko; compatible; bingbot/2.0; +http://www.bing.com/bingbot.htm) Chrome/116.0.1938.76 Safari/537.36"
52.167.144.182 - - [12/Sep/2026:17:18:40 +0300] "GET /?sale/search/detail/?ITMCODE=519654908894 HTTP/2.0" 200 208347 "-" "Mozilla/5.0 AppleWebKit/537.36 (KHTML, like Gecko; compatible; bingbot/2.0; +http://www.bing.com/bingbot.htm) Chrome/116.0.1938.76 Safari/537.36"
66.249.79.1 - - [12/Sep/2026:17:18:40 +0300] "GET /index.php/zinynas-keliaujantiems?sale/search/detail/?ITMCODE=51981908991 HTTP/1.1" 200 209776 "-" "Mozilla/5.0 (Linux; Android 6.0.1; Nexus 5X Build/MMB29P) AppleWebKit/537.36 (KHTML, like Gecko) Chrome/153.0.8010.36 Mobile Safari/537.36 (compatible; Googlebot/2.1; +http://www.google.com/bot.html)"
52.167.144.182 - - [12/Sep/2026:17:18:40 +0300] "GET /?sale/search/detail/?ITMCODE=519831747445 HTTP/2.0" 200 204721 "-" "Mozilla/5.0 AppleWebKit/537.36 (KHTML, like Gecko; compatible; bingbot/2.0; +http://www.bing.com/bingbot.htm) Chrome/116.0.1938.76 Safari/537.36"
157.55.39.204 - - [12/Sep/2026:17:18:40 +0300] "GET /?sale/search/detail/?ITMCODE=519831774671 HTTP/2.0" 200 200351 "-" "Mozilla/5.0 AppleWebKit/537.36 (KHTML, like Gecko; compatible; bingbot/2.0; +http://www.bing.com/bingbot.htm) Chrome/116.0.1938.76 Safari/537.36"
52.167.144.182 - - [12/Sep/2026:17:18:41 +0300] "GET /?sale/search/detail/?ITMCODE=51998176595 HTTP/2.0" 200 204461 "-" "Mozilla/5.0 AppleWebKit/537.36 (KHTML, like Gecko; compatible; bingbot/2.0; +http://www.bing.com/bingbot.htm) Chrome/116.0.1938.76 Safari/537.36"
66.249.79.3 - - [12/Sep/2026:17:18:41 +0300] "GET /index.php/zinynas-keliaujantiems?sale/search/detail/?ITMCODE=51992303797 HTTP/1.1" 200 202696 "-" "Mozilla/5.0 (Linux; Android 6.0.1; Nexus 5X Build/MMB29P) AppleWebKit/537.36 (KHTML, like Gecko) Chrome/153.0.8010.36 Mobile Safari/537.36 (compatible; Googlebot/2.1; +http://www.google.com/bot.html)"
157.55.39.204 - - [12/Sep/2026:17:18:41 +0300] "GET /?sale/search/detail/?ITMCODE=51987846326 HTTP/2.0" 200 204663 "-" "Mozilla/5.0 AppleWebKit/537.36 (KHTML, like Gecko; compatible; bingbot/2.0; +http://www.bing.com/bingbot.htm) Chrome/116.0.1938.76 Safari/537.36"
157.55.39.204 - - [12/Sep/2026:17:18:42 +0300] "GET /?sale/search/detail/?ITMCODE=51977413128 HTTP/2.0" 200 195084 "-" "Mozilla/5.0 AppleWebKit/537.36 (KHTML, like Gecko; compatible; bingbot/2.0; +http://www.bing.com/bingbot.htm) Chrome/116.0.1938.76 Safari/537.36"
157.55.39.204 - - [12/Sep/2026:17:18:42 +0300] "GET /?sale/search/detail/?ITMCODE=51987514263 HTTP/2.0" 200 200397 "-" "Mozilla/5.0 AppleWebKit/537.36 (KHTML, like Gecko; compatible; bingbot/2.0; +http://www.bing.com/bingbot.htm) Chrome/116.0.1938.76 Safari/537.36"
74.7.243.247 - - [12/Sep/2026:17:18:43 +0300] "GET /?sitemap-product.xml HTTP/2.0" 200 198254 "-" "Mozilla/5.0 AppleWebKit/537.36 (KHTML, like Gecko; compatible; GPTBot/1.4; +https://openai.com/gptbot)"
52.167.144.182 - - [12/Sep/2026:17:18:42 +0300] "GET /?sale/search/detail/?ITMCODE=52002987843 HTTP/2.0" 200 202194 "-" "Mozilla/5.0 AppleWebKit/537.36 (KHTML, like Gecko; compatible; bingbot/2.0; +http://www.bing.com/bingbot.htm) Chrome/116.0.1938.76 Safari/537.36"
157.55.39.204 - - [12/Sep/2026:17:18:43 +0300] "GET /?sale/search/detail/?ITMCODE=51981538903 HTTP/2.0" 200 193683 "-" "Mozilla/5.0 AppleWebKit/537.36 (KHTML, like Gecko; compatible; bingbot/2.0; +http://www.bing.com/bingbot.htm) Chrome/116.0.1938.76 Safari/537.36"
52.167.144.182 - - [12/Sep/2026:17:18:44 +0300] "GET /?sale/search/detail/?ITMCODE=519831747445 HTTP/2.0" 200 204721 "-" "Mozilla/5.0 AppleWebKit/537.36 (KHTML, like Gecko; compatible; bingbot/2.0; +http://www.bing.com/bingbot.htm) Chrome/116.0.1938.76 Safari/537.36"
74.7.228.35 - - [12/Sep/2026:17:18:44 +0300] "GET /robots.txt HTTP/2.0" 200 150 "-" "Mozilla/5.0 (Macintosh; Intel Mac OS X 10_15_7) AppleWebKit/537.36 (KHTML, like Gecko) Chrome/131.0.0.0 Safari/537.36; compatible; OAI-SearchBot/1.4; robots.txt; +https://openai.com/searchbot"
157.55.39.204 - - [12/Sep/2026:17:18:44 +0300] "GET /?sale/search/detail/?ITMCODE=519746405203 HTTP/2.0" 200 194042 "-" "Mozilla/5.0 AppleWebKit/537.36 (KHTML, like Gecko; compatible; bingbot/2.0; +http://www.bing.com/bingbot.htm) Chrome/116.0.1938.76 Safari/537.36"
157.55.39.204 - - [12/Sep/2026:17:18:44 +0300] "GET /?sale/search/detail/?ITMCODE=51992238136 HTTP/2.0" 200 209263 "-" "Mozilla/5.0 AppleWebKit/537.36 (KHTML, like Gecko; compatible; bingbot/2.0; +http://www.bing.com/bingbot.htm) Chrome/116.0.1938.76 Safari/537.36"
74.7.243.247 - - [12/Sep/2026:17:18:49 +0300] "GET /?sale/search/detail/?ITMCODE=519858953540 HTTP/2.0" 200 31682 "https://keliauk-uk.lt.testams.vhost.lt/?sitemap-product.xml" "Mozilla/5.0 AppleWebKit/537.36 (KHTML, like Gecko; compatible; GPTBot/1.4; +https://openai.com/gptbot)"
40.77.167.68 - - [12/Sep/2026:17:18:51 +0300] "GET /?sale/search/detail/?ITMCODE=5196563503 HTTP/2.0" 200 197076 "-" "Mozilla/5.0 AppleWebKit/537.36 (KHTML, like Gecko; compatible; bingbot/2.0; +http://www.bing.com/bingbot.htm) Chrome/116.0.1938.76 Safari/537.36"
74.7.243.247 - - [12/Sep/2026:17:18:51 +0300] "GET /?sale/search/detail/?ITMCODE=519959232156 HTTP/2.0" 200 31682 "https://keliauk-uk.lt.testams.vhost.lt/?sitemap-product.xml" "Mozilla/5.0 AppleWebKit/537.36 (KHTML, like Gecko; compatible; GPTBot/1.4; +https://openai.com/gptbot)"
40.77.167.68 - - [12/Sep/2026:17:18:52 +0300] "GET /?sale/search/detail/?ITMCODE=519813939629 HTTP/2.0" 200 197691 "-" "Mozilla/5.0 AppleWebKit/537.36 (KHTML, like Gecko; compatible; bingbot/2.0; +http://www.bing.com/bingbot.htm) Chrome/116.0.1938.76 Safari/537.36"
40.77.167.68 - - [12/Sep/2026:17:18:52 +0300] "GET /?sale/search/detail/?ITMCODE=519746046891 HTTP/2.0" 200 193153 "-" "Mozilla/5.0 AppleWebKit/537.36 (KHTML, like Gecko; compatible; bingbot/2.0; +http://www.bing.com/bingbot.htm) Chrome/116.0.1938.76 Safari/537.36"
40.77.167.68 - - [12/Sep/2026:17:18:53 +0300] "GET /?sale/search/detail/?ITMCODE=51971386120 HTTP/2.0" 200 197376 "-" "Mozilla/5.0 AppleWebKit/537.36 (KHTML, like Gecko; compatible; bingbot/2.0; +http://www.bing.com/bingbot.htm) Chrome/116.0.1938.76 Safari/537.36"
74.7.243.247 - - [12/Sep/2026:17:18:53 +0300] "GET /?sale/search/detail/?ITMCODE=519764137486 HTTP/2.0" 200 31682 "https://keliauk-uk.lt.testams.vhost.lt/?sitemap-product.xml" "Mozilla/5.0 AppleWebKit/537.36 (KHTML, like Gecko; compatible; GPTBot/1.4; +https://openai.com/gptbot)"
40.77.167.68 - - [12/Sep/2026:17:18:53 +0300] "GET /?sale/search/detail/?ITMCODE=51966533508 HTTP/2.0" 200 195903 "-" "Mozilla/5.0 AppleWebKit/537.36 (KHTML, like Gecko; compatible; bingbot/2.0; +http://www.bing.com/bingbot.htm) Chrome/116.0.1938.76 Safari/537.36"
40.77.167.68 - - [12/Sep/2026:17:18:54 +0300] "GET /?sale/search/detail/?ITMCODE=51995356967 HTTP/2.0" 200 196890 "-" "Mozilla/5.0 AppleWebKit/537.36 (KHTML, like Gecko; compatible; bingbot/2.0; +http://www.bing.com/bingbot.htm) Chrome/116.0.1938.76 Safari/537.36"
40.77.167.68 - - [12/Sep/2026:17:18:54 +0300] "GET /?sale/search/detail/?ITMCODE=519917036435 HTTP/2.0" 200 193615 "-" "Mozilla/5.0 AppleWebKit/537.36 (KHTML, like Gecko; compatible; bingbot/2.0; +http://www.bing.com/bingbot.htm) Chrome/116.0.1938.76 Safari/537.36"
74.7.243.247 - - [12/Sep/2026:17:18:55 +0300] "GET /?sale/search/detail/?ITMCODE=519563226380 HTTP/2.0" 200 31682 "https://keliauk-uk.lt.testams.vhost.lt/?sitemap-product.xml" "Mozilla/5.0 AppleWebKit/537.36 (KHTML, like Gecko; compatible; GPTBot/1.4; +https://openai.com/gptbot)"
40.77.167.68 - - [12/Sep/2026:17:18:55 +0300] "GET /?sale/search/detail/?ITMCODE=519968210656 HTTP/2.0" 200 194885 "-" "Mozilla/5.0 AppleWebKit/537.36 (KHTML, like Gecko; compatible; bingbot/2.0; +http://www.bing.com/bingbot.htm) Chrome/116.0.1938.76 Safari/537.36"
66.249.79.2 - - [12/Sep/2026:17:18:55 +0300] "GET /index.php/zinynas-keliaujantiems?sale/search/detail/?ITMCODE=51971148062 HTTP/1.1" 200 210362 "-" "Mozilla/5.0 (Linux; Android 6.0.1; Nexus 5X Build/MMB29P) AppleWebKit/537.36 (KHTML, like Gecko) Chrome/153.0.8010.36 Mobile Safari/537.36 (compatible; Googlebot/2.1; +http://www.google.com/bot.html)"
85.208.96.208 - - [12/Sep/2026:17:18:56 +0300] "GET /?sale%2Fsearch%2Fdetail%2F%3FITMCODE=51995246865 HTTP/1.1" 200 31562 "-" "Mozilla/5.0 (compatible; SemrushBot/7~bl; +http://www.semrush.com/bot.html)"
40.77.167.68 - - [12/Sep/2026:17:18:55 +0300] "GET /?sale/search/detail/?ITMCODE=519542407391 HTTP/2.0" 200 197354 "-" "Mozilla/5.0 AppleWebKit/537.36 (KHTML, like Gecko; compatible; bingbot/2.0; +http://www.bing.com/bingbot.htm) Chrome/116.0.1938.76 Safari/537.36"
74.7.243.247 - - [12/Sep/2026:17:18:56 +0300] "GET /?sale/search/detail/?ITMCODE=519657855078 HTTP/2.0" 200 31682 "https://keliauk-uk.lt.testams.vhost.lt/?sitemap-product.xml" "Mozilla/5.0 AppleWebKit/537.36 (KHTML, like Gecko; compatible; GPTBot/1.4; +https://openai.com/gptbot)"
40.77.167.68 - - [12/Sep/2026:17:18:56 +0300] "GET /?sale/search/detail/?ITMCODE=51981673291 HTTP/2.0" 200 199542 "-" "Mozilla/5.0 AppleWebKit/537.36 (KHTML, like Gecko; compatible; bingbot/2.0; +http://www.bing.com/bingbot.htm) Chrome/116.0.1938.76 Safari/537.36"
66.249.79.1 - - [12/Sep/2026:17:18:56 +0300] "GET /index.php/zinynas-keliaujantiems?sale/search/detail/?ITMCODE=51992390877 HTTP/1.1" 200 205869 "-" "Mozilla/5.0 (Linux; Android 6.0.1; Nexus 5X Build/MMB29P) AppleWebKit/537.36 (KHTML, like Gecko) Chrome/153.0.8010.36 Mobile Safari/537.36 (compatible; Googlebot/2.1; +http://www.google.com/bot.html)"
40.77.167.68 - - [12/Sep/2026:17:18:57 +0300] "GET /?sale/search/detail/?ITMCODE=51966527715 HTTP/2.0" 200 195258 "-" "Mozilla/5.0 AppleWebKit/537.36 (KHTML, like Gecko; compatible; bingbot/2.0; +http://www.bing.com/bingbot.htm) Chrome/116.0.1938.76 Safari/537.36"
74.7.243.247 - - [12/Sep/2026:17:18:57 +0300] "GET /?sale/search/detail/?ITMCODE=519657652680 HTTP/2.0" 200 31682 "https://keliauk-uk.lt.testams.vhost.lt/?sitemap-product.xml" "Mozilla/5.0 AppleWebKit/537.36 (KHTML, like Gecko; compatible; GPTBot/1.4; +https://openai.com/gptbot)"
66.249.79.1 - - [12/Sep/2026:17:18:57 +0300] "GET /index.php/zinynas-keliaujantiems?sale/search/detail/?ITMCODE=51992253665 HTTP/1.1" 200 211011 "-" "Mozilla/5.0 (Linux; Android 6.0.1; Nexus 5X Build/MMB29P) AppleWebKit/537.36 (KHTML, like Gecko) Chrome/153.0.8010.36 Mobile Safari/537.36 (compatible; Googlebot/2.1; +http://www.google.com/bot.html)"
40.77.167.68 - - [12/Sep/2026:17:18:57 +0300] "GET /?sale/search/detail/?ITMCODE=51981842104 HTTP/2.0" 200 225124 "-" "Mozilla/5.0 AppleWebKit/537.36 (KHTML, like Gecko; compatible; bingbot/2.0; +http://www.bing.com/bingbot.htm) Chrome/116.0.1938.76 Safari/537.36"
74.7.243.247 - - [12/Sep/2026:17:18:58 +0300] "GET /?sale/search/detail/?ITMCODE=519663992328 HTTP/2.0" 200 31682 "https://keliauk-uk.lt.testams.vhost.lt/?sitemap-product.xml" "Mozilla/5.0 AppleWebKit/537.36 (KHTML, like Gecko; compatible; GPTBot/1.4; +https://openai.com/gptbot)"
40.77.167.68 - - [12/Sep/2026:17:18:58 +0300] "GET /?sale/search/detail/?ITMCODE=519737094680 HTTP/2.0" 200 205410 "-" "Mozilla/5.0 AppleWebKit/537.36 (KHTML, like Gecko; compatible; bingbot/2.0; +http://www.bing.com/bingbot.htm) Chrome/116.0.1938.76 Safari/537.36"
74.7.243.247 - - [12/Sep/2026:17:18:59 +0300] "GET /?sale/search/detail/?ITMCODE=519660989775 HTTP/2.0" 200 31682 "https://keliauk-uk.lt.testams.vhost.lt/?sitemap-product.xml" "Mozilla/5.0 AppleWebKit/537.36 (KHTML, like Gecko; compatible; GPTBot/1.4; +https://openai.com/gptbot)"
40.77.167.68 - - [12/Sep/2026:17:18:59 +0300] "GET /?sale/search/detail/?ITMCODE=51963648390 HTTP/2.0" 200 203057 "-" "Mozilla/5.0 AppleWebKit/537.36 (KHTML, like Gecko; compatible; bingbot/2.0; +http://www.bing.com/bingbot.htm) Chrome/116.0.1938.76 Safari/537.36"
74.7.243.247 - - [12/Sep/2026:17:18:59 +0300] "GET /?sale/search/detail/?ITMCODE=519663815760 HTTP/2.0" 200 31682 "https://keliauk-uk.lt.testams.vhost.lt/?sitemap-product.xml" "Mozilla/5.0 AppleWebKit/537.36 (KHTML, like Gecko; compatible; GPTBot/1.4; +https://openai.com/gptbot)"
40.77.167.68 - - [12/Sep/2026:17:18:59 +0300] "GET /?sale/search/detail/?ITMCODE=51995357408 HTTP/2.0" 200 197165 "-" "Mozilla/5.0 AppleWebKit/537.36 (KHTML, like Gecko; compatible; bingbot/2.0; +http://www.bing.com/bingbot.htm) Chrome/116.0.1938.76 Safari/537.36"
52.167.144.197 - - [12/Sep/2026:17:18:59 +0300] "GET /?sale/search/detail/?ITMCODE=5196951187 HTTP/2.0" 200 205207 "-" "Mozilla/5.0 AppleWebKit/537.36 (KHTML, like Gecko; compatible; bingbot/2.0; +http://www.bing.com/bingbot.htm) Chrome/116.0.1938.76 Safari/537.36"
74.7.243.247 - - [12/Sep/2026:17:19:00 +0300] "GET /?sale/search/detail/?ITMCODE=519959011155 HTTP/2.0" 200 31682 "https://keliauk-uk.lt.testams.vhost.lt/?sitemap-product.xml" "Mozilla/5.0 AppleWebKit/537.36 (KHTML, like Gecko; compatible; GPTBot/1.4; +https://openai.com/gptbot)"
40.77.167.68 - - [12/Sep/2026:17:19:00 +0300] "GET /?sale/search/detail/?ITMCODE=51995286398 HTTP/2.0" 200 199664 "-" "Mozilla/5.0 AppleWebKit/537.36 (KHTML, like Gecko; compatible; bingbot/2.0; +http://www.bing.com/bingbot.htm) Chrome/116.0.1938.76 Safari/537.36"
52.167.144.197 - - [12/Sep/2026:17:19:00 +0300] "GET /?sale/search/detail/?ITMCODE=5196957236 HTTP/2.0" 200 213457 "-" "Mozilla/5.0 AppleWebKit/537.36 (KHTML, like Gecko; compatible; bingbot/2.0; +http://www.bing.com/bingbot.htm) Chrome/116.0.1938.76 Safari/537.36"
74.7.243.247 - - [12/Sep/2026:17:19:00 +0300] "GET /?sale/search/detail/?ITMCODE=520059537220 HTTP/2.0" 200 31682 "https://keliauk-uk.lt.testams.vhost.lt/?sitemap-product.xml" "Mozilla/5.0 AppleWebKit/537.36 (KHTML, like Gecko; compatible; GPTBot/1.4; +https://openai.com/gptbot)"
52.167.144.197 - - [12/Sep/2026:17:19:00 +0300] "GET /?sale/search/detail/?ITMCODE=51992203522 HTTP/2.0" 200 207401 "-" "Mozilla/5.0 AppleWebKit/537.36 (KHTML, like Gecko; compatible; bingbot/2.0; +http://www.bing.com/bingbot.htm) Chrome/116.0.1938.76 Safari/537.36"
74.7.243.247 - - [12/Sep/2026:17:19:01 +0300] "GET /?sale/search/detail/?ITMCODE=519858535031 HTTP/2.0" 200 31682 "https://keliauk-uk.lt.testams.vhost.lt/?sitemap-product.xml" "Mozilla/5.0 AppleWebKit/537.36 (KHTML, like Gecko; compatible; GPTBot/1.4; +https://openai.com/gptbot)"
52.167.144.197 - - [12/Sep/2026:17:19:01 +0300] "GET /?sale/search/detail/?ITMCODE=51963824247 HTTP/2.0" 200 201479 "-" "Mozilla/5.0 AppleWebKit/537.36 (KHTML, like Gecko; compatible; bingbot/2.0; +http://www.bing.com/bingbot.htm) Chrome/116.0.1938.76 Safari/537.36"
74.7.243.247 - - [12/Sep/2026:17:19:01 +0300] "GET /?sale/search/detail/?ITMCODE=519660640056 HTTP/2.0" 200 31682 "https://keliauk-uk.lt.testams.vhost.lt/?sitemap-product.xml" "Mozilla/5.0 AppleWebKit/537.36 (KHTML, like Gecko; compatible; GPTBot/1.4; +https://openai.com/gptbot)"
52.167.144.197 - - [12/Sep/2026:17:19:01 +0300] "GET /?sale/search/detail/?ITMCODE=519782112334 HTTP/2.0" 200 204054 "-" "Mozilla/5.0 AppleWebKit/537.36 (KHTML, like Gecko; compatible; bingbot/2.0; +http://www.bing.com/bingbot.htm) Chrome/116.0.1938.76 Safari/537.36"
74.7.243.247 - - [12/Sep/2026:17:19:02 +0300] "GET /?sale/search/detail/?ITMCODE=519858595853 HTTP/2.0" 200 31682 "https://keliauk-uk.lt.testams.vhost.lt/?sitemap-product.xml" "Mozilla/5.0 AppleWebKit/537.36 (KHTML, like Gecko; compatible; GPTBot/1.4; +https://openai.com/gptbot)"
52.167.144.197 - - [12/Sep/2026:17:19:02 +0300] "GET /?sale/search/detail/?ITMCODE=5196902863 HTTP/2.0" 200 223099 "-" "Mozilla/5.0 AppleWebKit/537.36 (KHTML, like Gecko; compatible; bingbot/2.0; +http://www.bing.com/bingbot.htm) Chrome/116.0.1938.76 Safari/537.36"
74.7.243.247 - - [12/Sep/2026:17:19:02 +0300] "GET /?sale/search/detail/?ITMCODE=519861803060 HTTP/2.0" 200 31682 "https://keliauk-uk.lt.testams.vhost.lt/?sitemap-product.xml" "Mozilla/5.0 AppleWebKit/537.36 (KHTML, like Gecko; compatible; GPTBot/1.4; +https://openai.com/gptbot)"
74.7.243.247 - - [12/Sep/2026:17:19:03 +0300] "GET /?sale/search/detail/?ITMCODE=520059849031 HTTP/2.0" 200 31682 "https://keliauk-uk.lt.testams.vhost.lt/?sitemap-product.xml" "Mozilla/5.0 AppleWebKit/537.36 (KHTML, like Gecko; compatible; GPTBot/1.4; +https://openai.com/gptbot)"
74.7.243.247 - - [12/Sep/2026:17:19:03 +0300] "GET /?sale/search/detail/?ITMCODE=519764250181 HTTP/2.0" 200 31682 "https://keliauk-uk.lt.testams.vhost.lt/?sitemap-product.xml" "Mozilla/5.0 AppleWebKit/537.36 (KHTML, like Gecko; compatible; GPTBot/1.4; +https://openai.com/gptbot)"
74.7.243.247 - - [12/Sep/2026:17:19:04 +0300] "GET /?sale/search/detail/?ITMCODE=519660695853 HTTP/2.0" 200 31682 "https://keliauk-uk.lt.testams.vhost.lt/?sitemap-product.xml" "Mozilla/5.0 AppleWebKit/537.36 (KHTML, like Gecko; compatible; GPTBot/1.4; +https://openai.com/gptbot)"
74.7.243.247 - - [12/Sep/2026:17:19:04 +0300] "GET /?sale/search/detail/?ITMCODE=520059828115 HTTP/2.0" 200 31682 "https://keliauk-uk.lt.testams.vhost.lt/?sitemap-product.xml" "Mozilla/5.0 AppleWebKit/537.36 (KHTML, like Gecko; compatible; GPTBot/1.4; +https://openai.com/gptbot)"
74.7.243.247 - - [12/Sep/2026:17:19:05 +0300] "GET /?sale/search/detail/?ITMCODE=519864733328 HTTP/2.0" 200 31682 "https://keliauk-uk.lt.testams.vhost.lt/?sitemap-product.xml" "Mozilla/5.0 AppleWebKit/537.36 (KHTML, like Gecko; compatible; GPTBot/1.4; +https://openai.com/gptbot)"
74.7.243.247 - - [12/Sep/2026:17:19:05 +0300] "GET /?sale/search/detail/?ITMCODE=519962224530 HTTP/2.0" 200 31682 "https://keliauk-uk.lt.testams.vhost.lt/?sitemap-product.xml" "Mozilla/5.0 AppleWebKit/537.36 (KHTML, like Gecko; compatible; GPTBot/1.4; +https://openai.com/gptbot)"
74.7.243.247 - - [12/Sep/2026:17:19:06 +0300] "GET /?sale/search/detail/?ITMCODE=519764443828 HTTP/2.0" 200 31682 "https://keliauk-uk.lt.testams.vhost.lt/?sitemap-product.xml" "Mozilla/5.0 AppleWebKit/537.36 (KHTML, like Gecko; compatible; GPTBot/1.4; +https://openai.com/gptbot)"
74.7.243.247 - - [12/Sep/2026:17:19:06 +0300] "GET /?sale/search/detail/?ITMCODE=519657774831 HTTP/2.0" 200 31682 "https://keliauk-uk.lt.testams.vhost.lt/?sitemap-product.xml" "Mozilla/5.0 AppleWebKit/537.36 (KHTML, like Gecko; compatible; GPTBot/1.4; +https://openai.com/gptbot)"
74.7.243.247 - - [12/Sep/2026:17:19:07 +0300] "GET /?sale/search/detail/?ITMCODE=519560444381 HTTP/2.0" 200 31682 "https://keliauk-uk.lt.testams.vhost.lt/?sitemap-product.xml" "Mozilla/5.0 AppleWebKit/537.36 (KHTML, like Gecko; compatible; GPTBot/1.4; +https://openai.com/gptbot)"
74.7.243.247 - - [12/Sep/2026:17:19:07 +0300] "GET /?sale/search/detail/?ITMCODE=519962340000 HTTP/2.0" 200 31682 "https://keliauk-uk.lt.testams.vhost.lt/?sitemap-product.xml" "Mozilla/5.0 AppleWebKit/537.36 (KHTML, like Gecko; compatible; GPTBot/1.4; +https://openai.com/gptbot)"
74.7.243.247 - - [12/Sep/2026:17:19:08 +0300] "GET /?sale/search/detail/?ITMCODE=519660561111 HTTP/2.0" 200 31682 "https://keliauk-uk.lt.testams.vhost.lt/?sitemap-product.xml" "Mozilla/5.0 AppleWebKit/537.36 (KHTML, like Gecko; compatible; GPTBot/1.4; +https://openai.com/gptbot)"
66.249.79.1 - - [12/Sep/2026:17:19:08 +0300] "GET /index.php/zinynas-keliaujantiems?sale/search/detail/?ITMCODE=5196918996 HTTP/1.1" 200 216182 "-" "Mozilla/5.0 (Linux; Android 6.0.1; Nexus 5X Build/MMB29P) AppleWebKit/537.36 (KHTML, like Gecko) Chrome/153.0.8010.36 Mobile Safari/537.36 (compatible; Googlebot/2.1; +http://www.google.com/bot.html)"
74.7.243.247 - - [12/Sep/2026:17:19:08 +0300] "GET /?sale/search/detail/?ITMCODE=519959111166 HTTP/2.0" 200 31682 "https://keliauk-uk.lt.testams.vhost.lt/?sitemap-product.xml" "Mozilla/5.0 AppleWebKit/537.36 (KHTML, like Gecko; compatible; GPTBot/1.4; +https://openai.com/gptbot)"
74.7.243.247 - - [12/Sep/2026:17:19:09 +0300] "GET /?sale/search/detail/?ITMCODE=519761166616 HTTP/2.0" 200 31682 "https://keliauk-uk.lt.testams.vhost.lt/?sitemap-product.xml" "Mozilla/5.0 AppleWebKit/537.36 (KHTML, like Gecko; compatible; GPTBot/1.4; +https://openai.com/gptbot)"
74.7.243.247 - - [12/Sep/2026:17:19:09 +0300] "GET /?sale/search/detail/?ITMCODE=519858555161 HTTP/2.0" 200 31682 "https://keliauk-uk.lt.testams.vhost.lt/?sitemap-product.xml" "Mozilla/5.0 AppleWebKit/537.36 (KHTML, like Gecko; compatible; GPTBot/1.4; +https://openai.com/gptbot)"
74.7.243.247 - - [12/Sep/2026:17:19:10 +0300] "GET /?sale/search/detail/?ITMCODE=519861666620 HTTP/2.0" 200 31682 "https://keliauk-uk.lt.testams.vhost.lt/?sitemap-product.xml" "Mozilla/5.0 AppleWebKit/537.36 (KHTML, like Gecko; compatible; GPTBot/1.4; +https://openai.com/gptbot)"
74.7.243.247 - - [12/Sep/2026:17:19:10 +0300] "GET /?sale/search/detail/?ITMCODE=519758050000 HTTP/2.0" 200 31682 "https://keliauk-uk.lt.testams.vhost.lt/?sitemap-product.xml" "Mozilla/5.0 AppleWebKit/537.36 (KHTML, like Gecko; compatible; GPTBot/1.4; +https://openai.com/gptbot)"
74.7.243.247 - - [12/Sep/2026:17:19:11 +0300] "GET /?sale/search/detail/?ITMCODE=519858550115 HTTP/2.0" 200 31682 "https://keliauk-uk.lt.testams.vhost.lt/?sitemap-product.xml" "Mozilla/5.0 AppleWebKit/537.36 (KHTML, like Gecko; compatible; GPTBot/1.4; +https://openai.com/gptbot)"
74.7.243.247 - - [12/Sep/2026:17:19:11 +0300] "GET /?sale/search/detail/?ITMCODE=519959165166 HTTP/2.0" 200 31682 "https://keliauk-uk.lt.testams.vhost.lt/?sitemap-product.xml" "Mozilla/5.0 AppleWebKit/537.36 (KHTML, like Gecko; compatible; GPTBot/1.4; +https://openai.com/gptbot)"
74.7.243.247 - - [12/Sep/2026:17:19:12 +0300] "GET /?sale/search/detail/?ITMCODE=520059590080 HTTP/2.0" 200 31682 "https://keliauk-uk.lt.testams.vhost.lt/?sitemap-product.xml" "Mozilla/5.0 AppleWebKit/537.36 (KHTML, like Gecko; compatible; GPTBot/1.4; +https://openai.com/gptbot)"
74.7.243.247 - - [12/Sep/2026:17:19:13 +0300] "GET /?sale/search/detail/?ITMCODE=519959452551 HTTP/2.0" 200 31682 "https://keliauk-uk.lt.testams.vhost.lt/?sitemap-product.xml" "Mozilla/5.0 AppleWebKit/537.36 (KHTML, like Gecko; compatible; GPTBot/1.4; +https://openai.com/gptbot)"
74.7.243.247 - - [12/Sep/2026:17:19:13 +0300] "GET /?sale/search/detail/?ITMCODE=519959318991 HTTP/2.0" 200 31682 "https://keliauk-uk.lt.testams.vhost.lt/?sitemap-product.xml" "Mozilla/5.0 AppleWebKit/537.36 (KHTML, like Gecko; compatible; GPTBot/1.4; +https://openai.com/gptbot)"
74.7.243.247 - - [12/Sep/2026:17:19:14 +0300] "GET /?sale/search/detail/?ITMCODE=519959219895 HTTP/2.0" 200 31682 "https://keliauk-uk.lt.testams.vhost.lt/?sitemap-product.xml" "Mozilla/5.0 AppleWebKit/537.36 (KHTML, like Gecko; compatible; GPTBot/1.4; +https://openai.com/gptbot)"
74.7.243.247 - - [12/Sep/2026:17:19:14 +0300] "GET /?sale/search/detail/?ITMCODE=519959171211 HTTP/2.0" 200 31682 "https://keliauk-uk.lt.testams.vhost.lt/?sitemap-product.xml" "Mozilla/5.0 AppleWebKit/537.36 (KHTML, like Gecko; compatible; GPTBot/1.4; +https://openai.com/gptbot)"
114.119.144.15 - - [12/Sep/2026:17:19:14 +0300] "GET /?sale/search/detail/%3FITMCODE=51987798899 HTTP/1.1" 200 31590 "https://www.keliauk-uk.lt/?sitemap-shopdetail.xml" "Mozilla/5.0 (Linux; Android 7.0;) AppleWebKit/537.36 (HTML, like Gecko) Mobile Safari/537.36 (compatible; PetalBot;+https://webmaster.petalsearch.com/site/petalbot)"
74.7.243.247 - - [12/Sep/2026:17:19:15 +0300] "GET /?sale/search/detail/?ITMCODE=519560224445 HTTP/2.0" 200 31682 "https://keliauk-uk.lt.testams.vhost.lt/?sitemap-product.xml" "Mozilla/5.0 AppleWebKit/537.36 (KHTML, like Gecko; compatible; GPTBot/1.4; +https://openai.com/gptbot)"
74.7.243.247 - - [12/Sep/2026:17:19:15 +0300] "GET /?sale/search/detail/?ITMCODE=519758295556 HTTP/2.0" 200 31682 "https://keliauk-uk.lt.testams.vhost.lt/?sitemap-product.xml" "Mozilla/5.0 AppleWebKit/537.36 (KHTML, like Gecko; compatible; GPTBot/1.4; +https://openai.com/gptbot)"
74.7.243.247 - - [12/Sep/2026:17:19:16 +0300] "GET /?sale/search/detail/?ITMCODE=520059997711 HTTP/2.0" 200 31682 "https://keliauk-uk.lt.testams.vhost.lt/?sitemap-product.xml" "Mozilla/5.0 AppleWebKit/537.36 (KHTML, like Gecko; compatible; GPTBot/1.4; +https://openai.com/gptbot)"
74.7.243.247 - - [12/Sep/2026:17:19:16 +0300] "GET /?sale/search/detail/?ITMCODE=519657771450 HTTP/2.0" 200 31682 "https://keliauk-uk.lt.testams.vhost.lt/?sitemap-product.xml" "Mozilla/5.0 AppleWebKit/537.36 (KHTML, like Gecko; compatible; GPTBot/1.4; +https://openai.com/gptbot)"
74.7.243.247 - - [12/Sep/2026:17:19:17 +0300] "GET /?sale/search/detail/?ITMCODE=520062977728 HTTP/2.0" 200 31682 "https://keliauk-uk.lt.testams.vhost.lt/?sitemap-product.xml" "Mozilla/5.0 AppleWebKit/537.36 (KHTML, like Gecko; compatible; GPTBot/1.4; +https://openai.com/gptbot)"
74.7.243.247 - - [12/Sep/2026:17:19:17 +0300] "GET /?sale/search/detail/?ITMCODE=519663555228 HTTP/2.0" 200 31682 "https://keliauk-uk.lt.testams.vhost.lt/?sitemap-product.xml" "Mozilla/5.0 AppleWebKit/537.36 (KHTML, like Gecko; compatible; GPTBot/1.4; +https://openai.com/gptbot)"
74.7.243.247 - - [12/Sep/2026:17:19:18 +0300] "GET /?sale/search/detail/?ITMCODE=519962157771 HTTP/2.0" 200 31682 "https://keliauk-uk.lt.testams.vhost.lt/?sitemap-product.xml" "Mozilla/5.0 AppleWebKit/537.36 (KHTML, like Gecko; compatible; GPTBot/1.4; +https://openai.com/gptbot)"
74.7.243.247 - - [12/Sep/2026:17:19:18 +0300] "GET /?sale/search/detail/?ITMCODE=519959287776 HTTP/2.0" 200 31682 "https://keliauk-uk.lt.testams.vhost.lt/?sitemap-product.xml" "Mozilla/5.0 AppleWebKit/537.36 (KHTML, like Gecko; compatible; GPTBot/1.4; +https://openai.com/gptbot)"
66.249.79.1 - - [12/Sep/2026:17:19:18 +0300] "GET /index.php/zinynas-keliaujantiems?sale/search/detail/?ITMCODE=51992286839 HTTP/1.1" 200 209807 "-" "Mozilla/5.0 (Linux; Android 6.0.1; Nexus 5X Build/MMB29P) AppleWebKit/537.36 (KHTML, like Gecko) Chrome/153.0.8010.36 Mobile Safari/537.36 (compatible; Googlebot/2.1; +http://www.google.com/bot.html)"
74.7.243.247 - - [12/Sep/2026:17:19:19 +0300] "GET /?sale/search/detail/?ITMCODE=519965244426 HTTP/2.0" 200 31682 "https://keliauk-uk.lt.testams.vhost.lt/?sitemap-product.xml" "Mozilla/5.0 AppleWebKit/537.36 (KHTML, like Gecko; compatible; GPTBot/1.4; +https://openai.com/gptbot)"
74.7.243.247 - - [12/Sep/2026:17:19:19 +0300] "GET /?sale/search/detail/?ITMCODE=519560004890 HTTP/2.0" 200 31682 "https://keliauk-uk.lt.testams.vhost.lt/?sitemap-product.xml" "Mozilla/5.0 AppleWebKit/537.36 (KHTML, like Gecko; compatible; GPTBot/1.4; +https://openai.com/gptbot)"
85.208.96.196 - - [12/Sep/2026:17:19:19 +0300] "GET /?sale%2Fsearch%2Fdetail%2F%3FITMCODE=520059583198 HTTP/1.1" 200 31563 "-" "Mozilla/5.0 (compatible; SemrushBot/7~bl; +http://www.semrush.com/bot.html)"
