207.46.13.6 - - [12/Sep/2026:16:24:53 +0300] "GET /shop/c/c519810085/ HTTP/2.0" 200 273260 "-" "Mozilla/5.0 AppleWebKit/537.36 (KHTML, like Gecko; compatible; bingbot/2.0; +http://www.bing.com/bingbot.htm) Chrome/116.0.1938.76 Safari/537.36"
207.46.13.6 - - [12/Sep/2026:16:24:55 +0300] "GET /?sale/search/detail/?ITMCODE=519648689690 HTTP/2.0" 200 214372 "-" "Mozilla/5.0 AppleWebKit/537.36 (KHTML, like Gecko; compatible; bingbot/2.0; +http://www.bing.com/bingbot.htm) Chrome/116.0.1938.76 Safari/537.36"
207.46.13.6 - - [12/Sep/2026:16:24:56 +0300] "GET /?sale/search/detail/?ITMCODE=52002585426 HTTP/2.0" 200 208144 "-" "Mozilla/5.0 AppleWebKit/537.36 (KHTML, like Gecko; compatible; bingbot/2.0; +http://www.bing.com/bingbot.htm) Chrome/116.0.1938.76 Safari/537.36"
207.46.13.6 - - [12/Sep/2026:16:24:57 +0300] "GET /?sale/search/detail/?ITMCODE=5196507775 HTTP/2.0" 200 201912 "-" "Mozilla/5.0 AppleWebKit/537.36 (KHTML, like Gecko; compatible; bingbot/2.0; +http://www.bing.com/bingbot.htm) Chrome/116.0.1938.76 Safari/537.36"
157.55.39.62 - - [12/Sep/2026:16:25:00 +0300] "GET /?sale/search/detail/?ITMCODE=519581248556 HTTP/2.0" 200 203227 "-" "Mozilla/5.0 AppleWebKit/537.36 (KHTML, like Gecko; compatible; bingbot/2.0; +http://www.bing.com/bingbot.htm) Chrome/116.0.1938.76 Safari/537.36"
157.55.39.62 - - [12/Sep/2026:16:25:01 +0300] "GET /?sale/search/detail/?ITMCODE=519627628881 HTTP/2.0" 200 195669 "-" "Mozilla/5.0 AppleWebKit/537.36 (KHTML, like Gecko; compatible; bingbot/2.0; +http://www.bing.com/bingbot.htm) Chrome/116.0.1938.76 Safari/537.36"
157.55.39.62 - - [12/Sep/2026:16:25:03 +0300] "GET /?sale/search/detail/?ITMCODE=51956245604 HTTP/2.0" 200 216020 "-" "Mozilla/5.0 AppleWebKit/537.36 (KHTML, like Gecko; compatible; bingbot/2.0; +http://www.bing.com/bingbot.htm) Chrome/116.0.1938.76 Safari/537.36"
157.55.39.62 - - [12/Sep/2026:16:25:09 +0300] "GET /?sale/search/detail/?ITMCODE=519566009249 HTTP/2.0" 200 198733 "-" "Mozilla/5.0 AppleWebKit/537.36 (KHTML, like Gecko; compatible; bingbot/2.0; +http://www.bing.com/bingbot.htm) Chrome/116.0.1938.76 Safari/537.36"
157.55.39.62 - - [12/Sep/2026:16:25:10 +0300] "GET /?sale/search/detail/?ITMCODE=51966598277 HTTP/2.0" 200 198438 "-" "Mozilla/5.0 AppleWebKit/537.36 (KHTML, like Gecko; compatible; bingbot/2.0; +http://www.bing.com/bingbot.htm) Chrome/116.0.1938.76 Safari/537.36"
157.55.39.62 - - [12/Sep/2026:16:25:11 +0300] "GET /?sale/search/detail/?ITMCODE=51956106089 HTTP/2.0" 200 198519 "-" "Mozilla/5.0 AppleWebKit/537.36 (KHTML, like Gecko; compatible; bingbot/2.0; +http://www.bing.com/bingbot.htm) Chrome/116.0.1938.76 Safari/537.36"
207.46.13.92 - - [12/Sep/2026:16:25:19 +0300] "GET /?sale/search/detail/?ITMCODE=519950342749 HTTP/2.0" 200 195802 "-" "Mozilla/5.0 AppleWebKit/537.36 (KHTML, like Gecko; compatible; bingbot/2.0; +http://www.bing.com/bingbot.htm) Chrome/116.0.1938.76 Safari/537.36"
207.46.13.92 - - [12/Sep/2026:16:25:20 +0300] "GET /?sale/search/detail/?ITMCODE=51987717321 HTTP/2.0" 200 207234 "-" "Mozilla/5.0 AppleWebKit/537.36 (KHTML, like Gecko; compatible; bingbot/2.0; +http://www.bing.com/bingbot.htm) Chrome/116.0.1938.76 Safari/537.36"
207.46.13.92 - - [12/Sep/2026:16:25:21 +0300] "GET /?sale/search/detail/?ITMCODE=51992175763 HTTP/2.0" 200 205362 "-" "Mozilla/5.0 AppleWebKit/537.36 (KHTML, like Gecko; compatible; bingbot/2.0; +http://www.bing.com/bingbot.htm) Chrome/116.0.1938.76 Safari/537.36"
85.208.96.209 - - [12/Sep/2026:16:25:24 +0300] "GET /?sale%2Fsearch%2Fdetail%2F%3FITMCODE=520092828649 HTTP/1.1" 200 31563 "-" "Mozilla/5.0 (compatible; SemrushBot/7~bl; +http://www.semrush.com/bot.html)"
57.141.20.21 - - [12/Sep/2026:16:25:30 +0300] "GET /index.php/component/search/?sale/search/detail/?ITMCODE=519596484593&id=1&Itemid=437&format=opensearch HTTP/2.0" 200 585 "-" "Mozilla/5.0 (Macintosh; Intel Mac OS X 10_15_7) AppleWebKit/537.36 (KHTML, like Gecko) Chrome/145.0.0.0 Safari/537.36 (compatible; meta-externalagent/1.1 (+https://developers.facebook.com/docs/sharing/webmasters/crawler))"
85.208.96.202 - - [12/Sep/2026:16:25:41 +0300] "GET /?sale%2Fsearch%2Fdetail%2F%3FITMCODE=52002851836 HTTP/1.1" 200 31562 "-" "Mozilla/5.0 (compatible; SemrushBot/7~bl; +http://www.semrush.com/bot.html)"
66.249.79.1 - - [12/Sep/2026:16:25:44 +0300] "GET /index.php/zinynas-keliaujantiems?sale/search/detail/?ITMCODE=52002906196 HTTP/1.1" 200 210932 "-" "Mozilla/5.0 (Linux; Android 6.0.1; Nexus 5X Build/MMB29P) AppleWebKit/537.36 (KHTML, like Gecko) Chrome/153.0.8010.36 Mobile Safari/537.36 (compatible; Googlebot/2.1; +http://www.google.com/bot.html)"
114.119.137.116 - - [12/Sep/2026:16:25:59 +0300] "GET /?sale/search/detail/%3FITMCODE=51987870237 HTTP/1.1" 200 31590 "https://www.keliauk-uk.lt/?sitemap-items.xml" "Mozilla/5.0 (Linux; Android 7.0;) AppleWebKit/537.36 (HTML, like Gecko) Mobile Safari/537.36 (compatible; PetalBot;+https://webmaster.petalsearch.com/site/petalbot)"
185.191.171.13 - - [12/Sep/2026:16:26:01 +0300] "GET /?sale%2Fsearch%2Fdetail%2F%3FITMCODE=52005759678 HTTP/1.1" 200 31562 "-" "Mozilla/5.0 (compatible; SemrushBot/7~bl; +http://www.semrush.com/bot.html)"
185.191.171.16 - - [12/Sep/2026:16:26:11 +0300] "GET /?sale%2Fsearch%2Fdetail%2F%3FITMCODE=519788202934 HTTP/1.1" 200 31563 "-" "Mozilla/5.0 (compatible; SemrushBot/7~bl; +http://www.semrush.com/bot.html)"
52.167.144.217 - - [12/Sep/2026:16:26:20 +0300] "GET /?sale/search/detail/?ITMCODE=52002524865 HTTP/2.0" 200 220278 "-" "Mozilla/5.0 AppleWebKit/537.36 (KHTML, like Gecko; compatible; bingbot/2.0; +http://www.bing.com/bingbot.htm) Chrome/116.0.1938.76 Safari/537.36"
85.208.96.207 - - [12/Sep/2026:16:26:20 +0300] "GET /?sale%2Fsearch%2Fdetail%2F%3FITMCODE=519636990712 HTTP/1.1" 200 31563 "-" "Mozilla/5.0 (compatible; SemrushBot/7~bl; +http://www.semrush.com/bot.html)"
52.167.144.217 - - [12/Sep/2026:16:26:21 +0300] "GET /?sale/search/detail/?ITMCODE=519666923280 HTTP/2.0" 200 211404 "-" "Mozilla/5.0 AppleWebKit/537.36 (KHTML, like Gecko; compatible; bingbot/2.0; +http://www.bing.com/bingbot.htm) Chrome/116.0.1938.76 Safari/537.36"
52.167.144.217 - - [12/Sep/2026:16:26:22 +0300] "GET /?sale/search/detail/?ITMCODE=519539307 HTTP/2.0" 200 209281 "-" "Mozilla/5.0 AppleWebKit/537.36 (KHTML, like Gecko; compatible; bingbot/2.0; +http://www.bing.com/bingbot.htm) Chrome/116.0.1938.76 Safari/537.36"
52.167.144.217 - - [12/Sep/2026:16:26:25 +0300] "GET /?sale/search/detail/?ITMCODE=5195496902 HTTP/2.0" 200 229972 "-" "Mozilla/5.0 AppleWebKit/537.36 (KHTML, like Gecko; compatible; bingbot/2.0; +http://www.bing.com/bingbot.htm) Chrome/116.0.1938.76 Safari/537.36"
52.167.144.217 - - [12/Sep/2026:16:26:26 +0300] "GET /?sale/search/detail/?ITMCODE=5195393696 HTTP/2.0" 200 200836 "-" "Mozilla/5.0 AppleWebKit/537.36 (KHTML, like Gecko; compatible; bingbot/2.0; +http://www.bing.com/bingbot.htm) Chrome/116.0.1938.76 Safari/537.36"
52.167.144.217 - - [12/Sep/2026:16:26:27 +0300] "GET /?sale/search/detail/?ITMCODE=52002641866 HTTP/2.0" 200 202043 "-" "Mozilla/5.0 AppleWebKit/537.36 (KHTML, like Gecko; compatible; bingbot/2.0; +http://www.bing.com/bingbot.htm) Chrome/116.0.1938.76 Safari/537.36"
52.167.144.217 - - [12/Sep/2026:16:26:28 +0300] "GET /?sale/search/detail/?ITMCODE=51971251322 HTTP/2.0" 200 202817 "-" "Mozilla/5.0 AppleWebKit/537.36 (KHTML, like Gecko; compatible; bingbot/2.0; +http://www.bing.com/bingbot.htm) Chrome/116.0.1938.76 Safari/537.36"
52.167.144.217 - - [12/Sep/2026:16:26:29 +0300] "GET /?sale/search/detail/?ITMCODE=52002544366 HTTP/2.0" 200 212796 "-" "Mozilla/5.0 AppleWebKit/537.36 (KHTML, like Gecko; compatible; bingbot/2.0; +http://www.bing.com/bingbot.htm) Chrome/116.0.1938.76 Safari/537.36"
52.167.144.217 - - [12/Sep/2026:16:26:30 +0300] "GET /?sale/search/detail/?ITMCODE=52002707753 HTTP/2.0" 200 200181 "-" "Mozilla/5.0 AppleWebKit/537.36 (KHTML, like Gecko; compatible; bingbot/2.0; +http://www.bing.com/bingbot.htm) Chrome/116.0.1938.76 Safari/537.36"
52.167.144.21 - - [12/Sep/2026:16:26:31 +0300] "GET /?sale/search/detail/?ITMCODE=5195337972 HTTP/2.0" 200 237041 "-" "Mozilla/5.0 AppleWebKit/537.36 (KHTML, like Gecko; compatible; bingbot/2.0; +http://www.bing.com/bingbot.htm) Chrome/116.0.1938.76 Safari/537.36"
185.191.171.3 - - [12/Sep/2026:16:26:31 +0300] "GET /?sale%2Fsearch%2Fdetail%2F%3FITMCODE=519891923864 HTTP/1.1" 200 31563 "-" "Mozilla/5.0 (compatible; SemrushBot/7~bl; +http://www.semrush.com/bot.html)"
52.167.144.21 - - [12/Sep/2026:16:26:32 +0300] "GET /sale/search/detail/?ITMCODE=5195133226 HTTP/2.0" 200 204876 "-" "Mozilla/5.0 AppleWebKit/537.36 (KHTML, like Gecko; compatible; bingbot/2.0; +http://www.bing.com/bingbot.htm) Chrome/116.0.1938.76 Safari/537.36"
52.167.144.21 - - [12/Sep/2026:16:26:32 +0300] "GET /?sale/search/detail/?ITMCODE=51971047642 HTTP/2.0" 200 207014 "-" "Mozilla/5.0 AppleWebKit/537.36 (KHTML, like Gecko; compatible; bingbot/2.0; +http://www.bing.com/bingbot.htm) Chrome/116.0.1938.76 Safari/537.36"
52.167.144.21 - - [12/Sep/2026:16:26:33 +0300] "GET /?sale/search/detail/?ITMCODE=51971342659 HTTP/2.0" 200 203647 "-" "Mozilla/5.0 AppleWebKit/537.36 (KHTML, like Gecko; compatible; bingbot/2.0; +http://www.bing.com/bingbot.htm) Chrome/116.0.1938.76 Safari/537.36"
57.141.20.57 - - [12/Sep/2026:16:26:37 +0300] "GET /index.php/component/search/?sale/search/detail/?ITMCODE=519920059912&format=opensearch HTTP/2.0" 200 561 "-" "Mozilla/5.0 (Macintosh; Intel Mac OS X 10_15_7) AppleWebKit/537.36 (KHTML, like Gecko) Chrome/145.0.0.0 Safari/537.36 (compatible; meta-externalagent/1.1 (+https://developers.facebook.com/docs/sharing/webmasters/crawler))"
66.249.79.1 - - [12/Sep/2026:16:26:39 +0300] "GET /index.php/zinynas-keliaujantiems?sale/search/detail/?ITMCODE=52002750188 HTTP/1.1" 200 211345 "-" "Mozilla/5.0 (Linux; Android 6.0.1; Nexus 5X Build/MMB29P) AppleWebKit/537.36 (KHTML, like Gecko) Chrome/153.0.8010.36 Mobile Safari/537.36 (compatible; Googlebot/2.1; +http://www.google.com/bot.html)"
85.208.96.203 - - [12/Sep/2026:16:26:41 +0300] "GET /?sale%2Fsearch%2Fdetail%2F%3FITMCODE=519891538469 HTTP/1.1" 200 31563 "-" "Mozilla/5.0 (compatible; SemrushBot/7~bl; +http://www.semrush.com/bot.html)"
85.208.96.200 - - [12/Sep/2026:16:26:50 +0300] "GET /?sale%2Fsearch%2Fdetail%2F%3FITMCODE=519666989147 HTTP/1.1" 200 31563 "-" "Mozilla/5.0 (compatible; SemrushBot/7~bl; +http://www.semrush.com/bot.html)"
85.208.96.210 - - [12/Sep/2026:16:27:07 +0300] "GET /?sale%2Fsearch%2Fdetail%2F%3FITMCODE=51963922598 HTTP/1.1" 200 31562 "-" "Mozilla/5.0 (compatible; SemrushBot/7~bl; +http://www.semrush.com/bot.html)"
66.249.79.3 - - [12/Sep/2026:16:27:11 +0300] "GET /index.php/zinynas-keliaujantiems?sale/search/detail/?ITMCODE=5195277257 HTTP/1.1" 200 219260 "-" "Mozilla/5.0 (Linux; Android 6.0.1; Nexus 5X Build/MMB29P) AppleWebKit/537.36 (KHTML, like Gecko) Chrome/153.0.8010.36 Mobile Safari/537.36 (compatible; Googlebot/2.1; +http://www.google.com/bot.html)"
85.208.96.200 - - [12/Sep/2026:16:27:12 +0300] "GET /?sale%2Fsearch%2Fdetail%2F%3FITMCODE=520092776794 HTTP/1.1" 200 31563 "-" "Mozilla/5.0 (compatible; SemrushBot/7~bl; +http://www.semrush.com/bot.html)"
66.249.79.1 - - [12/Sep/2026:16:27:15 +0300] "GET /index.php/zinynas-keliaujantiems?sale/search/detail/?ITMCODE=52002904715 HTTP/1.1" 200 220174 "-" "Mozilla/5.0 (Linux; Android 6.0.1; Nexus 5X Build/MMB29P) AppleWebKit/537.36 (KHTML, like Gecko) Chrome/153.0.8010.36 Mobile Safari/537.36 (compatible; Googlebot/2.1; +http://www.google.com/bot.html)"
66.249.79.2 - - [12/Sep/2026:16:27:17 +0300] "GET /index.php/zinynas-keliaujantiems?sale/search/detail/?ITMCODE=5195214656 HTTP/1.1" 200 213838 "-" "Mozilla/5.0 (Linux; Android 6.0.1; Nexus 5X Build/MMB29P) AppleWebKit/537.36 (KHTML, like Gecko) Chrome/153.0.8010.36 Mobile Safari/537.36 (compatible; Googlebot/2.1; +http://www.google.com/bot.html)"
66.249.79.1 - - [12/Sep/2026:16:27:20 +0300] "GET /index.php/zinynas-keliaujantiems?sale/search/detail/?ITMCODE=5195446718 HTTP/1.1" 200 209257 "-" "Mozilla/5.0 (Linux; Android 6.0.1; Nexus 5X Build/MMB29P) AppleWebKit/537.36 (KHTML, like Gecko) Chrome/153.0.8010.36 Mobile Safari/537.36 (compatible; Googlebot/2.1; +http://www.google.com/bot.html)"
185.191.171.8 - - [12/Sep/2026:16:27:21 +0300] "GET /?sale%2Fsearch%2Fdetail%2F%3FITMCODE=519518473294 HTTP/1.1" 200 31563 "-" "Mozilla/5.0 (compatible; SemrushBot/7~bl; +http://www.semrush.com/bot.html)"
114.119.152.47 - - [12/Sep/2026:16:27:24 +0300] "GET /?sale/search/detail/%3FITMCODE=51987869371 HTTP/1.1" 200 31590 "https://www.keliauk-uk.lt/?sitemap-items.xml" "Mozilla/5.0 (Linux; Android 7.0;) AppleWebKit/537.36 (HTML, like Gecko) Mobile Safari/537.36 (compatible; PetalBot;+https://webmaster.petalsearch.com/site/petalbot)"
51.89.69.106 - - [12/Sep/2026:16:27:35 +0300] "GET /?sitemap-items.xml HTTP/2.0" 200 180548 "-" "Mozilla/5.0 (compatible; AhrefsBot/7.0; +http://ahrefs.com/robot/)"
66.249.79.1 - - [12/Sep/2026:16:27:45 +0300] "GET /index.php/zinynas-keliaujantiems?sale/search/detail/?ITMCODE=51971131589 HTTP/1.1" 200 201895 "-" "Mozilla/5.0 (Linux; Android 6.0.1; Nexus 5X Build/MMB29P) AppleWebKit/537.36 (KHTML, like Gecko) Chrome/153.0.8010.36 Mobile Safari/537.36 (compatible; Googlebot/2.1; +http://www.google.com/bot.html)"
66.249.79.1 - - [12/Sep/2026:16:27:47 +0300] "GET /index.php/zinynas-keliaujantiems?sale/search/detail/?ITMCODE=519565740 HTTP/1.1" 200 211345 "-" "Mozilla/5.0 (Linux; Android 6.0.1; Nexus 5X Build/MMB29P) AppleWebKit/537.36 (KHTML, like Gecko) Chrome/153.0.8010.36 Mobile Safari/537.36 (compatible; Googlebot/2.1; +http://www.google.com/bot.html)"
85.208.96.207 - - [12/Sep/2026:16:27:51 +0300] "GET /?sale%2Fsearch%2Fdetail%2F%3FITMCODE=51966947419 HTTP/1.1" 200 31562 "-" "Mozilla/5.0 (compatible; SemrushBot/7~bl; +http://www.semrush.com/bot.html)"
66.249.79.3 - - [12/Sep/2026:16:27:54 +0300] "GET /index.php/zinynas-keliaujantiems?sale/search/detail/?ITMCODE=51981816783 HTTP/1.1" 200 217873 "-" "Mozilla/5.0 (Linux; Android 6.0.1; Nexus 5X Build/MMB29P) AppleWebKit/537.36 (KHTML, like Gecko) Chrome/153.0.8010.36 Mobile Safari/537.36 (compatible; Googlebot/2.1; +http://www.google.com/bot.html)"
66.249.79.1 - - [12/Sep/2026:16:27:56 +0300] "GET /index.php/zinynas-keliaujantiems?sale/search/detail/?ITMCODE=52002909062 HTTP/1.1" 200 203246 "-" "Mozilla/5.0 (Linux; Android 6.0.1; Nexus 5X Build/MMB29P) AppleWebKit/537.36 (KHTML, like Gecko) Chrome/153.0.8010.36 Mobile Safari/537.36 (compatible; Googlebot/2.1; +http://www.google.com/bot.html)"
185.191.171.1 - - [12/Sep/2026:16:28:04 +0300] "GET /?sale%2Fsearch%2Fdetail%2F%3FITMCODE=52002686335 HTTP/1.1" 200 31562 "-" "Mozilla/5.0 (compatible; SemrushBot/7~bl; +http://www.semrush.com/bot.html)"
185.191.171.7 - - [12/Sep/2026:16:28:09 +0300] "GET /?sale%2Fsearch%2Fdetail%2F%3FITMCODE=51984695401 HTTP/1.1" 200 31562 "-" "Mozilla/5.0 (compatible; SemrushBot/7~bl; +http://www.semrush.com/bot.html)"
207.46.13.9 - - [12/Sep/2026:16:28:09 +0300] "GET /?sale/search/detail/?ITMCODE=519731267307 HTTP/2.0" 200 206946 "-" "Mozilla/5.0 AppleWebKit/537.36 (KHTML, like Gecko; compatible; bingbot/2.0; +http://www.bing.com/bingbot.htm) Chrome/116.0.1938.76 Safari/537.36"
207.46.13.9 - - [12/Sep/2026:16:28:11 +0300] "GET /?sale/search/detail/?ITMCODE=519965340951 HTTP/2.0" 200 194261 "-" "Mozilla/5.0 AppleWebKit/537.36 (KHTML, like Gecko; compatible; bingbot/2.0; +http://www.bing.com/bingbot.htm) Chrome/116.0.1938.76 Safari/537.36"
207.46.13.9 - - [12/Sep/2026:16:28:13 +0300] "GET /?sale/search/detail/?ITMCODE=52002854089 HTTP/2.0" 200 195327 "-" "Mozilla/5.0 AppleWebKit/537.36 (KHTML, like Gecko; compatible; bingbot/2.0; +http://www.bing.com/bingbot.htm) Chrome/116.0.1938.76 Safari/537.36"
85.208.96.210 - - [12/Sep/2026:16:28:15 +0300] "GET /?sale%2Fsearch%2Fdetail%2F%3FITMCODE=519959193660 HTTP/1.1" 200 31563 "-" "Mozilla/5.0 (compatible; SemrushBot/7~bl; +http://www.semrush.com/bot.html)"
207.46.13.9 - - [12/Sep/2026:16:28:20 +0300] "GET /?sale/search/detail/?ITMCODE=519794499015 HTTP/2.0" 200 206169 "-" "Mozilla/5.0 AppleWebKit/537.36 (KHTML, like Gecko; compatible; bingbot/2.0; +http://www.bing.com/bingbot.htm) Chrome/116.0.1938.76 Safari/537.36"
207.46.13.9 - - [12/Sep/2026:16:28:21 +0300] "GET /?sale/search/detail/?ITMCODE=520068535522 HTTP/2.0" 200 203687 "-" "Mozilla/5.0 AppleWebKit/537.36 (KHTML, like Gecko; compatible; bingbot/2.0; +http://www.bing.com/bingbot.htm) Chrome/116.0.1938.76 Safari/537.36"
185.191.171.17 - - [12/Sep/2026:16:28:32 +0300] "GET /?sale%2Fsearch%2Fdetail%2F%3FITMCODE=52005637738 HTTP/1.1" 200 31562 "-" "Mozilla/5.0 (compatible; SemrushBot/7~bl; +http://www.semrush.com/bot.html)"
66.249.79.3 - - [12/Sep/2026:16:28:37 +0300] "GET /index.php/zinynas-keliaujantiems?sale/search/detail/?ITMCODE=52002918595 HTTP/1.1" 200 203055 "-" "Mozilla/5.0 (Linux; Android 6.0.1; Nexus 5X Build/MMB29P) AppleWebKit/537.36 (KHTML, like Gecko) Chrome/153.0.8010.36 Mobile Safari/537.36 (compatible; Googlebot/2.1; +http://www.google.com/bot.html)"
207.46.13.9 - - [12/Sep/2026:16:28:41 +0300] "GET /?sale/search/detail/?ITMCODE=520056866789 HTTP/2.0" 200 198606 "-" "Mozilla/5.0 AppleWebKit/537.36 (KHTML, like Gecko; compatible; bingbot/2.0; +http://www.bing.com/bingbot.htm) Chrome/116.0.1938.76 Safari/537.36"
207.46.13.9 - - [12/Sep/2026:16:28:42 +0300] "GET /?sale/search/detail/?ITMCODE=52002846623 HTTP/2.0" 200 215993 "-" "Mozilla/5.0 AppleWebKit/537.36 (KHTML, like Gecko; compatible; bingbot/2.0; +http://www.bing.com/bingbot.htm) Chrome/116.0.1938.76 Safari/537.36"
207.46.13.9 - - [12/Sep/2026:16:28:43 +0300] "GET /?sale/search/detail/?ITMCODE=51956045487 HTTP/2.0" 200 195789 "-" "Mozilla/5.0 AppleWebKit/537.36 (KHTML, like Gecko; compatible; bingbot/2.0; +http://www.bing.com/bingbot.htm) Chrome/116.0.1938.76 Safari/537.36"
207.46.13.9 - - [12/Sep/2026:16:28:44 +0300] "GET /?sale/search/detail/?ITMCODE=520062909348 HTTP/2.0" 200 196876 "-" "Mozilla/5.0 AppleWebKit/537.36 (KHTML, like Gecko; compatible; bingbot/2.0; +http://www.bing.com/bingbot.htm) Chrome/116.0.1938.76 Safari/537.36"
114.119.144.15 - - [12/Sep/2026:16:28:47 +0300] "GET /?sale/search/detail/%3FITMCODE=51987868736 HTTP/1.1" 200 31590 "https://www.keliauk-uk.lt/?sitemap-products.xml" "Mozilla/5.0 (Linux; Android 7.0;) AppleWebKit/537.36 (HTML, like Gecko) Mobile Safari/537.36 (compatible; PetalBot;+https://webmaster.petalsearch.com/site/petalbot)"
85.208.96.208 - - [12/Sep/2026:16:28:54 +0300] "GET /?sale%2Fsearch%2Fdetail%2F%3FITMCODE=519569325019 HTTP/1.1" 200 31563 "-" "Mozilla/5.0 (compatible; SemrushBot/7~bl; +http://www.semrush.com/bot.html)"
207.46.13.9 - - [12/Sep/2026:16:28:54 +0300] "GET /?sale/search/detail/?ITMCODE=51981617369 HTTP/2.0" 200 211143 "-" "Mozilla/5.0 AppleWebKit/537.36 (KHTML, like Gecko; compatible; bingbot/2.0; +http://www.bing.com/bingbot.htm) Chrome/116.0.1938.76 Safari/537.36"
66.249.79.1 - - [12/Sep/2026:16:29:02 +0300] "GET /shop/customer/bookmark.php?sale/search/detail/?ITMCODE=51992165713 HTTP/1.1" 200 216217 "-" "Mozilla/5.0 (Linux; Android 6.0.1; Nexus 5X Build/MMB29P) AppleWebKit/537.36 (KHTML, like Gecko) Chrome/153.0.8010.36 Mobile Safari/537.36 (compatible; Googlebot/2.1; +http://www.google.com/bot.html)"
66.249.79.2 - - [12/Sep/2026:16:29:03 +0300] "GET /?sale/search/detail/?ITMCODE=51992381175 HTTP/1.1" 200 209475 "-" "Mozilla/5.0 (Linux; Android 6.0.1; Nexus 5X Build/MMB29P) AppleWebKit/537.36 (KHTML, like Gecko) Chrome/153.0.8010.36 Mobile Safari/537.36 (compatible; Googlebot/2.1; +http://www.google.com/bot.html)"
57.141.20.61 - - [12/Sep/2026:16:29:07 +0300] "GET /index.php/component/search/?sale/search/detail/?ITMCODE=51998013294& HTTP/2.0" 200 19806 "-" "Mozilla/5.0 (Windows NT 10.0; Win64; x64) AppleWebKit/537.36 (KHTML, like Gecko) Chrome/145.0.0.0 Safari/537.36 (compatible; meta-externalagent/1.1 (+https://developers.facebook.com/docs/sharing/webmasters/crawler))"
66.249.79.1 - - [12/Sep/2026:16:29:13 +0300] "GET /index.php/zinynas-keliaujantiems?sale/search/detail/?ITMCODE=51992159858 HTTP/1.1" 200 239317 "-" "Mozilla/5.0 (Linux; Android 6.0.1; Nexus 5X Build/MMB29P) AppleWebKit/537.36 (KHTML, like Gecko) Chrome/153.0.8010.36 Mobile Safari/537.36 (compatible; Googlebot/2.1; +http://www.google.com/bot.html)"
52.167.144.21 - - [12/Sep/2026:16:29:14 +0300] "GET /?sale/search/detail/?ITMCODE=5196907043 HTTP/2.0" 200 209671 "-" "Mozilla/5.0 AppleWebKit/537.36 (KHTML, like Gecko; compatible; bingbot/2.0; +http://www.bing.com/bingbot.htm) Chrome/116.0.1938.76 Safari/537.36"
66.249.79.1 - - [12/Sep/2026:16:29:14 +0300] "GET /index.php/zinynas-keliaujantiems?sale/search/detail/?ITMCODE=51971409316 HTTP/1.1" 200 202797 "-" "Mozilla/5.0 (Linux; Android 6.0.1; Nexus 5X Build/MMB29P) AppleWebKit/537.36 (KHTML, like Gecko) Chrome/153.0.8010.36 Mobile Safari/537.36 (compatible; Googlebot/2.1; +http://www.google.com/bot.html)"
52.167.144.21 - - [12/Sep/2026:16:29:15 +0300] "GET /?sale/search/detail/?ITMCODE=519956290890 HTTP/2.0" 200 215766 "-" "Mozilla/5.0 AppleWebKit/537.36 (KHTML, like Gecko; compatible; bingbot/2.0; +http://www.bing.com/bingbot.htm) Chrome/116.0.1938.76 Safari/537.36"
52.167.144.21 - - [12/Sep/2026:16:29:15 +0300] "GET /?sale/search/detail/?ITMCODE=51992361987 HTTP/2.0" 200 209059 "-" "Mozilla/5.0 AppleWebKit/537.36 (KHTML, like Gecko; compatible; bingbot/2.0; +http://www.bing.com/bingbot.htm) Chrome/116.0.1938.76 Safari/537.36"
52.167.144.21 - - [12/Sep/2026:16:29:16 +0300] "GET /?sale/search/detail/?ITMCODE=51963857061 HTTP/2.0" 200 202747 "-" "Mozilla/5.0 AppleWebKit/537.36 (KHTML, like Gecko; compatible; bingbot/2.0; +http://www.bing.com/bingbot.htm) Chrome/116.0.1938.76 Safari/537.36"
52.167.144.21 - - [12/Sep/2026:16:29:17 +0300] "GET /?sale/search/detail/?ITMCODE=51981827422 HTTP/2.0" 200 227449 "-" "Mozilla/5.0 AppleWebKit/537.36 (KHTML, like Gecko; compatible; bingbot/2.0; +http://www.bing.com/bingbot.htm) Chrome/116.0.1938.76 Safari/537.36"
66.249.79.1 - - [12/Sep/2026:16:29:18 +0300] "GET /index.php/zinynas-keliaujantiems?sale/search/detail/?ITMCODE=51981950531 HTTP/1.1" 200 201543 "-" "Mozilla/5.0 (Linux; Android 6.0.1; Nexus 5X Build/MMB29P) AppleWebKit/537.36 (KHTML, like Gecko) Chrome/153.0.8010.36 Mobile Safari/537.36 (compatible; Googlebot/2.1; +http://www.google.com/bot.html)"
52.167.144.21 - - [12/Sep/2026:16:29:29 +0300] "GET /?sale/search/detail/?ITMCODE=51959302946 HTTP/2.0" 200 213747 "-" "Mozilla/5.0 AppleWebKit/537.36 (KHTML, like Gecko; compatible; bingbot/2.0; +http://www.bing.com/bingbot.htm) Chrome/116.0.1938.76 Safari/537.36"
52.167.144.21 - - [12/Sep/2026:16:29:30 +0300] "GET /?sale/search/detail/?ITMCODE=51992444169 HTTP/2.0" 200 213646 "-" "Mozilla/5.0 AppleWebKit/537.36 (KHTML, like Gecko; compatible; bingbot/2.0; +http://www.bing.com/bingbot.htm) Chrome/116.0.1938.76 Safari/537.36"
52.167.144.21 - - [12/Sep/2026:16:29:31 +0300] "GET /?sale/search/detail/?ITMCODE=519636969494 HTTP/2.0" 200 211329 "-" "Mozilla/5.0 AppleWebKit/537.36 (KHTML, like Gecko; compatible; bingbot/2.0; +http://www.bing.com/bingbot.htm) Chrome/116.0.1938.76 Safari/537.36"
52.167.144.21 - - [12/Sep/2026:16:29:31 +0300] "GET /?sale/search/detail/?ITMCODE=51963547879 HTTP/2.0" 200 206535 "-" "Mozilla/5.0 AppleWebKit/537.36 (KHTML, like Gecko; compatible; bingbot/2.0; +http://www.bing.com/bingbot.htm) Chrome/116.0.1938.76 Safari/537.36"
52.167.144.21 - - [12/Sep/2026:16:29:32 +0300] "GET /sale/search/detail/?ITMCODE=5196658270 HTTP/2.0" 200 205187 "-" "Mozilla/5.0 AppleWebKit/537.36 (KHTML, like Gecko; compatible; bingbot/2.0; +http://www.bing.com/bingbot.htm) Chrome/116.0.1938.76 Safari/537.36"
52.167.144.21 - - [12/Sep/2026:16:29:32 +0300] "GET /?sale/search/detail/?ITMCODE=51992291890 HTTP/2.0" 200 202690 "-" "Mozilla/5.0 AppleWebKit/537.36 (KHTML, like Gecko; compatible; bingbot/2.0; +http://www.bing.com/bingbot.htm) Chrome/116.0.1938.76 Safari/537.36"
185.191.171.10 - - [12/Sep/2026:16:29:34 +0300] "GET /?sale%2Fsearch%2Fdetail%2F%3FITMCODE=51984759588 HTTP/1.1" 200 31562 "-" "Mozilla/5.0 (compatible; SemrushBot/7~bl; +http://www.semrush.com/bot.html)"
57.141.20.39 - - [12/Sep/2026:16:29:34 +0300] "GET /index.php/component/search/?sale/search/detail/?ITMCODE=519578032331& HTTP/2.0" 200 19729 "-" "Mozilla/5.0 (Macintosh; Intel Mac OS X 10_15_7) AppleWebKit/537.36 (KHTML, like Gecko) Chrome/145.0.0.0 Safari/537.36 (compatible; meta-externalagent/1.1 (+https://developers.facebook.com/docs/sharing/webmasters/crawler))"
66.249.79.1 - - [12/Sep/2026:16:29:42 +0300] "GET /index.php/paslaugos?sale/search/detail/?ITMCODE=5196522593 HTTP/1.1" 200 217486 "-" "Mozilla/5.0 (Linux; Android 6.0.1; Nexus 5X Build/MMB29P) AppleWebKit/537.36 (KHTML, like Gecko) Chrome/153.0.8010.36 Mobile Safari/537.36 (compatible; Googlebot/2.1; +http://www.google.com/bot.html)"
66.249.79.1 - - [12/Sep/2026:16:29:43 +0300] "GET /?sale/search/detail/?ITMCODE=51971430351 HTTP/1.1" 200 199593 "-" "Mozilla/5.0 (Linux; Android 6.0.1; Nexus 5X Build/MMB29P) AppleWebKit/537.36 (KHTML, like Gecko) Chrome/153.0.8010.36 Mobile Safari/537.36 (compatible; Googlebot/2.1; +http://www.google.com/bot.html)"
57.141.20.34 - - [12/Sep/2026:16:29:45 +0300] "GET /index.php/component/search/?sale/search/detail/?ITMCODE=519696584198&format=opensearch HTTP/2.0" 200 561 "-" "Mozilla/5.0 (Windows NT 10.0; Win64; x64) AppleWebKit/537.36 (KHTML, like Gecko) Chrome/145.0.0.0 Safari/537.36 (compatible; meta-externalagent/1.1 (+https://developers.facebook.com/docs/sharing/webmasters/crawler))"
66.249.79.1 - - [12/Sep/2026:16:29:49 +0300] "GET /shop/pg/5196541569 HTTP/1.1" 200 194474 "-" "Mozilla/5.0 (Linux; Android 6.0.1; Nexus 5X Build/MMB29P) AppleWebKit/537.36 (KHTML, like Gecko) Chrome/153.0.8010.36 Mobile Safari/537.36 (compatible; Googlebot/2.1; +http://www.google.com/bot.html)"
66.249.79.1 - - [12/Sep/2026:16:29:51 +0300] "GET /index.php/zinynas-keliaujantiems?sale/search/detail/?ITMCODE=52002525247 HTTP/1.1" 200 203491 "-" "Mozilla/5.0 (Linux; Android 6.0.1; Nexus 5X Build/MMB29P) AppleWebKit/537.36 (KHTML, like Gecko) Chrome/153.0.8010.36 Mobile Safari/537.36 (compatible; Googlebot/2.1; +http://www.google.com/bot.html)"
52.167.144.217 - - [12/Sep/2026:16:29:51 +0300] "GET /?sale/search/detail/?ITMCODE=51995477677 HTTP/2.0" 200 201476 "-" "Mozilla/5.0 AppleWebKit/537.36 (KHTML, like Gecko; compatible; bingbot/2.0; +http://www.bing.com/bingbot.htm) Chrome/116.0.1938.76 Safari/537.36"
66.249.79.2 - - [12/Sep/2026:16:29:52 +0300] "GET /?sale/search/detail/?ITMCODE=51971266456 HTTP/1.1" 200 200564 "-" "Mozilla/5.0 (Linux; Android 6.0.1; Nexus 5X Build/MMB29P) AppleWebKit/537.36 (KHTML, like Gecko) Chrome/153.0.8010.36 Mobile Safari/537.36 (compatible; Googlebot/2.1; +http://www.google.com/bot.html)"
52.167.144.217 - - [12/Sep/2026:16:29:52 +0300] "GET /?sale/search/detail/?ITMCODE=51971427927 HTTP/2.0" 200 203612 "-" "Mozilla/5.0 AppleWebKit/537.36 (KHTML, like Gecko; compatible; bingbot/2.0; +http://www.bing.com/bingbot.htm) Chrome/116.0.1938.76 Safari/537.36"
52.167.144.217 - - [12/Sep/2026:16:29:53 +0300] "GET /?sale/search/detail/?ITMCODE=5195376835 HTTP/2.0" 200 213631 "-" "Mozilla/5.0 AppleWebKit/537.36 (KHTML, like Gecko; compatible; bingbot/2.0; +http://www.bing.com/bingbot.htm) Chrome/116.0.1938.76 Safari/537.36"
57.141.20.34 - - [12/Sep/2026:16:29:54 +0300] "GET /index.php/component/search/?sale/search/detail/?ITMCODE=51971006910&format=opensearch HTTP/2.0" 200 560 "-" "Mozilla/5.0 (X11; Linux x86_64) AppleWebKit/537.36 (KHTML, like Gecko) Chrome/145.0.0.0 Safari/537.36 (compatible; meta-externalagent/1.1 (+https://developers.facebook.com/docs/sharing/webmasters/crawler))"
52.167.144.217 - - [12/Sep/2026:16:29:54 +0300] "GET /?sale/search/detail/?ITMCODE=51953042120 HTTP/2.0" 200 210517 "-" "Mozilla/5.0 AppleWebKit/537.36 (KHTML, like Gecko; compatible; bingbot/2.0; +http://www.bing.com/bingbot.htm) Chrome/116.0.1938.76 Safari/537.36"
52.167.144.217 - - [12/Sep/2026:16:29:54 +0300] "GET /?sale/search/detail/?ITMCODE=51971141519 HTTP/2.0" 200 206161 "-" "Mozilla/5.0 AppleWebKit/537.36 (KHTML, like Gecko; compatible; bingbot/2.0; +http://www.bing.com/bingbot.htm) Chrome/116.0.1938.76 Safari/537.36"
52.167.144.217 - - [12/Sep/2026:16:29:55 +0300] "GET /?sale/search/detail/?ITMCODE=5196689958 HTTP/2.0" 200 232811 "-" "Mozilla/5.0 AppleWebKit/537.36 (KHTML, like Gecko; compatible; bingbot/2.0; +http://www.bing.com/bingbot.htm) Chrome/116.0.1938.76 Safari/537.36"
52.167.144.217 - - [12/Sep/2026:16:29:55 +0300] "GET /?sale/search/detail/?ITMCODE=520098926936 HTTP/2.0" 200 202145 "-" "Mozilla/5.0 AppleWebKit/537.36 (KHTML, like Gecko; compatible; bingbot/2.0; +http://www.bing.com/bingbot.htm) Chrome/116.0.1938.76 Safari/537.36"
52.167.144.217 - - [12/Sep/2026:16:29:56 +0300] "GET /?sale/search/detail/?ITMCODE=5196893199 HTTP/2.0" 200 203375 "-" "Mozilla/5.0 AppleWebKit/537.36 (KHTML, like Gecko; compatible; bingbot/2.0; +http://www.bing.com/bingbot.htm) Chrome/116.0.1938.76 Safari/537.36"
52.167.144.217 - - [12/Sep/2026:16:29:57 +0300] "GET /?sale/search/detail/?ITMCODE=519710339509 HTTP/2.0" 200 204740 "-" "Mozilla/5.0 AppleWebKit/537.36 (KHTML, like Gecko; compatible; bingbot/2.0; +http://www.bing.com/bingbot.htm) Chrome/116.0.1938.76 Safari/537.36"
185.191.171.13 - - [12/Sep/2026:16:29:57 +0300] "GET /?sale%2Fsearch%2Fdetail%2F%3FITMCODE=51971465655 HTTP/1.1" 200 31562 "-" "Mozilla/5.0 (compatible; SemrushBot/7~bl; +http://www.semrush.com/bot.html)"
52.167.144.217 - - [12/Sep/2026:16:29:57 +0300] "GET /?sale/search/detail/?ITMCODE=51971456901 HTTP/2.0" 200 205963 "-" "Mozilla/5.0 AppleWebKit/537.36 (KHTML, like Gecko; compatible; bingbot/2.0; +http://www.bing.com/bingbot.htm) Chrome/116.0.1938.76 Safari/537.36"
66.249.79.2 - - [12/Sep/2026:16:29:57 +0300] "GET /index.php/zinynas-keliaujantiems?sale/search/detail/?ITMCODE=51971026520 HTTP/1.1" 200 208670 "-" "Mozilla/5.0 (Linux; Android 6.0.1; Nexus 5X Build/MMB29P) AppleWebKit/537.36 (KHTML, like Gecko) Chrome/153.0.8010.36 Mobile Safari/537.36 (compatible; Googlebot/2.1; +http://www.google.com/bot.html)"
52.167.144.217 - - [12/Sep/2026:16:29:58 +0300] "GET /?sale/search/detail/?ITMCODE=51984588578 HTTP/2.0" 200 204975 "-" "Mozilla/5.0 AppleWebKit/537.36 (KHTML, like Gecko; compatible; bingbot/2.0; +http://www.bing.com/bingbot.htm) Chrome/116.0.1938.76 Safari/537.36"
52.167.144.217 - - [12/Sep/2026:16:29:58 +0300] "GET /?sale/search/detail/?ITMCODE=51971140565 HTTP/2.0" 200 206267 "-" "Mozilla/5.0 AppleWebKit/537.36 (KHTML, like Gecko; compatible; bingbot/2.0; +http://www.bing.com/bingbot.htm) Chrome/116.0.1938.76 Safari/537.36"
52.167.144.217 - - [12/Sep/2026:16:29:59 +0300] "GET /sale/search/detail/?ITMCODE=5196686842 HTTP/2.0" 200 211492 "-" "Mozilla/5.0 AppleWebKit/537.36 (KHTML, like Gecko; compatible; bingbot/2.0; +http://www.bing.com/bingbot.htm) Chrome/116.0.1938.76 Safari/537.36"
66.249.79.2 - - [12/Sep/2026:16:29:59 +0300] "GET /?sale/search/detail/?ITMCODE=51971311381 HTTP/1.1" 200 195879 "-" "Mozilla/5.0 (Linux; Android 6.0.1; Nexus 5X Build/MMB29P) AppleWebKit/537.36 (KHTML, like Gecko) Chrome/153.0.8010.36 Mobile Safari/537.36 (compatible; Googlebot/2.1; +http://www.google.com/bot.html)"
66.249.79.1 - - [12/Sep/2026:16:30:06 +0300] "GET /shop/pg/5196623073 HTTP/1.1" 200 194342 "-" "Mozilla/5.0 (Linux; Android 6.0.1; Nexus 5X Build/MMB29P) AppleWebKit/537.36 (KHTML, like Gecko) Chrome/153.0.8010.36 Mobile Safari/537.36 (compatible; Googlebot/2.1; +http://www.google.com/bot.html)"
114.119.154.166 - - [12/Sep/2026:16:30:10 +0300] "GET /?sale/search/detail/%3FITMCODE=51987868487 HTTP/1.1" 200 31590 "https://www.keliauk-uk.lt/?sitemap-shopdetail.xml" "Mozilla/5.0 (Linux; Android 7.0;) AppleWebKit/537.36 (HTML, like Gecko) Mobile Safari/537.36 (compatible; PetalBot;+https://webmaster.petalsearch.com/site/petalbot)"
57.141.20.53 - - [12/Sep/2026:16:30:12 +0300] "GET /index.php/component/search/?sale/search/detail/?ITMCODE=52002763599&id=1&Itemid=437&format=opensearch HTTP/2.0" 200 584 "-" "Mozilla/5.0 (Macintosh; Intel Mac OS X 10_15_7) AppleWebKit/537.36 (KHTML, like Gecko) Chrome/145.0.0.0 Safari/537.36 (compatible; meta-externalagent/1.1 (+https://developers.facebook.com/docs/sharing/webmasters/crawler))"
66.249.79.1 - - [12/Sep/2026:16:30:12 +0300] "GET /index.php/zinynas-keliaujantiems?sale/search/detail/?ITMCODE=5196867660 HTTP/1.1" 200 208000 "-" "Mozilla/5.0 (Linux; Android 6.0.1; Nexus 5X Build/MMB29P) AppleWebKit/537.36 (KHTML, like Gecko) Chrome/153.0.8010.36 Mobile Safari/537.36 (compatible; Googlebot/2.1; +http://www.google.com/bot.html)"
66.249.79.1 - - [12/Sep/2026:16:30:12 +0300] "GET /?sale/search/detail/?ITMCODE=5196891675 HTTP/1.1" 200 215724 "-" "Mozilla/5.0 (Linux; Android 6.0.1; Nexus 5X Build/MMB29P) AppleWebKit/537.36 (KHTML, like Gecko) Chrome/153.0.8010.36 Mobile Safari/537.36 (compatible; Googlebot/2.1; +http://www.google.com/bot.html)"
185.191.171.5 - - [12/Sep/2026:16:30:17 +0300] "GET /?sale%2Fsearch%2Fdetail%2F%3FITMCODE=52002557113 HTTP/1.1" 200 31562 "-" "Mozilla/5.0 (compatible; SemrushBot/7~bl; +http://www.semrush.com/bot.html)"
66.249.79.1 - - [12/Sep/2026:16:30:18 +0300] "GET /index.php/zinynas-keliaujantiems?sale/search/detail/?ITMCODE=51971057665 HTTP/1.1" 200 226938 "-" "Mozilla/5.0 (Linux; Android 6.0.1; Nexus 5X Build/MMB29P) AppleWebKit/537.36 (KHTML, like Gecko) Chrome/153.0.8010.36 Mobile Safari/537.36 (compatible; Googlebot/2.1; +http://www.google.com/bot.html)"
66.249.79.1 - - [12/Sep/2026:16:30:20 +0300] "GET /index.php/zinynas-keliaujantiems?sale/search/detail/?ITMCODE=51992114182 HTTP/1.1" 200 208235 "-" "Mozilla/5.0 (Linux; Android 6.0.1; Nexus 5X Build/MMB29P) AppleWebKit/537.36 (KHTML, like Gecko) Chrome/153.0.8010.36 Mobile Safari/537.36 (compatible; Googlebot/2.1; +http://www.google.com/bot.html)"
185.191.171.13 - - [12/Sep/2026:16:30:21 +0300] "GET /?sale%2Fsearch%2Fdetail%2F%3FITMCODE=520071914652 HTTP/1.1" 200 31563 "-" "Mozilla/5.0 (compatible; SemrushBot/7~bl; +http://www.semrush.com/bot.html)"
66.249.79.2 - - [12/Sep/2026:16:30:25 +0300] "GET /index.php/zinynas-keliaujantiems?sale/search/detail/?ITMCODE=51992366666 HTTP/1.1" 200 209292 "-" "Mozilla/5.0 (Linux; Android 6.0.1; Nexus 5X Build/MMB29P) AppleWebKit/537.36 (KHTML, like Gecko) Chrome/153.0.8010.36 Mobile Safari/537.36 (compatible; Googlebot/2.1; +http://www.google.com/bot.html)"
85.208.96.202 - - [12/Sep/2026:16:30:35 +0300] "GET /?sale%2Fsearch%2Fdetail%2F%3FITMCODE=519770018472 HTTP/1.1" 200 31563 "-" "Mozilla/5.0 (compatible; SemrushBot/7~bl; +http://www.semrush.com/bot.html)"
66.249.79.1 - - [12/Sep/2026:16:30:52 +0300] "GET /index.php/zinynas-keliaujantiems?sale/search/detail/?ITMCODE=52002992505 HTTP/1.1" 200 221918 "-" "Mozilla/5.0 (Linux; Android 6.0.1; Nexus 5X Build/MMB29P) AppleWebKit/537.36 (KHTML, like Gecko) Chrome/153.0.8010.36 Mobile Safari/537.36 (compatible; Googlebot/2.1; +http://www.google.com/bot.html)"
207.46.13.6 - - [12/Sep/2026:16:30:52 +0300] "GET /shop/c/c52001001827/ HTTP/2.0" 200 100537 "-" "Mozilla/5.0 AppleWebKit/537.36 (KHTML, like Gecko; compatible; bingbot/2.0; +http://www.bing.com/bingbot.htm) Chrome/116.0.1938.76 Safari/537.36"
207.46.13.6 - - [12/Sep/2026:16:30:53 +0300] "GET /?sale/search/detail/?ITMCODE=52002860350 HTTP/2.0" 200 206968 "-" "Mozilla/5.0 AppleWebKit/537.36 (KHTML, like Gecko; compatible; bingbot/2.0; +http://www.bing.com/bingbot.htm) Chrome/116.0.1938.76 Safari/537.36"
207.46.13.6 - - [12/Sep/2026:16:30:54 +0300] "GET /?sale/search/detail/?ITMCODE=5196959758 HTTP/2.0" 200 205790 "-" "Mozilla/5.0 AppleWebKit/537.36 (KHTML, like Gecko; compatible; bingbot/2.0; +http://www.bing.com/bingbot.htm) Chrome/116.0.1938.76 Safari/537.36"
185.191.171.5 - - [12/Sep/2026:16:30:55 +0300] "GET /?sale%2Fsearch%2Fdetail%2F%3FITMCODE=519767369397 HTTP/1.1" 200 31563 "-" "Mozilla/5.0 (compatible; SemrushBot/7~bl; +http://www.semrush.com/bot.html)"
207.46.13.6 - - [12/Sep/2026:16:30:55 +0300] "GET /?sale/search/detail/?ITMCODE=519648655816 HTTP/2.0" 200 214307 "-" "Mozilla/5.0 AppleWebKit/537.36 (KHTML, like Gecko; compatible; bingbot/2.0; +http://www.bing.com/bingbot.htm) Chrome/116.0.1938.76 Safari/537.36"
207.46.13.6 - - [12/Sep/2026:16:30:56 +0300] "GET /?sale/search/detail/?ITMCODE=5196681073 HTTP/2.0" 200 210572 "-" "Mozilla/5.0 AppleWebKit/537.36 (KHTML, like Gecko; compatible; bingbot/2.0; +http://www.bing.com/bingbot.htm) Chrome/116.0.1938.76 Safari/537.36"
185.191.171.1 - - [12/Sep/2026:16:31:06 +0300] "GET /?sale%2Fsearch%2Fdetail%2F%3FITMCODE=519938430190 HTTP/1.1" 200 31563 "-" "Mozilla/5.0 (compatible; SemrushBot/7~bl; +http://www.semrush.com/bot.html)"
85.208.96.202 - - [12/Sep/2026:16:31:13 +0300] "GET /?sale%2Fsearch%2Fdetail%2F%3FITMCODE=519557040410 HTTP/1.1" 200 31563 "-" "Mozilla/5.0 (compatible; SemrushBot/7~bl; +http://www.semrush.com/bot.html)"
85.208.96.199 - - [12/Sep/2026:16:31:14 +0300] "GET /?sale%2Fsearch%2Fdetail%2F%3FITMCODE=519938329672 HTTP/1.1" 200 31563 "-" "Mozilla/5.0 (compatible; SemrushBot/7~bl; +http://www.semrush.com/bot.html)"
185.191.171.10 - - [12/Sep/2026:16:31:33 +0300] "GET /?sale%2Fsearch%2Fdetail%2F%3FITMCODE=520017711831 HTTP/1.1" 200 31563 "-" "Mozilla/5.0 (compatible; SemrushBot/7~bl; +http://www.semrush.com/bot.html)"
114.119.148.64 - - [12/Sep/2026:16:31:34 +0300] "GET /?sale/search/detail/%3FITMCODE=51987863700 HTTP/1.1" 200 31590 "https://www.keliauk-uk.lt/?sitemap-items.xml" "Mozilla/5.0 (Linux; Android 7.0;) AppleWebKit/537.36 (HTML, like Gecko) Mobile Safari/537.36 (compatible; PetalBot;+https://webmaster.petalsearch.com/site/petalbot)"
185.191.171.5 - - [12/Sep/2026:16:31:35 +0300] "GET /?sale%2Fsearch%2Fdetail%2F%3FITMCODE=519593227181 HTTP/1.1" 200 31563 "-" "Mozilla/5.0 (compatible; SemrushBot/7~bl; +http://www.semrush.com/bot.html)"
66.249.79.2 - - [12/Sep/2026:16:31:35 +0300] "GET /index.php/zinynas-keliaujantiems?sale/search/detail/?ITMCODE=519573176 HTTP/1.1" 200 207279 "-" "Mozilla/5.0 (Linux; Android 6.0.1; Nexus 5X Build/MMB29P) AppleWebKit/537.36 (KHTML, like Gecko) Chrome/153.0.8010.36 Mobile Safari/537.36 (compatible; Googlebot/2.1; +http://www.google.com/bot.html)"
207.46.13.17 - - [12/Sep/2026:16:31:38 +0300] "GET /?sale/search/detail/?ITMCODE=52005815120 HTTP/2.0" 200 201213 "-" "Mozilla/5.0 AppleWebKit/537.36 (KHTML, like Gecko; compatible; bingbot/2.0; +http://www.bing.com/bingbot.htm) Chrome/116.0.1938.76 Safari/537.36"
207.46.13.17 - - [12/Sep/2026:16:31:39 +0300] "GET /?sale/search/detail/?ITMCODE=51977209711 HTTP/2.0" 200 193809 "-" "Mozilla/5.0 AppleWebKit/537.36 (KHTML, like Gecko; compatible; bingbot/2.0; +http://www.bing.com/bingbot.htm) Chrome/116.0.1938.76 Safari/537.36"
207.46.13.17 - - [12/Sep/2026:16:31:40 +0300] "GET /?sale/search/detail/?ITMCODE=519810894691 HTTP/2.0" 200 202495 "-" "Mozilla/5.0 AppleWebKit/537.36 (KHTML, like Gecko; compatible; bingbot/2.0; +http://www.bing.com/bingbot.htm) Chrome/116.0.1938.76 Safari/537.36"
207.46.13.17 - - [12/Sep/2026:16:31:41 +0300] "GET /?sale/search/detail/?ITMCODE=51974178358 HTTP/2.0" 200 193231 "-" "Mozilla/5.0 AppleWebKit/537.36 (KHTML, like Gecko; compatible; bingbot/2.0; +http://www.bing.com/bingbot.htm) Chrome/116.0.1938.76 Safari/537.36"
85.208.96.208 - - [12/Sep/2026:16:31:42 +0300] "GET /?sale%2Fsearch%2Fdetail%2F%3FITMCODE=51971315910 HTTP/1.1" 200 31562 "-" "Mozilla/5.0 (compatible; SemrushBot/7~bl; +http://www.semrush.com/bot.html)"
207.46.13.17 - - [12/Sep/2026:16:31:42 +0300] "GET /?sale/search/detail/?ITMCODE=519894820110 HTTP/2.0" 200 202698 "-" "Mozilla/5.0 AppleWebKit/537.36 (KHTML, like Gecko; compatible; bingbot/2.0; +http://www.bing.com/bingbot.htm) Chrome/116.0.1938.76 Safari/537.36"
207.46.13.17 - - [12/Sep/2026:16:31:42 +0300] "GET /?sale/search/detail/?ITMCODE=52005524556 HTTP/2.0" 200 202198 "-" "Mozilla/5.0 AppleWebKit/537.36 (KHTML, like Gecko; compatible; bingbot/2.0; +http://www.bing.com/bingbot.htm) Chrome/116.0.1938.76 Safari/537.36"
207.46.13.17 - - [12/Sep/2026:16:31:43 +0300] "GET /?sale/search/detail/?ITMCODE=51971167205 HTTP/2.0" 200 204393 "-" "Mozilla/5.0 AppleWebKit/537.36 (KHTML, like Gecko; compatible; bingbot/2.0; +http://www.bing.com/bingbot.htm) Chrome/116.0.1938.76 Safari/537.36"
66.249.79.2 - - [12/Sep/2026:16:31:56 +0300] "GET /index.php/zinynas-keliaujantiems?sale/search/detail/?ITMCODE=51971127286 HTTP/1.1" 200 203901 "-" "Mozilla/5.0 (Linux; Android 6.0.1; Nexus 5X Build/MMB29P) AppleWebKit/537.36 (KHTML, like Gecko) Chrome/153.0.8010.36 Mobile Safari/537.36 (compatible; Googlebot/2.1; +http://www.google.com/bot.html)"
85.208.96.207 - - [12/Sep/2026:16:32:03 +0300] "GET /?sale%2Fsearch%2Fdetail%2F%3FITMCODE=51953489214 HTTP/1.1" 200 31562 "-" "Mozilla/5.0 (compatible; SemrushBot/7~bl; +http://www.semrush.com/bot.html)"
85.208.96.211 - - [12/Sep/2026:16:32:06 +0300] "GET /?sale%2Fsearch%2Fdetail%2F%3FITMCODE=51977149523 HTTP/1.1" 200 31562 "-" "Mozilla/5.0 (compatible; SemrushBot/7~bl; +http://www.semrush.com/bot.html)"
185.191.171.19 - - [12/Sep/2026:16:32:20 +0300] "GET /robots.txt HTTP/1.1" 200 116 "-" "Mozilla/5.0 (compatible; SemrushBot/7~bl; +http://www.semrush.com/bot.html)"
85.208.96.203 - - [12/Sep/2026:16:32:20 +0300] "GET /?sale%2Fsearch%2Fdetail%2F%3FITMCODE=52005660873 HTTP/1.1" 200 31562 "-" "Mozilla/5.0 (compatible; SemrushBot/7~bl; +http://www.semrush.com/bot.html)"
66.249.79.1 - - [12/Sep/2026:16:32:30 +0300] "GET /?sale/search/detail/?ITMCODE=5196806365 HTTP/1.1" 200 196497 "-" "Mozilla/5.0 (Linux; Android 6.0.1; Nexus 5X Build/MMB29P) AppleWebKit/537.36 (KHTML, like Gecko) Chrome/153.0.8010.36 Mobile Safari/537.36 (compatible; Googlebot/2.1; +http://www.google.com/bot.html)"
66.249.79.2 - - [12/Sep/2026:16:32:32 +0300] "GET /index.php/zinynas-keliaujantiems?sale/search/detail/?ITMCODE=51971335609 HTTP/1.1" 200 218387 "-" "Mozilla/5.0 (Linux; Android 6.0.1; Nexus 5X Build/MMB29P) AppleWebKit/537.36 (KHTML, like Gecko) Chrome/153.0.8010.36 Mobile Safari/537.36 (compatible; Googlebot/2.1; +http://www.google.com/bot.html)"
66.249.79.3 - - [12/Sep/2026:16:32:33 +0300] "GET /index.php/zinynas-keliaujantiems?sale/search/detail/?ITMCODE=51971487963 HTTP/1.1" 200 221835 "-" "Mozilla/5.0 (Linux; Android 6.0.1; Nexus 5X Build/MMB29P) AppleWebKit/537.36 (KHTML, like Gecko) Chrome/153.0.8010.36 Mobile Safari/537.36 (compatible; Googlebot/2.1; +http://www.google.com/bot.html)"
85.208.96.211 - - [12/Sep/2026:16:32:40 +0300] "GET /?sale%2Fsearch%2Fdetail%2F%3FITMCODE=519719142303 HTTP/1.1" 200 31563 "-" "Mozilla/5.0 (compatible; SemrushBot/7~bl; +http://www.semrush.com/bot.html)"
114.119.158.46 - - [12/Sep/2026:16:33:00 +0300] "GET /?sale/search/detail/%3FITMCODE=51987862073 HTTP/1.1" 200 31590 "https://www.keliauk-uk.lt/?sitemap-items.xml" "Mozilla/5.0 (Linux; Android 7.0;) AppleWebKit/537.36 (HTML, like Gecko) Mobile Safari/537.36 (compatible; PetalBot;+https://webmaster.petalsearch.com/site/petalbot)"
66.249.79.3 - - [12/Sep/2026:16:33:03 +0300] "GET /index.php/zinynas-keliaujantiems?sale/search/detail/?ITMCODE=52002517073 HTTP/1.1" 200 203499 "-" "Mozilla/5.0 (Linux; Android 6.0.1; Nexus 5X Build/MMB29P) AppleWebKit/537.36 (KHTML, like Gecko) Chrome/153.0.8010.36 Mobile Safari/537.36 (compatible; Googlebot/2.1; +http://www.google.com/bot.html)"
207.46.13.9 - - [12/Sep/2026:16:33:26 +0300] "GET /?sale/search/detail/?ITMCODE=519518180201 HTTP/2.0" 200 206026 "-" "Mozilla/5.0 AppleWebKit/537.36 (KHTML, like Gecko; compatible; bingbot/2.0; +http://www.bing.com/bingbot.htm) Chrome/116.0.1938.76 Safari/537.36"
185.191.171.5 - - [12/Sep/2026:16:33:29 +0300] "GET /?sale%2Fsearch%2Fdetail%2F%3FITMCODE=519794434528 HTTP/1.1" 200 31563 "-" "Mozilla/5.0 (compatible; SemrushBot/7~bl; +http://www.semrush.com/bot.html)"
207.46.13.9 - - [12/Sep/2026:16:33:29 +0300] "GET /?sale/search/detail/?ITMCODE=519734264645 HTTP/2.0" 200 201159 "-" "Mozilla/5.0 AppleWebKit/537.36 (KHTML, like Gecko; compatible; bingbot/2.0; +http://www.bing.com/bingbot.htm) Chrome/116.0.1938.76 Safari/537.36"
207.46.13.9 - - [12/Sep/2026:16:33:33 +0300] "GET /?sale/search/detail/?ITMCODE=51953351465 HTTP/2.0" 200 218374 "-" "Mozilla/5.0 AppleWebKit/537.36 (KHTML, like Gecko; compatible; bingbot/2.0; +http://www.bing.com/bingbot.htm) Chrome/116.0.1938.76 Safari/537.36"
66.249.79.1 - - [12/Sep/2026:16:33:35 +0300] "GET /index.php/zinynas-keliaujantiems?sale/search/detail/?ITMCODE=5196513369 HTTP/1.1" 200 213303 "-" "Mozilla/5.0 (Linux; Android 6.0.1; Nexus 5X Build/MMB29P) AppleWebKit/537.36 (KHTML, like Gecko) Chrome/153.0.8010.36 Mobile Safari/537.36 (compatible; Googlebot/2.1; +http://www.google.com/bot.html)"
66.249.79.1 - - [12/Sep/2026:16:33:40 +0300] "GET /index.php/zinynas-keliaujantiems?sale/search/detail/?ITMCODE=5195193472 HTTP/1.1" 200 206693 "-" "Mozilla/5.0 (Linux; Android 6.0.1; Nexus 5X Build/MMB29P) AppleWebKit/537.36 (KHTML, like Gecko) Chrome/153.0.8010.36 Mobile Safari/537.36 (compatible; Googlebot/2.1; +http://www.google.com/bot.html)"
207.46.13.9 - - [12/Sep/2026:16:33:55 +0300] "GET /?sale/search/detail/?ITMCODE=52002762808 HTTP/2.0" 200 214012 "-" "Mozilla/5.0 AppleWebKit/537.36 (KHTML, like Gecko; compatible; bingbot/2.0; +http://www.bing.com/bingbot.htm) Chrome/116.0.1938.76 Safari/537.36"
207.46.13.9 - - [12/Sep/2026:16:33:57 +0300] "GET /?sale/search/detail/?ITMCODE=519986060874 HTTP/2.0" 200 194894 "-" "Mozilla/5.0 AppleWebKit/537.36 (KHTML, like Gecko; compatible; bingbot/2.0; +http://www.bing.com/bingbot.htm) Chrome/116.0.1938.76 Safari/537.36"
207.46.13.9 - - [12/Sep/2026:16:33:59 +0300] "GET /?sale/search/detail/?ITMCODE=519816752080 HTTP/2.0" 200 227583 "-" "Mozilla/5.0 AppleWebKit/537.36 (KHTML, like Gecko; compatible; bingbot/2.0; +http://www.bing.com/bingbot.htm) Chrome/116.0.1938.76 Safari/537.36"
207.46.13.9 - - [12/Sep/2026:16:34:00 +0300] "GET /?sale/search/detail/?ITMCODE=51971074106 HTTP/2.0" 200 202621 "-" "Mozilla/5.0 AppleWebKit/537.36 (KHTML, like Gecko; compatible; bingbot/2.0; +http://www.bing.com/bingbot.htm) Chrome/116.0.1938.76 Safari/537.36"
207.46.13.9 - - [12/Sep/2026:16:34:02 +0300] "GET /?sale/search/detail/?ITMCODE=520089943213 HTTP/2.0" 200 199081 "-" "Mozilla/5.0 AppleWebKit/537.36 (KHTML, like Gecko; compatible; bingbot/2.0; +http://www.bing.com/bingbot.htm) Chrome/116.0.1938.76 Safari/537.36"
207.46.13.9 - - [12/Sep/2026:16:34:03 +0300] "GET /?sale/search/detail/?ITMCODE=51984501591 HTTP/2.0" 200 194659 "-" "Mozilla/5.0 AppleWebKit/537.36 (KHTML, like Gecko; compatible; bingbot/2.0; +http://www.bing.com/bingbot.htm) Chrome/116.0.1938.76 Safari/537.36"
52.167.144.21 - - [12/Sep/2026:16:34:04 +0300] "GET /?sale/search/detail/?ITMCODE=52002990935 HTTP/2.0" 200 221804 "-" "Mozilla/5.0 AppleWebKit/537.36 (KHTML, like Gecko; compatible; bingbot/2.0; +http://www.bing.com/bingbot.htm) Chrome/116.0.1938.76 Safari/537.36"
52.167.144.21 - - [12/Sep/2026:16:34:05 +0300] "GET /?sale/search/detail/?ITMCODE=51992388304 HTTP/2.0" 200 203110 "-" "Mozilla/5.0 AppleWebKit/537.36 (KHTML, like Gecko; compatible; bingbot/2.0; +http://www.bing.com/bingbot.htm) Chrome/116.0.1938.76 Safari/537.36"
52.167.144.21 - - [12/Sep/2026:16:34:05 +0300] "GET /?sale/search/detail/?ITMCODE=52002685427 HTTP/2.0" 200 208690 "-" "Mozilla/5.0 AppleWebKit/537.36 (KHTML, like Gecko; compatible; bingbot/2.0; +http://www.bing.com/bingbot.htm) Chrome/116.0.1938.76 Safari/537.36"
207.46.13.9 - - [12/Sep/2026:16:34:05 +0300] "GET /?sale/search/detail/?ITMCODE=51981504900 HTTP/2.0" 200 197906 "-" "Mozilla/5.0 AppleWebKit/537.36 (KHTML, like Gecko; compatible; bingbot/2.0; +http://www.bing.com/bingbot.htm) Chrome/116.0.1938.76 Safari/537.36"
85.208.96.193 - - [12/Sep/2026:16:34:06 +0300] "GET /?sale%2Fsearch%2Fdetail%2F%3FITMCODE=519917199494 HTTP/1.1" 200 31563 "-" "Mozilla/5.0 (compatible; SemrushBot/7~bl; +http://www.semrush.com/bot.html)"
52.167.144.21 - - [12/Sep/2026:16:34:06 +0300] "GET /?sale/search/detail/?ITMCODE=51981619551 HTTP/2.0" 200 226536 "-" "Mozilla/5.0 AppleWebKit/537.36 (KHTML, like Gecko; compatible; bingbot/2.0; +http://www.bing.com/bingbot.htm) Chrome/116.0.1938.76 Safari/537.36"
52.167.144.21 - - [12/Sep/2026:16:34:07 +0300] "GET /?sale/search/detail/?ITMCODE=51981950367 HTTP/2.0" 200 219766 "-" "Mozilla/5.0 AppleWebKit/537.36 (KHTML, like Gecko; compatible; bingbot/2.0; +http://www.bing.com/bingbot.htm) Chrome/116.0.1938.76 Safari/537.36"
207.46.13.9 - - [12/Sep/2026:16:34:07 +0300] "GET /?sale/search/detail/?ITMCODE=51977350066 HTTP/2.0" 200 196008 "-" "Mozilla/5.0 AppleWebKit/537.36 (KHTML, like Gecko; compatible; bingbot/2.0; +http://www.bing.com/bingbot.htm) Chrome/116.0.1938.76 Safari/537.36"
85.208.96.197 - - [12/Sep/2026:16:34:08 +0300] "GET /?sale%2Fsearch%2Fdetail%2F%3FITMCODE=52005803862 HTTP/1.1" 200 31562 "-" "Mozilla/5.0 (compatible; SemrushBot/7~bl; +http://www.semrush.com/bot.html)"
207.46.13.9 - - [12/Sep/2026:16:34:08 +0300] "GET /?sale/search/detail/?ITMCODE=519977066049 HTTP/2.0" 200 210318 "-" "Mozilla/5.0 AppleWebKit/537.36 (KHTML, like Gecko; compatible; bingbot/2.0; +http://www.bing.com/bingbot.htm) Chrome/116.0.1938.76 Safari/537.36"
185.191.171.8 - - [12/Sep/2026:16:34:10 +0300] "GET /?sale%2Fsearch%2Fdetail%2F%3FITMCODE=519968440916 HTTP/1.1" 200 31563 "-" "Mozilla/5.0 (compatible; SemrushBot/7~bl; +http://www.semrush.com/bot.html)"
66.249.79.2 - - [12/Sep/2026:16:34:10 +0300] "GET /index.php/zinynas-keliaujantiems?sale/search/detail/?ITMCODE=51992496916 HTTP/1.1" 200 203646 "-" "Mozilla/5.0 (Linux; Android 6.0.1; Nexus 5X Build/MMB29P) AppleWebKit/537.36 (KHTML, like Gecko) Chrome/153.0.8010.36 Mobile Safari/537.36 (compatible; Googlebot/2.1; +http://www.google.com/bot.html)"
57.141.20.43 - - [12/Sep/2026:16:34:11 +0300] "GET /index.php/component/search/?sale/search/detail/?ITMCODE=519879656825&format=opensearch HTTP/2.0" 200 561 "-" "Mozilla/5.0 (Windows NT 10.0; Win64; x64) AppleWebKit/537.36 (KHTML, like Gecko) Chrome/145.0.0.0 Safari/537.36 (compatible; meta-externalagent/1.1 (+https://developers.facebook.com/docs/sharing/webmasters/crawler))"
