52.167.144.142 - - [12/Sep/2026:15:29:32 +0300] "GET /?sale/search/detail/?ITMCODE=51971201834 HTTP/2.0" 200 204010 "-" "Mozilla/5.0 AppleWebKit/537.36 (KHTML, like Gecko; compatible; bingbot/2.0; +http://www.bing.com/bingbot.htm) Chrome/116.0.1938.76 Safari/537.36"
66.249.79.3 - - [12/Sep/2026:15:29:41 +0300] "GET /index.php/zinynas-keliaujantiems?sale/search/detail/?ITMCODE=5196750252 HTTP/1.1" 200 225813 "-" "Mozilla/5.0 (Linux; Android 6.0.1; Nexus 5X Build/MMB29P) AppleWebKit/537.36 (KHTML, like Gecko) Chrome/153.0.8010.36 Mobile Safari/537.36 (compatible; Googlebot/2.1; +http://www.google.com/bot.html)"
57.141.20.28 - - [12/Sep/2026:15:29:43 +0300] "GET /index.php/component/search/?sale/search/detail/?ITMCODE=51959019277&id=1&Itemid=437&format=opensearch HTTP/2.0" 200 584 "-" "Mozilla/5.0 (Macintosh; Intel Mac OS X 10_15_7) AppleWebKit/537.36 (KHTML, like Gecko) Chrome/145.0.0.0 Safari/537.36 (compatible; meta-externalagent/1.1 (+https://developers.facebook.com/docs/sharing/webmasters/crawler))"
157.55.39.205 - - [12/Sep/2026:15:29:45 +0300] "GET /?sale/search/detail/?ITMCODE=519764031037 HTTP/2.0" 200 210448 "-" "Mozilla/5.0 AppleWebKit/537.36 (KHTML, like Gecko; compatible; bingbot/2.0; +http://www.bing.com/bingbot.htm) Chrome/116.0.1938.76 Safari/537.36"
85.208.96.203 - - [12/Sep/2026:15:29:46 +0300] "GET /?sale%2Fsearch%2Fdetail%2F%3FITMCODE=519867919237 HTTP/1.1" 200 31563 "-" "Mozilla/5.0 (compatible; SemrushBot/7~bl; +http://www.semrush.com/bot.html)"
157.55.39.205 - - [12/Sep/2026:15:29:46 +0300] "GET /?sale/search/detail/?ITMCODE=51992048345 HTTP/2.0" 200 210577 "-" "Mozilla/5.0 AppleWebKit/537.36 (KHTML, like Gecko; compatible; bingbot/2.0; +http://www.bing.com/bingbot.htm) Chrome/116.0.1938.76 Safari/537.36"
157.55.39.205 - - [12/Sep/2026:15:30:00 +0300] "GET /?sale/search/detail/?ITMCODE=519770120515 HTTP/2.0" 200 198254 "-" "Mozilla/5.0 AppleWebKit/537.36 (KHTML, like Gecko; compatible; bingbot/2.0; +http://www.bing.com/bingbot.htm) Chrome/116.0.1938.76 Safari/537.36"
40.77.167.130 - - [12/Sep/2026:15:29:59 +0300] "GET /?sale/search/detail/?ITMCODE=519713009909 HTTP/2.0" 200 220071 "-" "Mozilla/5.0 AppleWebKit/537.36 (KHTML, like Gecko; compatible; bingbot/2.0; +http://www.bing.com/bingbot.htm) Chrome/116.0.1938.76 Safari/537.36"
157.55.39.205 - - [12/Sep/2026:15:30:01 +0300] "GET /?sale/search/detail/?ITMCODE=51992048094 HTTP/2.0" 200 224599 "-" "Mozilla/5.0 AppleWebKit/537.36 (KHTML, like Gecko; compatible; bingbot/2.0; +http://www.bing.com/bingbot.htm) Chrome/116.0.1938.76 Safari/537.36"
157.55.39.205 - - [12/Sep/2026:15:30:03 +0300] "GET /?sale/search/detail/?ITMCODE=51995231432 HTTP/2.0" 200 197632 "-" "Mozilla/5.0 AppleWebKit/537.36 (KHTML, like Gecko; compatible; bingbot/2.0; +http://www.bing.com/bingbot.htm) Chrome/116.0.1938.76 Safari/537.36"
157.55.39.205 - - [12/Sep/2026:15:30:05 +0300] "GET /?sale/search/detail/?ITMCODE=519539432843 HTTP/2.0" 200 206086 "-" "Mozilla/5.0 AppleWebKit/537.36 (KHTML, like Gecko; compatible; bingbot/2.0; +http://www.bing.com/bingbot.htm) Chrome/116.0.1938.76 Safari/537.36"
66.249.79.1 - - [12/Sep/2026:15:30:09 +0300] "GET /index.php/zinynas-keliaujantiems?sale/search/detail/?ITMCODE=52002824663 HTTP/1.1" 200 214761 "-" "Mozilla/5.0 (Linux; Android 6.0.1; Nexus 5X Build/MMB29P) AppleWebKit/537.36 (KHTML, like Gecko) Chrome/153.0.8010.36 Mobile Safari/537.36 (compatible; Googlebot/2.1; +http://www.google.com/bot.html)"
207.46.13.14 - - [12/Sep/2026:15:30:12 +0300] "GET /?sale/search/detail/?ITMCODE=51998461225 HTTP/2.0" 200 199405 "-" "Mozilla/5.0 AppleWebKit/537.36 (KHTML, like Gecko; compatible; bingbot/2.0; +http://www.bing.com/bingbot.htm) Chrome/116.0.1938.76 Safari/537.36"
207.46.13.14 - - [12/Sep/2026:15:30:15 +0300] "GET /?sale/search/detail/?ITMCODE=520062885949 HTTP/2.0" 200 206097 "-" "Mozilla/5.0 AppleWebKit/537.36 (KHTML, like Gecko; compatible; bingbot/2.0; +http://www.bing.com/bingbot.htm) Chrome/116.0.1938.76 Safari/537.36"
114.119.154.166 - - [12/Sep/2026:15:30:17 +0300] "GET /?sale/search/detail/%3FITMCODE=51987949710 HTTP/1.1" 200 31590 "https://www.keliauk-uk.lt/?sitemap-items.xml" "Mozilla/5.0 (Linux; Android 7.0;) AppleWebKit/537.36 (HTML, like Gecko) Mobile Safari/537.36 (compatible; PetalBot;+https://webmaster.petalsearch.com/site/petalbot)"
207.46.13.14 - - [12/Sep/2026:15:30:19 +0300] "GET /?sale/search/detail/?ITMCODE=519770223119 HTTP/2.0" 200 195621 "-" "Mozilla/5.0 AppleWebKit/537.36 (KHTML, like Gecko; compatible; bingbot/2.0; +http://www.bing.com/bingbot.htm) Chrome/116.0.1938.76 Safari/537.36"
207.46.13.14 - - [12/Sep/2026:15:30:21 +0300] "GET /?sale/search/detail/?ITMCODE=519684842532 HTTP/2.0" 200 208254 "-" "Mozilla/5.0 AppleWebKit/537.36 (KHTML, like Gecko; compatible; bingbot/2.0; +http://www.bing.com/bingbot.htm) Chrome/116.0.1938.76 Safari/537.36"
207.46.13.14 - - [12/Sep/2026:15:30:24 +0300] "GET /?sale/search/detail/?ITMCODE=51981741156 HTTP/2.0" 200 195299 "-" "Mozilla/5.0 AppleWebKit/537.36 (KHTML, like Gecko; compatible; bingbot/2.0; +http://www.bing.com/bingbot.htm) Chrome/116.0.1938.76 Safari/537.36"
157.55.39.205 - - [12/Sep/2026:15:30:25 +0300] "GET /?sale/search/detail/?ITMCODE=519713199820 HTTP/2.0" 200 199461 "-" "Mozilla/5.0 AppleWebKit/537.36 (KHTML, like Gecko; compatible; bingbot/2.0; +http://www.bing.com/bingbot.htm) Chrome/116.0.1938.76 Safari/537.36"
157.55.39.205 - - [12/Sep/2026:15:30:26 +0300] "GET /?sale/search/detail/?ITMCODE=5195490196 HTTP/2.0" 200 206918 "-" "Mozilla/5.0 AppleWebKit/537.36 (KHTML, like Gecko; compatible; bingbot/2.0; +http://www.bing.com/bingbot.htm) Chrome/116.0.1938.76 Safari/537.36"
157.55.39.205 - - [12/Sep/2026:15:30:26 +0300] "GET /?sale/search/detail/?ITMCODE=52005579592 HTTP/2.0" 200 205921 "-" "Mozilla/5.0 AppleWebKit/537.36 (KHTML, like Gecko; compatible; bingbot/2.0; +http://www.bing.com/bingbot.htm) Chrome/116.0.1938.76 Safari/537.36"
157.55.39.205 - - [12/Sep/2026:15:30:27 +0300] "GET /?sale/search/detail/?ITMCODE=520032588903 HTTP/2.0" 200 212250 "-" "Mozilla/5.0 AppleWebKit/537.36 (KHTML, like Gecko; compatible; bingbot/2.0; +http://www.bing.com/bingbot.htm) Chrome/116.0.1938.76 Safari/537.36"
207.46.13.14 - - [12/Sep/2026:15:30:27 +0300] "GET /?sale/search/detail/?ITMCODE=52005775401 HTTP/2.0" 200 201421 "-" "Mozilla/5.0 AppleWebKit/537.36 (KHTML, like Gecko; compatible; bingbot/2.0; +http://www.bing.com/bingbot.htm) Chrome/116.0.1938.76 Safari/537.36"
207.46.13.14 - - [12/Sep/2026:15:30:30 +0300] "GET /?sale/search/detail/?ITMCODE=52008939551 HTTP/2.0" 200 205484 "-" "Mozilla/5.0 AppleWebKit/537.36 (KHTML, like Gecko; compatible; bingbot/2.0; +http://www.bing.com/bingbot.htm) Chrome/116.0.1938.76 Safari/537.36"
207.46.13.14 - - [12/Sep/2026:15:30:32 +0300] "GET /?sale/search/detail/?ITMCODE=519545442015 HTTP/2.0" 200 197110 "-" "Mozilla/5.0 AppleWebKit/537.36 (KHTML, like Gecko; compatible; bingbot/2.0; +http://www.bing.com/bingbot.htm) Chrome/116.0.1938.76 Safari/537.36"
207.46.13.14 - - [12/Sep/2026:15:30:33 +0300] "GET /?sale/search/detail/?ITMCODE=519764373297 HTTP/2.0" 200 195706 "-" "Mozilla/5.0 AppleWebKit/537.36 (KHTML, like Gecko; compatible; bingbot/2.0; +http://www.bing.com/bingbot.htm) Chrome/116.0.1938.76 Safari/537.36"
216.73.216.20 - - [12/Sep/2026:15:30:35 +0300] "GET /robots.txt HTTP/2.0" 200 159 "-" "Mozilla/5.0 AppleWebKit/537.36 (KHTML, like Gecko; compatible; ClaudeBot/1.0; +claudebot@anthropic.com)"
216.73.216.20 - - [12/Sep/2026:15:30:35 +0300] "GET /sitemap.xml HTTP/2.0" 200 2361 "-" "Mozilla/5.0 AppleWebKit/537.36 (KHTML, like Gecko; compatible; ClaudeBot/1.0; +claudebot@anthropic.com)"
216.73.216.20 - - [12/Sep/2026:15:30:35 +0300] "GET / HTTP/2.0" 200 31665 "-" "Mozilla/5.0 AppleWebKit/537.36 (KHTML, like Gecko; compatible; ClaudeBot/1.0; +claudebot@anthropic.com)"
185.191.171.2 - - [12/Sep/2026:15:30:37 +0300] "GET /?sale%2Fsearch%2Fdetail%2F%3FITMCODE=51971382390 HTTP/1.1" 200 31562 "-" "Mozilla/5.0 (compatible; SemrushBot/7~bl; +http://www.semrush.com/bot.html)"
85.208.96.205 - - [12/Sep/2026:15:30:41 +0300] "GET /?sale%2Fsearch%2Fdetail%2F%3FITMCODE=519518380213 HTTP/1.1" 200 31563 "-" "Mozilla/5.0 (compatible; SemrushBot/7~bl; +http://www.semrush.com/bot.html)"
207.46.13.14 - - [12/Sep/2026:15:30:46 +0300] "GET /?sale/search/detail/?ITMCODE=51984731742 HTTP/2.0" 200 208751 "-" "Mozilla/5.0 AppleWebKit/537.36 (KHTML, like Gecko; compatible; bingbot/2.0; +http://www.bing.com/bingbot.htm) Chrome/116.0.1938.76 Safari/537.36"
207.46.13.14 - - [12/Sep/2026:15:30:47 +0300] "GET /?sale/search/detail/?ITMCODE=519888979878 HTTP/2.0" 200 196448 "-" "Mozilla/5.0 AppleWebKit/537.36 (KHTML, like Gecko; compatible; bingbot/2.0; +http://www.bing.com/bingbot.htm) Chrome/116.0.1938.76 Safari/537.36"
66.249.79.1 - - [12/Sep/2026:15:31:02 +0300] "GET /index.php/zinynas-keliaujantiems?sale/search/detail/?ITMCODE=5196839954 HTTP/1.1" 200 201670 "-" "Mozilla/5.0 (Linux; Android 6.0.1; Nexus 5X Build/MMB29P) AppleWebKit/537.36 (KHTML, like Gecko) Chrome/153.0.8010.36 Mobile Safari/537.36 (compatible; Googlebot/2.1; +http://www.google.com/bot.html)"
66.249.79.1 - - [12/Sep/2026:15:31:03 +0300] "GET /index.php/paslaugos?sale/search/detail/?ITMCODE=51992150005 HTTP/1.1" 200 214460 "-" "Mozilla/5.0 (Linux; Android 6.0.1; Nexus 5X Build/MMB29P) AppleWebKit/537.36 (KHTML, like Gecko) Chrome/153.0.8010.36 Mobile Safari/537.36 (compatible; Googlebot/2.1; +http://www.google.com/bot.html)"
66.249.79.1 - - [12/Sep/2026:15:31:11 +0300] "GET /index.php/zinynas-keliaujantiems?sale/search/detail/?ITMCODE=519515389 HTTP/1.1" 200 221481 "-" "Mozilla/5.0 (Linux; Android 6.0.1; Nexus 5X Build/MMB29P) AppleWebKit/537.36 (KHTML, like Gecko) Chrome/153.0.8010.36 Mobile Safari/537.36 (compatible; Googlebot/2.1; +http://www.google.com/bot.html)"
66.249.79.2 - - [12/Sep/2026:15:31:11 +0300] "GET /index.php/zinynas-keliaujantiems?sale/search/detail/?ITMCODE=51992130076 HTTP/1.1" 200 211247 "-" "Mozilla/5.0 (Linux; Android 6.0.1; Nexus 5X Build/MMB29P) AppleWebKit/537.36 (KHTML, like Gecko) Chrome/153.0.8010.36 Mobile Safari/537.36 (compatible; Googlebot/2.1; +http://www.google.com/bot.html)"
66.249.79.1 - - [12/Sep/2026:15:31:13 +0300] "GET /?sale/search/detail/?ITMCODE=5196809356 HTTP/1.1" 200 222916 "-" "Mozilla/5.0 (Linux; Android 6.0.1; Nexus 5X Build/MMB29P) AppleWebKit/537.36 (KHTML, like Gecko) Chrome/153.0.8010.36 Mobile Safari/537.36 (compatible; Googlebot/2.1; +http://www.google.com/bot.html)"
185.191.171.2 - - [12/Sep/2026:15:31:14 +0300] "GET /?sale%2Fsearch%2Fdetail%2F%3FITMCODE=519590417018 HTTP/1.1" 200 31563 "-" "Mozilla/5.0 (compatible; SemrushBot/7~bl; +http://www.semrush.com/bot.html)"
157.55.39.205 - - [12/Sep/2026:15:31:16 +0300] "GET /?sale/search/detail/?ITMCODE=519858505236 HTTP/2.0" 200 195932 "-" "Mozilla/5.0 AppleWebKit/537.36 (KHTML, like Gecko; compatible; bingbot/2.0; +http://www.bing.com/bingbot.htm) Chrome/116.0.1938.76 Safari/537.36"
66.249.79.1 - - [12/Sep/2026:15:31:16 +0300] "GET /index.php/zinynas-keliaujantiems?sale/search/detail/?ITMCODE=52002977287 HTTP/1.1" 200 204188 "-" "Mozilla/5.0 (Linux; Android 6.0.1; Nexus 5X Build/MMB29P) AppleWebKit/537.36 (KHTML, like Gecko) Chrome/153.0.8010.36 Mobile Safari/537.36 (compatible; Googlebot/2.1; +http://www.google.com/bot.html)"
157.55.39.205 - - [12/Sep/2026:15:31:17 +0300] "GET /?sale/search/detail/?ITMCODE=519684581583 HTTP/2.0" 200 210276 "-" "Mozilla/5.0 AppleWebKit/537.36 (KHTML, like Gecko; compatible; bingbot/2.0; +http://www.bing.com/bingbot.htm) Chrome/116.0.1938.76 Safari/537.36"
157.55.39.205 - - [12/Sep/2026:15:31:19 +0300] "GET /?sale/search/detail/?ITMCODE=519743217631 HTTP/2.0" 200 206252 "-" "Mozilla/5.0 AppleWebKit/537.36 (KHTML, like Gecko; compatible; bingbot/2.0; +http://www.bing.com/bingbot.htm) Chrome/116.0.1938.76 Safari/537.36"
66.249.79.1 - - [12/Sep/2026:15:31:20 +0300] "GET /index.php/zinynas-keliaujantiems?sale/search/detail/?ITMCODE=51981785307 HTTP/1.1" 200 207954 "-" "Mozilla/5.0 (Linux; Android 6.0.1; Nexus 5X Build/MMB29P) AppleWebKit/537.36 (KHTML, like Gecko) Chrome/153.0.8010.36 Mobile Safari/537.36 (compatible; Googlebot/2.1; +http://www.google.com/bot.html)"
66.249.79.2 - - [12/Sep/2026:15:31:21 +0300] "GET /index.php/zinynas-keliaujantiems?sale/search/detail/?ITMCODE=5195136700 HTTP/1.1" 200 209916 "-" "Mozilla/5.0 (Linux; Android 6.0.1; Nexus 5X Build/MMB29P) AppleWebKit/537.36 (KHTML, like Gecko) Chrome/153.0.8010.36 Mobile Safari/537.36 (compatible; Googlebot/2.1; +http://www.google.com/bot.html)"
66.249.79.2 - - [12/Sep/2026:15:31:21 +0300] "GET /index.php/zinynas-keliaujantiems?sale/search/detail/?ITMCODE=5196907919 HTTP/1.1" 200 212202 "-" "Mozilla/5.0 (Linux; Android 6.0.1; Nexus 5X Build/MMB29P) AppleWebKit/537.36 (KHTML, like Gecko) Chrome/153.0.8010.36 Mobile Safari/537.36 (compatible; Googlebot/2.1; +http://www.google.com/bot.html)"
207.46.13.14 - - [12/Sep/2026:15:31:24 +0300] "GET /?sale/search/detail/?ITMCODE=519788318837 HTTP/2.0" 200 196248 "-" "Mozilla/5.0 AppleWebKit/537.36 (KHTML, like Gecko; compatible; bingbot/2.0; +http://www.bing.com/bingbot.htm) Chrome/116.0.1938.76 Safari/537.36"
207.46.13.14 - - [12/Sep/2026:15:31:27 +0300] "GET /?sale/search/detail/?ITMCODE=519590063328 HTTP/2.0" 200 196733 "-" "Mozilla/5.0 AppleWebKit/537.36 (KHTML, like Gecko; compatible; bingbot/2.0; +http://www.bing.com/bingbot.htm) Chrome/116.0.1938.76 Safari/537.36"
66.249.79.1 - - [12/Sep/2026:15:31:28 +0300] "GET /index.php/zinynas-keliaujantiems?sale/search/detail/?ITMCODE=52002769824 HTTP/1.1" 200 208447 "-" "Mozilla/5.0 (Linux; Android 6.0.1; Nexus 5X Build/MMB29P) AppleWebKit/537.36 (KHTML, like Gecko) Chrome/153.0.8010.36 Mobile Safari/537.36 (compatible; Googlebot/2.1; +http://www.google.com/bot.html)"
40.77.167.48 - - [12/Sep/2026:15:31:28 +0300] "GET /?sale/search/detail/?ITMCODE=519797420167 HTTP/2.0" 200 203371 "-" "Mozilla/5.0 AppleWebKit/537.36 (KHTML, like Gecko; compatible; bingbot/2.0; +http://www.bing.com/bingbot.htm) Chrome/116.0.1938.76 Safari/537.36"
40.77.167.48 - - [12/Sep/2026:15:31:31 +0300] "GET /?sale/search/detail/?ITMCODE=51966873460 HTTP/2.0" 200 208295 "-" "Mozilla/5.0 AppleWebKit/537.36 (KHTML, like Gecko; compatible; bingbot/2.0; +http://www.bing.com/bingbot.htm) Chrome/116.0.1938.76 Safari/537.36"
66.249.79.1 - - [12/Sep/2026:15:31:32 +0300] "GET /index.php/zinynas-keliaujantiems?sale/search/detail/?ITMCODE=51971321769 HTTP/1.1" 200 201770 "-" "Mozilla/5.0 (Linux; Android 6.0.1; Nexus 5X Build/MMB29P) AppleWebKit/537.36 (KHTML, like Gecko) Chrome/153.0.8010.36 Mobile Safari/537.36 (compatible; Googlebot/2.1; +http://www.google.com/bot.html)"
66.249.79.1 - - [12/Sep/2026:15:31:33 +0300] "GET /index.php/zinynas-keliaujantiems?sale/search/detail/?ITMCODE=519568509 HTTP/1.1" 200 210012 "-" "Mozilla/5.0 (Linux; Android 6.0.1; Nexus 5X Build/MMB29P) AppleWebKit/537.36 (KHTML, like Gecko) Chrome/153.0.8010.36 Mobile Safari/537.36 (compatible; Googlebot/2.1; +http://www.google.com/bot.html)"
52.167.144.172 - - [12/Sep/2026:15:31:37 +0300] "GET /?sale/search/detail/?ITMCODE=51984915318 HTTP/2.0" 200 214711 "-" "Mozilla/5.0 AppleWebKit/537.36 (KHTML, like Gecko; compatible; bingbot/2.0; +http://www.bing.com/bingbot.htm) Chrome/116.0.1938.76 Safari/537.36"
66.249.79.1 - - [12/Sep/2026:15:31:37 +0300] "GET /index.php/zinynas-keliaujantiems?sale/search/detail/?ITMCODE=52002744842 HTTP/1.1" 200 214523 "-" "Mozilla/5.0 (Linux; Android 6.0.1; Nexus 5X Build/MMB29P) AppleWebKit/537.36 (KHTML, like Gecko) Chrome/153.0.8010.36 Mobile Safari/537.36 (compatible; Googlebot/2.1; +http://www.google.com/bot.html)"
52.167.144.172 - - [12/Sep/2026:15:31:38 +0300] "GET /?sale/search/detail/?ITMCODE=52005804088 HTTP/2.0" 200 207128 "-" "Mozilla/5.0 AppleWebKit/537.36 (KHTML, like Gecko; compatible; bingbot/2.0; +http://www.bing.com/bingbot.htm) Chrome/116.0.1938.76 Safari/537.36"
52.167.144.172 - - [12/Sep/2026:15:31:38 +0300] "GET /?sale/search/detail/?ITMCODE=5195448010 HTTP/2.0" 200 218988 "-" "Mozilla/5.0 AppleWebKit/537.36 (KHTML, like Gecko; compatible; bingbot/2.0; +http://www.bing.com/bingbot.htm) Chrome/116.0.1938.76 Safari/537.36"
52.167.144.172 - - [12/Sep/2026:15:31:39 +0300] "GET /sale/search/detail/?ITMCODE=5195390263 HTTP/2.0" 200 207470 "-" "Mozilla/5.0 AppleWebKit/537.36 (KHTML, like Gecko; compatible; bingbot/2.0; +http://www.bing.com/bingbot.htm) Chrome/116.0.1938.76 Safari/537.36"
114.119.135.63 - - [12/Sep/2026:15:31:40 +0300] "GET /?sale/search/detail/%3FITMCODE=51987946662 HTTP/1.1" 200 31590 "https://www.keliauk-uk.lt/?sitemap-shopdetail.xml" "Mozilla/5.0 (Linux; Android 7.0;) AppleWebKit/537.36 (HTML, like Gecko) Mobile Safari/537.36 (compatible; PetalBot;+https://webmaster.petalsearch.com/site/petalbot)"
185.191.171.5 - - [12/Sep/2026:15:31:41 +0300] "GET /?sale%2Fsearch%2Fdetail%2F%3FITMCODE=519755226393 HTTP/1.1" 200 31563 "-" "Mozilla/5.0 (compatible; SemrushBot/7~bl; +http://www.semrush.com/bot.html)"
66.249.79.2 - - [12/Sep/2026:15:31:46 +0300] "GET /index.php/zinynas-keliaujantiems?sale/search/detail/?ITMCODE=51971243464 HTTP/1.1" 200 207126 "-" "Mozilla/5.0 (Linux; Android 6.0.1; Nexus 5X Build/MMB29P) AppleWebKit/537.36 (KHTML, like Gecko) Chrome/153.0.8010.36 Mobile Safari/537.36 (compatible; Googlebot/2.1; +http://www.google.com/bot.html)"
40.77.167.48 - - [12/Sep/2026:15:31:50 +0300] "GET /?sale/search/detail/?ITMCODE=51992158273 HTTP/2.0" 200 208468 "-" "Mozilla/5.0 AppleWebKit/537.36 (KHTML, like Gecko; compatible; bingbot/2.0; +http://www.bing.com/bingbot.htm) Chrome/116.0.1938.76 Safari/537.36"
66.249.79.1 - - [12/Sep/2026:15:31:52 +0300] "GET /index.php/zinynas-keliaujantiems?sale/search/detail/?ITMCODE=51971271600 HTTP/1.1" 200 209616 "-" "Mozilla/5.0 (Linux; Android 6.0.1; Nexus 5X Build/MMB29P) AppleWebKit/537.36 (KHTML, like Gecko) Chrome/153.0.8010.36 Mobile Safari/537.36 (compatible; Googlebot/2.1; +http://www.google.com/bot.html)"
40.77.167.48 - - [12/Sep/2026:15:31:53 +0300] "GET /?sale/search/detail/?ITMCODE=51981790504 HTTP/2.0" 200 229954 "-" "Mozilla/5.0 AppleWebKit/537.36 (KHTML, like Gecko; compatible; bingbot/2.0; +http://www.bing.com/bingbot.htm) Chrome/116.0.1938.76 Safari/537.36"
57.141.20.58 - - [12/Sep/2026:15:31:54 +0300] "GET /index.php/component/search/?sale/search/detail/?ITMCODE=52008826665&id=1&Itemid=437&format=opensearch HTTP/2.0" 200 584 "-" "Mozilla/5.0 (Macintosh; Intel Mac OS X 10_15_7) AppleWebKit/537.36 (KHTML, like Gecko) Chrome/145.0.0.0 Safari/537.36 (compatible; meta-externalagent/1.1 (+https://developers.facebook.com/docs/sharing/webmasters/crawler))"
66.249.79.1 - - [12/Sep/2026:15:31:54 +0300] "GET /index.php/zinynas-keliaujantiems?sale/search/detail/?ITMCODE=51981769069 HTTP/1.1" 200 213896 "-" "Mozilla/5.0 (Linux; Android 6.0.1; Nexus 5X Build/MMB29P) AppleWebKit/537.36 (KHTML, like Gecko) Chrome/153.0.8010.36 Mobile Safari/537.36 (compatible; Googlebot/2.1; +http://www.google.com/bot.html)"
207.46.13.14 - - [12/Sep/2026:15:31:54 +0300] "GET /?sale/search/detail/?ITMCODE=519941490138 HTTP/2.0" 200 194548 "-" "Mozilla/5.0 AppleWebKit/537.36 (KHTML, like Gecko; compatible; bingbot/2.0; +http://www.bing.com/bingbot.htm) Chrome/116.0.1938.76 Safari/537.36"
40.77.167.48 - - [12/Sep/2026:15:31:56 +0300] "GET /?sale/search/detail/?ITMCODE=5196993022 HTTP/2.0" 200 204443 "-" "Mozilla/5.0 AppleWebKit/537.36 (KHTML, like Gecko; compatible; bingbot/2.0; +http://www.bing.com/bingbot.htm) Chrome/116.0.1938.76 Safari/537.36"
94.154.43.158 - - [12/Sep/2026:15:31:58 +0300] "GET /.env HTTP/1.1" 404 1457 "-" "Mozilla/5.0 (Windows NT 10.0; Win64; x64) AppleWebKit/537.36 (KHTML, like Gecko) Chrome/147.0.0.0 Safari/537.36"
40.77.167.48 - - [12/Sep/2026:15:31:58 +0300] "GET /?sale/search/detail/?ITMCODE=52008967364 HTTP/2.0" 200 203847 "-" "Mozilla/5.0 AppleWebKit/537.36 (KHTML, like Gecko; compatible; bingbot/2.0; +http://www.bing.com/bingbot.htm) Chrome/116.0.1938.76 Safari/537.36"
94.154.43.180 - - [12/Sep/2026:15:32:00 +0300] "GET /.env HTTP/1.1" 404 1436 "-" "Mozilla/5.0 (Windows NT 10.0; Win64; x64) AppleWebKit/537.36 (KHTML, like Gecko) Chrome/147.0.0.0 Safari/537.36"
207.46.13.14 - - [12/Sep/2026:15:31:58 +0300] "GET /?sale/search/detail/?ITMCODE=519864894523 HTTP/2.0" 200 199468 "-" "Mozilla/5.0 AppleWebKit/537.36 (KHTML, like Gecko; compatible; bingbot/2.0; +http://www.bing.com/bingbot.htm) Chrome/116.0.1938.76 Safari/537.36"
157.55.39.205 - - [12/Sep/2026:15:32:00 +0300] "GET /?sale/search/detail/?ITMCODE=519813876860 HTTP/2.0" 200 194536 "-" "Mozilla/5.0 AppleWebKit/537.36 (KHTML, like Gecko; compatible; bingbot/2.0; +http://www.bing.com/bingbot.htm) Chrome/116.0.1938.76 Safari/537.36"
207.46.13.14 - - [12/Sep/2026:15:32:02 +0300] "GET /?sale/search/detail/?ITMCODE=51987954514 HTTP/2.0" 200 206789 "-" "Mozilla/5.0 AppleWebKit/537.36 (KHTML, like Gecko; compatible; bingbot/2.0; +http://www.bing.com/bingbot.htm) Chrome/116.0.1938.76 Safari/537.36"
66.249.79.2 - - [12/Sep/2026:15:32:07 +0300] "GET /index.php/zinynas-keliaujantiems?sale/search/detail/?ITMCODE=5196641403 HTTP/1.1" 200 212786 "-" "Mozilla/5.0 (Linux; Android 6.0.1; Nexus 5X Build/MMB29P) AppleWebKit/537.36 (KHTML, like Gecko) Chrome/153.0.8010.36 Mobile Safari/537.36 (compatible; Googlebot/2.1; +http://www.google.com/bot.html)"
85.208.96.196 - - [12/Sep/2026:15:32:09 +0300] "GET /?sale%2Fsearch%2Fdetail%2F%3FITMCODE=519666922841 HTTP/1.1" 200 31563 "-" "Mozilla/5.0 (compatible; SemrushBot/7~bl; +http://www.semrush.com/bot.html)"
207.46.13.14 - - [12/Sep/2026:15:32:08 +0300] "GET /?sale/search/detail/?ITMCODE=51992300100 HTTP/2.0" 200 211484 "-" "Mozilla/5.0 AppleWebKit/537.36 (KHTML, like Gecko; compatible; bingbot/2.0; +http://www.bing.com/bingbot.htm) Chrome/116.0.1938.76 Safari/537.36"
40.77.167.48 - - [12/Sep/2026:15:32:10 +0300] "GET /?sale/search/detail/?ITMCODE=51981734585 HTTP/2.0" 200 215236 "-" "Mozilla/5.0 AppleWebKit/537.36 (KHTML, like Gecko; compatible; bingbot/2.0; +http://www.bing.com/bingbot.htm) Chrome/116.0.1938.76 Safari/537.36"
40.77.167.48 - - [12/Sep/2026:15:32:13 +0300] "GET /sale/search/detail/?ITMCODE=51971019853 HTTP/2.0" 200 200553 "-" "Mozilla/5.0 AppleWebKit/537.36 (KHTML, like Gecko; compatible; bingbot/2.0; +http://www.bing.com/bingbot.htm) Chrome/116.0.1938.76 Safari/537.36"
185.191.171.9 - - [12/Sep/2026:15:32:21 +0300] "GET /?sale%2Fsearch%2Fdetail%2F%3FITMCODE=520092694102 HTTP/1.1" 200 31563 "-" "Mozilla/5.0 (compatible; SemrushBot/7~bl; +http://www.semrush.com/bot.html)"
66.249.79.1 - - [12/Sep/2026:15:32:23 +0300] "GET /index.php/zinynas-keliaujantiems?sale/search/detail/?ITMCODE=5195308076 HTTP/1.1" 200 204211 "-" "Mozilla/5.0 (Linux; Android 6.0.1; Nexus 5X Build/MMB29P) AppleWebKit/537.36 (KHTML, like Gecko) Chrome/153.0.8010.36 Mobile Safari/537.36 (compatible; Googlebot/2.1; +http://www.google.com/bot.html)"
66.249.79.2 - - [12/Sep/2026:15:32:23 +0300] "GET /index.php/zinynas-keliaujantiems?sale/search/detail/?ITMCODE=51971469598 HTTP/1.1" 200 204321 "-" "Mozilla/5.0 (Linux; Android 6.0.1; Nexus 5X Build/MMB29P) AppleWebKit/537.36 (KHTML, like Gecko) Chrome/153.0.8010.36 Mobile Safari/537.36 (compatible; Googlebot/2.1; +http://www.google.com/bot.html)"
207.46.13.6 - - [12/Sep/2026:15:32:20 +0300] "GET /?sale/search/detail/?ITMCODE=51956106336 HTTP/2.0" 200 203970 "-" "Mozilla/5.0 AppleWebKit/537.36 (KHTML, like Gecko; compatible; bingbot/2.0; +http://www.bing.com/bingbot.htm) Chrome/116.0.1938.76 Safari/537.36"
66.249.79.1 - - [12/Sep/2026:15:32:25 +0300] "GET /index.php/zinynas-keliaujantiems?sale/search/detail/?ITMCODE=51971378139 HTTP/1.1" 200 220546 "-" "Mozilla/5.0 (Linux; Android 6.0.1; Nexus 5X Build/MMB29P) AppleWebKit/537.36 (KHTML, like Gecko) Chrome/153.0.8010.36 Mobile Safari/537.36 (compatible; Googlebot/2.1; +http://www.google.com/bot.html)"
66.249.79.1 - - [12/Sep/2026:15:32:27 +0300] "GET /index.php/zinynas-keliaujantiems?sale/search/detail/?ITMCODE=51992024904 HTTP/1.1" 200 210822 "-" "Mozilla/5.0 (Linux; Android 6.0.1; Nexus 5X Build/MMB29P) AppleWebKit/537.36 (KHTML, like Gecko) Chrome/153.0.8010.36 Mobile Safari/537.36 (compatible; Googlebot/2.1; +http://www.google.com/bot.html)"
185.191.171.7 - - [12/Sep/2026:15:32:27 +0300] "GET /?sale%2Fsearch%2Fdetail%2F%3FITMCODE=51981867748 HTTP/1.1" 200 31562 "-" "Mozilla/5.0 (compatible; SemrushBot/7~bl; +http://www.semrush.com/bot.html)"
57.141.20.13 - - [12/Sep/2026:15:32:35 +0300] "GET /index.php/component/search/?sale/search/detail/?ITMCODE=520044615658&id=1&Itemid=437&format=opensearch HTTP/2.0" 200 559 "-" "Mozilla/5.0 (Windows NT 10.0; Win64; x64) AppleWebKit/537.36 (KHTML, like Gecko) Chrome/145.0.0.0 Safari/537.36 (compatible; meta-externalagent/1.1 (+https://developers.facebook.com/docs/sharing/webmasters/crawler))"
85.208.96.197 - - [12/Sep/2026:15:32:35 +0300] "GET /?sale%2Fsearch%2Fdetail%2F%3FITMCODE=51992059863 HTTP/1.1" 200 31562 "-" "Mozilla/5.0 (compatible; SemrushBot/7~bl; +http://www.semrush.com/bot.html)"
185.191.171.1 - - [12/Sep/2026:15:32:37 +0300] "GET /?sale%2Fsearch%2Fdetail%2F%3FITMCODE=519852836743 HTTP/1.1" 200 31563 "-" "Mozilla/5.0 (compatible; SemrushBot/7~bl; +http://www.semrush.com/bot.html)"
207.46.13.14 - - [12/Sep/2026:15:32:49 +0300] "GET /?sale/search/detail/?ITMCODE=520044541765 HTTP/2.0" 200 203092 "-" "Mozilla/5.0 AppleWebKit/537.36 (KHTML, like Gecko; compatible; bingbot/2.0; +http://www.bing.com/bingbot.htm) Chrome/116.0.1938.76 Safari/537.36"
85.208.96.195 - - [12/Sep/2026:15:32:53 +0300] "GET /?sale%2Fsearch%2Fdetail%2F%3FITMCODE=520062585442 HTTP/1.1" 200 31563 "-" "Mozilla/5.0 (compatible; SemrushBot/7~bl; +http://www.semrush.com/bot.html)"
207.46.13.6 - - [12/Sep/2026:15:32:52 +0300] "GET /?sale/search/detail/?ITMCODE=52005949559 HTTP/2.0" 200 198102 "-" "Mozilla/5.0 AppleWebKit/537.36 (KHTML, like Gecko; compatible; bingbot/2.0; +http://www.bing.com/bingbot.htm) Chrome/116.0.1938.76 Safari/537.36"
66.249.79.3 - - [12/Sep/2026:15:32:59 +0300] "GET /index.php/zinynas-keliaujantiems?sale/search/detail/?ITMCODE=52002981726 HTTP/1.1" 200 211340 "-" "Mozilla/5.0 (Linux; Android 6.0.1; Nexus 5X Build/MMB29P) AppleWebKit/537.36 (KHTML, like Gecko) Chrome/153.0.8010.36 Mobile Safari/537.36 (compatible; Googlebot/2.1; +http://www.google.com/bot.html)"
114.119.148.64 - - [12/Sep/2026:15:33:05 +0300] "GET /?sale/search/detail/%3FITMCODE=51987944118 HTTP/1.1" 200 31590 "https://www.keliauk-uk.lt/?sitemap-items.xml" "Mozilla/5.0 (Linux; Android 7.0;) AppleWebKit/537.36 (HTML, like Gecko) Mobile Safari/537.36 (compatible; PetalBot;+https://webmaster.petalsearch.com/site/petalbot)"
85.208.96.203 - - [12/Sep/2026:15:33:10 +0300] "GET /?sale%2Fsearch%2Fdetail%2F%3FITMCODE=519666980582 HTTP/1.1" 200 31563 "-" "Mozilla/5.0 (compatible; SemrushBot/7~bl; +http://www.semrush.com/bot.html)"
85.208.96.204 - - [12/Sep/2026:15:33:20 +0300] "GET /?sale%2Fsearch%2Fdetail%2F%3FITMCODE=519687740634 HTTP/1.1" 200 31563 "-" "Mozilla/5.0 (compatible; SemrushBot/7~bl; +http://www.semrush.com/bot.html)"
85.208.96.203 - - [12/Sep/2026:15:33:22 +0300] "GET /?sale%2Fsearch%2Fdetail%2F%3FITMCODE=51966873588 HTTP/1.1" 200 31562 "-" "Mozilla/5.0 (compatible; SemrushBot/7~bl; +http://www.semrush.com/bot.html)"
207.46.13.6 - - [12/Sep/2026:15:33:19 +0300] "GET /?sale/search/detail/?ITMCODE=52002507488 HTTP/2.0" 200 208973 "-" "Mozilla/5.0 AppleWebKit/537.36 (KHTML, like Gecko; compatible; bingbot/2.0; +http://www.bing.com/bingbot.htm) Chrome/116.0.1938.76 Safari/537.36"
57.141.20.55 - - [12/Sep/2026:15:33:36 +0300] "GET /?sale/search/detail/?ITMCODE=519944217807 HTTP/2.0" 200 31591 "-" "Mozilla/5.0 (Macintosh; Intel Mac OS X 10_15_7) AppleWebKit/537.36 (KHTML, like Gecko) Chrome/145.0.0.0 Safari/537.36 (compatible; meta-externalagent/1.1 (+https://developers.facebook.com/docs/sharing/webmasters/crawler))"
207.46.13.6 - - [12/Sep/2026:15:33:32 +0300] "GET /?sale/search/detail/?ITMCODE=519917259452 HTTP/2.0" 200 196181 "-" "Mozilla/5.0 AppleWebKit/537.36 (KHTML, like Gecko; compatible; bingbot/2.0; +http://www.bing.com/bingbot.htm) Chrome/116.0.1938.76 Safari/537.36"
57.141.20.54 - - [12/Sep/2026:15:33:40 +0300] "GET /index.php/component/search/?sale/search/detail/?ITMCODE=519879657229&id=1&Itemid=437&format=opensearch HTTP/2.0" 200 585 "-" "Mozilla/5.0 (Windows NT 10.0; Win64; x64) AppleWebKit/537.36 (KHTML, like Gecko) Chrome/145.0.0.0 Safari/537.36 (compatible; meta-externalagent/1.1 (+https://developers.facebook.com/docs/sharing/webmasters/crawler))"
185.191.171.4 - - [12/Sep/2026:15:33:44 +0300] "GET /?sale%2Fsearch%2Fdetail%2F%3FITMCODE=519788404339 HTTP/1.1" 200 31563 "-" "Mozilla/5.0 (compatible; SemrushBot/7~bl; +http://www.semrush.com/bot.html)"
207.46.13.14 - - [12/Sep/2026:15:33:43 +0300] "GET /?sale/search/detail/?ITMCODE=51981767373 HTTP/2.0" 200 197180 "-" "Mozilla/5.0 AppleWebKit/537.36 (KHTML, like Gecko; compatible; bingbot/2.0; +http://www.bing.com/bingbot.htm) Chrome/116.0.1938.76 Safari/537.36"
207.46.13.6 - - [12/Sep/2026:15:33:45 +0300] "GET /?sale/search/detail/?ITMCODE=51987562978 HTTP/2.0" 200 194896 "-" "Mozilla/5.0 AppleWebKit/537.36 (KHTML, like Gecko; compatible; bingbot/2.0; +http://www.bing.com/bingbot.htm) Chrome/116.0.1938.76 Safari/537.36"
85.208.96.197 - - [12/Sep/2026:15:33:54 +0300] "GET /?sale%2Fsearch%2Fdetail%2F%3FITMCODE=52002544754 HTTP/1.1" 200 31562 "-" "Mozilla/5.0 (compatible; SemrushBot/7~bl; +http://www.semrush.com/bot.html)"
185.191.171.3 - - [12/Sep/2026:15:34:00 +0300] "GET /?sale%2Fsearch%2Fdetail%2F%3FITMCODE=519690928839 HTTP/1.1" 200 31563 "-" "Mozilla/5.0 (compatible; SemrushBot/7~bl; +http://www.semrush.com/bot.html)"
207.46.13.14 - - [12/Sep/2026:15:33:58 +0300] "GET /?sale/search/detail/?ITMCODE=51974222114 HTTP/2.0" 200 199231 "-" "Mozilla/5.0 AppleWebKit/537.36 (KHTML, like Gecko; compatible; bingbot/2.0; +http://www.bing.com/bingbot.htm) Chrome/116.0.1938.76 Safari/537.36"
57.141.20.70 - - [12/Sep/2026:15:34:04 +0300] "GET /index.php/component/search/?sale/search/detail/?ITMCODE=519779323488& HTTP/2.0" 200 19729 "-" "Mozilla/5.0 (Windows NT 10.0; Win64; x64) AppleWebKit/537.36 (KHTML, like Gecko) Chrome/145.0.0.0 Safari/537.36 (compatible; meta-externalagent/1.1 (+https://developers.facebook.com/docs/sharing/webmasters/crawler))"
85.208.96.199 - - [12/Sep/2026:15:34:06 +0300] "GET /?sale%2Fsearch%2Fdetail%2F%3FITMCODE=519788423119 HTTP/1.1" 200 31563 "-" "Mozilla/5.0 (compatible; SemrushBot/7~bl; +http://www.semrush.com/bot.html)"
207.46.13.6 - - [12/Sep/2026:15:34:13 +0300] "GET /?sale/search/detail/?ITMCODE=519548424452 HTTP/2.0" 200 203388 "-" "Mozilla/5.0 AppleWebKit/537.36 (KHTML, like Gecko; compatible; bingbot/2.0; +http://www.bing.com/bingbot.htm) Chrome/116.0.1938.76 Safari/537.36"
85.208.96.206 - - [12/Sep/2026:15:34:38 +0300] "GET /?sale%2Fsearch%2Fdetail%2F%3FITMCODE=51969607892 HTTP/1.1" 200 31562 "-" "Mozilla/5.0 (compatible; SemrushBot/7~bl; +http://www.semrush.com/bot.html)"
207.46.13.6 - - [12/Sep/2026:15:34:36 +0300] "GET /?sale/search/detail/?ITMCODE=519627757830 HTTP/2.0" 200 197190 "-" "Mozilla/5.0 AppleWebKit/537.36 (KHTML, like Gecko; compatible; bingbot/2.0; +http://www.bing.com/bingbot.htm) Chrome/116.0.1938.76 Safari/537.36"
40.77.167.48 - - [12/Sep/2026:15:34:44 +0300] "GET /?sale/search/detail/?ITMCODE=51981620001 HTTP/2.0" 200 203672 "-" "Mozilla/5.0 AppleWebKit/537.36 (KHTML, like Gecko; compatible; bingbot/2.0; +http://www.bing.com/bingbot.htm) Chrome/116.0.1938.76 Safari/537.36"
40.77.167.48 - - [12/Sep/2026:15:34:45 +0300] "GET /?sale/search/detail/?ITMCODE=520053507915 HTTP/2.0" 200 206746 "-" "Mozilla/5.0 AppleWebKit/537.36 (KHTML, like Gecko; compatible; bingbot/2.0; +http://www.bing.com/bingbot.htm) Chrome/116.0.1938.76 Safari/537.36"
40.77.167.48 - - [12/Sep/2026:15:34:45 +0300] "GET /?sale/search/detail/?ITMCODE=519770129515 HTTP/2.0" 200 204285 "-" "Mozilla/5.0 AppleWebKit/537.36 (KHTML, like Gecko; compatible; bingbot/2.0; +http://www.bing.com/bingbot.htm) Chrome/116.0.1938.76 Safari/537.36"
40.77.167.48 - - [12/Sep/2026:15:34:46 +0300] "GET /?sale/search/detail/?ITMCODE=5196969227 HTTP/2.0" 200 205122 "-" "Mozilla/5.0 AppleWebKit/537.36 (KHTML, like Gecko; compatible; bingbot/2.0; +http://www.bing.com/bingbot.htm) Chrome/116.0.1938.76 Safari/537.36"
40.77.167.48 - - [12/Sep/2026:15:34:47 +0300] "GET /?sale/search/detail/?ITMCODE=51969560503 HTTP/2.0" 200 216493 "-" "Mozilla/5.0 AppleWebKit/537.36 (KHTML, like Gecko; compatible; bingbot/2.0; +http://www.bing.com/bingbot.htm) Chrome/116.0.1938.76 Safari/537.36"
52.167.144.172 - - [12/Sep/2026:15:34:50 +0300] "GET /?sale/search/detail/?ITMCODE=51992363229 HTTP/2.0" 200 210480 "-" "Mozilla/5.0 AppleWebKit/537.36 (KHTML, like Gecko; compatible; bingbot/2.0; +http://www.bing.com/bingbot.htm) Chrome/116.0.1938.76 Safari/537.36"
52.167.144.172 - - [12/Sep/2026:15:34:51 +0300] "GET /?sale/search/detail/?ITMCODE=51981669698 HTTP/2.0" 200 222473 "-" "Mozilla/5.0 AppleWebKit/537.36 (KHTML, like Gecko; compatible; bingbot/2.0; +http://www.bing.com/bingbot.htm) Chrome/116.0.1938.76 Safari/537.36"
52.167.144.172 - - [12/Sep/2026:15:34:52 +0300] "GET /?sale/search/detail/?ITMCODE=52008514086 HTTP/2.0" 200 214259 "-" "Mozilla/5.0 AppleWebKit/537.36 (KHTML, like Gecko; compatible; bingbot/2.0; +http://www.bing.com/bingbot.htm) Chrome/116.0.1938.76 Safari/537.36"
52.167.144.172 - - [12/Sep/2026:15:34:52 +0300] "GET /?sale/search/detail/?ITMCODE=52002783349 HTTP/2.0" 200 213796 "-" "Mozilla/5.0 AppleWebKit/537.36 (KHTML, like Gecko; compatible; bingbot/2.0; +http://www.bing.com/bingbot.htm) Chrome/116.0.1938.76 Safari/537.36"
52.167.144.172 - - [12/Sep/2026:15:34:53 +0300] "GET /?sale/search/detail/?ITMCODE=51971166078 HTTP/2.0" 200 218331 "-" "Mozilla/5.0 AppleWebKit/537.36 (KHTML, like Gecko; compatible; bingbot/2.0; +http://www.bing.com/bingbot.htm) Chrome/116.0.1938.76 Safari/537.36"
157.55.39.205 - - [12/Sep/2026:15:34:54 +0300] "GET /?sale/search/detail/?ITMCODE=51992297851 HTTP/2.0" 200 201025 "-" "Mozilla/5.0 AppleWebKit/537.36 (KHTML, like Gecko; compatible; bingbot/2.0; +http://www.bing.com/bingbot.htm) Chrome/116.0.1938.76 Safari/537.36"
157.55.39.205 - - [12/Sep/2026:15:34:56 +0300] "GET /?sale/search/detail/?ITMCODE=519761305737 HTTP/2.0" 200 202814 "-" "Mozilla/5.0 AppleWebKit/537.36 (KHTML, like Gecko; compatible; bingbot/2.0; +http://www.bing.com/bingbot.htm) Chrome/116.0.1938.76 Safari/537.36"
114.119.135.63 - - [12/Sep/2026:15:34:57 +0300] "GET /?sale/search/detail/%3FITMCODE=51987943913 HTTP/1.1" 200 31590 "https://www.keliauk-uk.lt/?sitemap-items.xml" "Mozilla/5.0 (Linux; Android 7.0;) AppleWebKit/537.36 (HTML, like Gecko) Mobile Safari/537.36 (compatible; PetalBot;+https://webmaster.petalsearch.com/site/petalbot)"
157.55.39.205 - - [12/Sep/2026:15:34:57 +0300] "GET /?sale/search/detail/?ITMCODE=519552220 HTTP/2.0" 200 208781 "-" "Mozilla/5.0 AppleWebKit/537.36 (KHTML, like Gecko; compatible; bingbot/2.0; +http://www.bing.com/bingbot.htm) Chrome/116.0.1938.76 Safari/537.36"
157.55.39.205 - - [12/Sep/2026:15:34:58 +0300] "GET /?sale/search/detail/?ITMCODE=51992309445 HTTP/2.0" 200 225629 "-" "Mozilla/5.0 AppleWebKit/537.36 (KHTML, like Gecko; compatible; bingbot/2.0; +http://www.bing.com/bingbot.htm) Chrome/116.0.1938.76 Safari/537.36"
157.55.39.205 - - [12/Sep/2026:15:34:59 +0300] "GET /?sale/search/detail/?ITMCODE=519554365460 HTTP/2.0" 200 215799 "-" "Mozilla/5.0 AppleWebKit/537.36 (KHTML, like Gecko; compatible; bingbot/2.0; +http://www.bing.com/bingbot.htm) Chrome/116.0.1938.76 Safari/537.36"
40.77.167.48 - - [12/Sep/2026:15:35:00 +0300] "GET /?sale/search/detail/?ITMCODE=51981899248 HTTP/2.0" 200 219839 "-" "Mozilla/5.0 AppleWebKit/537.36 (KHTML, like Gecko; compatible; bingbot/2.0; +http://www.bing.com/bingbot.htm) Chrome/116.0.1938.76 Safari/537.36"
207.46.13.6 - - [12/Sep/2026:15:34:55 +0300] "GET /?sale/search/detail/?ITMCODE=519710014513 HTTP/2.0" 200 201553 "-" "Mozilla/5.0 AppleWebKit/537.36 (KHTML, like Gecko; compatible; bingbot/2.0; +http://www.bing.com/bingbot.htm) Chrome/116.0.1938.76 Safari/537.36"
40.77.167.48 - - [12/Sep/2026:15:35:00 +0300] "GET /?sale/search/detail/?ITMCODE=51992216212 HTTP/2.0" 200 205461 "-" "Mozilla/5.0 AppleWebKit/537.36 (KHTML, like Gecko; compatible; bingbot/2.0; +http://www.bing.com/bingbot.htm) Chrome/116.0.1938.76 Safari/537.36"
207.46.13.14 - - [12/Sep/2026:15:35:27 +0300] "GET /?sale/search/detail/?ITMCODE=519548149034 HTTP/2.0" 200 199842 "-" "Mozilla/5.0 AppleWebKit/537.36 (KHTML, like Gecko; compatible; bingbot/2.0; +http://www.bing.com/bingbot.htm) Chrome/116.0.1938.76 Safari/537.36"
207.46.13.6 - - [12/Sep/2026:15:35:27 +0300] "GET /?sale/search/detail/?ITMCODE=519920131176 HTTP/2.0" 200 196591 "-" "Mozilla/5.0 AppleWebKit/537.36 (KHTML, like Gecko; compatible; bingbot/2.0; +http://www.bing.com/bingbot.htm) Chrome/116.0.1938.76 Safari/537.36"
85.208.96.199 - - [12/Sep/2026:15:35:33 +0300] "GET /?sale%2Fsearch%2Fdetail%2F%3FITMCODE=519794023768 HTTP/1.1" 200 31563 "-" "Mozilla/5.0 (compatible; SemrushBot/7~bl; +http://www.semrush.com/bot.html)"
57.141.20.59 - - [12/Sep/2026:15:35:35 +0300] "GET /index.php/component/search/?sale/search/detail/?ITMCODE=520011653757&id=1&Itemid=437&format=opensearch HTTP/2.0" 200 585 "-" "Mozilla/5.0 (Windows NT 10.0; Win64; x64) AppleWebKit/537.36 (KHTML, like Gecko) Chrome/145.0.0.0 Safari/537.36 (compatible; meta-externalagent/1.1 (+https://developers.facebook.com/docs/sharing/webmasters/crawler))"
66.249.79.1 - - [12/Sep/2026:15:35:44 +0300] "GET /index.php/zinynas-keliaujantiems?sale/search/detail/?ITMCODE=519525067 HTTP/1.1" 200 206771 "-" "Mozilla/5.0 (Linux; Android 6.0.1; Nexus 5X Build/MMB29P) AppleWebKit/537.36 (KHTML, like Gecko) Chrome/153.0.8010.36 Mobile Safari/537.36 (compatible; Googlebot/2.1; +http://www.google.com/bot.html)"
207.46.13.14 - - [12/Sep/2026:15:35:42 +0300] "GET /?sale/search/detail/?ITMCODE=52002837070 HTTP/2.0" 200 202317 "-" "Mozilla/5.0 AppleWebKit/537.36 (KHTML, like Gecko; compatible; bingbot/2.0; +http://www.bing.com/bingbot.htm) Chrome/116.0.1938.76 Safari/537.36"
114.119.137.116 - - [12/Sep/2026:15:35:52 +0300] "GET /?sale/search/detail/%3FITMCODE=51987940500 HTTP/1.1" 200 31590 "https://www.keliauk-uk.lt/?sitemap-products.xml" "Mozilla/5.0 (Linux; Android 7.0;) AppleWebKit/537.36 (HTML, like Gecko) Mobile Safari/537.36 (compatible; PetalBot;+https://webmaster.petalsearch.com/site/petalbot)"
207.46.13.6 - - [12/Sep/2026:15:35:49 +0300] "GET /?sale/search/detail/?ITMCODE=519849652301 HTTP/2.0" 200 199230 "-" "Mozilla/5.0 AppleWebKit/537.36 (KHTML, like Gecko; compatible; bingbot/2.0; +http://www.bing.com/bingbot.htm) Chrome/116.0.1938.76 Safari/537.36"
57.141.20.32 - - [12/Sep/2026:15:36:12 +0300] "GET /index.php/component/search/?sale/search/detail/?ITMCODE=51971448244&format=opensearch HTTP/2.0" 200 534 "-" "Mozilla/5.0 (Macintosh; Intel Mac OS X 10_15_7) AppleWebKit/537.36 (KHTML, like Gecko) Chrome/145.0.0.0 Safari/537.36 (compatible; meta-externalagent/1.1 (+https://developers.facebook.com/docs/sharing/webmasters/crawler))"
185.191.171.11 - - [12/Sep/2026:15:36:17 +0300] "GET /?sale%2Fsearch%2Fdetail%2F%3FITMCODE=52005612363 HTTP/1.1" 200 31562 "-" "Mozilla/5.0 (compatible; SemrushBot/7~bl; +http://www.semrush.com/bot.html)"
207.46.13.14 - - [12/Sep/2026:15:36:17 +0300] "GET /?sale/search/detail/?ITMCODE=519962040810 HTTP/2.0" 200 219595 "-" "Mozilla/5.0 AppleWebKit/537.36 (KHTML, like Gecko; compatible; bingbot/2.0; +http://www.bing.com/bingbot.htm) Chrome/116.0.1938.76 Safari/537.36"
207.46.13.14 - - [12/Sep/2026:15:36:21 +0300] "GET /?sale/search/detail/?ITMCODE=519864797295 HTTP/2.0" 200 197863 "-" "Mozilla/5.0 AppleWebKit/537.36 (KHTML, like Gecko; compatible; bingbot/2.0; +http://www.bing.com/bingbot.htm) Chrome/116.0.1938.76 Safari/537.36"
207.46.13.6 - - [12/Sep/2026:15:36:21 +0300] "GET /?sale/search/detail/?ITMCODE=519876963899 HTTP/2.0" 200 200089 "-" "Mozilla/5.0 AppleWebKit/537.36 (KHTML, like Gecko; compatible; bingbot/2.0; +http://www.bing.com/bingbot.htm) Chrome/116.0.1938.76 Safari/537.36"
207.46.13.14 - - [12/Sep/2026:15:36:26 +0300] "GET /?sale/search/detail/?ITMCODE=51966803483 HTTP/2.0" 200 215032 "-" "Mozilla/5.0 AppleWebKit/537.36 (KHTML, like Gecko; compatible; bingbot/2.0; +http://www.bing.com/bingbot.htm) Chrome/116.0.1938.76 Safari/537.36"
207.46.13.14 - - [12/Sep/2026:15:36:31 +0300] "GET /?sale/search/detail/?ITMCODE=519911370561 HTTP/2.0" 200 193370 "-" "Mozilla/5.0 AppleWebKit/537.36 (KHTML, like Gecko; compatible; bingbot/2.0; +http://www.bing.com/bingbot.htm) Chrome/116.0.1938.76 Safari/537.36"
185.191.171.13 - - [12/Sep/2026:15:36:33 +0300] "GET /?sale%2Fsearch%2Fdetail%2F%3FITMCODE=519855884287 HTTP/1.1" 200 31563 "-" "Mozilla/5.0 (compatible; SemrushBot/7~bl; +http://www.semrush.com/bot.html)"
57.141.20.9 - - [12/Sep/2026:15:36:43 +0300] "GET /index.php/component/search/?sale/search/detail/?ITMCODE=519618951805& HTTP/2.0" 200 19807 "-" "Mozilla/5.0 (X11; Linux x86_64) AppleWebKit/537.36 (KHTML, like Gecko) Chrome/145.0.0.0 Safari/537.36 (compatible; meta-externalagent/1.1 (+https://developers.facebook.com/docs/sharing/webmasters/crawler))"
57.141.20.69 - - [12/Sep/2026:15:36:44 +0300] "GET /presets/.css HTTP/2.0" 404 1461 "https://keliauk-uk.lt.testams.vhost.lt/index.php/component/search/?sale/search/detail/?ITMCODE=519618951805&" "Mozilla/5.0 (X11; Linux x86_64) AppleWebKit/537.36 (KHTML, like Gecko) Chrome/145.0.0.0 Safari/537.36 (compatible; meta-externalagent/1.1 (+https://developers.facebook.com/docs/sharing/webmasters/crawler))"
185.191.171.11 - - [12/Sep/2026:15:36:47 +0300] "GET /?sale%2Fsearch%2Fdetail%2F%3FITMCODE=519767100447 HTTP/1.1" 200 31563 "-" "Mozilla/5.0 (compatible; SemrushBot/7~bl; +http://www.semrush.com/bot.html)"
207.46.13.14 - - [12/Sep/2026:15:36:47 +0300] "GET /?sale/search/detail/?ITMCODE=520020985962 HTTP/2.0" 200 198324 "-" "Mozilla/5.0 AppleWebKit/537.36 (KHTML, like Gecko; compatible; bingbot/2.0; +http://www.bing.com/bingbot.htm) Chrome/116.0.1938.76 Safari/537.36"
185.191.171.13 - - [12/Sep/2026:15:36:50 +0300] "GET /?sale%2Fsearch%2Fdetail%2F%3FITMCODE=51981591856 HTTP/1.1" 200 31562 "-" "Mozilla/5.0 (compatible; SemrushBot/7~bl; +http://www.semrush.com/bot.html)"
207.46.13.6 - - [12/Sep/2026:15:36:46 +0300] "GET /?sale/search/detail/?ITMCODE=519873720866 HTTP/2.0" 200 193568 "-" "Mozilla/5.0 AppleWebKit/537.36 (KHTML, like Gecko; compatible; bingbot/2.0; +http://www.bing.com/bingbot.htm) Chrome/116.0.1938.76 Safari/537.36"
85.208.96.195 - - [12/Sep/2026:15:36:56 +0300] "GET /?sale%2Fsearch%2Fdetail%2F%3FITMCODE=520017837813 HTTP/1.1" 200 31563 "-" "Mozilla/5.0 (compatible; SemrushBot/7~bl; +http://www.semrush.com/bot.html)"
57.141.20.53 - - [12/Sep/2026:15:37:01 +0300] "GET /index.php/component/search/?sale/search/detail/?ITMCODE=519515383641&id=1&Itemid=437&format=opensearch HTTP/2.0" 200 585 "-" "Mozilla/5.0 (Windows NT 10.0; Win64; x64) AppleWebKit/537.36 (KHTML, like Gecko) Chrome/145.0.0.0 Safari/537.36 (compatible; meta-externalagent/1.1 (+https://developers.facebook.com/docs/sharing/webmasters/crawler))"
66.249.79.1 - - [12/Sep/2026:15:37:13 +0300] "GET /index.php/zinynas-keliaujantiems?sale/search/detail/?ITMCODE=5195202786 HTTP/1.1" 200 202562 "-" "Mozilla/5.0 (Linux; Android 6.0.1; Nexus 5X Build/MMB29P) AppleWebKit/537.36 (KHTML, like Gecko) Chrome/153.0.8010.36 Mobile Safari/537.36 (compatible; Googlebot/2.1; +http://www.google.com/bot.html)"
85.208.96.195 - - [12/Sep/2026:15:37:14 +0300] "GET /?sale%2Fsearch%2Fdetail%2F%3FITMCODE=52005548475 HTTP/1.1" 200 31562 "-" "Mozilla/5.0 (compatible; SemrushBot/7~bl; +http://www.semrush.com/bot.html)"
114.119.142.39 - - [12/Sep/2026:15:37:15 +0300] "GET /?sale/search/detail/%3FITMCODE=51987938804 HTTP/1.1" 200 31590 "https://www.keliauk-uk.lt/?sitemap-shopdetail.xml" "Mozilla/5.0 (Linux; Android 7.0;) AppleWebKit/537.36 (HTML, like Gecko) Mobile Safari/537.36 (compatible; PetalBot;+https://webmaster.petalsearch.com/site/petalbot)"
85.208.96.206 - - [12/Sep/2026:15:37:17 +0300] "GET /?sale%2Fsearch%2Fdetail%2F%3FITMCODE=51992380096 HTTP/1.1" 200 31562 "-" "Mozilla/5.0 (compatible; SemrushBot/7~bl; +http://www.semrush.com/bot.html)"
57.141.20.37 - - [12/Sep/2026:15:37:20 +0300] "GET /index.php/component/search/?sale/search/detail/?ITMCODE=519816813141& HTTP/2.0" 200 19807 "-" "Mozilla/5.0 (Windows NT 10.0; Win64; x64) AppleWebKit/537.36 (KHTML, like Gecko) Chrome/145.0.0.0 Safari/537.36 (compatible; meta-externalagent/1.1 (+https://developers.facebook.com/docs/sharing/webmasters/crawler))"
185.191.171.13 - - [12/Sep/2026:15:37:23 +0300] "GET /?sale%2Fsearch%2Fdetail%2F%3FITMCODE=51956073628 HTTP/1.1" 200 31562 "-" "Mozilla/5.0 (compatible; SemrushBot/7~bl; +http://www.semrush.com/bot.html)"
85.208.96.194 - - [12/Sep/2026:15:37:34 +0300] "GET /?sale%2Fsearch%2Fdetail%2F%3FITMCODE=520038939437 HTTP/1.1" 200 31563 "-" "Mozilla/5.0 (compatible; SemrushBot/7~bl; +http://www.semrush.com/bot.html)"
57.141.20.58 - - [12/Sep/2026:15:37:39 +0300] "GET /index.php/component/search/?sale/search/detail/?ITMCODE=519843802758&id=1&Itemid=437&format=opensearch HTTP/2.0" 200 559 "-" "Mozilla/5.0 (Macintosh; Intel Mac OS X 10_15_7) AppleWebKit/537.36 (KHTML, like Gecko) Chrome/145.0.0.0 Safari/537.36 (compatible; meta-externalagent/1.1 (+https://developers.facebook.com/docs/sharing/webmasters/crawler))"
57.141.20.6 - - [12/Sep/2026:15:37:40 +0300] "GET /index.php/component/search/?sale/search/detail/?ITMCODE=519953043793&id=1&Itemid=437&format=opensearch HTTP/2.0" 200 559 "-" "Mozilla/5.0 (Windows NT 10.0; Win64; x64) AppleWebKit/537.36 (KHTML, like Gecko) Chrome/145.0.0.0 Safari/537.36 (compatible; meta-externalagent/1.1 (+https://developers.facebook.com/docs/sharing/webmasters/crawler))"
57.141.20.47 - - [12/Sep/2026:15:37:42 +0300] "GET /?sale/search/detail/?ITMCODE=519645829307 HTTP/2.0" 200 31591 "-" "Mozilla/5.0 (Windows NT 10.0; Win64; x64) AppleWebKit/537.36 (KHTML, like Gecko) Chrome/145.0.0.0 Safari/537.36 (compatible; meta-externalagent/1.1 (+https://developers.facebook.com/docs/sharing/webmasters/crawler))"
185.191.171.15 - - [12/Sep/2026:15:37:45 +0300] "GET /?sale%2Fsearch%2Fdetail%2F%3FITMCODE=519761066482 HTTP/1.1" 200 31563 "-" "Mozilla/5.0 (compatible; SemrushBot/7~bl; +http://www.semrush.com/bot.html)"
52.167.144.172 - - [12/Sep/2026:15:37:47 +0300] "GET /?sale/search/detail/?ITMCODE=51998301074 HTTP/2.0" 200 204213 "-" "Mozilla/5.0 AppleWebKit/537.36 (KHTML, like Gecko; compatible; bingbot/2.0; +http://www.bing.com/bingbot.htm) Chrome/116.0.1938.76 Safari/537.36"
52.167.144.172 - - [12/Sep/2026:15:37:48 +0300] "GET /?sale/search/detail/?ITMCODE=51956139175 HTTP/2.0" 200 213479 "-" "Mozilla/5.0 AppleWebKit/537.36 (KHTML, like Gecko; compatible; bingbot/2.0; +http://www.bing.com/bingbot.htm) Chrome/116.0.1938.76 Safari/537.36"
52.167.144.172 - - [12/Sep/2026:15:37:48 +0300] "GET /?sale/search/detail/?ITMCODE=51959180315 HTTP/2.0" 200 203789 "-" "Mozilla/5.0 AppleWebKit/537.36 (KHTML, like Gecko; compatible; bingbot/2.0; +http://www.bing.com/bingbot.htm) Chrome/116.0.1938.76 Safari/537.36"
52.167.144.172 - - [12/Sep/2026:15:37:49 +0300] "GET /?sale/search/detail/?ITMCODE=51995159205 HTTP/2.0" 200 237235 "-" "Mozilla/5.0 AppleWebKit/537.36 (KHTML, like Gecko; compatible; bingbot/2.0; +http://www.bing.com/bingbot.htm) Chrome/116.0.1938.76 Safari/537.36"
52.167.144.172 - - [12/Sep/2026:15:37:50 +0300] "GET /?sale/search/detail/?ITMCODE=5196959727 HTTP/2.0" 200 211973 "-" "Mozilla/5.0 AppleWebKit/537.36 (KHTML, like Gecko; compatible; bingbot/2.0; +http://www.bing.com/bingbot.htm) Chrome/116.0.1938.76 Safari/537.36"
52.167.144.172 - - [12/Sep/2026:15:37:50 +0300] "GET /?sale/search/detail/?ITMCODE=51992117146 HTTP/2.0" 200 210718 "-" "Mozilla/5.0 AppleWebKit/537.36 (KHTML, like Gecko; compatible; bingbot/2.0; +http://www.bing.com/bingbot.htm) Chrome/116.0.1938.76 Safari/537.36"
185.191.171.6 - - [12/Sep/2026:15:37:51 +0300] "GET /?sale%2Fsearch%2Fdetail%2F%3FITMCODE=519852872737 HTTP/1.1" 200 31563 "-" "Mozilla/5.0 (compatible; SemrushBot/7~bl; +http://www.semrush.com/bot.html)"
52.167.144.172 - - [12/Sep/2026:15:37:51 +0300] "GET /?sale/search/detail/?ITMCODE=51974498399 HTTP/2.0" 200 214212 "-" "Mozilla/5.0 AppleWebKit/537.36 (KHTML, like Gecko; compatible; bingbot/2.0; +http://www.bing.com/bingbot.htm) Chrome/116.0.1938.76 Safari/537.36"
52.167.144.172 - - [12/Sep/2026:15:37:52 +0300] "GET /?sale/search/detail/?ITMCODE=51998207812 HTTP/2.0" 200 201892 "-" "Mozilla/5.0 AppleWebKit/537.36 (KHTML, like Gecko; compatible; bingbot/2.0; +http://www.bing.com/bingbot.htm) Chrome/116.0.1938.76 Safari/537.36"
52.167.144.172 - - [12/Sep/2026:15:37:52 +0300] "GET /?sale/search/detail/?ITMCODE=51992451033 HTTP/2.0" 200 204076 "-" "Mozilla/5.0 AppleWebKit/537.36 (KHTML, like Gecko; compatible; bingbot/2.0; +http://www.bing.com/bingbot.htm) Chrome/116.0.1938.76 Safari/537.36"
52.167.144.172 - - [12/Sep/2026:15:37:53 +0300] "GET /?sale/search/detail/?ITMCODE=519596058384 HTTP/2.0" 200 229635 "-" "Mozilla/5.0 AppleWebKit/537.36 (KHTML, like Gecko; compatible; bingbot/2.0; +http://www.bing.com/bingbot.htm) Chrome/116.0.1938.76 Safari/537.36"
185.191.171.11 - - [12/Sep/2026:15:37:53 +0300] "GET /?sale%2Fsearch%2Fdetail%2F%3FITMCODE=51992468923 HTTP/1.1" 200 31562 "-" "Mozilla/5.0 (compatible; SemrushBot/7~bl; +http://www.semrush.com/bot.html)"
52.167.144.172 - - [12/Sep/2026:15:37:54 +0300] "GET /?sale/search/detail/?ITMCODE=51992344252 HTTP/2.0" 200 203867 "-" "Mozilla/5.0 AppleWebKit/537.36 (KHTML, like Gecko; compatible; bingbot/2.0; +http://www.bing.com/bingbot.htm) Chrome/116.0.1938.76 Safari/537.36"
52.167.144.172 - - [12/Sep/2026:15:37:54 +0300] "GET /?sale/search/detail/?ITMCODE=51995174443 HTTP/2.0" 200 203229 "-" "Mozilla/5.0 AppleWebKit/537.36 (KHTML, like Gecko; compatible; bingbot/2.0; +http://www.bing.com/bingbot.htm) Chrome/116.0.1938.76 Safari/537.36"
