66.249.79.3 - - [12/Sep/2026:15:54:30 +0300] "GET /index.php/zinynas-keliaujantiems?sale/search/detail/?ITMCODE=51992232767 HTTP/1.1" 200 205754 "-" "Mozilla/5.0 (Linux; Android 6.0.1; Nexus 5X Build/MMB29P) AppleWebKit/537.36 (KHTML, like Gecko) Chrome/153.0.8010.36 Mobile Safari/537.36 (compatible; Googlebot/2.1; +http://www.google.com/bot.html)"
85.208.96.194 - - [12/Sep/2026:15:54:39 +0300] "GET /?sale%2Fsearch%2Fdetail%2F%3FITMCODE=519654806207 HTTP/1.1" 200 31563 "-" "Mozilla/5.0 (compatible; SemrushBot/7~bl; +http://www.semrush.com/bot.html)"
57.141.20.45 - - [12/Sep/2026:15:54:43 +0300] "GET /index.php/component/search/?sale/search/detail/?ITMCODE=519819576393&format=opensearch HTTP/2.0" 200 561 "-" "Mozilla/5.0 (Windows NT 10.0; Win64; x64) AppleWebKit/537.36 (KHTML, like Gecko) Chrome/145.0.0.0 Safari/537.36 (compatible; meta-externalagent/1.1 (+https://developers.facebook.com/docs/sharing/webmasters/crawler))"
85.208.96.194 - - [12/Sep/2026:15:54:44 +0300] "GET /?sale%2Fsearch%2Fdetail%2F%3FITMCODE=519669650447 HTTP/1.1" 200 31563 "-" "Mozilla/5.0 (compatible; SemrushBot/7~bl; +http://www.semrush.com/bot.html)"
85.208.96.202 - - [12/Sep/2026:15:54:45 +0300] "GET /?sale%2Fsearch%2Fdetail%2F%3FITMCODE=520092535468 HTTP/1.1" 200 31563 "-" "Mozilla/5.0 (compatible; SemrushBot/7~bl; +http://www.semrush.com/bot.html)"
66.249.79.2 - - [12/Sep/2026:15:54:48 +0300] "GET /?sale/search/detail/?ITMCODE=5196781457 HTTP/1.1" 200 224945 "-" "Mozilla/5.0 (Linux; Android 6.0.1; Nexus 5X Build/MMB29P) AppleWebKit/537.36 (KHTML, like Gecko) Chrome/153.0.8010.36 Mobile Safari/537.36 (compatible; Googlebot/2.1; +http://www.google.com/bot.html)"
185.191.171.3 - - [12/Sep/2026:15:54:55 +0300] "GET /?sale%2Fsearch%2Fdetail%2F%3FITMCODE=51959001472 HTTP/1.1" 200 31562 "-" "Mozilla/5.0 (compatible; SemrushBot/7~bl; +http://www.semrush.com/bot.html)"
52.167.144.210 - - [12/Sep/2026:15:55:02 +0300] "GET /?shop/c/c519710175/ HTTP/2.0" 200 242371 "-" "Mozilla/5.0 AppleWebKit/537.36 (KHTML, like Gecko; compatible; bingbot/2.0; +http://www.bing.com/bingbot.htm) Chrome/116.0.1938.76 Safari/537.36"
57.141.20.51 - - [12/Sep/2026:15:55:08 +0300] "GET /index.php/component/search/?sale/search/detail/?ITMCODE=519947485808&id=1&Itemid=437&format=opensearch HTTP/2.0" 200 559 "-" "Mozilla/5.0 (Windows NT 10.0; Win64; x64) AppleWebKit/537.36 (KHTML, like Gecko) Chrome/145.0.0.0 Safari/537.36 (compatible; meta-externalagent/1.1 (+https://developers.facebook.com/docs/sharing/webmasters/crawler))"
185.191.171.7 - - [12/Sep/2026:15:55:15 +0300] "GET /?sale%2Fsearch%2Fdetail%2F%3FITMCODE=519837809115 HTTP/1.1" 200 31563 "-" "Mozilla/5.0 (compatible; SemrushBot/7~bl; +http://www.semrush.com/bot.html)"
114.119.158.46 - - [12/Sep/2026:15:55:21 +0300] "GET /?sale/search/detail/%3FITMCODE=51987915063 HTTP/1.1" 200 31590 "https://www.keliauk-uk.lt/?sitemap-items.xml" "Mozilla/5.0 (Linux; Android 7.0;) AppleWebKit/537.36 (HTML, like Gecko) Mobile Safari/537.36 (compatible; PetalBot;+https://webmaster.petalsearch.com/site/petalbot)"
57.141.20.66 - - [12/Sep/2026:15:55:44 +0300] "GET /index.php/component/search/?sale/search/detail/?ITMCODE=51974494314&id=1&Itemid=437&format=opensearch HTTP/2.0" 200 584 "-" "Mozilla/5.0 (Macintosh; Intel Mac OS X 10_15_7) AppleWebKit/537.36 (KHTML, like Gecko) Chrome/145.0.0.0 Safari/537.36 (compatible; meta-externalagent/1.1 (+https://developers.facebook.com/docs/sharing/webmasters/crawler))"
52.167.144.210 - - [12/Sep/2026:15:55:52 +0300] "GET /shop/pg/52002774986 HTTP/2.0" 200 221596 "-" "Mozilla/5.0 AppleWebKit/537.36 (KHTML, like Gecko; compatible; bingbot/2.0; +http://www.bing.com/bingbot.htm) Chrome/116.0.1938.76 Safari/537.36"
77.74.177.114 - - [12/Sep/2026:15:56:09 +0300] "GET / HTTP/1.1" 200 31518 "-" "Mozilla/5.0 (Linux; arm_64; Android 12; CPH2205) AppleWebKit/537.36 (KHTML, like Gecko) Chrome/110.0.0.0 YaBrowser/23.3.3.86.00 SA/3 Mobile Safari/537.36"
66.249.79.1 - - [12/Sep/2026:15:56:15 +0300] "GET /shop/pg/5195108424 HTTP/1.1" 200 195991 "-" "Mozilla/5.0 (Linux; Android 6.0.1; Nexus 5X Build/MMB29P) AppleWebKit/537.36 (KHTML, like Gecko) Chrome/153.0.8010.36 Mobile Safari/537.36 (compatible; Googlebot/2.1; +http://www.google.com/bot.html)"
207.46.13.87 - - [12/Sep/2026:15:56:16 +0300] "GET /shop/pg/51981559861 HTTP/2.0" 200 204023 "-" "Mozilla/5.0 AppleWebKit/537.36 (KHTML, like Gecko; compatible; bingbot/2.0; +http://www.bing.com/bingbot.htm) Chrome/116.0.1938.76 Safari/537.36"
207.46.13.87 - - [12/Sep/2026:15:56:17 +0300] "GET /shop/pg/51971276919 HTTP/2.0" 200 203178 "-" "Mozilla/5.0 AppleWebKit/537.36 (KHTML, like Gecko; compatible; bingbot/2.0; +http://www.bing.com/bingbot.htm) Chrome/116.0.1938.76 Safari/537.36"
66.249.79.2 - - [12/Sep/2026:15:56:32 +0300] "GET /shop/js/cart.aspx?_=1788393600011 HTTP/1.1" 200 196903 "https://keliauk-uk.lt/index.php/paslaugos?shop/c/c52001000249/" "Mozilla/5.0 (Linux; Android 6.0.1; Nexus 5X Build/MMB29P) AppleWebKit/537.36 (KHTML, like Gecko) Chrome/151.0.7922.173 Mobile Safari/537.36 (compatible; Googlebot/2.1; +http://www.google.com/bot.html)"
114.119.142.39 - - [12/Sep/2026:15:56:44 +0300] "GET /?sale/search/detail/%3FITMCODE=51987911192 HTTP/1.1" 200 31590 "https://www.keliauk-uk.lt/?sitemap-items.xml" "Mozilla/5.0 (Linux; Android 7.0;) AppleWebKit/537.36 (HTML, like Gecko) Mobile Safari/537.36 (compatible; PetalBot;+https://webmaster.petalsearch.com/site/petalbot)"
85.208.96.205 - - [12/Sep/2026:15:56:56 +0300] "GET /?sale%2Fsearch%2Fdetail%2F%3FITMCODE=51971499390 HTTP/1.1" 200 31562 "-" "Mozilla/5.0 (compatible; SemrushBot/7~bl; +http://www.semrush.com/bot.html)"
185.191.171.7 - - [12/Sep/2026:15:57:17 +0300] "GET /?sale%2Fsearch%2Fdetail%2F%3FITMCODE=519755420007 HTTP/1.1" 200 31563 "-" "Mozilla/5.0 (compatible; SemrushBot/7~bl; +http://www.semrush.com/bot.html)"
185.191.171.15 - - [12/Sep/2026:15:57:26 +0300] "GET /?sale%2Fsearch%2Fdetail%2F%3FITMCODE=519518414128 HTTP/1.1" 200 31563 "-" "Mozilla/5.0 (compatible; SemrushBot/7~bl; +http://www.semrush.com/bot.html)"
66.249.79.1 - - [12/Sep/2026:15:57:28 +0300] "GET /index.php/zinynas-keliaujantiems?sale/search/detail/?ITMCODE=51971029910 HTTP/1.1" 200 210079 "-" "Mozilla/5.0 (Linux; Android 6.0.1; Nexus 5X Build/MMB29P) AppleWebKit/537.36 (KHTML, like Gecko) Chrome/153.0.8010.36 Mobile Safari/537.36 (compatible; Googlebot/2.1; +http://www.google.com/bot.html)"
185.191.171.7 - - [12/Sep/2026:15:57:30 +0300] "GET /?sale%2Fsearch%2Fdetail%2F%3FITMCODE=519633861523 HTTP/1.1" 200 31563 "-" "Mozilla/5.0 (compatible; SemrushBot/7~bl; +http://www.semrush.com/bot.html)"
85.208.96.211 - - [12/Sep/2026:15:57:35 +0300] "GET /?sale%2Fsearch%2Fdetail%2F%3FITMCODE=519992287194 HTTP/1.1" 200 31563 "-" "Mozilla/5.0 (compatible; SemrushBot/7~bl; +http://www.semrush.com/bot.html)"
185.191.171.16 - - [12/Sep/2026:15:57:42 +0300] "GET /?sale%2Fsearch%2Fdetail%2F%3FITMCODE=519852601807 HTTP/1.1" 200 31563 "-" "Mozilla/5.0 (compatible; SemrushBot/7~bl; +http://www.semrush.com/bot.html)"
66.249.79.1 - - [12/Sep/2026:15:57:47 +0300] "GET /index.php/zinynas-keliaujantiems?sale/search/detail/?ITMCODE=5195157716 HTTP/1.1" 200 208531 "-" "Mozilla/5.0 (Linux; Android 6.0.1; Nexus 5X Build/MMB29P) AppleWebKit/537.36 (KHTML, like Gecko) Chrome/153.0.8010.36 Mobile Safari/537.36 (compatible; Googlebot/2.1; +http://www.google.com/bot.html)"
85.208.96.208 - - [12/Sep/2026:15:57:59 +0300] "GET /?sale%2Fsearch%2Fdetail%2F%3FITMCODE=51984663331 HTTP/1.1" 200 31562 "-" "Mozilla/5.0 (compatible; SemrushBot/7~bl; +http://www.semrush.com/bot.html)"
185.191.171.18 - - [12/Sep/2026:15:58:06 +0300] "GET /?sale%2Fsearch%2Fdetail%2F%3FITMCODE=51956050220 HTTP/1.1" 200 31562 "-" "Mozilla/5.0 (compatible; SemrushBot/7~bl; +http://www.semrush.com/bot.html)"
114.119.137.116 - - [12/Sep/2026:15:58:09 +0300] "GET /?sale/search/detail/%3FITMCODE=51987909690 HTTP/1.1" 200 31590 "https://www.keliauk-uk.lt/?sitemap-products.xml" "Mozilla/5.0 (Linux; Android 7.0;) AppleWebKit/537.36 (HTML, like Gecko) Mobile Safari/537.36 (compatible; PetalBot;+https://webmaster.petalsearch.com/site/petalbot)"
185.191.171.4 - - [12/Sep/2026:15:58:09 +0300] "GET /?sale%2Fsearch%2Fdetail%2F%3FITMCODE=520053922665 HTTP/1.1" 200 31563 "-" "Mozilla/5.0 (compatible; SemrushBot/7~bl; +http://www.semrush.com/bot.html)"
85.208.96.201 - - [12/Sep/2026:15:58:12 +0300] "GET /?sale%2Fsearch%2Fdetail%2F%3FITMCODE=519888536480 HTTP/1.1" 200 31563 "-" "Mozilla/5.0 (compatible; SemrushBot/7~bl; +http://www.semrush.com/bot.html)"
85.208.96.206 - - [12/Sep/2026:15:58:21 +0300] "GET /?sale%2Fsearch%2Fdetail%2F%3FITMCODE=519722437818 HTTP/1.1" 200 31563 "-" "Mozilla/5.0 (compatible; SemrushBot/7~bl; +http://www.semrush.com/bot.html)"
52.167.144.210 - - [12/Sep/2026:15:58:22 +0300] "GET /shop/pg/52002641053 HTTP/2.0" 200 209455 "-" "Mozilla/5.0 AppleWebKit/537.36 (KHTML, like Gecko; compatible; bingbot/2.0; +http://www.bing.com/bingbot.htm) Chrome/116.0.1938.76 Safari/537.36"
185.191.171.9 - - [12/Sep/2026:15:58:24 +0300] "GET /?sale%2Fsearch%2Fdetail%2F%3FITMCODE=51992140048 HTTP/1.1" 200 31562 "-" "Mozilla/5.0 (compatible; SemrushBot/7~bl; +http://www.semrush.com/bot.html)"
185.191.171.4 - - [12/Sep/2026:15:58:27 +0300] "GET /?sale%2Fsearch%2Fdetail%2F%3FITMCODE=51966635423 HTTP/1.1" 200 31562 "-" "Mozilla/5.0 (compatible; SemrushBot/7~bl; +http://www.semrush.com/bot.html)"
185.191.171.4 - - [12/Sep/2026:15:58:34 +0300] "GET /?sale%2Fsearch%2Fdetail%2F%3FITMCODE=519672792056 HTTP/1.1" 200 31563 "-" "Mozilla/5.0 (compatible; SemrushBot/7~bl; +http://www.semrush.com/bot.html)"
85.208.96.193 - - [12/Sep/2026:15:58:54 +0300] "GET /?sale%2Fsearch%2Fdetail%2F%3FITMCODE=519791138878 HTTP/1.1" 200 31563 "-" "Mozilla/5.0 (compatible; SemrushBot/7~bl; +http://www.semrush.com/bot.html)"
85.208.96.210 - - [12/Sep/2026:15:59:03 +0300] "GET /?sale%2Fsearch%2Fdetail%2F%3FITMCODE=519788255470 HTTP/1.1" 200 31563 "-" "Mozilla/5.0 (compatible; SemrushBot/7~bl; +http://www.semrush.com/bot.html)"
66.249.79.1 - - [12/Sep/2026:15:59:06 +0300] "GET /index.php/zinynas-keliaujantiems?sale/search/detail/?ITMCODE=52002953477 HTTP/1.1" 200 212782 "-" "Mozilla/5.0 (Linux; Android 6.0.1; Nexus 5X Build/MMB29P) AppleWebKit/537.36 (KHTML, like Gecko) Chrome/153.0.8010.36 Mobile Safari/537.36 (compatible; Googlebot/2.1; +http://www.google.com/bot.html)"
66.249.79.1 - - [12/Sep/2026:15:59:07 +0300] "GET /index.php/zinynas-keliaujantiems?sale/search/detail/?ITMCODE=51992305362 HTTP/1.1" 200 205244 "-" "Mozilla/5.0 (Linux; Android 6.0.1; Nexus 5X Build/MMB29P) AppleWebKit/537.36 (KHTML, like Gecko) Chrome/153.0.8010.36 Mobile Safari/537.36 (compatible; Googlebot/2.1; +http://www.google.com/bot.html)"
114.119.144.15 - - [12/Sep/2026:15:59:32 +0300] "GET /?sale/search/detail/%3FITMCODE=51987909320 HTTP/1.1" 200 31590 "https://www.keliauk-uk.lt/?sitemap-items.xml" "Mozilla/5.0 (Linux; Android 7.0;) AppleWebKit/537.36 (HTML, like Gecko) Mobile Safari/537.36 (compatible; PetalBot;+https://webmaster.petalsearch.com/site/petalbot)"
185.191.171.8 - - [12/Sep/2026:15:59:53 +0300] "GET /?sale%2Fsearch%2Fdetail%2F%3FITMCODE=519758048623 HTTP/1.1" 200 31563 "-" "Mozilla/5.0 (compatible; SemrushBot/7~bl; +http://www.semrush.com/bot.html)"
57.141.20.26 - - [12/Sep/2026:16:00:03 +0300] "GET /index.php/component/search/?sale/search/detail/?ITMCODE=519873931138&id=1&Itemid=437&format=opensearch HTTP/2.0" 200 559 "-" "Mozilla/5.0 (Windows NT 10.0; Win64; x64) AppleWebKit/537.36 (KHTML, like Gecko) Chrome/145.0.0.0 Safari/537.36 (compatible; meta-externalagent/1.1 (+https://developers.facebook.com/docs/sharing/webmasters/crawler))"
66.249.79.2 - - [12/Sep/2026:16:00:05 +0300] "GET /index.php/zinynas-keliaujantiems?sale/search/detail/?ITMCODE=51971185592 HTTP/1.1" 200 227937 "-" "Mozilla/5.0 (Linux; Android 6.0.1; Nexus 5X Build/MMB29P) AppleWebKit/537.36 (KHTML, like Gecko) Chrome/153.0.8010.36 Mobile Safari/537.36 (compatible; Googlebot/2.1; +http://www.google.com/bot.html)"
66.249.79.1 - - [12/Sep/2026:16:00:27 +0300] "GET /?sale/search/detail/?ITMCODE=52002602583 HTTP/1.1" 200 198781 "-" "Mozilla/5.0 (Linux; Android 6.0.1; Nexus 5X Build/MMB29P) AppleWebKit/537.36 (KHTML, like Gecko) Chrome/153.0.8010.36 Mobile Safari/537.36 (compatible; Googlebot/2.1; +http://www.google.com/bot.html)"
66.249.79.1 - - [12/Sep/2026:16:00:31 +0300] "GET /index.php/zinynas-keliaujantiems?sale/search/detail/?ITMCODE=51981991460 HTTP/1.1" 200 224219 "-" "Mozilla/5.0 (Linux; Android 6.0.1; Nexus 5X Build/MMB29P) AppleWebKit/537.36 (KHTML, like Gecko) Chrome/153.0.8010.36 Mobile Safari/537.36 (compatible; Googlebot/2.1; +http://www.google.com/bot.html)"
66.249.79.1 - - [12/Sep/2026:16:00:31 +0300] "GET /?sale/search/detail/?ITMCODE=5196684244 HTTP/1.1" 200 223993 "-" "Mozilla/5.0 (Linux; Android 6.0.1; Nexus 5X Build/MMB29P) AppleWebKit/537.36 (KHTML, like Gecko) Chrome/153.0.8010.36 Mobile Safari/537.36 (compatible; Googlebot/2.1; +http://www.google.com/bot.html)"
66.249.79.1 - - [12/Sep/2026:16:00:32 +0300] "GET /sale/search/detail/?ITMCODE=51971474277 HTTP/1.1" 200 196716 "-" "Mozilla/5.0 (Linux; Android 6.0.1; Nexus 5X Build/MMB29P) AppleWebKit/537.36 (KHTML, like Gecko) Chrome/153.0.8010.36 Mobile Safari/537.36 (compatible; Googlebot/2.1; +http://www.google.com/bot.html)"
66.249.79.1 - - [12/Sep/2026:16:00:38 +0300] "GET /index.php/zinynas-keliaujantiems?sale/search/detail/?ITMCODE=51992384407 HTTP/1.1" 200 227050 "-" "Mozilla/5.0 (Linux; Android 6.0.1; Nexus 5X Build/MMB29P) AppleWebKit/537.36 (KHTML, like Gecko) Chrome/153.0.8010.36 Mobile Safari/537.36 (compatible; Googlebot/2.1; +http://www.google.com/bot.html)"
66.249.79.1 - - [12/Sep/2026:16:00:47 +0300] "GET /index.php/zinynas-keliaujantiems?sale/search/detail/?ITMCODE=5195315785 HTTP/1.1" 200 218481 "-" "Mozilla/5.0 (Linux; Android 6.0.1; Nexus 5X Build/MMB29P) AppleWebKit/537.36 (KHTML, like Gecko) Chrome/153.0.8010.36 Mobile Safari/537.36 (compatible; Googlebot/2.1; +http://www.google.com/bot.html)"
114.119.137.116 - - [12/Sep/2026:16:00:54 +0300] "GET /?sale/search/detail/%3FITMCODE=51987907462 HTTP/1.1" 200 31590 "https://www.keliauk-uk.lt/?sitemap-shopdetail.xml" "Mozilla/5.0 (Linux; Android 7.0;) AppleWebKit/537.36 (HTML, like Gecko) Mobile Safari/537.36 (compatible; PetalBot;+https://webmaster.petalsearch.com/site/petalbot)"
57.141.20.65 - - [12/Sep/2026:16:00:54 +0300] "GET /index.php/component/search/?sale/search/detail/?ITMCODE=519713438615& HTTP/2.0" 200 19807 "-" "Mozilla/5.0 (Windows NT 10.0; Win64; x64) AppleWebKit/537.36 (KHTML, like Gecko) Chrome/145.0.0.0 Safari/537.36 (compatible; meta-externalagent/1.1 (+https://developers.facebook.com/docs/sharing/webmasters/crawler))"
66.249.79.2 - - [12/Sep/2026:16:00:54 +0300] "GET /index.php/zinynas-keliaujantiems?sale/search/detail/?ITMCODE=5195415893 HTTP/1.1" 200 208583 "-" "Mozilla/5.0 (Linux; Android 6.0.1; Nexus 5X Build/MMB29P) AppleWebKit/537.36 (KHTML, like Gecko) Chrome/153.0.8010.36 Mobile Safari/537.36 (compatible; Googlebot/2.1; +http://www.google.com/bot.html)"
66.249.79.1 - - [12/Sep/2026:16:00:54 +0300] "GET /index.php/zinynas-keliaujantiems?sale/search/detail/?ITMCODE=51981709351 HTTP/1.1" 200 215470 "-" "Mozilla/5.0 (Linux; Android 6.0.1; Nexus 5X Build/MMB29P) AppleWebKit/537.36 (KHTML, like Gecko) Chrome/153.0.8010.36 Mobile Safari/537.36 (compatible; Googlebot/2.1; +http://www.google.com/bot.html)"
57.141.20.61 - - [12/Sep/2026:16:00:56 +0300] "GET /presets/.css HTTP/2.0" 404 1461 "https://keliauk-uk.lt.testams.vhost.lt/index.php/component/search/?sale/search/detail/?ITMCODE=519713438615&" "Mozilla/5.0 (Windows NT 10.0; Win64; x64) AppleWebKit/537.36 (KHTML, like Gecko) Chrome/145.0.0.0 Safari/537.36 (compatible; meta-externalagent/1.1 (+https://developers.facebook.com/docs/sharing/webmasters/crawler))"
85.208.96.204 - - [12/Sep/2026:16:01:06 +0300] "GET /?sale%2Fsearch%2Fdetail%2F%3FITMCODE=519788282602 HTTP/1.1" 200 31563 "-" "Mozilla/5.0 (compatible; SemrushBot/7~bl; +http://www.semrush.com/bot.html)"
57.141.20.53 - - [12/Sep/2026:16:01:08 +0300] "GET /index.php/component/search/?sale/search/detail/?ITMCODE=519956144163& HTTP/2.0" 200 19729 "-" "Mozilla/5.0 (Windows NT 10.0; Win64; x64) AppleWebKit/537.36 (KHTML, like Gecko) Chrome/145.0.0.0 Safari/537.36 (compatible; meta-externalagent/1.1 (+https://developers.facebook.com/docs/sharing/webmasters/crawler))"
57.141.20.42 - - [12/Sep/2026:16:01:09 +0300] "GET /presets/.css HTTP/2.0" 404 1448 "https://www.keliauk-uk.lt/index.php/component/search/?sale/search/detail/?ITMCODE=519956144163&" "Mozilla/5.0 (Windows NT 10.0; Win64; x64) AppleWebKit/537.36 (KHTML, like Gecko) Chrome/145.0.0.0 Safari/537.36 (compatible; meta-externalagent/1.1 (+https://developers.facebook.com/docs/sharing/webmasters/crawler))"
185.191.171.9 - - [12/Sep/2026:16:01:12 +0300] "GET /?sale%2Fsearch%2Fdetail%2F%3FITMCODE=519672596717 HTTP/1.1" 200 31563 "-" "Mozilla/5.0 (compatible; SemrushBot/7~bl; +http://www.semrush.com/bot.html)"
66.249.79.3 - - [12/Sep/2026:16:01:16 +0300] "GET /index.php/zinynas-keliaujantiems?sale/search/detail/?ITMCODE=5196943022 HTTP/1.1" 200 207700 "-" "Mozilla/5.0 (Linux; Android 6.0.1; Nexus 5X Build/MMB29P) AppleWebKit/537.36 (KHTML, like Gecko) Chrome/153.0.8010.36 Mobile Safari/537.36 (compatible; Googlebot/2.1; +http://www.google.com/bot.html)"
85.208.96.194 - - [12/Sep/2026:16:01:19 +0300] "GET /?sale%2Fsearch%2Fdetail%2F%3FITMCODE=519917489498 HTTP/1.1" 200 31563 "-" "Mozilla/5.0 (compatible; SemrushBot/7~bl; +http://www.semrush.com/bot.html)"
66.249.79.2 - - [12/Sep/2026:16:01:23 +0300] "GET /index.php/zinynas-keliaujantiems?sale/search/detail/?ITMCODE=519513491 HTTP/1.1" 200 207939 "-" "Mozilla/5.0 (Linux; Android 6.0.1; Nexus 5X Build/MMB29P) AppleWebKit/537.36 (KHTML, like Gecko) Chrome/153.0.8010.36 Mobile Safari/537.36 (compatible; Googlebot/2.1; +http://www.google.com/bot.html)"
66.249.79.3 - - [12/Sep/2026:16:01:25 +0300] "GET /index.php/zinynas-keliaujantiems?sale/search/detail/?ITMCODE=51992102793 HTTP/1.1" 200 209687 "-" "Mozilla/5.0 (Linux; Android 6.0.1; Nexus 5X Build/MMB29P) AppleWebKit/537.36 (KHTML, like Gecko) Chrome/153.0.8010.36 Mobile Safari/537.36 (compatible; Googlebot/2.1; +http://www.google.com/bot.html)"
185.191.171.16 - - [12/Sep/2026:16:01:32 +0300] "GET /?sale%2Fsearch%2Fdetail%2F%3FITMCODE=51966893321 HTTP/1.1" 200 31562 "-" "Mozilla/5.0 (compatible; SemrushBot/7~bl; +http://www.semrush.com/bot.html)"
66.249.79.1 - - [12/Sep/2026:16:01:36 +0300] "GET /index.php/zinynas-keliaujantiems?sale/search/detail/?ITMCODE=5195383592 HTTP/1.1" 200 202731 "-" "Mozilla/5.0 (Linux; Android 6.0.1; Nexus 5X Build/MMB29P) AppleWebKit/537.36 (KHTML, like Gecko) Chrome/153.0.8010.36 Mobile Safari/537.36 (compatible; Googlebot/2.1; +http://www.google.com/bot.html)"
85.208.96.210 - - [12/Sep/2026:16:01:38 +0300] "GET /?sale%2Fsearch%2Fdetail%2F%3FITMCODE=519758463667 HTTP/1.1" 200 31563 "-" "Mozilla/5.0 (compatible; SemrushBot/7~bl; +http://www.semrush.com/bot.html)"
85.208.96.200 - - [12/Sep/2026:16:01:44 +0300] "GET /?sale%2Fsearch%2Fdetail%2F%3FITMCODE=51963951140 HTTP/1.1" 200 31562 "-" "Mozilla/5.0 (compatible; SemrushBot/7~bl; +http://www.semrush.com/bot.html)"
85.208.96.208 - - [12/Sep/2026:16:01:50 +0300] "GET /?sale%2Fsearch%2Fdetail%2F%3FITMCODE=51953106485 HTTP/1.1" 200 31562 "-" "Mozilla/5.0 (compatible; SemrushBot/7~bl; +http://www.semrush.com/bot.html)"
66.249.79.1 - - [12/Sep/2026:16:01:58 +0300] "GET /index.php/zinynas-keliaujantiems?sale/search/detail/?ITMCODE=51981951631 HTTP/1.1" 200 221965 "-" "Mozilla/5.0 (Linux; Android 6.0.1; Nexus 5X Build/MMB29P) AppleWebKit/537.36 (KHTML, like Gecko) Chrome/153.0.8010.36 Mobile Safari/537.36 (compatible; Googlebot/2.1; +http://www.google.com/bot.html)"
66.249.79.2 - - [12/Sep/2026:16:02:04 +0300] "GET /?sale/search/detail/?ITMCODE=5195142095 HTTP/1.1" 200 197346 "-" "Mozilla/5.0 (Linux; Android 6.0.1; Nexus 5X Build/MMB29P) AppleWebKit/537.36 (KHTML, like Gecko) Chrome/153.0.8010.36 Mobile Safari/537.36 (compatible; Googlebot/2.1; +http://www.google.com/bot.html)"
57.141.20.47 - - [12/Sep/2026:16:02:07 +0300] "GET /index.php/component/search/?sale/search/detail/?ITMCODE=519870924932&id=1&Itemid=437&format=opensearch HTTP/2.0" 200 559 "-" "Mozilla/5.0 (Macintosh; Intel Mac OS X 10_15_7) AppleWebKit/537.36 (KHTML, like Gecko) Chrome/145.0.0.0 Safari/537.36 (compatible; meta-externalagent/1.1 (+https://developers.facebook.com/docs/sharing/webmasters/crawler))"
85.208.96.199 - - [12/Sep/2026:16:02:09 +0300] "GET /?sale%2Fsearch%2Fdetail%2F%3FITMCODE=519834725643 HTTP/1.1" 200 31563 "-" "Mozilla/5.0 (compatible; SemrushBot/7~bl; +http://www.semrush.com/bot.html)"
114.119.142.39 - - [12/Sep/2026:16:02:19 +0300] "GET /?sale/search/detail/%3FITMCODE=51987903586 HTTP/1.1" 200 31590 "https://www.keliauk-uk.lt/?sitemap-items.xml" "Mozilla/5.0 (Linux; Android 7.0;) AppleWebKit/537.36 (HTML, like Gecko) Mobile Safari/537.36 (compatible; PetalBot;+https://webmaster.petalsearch.com/site/petalbot)"
85.208.96.197 - - [12/Sep/2026:16:02:27 +0300] "GET /?sale%2Fsearch%2Fdetail%2F%3FITMCODE=51959494948 HTTP/1.1" 200 31562 "-" "Mozilla/5.0 (compatible; SemrushBot/7~bl; +http://www.semrush.com/bot.html)"
185.191.171.4 - - [12/Sep/2026:16:02:31 +0300] "GET /?sale%2Fsearch%2Fdetail%2F%3FITMCODE=51992373456 HTTP/1.1" 200 31562 "-" "Mozilla/5.0 (compatible; SemrushBot/7~bl; +http://www.semrush.com/bot.html)"
85.208.96.200 - - [12/Sep/2026:16:02:46 +0300] "GET /?sale%2Fsearch%2Fdetail%2F%3FITMCODE=519536345640 HTTP/1.1" 200 31563 "-" "Mozilla/5.0 (compatible; SemrushBot/7~bl; +http://www.semrush.com/bot.html)"
66.249.79.1 - - [12/Sep/2026:16:02:54 +0300] "GET /index.php/zinynas-keliaujantiems?sale/search/detail/?ITMCODE=51992347718 HTTP/1.1" 200 205148 "-" "Mozilla/5.0 (Linux; Android 6.0.1; Nexus 5X Build/MMB29P) AppleWebKit/537.36 (KHTML, like Gecko) Chrome/153.0.8010.36 Mobile Safari/537.36 (compatible; Googlebot/2.1; +http://www.google.com/bot.html)"
85.208.96.195 - - [12/Sep/2026:16:03:00 +0300] "GET /?sale%2Fsearch%2Fdetail%2F%3FITMCODE=519669664736 HTTP/1.1" 200 31563 "-" "Mozilla/5.0 (compatible; SemrushBot/7~bl; +http://www.semrush.com/bot.html)"
157.55.39.9 - - [12/Sep/2026:16:03:00 +0300] "GET /shop/c/c520010073/ HTTP/2.0" 200 274733 "-" "Mozilla/5.0 AppleWebKit/537.36 (KHTML, like Gecko; compatible; bingbot/2.0; +http://www.bing.com/bingbot.htm) Chrome/116.0.1938.76 Safari/537.36"
57.141.20.28 - - [12/Sep/2026:16:03:04 +0300] "GET /index.php/component/search/?sale/search/detail/?ITMCODE=51981800230&id=1&Itemid=437&format=opensearch HTTP/2.0" 200 584 "-" "Mozilla/5.0 (X11; Linux x86_64) AppleWebKit/537.36 (KHTML, like Gecko) Chrome/145.0.0.0 Safari/537.36 (compatible; meta-externalagent/1.1 (+https://developers.facebook.com/docs/sharing/webmasters/crawler))"
85.208.96.208 - - [12/Sep/2026:16:03:11 +0300] "GET /?sale%2Fsearch%2Fdetail%2F%3FITMCODE=52002833273 HTTP/1.1" 200 31562 "-" "Mozilla/5.0 (compatible; SemrushBot/7~bl; +http://www.semrush.com/bot.html)"
207.46.13.64 - - [12/Sep/2026:16:03:06 +0300] "GET /?sale/search/detail/?ITMCODE=519524436345 HTTP/2.0" 200 219496 "-" "Mozilla/5.0 AppleWebKit/537.36 (KHTML, like Gecko; compatible; bingbot/2.0; +http://www.bing.com/bingbot.htm) Chrome/116.0.1938.76 Safari/537.36"
66.249.79.1 - - [12/Sep/2026:16:03:14 +0300] "GET /index.php/zinynas-keliaujantiems?sale/search/detail/?ITMCODE=52002605701 HTTP/1.1" 200 205265 "-" "Mozilla/5.0 (Linux; Android 6.0.1; Nexus 5X Build/MMB29P) AppleWebKit/537.36 (KHTML, like Gecko) Chrome/153.0.8010.36 Mobile Safari/537.36 (compatible; Googlebot/2.1; +http://www.google.com/bot.html)"
207.46.13.64 - - [12/Sep/2026:16:03:11 +0300] "GET /?sale/search/detail/?ITMCODE=519926246901 HTTP/2.0" 200 196623 "-" "Mozilla/5.0 AppleWebKit/537.36 (KHTML, like Gecko; compatible; bingbot/2.0; +http://www.bing.com/bingbot.htm) Chrome/116.0.1938.76 Safari/537.36"
85.208.96.205 - - [12/Sep/2026:16:03:22 +0300] "GET /?sale%2Fsearch%2Fdetail%2F%3FITMCODE=52005815268 HTTP/1.1" 200 31562 "-" "Mozilla/5.0 (compatible; SemrushBot/7~bl; +http://www.semrush.com/bot.html)"
52.167.144.185 - - [12/Sep/2026:16:03:36 +0300] "GET /?sale/search/detail/?ITMCODE=5195454835 HTTP/2.0" 200 215740 "-" "Mozilla/5.0 AppleWebKit/537.36 (KHTML, like Gecko; compatible; bingbot/2.0; +http://www.bing.com/bingbot.htm) Chrome/116.0.1938.76 Safari/537.36"
52.167.144.185 - - [12/Sep/2026:16:03:37 +0300] "GET /?sale/search/detail/?ITMCODE=5195331297 HTTP/2.0" 200 212770 "-" "Mozilla/5.0 AppleWebKit/537.36 (KHTML, like Gecko; compatible; bingbot/2.0; +http://www.bing.com/bingbot.htm) Chrome/116.0.1938.76 Safari/537.36"
52.167.144.185 - - [12/Sep/2026:16:03:38 +0300] "GET /?sale/search/detail/?ITMCODE=5196737442 HTTP/2.0" 200 214947 "-" "Mozilla/5.0 AppleWebKit/537.36 (KHTML, like Gecko; compatible; bingbot/2.0; +http://www.bing.com/bingbot.htm) Chrome/116.0.1938.76 Safari/537.36"
52.167.144.185 - - [12/Sep/2026:16:03:38 +0300] "GET /?sale/search/detail/?ITMCODE=51969824218 HTTP/2.0" 200 201957 "-" "Mozilla/5.0 AppleWebKit/537.36 (KHTML, like Gecko; compatible; bingbot/2.0; +http://www.bing.com/bingbot.htm) Chrome/116.0.1938.76 Safari/537.36"
207.46.13.64 - - [12/Sep/2026:16:03:34 +0300] "GET /?sale/search/detail/?ITMCODE=519894670753 HTTP/2.0" 200 200303 "-" "Mozilla/5.0 AppleWebKit/537.36 (KHTML, like Gecko; compatible; bingbot/2.0; +http://www.bing.com/bingbot.htm) Chrome/116.0.1938.76 Safari/537.36"
52.167.144.185 - - [12/Sep/2026:16:03:39 +0300] "GET /?sale/search/detail/?ITMCODE=52002618066 HTTP/2.0" 200 207228 "-" "Mozilla/5.0 AppleWebKit/537.36 (KHTML, like Gecko; compatible; bingbot/2.0; +http://www.bing.com/bingbot.htm) Chrome/116.0.1938.76 Safari/537.36"
114.119.142.39 - - [12/Sep/2026:16:03:41 +0300] "GET /?sale/search/detail/%3FITMCODE=51987902983 HTTP/1.1" 200 31590 "https://www.keliauk-uk.lt/?sitemap-items.xml" "Mozilla/5.0 (Linux; Android 7.0;) AppleWebKit/537.36 (HTML, like Gecko) Mobile Safari/537.36 (compatible; PetalBot;+https://webmaster.petalsearch.com/site/petalbot)"
40.77.167.4 - - [12/Sep/2026:16:03:41 +0300] "GET /?sale/search/detail/?ITMCODE=52002767899 HTTP/2.0" 200 204989 "-" "Mozilla/5.0 AppleWebKit/537.36 (KHTML, like Gecko; compatible; bingbot/2.0; +http://www.bing.com/bingbot.htm) Chrome/116.0.1938.76 Safari/537.36"
40.77.167.4 - - [12/Sep/2026:16:03:42 +0300] "GET /?sale/search/detail/?ITMCODE=519923479923 HTTP/2.0" 200 208851 "-" "Mozilla/5.0 AppleWebKit/537.36 (KHTML, like Gecko; compatible; bingbot/2.0; +http://www.bing.com/bingbot.htm) Chrome/116.0.1938.76 Safari/537.36"
40.77.167.4 - - [12/Sep/2026:16:03:43 +0300] "GET /?sale/search/detail/?ITMCODE=51992208538 HTTP/2.0" 200 209849 "-" "Mozilla/5.0 AppleWebKit/537.36 (KHTML, like Gecko; compatible; bingbot/2.0; +http://www.bing.com/bingbot.htm) Chrome/116.0.1938.76 Safari/537.36"
207.46.13.64 - - [12/Sep/2026:16:03:39 +0300] "GET /?sale/search/detail/?ITMCODE=519681841110 HTTP/2.0" 200 201440 "-" "Mozilla/5.0 AppleWebKit/537.36 (KHTML, like Gecko; compatible; bingbot/2.0; +http://www.bing.com/bingbot.htm) Chrome/116.0.1938.76 Safari/537.36"
52.167.144.185 - - [12/Sep/2026:16:03:45 +0300] "GET /?sale/search/detail/?ITMCODE=51971175871 HTTP/2.0" 200 204600 "-" "Mozilla/5.0 AppleWebKit/537.36 (KHTML, like Gecko; compatible; bingbot/2.0; +http://www.bing.com/bingbot.htm) Chrome/116.0.1938.76 Safari/537.36"
52.167.144.185 - - [12/Sep/2026:16:03:46 +0300] "GET /?shop/c/c51981000018/ HTTP/2.0" 200 277062 "-" "Mozilla/5.0 AppleWebKit/537.36 (KHTML, like Gecko; compatible; bingbot/2.0; +http://www.bing.com/bingbot.htm) Chrome/116.0.1938.76 Safari/537.36"
52.167.144.185 - - [12/Sep/2026:16:03:47 +0300] "GET /?sale/search/detail/?ITMCODE=51971490876 HTTP/2.0" 200 203838 "-" "Mozilla/5.0 AppleWebKit/537.36 (KHTML, like Gecko; compatible; bingbot/2.0; +http://www.bing.com/bingbot.htm) Chrome/116.0.1938.76 Safari/537.36"
52.167.144.185 - - [12/Sep/2026:16:03:47 +0300] "GET /?sale/search/detail/?ITMCODE=5196622747 HTTP/2.0" 200 212930 "-" "Mozilla/5.0 AppleWebKit/537.36 (KHTML, like Gecko; compatible; bingbot/2.0; +http://www.bing.com/bingbot.htm) Chrome/116.0.1938.76 Safari/537.36"
52.167.144.185 - - [12/Sep/2026:16:03:48 +0300] "GET /?sale/search/detail/?ITMCODE=51981754824 HTTP/2.0" 200 210631 "-" "Mozilla/5.0 AppleWebKit/537.36 (KHTML, like Gecko; compatible; bingbot/2.0; +http://www.bing.com/bingbot.htm) Chrome/116.0.1938.76 Safari/537.36"
207.46.13.64 - - [12/Sep/2026:16:03:53 +0300] "GET /?sale/search/detail/?ITMCODE=51987567480 HTTP/2.0" 200 203468 "-" "Mozilla/5.0 AppleWebKit/537.36 (KHTML, like Gecko; compatible; bingbot/2.0; +http://www.bing.com/bingbot.htm) Chrome/116.0.1938.76 Safari/537.36"
85.208.96.193 - - [12/Sep/2026:16:03:55 +0300] "GET /?sale%2Fsearch%2Fdetail%2F%3FITMCODE=52005638697 HTTP/1.1" 200 31562 "-" "Mozilla/5.0 (compatible; SemrushBot/7~bl; +http://www.semrush.com/bot.html)"
40.77.167.4 - - [12/Sep/2026:16:03:56 +0300] "GET /?sale/search/detail/?ITMCODE=51998111231 HTTP/2.0" 200 215241 "-" "Mozilla/5.0 AppleWebKit/537.36 (KHTML, like Gecko; compatible; bingbot/2.0; +http://www.bing.com/bingbot.htm) Chrome/116.0.1938.76 Safari/537.36"
40.77.167.4 - - [12/Sep/2026:16:03:57 +0300] "GET /sale/search/detail/?ITMCODE=5196891737 HTTP/2.0" 200 211122 "-" "Mozilla/5.0 AppleWebKit/537.36 (KHTML, like Gecko; compatible; bingbot/2.0; +http://www.bing.com/bingbot.htm) Chrome/116.0.1938.76 Safari/537.36"
40.77.167.4 - - [12/Sep/2026:16:03:57 +0300] "GET /?sale/search/detail/?ITMCODE=51971455266 HTTP/2.0" 200 202080 "-" "Mozilla/5.0 AppleWebKit/537.36 (KHTML, like Gecko; compatible; bingbot/2.0; +http://www.bing.com/bingbot.htm) Chrome/116.0.1938.76 Safari/537.36"
207.46.13.64 - - [12/Sep/2026:16:03:59 +0300] "GET /?sale/search/detail/?ITMCODE=51987822185 HTTP/2.0" 200 194220 "-" "Mozilla/5.0 AppleWebKit/537.36 (KHTML, like Gecko; compatible; bingbot/2.0; +http://www.bing.com/bingbot.htm) Chrome/116.0.1938.76 Safari/537.36"
52.167.144.185 - - [12/Sep/2026:16:04:00 +0300] "GET /?sale/search/detail/?ITMCODE=51992127613 HTTP/2.0" 200 236989 "-" "Mozilla/5.0 AppleWebKit/537.36 (KHTML, like Gecko; compatible; bingbot/2.0; +http://www.bing.com/bingbot.htm) Chrome/116.0.1938.76 Safari/537.36"
52.167.144.185 - - [12/Sep/2026:16:04:01 +0300] "GET /?sale/search/detail/?ITMCODE=51981707360 HTTP/2.0" 200 211367 "-" "Mozilla/5.0 AppleWebKit/537.36 (KHTML, like Gecko; compatible; bingbot/2.0; +http://www.bing.com/bingbot.htm) Chrome/116.0.1938.76 Safari/537.36"
52.167.144.185 - - [12/Sep/2026:16:04:01 +0300] "GET /sale/search/detail/?ITMCODE=5196500026 HTTP/2.0" 200 228032 "-" "Mozilla/5.0 AppleWebKit/537.36 (KHTML, like Gecko; compatible; bingbot/2.0; +http://www.bing.com/bingbot.htm) Chrome/116.0.1938.76 Safari/537.36"
52.167.144.185 - - [12/Sep/2026:16:04:02 +0300] "GET /?sale/search/detail/?ITMCODE=51971280175 HTTP/2.0" 200 203207 "-" "Mozilla/5.0 AppleWebKit/537.36 (KHTML, like Gecko; compatible; bingbot/2.0; +http://www.bing.com/bingbot.htm) Chrome/116.0.1938.76 Safari/537.36"
52.167.144.185 - - [12/Sep/2026:16:04:03 +0300] "GET /?sale/search/detail/?ITMCODE=51971215865 HTTP/2.0" 200 212833 "-" "Mozilla/5.0 AppleWebKit/537.36 (KHTML, like Gecko; compatible; bingbot/2.0; +http://www.bing.com/bingbot.htm) Chrome/116.0.1938.76 Safari/537.36"
207.46.13.64 - - [12/Sep/2026:16:04:03 +0300] "GET /?sale/search/detail/?ITMCODE=5196568567 HTTP/2.0" 200 201151 "-" "Mozilla/5.0 AppleWebKit/537.36 (KHTML, like Gecko; compatible; bingbot/2.0; +http://www.bing.com/bingbot.htm) Chrome/116.0.1938.76 Safari/537.36"
207.46.13.64 - - [12/Sep/2026:16:04:05 +0300] "GET /?sale/search/detail/?ITMCODE=52002758827 HTTP/2.0" 200 198159 "-" "Mozilla/5.0 AppleWebKit/537.36 (KHTML, like Gecko; compatible; bingbot/2.0; +http://www.bing.com/bingbot.htm) Chrome/116.0.1938.76 Safari/537.36"
207.46.13.64 - - [12/Sep/2026:16:04:06 +0300] "GET /?sale/search/detail/?ITMCODE=519530127109 HTTP/2.0" 200 216532 "-" "Mozilla/5.0 AppleWebKit/537.36 (KHTML, like Gecko; compatible; bingbot/2.0; +http://www.bing.com/bingbot.htm) Chrome/116.0.1938.76 Safari/537.36"
207.46.13.64 - - [12/Sep/2026:16:04:07 +0300] "GET /?sale/search/detail/?ITMCODE=520032780728 HTTP/2.0" 200 221090 "-" "Mozilla/5.0 AppleWebKit/537.36 (KHTML, like Gecko; compatible; bingbot/2.0; +http://www.bing.com/bingbot.htm) Chrome/116.0.1938.76 Safari/537.36"
207.46.13.64 - - [12/Sep/2026:16:04:09 +0300] "GET /?sale/search/detail/?ITMCODE=520011558767 HTTP/2.0" 200 211036 "-" "Mozilla/5.0 AppleWebKit/537.36 (KHTML, like Gecko; compatible; bingbot/2.0; +http://www.bing.com/bingbot.htm) Chrome/116.0.1938.76 Safari/537.36"
207.46.13.64 - - [12/Sep/2026:16:04:10 +0300] "GET /?sale/search/detail/?ITMCODE=51995235135 HTTP/2.0" 200 200540 "-" "Mozilla/5.0 AppleWebKit/537.36 (KHTML, like Gecko; compatible; bingbot/2.0; +http://www.bing.com/bingbot.htm) Chrome/116.0.1938.76 Safari/537.36"
185.191.171.11 - - [12/Sep/2026:16:04:15 +0300] "GET /?sale%2Fsearch%2Fdetail%2F%3FITMCODE=519855531547 HTTP/1.1" 200 31563 "-" "Mozilla/5.0 (compatible; SemrushBot/7~bl; +http://www.semrush.com/bot.html)"
207.46.13.64 - - [12/Sep/2026:16:04:16 +0300] "GET /?sale/search/detail/?ITMCODE=51977319213 HTTP/2.0" 200 200790 "-" "Mozilla/5.0 AppleWebKit/537.36 (KHTML, like Gecko; compatible; bingbot/2.0; +http://www.bing.com/bingbot.htm) Chrome/116.0.1938.76 Safari/537.36"
66.249.79.2 - - [12/Sep/2026:16:04:17 +0300] "GET /index.php/zinynas-keliaujantiems?sale/search/detail/?ITMCODE=51992492147 HTTP/1.1" 200 206748 "-" "Mozilla/5.0 (Linux; Android 6.0.1; Nexus 5X Build/MMB29P) AppleWebKit/537.36 (KHTML, like Gecko) Chrome/153.0.8010.36 Mobile Safari/537.36 (compatible; Googlebot/2.1; +http://www.google.com/bot.html)"
157.55.39.58 - - [12/Sep/2026:16:04:31 +0300] "GET /?sale/search/detail/?ITMCODE=519615891224 HTTP/2.0" 200 199301 "-" "Mozilla/5.0 AppleWebKit/537.36 (KHTML, like Gecko; compatible; bingbot/2.0; +http://www.bing.com/bingbot.htm) Chrome/116.0.1938.76 Safari/537.36"
157.55.39.58 - - [12/Sep/2026:16:04:32 +0300] "GET /?sale/search/detail/?ITMCODE=519843638158 HTTP/2.0" 200 219682 "-" "Mozilla/5.0 AppleWebKit/537.36 (KHTML, like Gecko; compatible; bingbot/2.0; +http://www.bing.com/bingbot.htm) Chrome/116.0.1938.76 Safari/537.36"
66.249.79.2 - - [12/Sep/2026:16:04:32 +0300] "GET /index.php/zinynas-keliaujantiems?sale/search/detail/?ITMCODE=51971005123 HTTP/1.1" 200 203935 "-" "Mozilla/5.0 (Linux; Android 6.0.1; Nexus 5X Build/MMB29P) AppleWebKit/537.36 (KHTML, like Gecko) Chrome/153.0.8010.36 Mobile Safari/537.36 (compatible; Googlebot/2.1; +http://www.google.com/bot.html)"
157.55.39.58 - - [12/Sep/2026:16:04:32 +0300] "GET /?sale/search/detail/?ITMCODE=519530149573 HTTP/2.0" 200 197659 "-" "Mozilla/5.0 AppleWebKit/537.36 (KHTML, like Gecko; compatible; bingbot/2.0; +http://www.bing.com/bingbot.htm) Chrome/116.0.1938.76 Safari/537.36"
157.55.39.58 - - [12/Sep/2026:16:04:33 +0300] "GET /?sale/search/detail/?ITMCODE=519749408732 HTTP/2.0" 200 200741 "-" "Mozilla/5.0 AppleWebKit/537.36 (KHTML, like Gecko; compatible; bingbot/2.0; +http://www.bing.com/bingbot.htm) Chrome/116.0.1938.76 Safari/537.36"
157.55.39.58 - - [12/Sep/2026:16:04:34 +0300] "GET /?sale/search/detail/?ITMCODE=519843839945 HTTP/2.0" 200 199096 "-" "Mozilla/5.0 AppleWebKit/537.36 (KHTML, like Gecko; compatible; bingbot/2.0; +http://www.bing.com/bingbot.htm) Chrome/116.0.1938.76 Safari/537.36"
157.55.39.58 - - [12/Sep/2026:16:04:34 +0300] "GET /?sale/search/detail/?ITMCODE=519642906630 HTTP/2.0" 200 199944 "-" "Mozilla/5.0 AppleWebKit/537.36 (KHTML, like Gecko; compatible; bingbot/2.0; +http://www.bing.com/bingbot.htm) Chrome/116.0.1938.76 Safari/537.36"
157.55.39.58 - - [12/Sep/2026:16:04:35 +0300] "GET /?sale/search/detail/?ITMCODE=520041586802 HTTP/2.0" 200 197345 "-" "Mozilla/5.0 AppleWebKit/537.36 (KHTML, like Gecko; compatible; bingbot/2.0; +http://www.bing.com/bingbot.htm) Chrome/116.0.1938.76 Safari/537.36"
157.55.39.58 - - [12/Sep/2026:16:04:36 +0300] "GET /?sale/search/detail/?ITMCODE=51966877808 HTTP/2.0" 200 199567 "-" "Mozilla/5.0 AppleWebKit/537.36 (KHTML, like Gecko; compatible; bingbot/2.0; +http://www.bing.com/bingbot.htm) Chrome/116.0.1938.76 Safari/537.36"
66.249.79.1 - - [12/Sep/2026:16:04:36 +0300] "GET /index.php/zinynas-keliaujantiems?sale/search/detail/?ITMCODE=5195405993 HTTP/1.1" 200 210998 "-" "Mozilla/5.0 (Linux; Android 6.0.1; Nexus 5X Build/MMB29P) AppleWebKit/537.36 (KHTML, like Gecko) Chrome/153.0.8010.36 Mobile Safari/537.36 (compatible; Googlebot/2.1; +http://www.google.com/bot.html)"
157.55.39.58 - - [12/Sep/2026:16:04:36 +0300] "GET /?sale/search/detail/?ITMCODE=519612605644 HTTP/2.0" 200 193989 "-" "Mozilla/5.0 AppleWebKit/537.36 (KHTML, like Gecko; compatible; bingbot/2.0; +http://www.bing.com/bingbot.htm) Chrome/116.0.1938.76 Safari/537.36"
157.55.39.58 - - [12/Sep/2026:16:04:37 +0300] "GET /?sale/search/detail/?ITMCODE=51981951904 HTTP/2.0" 200 203560 "-" "Mozilla/5.0 AppleWebKit/537.36 (KHTML, like Gecko; compatible; bingbot/2.0; +http://www.bing.com/bingbot.htm) Chrome/116.0.1938.76 Safari/537.36"
157.55.39.58 - - [12/Sep/2026:16:04:38 +0300] "GET /?sale/search/detail/?ITMCODE=51956001596 HTTP/2.0" 200 200755 "-" "Mozilla/5.0 AppleWebKit/537.36 (KHTML, like Gecko; compatible; bingbot/2.0; +http://www.bing.com/bingbot.htm) Chrome/116.0.1938.76 Safari/537.36"
157.55.39.58 - - [12/Sep/2026:16:04:38 +0300] "GET /?sale/search/detail/?ITMCODE=520053973608 HTTP/2.0" 200 204325 "-" "Mozilla/5.0 AppleWebKit/537.36 (KHTML, like Gecko; compatible; bingbot/2.0; +http://www.bing.com/bingbot.htm) Chrome/116.0.1938.76 Safari/537.36"
157.55.39.58 - - [12/Sep/2026:16:04:39 +0300] "GET /?sale/search/detail/?ITMCODE=51995315003 HTTP/2.0" 200 217674 "-" "Mozilla/5.0 AppleWebKit/537.36 (KHTML, like Gecko; compatible; bingbot/2.0; +http://www.bing.com/bingbot.htm) Chrome/116.0.1938.76 Safari/537.36"
157.55.39.58 - - [12/Sep/2026:16:04:40 +0300] "GET /?sale/search/detail/?ITMCODE=520065853349 HTTP/2.0" 200 202940 "-" "Mozilla/5.0 AppleWebKit/537.36 (KHTML, like Gecko; compatible; bingbot/2.0; +http://www.bing.com/bingbot.htm) Chrome/116.0.1938.76 Safari/537.36"
157.55.39.58 - - [12/Sep/2026:16:04:40 +0300] "GET /?sale/search/detail/?ITMCODE=51981853657 HTTP/2.0" 200 218994 "-" "Mozilla/5.0 AppleWebKit/537.36 (KHTML, like Gecko; compatible; bingbot/2.0; +http://www.bing.com/bingbot.htm) Chrome/116.0.1938.76 Safari/537.36"
157.55.39.58 - - [12/Sep/2026:16:04:41 +0300] "GET /?sale/search/detail/?ITMCODE=520038825994 HTTP/2.0" 200 200555 "-" "Mozilla/5.0 AppleWebKit/537.36 (KHTML, like Gecko; compatible; bingbot/2.0; +http://www.bing.com/bingbot.htm) Chrome/116.0.1938.76 Safari/537.36"
157.55.39.9 - - [12/Sep/2026:16:04:44 +0300] "GET /?sale/search/detail/?ITMCODE=5196934651 HTTP/2.0" 200 229567 "-" "Mozilla/5.0 AppleWebKit/537.36 (KHTML, like Gecko; compatible; bingbot/2.0; +http://www.bing.com/bingbot.htm) Chrome/116.0.1938.76 Safari/537.36"
157.55.39.9 - - [12/Sep/2026:16:04:45 +0300] "GET /?sale/search/detail/?ITMCODE=5196999649 HTTP/2.0" 200 208350 "-" "Mozilla/5.0 AppleWebKit/537.36 (KHTML, like Gecko; compatible; bingbot/2.0; +http://www.bing.com/bingbot.htm) Chrome/116.0.1938.76 Safari/537.36"
157.55.39.9 - - [12/Sep/2026:16:04:46 +0300] "GET /?sale/search/detail/?ITMCODE=51977169359 HTTP/2.0" 200 200525 "-" "Mozilla/5.0 AppleWebKit/537.36 (KHTML, like Gecko; compatible; bingbot/2.0; +http://www.bing.com/bingbot.htm) Chrome/116.0.1938.76 Safari/537.36"
157.55.39.9 - - [12/Sep/2026:16:04:47 +0300] "GET /?sale/search/detail/?ITMCODE=51971264884 HTTP/2.0" 200 201970 "-" "Mozilla/5.0 AppleWebKit/537.36 (KHTML, like Gecko; compatible; bingbot/2.0; +http://www.bing.com/bingbot.htm) Chrome/116.0.1938.76 Safari/537.36"
157.55.39.9 - - [12/Sep/2026:16:04:47 +0300] "GET /?sale/search/detail/?ITMCODE=51971289188 HTTP/2.0" 200 208162 "-" "Mozilla/5.0 AppleWebKit/537.36 (KHTML, like Gecko; compatible; bingbot/2.0; +http://www.bing.com/bingbot.htm) Chrome/116.0.1938.76 Safari/537.36"
157.55.39.9 - - [12/Sep/2026:16:04:48 +0300] "GET /?sale/search/detail/?ITMCODE=51992364947 HTTP/2.0" 200 203703 "-" "Mozilla/5.0 AppleWebKit/537.36 (KHTML, like Gecko; compatible; bingbot/2.0; +http://www.bing.com/bingbot.htm) Chrome/116.0.1938.76 Safari/537.36"
157.55.39.9 - - [12/Sep/2026:16:04:49 +0300] "GET /?sale/search/detail/?ITMCODE=51951280 HTTP/2.0" 200 201468 "-" "Mozilla/5.0 AppleWebKit/537.36 (KHTML, like Gecko; compatible; bingbot/2.0; +http://www.bing.com/bingbot.htm) Chrome/116.0.1938.76 Safari/537.36"
157.55.39.9 - - [12/Sep/2026:16:04:49 +0300] "GET /?sale/search/detail/?ITMCODE=51981612171 HTTP/2.0" 200 218236 "-" "Mozilla/5.0 AppleWebKit/537.36 (KHTML, like Gecko; compatible; bingbot/2.0; +http://www.bing.com/bingbot.htm) Chrome/116.0.1938.76 Safari/537.36"
66.249.79.1 - - [12/Sep/2026:16:04:50 +0300] "GET /?sale/search/detail/?ITMCODE=51992205035 HTTP/1.1" 200 201461 "-" "Mozilla/5.0 (Linux; Android 6.0.1; Nexus 5X Build/MMB29P) AppleWebKit/537.36 (KHTML, like Gecko) Chrome/153.0.8010.36 Mobile Safari/537.36 (compatible; Googlebot/2.1; +http://www.google.com/bot.html)"
66.249.79.1 - - [12/Sep/2026:16:04:50 +0300] "GET /index.php/zinynas-keliaujantiems?sale/search/detail/?ITMCODE=52002846700 HTTP/1.1" 200 204279 "-" "Mozilla/5.0 (Linux; Android 6.0.1; Nexus 5X Build/MMB29P) AppleWebKit/537.36 (KHTML, like Gecko) Chrome/153.0.8010.36 Mobile Safari/537.36 (compatible; Googlebot/2.1; +http://www.google.com/bot.html)"
157.55.39.9 - - [12/Sep/2026:16:04:50 +0300] "GET /?sale/search/detail/?ITMCODE=51998235208 HTTP/2.0" 200 226589 "-" "Mozilla/5.0 AppleWebKit/537.36 (KHTML, like Gecko; compatible; bingbot/2.0; +http://www.bing.com/bingbot.htm) Chrome/116.0.1938.76 Safari/537.36"
157.55.39.9 - - [12/Sep/2026:16:04:52 +0300] "GET /?sale/search/detail/?ITMCODE=51998050799 HTTP/2.0" 200 211081 "-" "Mozilla/5.0 AppleWebKit/537.36 (KHTML, like Gecko; compatible; bingbot/2.0; +http://www.bing.com/bingbot.htm) Chrome/116.0.1938.76 Safari/537.36"
66.249.79.3 - - [12/Sep/2026:16:05:03 +0300] "GET /index.php/zinynas-keliaujantiems?sale/search/detail/?ITMCODE=5196740534 HTTP/1.1" 200 217128 "-" "Mozilla/5.0 (Linux; Android 6.0.1; Nexus 5X Build/MMB29P) AppleWebKit/537.36 (KHTML, like Gecko) Chrome/153.0.8010.36 Mobile Safari/537.36 (compatible; Googlebot/2.1; +http://www.google.com/bot.html)"
114.119.144.15 - - [12/Sep/2026:16:05:05 +0300] "GET /?sale/search/detail/%3FITMCODE=51987899649 HTTP/1.1" 200 31590 "https://www.keliauk-uk.lt/?sitemap-shopdetail.xml" "Mozilla/5.0 (Linux; Android 7.0;) AppleWebKit/537.36 (HTML, like Gecko) Mobile Safari/537.36 (compatible; PetalBot;+https://webmaster.petalsearch.com/site/petalbot)"
57.141.20.58 - - [12/Sep/2026:16:05:06 +0300] "GET /index.php/component/search/?sale/search/detail/?ITMCODE=52005733997&id=1&Itemid=437&format=opensearch HTTP/2.0" 200 584 "-" "Mozilla/5.0 (Windows NT 10.0; Win64; x64) AppleWebKit/537.36 (KHTML, like Gecko) Chrome/145.0.0.0 Safari/537.36 (compatible; meta-externalagent/1.1 (+https://developers.facebook.com/docs/sharing/webmasters/crawler))"
66.249.79.1 - - [12/Sep/2026:16:05:09 +0300] "GET /index.php/zinynas-keliaujantiems?sale/search/detail/?ITMCODE=5195290247 HTTP/1.1" 200 211434 "-" "Mozilla/5.0 (Linux; Android 6.0.1; Nexus 5X Build/MMB29P) AppleWebKit/537.36 (KHTML, like Gecko) Chrome/153.0.8010.36 Mobile Safari/537.36 (compatible; Googlebot/2.1; +http://www.google.com/bot.html)"
85.208.96.193 - - [12/Sep/2026:16:05:27 +0300] "GET /?sale%2Fsearch%2Fdetail%2F%3FITMCODE=51981767746 HTTP/1.1" 200 31562 "-" "Mozilla/5.0 (compatible; SemrushBot/7~bl; +http://www.semrush.com/bot.html)"
66.249.79.1 - - [12/Sep/2026:16:05:30 +0300] "GET /shop/pg/2138152 HTTP/1.1" 200 197635 "-" "Mozilla/5.0 (Linux; Android 6.0.1; Nexus 5X Build/MMB29P) AppleWebKit/537.36 (KHTML, like Gecko) Chrome/153.0.8010.36 Mobile Safari/537.36 (compatible; Googlebot/2.1; +http://www.google.com/bot.html)"
185.191.171.9 - - [12/Sep/2026:16:05:31 +0300] "GET /?sale%2Fsearch%2Fdetail%2F%3FITMCODE=519959340543 HTTP/1.1" 200 31563 "-" "Mozilla/5.0 (compatible; SemrushBot/7~bl; +http://www.semrush.com/bot.html)"
185.191.171.1 - - [12/Sep/2026:16:05:33 +0300] "GET /?sale%2Fsearch%2Fdetail%2F%3FITMCODE=52005751650 HTTP/1.1" 200 31562 "-" "Mozilla/5.0 (compatible; SemrushBot/7~bl; +http://www.semrush.com/bot.html)"
57.141.20.54 - - [12/Sep/2026:16:05:37 +0300] "GET /index.php/component/search/?sale/search/detail/?ITMCODE=5197100009635& HTTP/2.0" 200 19808 "-" "Mozilla/5.0 (Macintosh; Intel Mac OS X 10_15_7) AppleWebKit/537.36 (KHTML, like Gecko) Chrome/145.0.0.0 Safari/537.36 (compatible; meta-externalagent/1.1 (+https://developers.facebook.com/docs/sharing/webmasters/crawler))"
66.249.79.1 - - [12/Sep/2026:16:05:38 +0300] "GET /?sale/search/detail/?ITMCODE=51971127744 HTTP/1.1" 200 201701 "-" "Mozilla/5.0 (Linux; Android 6.0.1; Nexus 5X Build/MMB29P) AppleWebKit/537.36 (KHTML, like Gecko) Chrome/153.0.8010.36 Mobile Safari/537.36 (compatible; Googlebot/2.1; +http://www.google.com/bot.html)"
57.141.20.71 - - [12/Sep/2026:16:05:49 +0300] "GET /index.php/component/search/?sale/search/detail/?ITMCODE=519710060972&format=opensearch HTTP/2.0" 200 561 "-" "Mozilla/5.0 (Macintosh; Intel Mac OS X 10_15_7) AppleWebKit/537.36 (KHTML, like Gecko) Chrome/145.0.0.0 Safari/537.36 (compatible; meta-externalagent/1.1 (+https://developers.facebook.com/docs/sharing/webmasters/crawler))"
85.208.96.203 - - [12/Sep/2026:16:06:07 +0300] "GET /?sale%2Fsearch%2Fdetail%2F%3FITMCODE=519822715984 HTTP/1.1" 200 31563 "-" "Mozilla/5.0 (compatible; SemrushBot/7~bl; +http://www.semrush.com/bot.html)"
185.191.171.17 - - [12/Sep/2026:16:06:19 +0300] "GET /?sale%2Fsearch%2Fdetail%2F%3FITMCODE=51977252253 HTTP/1.1" 200 31562 "-" "Mozilla/5.0 (compatible; SemrushBot/7~bl; +http://www.semrush.com/bot.html)"
114.119.137.116 - - [12/Sep/2026:16:06:29 +0300] "GET /?sale/search/detail/%3FITMCODE=51987899438 HTTP/1.1" 200 31590 "https://www.keliauk-uk.lt/?sitemap-products.xml" "Mozilla/5.0 (Linux; Android 7.0;) AppleWebKit/537.36 (HTML, like Gecko) Mobile Safari/537.36 (compatible; PetalBot;+https://webmaster.petalsearch.com/site/petalbot)"
185.191.171.14 - - [12/Sep/2026:16:06:29 +0300] "GET /?sale%2Fsearch%2Fdetail%2F%3FITMCODE=519557291633 HTTP/1.1" 200 31563 "-" "Mozilla/5.0 (compatible; SemrushBot/7~bl; +http://www.semrush.com/bot.html)"
57.141.20.34 - - [12/Sep/2026:16:06:33 +0300] "GET /index.php/component/search/?sale/search/detail/?ITMCODE=519944080838&id=1&Itemid=437&format=opensearch HTTP/2.0" 200 559 "-" "Mozilla/5.0 (Windows NT 10.0; Win64; x64) AppleWebKit/537.36 (KHTML, like Gecko) Chrome/145.0.0.0 Safari/537.36 (compatible; meta-externalagent/1.1 (+https://developers.facebook.com/docs/sharing/webmasters/crawler))"
185.191.171.15 - - [12/Sep/2026:16:06:49 +0300] "GET /?sale%2Fsearch%2Fdetail%2F%3FITMCODE=51953177270 HTTP/1.1" 200 31562 "-" "Mozilla/5.0 (compatible; SemrushBot/7~bl; +http://www.semrush.com/bot.html)"
185.191.171.12 - - [12/Sep/2026:16:06:52 +0300] "GET /?sale%2Fsearch%2Fdetail%2F%3FITMCODE=519557038990 HTTP/1.1" 200 31563 "-" "Mozilla/5.0 (compatible; SemrushBot/7~bl; +http://www.semrush.com/bot.html)"
185.191.171.9 - - [12/Sep/2026:16:06:54 +0300] "GET /?sale%2Fsearch%2Fdetail%2F%3FITMCODE=520068567462 HTTP/1.1" 200 31563 "-" "Mozilla/5.0 (compatible; SemrushBot/7~bl; +http://www.semrush.com/bot.html)"
45.148.10.64 - - [12/Sep/2026:16:06:58 +0300] "GET / HTTP/1.1" 200 31518 "-" "Mozilla/5.0 (Windows NT 10.0; Win64; x64; rv:133.0) Gecko/20100101 Firefox/133.0"
45.148.10.64 - - [12/Sep/2026:16:06:59 +0300] "GET /templates/shaper_helix3/js/frontend-edit.js HTTP/1.1" 200 1948 "-" "Mozilla/5.0 (Windows NT 10.0; Win64; x64; rv:133.0) Gecko/20100101 Firefox/133.0"
45.148.10.64 - - [12/Sep/2026:16:06:59 +0300] "GET /media/system/js/core.js?9269b06e3acb0506ab6cff0b64adb5e3 HTTP/1.1" 200 8808 "-" "Mozilla/5.0 (Macintosh; Intel Mac OS X 10_15_7) AppleWebKit/537.36 (KHTML, like Gecko) Chrome/131.0.0.0 Safari/537.36"
45.148.10.64 - - [12/Sep/2026:16:06:59 +0300] "GET /media/jui/js/jquery-noconflict.js?9269b06e3acb0506ab6cff0b64adb5e3 HTTP/1.1" 200 21 "-" "Mozilla/5.0 (Windows NT 10.0; Win64; x64) AppleWebKit/537.36 (KHTML, like Gecko) Chrome/131.0.0.0 Safari/537.36"
45.148.10.64 - - [12/Sep/2026:16:06:59 +0300] "GET /modules/mod_za_slitslider/js/modernizr.custom.79639.js HTTP/1.1" 200 9376 "-" "Mozilla/5.0 (X11; Linux x86_64) AppleWebKit/537.36 (KHTML, like Gecko) Chrome/131.0.0.0 Safari/537.36"
45.148.10.64 - - [12/Sep/2026:16:06:59 +0300] "GET /templates/shaper_helix3/js/bootstrap.min.js HTTP/1.1" 200 37045 "-" "Mozilla/5.0 (Windows NT 10.0; Win64; x64; rv:133.0) Gecko/20100101 Firefox/133.0"
45.148.10.64 - - [12/Sep/2026:16:06:59 +0300] "GET /templates/shaper_helix3/js/jquery.sticky.js HTTP/1.1" 200 5739 "-" "Mozilla/5.0 (Windows NT 10.0; Win64; x64) AppleWebKit/537.36 (KHTML, like Gecko) Chrome/131.0.0.0 Safari/537.36"
45.148.10.64 - - [12/Sep/2026:16:06:59 +0300] "GET /components/com_sppagebuilder/assets/js/sppagebuilder.js HTTP/1.1" 200 34216 "-" "Mozilla/5.0 (X11; Linux x86_64) AppleWebKit/537.36 (KHTML, like Gecko) Chrome/131.0.0.0 Safari/537.36"
45.148.10.64 - - [12/Sep/2026:16:06:59 +0300] "GET /modules/mod_za_slitslider/js/jquery.ba-cond.min.js HTTP/1.1" 200 532 "-" "Mozilla/5.0 (Windows NT 10.0; Win64; x64; rv:133.0) Gecko/20100101 Firefox/133.0"
45.148.10.64 - - [12/Sep/2026:16:06:59 +0300] "GET /modules/mod_za_slitslider/js/jquery.slitslider.js HTTP/1.1" 200 16300 "-" "Mozilla/5.0 (X11; Linux x86_64) AppleWebKit/537.36 (KHTML, like Gecko) Chrome/131.0.0.0 Safari/537.36"
45.148.10.64 - - [12/Sep/2026:16:06:59 +0300] "GET /media/jui/js/jquery-migrate.min.js?9269b06e3acb0506ab6cff0b64adb5e3 HTTP/1.1" 200 10056 "-" "Mozilla/5.0 (Windows NT 10.0; Win64; x64; rv:133.0) Gecko/20100101 Firefox/133.0"
45.148.10.64 - - [12/Sep/2026:16:06:59 +0300] "GET /templates/shaper_helix3/js/main.js HTTP/1.1" 200 8742 "-" "Mozilla/5.0 (Macintosh; Intel Mac OS X 10_15_7) AppleWebKit/537.36 (KHTML, like Gecko) Chrome/131.0.0.0 Safari/537.36"
