52.167.144.221 - - [12/Sep/2026:17:20:37 +0300] "GET /?sale/search/detail/?ITMCODE=51981772443 HTTP/2.0" 200 207724 "-" "Mozilla/5.0 AppleWebKit/537.36 (KHTML, like Gecko; compatible; bingbot/2.0; +http://www.bing.com/bingbot.htm) Chrome/116.0.1938.76 Safari/537.36"
74.7.243.247 - - [12/Sep/2026:17:20:38 +0300] "GET /?sale/search/detail/?ITMCODE=519560143001 HTTP/2.0" 200 31682 "https://keliauk-uk.lt.testams.vhost.lt/?sitemap-product.xml" "Mozilla/5.0 AppleWebKit/537.36 (KHTML, like Gecko; compatible; GPTBot/1.4; +https://openai.com/gptbot)"
52.167.144.221 - - [12/Sep/2026:17:20:38 +0300] "GET /?sale/search/detail/?ITMCODE=52002858531 HTTP/2.0" 200 201567 "-" "Mozilla/5.0 AppleWebKit/537.36 (KHTML, like Gecko; compatible; bingbot/2.0; +http://www.bing.com/bingbot.htm) Chrome/116.0.1938.76 Safari/537.36"
114.119.148.64 - - [12/Sep/2026:17:20:38 +0300] "GET /?sale/search/detail/%3FITMCODE=51987797413 HTTP/1.1" 200 31590 "https://www.keliauk-uk.lt/?sitemap-products.xml" "Mozilla/5.0 (Linux; Android 7.0;) AppleWebKit/537.36 (HTML, like Gecko) Mobile Safari/537.36 (compatible; PetalBot;+https://webmaster.petalsearch.com/site/petalbot)"
74.7.243.247 - - [12/Sep/2026:17:20:38 +0300] "GET /?sale/search/detail/?ITMCODE=519758431711 HTTP/2.0" 200 31682 "https://keliauk-uk.lt.testams.vhost.lt/?sitemap-product.xml" "Mozilla/5.0 AppleWebKit/537.36 (KHTML, like Gecko; compatible; GPTBot/1.4; +https://openai.com/gptbot)"
52.167.144.221 - - [12/Sep/2026:17:20:38 +0300] "GET /?sale/search/detail/?ITMCODE=51981945214 HTTP/2.0" 200 207067 "-" "Mozilla/5.0 AppleWebKit/537.36 (KHTML, like Gecko; compatible; bingbot/2.0; +http://www.bing.com/bingbot.htm) Chrome/116.0.1938.76 Safari/537.36"
74.7.243.247 - - [12/Sep/2026:17:20:39 +0300] "GET /?sale/search/detail/?ITMCODE=519560452100 HTTP/2.0" 200 31682 "https://keliauk-uk.lt.testams.vhost.lt/?sitemap-product.xml" "Mozilla/5.0 AppleWebKit/537.36 (KHTML, like Gecko; compatible; GPTBot/1.4; +https://openai.com/gptbot)"
52.167.144.221 - - [12/Sep/2026:17:20:39 +0300] "GET /?sale/search/detail/?ITMCODE=51963966467 HTTP/2.0" 200 219558 "-" "Mozilla/5.0 AppleWebKit/537.36 (KHTML, like Gecko; compatible; bingbot/2.0; +http://www.bing.com/bingbot.htm) Chrome/116.0.1938.76 Safari/537.36"
74.7.243.247 - - [12/Sep/2026:17:20:39 +0300] "GET /?sale/search/detail/?ITMCODE=519764363776 HTTP/2.0" 200 31682 "https://keliauk-uk.lt.testams.vhost.lt/?sitemap-product.xml" "Mozilla/5.0 AppleWebKit/537.36 (KHTML, like Gecko; compatible; GPTBot/1.4; +https://openai.com/gptbot)"
52.167.144.221 - - [12/Sep/2026:17:20:39 +0300] "GET /?sale/search/detail/?ITMCODE=51971045809 HTTP/2.0" 200 236894 "-" "Mozilla/5.0 AppleWebKit/537.36 (KHTML, like Gecko; compatible; bingbot/2.0; +http://www.bing.com/bingbot.htm) Chrome/116.0.1938.76 Safari/537.36"
74.7.243.247 - - [12/Sep/2026:17:20:40 +0300] "GET /?sale/search/detail/?ITMCODE=519560216996 HTTP/2.0" 200 31682 "https://keliauk-uk.lt.testams.vhost.lt/?sitemap-product.xml" "Mozilla/5.0 AppleWebKit/537.36 (KHTML, like Gecko; compatible; GPTBot/1.4; +https://openai.com/gptbot)"
52.167.144.221 - - [12/Sep/2026:17:20:40 +0300] "GET /?sale/search/detail/?ITMCODE=52002858531 HTTP/2.0" 200 201567 "-" "Mozilla/5.0 AppleWebKit/537.36 (KHTML, like Gecko; compatible; bingbot/2.0; +http://www.bing.com/bingbot.htm) Chrome/116.0.1938.76 Safari/537.36"
74.7.243.247 - - [12/Sep/2026:17:20:40 +0300] "GET /?sale/search/detail/?ITMCODE=519959093328 HTTP/2.0" 200 31682 "https://keliauk-uk.lt.testams.vhost.lt/?sitemap-product.xml" "Mozilla/5.0 AppleWebKit/537.36 (KHTML, like Gecko; compatible; GPTBot/1.4; +https://openai.com/gptbot)"
52.167.144.221 - - [12/Sep/2026:17:20:40 +0300] "GET /?sale/search/detail/?ITMCODE=51981772443 HTTP/2.0" 200 207724 "-" "Mozilla/5.0 AppleWebKit/537.36 (KHTML, like Gecko; compatible; bingbot/2.0; +http://www.bing.com/bingbot.htm) Chrome/116.0.1938.76 Safari/537.36"
74.7.243.247 - - [12/Sep/2026:17:20:41 +0300] "GET /?sale/search/detail/?ITMCODE=519861895145 HTTP/2.0" 200 31682 "https://keliauk-uk.lt.testams.vhost.lt/?sitemap-product.xml" "Mozilla/5.0 AppleWebKit/537.36 (KHTML, like Gecko; compatible; GPTBot/1.4; +https://openai.com/gptbot)"
52.167.144.221 - - [12/Sep/2026:17:20:41 +0300] "GET /?sale/search/detail/?ITMCODE=51981945214 HTTP/2.0" 200 207067 "-" "Mozilla/5.0 AppleWebKit/537.36 (KHTML, like Gecko; compatible; bingbot/2.0; +http://www.bing.com/bingbot.htm) Chrome/116.0.1938.76 Safari/537.36"
74.7.243.247 - - [12/Sep/2026:17:20:41 +0300] "GET /?sale/search/detail/?ITMCODE=519959394825 HTTP/2.0" 200 31682 "https://keliauk-uk.lt.testams.vhost.lt/?sitemap-product.xml" "Mozilla/5.0 AppleWebKit/537.36 (KHTML, like Gecko; compatible; GPTBot/1.4; +https://openai.com/gptbot)"
74.7.243.247 - - [12/Sep/2026:17:20:42 +0300] "GET /?sale/search/detail/?ITMCODE=520059758980 HTTP/2.0" 200 31682 "https://keliauk-uk.lt.testams.vhost.lt/?sitemap-product.xml" "Mozilla/5.0 AppleWebKit/537.36 (KHTML, like Gecko; compatible; GPTBot/1.4; +https://openai.com/gptbot)"
52.167.144.221 - - [12/Sep/2026:17:20:42 +0300] "GET /sale/search/detail/?ITMCODE=51971166424 HTTP/2.0" 200 212309 "-" "Mozilla/5.0 AppleWebKit/537.36 (KHTML, like Gecko; compatible; bingbot/2.0; +http://www.bing.com/bingbot.htm) Chrome/116.0.1938.76 Safari/537.36"
74.7.243.247 - - [12/Sep/2026:17:20:42 +0300] "GET /?sale/search/detail/?ITMCODE=519563289353 HTTP/2.0" 200 31682 "https://keliauk-uk.lt.testams.vhost.lt/?sitemap-product.xml" "Mozilla/5.0 AppleWebKit/537.36 (KHTML, like Gecko; compatible; GPTBot/1.4; +https://openai.com/gptbot)"
52.167.144.221 - - [12/Sep/2026:17:20:42 +0300] "GET /sale/search/detail/?ITMCODE=51971166424 HTTP/2.0" 200 212309 "-" "Mozilla/5.0 AppleWebKit/537.36 (KHTML, like Gecko; compatible; bingbot/2.0; +http://www.bing.com/bingbot.htm) Chrome/116.0.1938.76 Safari/537.36"
74.7.243.247 - - [12/Sep/2026:17:20:43 +0300] "GET /?sale/search/detail/?ITMCODE=519657816105 HTTP/2.0" 200 31682 "https://keliauk-uk.lt.testams.vhost.lt/?sitemap-product.xml" "Mozilla/5.0 AppleWebKit/537.36 (KHTML, like Gecko; compatible; GPTBot/1.4; +https://openai.com/gptbot)"
185.191.171.5 - - [12/Sep/2026:17:20:43 +0300] "GET /?sale%2Fsearch%2Fdetail%2F%3FITMCODE=51987577856 HTTP/1.1" 200 31562 "-" "Mozilla/5.0 (compatible; SemrushBot/7~bl; +http://www.semrush.com/bot.html)"
74.7.243.247 - - [12/Sep/2026:17:20:43 +0300] "GET /?sale/search/detail/?ITMCODE=519657677316 HTTP/2.0" 200 31682 "https://keliauk-uk.lt.testams.vhost.lt/?sitemap-product.xml" "Mozilla/5.0 AppleWebKit/537.36 (KHTML, like Gecko; compatible; GPTBot/1.4; +https://openai.com/gptbot)"
74.7.243.247 - - [12/Sep/2026:17:20:44 +0300] "GET /?sale/search/detail/?ITMCODE=519858947828 HTTP/2.0" 200 31682 "https://keliauk-uk.lt.testams.vhost.lt/?sitemap-product.xml" "Mozilla/5.0 AppleWebKit/537.36 (KHTML, like Gecko; compatible; GPTBot/1.4; +https://openai.com/gptbot)"
74.7.243.247 - - [12/Sep/2026:17:20:45 +0300] "GET /?sale/search/detail/?ITMCODE=519864768446 HTTP/2.0" 200 31682 "https://keliauk-uk.lt.testams.vhost.lt/?sitemap-product.xml" "Mozilla/5.0 AppleWebKit/537.36 (KHTML, like Gecko; compatible; GPTBot/1.4; +https://openai.com/gptbot)"
74.7.243.247 - - [12/Sep/2026:17:20:45 +0300] "GET /?sale/search/detail/?ITMCODE=519959028615 HTTP/2.0" 200 31682 "https://keliauk-uk.lt.testams.vhost.lt/?sitemap-product.xml" "Mozilla/5.0 AppleWebKit/537.36 (KHTML, like Gecko; compatible; GPTBot/1.4; +https://openai.com/gptbot)"
74.7.243.247 - - [12/Sep/2026:17:20:45 +0300] "GET /?sale/search/detail/?ITMCODE=520059550381 HTTP/2.0" 200 31682 "https://keliauk-uk.lt.testams.vhost.lt/?sitemap-product.xml" "Mozilla/5.0 AppleWebKit/537.36 (KHTML, like Gecko; compatible; GPTBot/1.4; +https://openai.com/gptbot)"
74.7.243.247 - - [12/Sep/2026:17:20:46 +0300] "GET /?sale/search/detail/?ITMCODE=519660553266 HTTP/2.0" 200 31682 "https://keliauk-uk.lt.testams.vhost.lt/?sitemap-product.xml" "Mozilla/5.0 AppleWebKit/537.36 (KHTML, like Gecko; compatible; GPTBot/1.4; +https://openai.com/gptbot)"
57.141.20.76 - - [12/Sep/2026:17:20:46 +0300] "GET /?sale/search/detail/?ITMCODE=519746130823 HTTP/2.0" 200 31591 "-" "Mozilla/5.0 (Windows NT 10.0; Win64; x64) AppleWebKit/537.36 (KHTML, like Gecko) Chrome/145.0.0.0 Safari/537.36 (compatible; meta-externalagent/1.1 (+https://developers.facebook.com/docs/sharing/webmasters/crawler))"
74.7.243.247 - - [12/Sep/2026:17:20:47 +0300] "GET /?sale/search/detail/?ITMCODE=519563215916 HTTP/2.0" 200 31682 "https://keliauk-uk.lt.testams.vhost.lt/?sitemap-product.xml" "Mozilla/5.0 AppleWebKit/537.36 (KHTML, like Gecko; compatible; GPTBot/1.4; +https://openai.com/gptbot)"
74.7.243.247 - - [12/Sep/2026:17:20:47 +0300] "GET /?sale/search/detail/?ITMCODE=519758417275 HTTP/2.0" 200 31682 "https://keliauk-uk.lt.testams.vhost.lt/?sitemap-product.xml" "Mozilla/5.0 AppleWebKit/537.36 (KHTML, like Gecko; compatible; GPTBot/1.4; +https://openai.com/gptbot)"
74.7.243.247 - - [12/Sep/2026:17:20:48 +0300] "GET /?sale/search/detail/?ITMCODE=519657998091 HTTP/2.0" 200 31682 "https://keliauk-uk.lt.testams.vhost.lt/?sitemap-product.xml" "Mozilla/5.0 AppleWebKit/537.36 (KHTML, like Gecko; compatible; GPTBot/1.4; +https://openai.com/gptbot)"
57.141.20.73 - - [12/Sep/2026:17:20:48 +0300] "GET /presets/.css HTTP/2.0" 404 1448 "https://www.keliauk-uk.lt/?sale/search/detail/?ITMCODE=519746130823" "Mozilla/5.0 (Windows NT 10.0; Win64; x64) AppleWebKit/537.36 (KHTML, like Gecko) Chrome/145.0.0.0 Safari/537.36 (compatible; meta-externalagent/1.1 (+https://developers.facebook.com/docs/sharing/webmasters/crawler))"
74.7.243.247 - - [12/Sep/2026:17:20:48 +0300] "GET /?sale/search/detail/?ITMCODE=519959356746 HTTP/2.0" 200 31682 "https://keliauk-uk.lt.testams.vhost.lt/?sitemap-product.xml" "Mozilla/5.0 AppleWebKit/537.36 (KHTML, like Gecko; compatible; GPTBot/1.4; +https://openai.com/gptbot)"
74.7.243.247 - - [12/Sep/2026:17:20:49 +0300] "GET /?sale/search/detail/?ITMCODE=519764409466 HTTP/2.0" 200 31682 "https://keliauk-uk.lt.testams.vhost.lt/?sitemap-product.xml" "Mozilla/5.0 AppleWebKit/537.36 (KHTML, like Gecko; compatible; GPTBot/1.4; +https://openai.com/gptbot)"
74.7.243.247 - - [12/Sep/2026:17:20:49 +0300] "GET /?sale/search/detail/?ITMCODE=520059603385 HTTP/2.0" 200 31682 "https://keliauk-uk.lt.testams.vhost.lt/?sitemap-product.xml" "Mozilla/5.0 AppleWebKit/537.36 (KHTML, like Gecko; compatible; GPTBot/1.4; +https://openai.com/gptbot)"
57.141.20.21 - - [12/Sep/2026:17:20:49 +0300] "GET /templates/shaper_helix3/fonts/fontawesome-webfont.woff2?v=4.7.0 HTTP/2.0" 200 77160 "https://www.keliauk-uk.lt/templates/shaper_helix3/css/font-awesome.min.css" "Mozilla/5.0 (Windows NT 10.0; Win64; x64) AppleWebKit/537.36 (KHTML, like Gecko) Chrome/145.0.0.0 Safari/537.36 (compatible; meta-externalagent/1.1 (+https://developers.facebook.com/docs/sharing/webmasters/crawler))"
74.7.243.247 - - [12/Sep/2026:17:20:50 +0300] "GET /?sale/search/detail/?ITMCODE=519962456766 HTTP/2.0" 200 31682 "https://keliauk-uk.lt.testams.vhost.lt/?sitemap-product.xml" "Mozilla/5.0 AppleWebKit/537.36 (KHTML, like Gecko; compatible; GPTBot/1.4; +https://openai.com/gptbot)"
74.7.243.247 - - [12/Sep/2026:17:20:50 +0300] "GET /?sale/search/detail/?ITMCODE=519663761055 HTTP/2.0" 200 31682 "https://keliauk-uk.lt.testams.vhost.lt/?sitemap-product.xml" "Mozilla/5.0 AppleWebKit/537.36 (KHTML, like Gecko; compatible; GPTBot/1.4; +https://openai.com/gptbot)"
74.7.243.247 - - [12/Sep/2026:17:20:51 +0300] "GET /?sale/search/detail/?ITMCODE=519962214966 HTTP/2.0" 200 31682 "https://keliauk-uk.lt.testams.vhost.lt/?sitemap-product.xml" "Mozilla/5.0 AppleWebKit/537.36 (KHTML, like Gecko; compatible; GPTBot/1.4; +https://openai.com/gptbot)"
74.7.243.247 - - [12/Sep/2026:17:20:51 +0300] "GET /?sale/search/detail/?ITMCODE=519858668450 HTTP/2.0" 200 31682 "https://keliauk-uk.lt.testams.vhost.lt/?sitemap-product.xml" "Mozilla/5.0 AppleWebKit/537.36 (KHTML, like Gecko; compatible; GPTBot/1.4; +https://openai.com/gptbot)"
74.7.243.247 - - [12/Sep/2026:17:20:52 +0300] "GET /?sale/search/detail/?ITMCODE=519560077175 HTTP/2.0" 200 31682 "https://keliauk-uk.lt.testams.vhost.lt/?sitemap-product.xml" "Mozilla/5.0 AppleWebKit/537.36 (KHTML, like Gecko; compatible; GPTBot/1.4; +https://openai.com/gptbot)"
74.7.243.247 - - [12/Sep/2026:17:20:52 +0300] "GET /?sale/search/detail/?ITMCODE=519864980855 HTTP/2.0" 200 31682 "https://keliauk-uk.lt.testams.vhost.lt/?sitemap-product.xml" "Mozilla/5.0 AppleWebKit/537.36 (KHTML, like Gecko; compatible; GPTBot/1.4; +https://openai.com/gptbot)"
74.7.243.247 - - [12/Sep/2026:17:20:53 +0300] "GET /?sale/search/detail/?ITMCODE=520059898150 HTTP/2.0" 200 31682 "https://keliauk-uk.lt.testams.vhost.lt/?sitemap-product.xml" "Mozilla/5.0 AppleWebKit/537.36 (KHTML, like Gecko; compatible; GPTBot/1.4; +https://openai.com/gptbot)"
74.7.243.247 - - [12/Sep/2026:17:20:53 +0300] "GET /?sale/search/detail/?ITMCODE=520062525478 HTTP/2.0" 200 31682 "https://keliauk-uk.lt.testams.vhost.lt/?sitemap-product.xml" "Mozilla/5.0 AppleWebKit/537.36 (KHTML, like Gecko; compatible; GPTBot/1.4; +https://openai.com/gptbot)"
185.191.171.17 - - [12/Sep/2026:17:20:54 +0300] "GET /?sale%2Fsearch%2Fdetail%2F%3FITMCODE=51995068729 HTTP/1.1" 200 31562 "-" "Mozilla/5.0 (compatible; SemrushBot/7~bl; +http://www.semrush.com/bot.html)"
74.7.243.247 - - [12/Sep/2026:17:20:54 +0300] "GET /?sale/search/detail/?ITMCODE=520062714205 HTTP/2.0" 200 31682 "https://keliauk-uk.lt.testams.vhost.lt/?sitemap-product.xml" "Mozilla/5.0 AppleWebKit/537.36 (KHTML, like Gecko; compatible; GPTBot/1.4; +https://openai.com/gptbot)"
74.7.243.247 - - [12/Sep/2026:17:20:54 +0300] "GET /?sale/search/detail/?ITMCODE=519864968978 HTTP/2.0" 200 31682 "https://keliauk-uk.lt.testams.vhost.lt/?sitemap-product.xml" "Mozilla/5.0 AppleWebKit/537.36 (KHTML, like Gecko; compatible; GPTBot/1.4; +https://openai.com/gptbot)"
74.7.243.247 - - [12/Sep/2026:17:20:55 +0300] "GET /?sale/search/detail/?ITMCODE=519959141076 HTTP/2.0" 200 31682 "https://keliauk-uk.lt.testams.vhost.lt/?sitemap-product.xml" "Mozilla/5.0 AppleWebKit/537.36 (KHTML, like Gecko; compatible; GPTBot/1.4; +https://openai.com/gptbot)"
66.249.79.1 - - [12/Sep/2026:17:20:55 +0300] "GET /index.php/zinynas-keliaujantiems?sale/search/detail/?ITMCODE=51992148787 HTTP/1.1" 200 202493 "-" "Mozilla/5.0 (Linux; Android 6.0.1; Nexus 5X Build/MMB29P) AppleWebKit/537.36 (KHTML, like Gecko) Chrome/153.0.8010.36 Mobile Safari/537.36 (compatible; Googlebot/2.1; +http://www.google.com/bot.html)"
74.7.243.247 - - [12/Sep/2026:17:20:55 +0300] "GET /?sale/search/detail/?ITMCODE=519560062646 HTTP/2.0" 200 31682 "https://keliauk-uk.lt.testams.vhost.lt/?sitemap-product.xml" "Mozilla/5.0 AppleWebKit/537.36 (KHTML, like Gecko; compatible; GPTBot/1.4; +https://openai.com/gptbot)"
74.7.243.247 - - [12/Sep/2026:17:20:56 +0300] "GET /?sale/search/detail/?ITMCODE=519663914796 HTTP/2.0" 200 31682 "https://keliauk-uk.lt.testams.vhost.lt/?sitemap-product.xml" "Mozilla/5.0 AppleWebKit/537.36 (KHTML, like Gecko; compatible; GPTBot/1.4; +https://openai.com/gptbot)"
66.249.79.1 - - [12/Sep/2026:17:20:56 +0300] "GET /index.php/zinynas-keliaujantiems?sale/search/detail/?ITMCODE=51992326470 HTTP/1.1" 200 205990 "-" "Mozilla/5.0 (Linux; Android 6.0.1; Nexus 5X Build/MMB29P) AppleWebKit/537.36 (KHTML, like Gecko) Chrome/153.0.8010.36 Mobile Safari/537.36 (compatible; Googlebot/2.1; +http://www.google.com/bot.html)"
74.7.243.247 - - [12/Sep/2026:17:20:57 +0300] "GET /?sale/search/detail/?ITMCODE=519657664926 HTTP/2.0" 200 31682 "https://keliauk-uk.lt.testams.vhost.lt/?sitemap-product.xml" "Mozilla/5.0 AppleWebKit/537.36 (KHTML, like Gecko; compatible; GPTBot/1.4; +https://openai.com/gptbot)"
74.7.243.247 - - [12/Sep/2026:17:20:57 +0300] "GET /?sale/search/detail/?ITMCODE=520059835078 HTTP/2.0" 200 31682 "https://keliauk-uk.lt.testams.vhost.lt/?sitemap-product.xml" "Mozilla/5.0 AppleWebKit/537.36 (KHTML, like Gecko; compatible; GPTBot/1.4; +https://openai.com/gptbot)"
74.7.243.247 - - [12/Sep/2026:17:20:58 +0300] "GET /?sale/search/detail/?ITMCODE=519563490905 HTTP/2.0" 200 31682 "https://keliauk-uk.lt.testams.vhost.lt/?sitemap-product.xml" "Mozilla/5.0 AppleWebKit/537.36 (KHTML, like Gecko; compatible; GPTBot/1.4; +https://openai.com/gptbot)"
74.7.243.247 - - [12/Sep/2026:17:20:58 +0300] "GET /?sale/search/detail/?ITMCODE=519864558953 HTTP/2.0" 200 31682 "https://keliauk-uk.lt.testams.vhost.lt/?sitemap-product.xml" "Mozilla/5.0 AppleWebKit/537.36 (KHTML, like Gecko; compatible; GPTBot/1.4; +https://openai.com/gptbot)"
74.7.243.247 - - [12/Sep/2026:17:20:59 +0300] "GET /?sale/search/detail/?ITMCODE=519560375315 HTTP/2.0" 200 31682 "https://keliauk-uk.lt.testams.vhost.lt/?sitemap-product.xml" "Mozilla/5.0 AppleWebKit/537.36 (KHTML, like Gecko; compatible; GPTBot/1.4; +https://openai.com/gptbot)"
74.7.243.247 - - [12/Sep/2026:17:20:59 +0300] "GET /?sale/search/detail/?ITMCODE=520062584725 HTTP/2.0" 200 31682 "https://keliauk-uk.lt.testams.vhost.lt/?sitemap-product.xml" "Mozilla/5.0 AppleWebKit/537.36 (KHTML, like Gecko; compatible; GPTBot/1.4; +https://openai.com/gptbot)"
74.7.243.247 - - [12/Sep/2026:17:21:00 +0300] "GET /?sale/search/detail/?ITMCODE=519861757355 HTTP/2.0" 200 31682 "https://keliauk-uk.lt.testams.vhost.lt/?sitemap-product.xml" "Mozilla/5.0 AppleWebKit/537.36 (KHTML, like Gecko; compatible; GPTBot/1.4; +https://openai.com/gptbot)"
74.7.243.247 - - [12/Sep/2026:17:21:00 +0300] "GET /?sale/search/detail/?ITMCODE=519758009935 HTTP/2.0" 200 31682 "https://keliauk-uk.lt.testams.vhost.lt/?sitemap-product.xml" "Mozilla/5.0 AppleWebKit/537.36 (KHTML, like Gecko; compatible; GPTBot/1.4; +https://openai.com/gptbot)"
74.7.243.247 - - [12/Sep/2026:17:21:01 +0300] "GET /?sale/search/detail/?ITMCODE=519660600471 HTTP/2.0" 200 31682 "https://keliauk-uk.lt.testams.vhost.lt/?sitemap-product.xml" "Mozilla/5.0 AppleWebKit/537.36 (KHTML, like Gecko; compatible; GPTBot/1.4; +https://openai.com/gptbot)"
74.7.243.247 - - [12/Sep/2026:17:21:01 +0300] "GET /?sale/search/detail/?ITMCODE=519764159953 HTTP/2.0" 200 31682 "https://keliauk-uk.lt.testams.vhost.lt/?sitemap-product.xml" "Mozilla/5.0 AppleWebKit/537.36 (KHTML, like Gecko; compatible; GPTBot/1.4; +https://openai.com/gptbot)"
74.7.243.247 - - [12/Sep/2026:17:21:02 +0300] "GET /?sale/search/detail/?ITMCODE=519858835478 HTTP/2.0" 200 31682 "https://keliauk-uk.lt.testams.vhost.lt/?sitemap-product.xml" "Mozilla/5.0 AppleWebKit/537.36 (KHTML, like Gecko; compatible; GPTBot/1.4; +https://openai.com/gptbot)"
74.7.243.247 - - [12/Sep/2026:17:21:02 +0300] "GET /?sale/search/detail/?ITMCODE=519758090965 HTTP/2.0" 200 31682 "https://keliauk-uk.lt.testams.vhost.lt/?sitemap-product.xml" "Mozilla/5.0 AppleWebKit/537.36 (KHTML, like Gecko; compatible; GPTBot/1.4; +https://openai.com/gptbot)"
40.77.167.255 - - [12/Sep/2026:17:21:02 +0300] "GET /shop/c/c51981000630/ HTTP/2.0" 200 274089 "-" "Mozilla/5.0 AppleWebKit/537.36 (KHTML, like Gecko; compatible; bingbot/2.0; +http://www.bing.com/bingbot.htm) Chrome/116.0.1938.76 Safari/537.36"
74.7.243.247 - - [12/Sep/2026:17:21:03 +0300] "GET /?sale/search/detail/?ITMCODE=519663587511 HTTP/2.0" 200 31682 "https://keliauk-uk.lt.testams.vhost.lt/?sitemap-product.xml" "Mozilla/5.0 AppleWebKit/537.36 (KHTML, like Gecko; compatible; GPTBot/1.4; +https://openai.com/gptbot)"
74.7.243.247 - - [12/Sep/2026:17:21:03 +0300] "GET /?sale/search/detail/?ITMCODE=519959413986 HTTP/2.0" 200 31682 "https://keliauk-uk.lt.testams.vhost.lt/?sitemap-product.xml" "Mozilla/5.0 AppleWebKit/537.36 (KHTML, like Gecko; compatible; GPTBot/1.4; +https://openai.com/gptbot)"
74.7.243.247 - - [12/Sep/2026:17:21:04 +0300] "GET /?sale/search/detail/?ITMCODE=519563469536 HTTP/2.0" 200 31682 "https://keliauk-uk.lt.testams.vhost.lt/?sitemap-product.xml" "Mozilla/5.0 AppleWebKit/537.36 (KHTML, like Gecko; compatible; GPTBot/1.4; +https://openai.com/gptbot)"
74.7.243.247 - - [12/Sep/2026:17:21:04 +0300] "GET /?sale/search/detail/?ITMCODE=520062835075 HTTP/2.0" 200 31682 "https://keliauk-uk.lt.testams.vhost.lt/?sitemap-product.xml" "Mozilla/5.0 AppleWebKit/537.36 (KHTML, like Gecko; compatible; GPTBot/1.4; +https://openai.com/gptbot)"
74.7.243.247 - - [12/Sep/2026:17:21:05 +0300] "GET /?sale/search/detail/?ITMCODE=519758041915 HTTP/2.0" 200 31682 "https://keliauk-uk.lt.testams.vhost.lt/?sitemap-product.xml" "Mozilla/5.0 AppleWebKit/537.36 (KHTML, like Gecko; compatible; GPTBot/1.4; +https://openai.com/gptbot)"
74.7.243.247 - - [12/Sep/2026:17:21:05 +0300] "GET /?sale/search/detail/?ITMCODE=519962495976 HTTP/2.0" 200 31682 "https://keliauk-uk.lt.testams.vhost.lt/?sitemap-product.xml" "Mozilla/5.0 AppleWebKit/537.36 (KHTML, like Gecko; compatible; GPTBot/1.4; +https://openai.com/gptbot)"
74.7.243.247 - - [12/Sep/2026:17:21:06 +0300] "GET /?sale/search/detail/?ITMCODE=520059940603 HTTP/2.0" 200 31682 "https://keliauk-uk.lt.testams.vhost.lt/?sitemap-product.xml" "Mozilla/5.0 AppleWebKit/537.36 (KHTML, like Gecko; compatible; GPTBot/1.4; +https://openai.com/gptbot)"
74.7.243.247 - - [12/Sep/2026:17:21:06 +0300] "GET /?sale/search/detail/?ITMCODE=519660711876 HTTP/2.0" 200 31682 "https://keliauk-uk.lt.testams.vhost.lt/?sitemap-product.xml" "Mozilla/5.0 AppleWebKit/537.36 (KHTML, like Gecko; compatible; GPTBot/1.4; +https://openai.com/gptbot)"
74.7.243.247 - - [12/Sep/2026:17:21:07 +0300] "GET /?sale/search/detail/?ITMCODE=519959439660 HTTP/2.0" 200 31682 "https://keliauk-uk.lt.testams.vhost.lt/?sitemap-product.xml" "Mozilla/5.0 AppleWebKit/537.36 (KHTML, like Gecko; compatible; GPTBot/1.4; +https://openai.com/gptbot)"
74.7.243.247 - - [12/Sep/2026:17:21:07 +0300] "GET /?sale/search/detail/?ITMCODE=519861684695 HTTP/2.0" 200 31682 "https://keliauk-uk.lt.testams.vhost.lt/?sitemap-product.xml" "Mozilla/5.0 AppleWebKit/537.36 (KHTML, like Gecko; compatible; GPTBot/1.4; +https://openai.com/gptbot)"
74.7.243.247 - - [12/Sep/2026:17:21:08 +0300] "GET /?sale/search/detail/?ITMCODE=520062634345 HTTP/2.0" 200 31682 "https://keliauk-uk.lt.testams.vhost.lt/?sitemap-product.xml" "Mozilla/5.0 AppleWebKit/537.36 (KHTML, like Gecko; compatible; GPTBot/1.4; +https://openai.com/gptbot)"
74.7.243.247 - - [12/Sep/2026:17:21:09 +0300] "GET /?sale/search/detail/?ITMCODE=519959300235 HTTP/2.0" 200 31682 "https://keliauk-uk.lt.testams.vhost.lt/?sitemap-product.xml" "Mozilla/5.0 AppleWebKit/537.36 (KHTML, like Gecko; compatible; GPTBot/1.4; +https://openai.com/gptbot)"
74.7.243.247 - - [12/Sep/2026:17:21:09 +0300] "GET /?sale/search/detail/?ITMCODE=519761399815 HTTP/2.0" 200 31682 "https://keliauk-uk.lt.testams.vhost.lt/?sitemap-product.xml" "Mozilla/5.0 AppleWebKit/537.36 (KHTML, like Gecko; compatible; GPTBot/1.4; +https://openai.com/gptbot)"
74.7.243.247 - - [12/Sep/2026:17:21:10 +0300] "GET /?sale/search/detail/?ITMCODE=519959344125 HTTP/2.0" 200 31682 "https://keliauk-uk.lt.testams.vhost.lt/?sitemap-product.xml" "Mozilla/5.0 AppleWebKit/537.36 (KHTML, like Gecko; compatible; GPTBot/1.4; +https://openai.com/gptbot)"
74.7.243.247 - - [12/Sep/2026:17:21:10 +0300] "GET /?sale/search/detail/?ITMCODE=519858959261 HTTP/2.0" 200 31682 "https://keliauk-uk.lt.testams.vhost.lt/?sitemap-product.xml" "Mozilla/5.0 AppleWebKit/537.36 (KHTML, like Gecko; compatible; GPTBot/1.4; +https://openai.com/gptbot)"
74.7.243.247 - - [12/Sep/2026:17:21:11 +0300] "GET /?sale/search/detail/?ITMCODE=519761158105 HTTP/2.0" 200 31682 "https://keliauk-uk.lt.testams.vhost.lt/?sitemap-product.xml" "Mozilla/5.0 AppleWebKit/537.36 (KHTML, like Gecko; compatible; GPTBot/1.4; +https://openai.com/gptbot)"
74.7.243.247 - - [12/Sep/2026:17:21:11 +0300] "GET /?sale/search/detail/?ITMCODE=519657994161 HTTP/2.0" 200 31682 "https://keliauk-uk.lt.testams.vhost.lt/?sitemap-product.xml" "Mozilla/5.0 AppleWebKit/537.36 (KHTML, like Gecko; compatible; GPTBot/1.4; +https://openai.com/gptbot)"
74.7.243.247 - - [12/Sep/2026:17:21:12 +0300] "GET /?sale/search/detail/?ITMCODE=519959123103 HTTP/2.0" 200 31682 "https://keliauk-uk.lt.testams.vhost.lt/?sitemap-product.xml" "Mozilla/5.0 AppleWebKit/537.36 (KHTML, like Gecko; compatible; GPTBot/1.4; +https://openai.com/gptbot)"
74.7.243.247 - - [12/Sep/2026:17:21:12 +0300] "GET /?sale/search/detail/?ITMCODE=519563405645 HTTP/2.0" 200 31682 "https://keliauk-uk.lt.testams.vhost.lt/?sitemap-product.xml" "Mozilla/5.0 AppleWebKit/537.36 (KHTML, like Gecko; compatible; GPTBot/1.4; +https://openai.com/gptbot)"
74.7.243.247 - - [12/Sep/2026:17:21:13 +0300] "GET /?sale/search/detail/?ITMCODE=519965463315 HTTP/2.0" 200 31682 "https://keliauk-uk.lt.testams.vhost.lt/?sitemap-product.xml" "Mozilla/5.0 AppleWebKit/537.36 (KHTML, like Gecko; compatible; GPTBot/1.4; +https://openai.com/gptbot)"
74.7.243.247 - - [12/Sep/2026:17:21:13 +0300] "GET /?sale/search/detail/?ITMCODE=519560314535 HTTP/2.0" 200 31682 "https://keliauk-uk.lt.testams.vhost.lt/?sitemap-product.xml" "Mozilla/5.0 AppleWebKit/537.36 (KHTML, like Gecko; compatible; GPTBot/1.4; +https://openai.com/gptbot)"
74.7.243.247 - - [12/Sep/2026:17:21:14 +0300] "GET /?sale/search/detail/?ITMCODE=519660915201 HTTP/2.0" 200 31682 "https://keliauk-uk.lt.testams.vhost.lt/?sitemap-product.xml" "Mozilla/5.0 AppleWebKit/537.36 (KHTML, like Gecko; compatible; GPTBot/1.4; +https://openai.com/gptbot)"
57.141.20.28 - - [12/Sep/2026:17:21:14 +0300] "GET /index.php/component/search/?sale/search/detail/?ITMCODE=51981925763& HTTP/2.0" 200 19806 "-" "Mozilla/5.0 (Windows NT 10.0; Win64; x64) AppleWebKit/537.36 (KHTML, like Gecko) Chrome/145.0.0.0 Safari/537.36 (compatible; meta-externalagent/1.1 (+https://developers.facebook.com/docs/sharing/webmasters/crawler))"
74.7.243.247 - - [12/Sep/2026:17:21:14 +0300] "GET /?sale/search/detail/?ITMCODE=519758005978 HTTP/2.0" 200 31682 "https://keliauk-uk.lt.testams.vhost.lt/?sitemap-product.xml" "Mozilla/5.0 AppleWebKit/537.36 (KHTML, like Gecko; compatible; GPTBot/1.4; +https://openai.com/gptbot)"
74.7.243.247 - - [12/Sep/2026:17:21:15 +0300] "GET /?sale/search/detail/?ITMCODE=519660865890 HTTP/2.0" 200 31682 "https://keliauk-uk.lt.testams.vhost.lt/?sitemap-product.xml" "Mozilla/5.0 AppleWebKit/537.36 (KHTML, like Gecko; compatible; GPTBot/1.4; +https://openai.com/gptbot)"
66.249.79.2 - - [12/Sep/2026:17:21:15 +0300] "GET /index.php/zinynas-keliaujantiems?sale/search/detail/?ITMCODE=5195466664 HTTP/1.1" 200 222916 "-" "Mozilla/5.0 (Linux; Android 6.0.1; Nexus 5X Build/MMB29P) AppleWebKit/537.36 (KHTML, like Gecko) Chrome/153.0.8010.36 Mobile Safari/537.36 (compatible; Googlebot/2.1; +http://www.google.com/bot.html)"
74.7.243.247 - - [12/Sep/2026:17:21:15 +0300] "GET /?sale/search/detail/?ITMCODE=519761056675 HTTP/2.0" 200 31682 "https://keliauk-uk.lt.testams.vhost.lt/?sitemap-product.xml" "Mozilla/5.0 AppleWebKit/537.36 (KHTML, like Gecko; compatible; GPTBot/1.4; +https://openai.com/gptbot)"
57.141.20.1 - - [12/Sep/2026:17:21:16 +0300] "GET /presets/.css HTTP/2.0" 404 1461 "https://keliauk-uk.lt.testams.vhost.lt/index.php/component/search/?sale/search/detail/?ITMCODE=51981925763&" "Mozilla/5.0 (Windows NT 10.0; Win64; x64) AppleWebKit/537.36 (KHTML, like Gecko) Chrome/145.0.0.0 Safari/537.36 (compatible; meta-externalagent/1.1 (+https://developers.facebook.com/docs/sharing/webmasters/crawler))"
74.7.243.247 - - [12/Sep/2026:17:21:16 +0300] "GET /?sale/search/detail/?ITMCODE=519657906255 HTTP/2.0" 200 31682 "https://keliauk-uk.lt.testams.vhost.lt/?sitemap-product.xml" "Mozilla/5.0 AppleWebKit/537.36 (KHTML, like Gecko; compatible; GPTBot/1.4; +https://openai.com/gptbot)"
74.7.243.247 - - [12/Sep/2026:17:21:16 +0300] "GET /?sale/search/detail/?ITMCODE=519764126266 HTTP/2.0" 200 31682 "https://keliauk-uk.lt.testams.vhost.lt/?sitemap-product.xml" "Mozilla/5.0 AppleWebKit/537.36 (KHTML, like Gecko; compatible; GPTBot/1.4; +https://openai.com/gptbot)"
74.7.243.247 - - [12/Sep/2026:17:21:17 +0300] "GET /?sale/search/detail/?ITMCODE=519858600980 HTTP/2.0" 200 31682 "https://keliauk-uk.lt.testams.vhost.lt/?sitemap-product.xml" "Mozilla/5.0 AppleWebKit/537.36 (KHTML, like Gecko; compatible; GPTBot/1.4; +https://openai.com/gptbot)"
66.249.79.1 - - [12/Sep/2026:17:21:17 +0300] "GET /index.php/zinynas-keliaujantiems?sale/search/detail/?ITMCODE=5195400500 HTTP/1.1" 200 217860 "-" "Mozilla/5.0 (Linux; Android 6.0.1; Nexus 5X Build/MMB29P) AppleWebKit/537.36 (KHTML, like Gecko) Chrome/153.0.8010.36 Mobile Safari/537.36 (compatible; Googlebot/2.1; +http://www.google.com/bot.html)"
66.249.79.1 - - [12/Sep/2026:17:21:17 +0300] "GET /index.php/zinynas-keliaujantiems?sale/search/detail/?ITMCODE=519517899 HTTP/1.1" 200 216626 "-" "Mozilla/5.0 (Linux; Android 6.0.1; Nexus 5X Build/MMB29P) AppleWebKit/537.36 (KHTML, like Gecko) Chrome/153.0.8010.36 Mobile Safari/537.36 (compatible; Googlebot/2.1; +http://www.google.com/bot.html)"
74.7.243.247 - - [12/Sep/2026:17:21:17 +0300] "GET /?sale/search/detail/?ITMCODE=519663630681 HTTP/2.0" 200 31682 "https://keliauk-uk.lt.testams.vhost.lt/?sitemap-product.xml" "Mozilla/5.0 AppleWebKit/537.36 (KHTML, like Gecko; compatible; GPTBot/1.4; +https://openai.com/gptbot)"
74.7.243.247 - - [12/Sep/2026:17:21:18 +0300] "GET /?sale/search/detail/?ITMCODE=519660800646 HTTP/2.0" 200 31682 "https://keliauk-uk.lt.testams.vhost.lt/?sitemap-product.xml" "Mozilla/5.0 AppleWebKit/537.36 (KHTML, like Gecko; compatible; GPTBot/1.4; +https://openai.com/gptbot)"
74.7.243.247 - - [12/Sep/2026:17:21:18 +0300] "GET /?sale/search/detail/?ITMCODE=519663533751 HTTP/2.0" 200 31682 "https://keliauk-uk.lt.testams.vhost.lt/?sitemap-product.xml" "Mozilla/5.0 AppleWebKit/537.36 (KHTML, like Gecko; compatible; GPTBot/1.4; +https://openai.com/gptbot)"
74.7.243.247 - - [12/Sep/2026:17:21:19 +0300] "GET /?sale/search/detail/?ITMCODE=519959226021 HTTP/2.0" 200 31682 "https://keliauk-uk.lt.testams.vhost.lt/?sitemap-product.xml" "Mozilla/5.0 AppleWebKit/537.36 (KHTML, like Gecko; compatible; GPTBot/1.4; +https://openai.com/gptbot)"
74.7.243.247 - - [12/Sep/2026:17:21:19 +0300] "GET /?sale/search/detail/?ITMCODE=519758192953 HTTP/2.0" 200 31682 "https://keliauk-uk.lt.testams.vhost.lt/?sitemap-product.xml" "Mozilla/5.0 AppleWebKit/537.36 (KHTML, like Gecko; compatible; GPTBot/1.4; +https://openai.com/gptbot)"
74.7.243.247 - - [12/Sep/2026:17:21:20 +0300] "GET /?sale/search/detail/?ITMCODE=519663565980 HTTP/2.0" 200 31682 "https://keliauk-uk.lt.testams.vhost.lt/?sitemap-product.xml" "Mozilla/5.0 AppleWebKit/537.36 (KHTML, like Gecko; compatible; GPTBot/1.4; +https://openai.com/gptbot)"
57.141.20.39 - - [12/Sep/2026:17:21:20 +0300] "GET /index.php/component/search/?sale/search/detail/?ITMCODE=519891649393& HTTP/2.0" 200 19807 "-" "Mozilla/5.0 (Windows NT 10.0; Win64; x64) AppleWebKit/537.36 (KHTML, like Gecko) Chrome/145.0.0.0 Safari/537.36 (compatible; meta-externalagent/1.1 (+https://developers.facebook.com/docs/sharing/webmasters/crawler))"
74.7.243.247 - - [12/Sep/2026:17:21:20 +0300] "GET /?sale/search/detail/?ITMCODE=519861675653 HTTP/2.0" 200 31682 "https://keliauk-uk.lt.testams.vhost.lt/?sitemap-product.xml" "Mozilla/5.0 AppleWebKit/537.36 (KHTML, like Gecko; compatible; GPTBot/1.4; +https://openai.com/gptbot)"
74.7.243.247 - - [12/Sep/2026:17:21:21 +0300] "GET /?sale/search/detail/?ITMCODE=519758398153 HTTP/2.0" 200 31682 "https://keliauk-uk.lt.testams.vhost.lt/?sitemap-product.xml" "Mozilla/5.0 AppleWebKit/537.36 (KHTML, like Gecko; compatible; GPTBot/1.4; +https://openai.com/gptbot)"
74.7.243.247 - - [12/Sep/2026:17:21:22 +0300] "GET /?sale/search/detail/?ITMCODE=520059704320 HTTP/2.0" 200 31682 "https://keliauk-uk.lt.testams.vhost.lt/?sitemap-product.xml" "Mozilla/5.0 AppleWebKit/537.36 (KHTML, like Gecko; compatible; GPTBot/1.4; +https://openai.com/gptbot)"
74.7.243.247 - - [12/Sep/2026:17:21:22 +0300] "GET /?sale/search/detail/?ITMCODE=519657705720 HTTP/2.0" 200 31682 "https://keliauk-uk.lt.testams.vhost.lt/?sitemap-product.xml" "Mozilla/5.0 AppleWebKit/537.36 (KHTML, like Gecko; compatible; GPTBot/1.4; +https://openai.com/gptbot)"
74.7.243.247 - - [12/Sep/2026:17:21:23 +0300] "GET /?sale/search/detail/?ITMCODE=519965112096 HTTP/2.0" 200 31682 "https://keliauk-uk.lt.testams.vhost.lt/?sitemap-product.xml" "Mozilla/5.0 AppleWebKit/537.36 (KHTML, like Gecko; compatible; GPTBot/1.4; +https://openai.com/gptbot)"
74.7.243.247 - - [12/Sep/2026:17:21:23 +0300] "GET /?sale/search/detail/?ITMCODE=519965414421 HTTP/2.0" 200 31682 "https://keliauk-uk.lt.testams.vhost.lt/?sitemap-product.xml" "Mozilla/5.0 AppleWebKit/537.36 (KHTML, like Gecko; compatible; GPTBot/1.4; +https://openai.com/gptbot)"
74.7.243.247 - - [12/Sep/2026:17:21:24 +0300] "GET /?sale/search/detail/?ITMCODE=519660956541 HTTP/2.0" 200 31682 "https://keliauk-uk.lt.testams.vhost.lt/?sitemap-product.xml" "Mozilla/5.0 AppleWebKit/537.36 (KHTML, like Gecko; compatible; GPTBot/1.4; +https://openai.com/gptbot)"
185.191.171.19 - - [12/Sep/2026:17:21:24 +0300] "GET /?sale%2Fsearch%2Fdetail%2F%3FITMCODE=519651655532 HTTP/1.1" 200 31563 "-" "Mozilla/5.0 (compatible; SemrushBot/7~bl; +http://www.semrush.com/bot.html)"
74.7.243.247 - - [12/Sep/2026:17:21:24 +0300] "GET /?sale/search/detail/?ITMCODE=519660890505 HTTP/2.0" 200 31682 "https://keliauk-uk.lt.testams.vhost.lt/?sitemap-product.xml" "Mozilla/5.0 AppleWebKit/537.36 (KHTML, like Gecko; compatible; GPTBot/1.4; +https://openai.com/gptbot)"
74.7.243.247 - - [12/Sep/2026:17:21:25 +0300] "GET /?sale/search/detail/?ITMCODE=519858657971 HTTP/2.0" 200 31682 "https://keliauk-uk.lt.testams.vhost.lt/?sitemap-product.xml" "Mozilla/5.0 AppleWebKit/537.36 (KHTML, like Gecko; compatible; GPTBot/1.4; +https://openai.com/gptbot)"
74.7.243.247 - - [12/Sep/2026:17:21:25 +0300] "GET /?sale/search/detail/?ITMCODE=519858716051 HTTP/2.0" 200 31682 "https://keliauk-uk.lt.testams.vhost.lt/?sitemap-product.xml" "Mozilla/5.0 AppleWebKit/537.36 (KHTML, like Gecko; compatible; GPTBot/1.4; +https://openai.com/gptbot)"
66.249.79.2 - - [12/Sep/2026:17:21:25 +0300] "GET /index.php/zinynas-keliaujantiems?sale/search/detail/?ITMCODE=51992411940 HTTP/1.1" 200 203862 "-" "Mozilla/5.0 (Linux; Android 6.0.1; Nexus 5X Build/MMB29P) AppleWebKit/537.36 (KHTML, like Gecko) Chrome/153.0.8010.36 Mobile Safari/537.36 (compatible; Googlebot/2.1; +http://www.google.com/bot.html)"
157.55.39.13 - - [12/Sep/2026:17:21:25 +0300] "GET /?sale/search/detail/?ITMCODE=52002740543 HTTP/2.0" 200 202762 "-" "Mozilla/5.0 AppleWebKit/537.36 (KHTML, like Gecko; compatible; bingbot/2.0; +http://www.bing.com/bingbot.htm) Chrome/116.0.1938.76 Safari/537.36"
74.7.243.247 - - [12/Sep/2026:17:21:26 +0300] "GET /?sale/search/detail/?ITMCODE=519758171278 HTTP/2.0" 200 31682 "https://keliauk-uk.lt.testams.vhost.lt/?sitemap-product.xml" "Mozilla/5.0 AppleWebKit/537.36 (KHTML, like Gecko; compatible; GPTBot/1.4; +https://openai.com/gptbot)"
85.208.96.208 - - [12/Sep/2026:17:21:26 +0300] "GET /?sale%2Fsearch%2Fdetail%2F%3FITMCODE=519791306065 HTTP/1.1" 200 31563 "-" "Mozilla/5.0 (compatible; SemrushBot/7~bl; +http://www.semrush.com/bot.html)"
74.7.243.247 - - [12/Sep/2026:17:21:26 +0300] "GET /?sale/search/detail/?ITMCODE=519560352455 HTTP/2.0" 200 31682 "https://keliauk-uk.lt.testams.vhost.lt/?sitemap-product.xml" "Mozilla/5.0 AppleWebKit/537.36 (KHTML, like Gecko; compatible; GPTBot/1.4; +https://openai.com/gptbot)"
66.249.79.2 - - [12/Sep/2026:17:21:26 +0300] "GET /shop/pg/5195265556 HTTP/1.1" 200 193616 "-" "Mozilla/5.0 (Linux; Android 6.0.1; Nexus 5X Build/MMB29P) AppleWebKit/537.36 (KHTML, like Gecko) Chrome/153.0.8010.36 Mobile Safari/537.36 (compatible; Googlebot/2.1; +http://www.google.com/bot.html)"
74.7.243.247 - - [12/Sep/2026:17:21:27 +0300] "GET /?sale/search/detail/?ITMCODE=519959087400 HTTP/2.0" 200 31682 "https://keliauk-uk.lt.testams.vhost.lt/?sitemap-product.xml" "Mozilla/5.0 AppleWebKit/537.36 (KHTML, like Gecko; compatible; GPTBot/1.4; +https://openai.com/gptbot)"
74.7.243.247 - - [12/Sep/2026:17:21:27 +0300] "GET /?sale/search/detail/?ITMCODE=519657699345 HTTP/2.0" 200 31682 "https://keliauk-uk.lt.testams.vhost.lt/?sitemap-product.xml" "Mozilla/5.0 AppleWebKit/537.36 (KHTML, like Gecko; compatible; GPTBot/1.4; +https://openai.com/gptbot)"
74.7.243.247 - - [12/Sep/2026:17:21:28 +0300] "GET /?sale/search/detail/?ITMCODE=519858575435 HTTP/2.0" 200 31682 "https://keliauk-uk.lt.testams.vhost.lt/?sitemap-product.xml" "Mozilla/5.0 AppleWebKit/537.36 (KHTML, like Gecko; compatible; GPTBot/1.4; +https://openai.com/gptbot)"
157.55.39.13 - - [12/Sep/2026:17:21:27 +0300] "GET /?sale/search/detail/?ITMCODE=51966673306 HTTP/2.0" 200 193090 "-" "Mozilla/5.0 AppleWebKit/537.36 (KHTML, like Gecko; compatible; bingbot/2.0; +http://www.bing.com/bingbot.htm) Chrome/116.0.1938.76 Safari/537.36"
74.7.243.247 - - [12/Sep/2026:17:21:29 +0300] "GET /?sale/search/detail/?ITMCODE=519962063166 HTTP/2.0" 200 31682 "https://keliauk-uk.lt.testams.vhost.lt/?sitemap-product.xml" "Mozilla/5.0 AppleWebKit/537.36 (KHTML, like Gecko; compatible; GPTBot/1.4; +https://openai.com/gptbot)"
157.55.39.13 - - [12/Sep/2026:17:21:29 +0300] "GET /?sale/search/detail/?ITMCODE=51992088705 HTTP/2.0" 200 201763 "-" "Mozilla/5.0 AppleWebKit/537.36 (KHTML, like Gecko; compatible; bingbot/2.0; +http://www.bing.com/bingbot.htm) Chrome/116.0.1938.76 Safari/537.36"
74.7.243.247 - - [12/Sep/2026:17:21:29 +0300] "GET /?sale/search/detail/?ITMCODE=519660679866 HTTP/2.0" 200 31682 "https://keliauk-uk.lt.testams.vhost.lt/?sitemap-product.xml" "Mozilla/5.0 AppleWebKit/537.36 (KHTML, like Gecko; compatible; GPTBot/1.4; +https://openai.com/gptbot)"
74.7.243.247 - - [12/Sep/2026:17:21:30 +0300] "GET /?sale/search/detail/?ITMCODE=519959350431 HTTP/2.0" 200 31682 "https://keliauk-uk.lt.testams.vhost.lt/?sitemap-product.xml" "Mozilla/5.0 AppleWebKit/537.36 (KHTML, like Gecko; compatible; GPTBot/1.4; +https://openai.com/gptbot)"
157.55.39.13 - - [12/Sep/2026:17:21:29 +0300] "GET /?sale/search/detail/?ITMCODE=519560193213 HTTP/2.0" 200 200563 "-" "Mozilla/5.0 AppleWebKit/537.36 (KHTML, like Gecko; compatible; bingbot/2.0; +http://www.bing.com/bingbot.htm) Chrome/116.0.1938.76 Safari/537.36"
157.55.39.13 - - [12/Sep/2026:17:21:29 +0300] "GET /?sale/search/detail/?ITMCODE=519873730508 HTTP/2.0" 200 200025 "-" "Mozilla/5.0 AppleWebKit/537.36 (KHTML, like Gecko; compatible; bingbot/2.0; +http://www.bing.com/bingbot.htm) Chrome/116.0.1938.76 Safari/537.36"
74.7.243.247 - - [12/Sep/2026:17:21:30 +0300] "GET /?sale/search/detail/?ITMCODE=519962262876 HTTP/2.0" 200 31682 "https://keliauk-uk.lt.testams.vhost.lt/?sitemap-product.xml" "Mozilla/5.0 AppleWebKit/537.36 (KHTML, like Gecko; compatible; GPTBot/1.4; +https://openai.com/gptbot)"
157.55.39.13 - - [12/Sep/2026:17:21:30 +0300] "GET /?sale/search/detail/?ITMCODE=52005681107 HTTP/2.0" 200 207712 "-" "Mozilla/5.0 AppleWebKit/537.36 (KHTML, like Gecko; compatible; bingbot/2.0; +http://www.bing.com/bingbot.htm) Chrome/116.0.1938.76 Safari/537.36"
157.55.39.13 - - [12/Sep/2026:17:21:30 +0300] "GET /?sale/search/detail/?ITMCODE=51984500202 HTTP/2.0" 200 193687 "-" "Mozilla/5.0 AppleWebKit/537.36 (KHTML, like Gecko; compatible; bingbot/2.0; +http://www.bing.com/bingbot.htm) Chrome/116.0.1938.76 Safari/537.36"
74.7.243.247 - - [12/Sep/2026:17:21:31 +0300] "GET /?sale/search/detail/?ITMCODE=519758451085 HTTP/2.0" 200 31682 "https://keliauk-uk.lt.testams.vhost.lt/?sitemap-product.xml" "Mozilla/5.0 AppleWebKit/537.36 (KHTML, like Gecko; compatible; GPTBot/1.4; +https://openai.com/gptbot)"
74.7.243.247 - - [12/Sep/2026:17:21:31 +0300] "GET /?sale/search/detail/?ITMCODE=519858786095 HTTP/2.0" 200 31682 "https://keliauk-uk.lt.testams.vhost.lt/?sitemap-product.xml" "Mozilla/5.0 AppleWebKit/537.36 (KHTML, like Gecko; compatible; GPTBot/1.4; +https://openai.com/gptbot)"
157.55.39.13 - - [12/Sep/2026:17:21:31 +0300] "GET /?sale/search/detail/?ITMCODE=519684857682 HTTP/2.0" 200 208678 "-" "Mozilla/5.0 AppleWebKit/537.36 (KHTML, like Gecko; compatible; bingbot/2.0; +http://www.bing.com/bingbot.htm) Chrome/116.0.1938.76 Safari/537.36"
74.7.243.247 - - [12/Sep/2026:17:21:32 +0300] "GET /?sale/search/detail/?ITMCODE=519761391061 HTTP/2.0" 200 31682 "https://keliauk-uk.lt.testams.vhost.lt/?sitemap-product.xml" "Mozilla/5.0 AppleWebKit/537.36 (KHTML, like Gecko; compatible; GPTBot/1.4; +https://openai.com/gptbot)"
157.55.39.13 - - [12/Sep/2026:17:21:32 +0300] "GET /?sale/search/detail/?ITMCODE=519624870069 HTTP/2.0" 200 197525 "-" "Mozilla/5.0 AppleWebKit/537.36 (KHTML, like Gecko; compatible; bingbot/2.0; +http://www.bing.com/bingbot.htm) Chrome/116.0.1938.76 Safari/537.36"
74.7.243.247 - - [12/Sep/2026:17:21:32 +0300] "GET /?sale/search/detail/?ITMCODE=519959256786 HTTP/2.0" 200 31682 "https://keliauk-uk.lt.testams.vhost.lt/?sitemap-product.xml" "Mozilla/5.0 AppleWebKit/537.36 (KHTML, like Gecko; compatible; GPTBot/1.4; +https://openai.com/gptbot)"
157.55.39.13 - - [12/Sep/2026:17:21:32 +0300] "GET /?sale/search/detail/?ITMCODE=519737370198 HTTP/2.0" 200 195896 "-" "Mozilla/5.0 AppleWebKit/537.36 (KHTML, like Gecko; compatible; bingbot/2.0; +http://www.bing.com/bingbot.htm) Chrome/116.0.1938.76 Safari/537.36"
74.7.243.247 - - [12/Sep/2026:17:21:33 +0300] "GET /?sale/search/detail/?ITMCODE=520059690745 HTTP/2.0" 200 31682 "https://keliauk-uk.lt.testams.vhost.lt/?sitemap-product.xml" "Mozilla/5.0 AppleWebKit/537.36 (KHTML, like Gecko; compatible; GPTBot/1.4; +https://openai.com/gptbot)"
157.55.39.13 - - [12/Sep/2026:17:21:33 +0300] "GET /?sale/search/detail/?ITMCODE=51987951420 HTTP/2.0" 200 219351 "-" "Mozilla/5.0 AppleWebKit/537.36 (KHTML, like Gecko; compatible; bingbot/2.0; +http://www.bing.com/bingbot.htm) Chrome/116.0.1938.76 Safari/537.36"
74.7.243.247 - - [12/Sep/2026:17:21:33 +0300] "GET /?sale/search/detail/?ITMCODE=519761132626 HTTP/2.0" 200 31682 "https://keliauk-uk.lt.testams.vhost.lt/?sitemap-product.xml" "Mozilla/5.0 AppleWebKit/537.36 (KHTML, like Gecko; compatible; GPTBot/1.4; +https://openai.com/gptbot)"
74.7.243.247 - - [12/Sep/2026:17:21:34 +0300] "GET /?sale/search/detail/?ITMCODE=520059724750 HTTP/2.0" 200 31682 "https://keliauk-uk.lt.testams.vhost.lt/?sitemap-product.xml" "Mozilla/5.0 AppleWebKit/537.36 (KHTML, like Gecko; compatible; GPTBot/1.4; +https://openai.com/gptbot)"
157.55.39.13 - - [12/Sep/2026:17:21:34 +0300] "GET /?sale/search/detail/?ITMCODE=520086766678 HTTP/2.0" 200 194659 "-" "Mozilla/5.0 AppleWebKit/537.36 (KHTML, like Gecko; compatible; bingbot/2.0; +http://www.bing.com/bingbot.htm) Chrome/116.0.1938.76 Safari/537.36"
74.7.243.247 - - [12/Sep/2026:17:21:34 +0300] "GET /?sale/search/detail/?ITMCODE=520059961951 HTTP/2.0" 200 31682 "https://keliauk-uk.lt.testams.vhost.lt/?sitemap-product.xml" "Mozilla/5.0 AppleWebKit/537.36 (KHTML, like Gecko; compatible; GPTBot/1.4; +https://openai.com/gptbot)"
157.55.39.13 - - [12/Sep/2026:17:21:34 +0300] "GET /?sale/search/detail/?ITMCODE=51995026638 HTTP/2.0" 200 199074 "-" "Mozilla/5.0 AppleWebKit/537.36 (KHTML, like Gecko; compatible; bingbot/2.0; +http://www.bing.com/bingbot.htm) Chrome/116.0.1938.76 Safari/537.36"
74.7.243.247 - - [12/Sep/2026:17:21:35 +0300] "GET /?sale/search/detail/?ITMCODE=519858570353 HTTP/2.0" 200 31682 "https://keliauk-uk.lt.testams.vhost.lt/?sitemap-product.xml" "Mozilla/5.0 AppleWebKit/537.36 (KHTML, like Gecko; compatible; GPTBot/1.4; +https://openai.com/gptbot)"
157.55.39.13 - - [12/Sep/2026:17:21:35 +0300] "GET /?sale/search/detail/?ITMCODE=51969667987 HTTP/2.0" 200 194753 "-" "Mozilla/5.0 AppleWebKit/537.36 (KHTML, like Gecko; compatible; bingbot/2.0; +http://www.bing.com/bingbot.htm) Chrome/116.0.1938.76 Safari/537.36"
74.7.243.247 - - [12/Sep/2026:17:21:35 +0300] "GET /?sale/search/detail/?ITMCODE=519758058121 HTTP/2.0" 200 31682 "https://keliauk-uk.lt.testams.vhost.lt/?sitemap-product.xml" "Mozilla/5.0 AppleWebKit/537.36 (KHTML, like Gecko; compatible; GPTBot/1.4; +https://openai.com/gptbot)"
66.249.79.1 - - [12/Sep/2026:17:21:35 +0300] "GET /?sale/search/detail/?ITMCODE=51981602018 HTTP/1.1" 200 196002 "-" "Mozilla/5.0 (Linux; Android 6.0.1; Nexus 5X Build/MMB29P) AppleWebKit/537.36 (KHTML, like Gecko) Chrome/153.0.8010.36 Mobile Safari/537.36 (compatible; Googlebot/2.1; +http://www.google.com/bot.html)"
157.55.39.13 - - [12/Sep/2026:17:21:35 +0300] "GET /?sale/search/detail/?ITMCODE=519633653090 HTTP/2.0" 200 203914 "-" "Mozilla/5.0 AppleWebKit/537.36 (KHTML, like Gecko; compatible; bingbot/2.0; +http://www.bing.com/bingbot.htm) Chrome/116.0.1938.76 Safari/537.36"
74.7.243.247 - - [12/Sep/2026:17:21:36 +0300] "GET /?sale/search/detail/?ITMCODE=519959147085 HTTP/2.0" 200 31682 "https://keliauk-uk.lt.testams.vhost.lt/?sitemap-product.xml" "Mozilla/5.0 AppleWebKit/537.36 (KHTML, like Gecko; compatible; GPTBot/1.4; +https://openai.com/gptbot)"
74.7.243.247 - - [12/Sep/2026:17:21:36 +0300] "GET /?sale/search/detail/?ITMCODE=519959388456 HTTP/2.0" 200 31682 "https://keliauk-uk.lt.testams.vhost.lt/?sitemap-product.xml" "Mozilla/5.0 AppleWebKit/537.36 (KHTML, like Gecko; compatible; GPTBot/1.4; +https://openai.com/gptbot)"
66.249.79.1 - - [12/Sep/2026:17:21:36 +0300] "GET /index.php/zinynas-keliaujantiems?sale/search/detail/?ITMCODE=5195471229 HTTP/1.1" 200 205181 "-" "Mozilla/5.0 (Linux; Android 6.0.1; Nexus 5X Build/MMB29P) AppleWebKit/537.36 (KHTML, like Gecko) Chrome/153.0.8010.36 Mobile Safari/537.36 (compatible; Googlebot/2.1; +http://www.google.com/bot.html)"
157.55.39.13 - - [12/Sep/2026:17:21:36 +0300] "GET /?sale/search/detail/?ITMCODE=51953040081 HTTP/2.0" 200 211179 "-" "Mozilla/5.0 AppleWebKit/537.36 (KHTML, like Gecko; compatible; bingbot/2.0; +http://www.bing.com/bingbot.htm) Chrome/116.0.1938.76 Safari/537.36"
74.7.243.247 - - [12/Sep/2026:17:21:37 +0300] "GET /?sale/search/detail/?ITMCODE=519657966903 HTTP/2.0" 200 31682 "https://keliauk-uk.lt.testams.vhost.lt/?sitemap-product.xml" "Mozilla/5.0 AppleWebKit/537.36 (KHTML, like Gecko; compatible; GPTBot/1.4; +https://openai.com/gptbot)"
157.55.39.13 - - [12/Sep/2026:17:21:37 +0300] "GET /?sale/search/detail/?ITMCODE=52002916292 HTTP/2.0" 200 196084 "-" "Mozilla/5.0 AppleWebKit/537.36 (KHTML, like Gecko; compatible; bingbot/2.0; +http://www.bing.com/bingbot.htm) Chrome/116.0.1938.76 Safari/537.36"
74.7.243.247 - - [12/Sep/2026:17:21:37 +0300] "GET /?sale/search/detail/?ITMCODE=519962195865 HTTP/2.0" 200 31682 "https://keliauk-uk.lt.testams.vhost.lt/?sitemap-product.xml" "Mozilla/5.0 AppleWebKit/537.36 (KHTML, like Gecko; compatible; GPTBot/1.4; +https://openai.com/gptbot)"
57.141.20.60 - - [12/Sep/2026:17:21:38 +0300] "GET /index.php/component/search/?sale/search/detail/?ITMCODE=519584333561& HTTP/2.0" 200 19807 "-" "Mozilla/5.0 (Macintosh; Intel Mac OS X 10_15_7) AppleWebKit/537.36 (KHTML, like Gecko) Chrome/145.0.0.0 Safari/537.36 (compatible; meta-externalagent/1.1 (+https://developers.facebook.com/docs/sharing/webmasters/crawler))"
74.7.243.247 - - [12/Sep/2026:17:21:38 +0300] "GET /?sale/search/detail/?ITMCODE=519663959046 HTTP/2.0" 200 31682 "https://keliauk-uk.lt.testams.vhost.lt/?sitemap-product.xml" "Mozilla/5.0 AppleWebKit/537.36 (KHTML, like Gecko; compatible; GPTBot/1.4; +https://openai.com/gptbot)"
157.55.39.13 - - [12/Sep/2026:17:21:38 +0300] "GET /?sale/search/detail/?ITMCODE=51974014565 HTTP/2.0" 200 197099 "-" "Mozilla/5.0 AppleWebKit/537.36 (KHTML, like Gecko; compatible; bingbot/2.0; +http://www.bing.com/bingbot.htm) Chrome/116.0.1938.76 Safari/537.36"
74.7.243.247 - - [12/Sep/2026:17:21:38 +0300] "GET /?sale/search/detail/?ITMCODE=519657798750 HTTP/2.0" 200 31682 "https://keliauk-uk.lt.testams.vhost.lt/?sitemap-product.xml" "Mozilla/5.0 AppleWebKit/537.36 (KHTML, like Gecko; compatible; GPTBot/1.4; +https://openai.com/gptbot)"
74.7.243.247 - - [12/Sep/2026:17:21:39 +0300] "GET /?sale/search/detail/?ITMCODE=520059863020 HTTP/2.0" 200 31682 "https://keliauk-uk.lt.testams.vhost.lt/?sitemap-product.xml" "Mozilla/5.0 AppleWebKit/537.36 (KHTML, like Gecko; compatible; GPTBot/1.4; +https://openai.com/gptbot)"
74.7.243.247 - - [12/Sep/2026:17:21:39 +0300] "GET /?sale/search/detail/?ITMCODE=519663673995 HTTP/2.0" 200 31682 "https://keliauk-uk.lt.testams.vhost.lt/?sitemap-product.xml" "Mozilla/5.0 AppleWebKit/537.36 (KHTML, like Gecko; compatible; GPTBot/1.4; +https://openai.com/gptbot)"
74.7.243.247 - - [12/Sep/2026:17:21:40 +0300] "GET /?sale/search/detail/?ITMCODE=519657721815 HTTP/2.0" 200 31682 "https://keliauk-uk.lt.testams.vhost.lt/?sitemap-product.xml" "Mozilla/5.0 AppleWebKit/537.36 (KHTML, like Gecko; compatible; GPTBot/1.4; +https://openai.com/gptbot)"
74.7.243.247 - - [12/Sep/2026:17:21:40 +0300] "GET /?sale/search/detail/?ITMCODE=519861657596 HTTP/2.0" 200 31682 "https://keliauk-uk.lt.testams.vhost.lt/?sitemap-product.xml" "Mozilla/5.0 AppleWebKit/537.36 (KHTML, like Gecko; compatible; GPTBot/1.4; +https://openai.com/gptbot)"
66.249.79.1 - - [12/Sep/2026:17:21:40 +0300] "GET /?sale/search/detail/?ITMCODE=5196891133 HTTP/1.1" 200 200977 "-" "Mozilla/5.0 (Linux; Android 6.0.1; Nexus 5X Build/MMB29P) AppleWebKit/537.36 (KHTML, like Gecko) Chrome/153.0.8010.36 Mobile Safari/537.36 (compatible; Googlebot/2.1; +http://www.google.com/bot.html)"
74.7.243.247 - - [12/Sep/2026:17:21:41 +0300] "GET /?sale/search/detail/?ITMCODE=519858908096 HTTP/2.0" 200 31682 "https://keliauk-uk.lt.testams.vhost.lt/?sitemap-product.xml" "Mozilla/5.0 AppleWebKit/537.36 (KHTML, like Gecko; compatible; GPTBot/1.4; +https://openai.com/gptbot)"
74.7.243.247 - - [12/Sep/2026:17:21:41 +0300] "GET /?sale/search/detail/?ITMCODE=519861567851 HTTP/2.0" 200 31682 "https://keliauk-uk.lt.testams.vhost.lt/?sitemap-product.xml" "Mozilla/5.0 AppleWebKit/537.36 (KHTML, like Gecko; compatible; GPTBot/1.4; +https://openai.com/gptbot)"
74.7.243.247 - - [12/Sep/2026:17:21:42 +0300] "GET /?sale/search/detail/?ITMCODE=519758475505 HTTP/2.0" 200 31682 "https://keliauk-uk.lt.testams.vhost.lt/?sitemap-product.xml" "Mozilla/5.0 AppleWebKit/537.36 (KHTML, like Gecko; compatible; GPTBot/1.4; +https://openai.com/gptbot)"
