207.46.13.130 - - [12/Sep/2026:15:45:32 +0300] "GET /?sale/search/detail/?ITMCODE=520032569878 HTTP/2.0" 200 197820 "-" "Mozilla/5.0 AppleWebKit/537.36 (KHTML, like Gecko; compatible; bingbot/2.0; +http://www.bing.com/bingbot.htm) Chrome/116.0.1938.76 Safari/537.36"
66.249.79.1 - - [12/Sep/2026:15:45:33 +0300] "GET /index.php/zinynas-keliaujantiems?sale/search/detail/?ITMCODE=51971169043 HTTP/1.1" 200 226340 "-" "Mozilla/5.0 (Linux; Android 6.0.1; Nexus 5X Build/MMB29P) AppleWebKit/537.36 (KHTML, like Gecko) Chrome/153.0.8010.36 Mobile Safari/537.36 (compatible; Googlebot/2.1; +http://www.google.com/bot.html)"
40.77.167.46 - - [12/Sep/2026:15:45:33 +0300] "GET /?sale/search/detail/?ITMCODE=51992323991 HTTP/2.0" 200 213549 "-" "Mozilla/5.0 AppleWebKit/537.36 (KHTML, like Gecko; compatible; bingbot/2.0; +http://www.bing.com/bingbot.htm) Chrome/116.0.1938.76 Safari/537.36"
52.167.144.147 - - [12/Sep/2026:15:45:34 +0300] "GET /?sale/search/detail/?ITMCODE=51981580603 HTTP/2.0" 200 197830 "-" "Mozilla/5.0 AppleWebKit/537.36 (KHTML, like Gecko; compatible; bingbot/2.0; +http://www.bing.com/bingbot.htm) Chrome/116.0.1938.76 Safari/537.36"
114.119.152.47 - - [12/Sep/2026:15:45:35 +0300] "GET /?sale/search/detail/%3FITMCODE=51987927637 HTTP/1.1" 200 31590 "https://www.keliauk-uk.lt/?sitemap-items.xml" "Mozilla/5.0 (Linux; Android 7.0;) AppleWebKit/537.36 (HTML, like Gecko) Mobile Safari/537.36 (compatible; PetalBot;+https://webmaster.petalsearch.com/site/petalbot)"
52.167.144.147 - - [12/Sep/2026:15:45:34 +0300] "GET /?sale/search/detail/?ITMCODE=519758035690 HTTP/2.0" 200 195289 "-" "Mozilla/5.0 AppleWebKit/537.36 (KHTML, like Gecko; compatible; bingbot/2.0; +http://www.bing.com/bingbot.htm) Chrome/116.0.1938.76 Safari/537.36"
52.167.144.147 - - [12/Sep/2026:15:45:35 +0300] "GET /?sale/search/detail/?ITMCODE=5196964295 HTTP/2.0" 200 205369 "-" "Mozilla/5.0 AppleWebKit/537.36 (KHTML, like Gecko; compatible; bingbot/2.0; +http://www.bing.com/bingbot.htm) Chrome/116.0.1938.76 Safari/537.36"
52.167.144.147 - - [12/Sep/2026:15:45:36 +0300] "GET /?sale/search/detail/?ITMCODE=520044948208 HTTP/2.0" 200 205069 "-" "Mozilla/5.0 AppleWebKit/537.36 (KHTML, like Gecko; compatible; bingbot/2.0; +http://www.bing.com/bingbot.htm) Chrome/116.0.1938.76 Safari/537.36"
40.77.167.46 - - [12/Sep/2026:15:45:36 +0300] "GET /?sale/search/detail/?ITMCODE=52002634501 HTTP/2.0" 200 202014 "-" "Mozilla/5.0 AppleWebKit/537.36 (KHTML, like Gecko; compatible; bingbot/2.0; +http://www.bing.com/bingbot.htm) Chrome/116.0.1938.76 Safari/537.36"
66.249.79.1 - - [12/Sep/2026:15:45:38 +0300] "GET /index.php/zinynas-keliaujantiems?sale/search/detail/?ITMCODE=5196574850 HTTP/1.1" 200 209157 "-" "Mozilla/5.0 (Linux; Android 6.0.1; Nexus 5X Build/MMB29P) AppleWebKit/537.36 (KHTML, like Gecko) Chrome/153.0.8010.36 Mobile Safari/537.36 (compatible; Googlebot/2.1; +http://www.google.com/bot.html)"
40.77.167.46 - - [12/Sep/2026:15:45:39 +0300] "GET /?sale/search/detail/?ITMCODE=51992132598 HTTP/2.0" 200 206503 "-" "Mozilla/5.0 AppleWebKit/537.36 (KHTML, like Gecko; compatible; bingbot/2.0; +http://www.bing.com/bingbot.htm) Chrome/116.0.1938.76 Safari/537.36"
40.77.167.46 - - [12/Sep/2026:15:45:42 +0300] "GET /?sale/search/detail/?ITMCODE=5196744676 HTTP/2.0" 200 209166 "-" "Mozilla/5.0 AppleWebKit/537.36 (KHTML, like Gecko; compatible; bingbot/2.0; +http://www.bing.com/bingbot.htm) Chrome/116.0.1938.76 Safari/537.36"
85.208.96.205 - - [12/Sep/2026:15:45:43 +0300] "GET /?sale%2Fsearch%2Fdetail%2F%3FITMCODE=519867555682 HTTP/1.1" 200 31563 "-" "Mozilla/5.0 (compatible; SemrushBot/7~bl; +http://www.semrush.com/bot.html)"
207.46.13.130 - - [12/Sep/2026:15:45:44 +0300] "GET /?sale/search/detail/?ITMCODE=51971277149 HTTP/2.0" 200 205957 "-" "Mozilla/5.0 AppleWebKit/537.36 (KHTML, like Gecko; compatible; bingbot/2.0; +http://www.bing.com/bingbot.htm) Chrome/116.0.1938.76 Safari/537.36"
207.46.13.130 - - [12/Sep/2026:15:45:48 +0300] "GET /?sale/search/detail/?ITMCODE=519810507945 HTTP/2.0" 200 207772 "-" "Mozilla/5.0 AppleWebKit/537.36 (KHTML, like Gecko; compatible; bingbot/2.0; +http://www.bing.com/bingbot.htm) Chrome/116.0.1938.76 Safari/537.36"
207.46.13.130 - - [12/Sep/2026:15:45:50 +0300] "GET /?sale/search/detail/?ITMCODE=51998201002 HTTP/2.0" 200 226245 "-" "Mozilla/5.0 AppleWebKit/537.36 (KHTML, like Gecko; compatible; bingbot/2.0; +http://www.bing.com/bingbot.htm) Chrome/116.0.1938.76 Safari/537.36"
66.249.79.1 - - [12/Sep/2026:15:45:52 +0300] "GET /index.php/zinynas-keliaujantiems?sale/search/detail/?ITMCODE=5195431933 HTTP/1.1" 200 207830 "-" "Mozilla/5.0 (Linux; Android 6.0.1; Nexus 5X Build/MMB29P) AppleWebKit/537.36 (KHTML, like Gecko) Chrome/153.0.8010.36 Mobile Safari/537.36 (compatible; Googlebot/2.1; +http://www.google.com/bot.html)"
40.77.167.46 - - [12/Sep/2026:15:45:53 +0300] "GET /?sale/search/detail/?ITMCODE=51971098147 HTTP/2.0" 200 201982 "-" "Mozilla/5.0 AppleWebKit/537.36 (KHTML, like Gecko; compatible; bingbot/2.0; +http://www.bing.com/bingbot.htm) Chrome/116.0.1938.76 Safari/537.36"
57.141.20.10 - - [12/Sep/2026:15:45:56 +0300] "GET /index.php/component/search/?sale/search/detail/?ITMCODE=51963652265&id=1&Itemid=437&format=opensearch HTTP/2.0" 200 584 "-" "Mozilla/5.0 (X11; Linux x86_64) AppleWebKit/537.36 (KHTML, like Gecko) Chrome/145.0.0.0 Safari/537.36 (compatible; meta-externalagent/1.1 (+https://developers.facebook.com/docs/sharing/webmasters/crawler))"
207.46.13.130 - - [12/Sep/2026:15:45:54 +0300] "GET /?sale/search/detail/?ITMCODE=519512496682 HTTP/2.0" 200 200645 "-" "Mozilla/5.0 AppleWebKit/537.36 (KHTML, like Gecko; compatible; bingbot/2.0; +http://www.bing.com/bingbot.htm) Chrome/116.0.1938.76 Safari/537.36"
40.77.167.46 - - [12/Sep/2026:15:45:57 +0300] "GET /?sale/search/detail/?ITMCODE=51981729488 HTTP/2.0" 200 205378 "-" "Mozilla/5.0 AppleWebKit/537.36 (KHTML, like Gecko; compatible; bingbot/2.0; +http://www.bing.com/bingbot.htm) Chrome/116.0.1938.76 Safari/537.36"
207.46.13.130 - - [12/Sep/2026:15:45:59 +0300] "GET /?sale/search/detail/?ITMCODE=51963647595 HTTP/2.0" 200 198342 "-" "Mozilla/5.0 AppleWebKit/537.36 (KHTML, like Gecko; compatible; bingbot/2.0; +http://www.bing.com/bingbot.htm) Chrome/116.0.1938.76 Safari/537.36"
207.46.13.130 - - [12/Sep/2026:15:46:01 +0300] "GET /?sale/search/detail/?ITMCODE=519920339328 HTTP/2.0" 200 214069 "-" "Mozilla/5.0 AppleWebKit/537.36 (KHTML, like Gecko; compatible; bingbot/2.0; +http://www.bing.com/bingbot.htm) Chrome/116.0.1938.76 Safari/537.36"
185.191.171.14 - - [12/Sep/2026:15:46:04 +0300] "GET /?sale%2Fsearch%2Fdetail%2F%3FITMCODE=520089916540 HTTP/1.1" 200 31563 "-" "Mozilla/5.0 (compatible; SemrushBot/7~bl; +http://www.semrush.com/bot.html)"
207.46.13.130 - - [12/Sep/2026:15:46:05 +0300] "GET /?sale/search/detail/?ITMCODE=51984943879 HTTP/2.0" 200 195516 "-" "Mozilla/5.0 AppleWebKit/537.36 (KHTML, like Gecko; compatible; bingbot/2.0; +http://www.bing.com/bingbot.htm) Chrome/116.0.1938.76 Safari/537.36"
207.46.13.130 - - [12/Sep/2026:15:46:08 +0300] "GET /?sale/search/detail/?ITMCODE=519849600488 HTTP/2.0" 200 198187 "-" "Mozilla/5.0 AppleWebKit/537.36 (KHTML, like Gecko; compatible; bingbot/2.0; +http://www.bing.com/bingbot.htm) Chrome/116.0.1938.76 Safari/537.36"
185.191.171.5 - - [12/Sep/2026:15:46:10 +0300] "GET /?sale%2Fsearch%2Fdetail%2F%3FITMCODE=52002728146 HTTP/1.1" 200 31562 "-" "Mozilla/5.0 (compatible; SemrushBot/7~bl; +http://www.semrush.com/bot.html)"
85.208.96.210 - - [12/Sep/2026:15:46:14 +0300] "GET /?sale%2Fsearch%2Fdetail%2F%3FITMCODE=519521034031 HTTP/1.1" 200 31563 "-" "Mozilla/5.0 (compatible; SemrushBot/7~bl; +http://www.semrush.com/bot.html)"
40.77.167.46 - - [12/Sep/2026:15:46:14 +0300] "GET /?sale/search/detail/?ITMCODE=5195177229 HTTP/2.0" 200 207787 "-" "Mozilla/5.0 AppleWebKit/537.36 (KHTML, like Gecko; compatible; bingbot/2.0; +http://www.bing.com/bingbot.htm) Chrome/116.0.1938.76 Safari/537.36"
40.77.167.46 - - [12/Sep/2026:15:46:17 +0300] "GET /?sale/search/detail/?ITMCODE=52002537283 HTTP/2.0" 200 206400 "-" "Mozilla/5.0 AppleWebKit/537.36 (KHTML, like Gecko; compatible; bingbot/2.0; +http://www.bing.com/bingbot.htm) Chrome/116.0.1938.76 Safari/537.36"
207.46.13.130 - - [12/Sep/2026:15:46:19 +0300] "GET /?sale/search/detail/?ITMCODE=51995278819 HTTP/2.0" 200 199094 "-" "Mozilla/5.0 AppleWebKit/537.36 (KHTML, like Gecko; compatible; bingbot/2.0; +http://www.bing.com/bingbot.htm) Chrome/116.0.1938.76 Safari/537.36"
40.77.167.46 - - [12/Sep/2026:15:46:21 +0300] "GET /?sale/search/detail/?ITMCODE=51971015541 HTTP/2.0" 200 202535 "-" "Mozilla/5.0 AppleWebKit/537.36 (KHTML, like Gecko; compatible; bingbot/2.0; +http://www.bing.com/bingbot.htm) Chrome/116.0.1938.76 Safari/537.36"
66.249.79.3 - - [12/Sep/2026:15:46:22 +0300] "GET /index.php/zinynas-keliaujantiems?sale/search/detail/?ITMCODE=51981564336 HTTP/1.1" 200 202218 "-" "Mozilla/5.0 (Linux; Android 6.0.1; Nexus 5X Build/MMB29P) AppleWebKit/537.36 (KHTML, like Gecko) Chrome/153.0.8010.36 Mobile Safari/537.36 (compatible; Googlebot/2.1; +http://www.google.com/bot.html)"
207.46.13.130 - - [12/Sep/2026:15:46:22 +0300] "GET /?sale/search/detail/?ITMCODE=519710209072 HTTP/2.0" 200 198596 "-" "Mozilla/5.0 AppleWebKit/537.36 (KHTML, like Gecko; compatible; bingbot/2.0; +http://www.bing.com/bingbot.htm) Chrome/116.0.1938.76 Safari/537.36"
66.249.79.3 - - [12/Sep/2026:15:46:22 +0300] "GET /index.php/zinynas-keliaujantiems?sale/search/detail/?ITMCODE=52002659855 HTTP/1.1" 200 214908 "-" "Mozilla/5.0 (Linux; Android 6.0.1; Nexus 5X Build/MMB29P) AppleWebKit/537.36 (KHTML, like Gecko) Chrome/153.0.8010.36 Mobile Safari/537.36 (compatible; Googlebot/2.1; +http://www.google.com/bot.html)"
40.77.167.46 - - [12/Sep/2026:15:46:25 +0300] "GET /?sale/search/detail/?ITMCODE=52002620091 HTTP/2.0" 200 205385 "-" "Mozilla/5.0 AppleWebKit/537.36 (KHTML, like Gecko; compatible; bingbot/2.0; +http://www.bing.com/bingbot.htm) Chrome/116.0.1938.76 Safari/537.36"
66.249.79.2 - - [12/Sep/2026:15:46:25 +0300] "GET /index.php/zinynas-keliaujantiems?sale/search/detail/?ITMCODE=51981776615 HTTP/1.1" 200 213818 "-" "Mozilla/5.0 (Linux; Android 6.0.1; Nexus 5X Build/MMB29P) AppleWebKit/537.36 (KHTML, like Gecko) Chrome/153.0.8010.36 Mobile Safari/537.36 (compatible; Googlebot/2.1; +http://www.google.com/bot.html)"
66.249.79.1 - - [12/Sep/2026:15:46:27 +0300] "GET /index.php/zinynas-keliaujantiems?sale/search/detail/?ITMCODE=52002840716 HTTP/1.1" 200 210129 "-" "Mozilla/5.0 (Linux; Android 6.0.1; Nexus 5X Build/MMB29P) AppleWebKit/537.36 (KHTML, like Gecko) Chrome/153.0.8010.36 Mobile Safari/537.36 (compatible; Googlebot/2.1; +http://www.google.com/bot.html)"
52.167.144.147 - - [12/Sep/2026:15:46:31 +0300] "GET /?sale/search/detail/?ITMCODE=51956386784 HTTP/2.0" 200 204603 "-" "Mozilla/5.0 AppleWebKit/537.36 (KHTML, like Gecko; compatible; bingbot/2.0; +http://www.bing.com/bingbot.htm) Chrome/116.0.1938.76 Safari/537.36"
52.167.144.147 - - [12/Sep/2026:15:46:32 +0300] "GET /?sale/search/detail/?ITMCODE=52002643392 HTTP/2.0" 200 193563 "-" "Mozilla/5.0 AppleWebKit/537.36 (KHTML, like Gecko; compatible; bingbot/2.0; +http://www.bing.com/bingbot.htm) Chrome/116.0.1938.76 Safari/537.36"
52.167.144.147 - - [12/Sep/2026:15:46:33 +0300] "GET /?sale/search/detail/?ITMCODE=52005754613 HTTP/2.0" 200 193487 "-" "Mozilla/5.0 AppleWebKit/537.36 (KHTML, like Gecko; compatible; bingbot/2.0; +http://www.bing.com/bingbot.htm) Chrome/116.0.1938.76 Safari/537.36"
52.167.144.147 - - [12/Sep/2026:15:46:33 +0300] "GET /?sale/search/detail/?ITMCODE=51998437044 HTTP/2.0" 200 199937 "-" "Mozilla/5.0 AppleWebKit/537.36 (KHTML, like Gecko; compatible; bingbot/2.0; +http://www.bing.com/bingbot.htm) Chrome/116.0.1938.76 Safari/537.36"
40.77.167.46 - - [12/Sep/2026:15:46:32 +0300] "GET /?sale/search/detail/?ITMCODE=51953030957 HTTP/2.0" 200 216416 "-" "Mozilla/5.0 AppleWebKit/537.36 (KHTML, like Gecko; compatible; bingbot/2.0; +http://www.bing.com/bingbot.htm) Chrome/116.0.1938.76 Safari/537.36"
52.167.144.147 - - [12/Sep/2026:15:46:34 +0300] "GET /?sale/search/detail/?ITMCODE=52008760906 HTTP/2.0" 200 204153 "-" "Mozilla/5.0 AppleWebKit/537.36 (KHTML, like Gecko; compatible; bingbot/2.0; +http://www.bing.com/bingbot.htm) Chrome/116.0.1938.76 Safari/537.36"
52.167.144.147 - - [12/Sep/2026:15:46:35 +0300] "GET /?sale/search/detail/?ITMCODE=519944491225 HTTP/2.0" 200 197044 "-" "Mozilla/5.0 AppleWebKit/537.36 (KHTML, like Gecko; compatible; bingbot/2.0; +http://www.bing.com/bingbot.htm) Chrome/116.0.1938.76 Safari/537.36"
185.191.171.6 - - [12/Sep/2026:15:46:41 +0300] "GET /?sale%2Fsearch%2Fdetail%2F%3FITMCODE=51966956953 HTTP/1.1" 200 31562 "-" "Mozilla/5.0 (compatible; SemrushBot/7~bl; +http://www.semrush.com/bot.html)"
52.167.144.213 - - [12/Sep/2026:15:46:41 +0300] "GET /?sale/search/detail/?ITMCODE=51992196685 HTTP/2.0" 200 208576 "-" "Mozilla/5.0 AppleWebKit/537.36 (KHTML, like Gecko; compatible; bingbot/2.0; +http://www.bing.com/bingbot.htm) Chrome/116.0.1938.76 Safari/537.36"
52.167.144.213 - - [12/Sep/2026:15:46:42 +0300] "GET /?sale/search/detail/?ITMCODE=519654716869 HTTP/2.0" 200 205421 "-" "Mozilla/5.0 AppleWebKit/537.36 (KHTML, like Gecko; compatible; bingbot/2.0; +http://www.bing.com/bingbot.htm) Chrome/116.0.1938.76 Safari/537.36"
52.167.144.213 - - [12/Sep/2026:15:46:43 +0300] "GET /?sale/search/detail/?ITMCODE=519657546089 HTTP/2.0" 200 207322 "-" "Mozilla/5.0 AppleWebKit/537.36 (KHTML, like Gecko; compatible; bingbot/2.0; +http://www.bing.com/bingbot.htm) Chrome/116.0.1938.76 Safari/537.36"
52.167.144.213 - - [12/Sep/2026:15:46:43 +0300] "GET /?sale/search/detail/?ITMCODE=5196780981 HTTP/2.0" 200 205735 "-" "Mozilla/5.0 AppleWebKit/537.36 (KHTML, like Gecko; compatible; bingbot/2.0; +http://www.bing.com/bingbot.htm) Chrome/116.0.1938.76 Safari/537.36"
52.167.144.213 - - [12/Sep/2026:15:46:44 +0300] "GET /?sale/search/detail/?ITMCODE=519743425970 HTTP/2.0" 200 203957 "-" "Mozilla/5.0 AppleWebKit/537.36 (KHTML, like Gecko; compatible; bingbot/2.0; +http://www.bing.com/bingbot.htm) Chrome/116.0.1938.76 Safari/537.36"
66.249.79.1 - - [12/Sep/2026:15:46:44 +0300] "GET /index.php/zinynas-keliaujantiems?sale/search/detail/?ITMCODE=51971317564 HTTP/1.1" 200 205563 "-" "Mozilla/5.0 (Linux; Android 6.0.1; Nexus 5X Build/MMB29P) AppleWebKit/537.36 (KHTML, like Gecko) Chrome/153.0.8010.36 Mobile Safari/537.36 (compatible; Googlebot/2.1; +http://www.google.com/bot.html)"
185.191.171.15 - - [12/Sep/2026:15:46:44 +0300] "GET /?sale%2Fsearch%2Fdetail%2F%3FITMCODE=519791305033 HTTP/1.1" 200 31563 "-" "Mozilla/5.0 (compatible; SemrushBot/7~bl; +http://www.semrush.com/bot.html)"
52.167.144.213 - - [12/Sep/2026:15:46:44 +0300] "GET /?sale/search/detail/?ITMCODE=520023703946 HTTP/2.0" 200 219274 "-" "Mozilla/5.0 AppleWebKit/537.36 (KHTML, like Gecko; compatible; bingbot/2.0; +http://www.bing.com/bingbot.htm) Chrome/116.0.1938.76 Safari/537.36"
52.167.144.213 - - [12/Sep/2026:15:46:45 +0300] "GET /?sale/search/detail/?ITMCODE=51987722055 HTTP/2.0" 200 234408 "-" "Mozilla/5.0 AppleWebKit/537.36 (KHTML, like Gecko; compatible; bingbot/2.0; +http://www.bing.com/bingbot.htm) Chrome/116.0.1938.76 Safari/537.36"
52.167.144.213 - - [12/Sep/2026:15:46:46 +0300] "GET /?sale/search/detail/?ITMCODE=52002684942 HTTP/2.0" 200 200552 "-" "Mozilla/5.0 AppleWebKit/537.36 (KHTML, like Gecko; compatible; bingbot/2.0; +http://www.bing.com/bingbot.htm) Chrome/116.0.1938.76 Safari/537.36"
185.191.171.6 - - [12/Sep/2026:15:46:46 +0300] "GET /?sale%2Fsearch%2Fdetail%2F%3FITMCODE=519633970240 HTTP/1.1" 200 31563 "-" "Mozilla/5.0 (compatible; SemrushBot/7~bl; +http://www.semrush.com/bot.html)"
52.167.144.213 - - [12/Sep/2026:15:46:46 +0300] "GET /sale/search/detail/?ITMCODE=5195264287 HTTP/2.0" 200 231172 "-" "Mozilla/5.0 AppleWebKit/537.36 (KHTML, like Gecko; compatible; bingbot/2.0; +http://www.bing.com/bingbot.htm) Chrome/116.0.1938.76 Safari/537.36"
52.167.144.213 - - [12/Sep/2026:15:46:47 +0300] "GET /?sale/search/detail/?ITMCODE=51992480988 HTTP/2.0" 200 201582 "-" "Mozilla/5.0 AppleWebKit/537.36 (KHTML, like Gecko; compatible; bingbot/2.0; +http://www.bing.com/bingbot.htm) Chrome/116.0.1938.76 Safari/537.36"
52.167.144.213 - - [12/Sep/2026:15:46:47 +0300] "GET /?sale/search/detail/?ITMCODE=51992025771 HTTP/2.0" 200 214863 "-" "Mozilla/5.0 AppleWebKit/537.36 (KHTML, like Gecko; compatible; bingbot/2.0; +http://www.bing.com/bingbot.htm) Chrome/116.0.1938.76 Safari/537.36"
185.191.171.13 - - [12/Sep/2026:15:46:48 +0300] "GET /?sale%2Fsearch%2Fdetail%2F%3FITMCODE=51977130405 HTTP/1.1" 200 31562 "-" "Mozilla/5.0 (compatible; SemrushBot/7~bl; +http://www.semrush.com/bot.html)"
52.167.144.213 - - [12/Sep/2026:15:46:48 +0300] "GET /?sale/search/detail/?ITMCODE=51992307935 HTTP/2.0" 200 209225 "-" "Mozilla/5.0 AppleWebKit/537.36 (KHTML, like Gecko; compatible; bingbot/2.0; +http://www.bing.com/bingbot.htm) Chrome/116.0.1938.76 Safari/537.36"
52.167.144.213 - - [12/Sep/2026:15:46:49 +0300] "GET /?sale/search/detail/?ITMCODE=5196993614 HTTP/2.0" 200 202268 "-" "Mozilla/5.0 AppleWebKit/537.36 (KHTML, like Gecko; compatible; bingbot/2.0; +http://www.bing.com/bingbot.htm) Chrome/116.0.1938.76 Safari/537.36"
52.167.144.213 - - [12/Sep/2026:15:46:49 +0300] "GET /?sale/search/detail/?ITMCODE=51971273331 HTTP/2.0" 200 208101 "-" "Mozilla/5.0 AppleWebKit/537.36 (KHTML, like Gecko; compatible; bingbot/2.0; +http://www.bing.com/bingbot.htm) Chrome/116.0.1938.76 Safari/537.36"
52.167.144.213 - - [12/Sep/2026:15:46:50 +0300] "GET /?sale/search/detail/?ITMCODE=51981693346 HTTP/2.0" 200 210707 "-" "Mozilla/5.0 AppleWebKit/537.36 (KHTML, like Gecko; compatible; bingbot/2.0; +http://www.bing.com/bingbot.htm) Chrome/116.0.1938.76 Safari/537.36"
52.167.144.213 - - [12/Sep/2026:15:46:51 +0300] "GET /?sale/search/detail/?ITMCODE=51977474291 HTTP/2.0" 200 227708 "-" "Mozilla/5.0 AppleWebKit/537.36 (KHTML, like Gecko; compatible; bingbot/2.0; +http://www.bing.com/bingbot.htm) Chrome/116.0.1938.76 Safari/537.36"
40.77.167.46 - - [12/Sep/2026:15:46:51 +0300] "GET /sale/search/detail/?ITMCODE=51981761257 HTTP/2.0" 200 208234 "-" "Mozilla/5.0 AppleWebKit/537.36 (KHTML, like Gecko; compatible; bingbot/2.0; +http://www.bing.com/bingbot.htm) Chrome/116.0.1938.76 Safari/537.36"
52.167.144.213 - - [12/Sep/2026:15:46:52 +0300] "GET /?sale/search/detail/?ITMCODE=51971354772 HTTP/2.0" 200 204082 "-" "Mozilla/5.0 AppleWebKit/537.36 (KHTML, like Gecko; compatible; bingbot/2.0; +http://www.bing.com/bingbot.htm) Chrome/116.0.1938.76 Safari/537.36"
52.167.144.213 - - [12/Sep/2026:15:46:53 +0300] "GET /?sale/search/detail/?ITMCODE=51981936628 HTTP/2.0" 200 206474 "-" "Mozilla/5.0 AppleWebKit/537.36 (KHTML, like Gecko; compatible; bingbot/2.0; +http://www.bing.com/bingbot.htm) Chrome/116.0.1938.76 Safari/537.36"
52.167.144.213 - - [12/Sep/2026:15:46:53 +0300] "GET /sale/search/detail/?ITMCODE=519528193 HTTP/2.0" 200 207484 "-" "Mozilla/5.0 AppleWebKit/537.36 (KHTML, like Gecko; compatible; bingbot/2.0; +http://www.bing.com/bingbot.htm) Chrome/116.0.1938.76 Safari/537.36"
185.191.171.14 - - [12/Sep/2026:15:46:55 +0300] "GET /?sale%2Fsearch%2Fdetail%2F%3FITMCODE=520020712398 HTTP/1.1" 200 31563 "-" "Mozilla/5.0 (compatible; SemrushBot/7~bl; +http://www.semrush.com/bot.html)"
114.119.135.63 - - [12/Sep/2026:15:46:59 +0300] "GET /?sale/search/detail/%3FITMCODE=51987926576 HTTP/1.1" 200 31590 "https://www.keliauk-uk.lt/?sitemap-items.xml" "Mozilla/5.0 (Linux; Android 7.0;) AppleWebKit/537.36 (HTML, like Gecko) Mobile Safari/537.36 (compatible; PetalBot;+https://webmaster.petalsearch.com/site/petalbot)"
185.191.171.14 - - [12/Sep/2026:15:47:00 +0300] "GET /?sale%2Fsearch%2Fdetail%2F%3FITMCODE=519995251014 HTTP/1.1" 200 31563 "-" "Mozilla/5.0 (compatible; SemrushBot/7~bl; +http://www.semrush.com/bot.html)"
52.167.144.147 - - [12/Sep/2026:15:47:01 +0300] "GET /?sale/search/detail/?ITMCODE=519843882701 HTTP/2.0" 200 200788 "-" "Mozilla/5.0 AppleWebKit/537.36 (KHTML, like Gecko; compatible; bingbot/2.0; +http://www.bing.com/bingbot.htm) Chrome/116.0.1938.76 Safari/537.36"
52.167.144.66 - - [12/Sep/2026:15:47:13 +0300] "GET /robots.txt HTTP/2.0" 200 159 "-" "Mozilla/5.0 AppleWebKit/537.36 (KHTML, like Gecko; compatible; bingbot/2.0; +http://www.bing.com/bingbot.htm) Chrome/116.0.1938.76 Safari/537.36"
185.191.171.11 - - [12/Sep/2026:15:47:16 +0300] "GET /?sale%2Fsearch%2Fdetail%2F%3FITMCODE=519770257947 HTTP/1.1" 200 31563 "-" "Mozilla/5.0 (compatible; SemrushBot/7~bl; +http://www.semrush.com/bot.html)"
57.141.20.62 - - [12/Sep/2026:15:47:26 +0300] "GET /index.php/component/search/?sale/search/detail/?ITMCODE=519713140338&id=1&Itemid=437&format=opensearch HTTP/2.0" 200 585 "-" "Mozilla/5.0 (Windows NT 10.0; Win64; x64) AppleWebKit/537.36 (KHTML, like Gecko) Chrome/145.0.0.0 Safari/537.36 (compatible; meta-externalagent/1.1 (+https://developers.facebook.com/docs/sharing/webmasters/crawler))"
52.167.144.147 - - [12/Sep/2026:15:47:28 +0300] "GET /?sale/search/detail/?ITMCODE=519515430713 HTTP/2.0" 200 194155 "-" "Mozilla/5.0 AppleWebKit/537.36 (KHTML, like Gecko; compatible; bingbot/2.0; +http://www.bing.com/bingbot.htm) Chrome/116.0.1938.76 Safari/537.36"
40.77.167.46 - - [12/Sep/2026:15:47:34 +0300] "GET /shop/pg/51971274127 HTTP/2.0" 200 216909 "-" "Mozilla/5.0 AppleWebKit/537.36 (KHTML, like Gecko; compatible; bingbot/2.0; +http://www.bing.com/bingbot.htm) Chrome/116.0.1938.76 Safari/537.36"
40.77.167.46 - - [12/Sep/2026:15:47:34 +0300] "GET /?sale/search/detail/?ITMCODE=51992323093 HTTP/2.0" 200 202119 "-" "Mozilla/5.0 AppleWebKit/537.36 (KHTML, like Gecko; compatible; bingbot/2.0; +http://www.bing.com/bingbot.htm) Chrome/116.0.1938.76 Safari/537.36"
66.249.79.3 - - [12/Sep/2026:15:47:38 +0300] "GET /index.php/zinynas-keliaujantiems?sale/search/detail/?ITMCODE=51971339008 HTTP/1.1" 200 208206 "-" "Mozilla/5.0 (Linux; Android 6.0.1; Nexus 5X Build/MMB29P) AppleWebKit/537.36 (KHTML, like Gecko) Chrome/153.0.8010.36 Mobile Safari/537.36 (compatible; Googlebot/2.1; +http://www.google.com/bot.html)"
185.191.171.5 - - [12/Sep/2026:15:47:42 +0300] "GET /?sale%2Fsearch%2Fdetail%2F%3FITMCODE=51969964952 HTTP/1.1" 200 31562 "-" "Mozilla/5.0 (compatible; SemrushBot/7~bl; +http://www.semrush.com/bot.html)"
52.167.144.213 - - [12/Sep/2026:15:47:42 +0300] "GET /?sale/search/detail/?ITMCODE=51992214040 HTTP/2.0" 200 217782 "-" "Mozilla/5.0 AppleWebKit/537.36 (KHTML, like Gecko; compatible; bingbot/2.0; +http://www.bing.com/bingbot.htm) Chrome/116.0.1938.76 Safari/537.36"
66.249.79.2 - - [12/Sep/2026:15:47:53 +0300] "GET /index.php/zinynas-keliaujantiems?sale/search/detail/?ITMCODE=51981893132 HTTP/1.1" 200 225617 "-" "Mozilla/5.0 (Linux; Android 6.0.1; Nexus 5X Build/MMB29P) AppleWebKit/537.36 (KHTML, like Gecko) Chrome/153.0.8010.36 Mobile Safari/537.36 (compatible; Googlebot/2.1; +http://www.google.com/bot.html)"
207.46.13.130 - - [12/Sep/2026:15:47:55 +0300] "GET /?sale/search/detail/?ITMCODE=519612645199 HTTP/2.0" 200 195364 "-" "Mozilla/5.0 AppleWebKit/537.36 (KHTML, like Gecko; compatible; bingbot/2.0; +http://www.bing.com/bingbot.htm) Chrome/116.0.1938.76 Safari/537.36"
207.46.13.130 - - [12/Sep/2026:15:47:56 +0300] "GET /?sale/search/detail/?ITMCODE=51974402372 HTTP/2.0" 200 204075 "-" "Mozilla/5.0 AppleWebKit/537.36 (KHTML, like Gecko; compatible; bingbot/2.0; +http://www.bing.com/bingbot.htm) Chrome/116.0.1938.76 Safari/537.36"
207.46.13.130 - - [12/Sep/2026:15:47:57 +0300] "GET /?sale/search/detail/?ITMCODE=519710039060 HTTP/2.0" 200 194783 "-" "Mozilla/5.0 AppleWebKit/537.36 (KHTML, like Gecko; compatible; bingbot/2.0; +http://www.bing.com/bingbot.htm) Chrome/116.0.1938.76 Safari/537.36"
207.46.13.130 - - [12/Sep/2026:15:47:58 +0300] "GET /?sale/search/detail/?ITMCODE=519971456635 HTTP/2.0" 200 202200 "-" "Mozilla/5.0 AppleWebKit/537.36 (KHTML, like Gecko; compatible; bingbot/2.0; +http://www.bing.com/bingbot.htm) Chrome/116.0.1938.76 Safari/537.36"
207.46.13.130 - - [12/Sep/2026:15:47:59 +0300] "GET /?sale/search/detail/?ITMCODE=519938403521 HTTP/2.0" 200 195800 "-" "Mozilla/5.0 AppleWebKit/537.36 (KHTML, like Gecko; compatible; bingbot/2.0; +http://www.bing.com/bingbot.htm) Chrome/116.0.1938.76 Safari/537.36"
52.167.144.147 - - [12/Sep/2026:15:47:59 +0300] "GET /?sale/search/detail/?ITMCODE=519684919084 HTTP/2.0" 200 196461 "-" "Mozilla/5.0 AppleWebKit/537.36 (KHTML, like Gecko; compatible; bingbot/2.0; +http://www.bing.com/bingbot.htm) Chrome/116.0.1938.76 Safari/537.36"
52.167.144.147 - - [12/Sep/2026:15:48:00 +0300] "GET /?sale/search/detail/?ITMCODE=51984673539 HTTP/2.0" 200 192740 "-" "Mozilla/5.0 AppleWebKit/537.36 (KHTML, like Gecko; compatible; bingbot/2.0; +http://www.bing.com/bingbot.htm) Chrome/116.0.1938.76 Safari/537.36"
52.167.144.147 - - [12/Sep/2026:15:48:01 +0300] "GET /?sale/search/detail/?ITMCODE=51998430838 HTTP/2.0" 200 194227 "-" "Mozilla/5.0 AppleWebKit/537.36 (KHTML, like Gecko; compatible; bingbot/2.0; +http://www.bing.com/bingbot.htm) Chrome/116.0.1938.76 Safari/537.36"
207.46.13.130 - - [12/Sep/2026:15:48:05 +0300] "GET /?sale/search/detail/?ITMCODE=519539383892 HTTP/2.0" 200 194166 "-" "Mozilla/5.0 AppleWebKit/537.36 (KHTML, like Gecko; compatible; bingbot/2.0; +http://www.bing.com/bingbot.htm) Chrome/116.0.1938.76 Safari/537.36"
207.46.13.130 - - [12/Sep/2026:15:48:07 +0300] "GET /?sale/search/detail/?ITMCODE=519825928092 HTTP/2.0" 200 201468 "-" "Mozilla/5.0 AppleWebKit/537.36 (KHTML, like Gecko; compatible; bingbot/2.0; +http://www.bing.com/bingbot.htm) Chrome/116.0.1938.76 Safari/537.36"
207.46.13.130 - - [12/Sep/2026:15:48:08 +0300] "GET /?sale/search/detail/?ITMCODE=52002826084 HTTP/2.0" 200 197994 "-" "Mozilla/5.0 AppleWebKit/537.36 (KHTML, like Gecko; compatible; bingbot/2.0; +http://www.bing.com/bingbot.htm) Chrome/116.0.1938.76 Safari/537.36"
185.191.171.11 - - [12/Sep/2026:15:48:09 +0300] "GET /?sale%2Fsearch%2Fdetail%2F%3FITMCODE=51977075553 HTTP/1.1" 200 31562 "-" "Mozilla/5.0 (compatible; SemrushBot/7~bl; +http://www.semrush.com/bot.html)"
52.167.144.147 - - [12/Sep/2026:15:48:08 +0300] "GET /?sale/search/detail/?ITMCODE=51963593422 HTTP/2.0" 200 205833 "-" "Mozilla/5.0 AppleWebKit/537.36 (KHTML, like Gecko; compatible; bingbot/2.0; +http://www.bing.com/bingbot.htm) Chrome/116.0.1938.76 Safari/537.36"
207.46.13.130 - - [12/Sep/2026:15:48:09 +0300] "GET /?sale/search/detail/?ITMCODE=520032802040 HTTP/2.0" 200 197539 "-" "Mozilla/5.0 AppleWebKit/537.36 (KHTML, like Gecko; compatible; bingbot/2.0; +http://www.bing.com/bingbot.htm) Chrome/116.0.1938.76 Safari/537.36"
52.167.144.147 - - [12/Sep/2026:15:48:09 +0300] "GET /?sale/search/detail/?ITMCODE=520026527760 HTTP/2.0" 200 205773 "-" "Mozilla/5.0 AppleWebKit/537.36 (KHTML, like Gecko; compatible; bingbot/2.0; +http://www.bing.com/bingbot.htm) Chrome/116.0.1938.76 Safari/537.36"
57.141.20.44 - - [12/Sep/2026:15:48:10 +0300] "GET /index.php/component/search/?sale/search/detail/?ITMCODE=5196984408& HTTP/2.0" 200 19805 "-" "Mozilla/5.0 (Windows NT 10.0; Win64; x64) AppleWebKit/537.36 (KHTML, like Gecko) Chrome/145.0.0.0 Safari/537.36 (compatible; meta-externalagent/1.1 (+https://developers.facebook.com/docs/sharing/webmasters/crawler))"
57.141.20.32 - - [12/Sep/2026:15:48:11 +0300] "GET /presets/.css HTTP/2.0" 404 1461 "https://keliauk-uk.lt.testams.vhost.lt/index.php/component/search/?sale/search/detail/?ITMCODE=5196984408&" "Mozilla/5.0 (Windows NT 10.0; Win64; x64) AppleWebKit/537.36 (KHTML, like Gecko) Chrome/145.0.0.0 Safari/537.36 (compatible; meta-externalagent/1.1 (+https://developers.facebook.com/docs/sharing/webmasters/crawler))"
40.77.167.46 - - [12/Sep/2026:15:48:13 +0300] "GET /shop/pg/51992081673 HTTP/2.0" 200 210862 "-" "Mozilla/5.0 AppleWebKit/537.36 (KHTML, like Gecko; compatible; bingbot/2.0; +http://www.bing.com/bingbot.htm) Chrome/116.0.1938.76 Safari/537.36"
207.46.13.130 - - [12/Sep/2026:15:48:16 +0300] "GET /?sale/search/detail/?ITMCODE=51971144675 HTTP/2.0" 200 193245 "-" "Mozilla/5.0 AppleWebKit/537.36 (KHTML, like Gecko; compatible; bingbot/2.0; +http://www.bing.com/bingbot.htm) Chrome/116.0.1938.76 Safari/537.36"
207.46.13.130 - - [12/Sep/2026:15:48:18 +0300] "GET /?sale/search/detail/?ITMCODE=51969993176 HTTP/2.0" 200 215539 "-" "Mozilla/5.0 AppleWebKit/537.36 (KHTML, like Gecko; compatible; bingbot/2.0; +http://www.bing.com/bingbot.htm) Chrome/116.0.1938.76 Safari/537.36"
52.167.144.147 - - [12/Sep/2026:15:48:19 +0300] "GET /?sale/search/detail/?ITMCODE=51981714183 HTTP/2.0" 200 196348 "-" "Mozilla/5.0 AppleWebKit/537.36 (KHTML, like Gecko; compatible; bingbot/2.0; +http://www.bing.com/bingbot.htm) Chrome/116.0.1938.76 Safari/537.36"
114.119.154.166 - - [12/Sep/2026:15:48:23 +0300] "GET /?sale/search/detail/%3FITMCODE=51987923115 HTTP/1.1" 200 31590 "https://www.keliauk-uk.lt/?sitemap-shopdetail.xml" "Mozilla/5.0 (Linux; Android 7.0;) AppleWebKit/537.36 (HTML, like Gecko) Mobile Safari/537.36 (compatible; PetalBot;+https://webmaster.petalsearch.com/site/petalbot)"
185.191.171.15 - - [12/Sep/2026:15:48:40 +0300] "GET /?sale%2Fsearch%2Fdetail%2F%3FITMCODE=51992014751 HTTP/1.1" 200 31562 "-" "Mozilla/5.0 (compatible; SemrushBot/7~bl; +http://www.semrush.com/bot.html)"
52.167.144.213 - - [12/Sep/2026:15:48:49 +0300] "GET /?sale/search/detail/?ITMCODE=51969653274 HTTP/2.0" 200 218519 "-" "Mozilla/5.0 AppleWebKit/537.36 (KHTML, like Gecko; compatible; bingbot/2.0; +http://www.bing.com/bingbot.htm) Chrome/116.0.1938.76 Safari/537.36"
52.167.144.213 - - [12/Sep/2026:15:48:51 +0300] "GET /?sale/search/detail/?ITMCODE=519929127100 HTTP/2.0" 200 208545 "-" "Mozilla/5.0 AppleWebKit/537.36 (KHTML, like Gecko; compatible; bingbot/2.0; +http://www.bing.com/bingbot.htm) Chrome/116.0.1938.76 Safari/537.36"
85.208.96.204 - - [12/Sep/2026:15:48:53 +0300] "GET /?sale%2Fsearch%2Fdetail%2F%3FITMCODE=519593073299 HTTP/1.1" 200 31563 "-" "Mozilla/5.0 (compatible; SemrushBot/7~bl; +http://www.semrush.com/bot.html)"
40.77.167.46 - - [12/Sep/2026:15:48:57 +0300] "GET /?sale/search/detail/?ITMCODE=5196819130 HTTP/2.0" 200 211044 "-" "Mozilla/5.0 AppleWebKit/537.36 (KHTML, like Gecko; compatible; bingbot/2.0; +http://www.bing.com/bingbot.htm) Chrome/116.0.1938.76 Safari/537.36"
185.191.171.1 - - [12/Sep/2026:15:49:06 +0300] "GET /?sale%2Fsearch%2Fdetail%2F%3FITMCODE=519770337042 HTTP/1.1" 200 31563 "-" "Mozilla/5.0 (compatible; SemrushBot/7~bl; +http://www.semrush.com/bot.html)"
52.167.144.213 - - [12/Sep/2026:15:49:06 +0300] "GET /?sale/search/detail/?ITMCODE=52002749692 HTTP/2.0" 200 206141 "-" "Mozilla/5.0 AppleWebKit/537.36 (KHTML, like Gecko; compatible; bingbot/2.0; +http://www.bing.com/bingbot.htm) Chrome/116.0.1938.76 Safari/537.36"
52.167.144.213 - - [12/Sep/2026:15:49:08 +0300] "GET /?sale/search/detail/?ITMCODE=52002541444 HTTP/2.0" 200 218881 "-" "Mozilla/5.0 AppleWebKit/537.36 (KHTML, like Gecko; compatible; bingbot/2.0; +http://www.bing.com/bingbot.htm) Chrome/116.0.1938.76 Safari/537.36"
52.167.144.213 - - [12/Sep/2026:15:49:09 +0300] "GET /?sale/search/detail/?ITMCODE=51992211159 HTTP/2.0" 200 204649 "-" "Mozilla/5.0 AppleWebKit/537.36 (KHTML, like Gecko; compatible; bingbot/2.0; +http://www.bing.com/bingbot.htm) Chrome/116.0.1938.76 Safari/537.36"
40.77.167.46 - - [12/Sep/2026:15:49:10 +0300] "GET /?sale/search/detail/?ITMCODE=5196674546 HTTP/2.0" 200 200063 "-" "Mozilla/5.0 AppleWebKit/537.36 (KHTML, like Gecko; compatible; bingbot/2.0; +http://www.bing.com/bingbot.htm) Chrome/116.0.1938.76 Safari/537.36"
40.77.167.46 - - [12/Sep/2026:15:49:11 +0300] "GET /?sale/search/detail/?ITMCODE=51992019668 HTTP/2.0" 200 225977 "-" "Mozilla/5.0 AppleWebKit/537.36 (KHTML, like Gecko; compatible; bingbot/2.0; +http://www.bing.com/bingbot.htm) Chrome/116.0.1938.76 Safari/537.36"
40.77.167.46 - - [12/Sep/2026:15:49:11 +0300] "GET /?sale/search/detail/?ITMCODE=5195311564 HTTP/2.0" 200 203914 "-" "Mozilla/5.0 AppleWebKit/537.36 (KHTML, like Gecko; compatible; bingbot/2.0; +http://www.bing.com/bingbot.htm) Chrome/116.0.1938.76 Safari/537.36"
40.77.167.46 - - [12/Sep/2026:15:49:12 +0300] "GET /?sale/search/detail/?ITMCODE=51981975710 HTTP/2.0" 200 212805 "-" "Mozilla/5.0 AppleWebKit/537.36 (KHTML, like Gecko; compatible; bingbot/2.0; +http://www.bing.com/bingbot.htm) Chrome/116.0.1938.76 Safari/537.36"
40.77.167.46 - - [12/Sep/2026:15:49:13 +0300] "GET /?sale/search/detail/?ITMCODE=52008899448 HTTP/2.0" 200 217826 "-" "Mozilla/5.0 AppleWebKit/537.36 (KHTML, like Gecko; compatible; bingbot/2.0; +http://www.bing.com/bingbot.htm) Chrome/116.0.1938.76 Safari/537.36"
66.249.79.3 - - [12/Sep/2026:15:49:27 +0300] "GET /index.php/zinynas-keliaujantiems?sale/search/detail/?ITMCODE=51981840407 HTTP/1.1" 200 206792 "-" "Mozilla/5.0 (Linux; Android 6.0.1; Nexus 5X Build/MMB29P) AppleWebKit/537.36 (KHTML, like Gecko) Chrome/153.0.8010.36 Mobile Safari/537.36 (compatible; Googlebot/2.1; +http://www.google.com/bot.html)"
185.191.171.14 - - [12/Sep/2026:15:49:28 +0300] "GET /?sale%2Fsearch%2Fdetail%2F%3FITMCODE=519752018037 HTTP/1.1" 200 31563 "-" "Mozilla/5.0 (compatible; SemrushBot/7~bl; +http://www.semrush.com/bot.html)"
66.249.79.1 - - [12/Sep/2026:15:49:28 +0300] "GET /?sale/search/detail/?ITMCODE=52002739057 HTTP/1.1" 200 197563 "-" "Mozilla/5.0 (Linux; Android 6.0.1; Nexus 5X Build/MMB29P) AppleWebKit/537.36 (KHTML, like Gecko) Chrome/153.0.8010.36 Mobile Safari/537.36 (compatible; Googlebot/2.1; +http://www.google.com/bot.html)"
85.208.96.198 - - [12/Sep/2026:15:49:31 +0300] "GET /?sale%2Fsearch%2Fdetail%2F%3FITMCODE=519992092527 HTTP/1.1" 200 31563 "-" "Mozilla/5.0 (compatible; SemrushBot/7~bl; +http://www.semrush.com/bot.html)"
66.249.79.2 - - [12/Sep/2026:15:49:40 +0300] "GET /index.php/zinynas-keliaujantiems?sale/search/detail/?ITMCODE=51971025217 HTTP/1.1" 200 229351 "-" "Mozilla/5.0 (Linux; Android 6.0.1; Nexus 5X Build/MMB29P) AppleWebKit/537.36 (KHTML, like Gecko) Chrome/153.0.8010.36 Mobile Safari/537.36 (compatible; Googlebot/2.1; +http://www.google.com/bot.html)"
66.249.79.1 - - [12/Sep/2026:15:49:42 +0300] "GET /index.php/zinynas-keliaujantiems?sale/search/detail/?ITMCODE=51971486695 HTTP/1.1" 200 203057 "-" "Mozilla/5.0 (Linux; Android 6.0.1; Nexus 5X Build/MMB29P) AppleWebKit/537.36 (KHTML, like Gecko) Chrome/153.0.8010.36 Mobile Safari/537.36 (compatible; Googlebot/2.1; +http://www.google.com/bot.html)"
66.249.79.1 - - [12/Sep/2026:15:49:44 +0300] "GET /?sale/search/detail/?ITMCODE=5196644664 HTTP/1.1" 200 193184 "-" "Mozilla/5.0 (Linux; Android 6.0.1; Nexus 5X Build/MMB29P) AppleWebKit/537.36 (KHTML, like Gecko) Chrome/153.0.8010.36 Mobile Safari/537.36 (compatible; Googlebot/2.1; +http://www.google.com/bot.html)"
66.249.79.1 - - [12/Sep/2026:15:49:45 +0300] "GET /index.php/zinynas-keliaujantiems?sale/search/detail/?ITMCODE=51981840550 HTTP/1.1" 200 212161 "-" "Mozilla/5.0 (Linux; Android 6.0.1; Nexus 5X Build/MMB29P) AppleWebKit/537.36 (KHTML, like Gecko) Chrome/153.0.8010.36 Mobile Safari/537.36 (compatible; Googlebot/2.1; +http://www.google.com/bot.html)"
85.208.96.198 - - [12/Sep/2026:15:49:46 +0300] "GET /?sale%2Fsearch%2Fdetail%2F%3FITMCODE=519861674507 HTTP/1.1" 200 31563 "-" "Mozilla/5.0 (compatible; SemrushBot/7~bl; +http://www.semrush.com/bot.html)"
114.119.142.39 - - [12/Sep/2026:15:49:47 +0300] "GET /?sale/search/detail/%3FITMCODE=51987920815 HTTP/1.1" 200 31590 "https://www.keliauk-uk.lt/?sitemap-items.xml" "Mozilla/5.0 (Linux; Android 7.0;) AppleWebKit/537.36 (HTML, like Gecko) Mobile Safari/537.36 (compatible; PetalBot;+https://webmaster.petalsearch.com/site/petalbot)"
85.208.96.203 - - [12/Sep/2026:15:49:49 +0300] "GET /?sale%2Fsearch%2Fdetail%2F%3FITMCODE=519894549344 HTTP/1.1" 200 31563 "-" "Mozilla/5.0 (compatible; SemrushBot/7~bl; +http://www.semrush.com/bot.html)"
57.141.20.33 - - [12/Sep/2026:15:49:49 +0300] "GET /index.php/component/search/?sale/search/detail/?ITMCODE=519813545385&id=1&Itemid=437&format=opensearch HTTP/2.0" 200 585 "-" "Mozilla/5.0 (Windows NT 10.0; Win64; x64) AppleWebKit/537.36 (KHTML, like Gecko) Chrome/145.0.0.0 Safari/537.36 (compatible; meta-externalagent/1.1 (+https://developers.facebook.com/docs/sharing/webmasters/crawler))"
66.249.79.1 - - [12/Sep/2026:15:50:02 +0300] "GET /index.php/zinynas-keliaujantiems?sale/search/detail/?ITMCODE=51971397390 HTTP/1.1" 200 207177 "-" "Mozilla/5.0 (Linux; Android 6.0.1; Nexus 5X Build/MMB29P) AppleWebKit/537.36 (KHTML, like Gecko) Chrome/153.0.8010.36 Mobile Safari/537.36 (compatible; Googlebot/2.1; +http://www.google.com/bot.html)"
185.191.171.11 - - [12/Sep/2026:15:50:05 +0300] "GET /?sale%2Fsearch%2Fdetail%2F%3FITMCODE=51956293509 HTTP/1.1" 200 31562 "-" "Mozilla/5.0 (compatible; SemrushBot/7~bl; +http://www.semrush.com/bot.html)"
57.141.20.73 - - [12/Sep/2026:15:50:21 +0300] "GET /index.php/component/search/?sale/search/detail/?ITMCODE=51992323591& HTTP/2.0" 200 19728 "-" "Mozilla/5.0 (Windows NT 10.0; Win64; x64) AppleWebKit/537.36 (KHTML, like Gecko) Chrome/145.0.0.0 Safari/537.36 (compatible; meta-externalagent/1.1 (+https://developers.facebook.com/docs/sharing/webmasters/crawler))"
57.141.20.31 - - [12/Sep/2026:15:50:22 +0300] "GET /presets/.css HTTP/2.0" 404 1448 "https://www.keliauk-uk.lt/index.php/component/search/?sale/search/detail/?ITMCODE=51992323591&" "Mozilla/5.0 (Windows NT 10.0; Win64; x64) AppleWebKit/537.36 (KHTML, like Gecko) Chrome/145.0.0.0 Safari/537.36 (compatible; meta-externalagent/1.1 (+https://developers.facebook.com/docs/sharing/webmasters/crawler))"
40.77.167.46 - - [12/Sep/2026:15:50:33 +0300] "GET /?sale/search/detail/?ITMCODE=51992222146 HTTP/2.0" 200 209744 "-" "Mozilla/5.0 AppleWebKit/537.36 (KHTML, like Gecko; compatible; bingbot/2.0; +http://www.bing.com/bingbot.htm) Chrome/116.0.1938.76 Safari/537.36"
66.249.79.2 - - [12/Sep/2026:15:50:34 +0300] "GET /index.php/zinynas-keliaujantiems?sale/search/detail/?ITMCODE=52002621329 HTTP/1.1" 200 220612 "-" "Mozilla/5.0 (Linux; Android 6.0.1; Nexus 5X Build/MMB29P) AppleWebKit/537.36 (KHTML, like Gecko) Chrome/153.0.8010.36 Mobile Safari/537.36 (compatible; Googlebot/2.1; +http://www.google.com/bot.html)"
66.249.79.2 - - [12/Sep/2026:15:50:36 +0300] "GET /?sale/search/detail/?ITMCODE=5195195107 HTTP/1.1" 200 204429 "-" "Mozilla/5.0 (Linux; Android 6.0.1; Nexus 5X Build/MMB29P) AppleWebKit/537.36 (KHTML, like Gecko) Chrome/153.0.8010.36 Mobile Safari/537.36 (compatible; Googlebot/2.1; +http://www.google.com/bot.html)"
66.249.79.1 - - [12/Sep/2026:15:50:37 +0300] "GET /index.php/zinynas-keliaujantiems?sale/search/detail/?ITMCODE=51971054687 HTTP/1.1" 200 204499 "-" "Mozilla/5.0 (Linux; Android 6.0.1; Nexus 5X Build/MMB29P) AppleWebKit/537.36 (KHTML, like Gecko) Chrome/153.0.8010.36 Mobile Safari/537.36 (compatible; Googlebot/2.1; +http://www.google.com/bot.html)"
85.208.96.197 - - [12/Sep/2026:15:50:50 +0300] "GET /?sale%2Fsearch%2Fdetail%2F%3FITMCODE=519690706389 HTTP/1.1" 200 31563 "-" "Mozilla/5.0 (compatible; SemrushBot/7~bl; +http://www.semrush.com/bot.html)"
185.191.171.1 - - [12/Sep/2026:15:50:55 +0300] "GET /?sale%2Fsearch%2Fdetail%2F%3FITMCODE=519758277082 HTTP/1.1" 200 31563 "-" "Mozilla/5.0 (compatible; SemrushBot/7~bl; +http://www.semrush.com/bot.html)"
85.208.96.193 - - [12/Sep/2026:15:50:57 +0300] "GET /?sale%2Fsearch%2Fdetail%2F%3FITMCODE=51971217498 HTTP/1.1" 200 31562 "-" "Mozilla/5.0 (compatible; SemrushBot/7~bl; +http://www.semrush.com/bot.html)"
66.249.79.2 - - [12/Sep/2026:15:51:00 +0300] "GET /shop/pg/2009804 HTTP/1.1" 200 195384 "-" "Mozilla/5.0 (Linux; Android 6.0.1; Nexus 5X Build/MMB29P) AppleWebKit/537.36 (KHTML, like Gecko) Chrome/153.0.8010.36 Mobile Safari/537.36 (compatible; Googlebot/2.1; +http://www.google.com/bot.html)"
114.119.135.63 - - [12/Sep/2026:15:51:09 +0300] "GET /?sale/search/detail/%3FITMCODE=51987919951 HTTP/1.1" 200 31590 "https://www.keliauk-uk.lt/?sitemap-products.xml" "Mozilla/5.0 (Linux; Android 7.0;) AppleWebKit/537.36 (HTML, like Gecko) Mobile Safari/537.36 (compatible; PetalBot;+https://webmaster.petalsearch.com/site/petalbot)"
157.55.39.202 - - [12/Sep/2026:15:51:13 +0300] "GET /?sale/search/detail/?ITMCODE=519615646528 HTTP/2.0" 200 199507 "-" "Mozilla/5.0 AppleWebKit/537.36 (KHTML, like Gecko; compatible; bingbot/2.0; +http://www.bing.com/bingbot.htm) Chrome/116.0.1938.76 Safari/537.36"
85.208.96.212 - - [12/Sep/2026:15:51:15 +0300] "GET /?sale%2Fsearch%2Fdetail%2F%3FITMCODE=519710460237 HTTP/1.1" 200 31563 "-" "Mozilla/5.0 (compatible; SemrushBot/7~bl; +http://www.semrush.com/bot.html)"
85.208.96.211 - - [12/Sep/2026:15:51:17 +0300] "GET /?sale%2Fsearch%2Fdetail%2F%3FITMCODE=51969651737 HTTP/1.1" 200 31562 "-" "Mozilla/5.0 (compatible; SemrushBot/7~bl; +http://www.semrush.com/bot.html)"
85.208.96.205 - - [12/Sep/2026:15:51:19 +0300] "GET /?sale%2Fsearch%2Fdetail%2F%3FITMCODE=51992131385 HTTP/1.1" 200 31562 "-" "Mozilla/5.0 (compatible; SemrushBot/7~bl; +http://www.semrush.com/bot.html)"
207.46.13.87 - - [12/Sep/2026:15:51:30 +0300] "GET /?sale/search/detail/?ITMCODE=5196976581 HTTP/2.0" 200 206279 "-" "Mozilla/5.0 AppleWebKit/537.36 (KHTML, like Gecko; compatible; bingbot/2.0; +http://www.bing.com/bingbot.htm) Chrome/116.0.1938.76 Safari/537.36"
207.46.13.87 - - [12/Sep/2026:15:51:31 +0300] "GET /?sale/search/detail/?ITMCODE=51956483799 HTTP/2.0" 200 200259 "-" "Mozilla/5.0 AppleWebKit/537.36 (KHTML, like Gecko; compatible; bingbot/2.0; +http://www.bing.com/bingbot.htm) Chrome/116.0.1938.76 Safari/537.36"
207.46.13.87 - - [12/Sep/2026:15:51:32 +0300] "GET /?sale/search/detail/?ITMCODE=5196739126 HTTP/2.0" 200 202528 "-" "Mozilla/5.0 AppleWebKit/537.36 (KHTML, like Gecko; compatible; bingbot/2.0; +http://www.bing.com/bingbot.htm) Chrome/116.0.1938.76 Safari/537.36"
207.46.13.87 - - [12/Sep/2026:15:51:33 +0300] "GET /?sale/search/detail/?ITMCODE=51971467664 HTTP/2.0" 200 204063 "-" "Mozilla/5.0 AppleWebKit/537.36 (KHTML, like Gecko; compatible; bingbot/2.0; +http://www.bing.com/bingbot.htm) Chrome/116.0.1938.76 Safari/537.36"
66.249.79.2 - - [12/Sep/2026:15:51:33 +0300] "GET /index.php/zinynas-keliaujantiems?sale/search/detail/?ITMCODE=5196662488 HTTP/1.1" 200 203543 "-" "Mozilla/5.0 (Linux; Android 6.0.1; Nexus 5X Build/MMB29P) AppleWebKit/537.36 (KHTML, like Gecko) Chrome/153.0.8010.36 Mobile Safari/537.36 (compatible; Googlebot/2.1; +http://www.google.com/bot.html)"
207.46.13.87 - - [12/Sep/2026:15:51:33 +0300] "GET /?sale/search/detail/?ITMCODE=52002925706 HTTP/2.0" 200 204395 "-" "Mozilla/5.0 AppleWebKit/537.36 (KHTML, like Gecko; compatible; bingbot/2.0; +http://www.bing.com/bingbot.htm) Chrome/116.0.1938.76 Safari/537.36"
207.46.13.87 - - [12/Sep/2026:15:51:34 +0300] "GET /?sale/search/detail/?ITMCODE=51971136909 HTTP/2.0" 200 207008 "-" "Mozilla/5.0 AppleWebKit/537.36 (KHTML, like Gecko; compatible; bingbot/2.0; +http://www.bing.com/bingbot.htm) Chrome/116.0.1938.76 Safari/537.36"
207.46.13.87 - - [12/Sep/2026:15:51:35 +0300] "GET /?shop/c/c51961000970/ HTTP/2.0" 200 272215 "-" "Mozilla/5.0 AppleWebKit/537.36 (KHTML, like Gecko; compatible; bingbot/2.0; +http://www.bing.com/bingbot.htm) Chrome/116.0.1938.76 Safari/537.36"
207.46.13.87 - - [12/Sep/2026:15:51:36 +0300] "GET /?sale/search/detail/?ITMCODE=51971331260 HTTP/2.0" 200 205158 "-" "Mozilla/5.0 AppleWebKit/537.36 (KHTML, like Gecko; compatible; bingbot/2.0; +http://www.bing.com/bingbot.htm) Chrome/116.0.1938.76 Safari/537.36"
207.46.13.87 - - [12/Sep/2026:15:51:36 +0300] "GET /?sale/search/detail/?ITMCODE=51992110139 HTTP/2.0" 200 205300 "-" "Mozilla/5.0 AppleWebKit/537.36 (KHTML, like Gecko; compatible; bingbot/2.0; +http://www.bing.com/bingbot.htm) Chrome/116.0.1938.76 Safari/537.36"
207.46.13.87 - - [12/Sep/2026:15:51:37 +0300] "GET /?sale/search/detail/?ITMCODE=51992244596 HTTP/2.0" 200 238342 "-" "Mozilla/5.0 AppleWebKit/537.36 (KHTML, like Gecko; compatible; bingbot/2.0; +http://www.bing.com/bingbot.htm) Chrome/116.0.1938.76 Safari/537.36"
66.249.79.2 - - [12/Sep/2026:15:52:05 +0300] "GET /index.php/zinynas-keliaujantiems?sale/search/detail/?ITMCODE=5195141291 HTTP/1.1" 200 204296 "-" "Mozilla/5.0 (Linux; Android 6.0.1; Nexus 5X Build/MMB29P) AppleWebKit/537.36 (KHTML, like Gecko) Chrome/153.0.8010.36 Mobile Safari/537.36 (compatible; Googlebot/2.1; +http://www.google.com/bot.html)"
66.249.79.1 - - [12/Sep/2026:15:52:11 +0300] "GET /index.php/zinynas-keliaujantiems?sale/search/detail/?ITMCODE=519538570 HTTP/1.1" 200 201861 "-" "Mozilla/5.0 (Linux; Android 6.0.1; Nexus 5X Build/MMB29P) AppleWebKit/537.36 (KHTML, like Gecko) Chrome/153.0.8010.36 Mobile Safari/537.36 (compatible; Googlebot/2.1; +http://www.google.com/bot.html)"
40.77.167.10 - - [12/Sep/2026:15:52:14 +0300] "GET /shop/pg/51981592256 HTTP/2.0" 200 205479 "-" "Mozilla/5.0 AppleWebKit/537.36 (KHTML, like Gecko; compatible; bingbot/2.0; +http://www.bing.com/bingbot.htm) Chrome/116.0.1938.76 Safari/537.36"
40.77.167.10 - - [12/Sep/2026:15:52:15 +0300] "GET /?sale/search/detail/?ITMCODE=51971243016 HTTP/2.0" 200 202906 "-" "Mozilla/5.0 AppleWebKit/537.36 (KHTML, like Gecko; compatible; bingbot/2.0; +http://www.bing.com/bingbot.htm) Chrome/116.0.1938.76 Safari/537.36"
114.119.135.63 - - [12/Sep/2026:15:52:32 +0300] "GET /?sale/search/detail/%3FITMCODE=51987919410 HTTP/1.1" 200 31590 "https://www.keliauk-uk.lt/?sitemap-items.xml" "Mozilla/5.0 (Linux; Android 7.0;) AppleWebKit/537.36 (HTML, like Gecko) Mobile Safari/537.36 (compatible; PetalBot;+https://webmaster.petalsearch.com/site/petalbot)"
185.191.171.15 - - [12/Sep/2026:15:52:33 +0300] "GET /?sale%2Fsearch%2Fdetail%2F%3FITMCODE=520017582558 HTTP/1.1" 200 31563 "-" "Mozilla/5.0 (compatible; SemrushBot/7~bl; +http://www.semrush.com/bot.html)"
185.191.171.11 - - [12/Sep/2026:15:52:36 +0300] "GET /?sale%2Fsearch%2Fdetail%2F%3FITMCODE=51956065398 HTTP/1.1" 200 31562 "-" "Mozilla/5.0 (compatible; SemrushBot/7~bl; +http://www.semrush.com/bot.html)"
57.141.20.30 - - [12/Sep/2026:15:52:38 +0300] "GET /index.php/component/search/?sale/search/detail/?ITMCODE=51971446713&id=1&Itemid=437&format=opensearch HTTP/2.0" 200 584 "-" "Mozilla/5.0 (Windows NT 10.0; Win64; x64) AppleWebKit/537.36 (KHTML, like Gecko) Chrome/145.0.0.0 Safari/537.36 (compatible; meta-externalagent/1.1 (+https://developers.facebook.com/docs/sharing/webmasters/crawler))"
85.208.96.202 - - [12/Sep/2026:15:53:11 +0300] "GET /?sale%2Fsearch%2Fdetail%2F%3FITMCODE=52002996816 HTTP/1.1" 200 31562 "-" "Mozilla/5.0 (compatible; SemrushBot/7~bl; +http://www.semrush.com/bot.html)"
185.191.171.14 - - [12/Sep/2026:15:53:15 +0300] "GET /?sale%2Fsearch%2Fdetail%2F%3FITMCODE=519995042553 HTTP/1.1" 200 31563 "-" "Mozilla/5.0 (compatible; SemrushBot/7~bl; +http://www.semrush.com/bot.html)"
85.208.96.204 - - [12/Sep/2026:15:53:25 +0300] "GET /?sale%2Fsearch%2Fdetail%2F%3FITMCODE=51987730451 HTTP/1.1" 200 31562 "-" "Mozilla/5.0 (compatible; SemrushBot/7~bl; +http://www.semrush.com/bot.html)"
185.191.171.4 - - [12/Sep/2026:15:53:28 +0300] "GET /?sale%2Fsearch%2Fdetail%2F%3FITMCODE=519956158292 HTTP/1.1" 200 31563 "-" "Mozilla/5.0 (compatible; SemrushBot/7~bl; +http://www.semrush.com/bot.html)"
66.249.79.1 - - [12/Sep/2026:15:53:32 +0300] "GET /index.php/zinynas-keliaujantiems?sale/search/detail/?ITMCODE=51992078350 HTTP/1.1" 200 213236 "-" "Mozilla/5.0 (Linux; Android 6.0.1; Nexus 5X Build/MMB29P) AppleWebKit/537.36 (KHTML, like Gecko) Chrome/153.0.8010.36 Mobile Safari/537.36 (compatible; Googlebot/2.1; +http://www.google.com/bot.html)"
185.191.171.10 - - [12/Sep/2026:15:53:35 +0300] "GET /?sale%2Fsearch%2Fdetail%2F%3FITMCODE=51953095083 HTTP/1.1" 200 31562 "-" "Mozilla/5.0 (compatible; SemrushBot/7~bl; +http://www.semrush.com/bot.html)"
66.249.79.2 - - [12/Sep/2026:15:53:37 +0300] "GET /index.php/zinynas-keliaujantiems?sale/search/detail/?ITMCODE=52002611446 HTTP/1.1" 200 202019 "-" "Mozilla/5.0 (Linux; Android 6.0.1; Nexus 5X Build/MMB29P) AppleWebKit/537.36 (KHTML, like Gecko) Chrome/153.0.8010.36 Mobile Safari/537.36 (compatible; Googlebot/2.1; +http://www.google.com/bot.html)"
66.249.79.2 - - [12/Sep/2026:15:53:40 +0300] "GET /index.php/zinynas-keliaujantiems?sale/search/detail/?ITMCODE=51992218780 HTTP/1.1" 200 207090 "-" "Mozilla/5.0 (Linux; Android 6.0.1; Nexus 5X Build/MMB29P) AppleWebKit/537.36 (KHTML, like Gecko) Chrome/153.0.8010.36 Mobile Safari/537.36 (compatible; Googlebot/2.1; +http://www.google.com/bot.html)"
57.141.20.53 - - [12/Sep/2026:15:53:40 +0300] "GET /index.php/component/search/?sale/search/detail/?ITMCODE=520053769283&format=opensearch HTTP/2.0" 200 535 "-" "Mozilla/5.0 (Windows NT 10.0; Win64; x64) AppleWebKit/537.36 (KHTML, like Gecko) Chrome/145.0.0.0 Safari/537.36 (compatible; meta-externalagent/1.1 (+https://developers.facebook.com/docs/sharing/webmasters/crawler))"
114.119.135.63 - - [12/Sep/2026:15:53:56 +0300] "GET /?sale/search/detail/%3FITMCODE=51987915284 HTTP/1.1" 200 31590 "https://www.keliauk-uk.lt/?sitemap-shopdetail.xml" "Mozilla/5.0 (Linux; Android 7.0;) AppleWebKit/537.36 (HTML, like Gecko) Mobile Safari/537.36 (compatible; PetalBot;+https://webmaster.petalsearch.com/site/petalbot)"
85.208.96.206 - - [12/Sep/2026:15:53:57 +0300] "GET /?sale%2Fsearch%2Fdetail%2F%3FITMCODE=519687943185 HTTP/1.1" 200 31563 "-" "Mozilla/5.0 (compatible; SemrushBot/7~bl; +http://www.semrush.com/bot.html)"
85.208.96.195 - - [12/Sep/2026:15:54:06 +0300] "GET /?sale%2Fsearch%2Fdetail%2F%3FITMCODE=51987853985 HTTP/1.1" 200 31562 "-" "Mozilla/5.0 (compatible; SemrushBot/7~bl; +http://www.semrush.com/bot.html)"
85.208.96.209 - - [12/Sep/2026:15:54:12 +0300] "GET /?sale%2Fsearch%2Fdetail%2F%3FITMCODE=519935290417 HTTP/1.1" 200 31563 "-" "Mozilla/5.0 (compatible; SemrushBot/7~bl; +http://www.semrush.com/bot.html)"
52.167.144.210 - - [12/Sep/2026:15:54:13 +0300] "GET /shop/pg/51971293847 HTTP/2.0" 200 208919 "-" "Mozilla/5.0 AppleWebKit/537.36 (KHTML, like Gecko; compatible; bingbot/2.0; +http://www.bing.com/bingbot.htm) Chrome/116.0.1938.76 Safari/537.36"
185.191.171.3 - - [12/Sep/2026:15:54:22 +0300] "GET /?sale%2Fsearch%2Fdetail%2F%3FITMCODE=51956196982 HTTP/1.1" 200 31562 "-" "Mozilla/5.0 (compatible; SemrushBot/7~bl; +http://www.semrush.com/bot.html)"
