157.55.39.52 - - [12/Sep/2026:15:19:34 +0300] "GET /?sale/search/detail/?ITMCODE=519810735661 HTTP/2.0" 200 193170 "-" "Mozilla/5.0 AppleWebKit/537.36 (KHTML, like Gecko; compatible; bingbot/2.0; +http://www.bing.com/bingbot.htm) Chrome/116.0.1938.76 Safari/537.36"
157.55.39.52 - - [12/Sep/2026:15:19:35 +0300] "GET /?sale/search/detail/?ITMCODE=519731291897 HTTP/2.0" 200 231096 "-" "Mozilla/5.0 AppleWebKit/537.36 (KHTML, like Gecko; compatible; bingbot/2.0; +http://www.bing.com/bingbot.htm) Chrome/116.0.1938.76 Safari/537.36"
157.55.39.52 - - [12/Sep/2026:15:19:36 +0300] "GET /?sale/search/detail/?ITMCODE=519515345254 HTTP/2.0" 200 195503 "-" "Mozilla/5.0 AppleWebKit/537.36 (KHTML, like Gecko; compatible; bingbot/2.0; +http://www.bing.com/bingbot.htm) Chrome/116.0.1938.76 Safari/537.36"
85.208.96.211 - - [12/Sep/2026:15:19:37 +0300] "GET /?sale%2Fsearch%2Fdetail%2F%3FITMCODE=519651828998 HTTP/1.1" 200 31563 "-" "Mozilla/5.0 (compatible; SemrushBot/7~bl; +http://www.semrush.com/bot.html)"
157.55.39.52 - - [12/Sep/2026:15:19:37 +0300] "GET /?sale/search/detail/?ITMCODE=52008865145 HTTP/2.0" 200 210365 "-" "Mozilla/5.0 AppleWebKit/537.36 (KHTML, like Gecko; compatible; bingbot/2.0; +http://www.bing.com/bingbot.htm) Chrome/116.0.1938.76 Safari/537.36"
157.55.39.52 - - [12/Sep/2026:15:19:38 +0300] "GET /?sale/search/detail/?ITMCODE=519911345955 HTTP/2.0" 200 198754 "-" "Mozilla/5.0 AppleWebKit/537.36 (KHTML, like Gecko; compatible; bingbot/2.0; +http://www.bing.com/bingbot.htm) Chrome/116.0.1938.76 Safari/537.36"
185.191.171.15 - - [12/Sep/2026:15:19:40 +0300] "GET /?sale%2Fsearch%2Fdetail%2F%3FITMCODE=519593093114 HTTP/1.1" 200 31563 "-" "Mozilla/5.0 (compatible; SemrushBot/7~bl; +http://www.semrush.com/bot.html)"
40.77.167.130 - - [12/Sep/2026:15:19:42 +0300] "GET /?sale/search/detail/?ITMCODE=52002639197 HTTP/2.0" 200 200960 "-" "Mozilla/5.0 AppleWebKit/537.36 (KHTML, like Gecko; compatible; bingbot/2.0; +http://www.bing.com/bingbot.htm) Chrome/116.0.1938.76 Safari/537.36"
40.77.167.130 - - [12/Sep/2026:15:19:43 +0300] "GET /?sale/search/detail/?ITMCODE=51992041948 HTTP/2.0" 200 215661 "-" "Mozilla/5.0 AppleWebKit/537.36 (KHTML, like Gecko; compatible; bingbot/2.0; +http://www.bing.com/bingbot.htm) Chrome/116.0.1938.76 Safari/537.36"
207.46.13.64 - - [12/Sep/2026:15:19:42 +0300] "GET /?sale/search/detail/?ITMCODE=51974460915 HTTP/2.0" 200 195387 "-" "Mozilla/5.0 AppleWebKit/537.36 (KHTML, like Gecko; compatible; bingbot/2.0; +http://www.bing.com/bingbot.htm) Chrome/116.0.1938.76 Safari/537.36"
40.77.167.130 - - [12/Sep/2026:15:19:43 +0300] "GET /?sale/search/detail/?ITMCODE=51981842658 HTTP/2.0" 200 219755 "-" "Mozilla/5.0 AppleWebKit/537.36 (KHTML, like Gecko; compatible; bingbot/2.0; +http://www.bing.com/bingbot.htm) Chrome/116.0.1938.76 Safari/537.36"
207.46.13.64 - - [12/Sep/2026:15:19:43 +0300] "GET /?sale/search/detail/?ITMCODE=52002574672 HTTP/2.0" 200 199376 "-" "Mozilla/5.0 AppleWebKit/537.36 (KHTML, like Gecko; compatible; bingbot/2.0; +http://www.bing.com/bingbot.htm) Chrome/116.0.1938.76 Safari/537.36"
40.77.167.130 - - [12/Sep/2026:15:19:44 +0300] "GET /?sale/search/detail/?ITMCODE=51992288178 HTTP/2.0" 200 212988 "-" "Mozilla/5.0 AppleWebKit/537.36 (KHTML, like Gecko; compatible; bingbot/2.0; +http://www.bing.com/bingbot.htm) Chrome/116.0.1938.76 Safari/537.36"
207.46.13.64 - - [12/Sep/2026:15:19:44 +0300] "GET /?sale/search/detail/?ITMCODE=52002824301 HTTP/2.0" 200 195056 "-" "Mozilla/5.0 AppleWebKit/537.36 (KHTML, like Gecko; compatible; bingbot/2.0; +http://www.bing.com/bingbot.htm) Chrome/116.0.1938.76 Safari/537.36"
52.167.144.142 - - [12/Sep/2026:15:19:46 +0300] "GET /?sale/search/detail/?ITMCODE=51992135636 HTTP/2.0" 200 203931 "-" "Mozilla/5.0 AppleWebKit/537.36 (KHTML, like Gecko; compatible; bingbot/2.0; +http://www.bing.com/bingbot.htm) Chrome/116.0.1938.76 Safari/537.36"
52.167.144.142 - - [12/Sep/2026:15:19:47 +0300] "GET /?sale/search/detail/?ITMCODE=51977476076 HTTP/2.0" 200 202945 "-" "Mozilla/5.0 AppleWebKit/537.36 (KHTML, like Gecko; compatible; bingbot/2.0; +http://www.bing.com/bingbot.htm) Chrome/116.0.1938.76 Safari/537.36"
57.141.20.7 - - [12/Sep/2026:15:19:47 +0300] "GET /index.php/component/search/?sale/search/detail/?ITMCODE=51969844129&id=1&Itemid=437&format=opensearch HTTP/2.0" 200 584 "-" "Mozilla/5.0 (X11; Linux x86_64) AppleWebKit/537.36 (KHTML, like Gecko) Chrome/145.0.0.0 Safari/537.36 (compatible; meta-externalagent/1.1 (+https://developers.facebook.com/docs/sharing/webmasters/crawler))"
157.55.39.52 - - [12/Sep/2026:15:19:47 +0300] "GET /?sale/search/detail/?ITMCODE=519518488274 HTTP/2.0" 200 198625 "-" "Mozilla/5.0 AppleWebKit/537.36 (KHTML, like Gecko; compatible; bingbot/2.0; +http://www.bing.com/bingbot.htm) Chrome/116.0.1938.76 Safari/537.36"
52.167.144.142 - - [12/Sep/2026:15:19:48 +0300] "GET /?sale/search/detail/?ITMCODE=51971146189 HTTP/2.0" 200 200539 "-" "Mozilla/5.0 AppleWebKit/537.36 (KHTML, like Gecko; compatible; bingbot/2.0; +http://www.bing.com/bingbot.htm) Chrome/116.0.1938.76 Safari/537.36"
157.55.39.52 - - [12/Sep/2026:15:19:48 +0300] "GET /?sale/search/detail/?ITMCODE=51998193468 HTTP/2.0" 200 200438 "-" "Mozilla/5.0 AppleWebKit/537.36 (KHTML, like Gecko; compatible; bingbot/2.0; +http://www.bing.com/bingbot.htm) Chrome/116.0.1938.76 Safari/537.36"
52.167.144.142 - - [12/Sep/2026:15:19:48 +0300] "GET /?sale/search/detail/?ITMCODE=51998062105 HTTP/2.0" 200 201517 "-" "Mozilla/5.0 AppleWebKit/537.36 (KHTML, like Gecko; compatible; bingbot/2.0; +http://www.bing.com/bingbot.htm) Chrome/116.0.1938.76 Safari/537.36"
157.55.39.52 - - [12/Sep/2026:15:19:49 +0300] "GET /?sale/search/detail/?ITMCODE=52008991355 HTTP/2.0" 200 198896 "-" "Mozilla/5.0 AppleWebKit/537.36 (KHTML, like Gecko; compatible; bingbot/2.0; +http://www.bing.com/bingbot.htm) Chrome/116.0.1938.76 Safari/537.36"
157.55.39.52 - - [12/Sep/2026:15:19:49 +0300] "GET /?sale/search/detail/?ITMCODE=51995423121 HTTP/2.0" 200 205753 "-" "Mozilla/5.0 AppleWebKit/537.36 (KHTML, like Gecko; compatible; bingbot/2.0; +http://www.bing.com/bingbot.htm) Chrome/116.0.1938.76 Safari/537.36"
52.167.144.142 - - [12/Sep/2026:15:19:50 +0300] "GET /sale/search/detail/?ITMCODE=5195434846 HTTP/2.0" 200 207702 "-" "Mozilla/5.0 AppleWebKit/537.36 (KHTML, like Gecko; compatible; bingbot/2.0; +http://www.bing.com/bingbot.htm) Chrome/116.0.1938.76 Safari/537.36"
52.167.144.142 - - [12/Sep/2026:15:19:51 +0300] "GET /?sale/search/detail/?ITMCODE=51992224616 HTTP/2.0" 200 205567 "-" "Mozilla/5.0 AppleWebKit/537.36 (KHTML, like Gecko; compatible; bingbot/2.0; +http://www.bing.com/bingbot.htm) Chrome/116.0.1938.76 Safari/537.36"
52.167.144.142 - - [12/Sep/2026:15:19:52 +0300] "GET /?sale/search/detail/?ITMCODE=51971135356 HTTP/2.0" 200 206317 "-" "Mozilla/5.0 AppleWebKit/537.36 (KHTML, like Gecko; compatible; bingbot/2.0; +http://www.bing.com/bingbot.htm) Chrome/116.0.1938.76 Safari/537.36"
66.249.79.1 - - [12/Sep/2026:15:19:58 +0300] "GET /index.php/zinynas-keliaujantiems?sale/search/detail/?ITMCODE=52002751781 HTTP/1.1" 200 208291 "-" "Mozilla/5.0 (Linux; Android 6.0.1; Nexus 5X Build/MMB29P) AppleWebKit/537.36 (KHTML, like Gecko) Chrome/153.0.8010.36 Mobile Safari/537.36 (compatible; Googlebot/2.1; +http://www.google.com/bot.html)"
52.167.144.142 - - [12/Sep/2026:15:20:00 +0300] "GET /?shop/c/c519914/ HTTP/2.0" 200 273638 "-" "Mozilla/5.0 AppleWebKit/537.36 (KHTML, like Gecko; compatible; bingbot/2.0; +http://www.bing.com/bingbot.htm) Chrome/116.0.1938.76 Safari/537.36"
85.208.96.195 - - [12/Sep/2026:15:20:12 +0300] "GET /?sale%2Fsearch%2Fdetail%2F%3FITMCODE=519657596837 HTTP/1.1" 200 31563 "-" "Mozilla/5.0 (compatible; SemrushBot/7~bl; +http://www.semrush.com/bot.html)"
66.249.79.2 - - [12/Sep/2026:15:20:12 +0300] "GET /index.php/zinynas-keliaujantiems?sale/search/detail/?ITMCODE=5196884057 HTTP/1.1" 200 202239 "-" "Mozilla/5.0 (Linux; Android 6.0.1; Nexus 5X Build/MMB29P) AppleWebKit/537.36 (KHTML, like Gecko) Chrome/153.0.8010.36 Mobile Safari/537.36 (compatible; Googlebot/2.1; +http://www.google.com/bot.html)"
66.249.79.2 - - [12/Sep/2026:15:20:20 +0300] "GET /index.php/zinynas-keliaujantiems?sale/search/detail/?ITMCODE=5196897483 HTTP/1.1" 200 211880 "-" "Mozilla/5.0 (Linux; Android 6.0.1; Nexus 5X Build/MMB29P) AppleWebKit/537.36 (KHTML, like Gecko) Chrome/153.0.8010.36 Mobile Safari/537.36 (compatible; Googlebot/2.1; +http://www.google.com/bot.html)"
114.119.148.64 - - [12/Sep/2026:15:20:32 +0300] "GET /?sale/search/detail/%3FITMCODE=51987961331 HTTP/1.1" 200 31590 "https://www.keliauk-uk.lt/?sitemap-items.xml" "Mozilla/5.0 (Linux; Android 7.0;) AppleWebKit/537.36 (HTML, like Gecko) Mobile Safari/537.36 (compatible; PetalBot;+https://webmaster.petalsearch.com/site/petalbot)"
85.208.96.195 - - [12/Sep/2026:15:20:35 +0300] "GET /?sale%2Fsearch%2Fdetail%2F%3FITMCODE=51981994149 HTTP/1.1" 200 31562 "-" "Mozilla/5.0 (compatible; SemrushBot/7~bl; +http://www.semrush.com/bot.html)"
195.178.110.22 - - [12/Sep/2026:15:20:45 +0300] "GET / HTTP/1.1" 401 36 "-" "Mozilla/5.0 (Windows NT 10.0; Win64; x64; rv:121.0) Gecko/20100101 Firefox/121.0"
85.208.96.204 - - [12/Sep/2026:15:21:08 +0300] "GET /?sale%2Fsearch%2Fdetail%2F%3FITMCODE=52005722907 HTTP/1.1" 200 31562 "-" "Mozilla/5.0 (compatible; SemrushBot/7~bl; +http://www.semrush.com/bot.html)"
157.55.39.196 - - [12/Sep/2026:15:21:11 +0300] "GET /?sale/search/detail/?ITMCODE=519584219213 HTTP/2.0" 200 211783 "-" "Mozilla/5.0 AppleWebKit/537.36 (KHTML, like Gecko; compatible; bingbot/2.0; +http://www.bing.com/bingbot.htm) Chrome/116.0.1938.76 Safari/537.36"
157.55.39.196 - - [12/Sep/2026:15:21:12 +0300] "GET /?sale/search/detail/?ITMCODE=51974265992 HTTP/2.0" 200 194568 "-" "Mozilla/5.0 AppleWebKit/537.36 (KHTML, like Gecko; compatible; bingbot/2.0; +http://www.bing.com/bingbot.htm) Chrome/116.0.1938.76 Safari/537.36"
157.55.39.196 - - [12/Sep/2026:15:21:13 +0300] "GET /?sale/search/detail/?ITMCODE=51956296239 HTTP/2.0" 200 198489 "-" "Mozilla/5.0 AppleWebKit/537.36 (KHTML, like Gecko; compatible; bingbot/2.0; +http://www.bing.com/bingbot.htm) Chrome/116.0.1938.76 Safari/537.36"
157.55.39.196 - - [12/Sep/2026:15:21:14 +0300] "GET /?sale/search/detail/?ITMCODE=519941099020 HTTP/2.0" 200 210072 "-" "Mozilla/5.0 AppleWebKit/537.36 (KHTML, like Gecko; compatible; bingbot/2.0; +http://www.bing.com/bingbot.htm) Chrome/116.0.1938.76 Safari/537.36"
185.191.171.4 - - [12/Sep/2026:15:21:14 +0300] "GET /?sale%2Fsearch%2Fdetail%2F%3FITMCODE=519687915339 HTTP/1.1" 200 31563 "-" "Mozilla/5.0 (compatible; SemrushBot/7~bl; +http://www.semrush.com/bot.html)"
157.55.39.196 - - [12/Sep/2026:15:21:15 +0300] "GET /?sale/search/detail/?ITMCODE=51998256828 HTTP/2.0" 200 203146 "-" "Mozilla/5.0 AppleWebKit/537.36 (KHTML, like Gecko; compatible; bingbot/2.0; +http://www.bing.com/bingbot.htm) Chrome/116.0.1938.76 Safari/537.36"
157.55.39.196 - - [12/Sep/2026:15:21:15 +0300] "GET /?sale/search/detail/?ITMCODE=52005602071 HTTP/2.0" 200 222737 "-" "Mozilla/5.0 AppleWebKit/537.36 (KHTML, like Gecko; compatible; bingbot/2.0; +http://www.bing.com/bingbot.htm) Chrome/116.0.1938.76 Safari/537.36"
157.55.39.196 - - [12/Sep/2026:15:21:16 +0300] "GET /?sale/search/detail/?ITMCODE=52005589711 HTTP/2.0" 200 207761 "-" "Mozilla/5.0 AppleWebKit/537.36 (KHTML, like Gecko; compatible; bingbot/2.0; +http://www.bing.com/bingbot.htm) Chrome/116.0.1938.76 Safari/537.36"
157.55.39.196 - - [12/Sep/2026:15:21:17 +0300] "GET /?sale/search/detail/?ITMCODE=51956429580 HTTP/2.0" 200 202224 "-" "Mozilla/5.0 AppleWebKit/537.36 (KHTML, like Gecko; compatible; bingbot/2.0; +http://www.bing.com/bingbot.htm) Chrome/116.0.1938.76 Safari/537.36"
157.55.39.7 - - [12/Sep/2026:15:21:20 +0300] "GET /?sale/search/detail/?ITMCODE=519770153904 HTTP/2.0" 200 215599 "-" "Mozilla/5.0 AppleWebKit/537.36 (KHTML, like Gecko; compatible; bingbot/2.0; +http://www.bing.com/bingbot.htm) Chrome/116.0.1938.76 Safari/537.36"
157.55.39.7 - - [12/Sep/2026:15:21:21 +0300] "GET /?sale/search/detail/?ITMCODE=52005550056 HTTP/2.0" 200 202280 "-" "Mozilla/5.0 AppleWebKit/537.36 (KHTML, like Gecko; compatible; bingbot/2.0; +http://www.bing.com/bingbot.htm) Chrome/116.0.1938.76 Safari/537.36"
157.55.39.7 - - [12/Sep/2026:15:21:22 +0300] "GET /?sale/search/detail/?ITMCODE=519612783487 HTTP/2.0" 200 208023 "-" "Mozilla/5.0 AppleWebKit/537.36 (KHTML, like Gecko; compatible; bingbot/2.0; +http://www.bing.com/bingbot.htm) Chrome/116.0.1938.76 Safari/537.36"
157.55.39.7 - - [12/Sep/2026:15:21:23 +0300] "GET /sale/search/detail/?ITMCODE=51971410976 HTTP/2.0" 200 201365 "-" "Mozilla/5.0 AppleWebKit/537.36 (KHTML, like Gecko; compatible; bingbot/2.0; +http://www.bing.com/bingbot.htm) Chrome/116.0.1938.76 Safari/537.36"
185.191.171.16 - - [12/Sep/2026:15:21:25 +0300] "GET /?sale%2Fsearch%2Fdetail%2F%3FITMCODE=51995215911 HTTP/1.1" 200 31562 "-" "Mozilla/5.0 (compatible; SemrushBot/7~bl; +http://www.semrush.com/bot.html)"
66.249.79.3 - - [12/Sep/2026:15:21:25 +0300] "GET /?sale/search/detail/?ITMCODE=52002865023 HTTP/1.1" 200 199456 "-" "Mozilla/5.0 (Linux; Android 6.0.1; Nexus 5X Build/MMB29P) AppleWebKit/537.36 (KHTML, like Gecko) Chrome/153.0.8010.36 Mobile Safari/537.36 (compatible; Googlebot/2.1; +http://www.google.com/bot.html)"
185.191.171.10 - - [12/Sep/2026:15:21:28 +0300] "GET /?sale%2Fsearch%2Fdetail%2F%3FITMCODE=519917198114 HTTP/1.1" 200 31563 "-" "Mozilla/5.0 (compatible; SemrushBot/7~bl; +http://www.semrush.com/bot.html)"
114.119.142.39 - - [12/Sep/2026:15:21:56 +0300] "GET /?sale/search/detail/%3FITMCODE=51987961085 HTTP/1.1" 200 31590 "https://www.keliauk-uk.lt/?sitemap-products.xml" "Mozilla/5.0 (Linux; Android 7.0;) AppleWebKit/537.36 (HTML, like Gecko) Mobile Safari/537.36 (compatible; PetalBot;+https://webmaster.petalsearch.com/site/petalbot)"
66.249.79.3 - - [12/Sep/2026:15:22:03 +0300] "GET /index.php/zinynas-keliaujantiems?sale/search/detail/?ITMCODE=5196570670 HTTP/1.1" 200 207880 "-" "Mozilla/5.0 (Linux; Android 6.0.1; Nexus 5X Build/MMB29P) AppleWebKit/537.36 (KHTML, like Gecko) Chrome/153.0.8010.36 Mobile Safari/537.36 (compatible; Googlebot/2.1; +http://www.google.com/bot.html)"
57.141.20.9 - - [12/Sep/2026:15:22:11 +0300] "GET /index.php/component/search/?sale/search/detail/?ITMCODE=519819727275&id=1&Itemid=437&format=opensearch HTTP/2.0" 200 585 "-" "Mozilla/5.0 (Macintosh; Intel Mac OS X 10_15_7) AppleWebKit/537.36 (KHTML, like Gecko) Chrome/145.0.0.0 Safari/537.36 (compatible; meta-externalagent/1.1 (+https://developers.facebook.com/docs/sharing/webmasters/crawler))"
85.208.96.206 - - [12/Sep/2026:15:22:18 +0300] "GET /?sale%2Fsearch%2Fdetail%2F%3FITMCODE=519968387381 HTTP/1.1" 200 31563 "-" "Mozilla/5.0 (compatible; SemrushBot/7~bl; +http://www.semrush.com/bot.html)"
85.208.96.197 - - [12/Sep/2026:15:22:21 +0300] "GET /?sale%2Fsearch%2Fdetail%2F%3FITMCODE=519968177297 HTTP/1.1" 200 31563 "-" "Mozilla/5.0 (compatible; SemrushBot/7~bl; +http://www.semrush.com/bot.html)"
66.249.79.2 - - [12/Sep/2026:15:22:27 +0300] "GET /index.php/zinynas-keliaujantiems?sale/search/detail/?ITMCODE=51992203642 HTTP/1.1" 200 208690 "-" "Mozilla/5.0 (Linux; Android 6.0.1; Nexus 5X Build/MMB29P) AppleWebKit/537.36 (KHTML, like Gecko) Chrome/153.0.8010.36 Mobile Safari/537.36 (compatible; Googlebot/2.1; +http://www.google.com/bot.html)"
57.141.20.32 - - [12/Sep/2026:15:22:29 +0300] "GET /index.php/component/search/?sale/search/detail/?ITMCODE=519923189152& HTTP/2.0" 200 19807 "-" "Mozilla/5.0 (Windows NT 10.0; Win64; x64) AppleWebKit/537.36 (KHTML, like Gecko) Chrome/145.0.0.0 Safari/537.36 (compatible; meta-externalagent/1.1 (+https://developers.facebook.com/docs/sharing/webmasters/crawler))"
57.141.20.57 - - [12/Sep/2026:15:22:30 +0300] "GET /presets/.css HTTP/2.0" 404 1461 "https://keliauk-uk.lt.testams.vhost.lt/index.php/component/search/?sale/search/detail/?ITMCODE=519923189152&" "Mozilla/5.0 (Windows NT 10.0; Win64; x64) AppleWebKit/537.36 (KHTML, like Gecko) Chrome/145.0.0.0 Safari/537.36 (compatible; meta-externalagent/1.1 (+https://developers.facebook.com/docs/sharing/webmasters/crawler))"
85.208.96.208 - - [12/Sep/2026:15:22:42 +0300] "GET /?sale%2Fsearch%2Fdetail%2F%3FITMCODE=519917308499 HTTP/1.1" 200 31563 "-" "Mozilla/5.0 (compatible; SemrushBot/7~bl; +http://www.semrush.com/bot.html)"
185.191.171.1 - - [12/Sep/2026:15:22:45 +0300] "GET /?sale%2Fsearch%2Fdetail%2F%3FITMCODE=519734080637 HTTP/1.1" 200 31563 "-" "Mozilla/5.0 (compatible; SemrushBot/7~bl; +http://www.semrush.com/bot.html)"
85.208.96.205 - - [12/Sep/2026:15:22:47 +0300] "GET /?sale%2Fsearch%2Fdetail%2F%3FITMCODE=519633870532 HTTP/1.1" 200 31563 "-" "Mozilla/5.0 (compatible; SemrushBot/7~bl; +http://www.semrush.com/bot.html)"
185.191.171.14 - - [12/Sep/2026:15:22:49 +0300] "GET /?sale%2Fsearch%2Fdetail%2F%3FITMCODE=519690515952 HTTP/1.1" 200 31563 "-" "Mozilla/5.0 (compatible; SemrushBot/7~bl; +http://www.semrush.com/bot.html)"
185.191.171.7 - - [12/Sep/2026:15:23:17 +0300] "GET /?sale%2Fsearch%2Fdetail%2F%3FITMCODE=51992131846 HTTP/1.1" 200 31562 "-" "Mozilla/5.0 (compatible; SemrushBot/7~bl; +http://www.semrush.com/bot.html)"
114.119.135.63 - - [12/Sep/2026:15:23:19 +0300] "GET /?sale/search/detail/%3FITMCODE=51987960635 HTTP/1.1" 200 31590 "https://www.keliauk-uk.lt/?sitemap-items.xml" "Mozilla/5.0 (Linux; Android 7.0;) AppleWebKit/537.36 (HTML, like Gecko) Mobile Safari/537.36 (compatible; PetalBot;+https://webmaster.petalsearch.com/site/petalbot)"
66.249.79.1 - - [12/Sep/2026:15:23:21 +0300] "GET /index.php/zinynas-keliaujantiems?sale/search/detail/?ITMCODE=52002582323 HTTP/1.1" 200 209929 "-" "Mozilla/5.0 (Linux; Android 6.0.1; Nexus 5X Build/MMB29P) AppleWebKit/537.36 (KHTML, like Gecko) Chrome/153.0.8010.36 Mobile Safari/537.36 (compatible; Googlebot/2.1; +http://www.google.com/bot.html)"
57.141.20.34 - - [12/Sep/2026:15:23:28 +0300] "GET /index.php/component/search/?sale/search/detail/?ITMCODE=51984714463&format=opensearch HTTP/2.0" 200 560 "-" "Mozilla/5.0 (Windows NT 10.0; Win64; x64) AppleWebKit/537.36 (KHTML, like Gecko) Chrome/145.0.0.0 Safari/537.36 (compatible; meta-externalagent/1.1 (+https://developers.facebook.com/docs/sharing/webmasters/crawler))"
85.208.96.198 - - [12/Sep/2026:15:23:32 +0300] "GET /?sale%2Fsearch%2Fdetail%2F%3FITMCODE=52005998551 HTTP/1.1" 200 31562 "-" "Mozilla/5.0 (compatible; SemrushBot/7~bl; +http://www.semrush.com/bot.html)"
185.191.171.19 - - [12/Sep/2026:15:23:35 +0300] "GET /?sale%2Fsearch%2Fdetail%2F%3FITMCODE=51981634045 HTTP/1.1" 200 31562 "-" "Mozilla/5.0 (compatible; SemrushBot/7~bl; +http://www.semrush.com/bot.html)"
185.191.171.8 - - [12/Sep/2026:15:23:51 +0300] "GET /?sale%2Fsearch%2Fdetail%2F%3FITMCODE=519722486973 HTTP/1.1" 200 31563 "-" "Mozilla/5.0 (compatible; SemrushBot/7~bl; +http://www.semrush.com/bot.html)"
57.141.20.0 - - [12/Sep/2026:15:23:56 +0300] "GET /?sale/search/detail/?ITMCODE=519743438518 HTTP/2.0" 200 31591 "-" "Mozilla/5.0 (Macintosh; Intel Mac OS X 10_15_7) AppleWebKit/537.36 (KHTML, like Gecko) Chrome/145.0.0.0 Safari/537.36 (compatible; meta-externalagent/1.1 (+https://developers.facebook.com/docs/sharing/webmasters/crawler))"
57.141.20.54 - - [12/Sep/2026:15:24:15 +0300] "GET /index.php/component/search/?sale/search/detail/?ITMCODE=519548308453&id=1&Itemid=437&format=opensearch HTTP/2.0" 200 559 "-" "Mozilla/5.0 (X11; Linux x86_64) AppleWebKit/537.36 (KHTML, like Gecko) Chrome/145.0.0.0 Safari/537.36 (compatible; meta-externalagent/1.1 (+https://developers.facebook.com/docs/sharing/webmasters/crawler))"
185.191.171.8 - - [12/Sep/2026:15:24:24 +0300] "GET /?sale%2Fsearch%2Fdetail%2F%3FITMCODE=519539414133 HTTP/1.1" 200 31563 "-" "Mozilla/5.0 (compatible; SemrushBot/7~bl; +http://www.semrush.com/bot.html)"
185.191.171.17 - - [12/Sep/2026:15:24:29 +0300] "GET /?sale%2Fsearch%2Fdetail%2F%3FITMCODE=519971019569 HTTP/1.1" 200 31563 "-" "Mozilla/5.0 (compatible; SemrushBot/7~bl; +http://www.semrush.com/bot.html)"
57.141.20.66 - - [12/Sep/2026:15:24:34 +0300] "GET /index.php/component/search/?sale/search/detail/?ITMCODE=51992466340&id=1&Itemid=437&format=opensearch HTTP/2.0" 200 584 "-" "Mozilla/5.0 (Macintosh; Intel Mac OS X 10_15_7) AppleWebKit/537.36 (KHTML, like Gecko) Chrome/145.0.0.0 Safari/537.36 (compatible; meta-externalagent/1.1 (+https://developers.facebook.com/docs/sharing/webmasters/crawler))"
157.55.39.205 - - [12/Sep/2026:15:24:35 +0300] "GET /?sale/search/detail/?ITMCODE=519950327515 HTTP/2.0" 200 211753 "-" "Mozilla/5.0 AppleWebKit/537.36 (KHTML, like Gecko; compatible; bingbot/2.0; +http://www.bing.com/bingbot.htm) Chrome/116.0.1938.76 Safari/537.36"
207.46.13.64 - - [12/Sep/2026:15:24:37 +0300] "GET /?sale/search/detail/?ITMCODE=519743098066 HTTP/2.0" 200 194742 "-" "Mozilla/5.0 AppleWebKit/537.36 (KHTML, like Gecko; compatible; bingbot/2.0; +http://www.bing.com/bingbot.htm) Chrome/116.0.1938.76 Safari/537.36"
207.46.13.64 - - [12/Sep/2026:15:24:38 +0300] "GET /?sale/search/detail/?ITMCODE=519816549979 HTTP/2.0" 200 197630 "-" "Mozilla/5.0 AppleWebKit/537.36 (KHTML, like Gecko; compatible; bingbot/2.0; +http://www.bing.com/bingbot.htm) Chrome/116.0.1938.76 Safari/537.36"
157.55.39.205 - - [12/Sep/2026:15:24:38 +0300] "GET /?sale/search/detail/?ITMCODE=519569090967 HTTP/2.0" 200 194767 "-" "Mozilla/5.0 AppleWebKit/537.36 (KHTML, like Gecko; compatible; bingbot/2.0; +http://www.bing.com/bingbot.htm) Chrome/116.0.1938.76 Safari/537.36"
207.46.13.64 - - [12/Sep/2026:15:24:39 +0300] "GET /?sale/search/detail/?ITMCODE=519749062181 HTTP/2.0" 200 194799 "-" "Mozilla/5.0 AppleWebKit/537.36 (KHTML, like Gecko; compatible; bingbot/2.0; +http://www.bing.com/bingbot.htm) Chrome/116.0.1938.76 Safari/537.36"
207.46.13.64 - - [12/Sep/2026:15:24:40 +0300] "GET /?sale/search/detail/?ITMCODE=519743089266 HTTP/2.0" 200 195202 "-" "Mozilla/5.0 AppleWebKit/537.36 (KHTML, like Gecko; compatible; bingbot/2.0; +http://www.bing.com/bingbot.htm) Chrome/116.0.1938.76 Safari/537.36"
157.55.39.205 - - [12/Sep/2026:15:24:40 +0300] "GET /?sale/search/detail/?ITMCODE=519779393091 HTTP/2.0" 200 193850 "-" "Mozilla/5.0 AppleWebKit/537.36 (KHTML, like Gecko; compatible; bingbot/2.0; +http://www.bing.com/bingbot.htm) Chrome/116.0.1938.76 Safari/537.36"
114.119.144.15 - - [12/Sep/2026:15:24:42 +0300] "GET /?sale/search/detail/%3FITMCODE=51987955516 HTTP/1.1" 200 31590 "https://www.keliauk-uk.lt/?sitemap-items.xml" "Mozilla/5.0 (Linux; Android 7.0;) AppleWebKit/537.36 (HTML, like Gecko) Mobile Safari/537.36 (compatible; PetalBot;+https://webmaster.petalsearch.com/site/petalbot)"
157.55.39.205 - - [12/Sep/2026:15:24:43 +0300] "GET /?sale/search/detail/?ITMCODE=519596348902 HTTP/2.0" 200 198198 "-" "Mozilla/5.0 AppleWebKit/537.36 (KHTML, like Gecko; compatible; bingbot/2.0; +http://www.bing.com/bingbot.htm) Chrome/116.0.1938.76 Safari/537.36"
157.55.39.205 - - [12/Sep/2026:15:24:43 +0300] "GET /?sale/search/detail/?ITMCODE=519941172083 HTTP/2.0" 200 202229 "-" "Mozilla/5.0 AppleWebKit/537.36 (KHTML, like Gecko; compatible; bingbot/2.0; +http://www.bing.com/bingbot.htm) Chrome/116.0.1938.76 Safari/537.36"
157.55.39.205 - - [12/Sep/2026:15:24:45 +0300] "GET /?sale/search/detail/?ITMCODE=519962025267 HTTP/2.0" 200 200703 "-" "Mozilla/5.0 AppleWebKit/537.36 (KHTML, like Gecko; compatible; bingbot/2.0; +http://www.bing.com/bingbot.htm) Chrome/116.0.1938.76 Safari/537.36"
157.55.39.205 - - [12/Sep/2026:15:24:47 +0300] "GET /?sale/search/detail/?ITMCODE=519569065818 HTTP/2.0" 200 194582 "-" "Mozilla/5.0 AppleWebKit/537.36 (KHTML, like Gecko; compatible; bingbot/2.0; +http://www.bing.com/bingbot.htm) Chrome/116.0.1938.76 Safari/537.36"
157.55.39.205 - - [12/Sep/2026:15:24:54 +0300] "GET /?sale/search/detail/?ITMCODE=51959162823 HTTP/2.0" 200 205040 "-" "Mozilla/5.0 AppleWebKit/537.36 (KHTML, like Gecko; compatible; bingbot/2.0; +http://www.bing.com/bingbot.htm) Chrome/116.0.1938.76 Safari/537.36"
157.55.39.205 - - [12/Sep/2026:15:24:56 +0300] "GET /?sale/search/detail/?ITMCODE=51987731867 HTTP/2.0" 200 199397 "-" "Mozilla/5.0 AppleWebKit/537.36 (KHTML, like Gecko; compatible; bingbot/2.0; +http://www.bing.com/bingbot.htm) Chrome/116.0.1938.76 Safari/537.36"
185.191.171.19 - - [12/Sep/2026:15:25:03 +0300] "GET /?sale%2Fsearch%2Fdetail%2F%3FITMCODE=519690562728 HTTP/1.1" 200 31563 "-" "Mozilla/5.0 (compatible; SemrushBot/7~bl; +http://www.semrush.com/bot.html)"
207.46.13.64 - - [12/Sep/2026:15:25:03 +0300] "GET /?sale/search/detail/?ITMCODE=51963548751 HTTP/2.0" 200 219482 "-" "Mozilla/5.0 AppleWebKit/537.36 (KHTML, like Gecko; compatible; bingbot/2.0; +http://www.bing.com/bingbot.htm) Chrome/116.0.1938.76 Safari/537.36"
157.55.39.205 - - [12/Sep/2026:15:25:06 +0300] "GET /?sale/search/detail/?ITMCODE=52008930017 HTTP/2.0" 200 211613 "-" "Mozilla/5.0 AppleWebKit/537.36 (KHTML, like Gecko; compatible; bingbot/2.0; +http://www.bing.com/bingbot.htm) Chrome/116.0.1938.76 Safari/537.36"
207.46.13.64 - - [12/Sep/2026:15:25:06 +0300] "GET /?sale/search/detail/?ITMCODE=519885888498 HTTP/2.0" 200 199322 "-" "Mozilla/5.0 AppleWebKit/537.36 (KHTML, like Gecko; compatible; bingbot/2.0; +http://www.bing.com/bingbot.htm) Chrome/116.0.1938.76 Safari/537.36"
157.55.39.205 - - [12/Sep/2026:15:25:08 +0300] "GET /?sale/search/detail/?ITMCODE=51971331792 HTTP/2.0" 200 200570 "-" "Mozilla/5.0 AppleWebKit/537.36 (KHTML, like Gecko; compatible; bingbot/2.0; +http://www.bing.com/bingbot.htm) Chrome/116.0.1938.76 Safari/537.36"
207.46.13.64 - - [12/Sep/2026:15:25:08 +0300] "GET /?sale/search/detail/?ITMCODE=519584158247 HTTP/2.0" 200 202779 "-" "Mozilla/5.0 AppleWebKit/537.36 (KHTML, like Gecko; compatible; bingbot/2.0; +http://www.bing.com/bingbot.htm) Chrome/116.0.1938.76 Safari/537.36"
207.46.13.64 - - [12/Sep/2026:15:25:11 +0300] "GET /?sale/search/detail/?ITMCODE=519968216545 HTTP/2.0" 200 194347 "-" "Mozilla/5.0 AppleWebKit/537.36 (KHTML, like Gecko; compatible; bingbot/2.0; +http://www.bing.com/bingbot.htm) Chrome/116.0.1938.76 Safari/537.36"
207.46.13.64 - - [12/Sep/2026:15:25:14 +0300] "GET /?sale/search/detail/?ITMCODE=519749130516 HTTP/2.0" 200 197897 "-" "Mozilla/5.0 AppleWebKit/537.36 (KHTML, like Gecko; compatible; bingbot/2.0; +http://www.bing.com/bingbot.htm) Chrome/116.0.1938.76 Safari/537.36"
207.46.13.64 - - [12/Sep/2026:15:25:15 +0300] "GET /?sale/search/detail/?ITMCODE=519551364913 HTTP/2.0" 200 203143 "-" "Mozilla/5.0 AppleWebKit/537.36 (KHTML, like Gecko; compatible; bingbot/2.0; +http://www.bing.com/bingbot.htm) Chrome/116.0.1938.76 Safari/537.36"
207.46.13.64 - - [12/Sep/2026:15:25:16 +0300] "GET /?sale/search/detail/?ITMCODE=519950296612 HTTP/2.0" 200 198624 "-" "Mozilla/5.0 AppleWebKit/537.36 (KHTML, like Gecko; compatible; bingbot/2.0; +http://www.bing.com/bingbot.htm) Chrome/116.0.1938.76 Safari/537.36"
52.167.144.142 - - [12/Sep/2026:15:25:21 +0300] "GET /?shop/c/c51991000262/ HTTP/2.0" 200 273119 "-" "Mozilla/5.0 AppleWebKit/537.36 (KHTML, like Gecko; compatible; bingbot/2.0; +http://www.bing.com/bingbot.htm) Chrome/116.0.1938.76 Safari/537.36"
185.191.171.12 - - [12/Sep/2026:15:25:23 +0300] "GET /?sale%2Fsearch%2Fdetail%2F%3FITMCODE=51998041716 HTTP/1.1" 200 31562 "-" "Mozilla/5.0 (compatible; SemrushBot/7~bl; +http://www.semrush.com/bot.html)"
52.167.144.142 - - [12/Sep/2026:15:25:23 +0300] "GET /?sale/search/detail/?ITMCODE=519699546950 HTTP/2.0" 200 208495 "-" "Mozilla/5.0 AppleWebKit/537.36 (KHTML, like Gecko; compatible; bingbot/2.0; +http://www.bing.com/bingbot.htm) Chrome/116.0.1938.76 Safari/537.36"
52.167.144.142 - - [12/Sep/2026:15:25:24 +0300] "GET /?sale/search/detail/?ITMCODE=519599444 HTTP/2.0" 200 200932 "-" "Mozilla/5.0 AppleWebKit/537.36 (KHTML, like Gecko; compatible; bingbot/2.0; +http://www.bing.com/bingbot.htm) Chrome/116.0.1938.76 Safari/537.36"
52.167.144.142 - - [12/Sep/2026:15:25:25 +0300] "GET /?sale/search/detail/?ITMCODE=519722020643 HTTP/2.0" 200 202217 "-" "Mozilla/5.0 AppleWebKit/537.36 (KHTML, like Gecko; compatible; bingbot/2.0; +http://www.bing.com/bingbot.htm) Chrome/116.0.1938.76 Safari/537.36"
52.167.144.142 - - [12/Sep/2026:15:25:26 +0300] "GET /?sale/search/detail/?ITMCODE=51981655353 HTTP/2.0" 200 214771 "-" "Mozilla/5.0 AppleWebKit/537.36 (KHTML, like Gecko; compatible; bingbot/2.0; +http://www.bing.com/bingbot.htm) Chrome/116.0.1938.76 Safari/537.36"
52.167.144.142 - - [12/Sep/2026:15:25:26 +0300] "GET /?sale/search/detail/?ITMCODE=52005854759 HTTP/2.0" 200 205588 "-" "Mozilla/5.0 AppleWebKit/537.36 (KHTML, like Gecko; compatible; bingbot/2.0; +http://www.bing.com/bingbot.htm) Chrome/116.0.1938.76 Safari/537.36"
52.167.144.142 - - [12/Sep/2026:15:25:27 +0300] "GET /?sale/search/detail/?ITMCODE=519557001837 HTTP/2.0" 200 209591 "-" "Mozilla/5.0 AppleWebKit/537.36 (KHTML, like Gecko; compatible; bingbot/2.0; +http://www.bing.com/bingbot.htm) Chrome/116.0.1938.76 Safari/537.36"
85.208.96.211 - - [12/Sep/2026:15:25:27 +0300] "GET /?sale%2Fsearch%2Fdetail%2F%3FITMCODE=519572275069 HTTP/1.1" 200 31563 "-" "Mozilla/5.0 (compatible; SemrushBot/7~bl; +http://www.semrush.com/bot.html)"
52.167.144.142 - - [12/Sep/2026:15:25:27 +0300] "GET /?sale/search/detail/?ITMCODE=52002555586 HTTP/2.0" 200 218490 "-" "Mozilla/5.0 AppleWebKit/537.36 (KHTML, like Gecko; compatible; bingbot/2.0; +http://www.bing.com/bingbot.htm) Chrome/116.0.1938.76 Safari/537.36"
52.167.144.142 - - [12/Sep/2026:15:25:28 +0300] "GET /?sale/search/detail/?ITMCODE=51992213161 HTTP/2.0" 200 203838 "-" "Mozilla/5.0 AppleWebKit/537.36 (KHTML, like Gecko; compatible; bingbot/2.0; +http://www.bing.com/bingbot.htm) Chrome/116.0.1938.76 Safari/537.36"
185.191.171.15 - - [12/Sep/2026:15:25:31 +0300] "GET /?sale%2Fsearch%2Fdetail%2F%3FITMCODE=519837732462 HTTP/1.1" 200 31563 "-" "Mozilla/5.0 (compatible; SemrushBot/7~bl; +http://www.semrush.com/bot.html)"
57.141.20.45 - - [12/Sep/2026:15:25:35 +0300] "GET /index.php/component/search/?sale/search/detail/?ITMCODE=519612748696& HTTP/2.0" 200 19807 "-" "Mozilla/5.0 (Macintosh; Intel Mac OS X 10_15_7) AppleWebKit/537.36 (KHTML, like Gecko) Chrome/145.0.0.0 Safari/537.36 (compatible; meta-externalagent/1.1 (+https://developers.facebook.com/docs/sharing/webmasters/crawler))"
40.77.167.130 - - [12/Sep/2026:15:25:34 +0300] "GET /?sale/search/detail/?ITMCODE=51971080718 HTTP/2.0" 200 208975 "-" "Mozilla/5.0 AppleWebKit/537.36 (KHTML, like Gecko; compatible; bingbot/2.0; +http://www.bing.com/bingbot.htm) Chrome/116.0.1938.76 Safari/537.36"
40.77.167.130 - - [12/Sep/2026:15:25:35 +0300] "GET /?sale/search/detail/?ITMCODE=51992202832 HTTP/2.0" 200 236499 "-" "Mozilla/5.0 AppleWebKit/537.36 (KHTML, like Gecko; compatible; bingbot/2.0; +http://www.bing.com/bingbot.htm) Chrome/116.0.1938.76 Safari/537.36"
157.55.39.7 - - [12/Sep/2026:15:25:39 +0300] "GET /shop/pg/1226291 HTTP/2.0" 200 203132 "-" "Mozilla/5.0 AppleWebKit/537.36 (KHTML, like Gecko; compatible; bingbot/2.0; +http://www.bing.com/bingbot.htm) Chrome/116.0.1938.76 Safari/537.36"
157.55.39.7 - - [12/Sep/2026:15:25:42 +0300] "GET /?sale/search/detail/?ITMCODE=5196534115 HTTP/2.0" 200 230738 "-" "Mozilla/5.0 AppleWebKit/537.36 (KHTML, like Gecko; compatible; bingbot/2.0; +http://www.bing.com/bingbot.htm) Chrome/116.0.1938.76 Safari/537.36"
157.55.39.7 - - [12/Sep/2026:15:25:43 +0300] "GET /?sale/search/detail/?ITMCODE=519758161008 HTTP/2.0" 200 206218 "-" "Mozilla/5.0 AppleWebKit/537.36 (KHTML, like Gecko; compatible; bingbot/2.0; +http://www.bing.com/bingbot.htm) Chrome/116.0.1938.76 Safari/537.36"
52.167.144.142 - - [12/Sep/2026:15:25:43 +0300] "GET /sale/search/detail/?ITMCODE=51971031452 HTTP/2.0" 200 209968 "-" "Mozilla/5.0 AppleWebKit/537.36 (KHTML, like Gecko; compatible; bingbot/2.0; +http://www.bing.com/bingbot.htm) Chrome/116.0.1938.76 Safari/537.36"
157.55.39.7 - - [12/Sep/2026:15:25:44 +0300] "GET /?sale/search/detail/?ITMCODE=5196938105 HTTP/2.0" 200 233705 "-" "Mozilla/5.0 AppleWebKit/537.36 (KHTML, like Gecko; compatible; bingbot/2.0; +http://www.bing.com/bingbot.htm) Chrome/116.0.1938.76 Safari/537.36"
52.167.144.142 - - [12/Sep/2026:15:25:44 +0300] "GET /sale/search/detail/?ITMCODE=51971458546 HTTP/2.0" 200 203603 "-" "Mozilla/5.0 AppleWebKit/537.36 (KHTML, like Gecko; compatible; bingbot/2.0; +http://www.bing.com/bingbot.htm) Chrome/116.0.1938.76 Safari/537.36"
157.55.39.7 - - [12/Sep/2026:15:25:45 +0300] "GET /?sale/search/detail/?ITMCODE=51981535879 HTTP/2.0" 200 219098 "-" "Mozilla/5.0 AppleWebKit/537.36 (KHTML, like Gecko; compatible; bingbot/2.0; +http://www.bing.com/bingbot.htm) Chrome/116.0.1938.76 Safari/537.36"
85.208.96.207 - - [12/Sep/2026:15:25:51 +0300] "GET /?sale%2Fsearch%2Fdetail%2F%3FITMCODE=51995159971 HTTP/1.1" 200 31562 "-" "Mozilla/5.0 (compatible; SemrushBot/7~bl; +http://www.semrush.com/bot.html)"
185.191.171.16 - - [12/Sep/2026:15:25:57 +0300] "GET /?sale%2Fsearch%2Fdetail%2F%3FITMCODE=51966950042 HTTP/1.1" 200 31562 "-" "Mozilla/5.0 (compatible; SemrushBot/7~bl; +http://www.semrush.com/bot.html)"
85.208.96.198 - - [12/Sep/2026:15:26:00 +0300] "GET /?sale%2Fsearch%2Fdetail%2F%3FITMCODE=520035944687 HTTP/1.1" 200 31563 "-" "Mozilla/5.0 (compatible; SemrushBot/7~bl; +http://www.semrush.com/bot.html)"
114.119.142.39 - - [12/Sep/2026:15:26:06 +0300] "GET /?sale/search/detail/%3FITMCODE=51987954529 HTTP/1.1" 200 31590 "https://www.keliauk-uk.lt/?sitemap-shopdetail.xml" "Mozilla/5.0 (Linux; Android 7.0;) AppleWebKit/537.36 (HTML, like Gecko) Mobile Safari/537.36 (compatible; PetalBot;+https://webmaster.petalsearch.com/site/petalbot)"
66.249.79.2 - - [12/Sep/2026:15:26:09 +0300] "GET /index.php/zinynas-keliaujantiems?sale/search/detail/?ITMCODE=51981633880 HTTP/1.1" 200 205703 "-" "Mozilla/5.0 (Linux; Android 6.0.1; Nexus 5X Build/MMB29P) AppleWebKit/537.36 (KHTML, like Gecko) Chrome/153.0.8010.36 Mobile Safari/537.36 (compatible; Googlebot/2.1; +http://www.google.com/bot.html)"
66.249.79.2 - - [12/Sep/2026:15:26:12 +0300] "GET /index.php/zinynas-keliaujantiems?sale/search/detail/?ITMCODE=51981878261 HTTP/1.1" 200 215547 "-" "Mozilla/5.0 (Linux; Android 6.0.1; Nexus 5X Build/MMB29P) AppleWebKit/537.36 (KHTML, like Gecko) Chrome/153.0.8010.36 Mobile Safari/537.36 (compatible; Googlebot/2.1; +http://www.google.com/bot.html)"
57.141.20.7 - - [12/Sep/2026:15:26:12 +0300] "GET /index.php/component/search/?sale/search/detail/?ITMCODE=51969684353&id=1&Itemid=437&format=opensearch HTTP/2.0" 200 584 "-" "Mozilla/5.0 (Windows NT 10.0; Win64; x64) AppleWebKit/537.36 (KHTML, like Gecko) Chrome/145.0.0.0 Safari/537.36 (compatible; meta-externalagent/1.1 (+https://developers.facebook.com/docs/sharing/webmasters/crawler))"
57.141.20.28 - - [12/Sep/2026:15:26:12 +0300] "GET /index.php/component/search/?sale/search/detail/?ITMCODE=51998356258&format=opensearch HTTP/2.0" 200 560 "-" "Mozilla/5.0 (Macintosh; Intel Mac OS X 10_15_7) AppleWebKit/537.36 (KHTML, like Gecko) Chrome/145.0.0.0 Safari/537.36 (compatible; meta-externalagent/1.1 (+https://developers.facebook.com/docs/sharing/webmasters/crawler))"
85.208.96.210 - - [12/Sep/2026:15:26:19 +0300] "GET /?sale%2Fsearch%2Fdetail%2F%3FITMCODE=520053704568 HTTP/1.1" 200 31563 "-" "Mozilla/5.0 (compatible; SemrushBot/7~bl; +http://www.semrush.com/bot.html)"
185.191.171.7 - - [12/Sep/2026:15:26:39 +0300] "GET /?sale%2Fsearch%2Fdetail%2F%3FITMCODE=519590494370 HTTP/1.1" 200 31563 "-" "Mozilla/5.0 (compatible; SemrushBot/7~bl; +http://www.semrush.com/bot.html)"
57.141.20.33 - - [12/Sep/2026:15:26:42 +0300] "GET /index.php/component/search/?sale/search/detail/?ITMCODE=519612744811& HTTP/2.0" 200 19807 "-" "Mozilla/5.0 (Macintosh; Intel Mac OS X 10_15_7) AppleWebKit/537.36 (KHTML, like Gecko) Chrome/145.0.0.0 Safari/537.36 (compatible; meta-externalagent/1.1 (+https://developers.facebook.com/docs/sharing/webmasters/crawler))"
40.77.167.130 - - [12/Sep/2026:15:26:49 +0300] "GET /?sale/search/detail/?ITMCODE=51992300387 HTTP/2.0" 200 212332 "-" "Mozilla/5.0 AppleWebKit/537.36 (KHTML, like Gecko; compatible; bingbot/2.0; +http://www.bing.com/bingbot.htm) Chrome/116.0.1938.76 Safari/537.36"
40.77.167.130 - - [12/Sep/2026:15:26:50 +0300] "GET /?sale/search/detail/?ITMCODE=51971279023 HTTP/2.0" 200 205406 "-" "Mozilla/5.0 AppleWebKit/537.36 (KHTML, like Gecko; compatible; bingbot/2.0; +http://www.bing.com/bingbot.htm) Chrome/116.0.1938.76 Safari/537.36"
185.191.171.9 - - [12/Sep/2026:15:26:51 +0300] "GET /?sale%2Fsearch%2Fdetail%2F%3FITMCODE=519633881452 HTTP/1.1" 200 31563 "-" "Mozilla/5.0 (compatible; SemrushBot/7~bl; +http://www.semrush.com/bot.html)"
185.191.171.2 - - [12/Sep/2026:15:26:53 +0300] "GET /?sale%2Fsearch%2Fdetail%2F%3FITMCODE=51992203611 HTTP/1.1" 200 31562 "-" "Mozilla/5.0 (compatible; SemrushBot/7~bl; +http://www.semrush.com/bot.html)"
85.208.96.206 - - [12/Sep/2026:15:27:03 +0300] "GET /?sale%2Fsearch%2Fdetail%2F%3FITMCODE=519938467012 HTTP/1.1" 200 31563 "-" "Mozilla/5.0 (compatible; SemrushBot/7~bl; +http://www.semrush.com/bot.html)"
157.55.39.12 - - [12/Sep/2026:15:27:12 +0300] "GET /?sale/search/detail/?ITMCODE=519920388322 HTTP/2.0" 200 211546 "-" "Mozilla/5.0 AppleWebKit/537.36 (KHTML, like Gecko; compatible; bingbot/2.0; +http://www.bing.com/bingbot.htm) Chrome/116.0.1938.76 Safari/537.36"
85.208.96.201 - - [12/Sep/2026:15:27:13 +0300] "GET /?sale%2Fsearch%2Fdetail%2F%3FITMCODE=519837740943 HTTP/1.1" 200 31563 "-" "Mozilla/5.0 (compatible; SemrushBot/7~bl; +http://www.semrush.com/bot.html)"
157.55.39.12 - - [12/Sep/2026:15:27:13 +0300] "GET /?sale/search/detail/?ITMCODE=519752067170 HTTP/2.0" 200 198024 "-" "Mozilla/5.0 AppleWebKit/537.36 (KHTML, like Gecko; compatible; bingbot/2.0; +http://www.bing.com/bingbot.htm) Chrome/116.0.1938.76 Safari/537.36"
157.55.39.12 - - [12/Sep/2026:15:27:14 +0300] "GET /?sale/search/detail/?ITMCODE=519539464341 HTTP/2.0" 200 204004 "-" "Mozilla/5.0 AppleWebKit/537.36 (KHTML, like Gecko; compatible; bingbot/2.0; +http://www.bing.com/bingbot.htm) Chrome/116.0.1938.76 Safari/537.36"
157.55.39.12 - - [12/Sep/2026:15:27:15 +0300] "GET /?sale/search/detail/?ITMCODE=519935414427 HTTP/2.0" 200 231334 "-" "Mozilla/5.0 AppleWebKit/537.36 (KHTML, like Gecko; compatible; bingbot/2.0; +http://www.bing.com/bingbot.htm) Chrome/116.0.1938.76 Safari/537.36"
157.55.39.7 - - [12/Sep/2026:15:27:15 +0300] "GET /?sale/search/detail/?ITMCODE=51998244411 HTTP/2.0" 200 217334 "-" "Mozilla/5.0 AppleWebKit/537.36 (KHTML, like Gecko; compatible; bingbot/2.0; +http://www.bing.com/bingbot.htm) Chrome/116.0.1938.76 Safari/537.36"
157.55.39.7 - - [12/Sep/2026:15:27:16 +0300] "GET /?sale/search/detail/?ITMCODE=51981841629 HTTP/2.0" 200 204271 "-" "Mozilla/5.0 AppleWebKit/537.36 (KHTML, like Gecko; compatible; bingbot/2.0; +http://www.bing.com/bingbot.htm) Chrome/116.0.1938.76 Safari/537.36"
157.55.39.12 - - [12/Sep/2026:15:27:16 +0300] "GET /?sale/search/detail/?ITMCODE=51995277863 HTTP/2.0" 200 193085 "-" "Mozilla/5.0 AppleWebKit/537.36 (KHTML, like Gecko; compatible; bingbot/2.0; +http://www.bing.com/bingbot.htm) Chrome/116.0.1938.76 Safari/537.36"
85.208.96.201 - - [12/Sep/2026:15:27:16 +0300] "GET /?sale%2Fsearch%2Fdetail%2F%3FITMCODE=520092561319 HTTP/1.1" 200 31563 "-" "Mozilla/5.0 (compatible; SemrushBot/7~bl; +http://www.semrush.com/bot.html)"
157.55.39.12 - - [12/Sep/2026:15:27:17 +0300] "GET /?sale/search/detail/?ITMCODE=51995216978 HTTP/2.0" 200 204255 "-" "Mozilla/5.0 AppleWebKit/537.36 (KHTML, like Gecko; compatible; bingbot/2.0; +http://www.bing.com/bingbot.htm) Chrome/116.0.1938.76 Safari/537.36"
157.55.39.7 - - [12/Sep/2026:15:27:17 +0300] "GET /?sale/search/detail/?ITMCODE=52002869466 HTTP/2.0" 200 210338 "-" "Mozilla/5.0 AppleWebKit/537.36 (KHTML, like Gecko; compatible; bingbot/2.0; +http://www.bing.com/bingbot.htm) Chrome/116.0.1938.76 Safari/537.36"
157.55.39.12 - - [12/Sep/2026:15:27:17 +0300] "GET /?sale/search/detail/?ITMCODE=520020825072 HTTP/2.0" 200 204276 "-" "Mozilla/5.0 AppleWebKit/537.36 (KHTML, like Gecko; compatible; bingbot/2.0; +http://www.bing.com/bingbot.htm) Chrome/116.0.1938.76 Safari/537.36"
157.55.39.7 - - [12/Sep/2026:15:27:18 +0300] "GET /?sale/search/detail/?ITMCODE=51956194325 HTTP/2.0" 200 200443 "-" "Mozilla/5.0 AppleWebKit/537.36 (KHTML, like Gecko; compatible; bingbot/2.0; +http://www.bing.com/bingbot.htm) Chrome/116.0.1938.76 Safari/537.36"
157.55.39.12 - - [12/Sep/2026:15:27:18 +0300] "GET /?sale/search/detail/?ITMCODE=51977124450 HTTP/2.0" 200 208713 "-" "Mozilla/5.0 AppleWebKit/537.36 (KHTML, like Gecko; compatible; bingbot/2.0; +http://www.bing.com/bingbot.htm) Chrome/116.0.1938.76 Safari/537.36"
157.55.39.7 - - [12/Sep/2026:15:27:18 +0300] "GET /?sale/search/detail/?ITMCODE=51981649864 HTTP/2.0" 200 224674 "-" "Mozilla/5.0 AppleWebKit/537.36 (KHTML, like Gecko; compatible; bingbot/2.0; +http://www.bing.com/bingbot.htm) Chrome/116.0.1938.76 Safari/537.36"
157.55.39.12 - - [12/Sep/2026:15:27:19 +0300] "GET /?sale/search/detail/?ITMCODE=52005766741 HTTP/2.0" 200 197372 "-" "Mozilla/5.0 AppleWebKit/537.36 (KHTML, like Gecko; compatible; bingbot/2.0; +http://www.bing.com/bingbot.htm) Chrome/116.0.1938.76 Safari/537.36"
157.55.39.7 - - [12/Sep/2026:15:27:19 +0300] "GET /?sale/search/detail/?ITMCODE=51971025982 HTTP/2.0" 200 206537 "-" "Mozilla/5.0 AppleWebKit/537.36 (KHTML, like Gecko; compatible; bingbot/2.0; +http://www.bing.com/bingbot.htm) Chrome/116.0.1938.76 Safari/537.36"
157.55.39.7 - - [12/Sep/2026:15:27:20 +0300] "GET /?sale/search/detail/?ITMCODE=51992226869 HTTP/2.0" 200 207802 "-" "Mozilla/5.0 AppleWebKit/537.36 (KHTML, like Gecko; compatible; bingbot/2.0; +http://www.bing.com/bingbot.htm) Chrome/116.0.1938.76 Safari/537.36"
157.55.39.7 - - [12/Sep/2026:15:27:21 +0300] "GET /?sale/search/detail/?ITMCODE=51953464517 HTTP/2.0" 200 205822 "-" "Mozilla/5.0 AppleWebKit/537.36 (KHTML, like Gecko; compatible; bingbot/2.0; +http://www.bing.com/bingbot.htm) Chrome/116.0.1938.76 Safari/537.36"
157.55.39.7 - - [12/Sep/2026:15:27:22 +0300] "GET /?sale/search/detail/?ITMCODE=51984592701 HTTP/2.0" 200 208687 "-" "Mozilla/5.0 AppleWebKit/537.36 (KHTML, like Gecko; compatible; bingbot/2.0; +http://www.bing.com/bingbot.htm) Chrome/116.0.1938.76 Safari/537.36"
114.119.148.64 - - [12/Sep/2026:15:27:30 +0300] "GET /?sale/search/detail/%3FITMCODE=51987952372 HTTP/1.1" 200 31590 "https://www.keliauk-uk.lt/?sitemap-items.xml" "Mozilla/5.0 (Linux; Android 7.0;) AppleWebKit/537.36 (HTML, like Gecko) Mobile Safari/537.36 (compatible; PetalBot;+https://webmaster.petalsearch.com/site/petalbot)"
185.191.171.10 - - [12/Sep/2026:15:28:03 +0300] "GET /?sale%2Fsearch%2Fdetail%2F%3FITMCODE=51984603993 HTTP/1.1" 200 31562 "-" "Mozilla/5.0 (compatible; SemrushBot/7~bl; +http://www.semrush.com/bot.html)"
185.191.171.13 - - [12/Sep/2026:15:28:09 +0300] "GET /?sale%2Fsearch%2Fdetail%2F%3FITMCODE=519618632138 HTTP/1.1" 200 31563 "-" "Mozilla/5.0 (compatible; SemrushBot/7~bl; +http://www.semrush.com/bot.html)"
57.141.20.2 - - [12/Sep/2026:15:28:09 +0300] "GET /?sale/search/detail/?ITMCODE=519843933018 HTTP/2.0" 200 31591 "-" "Mozilla/5.0 (Windows NT 10.0; Win64; x64) AppleWebKit/537.36 (KHTML, like Gecko) Chrome/145.0.0.0 Safari/537.36 (compatible; meta-externalagent/1.1 (+https://developers.facebook.com/docs/sharing/webmasters/crawler))"
57.141.20.32 - - [12/Sep/2026:15:28:11 +0300] "GET /presets/.css HTTP/2.0" 404 1448 "https://www.keliauk-uk.lt/?sale/search/detail/?ITMCODE=519843933018" "Mozilla/5.0 (Windows NT 10.0; Win64; x64) AppleWebKit/537.36 (KHTML, like Gecko) Chrome/145.0.0.0 Safari/537.36 (compatible; meta-externalagent/1.1 (+https://developers.facebook.com/docs/sharing/webmasters/crawler))"
57.141.20.17 - - [12/Sep/2026:15:28:11 +0300] "GET /index.php/component/search/?sale/search/detail/?ITMCODE=519710474568&id=1&Itemid=437&format=opensearch HTTP/2.0" 200 585 "-" "Mozilla/5.0 (Windows NT 10.0; Win64; x64) AppleWebKit/537.36 (KHTML, like Gecko) Chrome/145.0.0.0 Safari/537.36 (compatible; meta-externalagent/1.1 (+https://developers.facebook.com/docs/sharing/webmasters/crawler))"
85.208.96.202 - - [12/Sep/2026:15:28:16 +0300] "GET /?sale%2Fsearch%2Fdetail%2F%3FITMCODE=52005596863 HTTP/1.1" 200 31562 "-" "Mozilla/5.0 (compatible; SemrushBot/7~bl; +http://www.semrush.com/bot.html)"
66.249.79.2 - - [12/Sep/2026:15:28:31 +0300] "GET /index.php/zinynas-keliaujantiems?sale/search/detail/?ITMCODE=5195409313 HTTP/1.1" 200 204947 "-" "Mozilla/5.0 (Linux; Android 6.0.1; Nexus 5X Build/MMB29P) AppleWebKit/537.36 (KHTML, like Gecko) Chrome/153.0.8010.36 Mobile Safari/537.36 (compatible; Googlebot/2.1; +http://www.google.com/bot.html)"
157.55.39.205 - - [12/Sep/2026:15:28:50 +0300] "GET /?sale/search/detail/?ITMCODE=5196971625 HTTP/2.0" 200 219010 "-" "Mozilla/5.0 AppleWebKit/537.36 (KHTML, like Gecko; compatible; bingbot/2.0; +http://www.bing.com/bingbot.htm) Chrome/116.0.1938.76 Safari/537.36"
157.55.39.205 - - [12/Sep/2026:15:28:52 +0300] "GET /?sale/search/detail/?ITMCODE=51992115300 HTTP/2.0" 200 203699 "-" "Mozilla/5.0 AppleWebKit/537.36 (KHTML, like Gecko; compatible; bingbot/2.0; +http://www.bing.com/bingbot.htm) Chrome/116.0.1938.76 Safari/537.36"
66.249.79.2 - - [12/Sep/2026:15:28:52 +0300] "GET /index.php/zinynas-keliaujantiems?sale/search/detail/?ITMCODE=51971236700 HTTP/1.1" 200 216470 "-" "Mozilla/5.0 (Linux; Android 6.0.1; Nexus 5X Build/MMB29P) AppleWebKit/537.36 (KHTML, like Gecko) Chrome/153.0.8010.36 Mobile Safari/537.36 (compatible; Googlebot/2.1; +http://www.google.com/bot.html)"
114.119.148.64 - - [12/Sep/2026:15:28:53 +0300] "GET /?sale/search/detail/%3FITMCODE=51987950788 HTTP/1.1" 200 31590 "https://www.keliauk-uk.lt/?sitemap-products.xml" "Mozilla/5.0 (Linux; Android 7.0;) AppleWebKit/537.36 (HTML, like Gecko) Mobile Safari/537.36 (compatible; PetalBot;+https://webmaster.petalsearch.com/site/petalbot)"
40.77.167.130 - - [12/Sep/2026:15:28:53 +0300] "GET /?sale/search/detail/?ITMCODE=519627541760 HTTP/2.0" 200 213159 "-" "Mozilla/5.0 AppleWebKit/537.36 (KHTML, like Gecko; compatible; bingbot/2.0; +http://www.bing.com/bingbot.htm) Chrome/116.0.1938.76 Safari/537.36"
157.55.39.205 - - [12/Sep/2026:15:28:53 +0300] "GET /sale/search/detail/?ITMCODE=51992168326 HTTP/2.0" 200 207245 "-" "Mozilla/5.0 AppleWebKit/537.36 (KHTML, like Gecko; compatible; bingbot/2.0; +http://www.bing.com/bingbot.htm) Chrome/116.0.1938.76 Safari/537.36"
52.167.144.142 - - [12/Sep/2026:15:28:55 +0300] "GET /?sale/search/detail/?ITMCODE=5196648741 HTTP/2.0" 200 207034 "-" "Mozilla/5.0 AppleWebKit/537.36 (KHTML, like Gecko; compatible; bingbot/2.0; +http://www.bing.com/bingbot.htm) Chrome/116.0.1938.76 Safari/537.36"
52.167.144.142 - - [12/Sep/2026:15:28:56 +0300] "GET /?sale/search/detail/?ITMCODE=51971367821 HTTP/2.0" 200 200397 "-" "Mozilla/5.0 AppleWebKit/537.36 (KHTML, like Gecko; compatible; bingbot/2.0; +http://www.bing.com/bingbot.htm) Chrome/116.0.1938.76 Safari/537.36"
85.208.96.199 - - [12/Sep/2026:15:28:59 +0300] "GET /?sale%2Fsearch%2Fdetail%2F%3FITMCODE=519518107603 HTTP/1.1" 200 31563 "-" "Mozilla/5.0 (compatible; SemrushBot/7~bl; +http://www.semrush.com/bot.html)"
185.191.171.15 - - [12/Sep/2026:15:29:02 +0300] "GET /?sale%2Fsearch%2Fdetail%2F%3FITMCODE=51981842086 HTTP/1.1" 200 31562 "-" "Mozilla/5.0 (compatible; SemrushBot/7~bl; +http://www.semrush.com/bot.html)"
185.191.171.9 - - [12/Sep/2026:15:29:04 +0300] "GET /?sale%2Fsearch%2Fdetail%2F%3FITMCODE=519767329344 HTTP/1.1" 200 31563 "-" "Mozilla/5.0 (compatible; SemrushBot/7~bl; +http://www.semrush.com/bot.html)"
40.77.167.130 - - [12/Sep/2026:15:29:05 +0300] "GET /shop/pg/51971253950 HTTP/2.0" 200 206868 "-" "Mozilla/5.0 AppleWebKit/537.36 (KHTML, like Gecko; compatible; bingbot/2.0; +http://www.bing.com/bingbot.htm) Chrome/116.0.1938.76 Safari/537.36"
40.77.167.130 - - [12/Sep/2026:15:29:07 +0300] "GET /?sale/search/detail/?ITMCODE=52002770476 HTTP/2.0" 200 200799 "-" "Mozilla/5.0 AppleWebKit/537.36 (KHTML, like Gecko; compatible; bingbot/2.0; +http://www.bing.com/bingbot.htm) Chrome/116.0.1938.76 Safari/537.36"
40.77.167.130 - - [12/Sep/2026:15:29:10 +0300] "GET /?sale/search/detail/?ITMCODE=51971083843 HTTP/2.0" 200 215924 "-" "Mozilla/5.0 AppleWebKit/537.36 (KHTML, like Gecko; compatible; bingbot/2.0; +http://www.bing.com/bingbot.htm) Chrome/116.0.1938.76 Safari/537.36"
40.77.167.130 - - [12/Sep/2026:15:29:14 +0300] "GET /?sale/search/detail/?ITMCODE=51971356749 HTTP/2.0" 200 200712 "-" "Mozilla/5.0 AppleWebKit/537.36 (KHTML, like Gecko; compatible; bingbot/2.0; +http://www.bing.com/bingbot.htm) Chrome/116.0.1938.76 Safari/537.36"
57.141.20.33 - - [12/Sep/2026:15:29:16 +0300] "GET /index.php/component/search/?sale/search/detail/?ITMCODE=519645925648&id=1&Itemid=437&format=opensearch HTTP/2.0" 200 559 "-" "Mozilla/5.0 (Windows NT 10.0; Win64; x64) AppleWebKit/537.36 (KHTML, like Gecko) Chrome/145.0.0.0 Safari/537.36 (compatible; meta-externalagent/1.1 (+https://developers.facebook.com/docs/sharing/webmasters/crawler))"
57.141.20.44 - - [12/Sep/2026:15:29:18 +0300] "GET /index.php/component/search/?sale/search/detail/?ITMCODE=519914210183&format=opensearch HTTP/2.0" 200 561 "-" "Mozilla/5.0 (Macintosh; Intel Mac OS X 10_15_7) AppleWebKit/537.36 (KHTML, like Gecko) Chrome/145.0.0.0 Safari/537.36 (compatible; meta-externalagent/1.1 (+https://developers.facebook.com/docs/sharing/webmasters/crawler))"
85.208.96.197 - - [12/Sep/2026:15:29:18 +0300] "GET /?sale%2Fsearch%2Fdetail%2F%3FITMCODE=519767447337 HTTP/1.1" 200 31563 "-" "Mozilla/5.0 (compatible; SemrushBot/7~bl; +http://www.semrush.com/bot.html)"
85.208.96.204 - - [12/Sep/2026:15:29:21 +0300] "GET /?sale%2Fsearch%2Fdetail%2F%3FITMCODE=52005588715 HTTP/1.1" 200 31562 "-" "Mozilla/5.0 (compatible; SemrushBot/7~bl; +http://www.semrush.com/bot.html)"
85.208.96.195 - - [12/Sep/2026:15:29:27 +0300] "GET /?sale%2Fsearch%2Fdetail%2F%3FITMCODE=520089897334 HTTP/1.1" 200 31563 "-" "Mozilla/5.0 (compatible; SemrushBot/7~bl; +http://www.semrush.com/bot.html)"
40.77.167.130 - - [12/Sep/2026:15:29:29 +0300] "GET /?sale/search/detail/?ITMCODE=51992442584 HTTP/2.0" 200 214038 "-" "Mozilla/5.0 AppleWebKit/537.36 (KHTML, like Gecko; compatible; bingbot/2.0; +http://www.bing.com/bingbot.htm) Chrome/116.0.1938.76 Safari/537.36"
