52.167.144.21 - - [12/Sep/2026:16:34:11 +0300] "GET /?sale/search/detail/?ITMCODE=51971378440 HTTP/2.0" 200 202040 "-" "Mozilla/5.0 AppleWebKit/537.36 (KHTML, like Gecko; compatible; bingbot/2.0; +http://www.bing.com/bingbot.htm) Chrome/116.0.1938.76 Safari/537.36"
207.46.13.9 - - [12/Sep/2026:16:34:12 +0300] "GET /?sale/search/detail/?ITMCODE=51974204320 HTTP/2.0" 200 195854 "-" "Mozilla/5.0 AppleWebKit/537.36 (KHTML, like Gecko; compatible; bingbot/2.0; +http://www.bing.com/bingbot.htm) Chrome/116.0.1938.76 Safari/537.36"
207.46.13.9 - - [12/Sep/2026:16:34:13 +0300] "GET /?sale/search/detail/?ITMCODE=51956201054 HTTP/2.0" 200 196340 "-" "Mozilla/5.0 AppleWebKit/537.36 (KHTML, like Gecko; compatible; bingbot/2.0; +http://www.bing.com/bingbot.htm) Chrome/116.0.1938.76 Safari/537.36"
207.46.13.9 - - [12/Sep/2026:16:34:14 +0300] "GET /?sale/search/detail/?ITMCODE=520026683002 HTTP/2.0" 200 199035 "-" "Mozilla/5.0 AppleWebKit/537.36 (KHTML, like Gecko; compatible; bingbot/2.0; +http://www.bing.com/bingbot.htm) Chrome/116.0.1938.76 Safari/537.36"
52.167.144.217 - - [12/Sep/2026:16:34:15 +0300] "GET /?sale/search/detail/?ITMCODE=51981785993 HTTP/2.0" 200 204486 "-" "Mozilla/5.0 AppleWebKit/537.36 (KHTML, like Gecko; compatible; bingbot/2.0; +http://www.bing.com/bingbot.htm) Chrome/116.0.1938.76 Safari/537.36"
207.46.13.9 - - [12/Sep/2026:16:34:15 +0300] "GET /?sale/search/detail/?ITMCODE=52005575169 HTTP/2.0" 200 202698 "-" "Mozilla/5.0 AppleWebKit/537.36 (KHTML, like Gecko; compatible; bingbot/2.0; +http://www.bing.com/bingbot.htm) Chrome/116.0.1938.76 Safari/537.36"
52.167.144.217 - - [12/Sep/2026:16:34:16 +0300] "GET /?sale/search/detail/?ITMCODE=5195435517 HTTP/2.0" 200 208851 "-" "Mozilla/5.0 AppleWebKit/537.36 (KHTML, like Gecko; compatible; bingbot/2.0; +http://www.bing.com/bingbot.htm) Chrome/116.0.1938.76 Safari/537.36"
52.167.144.217 - - [12/Sep/2026:16:34:16 +0300] "GET /?sale/search/detail/?ITMCODE=51992486315 HTTP/2.0" 200 232717 "-" "Mozilla/5.0 AppleWebKit/537.36 (KHTML, like Gecko; compatible; bingbot/2.0; +http://www.bing.com/bingbot.htm) Chrome/116.0.1938.76 Safari/537.36"
52.167.144.217 - - [12/Sep/2026:16:34:17 +0300] "GET /?sale/search/detail/?ITMCODE=5195443568 HTTP/2.0" 200 222964 "-" "Mozilla/5.0 AppleWebKit/537.36 (KHTML, like Gecko; compatible; bingbot/2.0; +http://www.bing.com/bingbot.htm) Chrome/116.0.1938.76 Safari/537.36"
52.167.144.217 - - [12/Sep/2026:16:34:18 +0300] "GET /?sale/search/detail/?ITMCODE=5196820447 HTTP/2.0" 200 204382 "-" "Mozilla/5.0 AppleWebKit/537.36 (KHTML, like Gecko; compatible; bingbot/2.0; +http://www.bing.com/bingbot.htm) Chrome/116.0.1938.76 Safari/537.36"
52.167.144.217 - - [12/Sep/2026:16:34:18 +0300] "GET /?sale/search/detail/?ITMCODE=519953170935 HTTP/2.0" 200 212394 "-" "Mozilla/5.0 AppleWebKit/537.36 (KHTML, like Gecko; compatible; bingbot/2.0; +http://www.bing.com/bingbot.htm) Chrome/116.0.1938.76 Safari/537.36"
52.167.144.217 - - [12/Sep/2026:16:34:19 +0300] "GET /?sale/search/detail/?ITMCODE=520062891961 HTTP/2.0" 200 203329 "-" "Mozilla/5.0 AppleWebKit/537.36 (KHTML, like Gecko; compatible; bingbot/2.0; +http://www.bing.com/bingbot.htm) Chrome/116.0.1938.76 Safari/537.36"
52.167.144.217 - - [12/Sep/2026:16:34:20 +0300] "GET /?sale/search/detail/?ITMCODE=52005814081 HTTP/2.0" 200 212029 "-" "Mozilla/5.0 AppleWebKit/537.36 (KHTML, like Gecko; compatible; bingbot/2.0; +http://www.bing.com/bingbot.htm) Chrome/116.0.1938.76 Safari/537.36"
52.167.144.217 - - [12/Sep/2026:16:34:20 +0300] "GET /?sale/search/detail/?ITMCODE=51959187541 HTTP/2.0" 200 229242 "-" "Mozilla/5.0 AppleWebKit/537.36 (KHTML, like Gecko; compatible; bingbot/2.0; +http://www.bing.com/bingbot.htm) Chrome/116.0.1938.76 Safari/537.36"
52.167.144.217 - - [12/Sep/2026:16:34:21 +0300] "GET /?sale/search/detail/?ITMCODE=52008916174 HTTP/2.0" 200 203465 "-" "Mozilla/5.0 AppleWebKit/537.36 (KHTML, like Gecko; compatible; bingbot/2.0; +http://www.bing.com/bingbot.htm) Chrome/116.0.1938.76 Safari/537.36"
52.167.144.217 - - [12/Sep/2026:16:34:21 +0300] "GET /?sale/search/detail/?ITMCODE=51971376984 HTTP/2.0" 200 201128 "-" "Mozilla/5.0 AppleWebKit/537.36 (KHTML, like Gecko; compatible; bingbot/2.0; +http://www.bing.com/bingbot.htm) Chrome/116.0.1938.76 Safari/537.36"
52.167.144.217 - - [12/Sep/2026:16:34:22 +0300] "GET /?sale/search/detail/?ITMCODE=51981599440 HTTP/2.0" 200 204742 "-" "Mozilla/5.0 AppleWebKit/537.36 (KHTML, like Gecko; compatible; bingbot/2.0; +http://www.bing.com/bingbot.htm) Chrome/116.0.1938.76 Safari/537.36"
114.119.137.116 - - [12/Sep/2026:16:34:23 +0300] "GET /?sale/search/detail/%3FITMCODE=51987860719 HTTP/1.1" 200 31590 "https://www.keliauk-uk.lt/?sitemap-shopdetail.xml" "Mozilla/5.0 (Linux; Android 7.0;) AppleWebKit/537.36 (HTML, like Gecko) Mobile Safari/537.36 (compatible; PetalBot;+https://webmaster.petalsearch.com/site/petalbot)"
66.249.79.1 - - [12/Sep/2026:16:34:24 +0300] "GET /index.php/zinynas-keliaujantiems?sale/search/detail/?ITMCODE=51992342158 HTTP/1.1" 200 213910 "-" "Mozilla/5.0 (Linux; Android 6.0.1; Nexus 5X Build/MMB29P) AppleWebKit/537.36 (KHTML, like Gecko) Chrome/153.0.8010.36 Mobile Safari/537.36 (compatible; Googlebot/2.1; +http://www.google.com/bot.html)"
85.208.96.195 - - [12/Sep/2026:16:34:28 +0300] "GET /?sale%2Fsearch%2Fdetail%2F%3FITMCODE=519938008318 HTTP/1.1" 200 31563 "-" "Mozilla/5.0 (compatible; SemrushBot/7~bl; +http://www.semrush.com/bot.html)"
85.208.96.207 - - [12/Sep/2026:16:34:31 +0300] "GET /?sale%2Fsearch%2Fdetail%2F%3FITMCODE=519687908580 HTTP/1.1" 200 31563 "-" "Mozilla/5.0 (compatible; SemrushBot/7~bl; +http://www.semrush.com/bot.html)"
85.208.96.193 - - [12/Sep/2026:16:34:33 +0300] "GET /?sale%2Fsearch%2Fdetail%2F%3FITMCODE=519834655365 HTTP/1.1" 200 31563 "-" "Mozilla/5.0 (compatible; SemrushBot/7~bl; +http://www.semrush.com/bot.html)"
85.208.96.197 - - [12/Sep/2026:16:34:35 +0300] "GET /?sale%2Fsearch%2Fdetail%2F%3FITMCODE=51953194123 HTTP/1.1" 200 31562 "-" "Mozilla/5.0 (compatible; SemrushBot/7~bl; +http://www.semrush.com/bot.html)"
85.208.96.193 - - [12/Sep/2026:16:34:39 +0300] "GET /?sale%2Fsearch%2Fdetail%2F%3FITMCODE=520035606083 HTTP/1.1" 200 31563 "-" "Mozilla/5.0 (compatible; SemrushBot/7~bl; +http://www.semrush.com/bot.html)"
85.208.96.198 - - [12/Sep/2026:16:34:58 +0300] "GET /?sale%2Fsearch%2Fdetail%2F%3FITMCODE=519560313317 HTTP/1.1" 200 31563 "-" "Mozilla/5.0 (compatible; SemrushBot/7~bl; +http://www.semrush.com/bot.html)"
66.249.79.1 - - [12/Sep/2026:16:34:58 +0300] "GET /index.php/paslaugos?sale/search/detail/?ITMCODE=5196808494 HTTP/1.1" 200 199954 "-" "Mozilla/5.0 (Linux; Android 6.0.1; Nexus 5X Build/MMB29P) AppleWebKit/537.36 (KHTML, like Gecko) Chrome/153.0.8010.36 Mobile Safari/537.36 (compatible; Googlebot/2.1; +http://www.google.com/bot.html)"
52.167.144.21 - - [12/Sep/2026:16:35:00 +0300] "GET /?sale/search/detail/?ITMCODE=51981913431 HTTP/2.0" 200 208429 "-" "Mozilla/5.0 AppleWebKit/537.36 (KHTML, like Gecko; compatible; bingbot/2.0; +http://www.bing.com/bingbot.htm) Chrome/116.0.1938.76 Safari/537.36"
52.167.144.21 - - [12/Sep/2026:16:35:01 +0300] "GET /?sale/search/detail/?ITMCODE=51971496443 HTTP/2.0" 200 207667 "-" "Mozilla/5.0 AppleWebKit/537.36 (KHTML, like Gecko; compatible; bingbot/2.0; +http://www.bing.com/bingbot.htm) Chrome/116.0.1938.76 Safari/537.36"
52.167.144.21 - - [12/Sep/2026:16:35:02 +0300] "GET /?sale/search/detail/?ITMCODE=519998114889 HTTP/2.0" 200 224692 "-" "Mozilla/5.0 AppleWebKit/537.36 (KHTML, like Gecko; compatible; bingbot/2.0; +http://www.bing.com/bingbot.htm) Chrome/116.0.1938.76 Safari/537.36"
52.167.144.21 - - [12/Sep/2026:16:35:02 +0300] "GET /?sale/search/detail/?ITMCODE=51987879801 HTTP/2.0" 200 209714 "-" "Mozilla/5.0 AppleWebKit/537.36 (KHTML, like Gecko; compatible; bingbot/2.0; +http://www.bing.com/bingbot.htm) Chrome/116.0.1938.76 Safari/537.36"
52.167.144.21 - - [12/Sep/2026:16:35:03 +0300] "GET /?sale/search/detail/?ITMCODE=51992443849 HTTP/2.0" 200 203730 "-" "Mozilla/5.0 AppleWebKit/537.36 (KHTML, like Gecko; compatible; bingbot/2.0; +http://www.bing.com/bingbot.htm) Chrome/116.0.1938.76 Safari/537.36"
66.249.79.2 - - [12/Sep/2026:16:35:04 +0300] "GET /shop/pg/879915 HTTP/1.1" 200 199365 "-" "Mozilla/5.0 (Linux; Android 6.0.1; Nexus 5X Build/MMB29P) AppleWebKit/537.36 (KHTML, like Gecko) Chrome/153.0.8010.36 Mobile Safari/537.36 (compatible; Googlebot/2.1; +http://www.google.com/bot.html)"
52.167.144.21 - - [12/Sep/2026:16:35:10 +0300] "GET /?sale/search/detail/?ITMCODE=520041812313 HTTP/2.0" 200 203846 "-" "Mozilla/5.0 AppleWebKit/537.36 (KHTML, like Gecko; compatible; bingbot/2.0; +http://www.bing.com/bingbot.htm) Chrome/116.0.1938.76 Safari/537.36"
52.167.144.21 - - [12/Sep/2026:16:35:11 +0300] "GET /?sale/search/detail/?ITMCODE=51995122225 HTTP/2.0" 200 204068 "-" "Mozilla/5.0 AppleWebKit/537.36 (KHTML, like Gecko; compatible; bingbot/2.0; +http://www.bing.com/bingbot.htm) Chrome/116.0.1938.76 Safari/537.36"
52.167.144.21 - - [12/Sep/2026:16:35:12 +0300] "GET /?sale/search/detail/?ITMCODE=51977349609 HTTP/2.0" 200 206210 "-" "Mozilla/5.0 AppleWebKit/537.36 (KHTML, like Gecko; compatible; bingbot/2.0; +http://www.bing.com/bingbot.htm) Chrome/116.0.1938.76 Safari/537.36"
52.167.144.21 - - [12/Sep/2026:16:35:13 +0300] "GET /?sale/search/detail/?ITMCODE=51981949107 HTTP/2.0" 200 228716 "-" "Mozilla/5.0 AppleWebKit/537.36 (KHTML, like Gecko; compatible; bingbot/2.0; +http://www.bing.com/bingbot.htm) Chrome/116.0.1938.76 Safari/537.36"
52.167.144.217 - - [12/Sep/2026:16:35:15 +0300] "GET /?sale/search/detail/?ITMCODE=519864907981 HTTP/2.0" 200 203891 "-" "Mozilla/5.0 AppleWebKit/537.36 (KHTML, like Gecko; compatible; bingbot/2.0; +http://www.bing.com/bingbot.htm) Chrome/116.0.1938.76 Safari/537.36"
52.167.144.217 - - [12/Sep/2026:16:35:16 +0300] "GET /?sale/search/detail/?ITMCODE=519648845475 HTTP/2.0" 200 217295 "-" "Mozilla/5.0 AppleWebKit/537.36 (KHTML, like Gecko; compatible; bingbot/2.0; +http://www.bing.com/bingbot.htm) Chrome/116.0.1938.76 Safari/537.36"
52.167.144.217 - - [12/Sep/2026:16:35:17 +0300] "GET /?sale/search/detail/?ITMCODE=5196676142 HTTP/2.0" 200 214595 "-" "Mozilla/5.0 AppleWebKit/537.36 (KHTML, like Gecko; compatible; bingbot/2.0; +http://www.bing.com/bingbot.htm) Chrome/116.0.1938.76 Safari/537.36"
66.249.79.1 - - [12/Sep/2026:16:35:16 +0300] "GET /?sale/search/detail/?ITMCODE=5195101001 HTTP/1.1" 200 200792 "-" "Mozilla/5.0 (Linux; Android 6.0.1; Nexus 5X Build/MMB29P) AppleWebKit/537.36 (KHTML, like Gecko) Chrome/153.0.8010.36 Mobile Safari/537.36 (compatible; Googlebot/2.1; +http://www.google.com/bot.html)"
85.208.96.198 - - [12/Sep/2026:16:35:18 +0300] "GET /?sale%2Fsearch%2Fdetail%2F%3FITMCODE=519590469044 HTTP/1.1" 200 31563 "-" "Mozilla/5.0 (compatible; SemrushBot/7~bl; +http://www.semrush.com/bot.html)"
52.167.144.217 - - [12/Sep/2026:16:35:18 +0300] "GET /?sale/search/detail/?ITMCODE=5196657236 HTTP/2.0" 200 199554 "-" "Mozilla/5.0 AppleWebKit/537.36 (KHTML, like Gecko; compatible; bingbot/2.0; +http://www.bing.com/bingbot.htm) Chrome/116.0.1938.76 Safari/537.36"
52.167.144.217 - - [12/Sep/2026:16:35:19 +0300] "GET /?sale/search/detail/?ITMCODE=51992312745 HTTP/2.0" 200 214337 "-" "Mozilla/5.0 AppleWebKit/537.36 (KHTML, like Gecko; compatible; bingbot/2.0; +http://www.bing.com/bingbot.htm) Chrome/116.0.1938.76 Safari/537.36"
85.208.96.204 - - [12/Sep/2026:16:35:20 +0300] "GET /?sale%2Fsearch%2Fdetail%2F%3FITMCODE=520092627490 HTTP/1.1" 200 31563 "-" "Mozilla/5.0 (compatible; SemrushBot/7~bl; +http://www.semrush.com/bot.html)"
52.167.144.217 - - [12/Sep/2026:16:35:20 +0300] "GET /?sale/search/detail/?ITMCODE=52002939313 HTTP/2.0" 200 204004 "-" "Mozilla/5.0 AppleWebKit/537.36 (KHTML, like Gecko; compatible; bingbot/2.0; +http://www.bing.com/bingbot.htm) Chrome/116.0.1938.76 Safari/537.36"
52.167.144.217 - - [12/Sep/2026:16:35:21 +0300] "GET /?sale/search/detail/?ITMCODE=51981617235 HTTP/2.0" 200 210899 "-" "Mozilla/5.0 AppleWebKit/537.36 (KHTML, like Gecko; compatible; bingbot/2.0; +http://www.bing.com/bingbot.htm) Chrome/116.0.1938.76 Safari/537.36"
52.167.144.217 - - [12/Sep/2026:16:35:21 +0300] "GET /?sale/search/detail/?ITMCODE=5196630139 HTTP/2.0" 200 206199 "-" "Mozilla/5.0 AppleWebKit/537.36 (KHTML, like Gecko; compatible; bingbot/2.0; +http://www.bing.com/bingbot.htm) Chrome/116.0.1938.76 Safari/537.36"
52.167.144.217 - - [12/Sep/2026:16:35:22 +0300] "GET /?sale/search/detail/?ITMCODE=51981949666 HTTP/2.0" 200 205075 "-" "Mozilla/5.0 AppleWebKit/537.36 (KHTML, like Gecko; compatible; bingbot/2.0; +http://www.bing.com/bingbot.htm) Chrome/116.0.1938.76 Safari/537.36"
52.167.144.21 - - [12/Sep/2026:16:35:25 +0300] "GET /sale/search/detail/?ITMCODE=519531908 HTTP/2.0" 200 216481 "-" "Mozilla/5.0 AppleWebKit/537.36 (KHTML, like Gecko; compatible; bingbot/2.0; +http://www.bing.com/bingbot.htm) Chrome/116.0.1938.76 Safari/537.36"
85.208.96.197 - - [12/Sep/2026:16:35:40 +0300] "GET /?sale%2Fsearch%2Fdetail%2F%3FITMCODE=52005662371 HTTP/1.1" 200 31562 "-" "Mozilla/5.0 (compatible; SemrushBot/7~bl; +http://www.semrush.com/bot.html)"
85.208.96.198 - - [12/Sep/2026:16:35:42 +0300] "GET /?sale%2Fsearch%2Fdetail%2F%3FITMCODE=520062636622 HTTP/1.1" 200 31563 "-" "Mozilla/5.0 (compatible; SemrushBot/7~bl; +http://www.semrush.com/bot.html)"
114.119.152.47 - - [12/Sep/2026:16:35:46 +0300] "GET /?sale/search/detail/%3FITMCODE=51987858520 HTTP/1.1" 200 31590 "https://www.keliauk-uk.lt/?sitemap-products.xml" "Mozilla/5.0 (Linux; Android 7.0;) AppleWebKit/537.36 (HTML, like Gecko) Mobile Safari/537.36 (compatible; PetalBot;+https://webmaster.petalsearch.com/site/petalbot)"
85.208.96.197 - - [12/Sep/2026:16:35:54 +0300] "GET /?sale%2Fsearch%2Fdetail%2F%3FITMCODE=520035635168 HTTP/1.1" 200 31563 "-" "Mozilla/5.0 (compatible; SemrushBot/7~bl; +http://www.semrush.com/bot.html)"
207.46.13.9 - - [12/Sep/2026:16:35:56 +0300] "GET /?sale/search/detail/?ITMCODE=519599003830 HTTP/2.0" 200 198675 "-" "Mozilla/5.0 AppleWebKit/537.36 (KHTML, like Gecko; compatible; bingbot/2.0; +http://www.bing.com/bingbot.htm) Chrome/116.0.1938.76 Safari/537.36"
207.46.13.9 - - [12/Sep/2026:16:35:57 +0300] "GET /?sale/search/detail/?ITMCODE=519858688203 HTTP/2.0" 200 202103 "-" "Mozilla/5.0 AppleWebKit/537.36 (KHTML, like Gecko; compatible; bingbot/2.0; +http://www.bing.com/bingbot.htm) Chrome/116.0.1938.76 Safari/537.36"
207.46.13.9 - - [12/Sep/2026:16:35:58 +0300] "GET /?sale/search/detail/?ITMCODE=519819905078 HTTP/2.0" 200 201347 "-" "Mozilla/5.0 AppleWebKit/537.36 (KHTML, like Gecko; compatible; bingbot/2.0; +http://www.bing.com/bingbot.htm) Chrome/116.0.1938.76 Safari/537.36"
207.46.13.9 - - [12/Sep/2026:16:35:59 +0300] "GET /?sale/search/detail/?ITMCODE=51971462291 HTTP/2.0" 200 201844 "-" "Mozilla/5.0 AppleWebKit/537.36 (KHTML, like Gecko; compatible; bingbot/2.0; +http://www.bing.com/bingbot.htm) Chrome/116.0.1938.76 Safari/537.36"
207.46.13.9 - - [12/Sep/2026:16:36:00 +0300] "GET /?sale/search/detail/?ITMCODE=519696665437 HTTP/2.0" 200 195948 "-" "Mozilla/5.0 AppleWebKit/537.36 (KHTML, like Gecko; compatible; bingbot/2.0; +http://www.bing.com/bingbot.htm) Chrome/116.0.1938.76 Safari/537.36"
207.46.13.9 - - [12/Sep/2026:16:36:00 +0300] "GET /?sale/search/detail/?ITMCODE=5196906322 HTTP/2.0" 200 226629 "-" "Mozilla/5.0 AppleWebKit/537.36 (KHTML, like Gecko; compatible; bingbot/2.0; +http://www.bing.com/bingbot.htm) Chrome/116.0.1938.76 Safari/537.36"
207.46.13.9 - - [12/Sep/2026:16:36:01 +0300] "GET /?sale/search/detail/?ITMCODE=51971340155 HTTP/2.0" 200 195615 "-" "Mozilla/5.0 AppleWebKit/537.36 (KHTML, like Gecko; compatible; bingbot/2.0; +http://www.bing.com/bingbot.htm) Chrome/116.0.1938.76 Safari/537.36"
207.46.13.9 - - [12/Sep/2026:16:36:02 +0300] "GET /?sale/search/detail/?ITMCODE=52005684586 HTTP/2.0" 200 194941 "-" "Mozilla/5.0 AppleWebKit/537.36 (KHTML, like Gecko; compatible; bingbot/2.0; +http://www.bing.com/bingbot.htm) Chrome/116.0.1938.76 Safari/537.36"
207.46.13.9 - - [12/Sep/2026:16:36:03 +0300] "GET /?sale/search/detail/?ITMCODE=52002788177 HTTP/2.0" 200 200302 "-" "Mozilla/5.0 AppleWebKit/537.36 (KHTML, like Gecko; compatible; bingbot/2.0; +http://www.bing.com/bingbot.htm) Chrome/116.0.1938.76 Safari/537.36"
207.46.13.9 - - [12/Sep/2026:16:36:04 +0300] "GET /?sale/search/detail/?ITMCODE=51984518914 HTTP/2.0" 200 213463 "-" "Mozilla/5.0 AppleWebKit/537.36 (KHTML, like Gecko; compatible; bingbot/2.0; +http://www.bing.com/bingbot.htm) Chrome/116.0.1938.76 Safari/537.36"
207.46.13.9 - - [12/Sep/2026:16:36:05 +0300] "GET /?sale/search/detail/?ITMCODE=51953286465 HTTP/2.0" 200 210622 "-" "Mozilla/5.0 AppleWebKit/537.36 (KHTML, like Gecko; compatible; bingbot/2.0; +http://www.bing.com/bingbot.htm) Chrome/116.0.1938.76 Safari/537.36"
57.141.20.28 - - [12/Sep/2026:16:36:05 +0300] "GET /index.php/component/search/?sale/search/detail/?ITMCODE=51987957624&id=1&Itemid=437&format=opensearch HTTP/2.0" 200 584 "-" "Mozilla/5.0 (Windows NT 10.0; Win64; x64) AppleWebKit/537.36 (KHTML, like Gecko) Chrome/145.0.0.0 Safari/537.36 (compatible; meta-externalagent/1.1 (+https://developers.facebook.com/docs/sharing/webmasters/crawler))"
66.249.79.1 - - [12/Sep/2026:16:36:16 +0300] "GET /index.php/zinynas-keliaujantiems?sale/search/detail/?ITMCODE=5196962155 HTTP/1.1" 200 206062 "-" "Mozilla/5.0 (Linux; Android 6.0.1; Nexus 5X Build/MMB29P) AppleWebKit/537.36 (KHTML, like Gecko) Chrome/153.0.8010.36 Mobile Safari/537.36 (compatible; Googlebot/2.1; +http://www.google.com/bot.html)"
40.77.167.45 - - [12/Sep/2026:16:36:17 +0300] "GET /shop/c/c51991000077/ HTTP/2.0" 200 270424 "-" "Mozilla/5.0 AppleWebKit/537.36 (KHTML, like Gecko; compatible; bingbot/2.0; +http://www.bing.com/bingbot.htm) Chrome/116.0.1938.76 Safari/537.36"
57.141.20.59 - - [12/Sep/2026:16:36:52 +0300] "GET /index.php/component/search/?sale/search/detail/?ITMCODE=519521331912& HTTP/2.0" 200 19807 "-" "Mozilla/5.0 (Macintosh; Intel Mac OS X 10_15_7) AppleWebKit/537.36 (KHTML, like Gecko) Chrome/145.0.0.0 Safari/537.36 (compatible; meta-externalagent/1.1 (+https://developers.facebook.com/docs/sharing/webmasters/crawler))"
57.141.20.43 - - [12/Sep/2026:16:36:54 +0300] "GET /presets/.css HTTP/2.0" 404 1461 "https://keliauk-uk.lt.testams.vhost.lt/index.php/component/search/?sale/search/detail/?ITMCODE=519521331912&" "Mozilla/5.0 (Macintosh; Intel Mac OS X 10_15_7) AppleWebKit/537.36 (KHTML, like Gecko) Chrome/145.0.0.0 Safari/537.36 (compatible; meta-externalagent/1.1 (+https://developers.facebook.com/docs/sharing/webmasters/crawler))"
185.191.171.14 - - [12/Sep/2026:16:37:02 +0300] "GET /?sale%2Fsearch%2Fdetail%2F%3FITMCODE=519651860612 HTTP/1.1" 200 31563 "-" "Mozilla/5.0 (compatible; SemrushBot/7~bl; +http://www.semrush.com/bot.html)"
114.119.152.47 - - [12/Sep/2026:16:37:09 +0300] "GET /?sale/search/detail/%3FITMCODE=51987858038 HTTP/1.1" 200 31590 "https://www.keliauk-uk.lt/?sitemap-items.xml" "Mozilla/5.0 (Linux; Android 7.0;) AppleWebKit/537.36 (HTML, like Gecko) Mobile Safari/537.36 (compatible; PetalBot;+https://webmaster.petalsearch.com/site/petalbot)"
57.141.20.30 - - [12/Sep/2026:16:37:11 +0300] "GET /index.php/component/search/?sale/search/detail/?ITMCODE=51981786940&id=1&Itemid=437&format=opensearch HTTP/2.0" 200 584 "-" "Mozilla/5.0 (Windows NT 10.0; Win64; x64) AppleWebKit/537.36 (KHTML, like Gecko) Chrome/145.0.0.0 Safari/537.36 (compatible; meta-externalagent/1.1 (+https://developers.facebook.com/docs/sharing/webmasters/crawler))"
66.249.79.1 - - [12/Sep/2026:16:37:15 +0300] "GET /index.php/zinynas-keliaujantiems?sale/search/detail/?ITMCODE=51992161984 HTTP/1.1" 200 207978 "-" "Mozilla/5.0 (Linux; Android 6.0.1; Nexus 5X Build/MMB29P) AppleWebKit/537.36 (KHTML, like Gecko) Chrome/153.0.8010.36 Mobile Safari/537.36 (compatible; Googlebot/2.1; +http://www.google.com/bot.html)"
57.141.20.27 - - [12/Sep/2026:16:37:16 +0300] "GET /index.php/component/search/?sale/search/detail/?ITMCODE=519785046643&id=1&Itemid=437&format=opensearch HTTP/2.0" 200 585 "-" "Mozilla/5.0 (Windows NT 10.0; Win64; x64) AppleWebKit/537.36 (KHTML, like Gecko) Chrome/145.0.0.0 Safari/537.36 Edg/145.0.0.0 (compatible; meta-externalagent/1.1 (+https://developers.facebook.com/docs/sharing/webmasters/crawler))"
85.208.96.210 - - [12/Sep/2026:16:37:25 +0300] "GET /?sale%2Fsearch%2Fdetail%2F%3FITMCODE=51966743102 HTTP/1.1" 200 31562 "-" "Mozilla/5.0 (compatible; SemrushBot/7~bl; +http://www.semrush.com/bot.html)"
85.208.96.206 - - [12/Sep/2026:16:37:41 +0300] "GET /?sale%2Fsearch%2Fdetail%2F%3FITMCODE=51963921388 HTTP/1.1" 200 31562 "-" "Mozilla/5.0 (compatible; SemrushBot/7~bl; +http://www.semrush.com/bot.html)"
66.249.79.2 - - [12/Sep/2026:16:37:43 +0300] "GET /index.php/zinynas-keliaujantiems?sale/search/detail/?ITMCODE=5196953302 HTTP/1.1" 200 212102 "-" "Mozilla/5.0 (Linux; Android 6.0.1; Nexus 5X Build/MMB29P) AppleWebKit/537.36 (KHTML, like Gecko) Chrome/153.0.8010.36 Mobile Safari/537.36 (compatible; Googlebot/2.1; +http://www.google.com/bot.html)"
85.208.96.206 - - [12/Sep/2026:16:37:45 +0300] "GET /?sale%2Fsearch%2Fdetail%2F%3FITMCODE=519819878983 HTTP/1.1" 200 31563 "-" "Mozilla/5.0 (compatible; SemrushBot/7~bl; +http://www.semrush.com/bot.html)"
66.249.79.1 - - [12/Sep/2026:16:37:46 +0300] "GET /index.php/zinynas-keliaujantiems?sale/search/detail/?ITMCODE=51992368110 HTTP/1.1" 200 204938 "-" "Mozilla/5.0 (Linux; Android 6.0.1; Nexus 5X Build/MMB29P) AppleWebKit/537.36 (KHTML, like Gecko) Chrome/153.0.8010.36 Mobile Safari/537.36 (compatible; Googlebot/2.1; +http://www.google.com/bot.html)"
185.191.171.5 - - [12/Sep/2026:16:37:48 +0300] "GET /?sale%2Fsearch%2Fdetail%2F%3FITMCODE=51987696025 HTTP/1.1" 200 31562 "-" "Mozilla/5.0 (compatible; SemrushBot/7~bl; +http://www.semrush.com/bot.html)"
66.249.79.1 - - [12/Sep/2026:16:37:51 +0300] "GET /index.php/zinynas-keliaujantiems?sale/search/detail/?ITMCODE=51971213393 HTTP/1.1" 200 202303 "-" "Mozilla/5.0 (Linux; Android 6.0.1; Nexus 5X Build/MMB29P) AppleWebKit/537.36 (KHTML, like Gecko) Chrome/153.0.8010.36 Mobile Safari/537.36 (compatible; Googlebot/2.1; +http://www.google.com/bot.html)"
66.249.79.3 - - [12/Sep/2026:16:38:00 +0300] "GET /index.php/zinynas-keliaujantiems?sale/search/detail/?ITMCODE=5196965850 HTTP/1.1" 200 209763 "-" "Mozilla/5.0 (Linux; Android 6.0.1; Nexus 5X Build/MMB29P) AppleWebKit/537.36 (KHTML, like Gecko) Chrome/153.0.8010.36 Mobile Safari/537.36 (compatible; Googlebot/2.1; +http://www.google.com/bot.html)"
85.208.96.209 - - [12/Sep/2026:16:38:12 +0300] "GET /?sale%2Fsearch%2Fdetail%2F%3FITMCODE=51966511590 HTTP/1.1" 200 31562 "-" "Mozilla/5.0 (compatible; SemrushBot/7~bl; +http://www.semrush.com/bot.html)"
66.249.79.1 - - [12/Sep/2026:16:38:15 +0300] "GET /index.php/zinynas-keliaujantiems?sale/search/detail/?ITMCODE=52002920551 HTTP/1.1" 200 202642 "-" "Mozilla/5.0 (Linux; Android 6.0.1; Nexus 5X Build/MMB29P) AppleWebKit/537.36 (KHTML, like Gecko) Chrome/153.0.8010.36 Mobile Safari/537.36 (compatible; Googlebot/2.1; +http://www.google.com/bot.html)"
114.119.135.63 - - [12/Sep/2026:16:38:34 +0300] "GET /?sale/search/detail/%3FITMCODE=51987853918 HTTP/1.1" 200 31590 "https://www.keliauk-uk.lt/?sitemap-items.xml" "Mozilla/5.0 (Linux; Android 7.0;) AppleWebKit/537.36 (HTML, like Gecko) Mobile Safari/537.36 (compatible; PetalBot;+https://webmaster.petalsearch.com/site/petalbot)"
185.191.171.18 - - [12/Sep/2026:16:38:37 +0300] "GET /?sale%2Fsearch%2Fdetail%2F%3FITMCODE=519938131903 HTTP/1.1" 200 31563 "-" "Mozilla/5.0 (compatible; SemrushBot/7~bl; +http://www.semrush.com/bot.html)"
85.208.96.198 - - [12/Sep/2026:16:38:39 +0300] "GET /?sale%2Fsearch%2Fdetail%2F%3FITMCODE=520068877194 HTTP/1.1" 200 31563 "-" "Mozilla/5.0 (compatible; SemrushBot/7~bl; +http://www.semrush.com/bot.html)"
185.191.171.15 - - [12/Sep/2026:16:38:42 +0300] "GET /?sale%2Fsearch%2Fdetail%2F%3FITMCODE=519621672854 HTTP/1.1" 200 31563 "-" "Mozilla/5.0 (compatible; SemrushBot/7~bl; +http://www.semrush.com/bot.html)"
85.208.96.204 - - [12/Sep/2026:16:38:45 +0300] "GET /?sale%2Fsearch%2Fdetail%2F%3FITMCODE=52002735865 HTTP/1.1" 200 31562 "-" "Mozilla/5.0 (compatible; SemrushBot/7~bl; +http://www.semrush.com/bot.html)"
85.208.96.201 - - [12/Sep/2026:16:38:49 +0300] "GET /?sale%2Fsearch%2Fdetail%2F%3FITMCODE=519935196808 HTTP/1.1" 200 31563 "-" "Mozilla/5.0 (compatible; SemrushBot/7~bl; +http://www.semrush.com/bot.html)"
185.191.171.8 - - [12/Sep/2026:16:38:53 +0300] "GET /?sale%2Fsearch%2Fdetail%2F%3FITMCODE=519654972968 HTTP/1.1" 200 31563 "-" "Mozilla/5.0 (compatible; SemrushBot/7~bl; +http://www.semrush.com/bot.html)"
57.141.20.7 - - [12/Sep/2026:16:39:10 +0300] "GET /index.php/component/search/?sale/search/detail/?ITMCODE=52002736153& HTTP/2.0" 200 19806 "-" "Mozilla/5.0 (Macintosh; Intel Mac OS X 10_15_7) AppleWebKit/537.36 (KHTML, like Gecko) Chrome/145.0.0.0 Safari/537.36 (compatible; meta-externalagent/1.1 (+https://developers.facebook.com/docs/sharing/webmasters/crawler))"
85.208.96.202 - - [12/Sep/2026:16:39:11 +0300] "GET /?sale%2Fsearch%2Fdetail%2F%3FITMCODE=519758334535 HTTP/1.1" 200 31563 "-" "Mozilla/5.0 (compatible; SemrushBot/7~bl; +http://www.semrush.com/bot.html)"
66.249.79.3 - - [12/Sep/2026:16:39:11 +0300] "GET /index.php/zinynas-keliaujantiems?sale/search/detail/?ITMCODE=51992018023 HTTP/1.1" 200 230202 "-" "Mozilla/5.0 (Linux; Android 6.0.1; Nexus 5X Build/MMB29P) AppleWebKit/537.36 (KHTML, like Gecko) Chrome/153.0.8010.36 Mobile Safari/537.36 (compatible; Googlebot/2.1; +http://www.google.com/bot.html)"
66.249.79.1 - - [12/Sep/2026:16:39:13 +0300] "GET /index.php/zinynas-keliaujantiems?sale/search/detail/?ITMCODE=5196713768 HTTP/1.1" 200 202931 "-" "Mozilla/5.0 (Linux; Android 6.0.1; Nexus 5X Build/MMB29P) AppleWebKit/537.36 (KHTML, like Gecko) Chrome/153.0.8010.36 Mobile Safari/537.36 (compatible; Googlebot/2.1; +http://www.google.com/bot.html)"
66.249.79.1 - - [12/Sep/2026:16:39:28 +0300] "GET /index.php/zinynas-keliaujantiems?sale/search/detail/?ITMCODE=51981846971 HTTP/1.1" 200 204632 "-" "Mozilla/5.0 (Linux; Android 6.0.1; Nexus 5X Build/MMB29P) AppleWebKit/537.36 (KHTML, like Gecko) Chrome/153.0.8010.36 Mobile Safari/537.36 (compatible; Googlebot/2.1; +http://www.google.com/bot.html)"
207.46.13.87 - - [12/Sep/2026:16:39:32 +0300] "GET /?sale/search/detail/?ITMCODE=51966570315 HTTP/2.0" 200 208599 "-" "Mozilla/5.0 AppleWebKit/537.36 (KHTML, like Gecko; compatible; bingbot/2.0; +http://www.bing.com/bingbot.htm) Chrome/116.0.1938.76 Safari/537.36"
207.46.13.87 - - [12/Sep/2026:16:39:33 +0300] "GET /?sale/search/detail/?ITMCODE=5196748576 HTTP/2.0" 200 210645 "-" "Mozilla/5.0 AppleWebKit/537.36 (KHTML, like Gecko; compatible; bingbot/2.0; +http://www.bing.com/bingbot.htm) Chrome/116.0.1938.76 Safari/537.36"
157.55.39.196 - - [12/Sep/2026:16:39:33 +0300] "GET /?sale/search/detail/?ITMCODE=519713369590 HTTP/2.0" 200 200854 "-" "Mozilla/5.0 AppleWebKit/537.36 (KHTML, like Gecko; compatible; bingbot/2.0; +http://www.bing.com/bingbot.htm) Chrome/116.0.1938.76 Safari/537.36"
207.46.13.87 - - [12/Sep/2026:16:39:34 +0300] "GET /?sale/search/detail/?ITMCODE=519542124418 HTTP/2.0" 200 223572 "-" "Mozilla/5.0 AppleWebKit/537.36 (KHTML, like Gecko; compatible; bingbot/2.0; +http://www.bing.com/bingbot.htm) Chrome/116.0.1938.76 Safari/537.36"
157.55.39.196 - - [12/Sep/2026:16:39:34 +0300] "GET /?sale/search/detail/?ITMCODE=519950036831 HTTP/2.0" 200 197948 "-" "Mozilla/5.0 AppleWebKit/537.36 (KHTML, like Gecko; compatible; bingbot/2.0; +http://www.bing.com/bingbot.htm) Chrome/116.0.1938.76 Safari/537.36"
207.46.13.87 - - [12/Sep/2026:16:39:35 +0300] "GET /?sale/search/detail/?ITMCODE=519560448434 HTTP/2.0" 200 211363 "-" "Mozilla/5.0 AppleWebKit/537.36 (KHTML, like Gecko; compatible; bingbot/2.0; +http://www.bing.com/bingbot.htm) Chrome/116.0.1938.76 Safari/537.36"
157.55.39.196 - - [12/Sep/2026:16:39:35 +0300] "GET /?sale/search/detail/?ITMCODE=519816926020 HTTP/2.0" 200 200048 "-" "Mozilla/5.0 AppleWebKit/537.36 (KHTML, like Gecko; compatible; bingbot/2.0; +http://www.bing.com/bingbot.htm) Chrome/116.0.1938.76 Safari/537.36"
207.46.13.87 - - [12/Sep/2026:16:39:36 +0300] "GET /?sale/search/detail/?ITMCODE=51981968382 HTTP/2.0" 200 221568 "-" "Mozilla/5.0 AppleWebKit/537.36 (KHTML, like Gecko; compatible; bingbot/2.0; +http://www.bing.com/bingbot.htm) Chrome/116.0.1938.76 Safari/537.36"
157.55.39.196 - - [12/Sep/2026:16:39:36 +0300] "GET /?sale/search/detail/?ITMCODE=519599139430 HTTP/2.0" 200 201479 "-" "Mozilla/5.0 AppleWebKit/537.36 (KHTML, like Gecko; compatible; bingbot/2.0; +http://www.bing.com/bingbot.htm) Chrome/116.0.1938.76 Safari/537.36"
207.46.13.87 - - [12/Sep/2026:16:39:36 +0300] "GET /?sale/search/detail/?ITMCODE=51971027578 HTTP/2.0" 200 217899 "-" "Mozilla/5.0 AppleWebKit/537.36 (KHTML, like Gecko; compatible; bingbot/2.0; +http://www.bing.com/bingbot.htm) Chrome/116.0.1938.76 Safari/537.36"
157.55.39.196 - - [12/Sep/2026:16:39:36 +0300] "GET /?sale/search/detail/?ITMCODE=519743485726 HTTP/2.0" 200 200143 "-" "Mozilla/5.0 AppleWebKit/537.36 (KHTML, like Gecko; compatible; bingbot/2.0; +http://www.bing.com/bingbot.htm) Chrome/116.0.1938.76 Safari/537.36"
185.191.171.16 - - [12/Sep/2026:16:39:37 +0300] "GET /?sale%2Fsearch%2Fdetail%2F%3FITMCODE=51977130104 HTTP/1.1" 200 31562 "-" "Mozilla/5.0 (compatible; SemrushBot/7~bl; +http://www.semrush.com/bot.html)"
207.46.13.87 - - [12/Sep/2026:16:39:37 +0300] "GET /?sale/search/detail/?ITMCODE=51992237202 HTTP/2.0" 200 206202 "-" "Mozilla/5.0 AppleWebKit/537.36 (KHTML, like Gecko; compatible; bingbot/2.0; +http://www.bing.com/bingbot.htm) Chrome/116.0.1938.76 Safari/537.36"
157.55.39.196 - - [12/Sep/2026:16:39:37 +0300] "GET /?sale/search/detail/?ITMCODE=519974335311 HTTP/2.0" 200 194093 "-" "Mozilla/5.0 AppleWebKit/537.36 (KHTML, like Gecko; compatible; bingbot/2.0; +http://www.bing.com/bingbot.htm) Chrome/116.0.1938.76 Safari/537.36"
157.55.39.196 - - [12/Sep/2026:16:39:38 +0300] "GET /?sale/search/detail/?ITMCODE=519894576534 HTTP/2.0" 200 210224 "-" "Mozilla/5.0 AppleWebKit/537.36 (KHTML, like Gecko; compatible; bingbot/2.0; +http://www.bing.com/bingbot.htm) Chrome/116.0.1938.76 Safari/537.36"
157.55.39.196 - - [12/Sep/2026:16:39:39 +0300] "GET /?sale/search/detail/?ITMCODE=5195408000 HTTP/2.0" 200 197834 "-" "Mozilla/5.0 AppleWebKit/537.36 (KHTML, like Gecko; compatible; bingbot/2.0; +http://www.bing.com/bingbot.htm) Chrome/116.0.1938.76 Safari/537.36"
157.55.39.196 - - [12/Sep/2026:16:39:40 +0300] "GET /?sale/search/detail/?ITMCODE=52008799113 HTTP/2.0" 200 210153 "-" "Mozilla/5.0 AppleWebKit/537.36 (KHTML, like Gecko; compatible; bingbot/2.0; +http://www.bing.com/bingbot.htm) Chrome/116.0.1938.76 Safari/537.36"
157.55.39.196 - - [12/Sep/2026:16:39:41 +0300] "GET /?sale/search/detail/?ITMCODE=520053857426 HTTP/2.0" 200 199198 "-" "Mozilla/5.0 AppleWebKit/537.36 (KHTML, like Gecko; compatible; bingbot/2.0; +http://www.bing.com/bingbot.htm) Chrome/116.0.1938.76 Safari/537.36"
157.55.39.196 - - [12/Sep/2026:16:39:41 +0300] "GET /?sale/search/detail/?ITMCODE=519974228237 HTTP/2.0" 200 207035 "-" "Mozilla/5.0 AppleWebKit/537.36 (KHTML, like Gecko; compatible; bingbot/2.0; +http://www.bing.com/bingbot.htm) Chrome/116.0.1938.76 Safari/537.36"
157.55.39.196 - - [12/Sep/2026:16:39:42 +0300] "GET /?sale/search/detail/?ITMCODE=51963569836 HTTP/2.0" 200 197842 "-" "Mozilla/5.0 AppleWebKit/537.36 (KHTML, like Gecko; compatible; bingbot/2.0; +http://www.bing.com/bingbot.htm) Chrome/116.0.1938.76 Safari/537.36"
157.55.39.196 - - [12/Sep/2026:16:39:43 +0300] "GET /?sale/search/detail/?ITMCODE=519716425812 HTTP/2.0" 200 196912 "-" "Mozilla/5.0 AppleWebKit/537.36 (KHTML, like Gecko; compatible; bingbot/2.0; +http://www.bing.com/bingbot.htm) Chrome/116.0.1938.76 Safari/537.36"
66.249.79.1 - - [12/Sep/2026:16:39:56 +0300] "GET /index.php/zinynas-keliaujantiems?sale/search/detail/?ITMCODE=51971202609 HTTP/1.1" 200 218433 "-" "Mozilla/5.0 (Linux; Android 6.0.1; Nexus 5X Build/MMB29P) AppleWebKit/537.36 (KHTML, like Gecko) Chrome/153.0.8010.36 Mobile Safari/537.36 (compatible; Googlebot/2.1; +http://www.google.com/bot.html)"
114.119.137.116 - - [12/Sep/2026:16:39:57 +0300] "GET /?sale/search/detail/%3FITMCODE=51987852960 HTTP/1.1" 200 31590 "https://www.keliauk-uk.lt/?sitemap-shopdetail.xml" "Mozilla/5.0 (Linux; Android 7.0;) AppleWebKit/537.36 (HTML, like Gecko) Mobile Safari/537.36 (compatible; PetalBot;+https://webmaster.petalsearch.com/site/petalbot)"
66.249.79.1 - - [12/Sep/2026:16:39:57 +0300] "GET /index.php/zinynas-keliaujantiems?sale/search/detail/?ITMCODE=52002828861 HTTP/1.1" 200 206693 "-" "Mozilla/5.0 (Linux; Android 6.0.1; Nexus 5X Build/MMB29P) AppleWebKit/537.36 (KHTML, like Gecko) Chrome/153.0.8010.36 Mobile Safari/537.36 (compatible; Googlebot/2.1; +http://www.google.com/bot.html)"
185.191.171.2 - - [12/Sep/2026:16:40:02 +0300] "GET /?sale%2Fsearch%2Fdetail%2F%3FITMCODE=519888552710 HTTP/1.1" 200 31563 "-" "Mozilla/5.0 (compatible; SemrushBot/7~bl; +http://www.semrush.com/bot.html)"
185.191.171.1 - - [12/Sep/2026:16:40:18 +0300] "GET /?sale%2Fsearch%2Fdetail%2F%3FITMCODE=520062677728 HTTP/1.1" 200 31563 "-" "Mozilla/5.0 (compatible; SemrushBot/7~bl; +http://www.semrush.com/bot.html)"
85.208.96.201 - - [12/Sep/2026:16:40:32 +0300] "GET /?sale%2Fsearch%2Fdetail%2F%3FITMCODE=51981743848 HTTP/1.1" 200 31562 "-" "Mozilla/5.0 (compatible; SemrushBot/7~bl; +http://www.semrush.com/bot.html)"
85.208.96.206 - - [12/Sep/2026:16:40:53 +0300] "GET /?sale%2Fsearch%2Fdetail%2F%3FITMCODE=519938293390 HTTP/1.1" 200 31563 "-" "Mozilla/5.0 (compatible; SemrushBot/7~bl; +http://www.semrush.com/bot.html)"
66.249.79.2 - - [12/Sep/2026:16:41:05 +0300] "GET /index.php/zinynas-keliaujantiems?sale/search/detail/?ITMCODE=5195109120 HTTP/1.1" 200 224162 "-" "Mozilla/5.0 (Linux; Android 6.0.1; Nexus 5X Build/MMB29P) AppleWebKit/537.36 (KHTML, like Gecko) Chrome/153.0.8010.36 Mobile Safari/537.36 (compatible; Googlebot/2.1; +http://www.google.com/bot.html)"
57.141.20.12 - - [12/Sep/2026:16:41:14 +0300] "GET /index.php/component/search/?sale/search/detail/?ITMCODE=52008905757&format=opensearch HTTP/2.0" 200 560 "-" "Mozilla/5.0 (Windows NT 10.0; Win64; x64) AppleWebKit/537.36 (KHTML, like Gecko) Chrome/145.0.0.0 Safari/537.36 Edg/145.0.0.0 (compatible; meta-externalagent/1.1 (+https://developers.facebook.com/docs/sharing/webmasters/crawler))"
85.208.96.195 - - [12/Sep/2026:16:41:14 +0300] "GET /?sale%2Fsearch%2Fdetail%2F%3FITMCODE=519770234394 HTTP/1.1" 200 31563 "-" "Mozilla/5.0 (compatible; SemrushBot/7~bl; +http://www.semrush.com/bot.html)"
85.208.96.209 - - [12/Sep/2026:16:41:16 +0300] "GET /?sale%2Fsearch%2Fdetail%2F%3FITMCODE=52002660295 HTTP/1.1" 200 31562 "-" "Mozilla/5.0 (compatible; SemrushBot/7~bl; +http://www.semrush.com/bot.html)"
66.249.79.1 - - [12/Sep/2026:16:41:16 +0300] "GET /index.php/zinynas-keliaujantiems?sale/search/detail/?ITMCODE=51971234593 HTTP/1.1" 200 203587 "-" "Mozilla/5.0 (Linux; Android 6.0.1; Nexus 5X Build/MMB29P) AppleWebKit/537.36 (KHTML, like Gecko) Chrome/153.0.8010.36 Mobile Safari/537.36 (compatible; Googlebot/2.1; +http://www.google.com/bot.html)"
66.249.79.1 - - [12/Sep/2026:16:41:22 +0300] "GET /index.php/zinynas-keliaujantiems?sale/search/detail/?ITMCODE=51981622539 HTTP/1.1" 200 203704 "-" "Mozilla/5.0 (Linux; Android 6.0.1; Nexus 5X Build/MMB29P) AppleWebKit/537.36 (KHTML, like Gecko) Chrome/153.0.8010.36 Mobile Safari/537.36 (compatible; Googlebot/2.1; +http://www.google.com/bot.html)"
85.208.96.200 - - [12/Sep/2026:16:41:33 +0300] "GET /?sale%2Fsearch%2Fdetail%2F%3FITMCODE=520095882214 HTTP/1.1" 200 31563 "-" "Mozilla/5.0 (compatible; SemrushBot/7~bl; +http://www.semrush.com/bot.html)"
104.244.72.22 - - [12/Sep/2026:16:41:35 +0300] "GET /cccsitemap.xml HTTP/1.1" 200 31 "-" "googlebot,bot,google,bing,yahoo"
57.141.20.28 - - [12/Sep/2026:16:41:40 +0300] "GET /index.php/component/search/?sale/search/detail/?ITMCODE=51963780629&id=1&Itemid=437&format=opensearch HTTP/2.0" 200 584 "-" "Mozilla/5.0 (Macintosh; Intel Mac OS X 10_15_7) AppleWebKit/537.36 (KHTML, like Gecko) Chrome/145.0.0.0 Safari/537.36 (compatible; meta-externalagent/1.1 (+https://developers.facebook.com/docs/sharing/webmasters/crawler))"
85.208.96.211 - - [12/Sep/2026:16:41:43 +0300] "GET /?sale%2Fsearch%2Fdetail%2F%3FITMCODE=519953004887 HTTP/1.1" 200 31563 "-" "Mozilla/5.0 (compatible; SemrushBot/7~bl; +http://www.semrush.com/bot.html)"
57.141.20.27 - - [12/Sep/2026:16:42:04 +0300] "GET /index.php/component/search/?sale/search/detail/?ITMCODE=520014920525&id=1&Itemid=437&format=opensearch HTTP/2.0" 200 585 "-" "Mozilla/5.0 (Windows NT 10.0; Win64; x64) AppleWebKit/537.36 (KHTML, like Gecko) Chrome/145.0.0.0 Safari/537.36 (compatible; meta-externalagent/1.1 (+https://developers.facebook.com/docs/sharing/webmasters/crawler))"
57.141.20.44 - - [12/Sep/2026:16:42:08 +0300] "GET /?sale/search/detail/?ITMCODE=520044742583 HTTP/2.0" 200 31591 "-" "Mozilla/5.0 (Windows NT 10.0; Win64; x64) AppleWebKit/537.36 (KHTML, like Gecko) Chrome/145.0.0.0 Safari/537.36 (compatible; meta-externalagent/1.1 (+https://developers.facebook.com/docs/sharing/webmasters/crawler))"
57.141.20.59 - - [12/Sep/2026:16:42:10 +0300] "GET /presets/.css HTTP/2.0" 404 1448 "https://www.keliauk-uk.lt/?sale/search/detail/?ITMCODE=520044742583" "Mozilla/5.0 (Windows NT 10.0; Win64; x64) AppleWebKit/537.36 (KHTML, like Gecko) Chrome/145.0.0.0 Safari/537.36 (compatible; meta-externalagent/1.1 (+https://developers.facebook.com/docs/sharing/webmasters/crawler))"
85.208.96.205 - - [12/Sep/2026:16:42:16 +0300] "GET /?sale%2Fsearch%2Fdetail%2F%3FITMCODE=519693818043 HTTP/1.1" 200 31563 "-" "Mozilla/5.0 (compatible; SemrushBot/7~bl; +http://www.semrush.com/bot.html)"
40.77.167.45 - - [12/Sep/2026:16:42:19 +0300] "GET /?sale/search/detail/?ITMCODE=520098631727 HTTP/2.0" 200 206034 "-" "Mozilla/5.0 AppleWebKit/537.36 (KHTML, like Gecko; compatible; bingbot/2.0; +http://www.bing.com/bingbot.htm) Chrome/116.0.1938.76 Safari/537.36"
66.249.79.2 - - [12/Sep/2026:16:42:39 +0300] "GET /index.php/zinynas-keliaujantiems?sale/search/detail/?ITMCODE=51981901541 HTTP/1.1" 200 203568 "-" "Mozilla/5.0 (Linux; Android 6.0.1; Nexus 5X Build/MMB29P) AppleWebKit/537.36 (KHTML, like Gecko) Chrome/153.0.8010.36 Mobile Safari/537.36 (compatible; Googlebot/2.1; +http://www.google.com/bot.html)"
85.208.96.205 - - [12/Sep/2026:16:42:41 +0300] "GET /?sale%2Fsearch%2Fdetail%2F%3FITMCODE=519737176868 HTTP/1.1" 200 31563 "-" "Mozilla/5.0 (compatible; SemrushBot/7~bl; +http://www.semrush.com/bot.html)"
85.208.96.195 - - [12/Sep/2026:16:42:45 +0300] "GET /?sale%2Fsearch%2Fdetail%2F%3FITMCODE=52005983343 HTTP/1.1" 200 31562 "-" "Mozilla/5.0 (compatible; SemrushBot/7~bl; +http://www.semrush.com/bot.html)"
85.208.96.208 - - [12/Sep/2026:16:42:59 +0300] "GET /?sale%2Fsearch%2Fdetail%2F%3FITMCODE=519554073508 HTTP/1.1" 200 31563 "-" "Mozilla/5.0 (compatible; SemrushBot/7~bl; +http://www.semrush.com/bot.html)"
185.191.171.13 - - [12/Sep/2026:16:43:15 +0300] "GET /?sale%2Fsearch%2Fdetail%2F%3FITMCODE=520062718978 HTTP/1.1" 200 31563 "-" "Mozilla/5.0 (compatible; SemrushBot/7~bl; +http://www.semrush.com/bot.html)"
185.191.171.8 - - [12/Sep/2026:16:43:22 +0300] "GET /?sale%2Fsearch%2Fdetail%2F%3FITMCODE=519837506877 HTTP/1.1" 200 31563 "-" "Mozilla/5.0 (compatible; SemrushBot/7~bl; +http://www.semrush.com/bot.html)"
185.191.171.15 - - [12/Sep/2026:16:43:26 +0300] "GET /?sale%2Fsearch%2Fdetail%2F%3FITMCODE=51953115226 HTTP/1.1" 200 31562 "-" "Mozilla/5.0 (compatible; SemrushBot/7~bl; +http://www.semrush.com/bot.html)"
85.208.96.206 - - [12/Sep/2026:16:43:39 +0300] "GET /?sale%2Fsearch%2Fdetail%2F%3FITMCODE=520053776178 HTTP/1.1" 200 31563 "-" "Mozilla/5.0 (compatible; SemrushBot/7~bl; +http://www.semrush.com/bot.html)"
85.208.96.197 - - [12/Sep/2026:16:43:49 +0300] "GET /?sale%2Fsearch%2Fdetail%2F%3FITMCODE=51987606096 HTTP/1.1" 200 31562 "-" "Mozilla/5.0 (compatible; SemrushBot/7~bl; +http://www.semrush.com/bot.html)"
85.208.96.210 - - [12/Sep/2026:16:43:57 +0300] "GET /?sale%2Fsearch%2Fdetail%2F%3FITMCODE=519971028266 HTTP/1.1" 200 31563 "-" "Mozilla/5.0 (compatible; SemrushBot/7~bl; +http://www.semrush.com/bot.html)"
66.249.79.1 - - [12/Sep/2026:16:43:57 +0300] "GET /index.php/zinynas-keliaujantiems?sale/search/detail/?ITMCODE=51992165322 HTTP/1.1" 200 213883 "-" "Mozilla/5.0 (Linux; Android 6.0.1; Nexus 5X Build/MMB29P) AppleWebKit/537.36 (KHTML, like Gecko) Chrome/153.0.8010.36 Mobile Safari/537.36 (compatible; Googlebot/2.1; +http://www.google.com/bot.html)"
157.55.39.52 - - [12/Sep/2026:16:44:15 +0300] "GET /shop/c/c520010137/ HTTP/2.0" 200 272768 "-" "Mozilla/5.0 AppleWebKit/537.36 (KHTML, like Gecko; compatible; bingbot/2.0; +http://www.bing.com/bingbot.htm) Chrome/116.0.1938.76 Safari/537.36"
185.191.171.4 - - [12/Sep/2026:16:44:20 +0300] "GET /?sale%2Fsearch%2Fdetail%2F%3FITMCODE=51969599150 HTTP/1.1" 200 31562 "-" "Mozilla/5.0 (compatible; SemrushBot/7~bl; +http://www.semrush.com/bot.html)"
57.141.20.57 - - [12/Sep/2026:16:44:36 +0300] "GET /index.php/component/search/?sale/search/detail/?ITMCODE=51984617253&id=1&Itemid=437&format=opensearch HTTP/2.0" 200 584 "-" "Mozilla/5.0 (Macintosh; Intel Mac OS X 10_15_7) AppleWebKit/537.36 (KHTML, like Gecko) Chrome/145.0.0.0 Safari/537.36 (compatible; meta-externalagent/1.1 (+https://developers.facebook.com/docs/sharing/webmasters/crawler))"
114.119.158.46 - - [12/Sep/2026:16:44:54 +0300] "GET /?sale/search/detail/%3FITMCODE=51987846741 HTTP/1.1" 200 31590 "https://www.keliauk-uk.lt/?sitemap-items.xml" "Mozilla/5.0 (Linux; Android 7.0;) AppleWebKit/537.36 (HTML, like Gecko) Mobile Safari/537.36 (compatible; PetalBot;+https://webmaster.petalsearch.com/site/petalbot)"
85.208.96.195 - - [12/Sep/2026:16:45:02 +0300] "GET /?sale%2Fsearch%2Fdetail%2F%3FITMCODE=519888758702 HTTP/1.1" 200 31563 "-" "Mozilla/5.0 (compatible; SemrushBot/7~bl; +http://www.semrush.com/bot.html)"
57.141.20.62 - - [12/Sep/2026:16:45:13 +0300] "GET /index.php/component/search/?sale/search/detail/?ITMCODE=519572255371& HTTP/2.0" 200 19729 "-" "Mozilla/5.0 (X11; Linux x86_64) AppleWebKit/537.36 (KHTML, like Gecko) Chrome/145.0.0.0 Safari/537.36 (compatible; meta-externalagent/1.1 (+https://developers.facebook.com/docs/sharing/webmasters/crawler))"
85.208.96.207 - - [12/Sep/2026:16:45:16 +0300] "GET /?sale%2Fsearch%2Fdetail%2F%3FITMCODE=520089553690 HTTP/1.1" 200 31563 "-" "Mozilla/5.0 (compatible; SemrushBot/7~bl; +http://www.semrush.com/bot.html)"
66.249.79.2 - - [12/Sep/2026:16:45:18 +0300] "GET /index.php/zinynas-keliaujantiems?sale/search/detail/?ITMCODE=52002860312 HTTP/1.1" 200 211318 "-" "Mozilla/5.0 (Linux; Android 6.0.1; Nexus 5X Build/MMB29P) AppleWebKit/537.36 (KHTML, like Gecko) Chrome/153.0.8010.36 Mobile Safari/537.36 (compatible; Googlebot/2.1; +http://www.google.com/bot.html)"
57.141.20.47 - - [12/Sep/2026:16:45:27 +0300] "GET /index.php/component/search/?sale/search/detail/?ITMCODE=519681664373&id=1&Itemid=437&format=opensearch HTTP/2.0" 200 585 "-" "Mozilla/5.0 (Windows NT 10.0; Win64; x64) AppleWebKit/537.36 (KHTML, like Gecko) Chrome/145.0.0.0 Safari/537.36 (compatible; meta-externalagent/1.1 (+https://developers.facebook.com/docs/sharing/webmasters/crawler))"
114.119.148.64 - - [12/Sep/2026:16:45:46 +0300] "GET /?sale/search/detail/%3FITMCODE=51987845772 HTTP/1.1" 200 31590 "https://www.keliauk-uk.lt/?sitemap-items.xml" "Mozilla/5.0 (Linux; Android 7.0;) AppleWebKit/537.36 (HTML, like Gecko) Mobile Safari/537.36 (compatible; PetalBot;+https://webmaster.petalsearch.com/site/petalbot)"
66.249.79.2 - - [12/Sep/2026:16:45:50 +0300] "GET /index.php/zinynas-keliaujantiems?sale/search/detail/?ITMCODE=51971215752 HTTP/1.1" 200 204323 "-" "Mozilla/5.0 (Linux; Android 6.0.1; Nexus 5X Build/MMB29P) AppleWebKit/537.36 (KHTML, like Gecko) Chrome/153.0.8010.36 Mobile Safari/537.36 (compatible; Googlebot/2.1; +http://www.google.com/bot.html)"
85.208.96.206 - - [12/Sep/2026:16:46:13 +0300] "GET /?sale%2Fsearch%2Fdetail%2F%3FITMCODE=51995455046 HTTP/1.1" 200 31562 "-" "Mozilla/5.0 (compatible; SemrushBot/7~bl; +http://www.semrush.com/bot.html)"
57.141.20.71 - - [12/Sep/2026:16:46:31 +0300] "GET /index.php/component/search/?sale/search/detail/?ITMCODE=519654544806& HTTP/2.0" 200 19729 "-" "Mozilla/5.0 (X11; Linux x86_64) AppleWebKit/537.36 (KHTML, like Gecko) Chrome/145.0.0.0 Safari/537.36 (compatible; meta-externalagent/1.1 (+https://developers.facebook.com/docs/sharing/webmasters/crawler))"
185.191.171.15 - - [12/Sep/2026:16:46:54 +0300] "GET /?sale%2Fsearch%2Fdetail%2F%3FITMCODE=51992039893 HTTP/1.1" 200 31562 "-" "Mozilla/5.0 (compatible; SemrushBot/7~bl; +http://www.semrush.com/bot.html)"
114.119.142.39 - - [12/Sep/2026:16:47:08 +0300] "GET /?sale/search/detail/%3FITMCODE=51987845210 HTTP/1.1" 200 31590 "https://www.keliauk-uk.lt/?sitemap-shopdetail.xml" "Mozilla/5.0 (Linux; Android 7.0;) AppleWebKit/537.36 (HTML, like Gecko) Mobile Safari/537.36 (compatible; PetalBot;+https://webmaster.petalsearch.com/site/petalbot)"
66.249.79.2 - - [12/Sep/2026:16:47:10 +0300] "GET /shop/pg/284301 HTTP/1.1" 200 221810 "-" "Mozilla/5.0 (Linux; Android 6.0.1; Nexus 5X Build/MMB29P) AppleWebKit/537.36 (KHTML, like Gecko) Chrome/153.0.8010.36 Mobile Safari/537.36 (compatible; Googlebot/2.1; +http://www.google.com/bot.html)"
185.191.171.8 - - [12/Sep/2026:16:47:13 +0300] "GET /?sale%2Fsearch%2Fdetail%2F%3FITMCODE=519935300998 HTTP/1.1" 200 31563 "-" "Mozilla/5.0 (compatible; SemrushBot/7~bl; +http://www.semrush.com/bot.html)"
66.249.79.1 - - [12/Sep/2026:16:47:14 +0300] "GET /index.php/zinynas-keliaujantiems?sale/search/detail/?ITMCODE=51981564979 HTTP/1.1" 200 205842 "-" "Mozilla/5.0 (Linux; Android 6.0.1; Nexus 5X Build/MMB29P) AppleWebKit/537.36 (KHTML, like Gecko) Chrome/153.0.8010.36 Mobile Safari/537.36 (compatible; Googlebot/2.1; +http://www.google.com/bot.html)"
85.208.96.194 - - [12/Sep/2026:16:47:16 +0300] "GET /?sale%2Fsearch%2Fdetail%2F%3FITMCODE=519917272703 HTTP/1.1" 200 31563 "-" "Mozilla/5.0 (compatible; SemrushBot/7~bl; +http://www.semrush.com/bot.html)"
185.191.171.19 - - [12/Sep/2026:16:47:40 +0300] "GET /?sale%2Fsearch%2Fdetail%2F%3FITMCODE=52002649270 HTTP/1.1" 200 31562 "-" "Mozilla/5.0 (compatible; SemrushBot/7~bl; +http://www.semrush.com/bot.html)"
157.55.39.15 - - [12/Sep/2026:16:47:58 +0300] "GET /?sale/search/detail/?ITMCODE=5196765514 HTTP/2.0" 200 221281 "-" "Mozilla/5.0 AppleWebKit/537.36 (KHTML, like Gecko; compatible; bingbot/2.0; +http://www.bing.com/bingbot.htm) Chrome/116.0.1938.76 Safari/537.36"
157.55.39.15 - - [12/Sep/2026:16:47:59 +0300] "GET /?sale/search/detail/?ITMCODE=5196919605 HTTP/2.0" 200 205627 "-" "Mozilla/5.0 AppleWebKit/537.36 (KHTML, like Gecko; compatible; bingbot/2.0; +http://www.bing.com/bingbot.htm) Chrome/116.0.1938.76 Safari/537.36"
157.55.39.15 - - [12/Sep/2026:16:48:01 +0300] "GET /?sale/search/detail/?ITMCODE=52002542565 HTTP/2.0" 200 227551 "-" "Mozilla/5.0 AppleWebKit/537.36 (KHTML, like Gecko; compatible; bingbot/2.0; +http://www.bing.com/bingbot.htm) Chrome/116.0.1938.76 Safari/537.36"
40.77.167.59 - - [12/Sep/2026:16:48:03 +0300] "GET /?sale/search/detail/?ITMCODE=5196613739 HTTP/2.0" 200 207725 "-" "Mozilla/5.0 AppleWebKit/537.36 (KHTML, like Gecko; compatible; bingbot/2.0; +http://www.bing.com/bingbot.htm) Chrome/116.0.1938.76 Safari/537.36"
40.77.167.59 - - [12/Sep/2026:16:48:04 +0300] "GET /?sale/search/detail/?ITMCODE=519663616433 HTTP/2.0" 200 216308 "-" "Mozilla/5.0 AppleWebKit/537.36 (KHTML, like Gecko; compatible; bingbot/2.0; +http://www.bing.com/bingbot.htm) Chrome/116.0.1938.76 Safari/537.36"
40.77.167.59 - - [12/Sep/2026:16:48:04 +0300] "GET /?sale/search/detail/?ITMCODE=519728160181 HTTP/2.0" 200 211819 "-" "Mozilla/5.0 AppleWebKit/537.36 (KHTML, like Gecko; compatible; bingbot/2.0; +http://www.bing.com/bingbot.htm) Chrome/116.0.1938.76 Safari/537.36"
40.77.167.59 - - [12/Sep/2026:16:48:06 +0300] "GET /?sale/search/detail/?ITMCODE=51992390086 HTTP/2.0" 200 208186 "-" "Mozilla/5.0 AppleWebKit/537.36 (KHTML, like Gecko; compatible; bingbot/2.0; +http://www.bing.com/bingbot.htm) Chrome/116.0.1938.76 Safari/537.36"
40.77.167.59 - - [12/Sep/2026:16:48:07 +0300] "GET /?sale/search/detail/?ITMCODE=51977256227 HTTP/2.0" 200 204912 "-" "Mozilla/5.0 AppleWebKit/537.36 (KHTML, like Gecko; compatible; bingbot/2.0; +http://www.bing.com/bingbot.htm) Chrome/116.0.1938.76 Safari/537.36"
40.77.167.59 - - [12/Sep/2026:16:48:10 +0300] "GET /sale/search/detail/?ITMCODE=5196719830 HTTP/2.0" 200 212449 "-" "Mozilla/5.0 AppleWebKit/537.36 (KHTML, like Gecko; compatible; bingbot/2.0; +http://www.bing.com/bingbot.htm) Chrome/116.0.1938.76 Safari/537.36"
185.191.171.13 - - [12/Sep/2026:16:48:15 +0300] "GET /?sale%2Fsearch%2Fdetail%2F%3FITMCODE=520071548091 HTTP/1.1" 200 31563 "-" "Mozilla/5.0 (compatible; SemrushBot/7~bl; +http://www.semrush.com/bot.html)"
40.77.167.157 - - [12/Sep/2026:16:48:15 +0300] "GET /?sale/search/detail/?ITMCODE=520053732355 HTTP/2.0" 200 202457 "-" "Mozilla/5.0 AppleWebKit/537.36 (KHTML, like Gecko; compatible; bingbot/2.0; +http://www.bing.com/bingbot.htm) Chrome/116.0.1938.76 Safari/537.36"
40.77.167.157 - - [12/Sep/2026:16:48:16 +0300] "GET /?sale/search/detail/?ITMCODE=5196567786 HTTP/2.0" 200 205836 "-" "Mozilla/5.0 AppleWebKit/537.36 (KHTML, like Gecko; compatible; bingbot/2.0; +http://www.bing.com/bingbot.htm) Chrome/116.0.1938.76 Safari/537.36"
40.77.167.157 - - [12/Sep/2026:16:48:16 +0300] "GET /?sale/search/detail/?ITMCODE=519654930995 HTTP/2.0" 200 209865 "-" "Mozilla/5.0 AppleWebKit/537.36 (KHTML, like Gecko; compatible; bingbot/2.0; +http://www.bing.com/bingbot.htm) Chrome/116.0.1938.76 Safari/537.36"
40.77.167.157 - - [12/Sep/2026:16:48:17 +0300] "GET /sale/search/detail/?ITMCODE=52002647924 HTTP/2.0" 200 207557 "-" "Mozilla/5.0 AppleWebKit/537.36 (KHTML, like Gecko; compatible; bingbot/2.0; +http://www.bing.com/bingbot.htm) Chrome/116.0.1938.76 Safari/537.36"
