149.232.130.29 - - [13/Sep/2026:15:47:11 +0300] "GET /ip HTTP/1.1" 404 1317 "-" "Mozilla/5.0 (Macintosh; Intel Mac OS X 10_15_7) AppleWebKit/537.36 (KHTML, like Gecko) Chrome/114.0.0.0 Safari/537.36"
85.208.96.207 - - [13/Sep/2026:15:47:24 +0300] "GET /?sale%2Fsearch%2Fdetail%2F%3FITMCODE=519734478595 HTTP/1.1" 200 11138 "-" "Mozilla/5.0 (compatible; SemrushBot/7~bl; +http://www.semrush.com/bot.html)"
66.249.68.104 - - [13/Sep/2026:15:47:41 +0300] "GET /?sale/search/detail/?ITMCODE=51981969209 HTTP/1.1" 200 199152 "-" "Mozilla/5.0 (Linux; Android 6.0.1; Nexus 5X Build/MMB29P) AppleWebKit/537.36 (KHTML, like Gecko) Chrome/152.0.7977.82 Mobile Safari/537.36 (compatible; Googlebot/2.1; +http://www.google.com/bot.html)"
66.249.68.105 - - [13/Sep/2026:15:47:48 +0300] "GET /?sale/search/detail/?ITMCODE=52002827422 HTTP/1.1" 200 198002 "-" "Mozilla/5.0 (Linux; Android 6.0.1; Nexus 5X Build/MMB29P) AppleWebKit/537.36 (KHTML, like Gecko) Chrome/152.0.7977.82 Mobile Safari/537.36 (compatible; Googlebot/2.1; +http://www.google.com/bot.html)"
66.249.68.104 - - [13/Sep/2026:15:47:51 +0300] "GET /?sale/search/detail/?ITMCODE=51981946053 HTTP/1.1" 200 195563 "-" "Mozilla/5.0 (Linux; Android 6.0.1; Nexus 5X Build/MMB29P) AppleWebKit/537.36 (KHTML, like Gecko) Chrome/152.0.7977.82 Mobile Safari/537.36 (compatible; Googlebot/2.1; +http://www.google.com/bot.html)"
66.249.68.104 - - [13/Sep/2026:15:48:03 +0300] "GET /?sale/search/detail/?ITMCODE=51971290299 HTTP/1.1" 200 196093 "-" "Mozilla/5.0 (Linux; Android 6.0.1; Nexus 5X Build/MMB29P) AppleWebKit/537.36 (KHTML, like Gecko) Chrome/152.0.7977.82 Mobile Safari/537.36 (compatible; Googlebot/2.1; +http://www.google.com/bot.html)"
85.208.96.198 - - [13/Sep/2026:15:48:15 +0300] "GET /?sale%2Fsearch%2Fdetail%2F%3FITMCODE=519512480955 HTTP/1.1" 200 11138 "-" "Mozilla/5.0 (compatible; SemrushBot/7~bl; +http://www.semrush.com/bot.html)"
85.208.96.207 - - [13/Sep/2026:15:48:27 +0300] "GET /?sale%2Fsearch%2Fdetail%2F%3FITMCODE=5198103681896 HTTP/1.1" 200 11138 "-" "Mozilla/5.0 (compatible; SemrushBot/7~bl; +http://www.semrush.com/bot.html)"
66.249.68.104 - - [13/Sep/2026:15:48:54 +0300] "GET /?sale/search/detail/?ITMCODE=51992224183 HTTP/1.1" 200 210829 "-" "Mozilla/5.0 (Linux; Android 6.0.1; Nexus 5X Build/MMB29P) AppleWebKit/537.36 (KHTML, like Gecko) Chrome/152.0.7977.82 Mobile Safari/537.36 (compatible; Googlebot/2.1; +http://www.google.com/bot.html)"
185.191.171.13 - - [13/Sep/2026:15:49:15 +0300] "GET /?sale%2Fsearch%2Fdetail%2F%3FITMCODE=519831614292 HTTP/1.1" 200 11138 "-" "Mozilla/5.0 (compatible; SemrushBot/7~bl; +http://www.semrush.com/bot.html)"
66.249.68.104 - - [13/Sep/2026:15:49:16 +0300] "GET /?sale/search/detail/?ITMCODE=51992146295 HTTP/1.1" 200 210458 "-" "Mozilla/5.0 (Linux; Android 6.0.1; Nexus 5X Build/MMB29P) AppleWebKit/537.36 (KHTML, like Gecko) Chrome/152.0.7977.82 Mobile Safari/537.36 (compatible; Googlebot/2.1; +http://www.google.com/bot.html)"
66.249.68.105 - - [13/Sep/2026:15:49:20 +0300] "GET /?sale/search/detail/?ITMCODE=5196685069 HTTP/1.1" 200 201607 "-" "Mozilla/5.0 (Linux; Android 6.0.1; Nexus 5X Build/MMB29P) AppleWebKit/537.36 (KHTML, like Gecko) Chrome/152.0.7977.82 Mobile Safari/537.36 (compatible; Googlebot/2.1; +http://www.google.com/bot.html)"
185.191.171.18 - - [13/Sep/2026:15:49:22 +0300] "GET /?sale%2Fsearch%2Fdetail%2F%3FITMCODE=519810934184 HTTP/1.1" 200 11138 "-" "Mozilla/5.0 (compatible; SemrushBot/7~bl; +http://www.semrush.com/bot.html)"
66.249.68.104 - - [13/Sep/2026:15:49:23 +0300] "GET /?sale/search/detail/?ITMCODE=51992231485 HTTP/1.1" 200 206978 "-" "Mozilla/5.0 (Linux; Android 6.0.1; Nexus 5X Build/MMB29P) AppleWebKit/537.36 (KHTML, like Gecko) Chrome/152.0.7977.82 Mobile Safari/537.36 (compatible; Googlebot/2.1; +http://www.google.com/bot.html)"
85.208.96.208 - - [13/Sep/2026:15:49:33 +0300] "GET /?sale%2Fsearch%2Fdetail%2F%3FITMCODE=51956379547 HTTP/1.1" 200 11138 "-" "Mozilla/5.0 (compatible; SemrushBot/7~bl; +http://www.semrush.com/bot.html)"
66.249.68.104 - - [13/Sep/2026:15:49:35 +0300] "GET /?sale/search/detail/?ITMCODE=51971285585 HTTP/1.1" 200 205144 "-" "Mozilla/5.0 (Linux; Android 6.0.1; Nexus 5X Build/MMB29P) AppleWebKit/537.36 (KHTML, like Gecko) Chrome/152.0.7977.82 Mobile Safari/537.36 (compatible; Googlebot/2.1; +http://www.google.com/bot.html)"
85.208.96.200 - - [13/Sep/2026:15:51:06 +0300] "GET /?sale%2Fsearch%2Fdetail%2F%3FITMCODE=519917111448 HTTP/1.1" 200 11138 "-" "Mozilla/5.0 (compatible; SemrushBot/7~bl; +http://www.semrush.com/bot.html)"
66.249.68.104 - - [13/Sep/2026:15:51:06 +0300] "GET /?sale/search/detail/?ITMCODE=51992301900 HTTP/1.1" 200 205664 "-" "Mozilla/5.0 (Linux; Android 6.0.1; Nexus 5X Build/MMB29P) AppleWebKit/537.36 (KHTML, like Gecko) Chrome/152.0.7977.82 Mobile Safari/537.36 (compatible; Googlebot/2.1; +http://www.google.com/bot.html)"
40.77.167.16 - - [13/Sep/2026:15:51:09 +0300] "GET /shop/pg/16267 HTTP/1.1" 200 194710 "-" "Mozilla/5.0 AppleWebKit/537.36 (KHTML, like Gecko; compatible; bingbot/2.0; +http://www.bing.com/bingbot.htm) Chrome/116.0.1938.76 Safari/537.36"
185.191.171.2 - - [13/Sep/2026:15:51:18 +0300] "GET /?sale%2Fsearch%2Fdetail%2F%3FITMCODE=519810904443 HTTP/1.1" 200 11138 "-" "Mozilla/5.0 (compatible; SemrushBot/7~bl; +http://www.semrush.com/bot.html)"
66.249.68.104 - - [13/Sep/2026:15:51:23 +0300] "GET /?sale/search/detail/?ITMCODE=51981540760 HTTP/1.1" 200 194829 "-" "Mozilla/5.0 (Linux; Android 6.0.1; Nexus 5X Build/MMB29P) AppleWebKit/537.36 (KHTML, like Gecko) Chrome/152.0.7977.82 Mobile Safari/537.36 (compatible; Googlebot/2.1; +http://www.google.com/bot.html)"
66.249.68.104 - - [13/Sep/2026:15:51:43 +0300] "GET /?sale/search/detail/?ITMCODE=52002862194 HTTP/1.1" 200 200529 "-" "Mozilla/5.0 (Linux; Android 6.0.1; Nexus 5X Build/MMB29P) AppleWebKit/537.36 (KHTML, like Gecko) Chrome/152.0.7977.82 Mobile Safari/537.36 (compatible; Googlebot/2.1; +http://www.google.com/bot.html)"
185.191.171.10 - - [13/Sep/2026:15:51:44 +0300] "GET /?sale%2Fsearch%2Fdetail%2F%3FITMCODE=519627770095 HTTP/1.1" 200 11138 "-" "Mozilla/5.0 (compatible; SemrushBot/7~bl; +http://www.semrush.com/bot.html)"
185.191.171.11 - - [13/Sep/2026:15:51:46 +0300] "GET /?sale%2Fsearch%2Fdetail%2F%3FITMCODE=51995029658 HTTP/1.1" 200 11138 "-" "Mozilla/5.0 (compatible; SemrushBot/7~bl; +http://www.semrush.com/bot.html)"
66.249.68.104 - - [13/Sep/2026:15:52:15 +0300] "GET /?sale/search/detail/?ITMCODE=51971278318 HTTP/1.1" 200 194962 "-" "Mozilla/5.0 (Linux; Android 6.0.1; Nexus 5X Build/MMB29P) AppleWebKit/537.36 (KHTML, like Gecko) Chrome/152.0.7977.82 Mobile Safari/537.36 (compatible; Googlebot/2.1; +http://www.google.com/bot.html)"
43.130.100.35 - - [13/Sep/2026:15:52:41 +0300] "GET / HTTP/1.1" 200 11140 "-" "Mozilla/5.0 (iPhone; CPU iPhone OS 13_2_3 like Mac OS X) AppleWebKit/605.1.15 (KHTML, like Gecko) Version/13.0.3 Mobile/15E148 Safari/604.1"
185.191.171.12 - - [13/Sep/2026:15:52:52 +0300] "GET /?sale%2Fsearch%2Fdetail%2F%3FITMCODE=51992241119 HTTP/1.1" 200 11138 "-" "Mozilla/5.0 (compatible; SemrushBot/7~bl; +http://www.semrush.com/bot.html)"
40.77.167.16 - - [13/Sep/2026:15:53:29 +0300] "GET /shop/c/c51951000013/ HTTP/1.1" 200 261854 "-" "Mozilla/5.0 AppleWebKit/537.36 (KHTML, like Gecko; compatible; bingbot/2.0; +http://www.bing.com/bingbot.htm) Chrome/116.0.1938.76 Safari/537.36"
40.77.167.16 - - [13/Sep/2026:15:53:30 +0300] "GET /shop/c/c519510005/ HTTP/1.1" 200 261192 "-" "Mozilla/5.0 AppleWebKit/537.36 (KHTML, like Gecko; compatible; bingbot/2.0; +http://www.bing.com/bingbot.htm) Chrome/116.0.1938.76 Safari/537.36"
66.249.68.104 - - [13/Sep/2026:15:53:42 +0300] "GET /?sale/search/detail/?ITMCODE=51971374335 HTTP/1.1" 200 200368 "-" "Mozilla/5.0 (Linux; Android 6.0.1; Nexus 5X Build/MMB29P) AppleWebKit/537.36 (KHTML, like Gecko) Chrome/152.0.7977.82 Mobile Safari/537.36 (compatible; Googlebot/2.1; +http://www.google.com/bot.html)"
185.191.171.1 - - [13/Sep/2026:15:53:47 +0300] "GET /?sale%2Fsearch%2Fdetail%2F%3FITMCODE=519633779545 HTTP/1.1" 200 11138 "-" "Mozilla/5.0 (compatible; SemrushBot/7~bl; +http://www.semrush.com/bot.html)"
85.208.96.194 - - [13/Sep/2026:15:53:49 +0300] "GET /?sale%2Fsearch%2Fdetail%2F%3FITMCODE=51977445524 HTTP/1.1" 200 11138 "-" "Mozilla/5.0 (compatible; SemrushBot/7~bl; +http://www.semrush.com/bot.html)"
66.249.68.104 - - [13/Sep/2026:15:53:55 +0300] "GET /?sale/search/detail/?ITMCODE=5196668806 HTTP/1.1" 200 199882 "-" "Mozilla/5.0 (Linux; Android 6.0.1; Nexus 5X Build/MMB29P) AppleWebKit/537.36 (KHTML, like Gecko) Chrome/152.0.7977.82 Mobile Safari/537.36 (compatible; Googlebot/2.1; +http://www.google.com/bot.html)"
66.249.68.96 - - [13/Sep/2026:15:54:15 +0300] "GET /?sale/search/detail/?ITMCODE=51971154513 HTTP/1.1" 200 200937 "-" "Mozilla/5.0 (Linux; Android 6.0.1; Nexus 5X Build/MMB29P) AppleWebKit/537.36 (KHTML, like Gecko) Chrome/152.0.7977.82 Mobile Safari/537.36 (compatible; Googlebot/2.1; +http://www.google.com/bot.html)"
66.249.68.96 - - [13/Sep/2026:15:54:18 +0300] "GET /?sale/search/detail/?ITMCODE=519535494 HTTP/1.1" 200 196091 "-" "Mozilla/5.0 (Linux; Android 6.0.1; Nexus 5X Build/MMB29P) AppleWebKit/537.36 (KHTML, like Gecko) Chrome/152.0.7977.82 Mobile Safari/537.36 (compatible; Googlebot/2.1; +http://www.google.com/bot.html)"
66.249.68.104 - - [13/Sep/2026:15:54:24 +0300] "GET /?sale/search/detail/?ITMCODE=51981514464 HTTP/1.1" 200 197610 "-" "Mozilla/5.0 (Linux; Android 6.0.1; Nexus 5X Build/MMB29P) AppleWebKit/537.36 (KHTML, like Gecko) Chrome/152.0.7977.82 Mobile Safari/537.36 (compatible; Googlebot/2.1; +http://www.google.com/bot.html)"
66.249.68.104 - - [13/Sep/2026:15:54:36 +0300] "GET /?sale/search/detail/?ITMCODE=52002896121 HTTP/1.1" 200 196948 "-" "Mozilla/5.0 (Linux; Android 6.0.1; Nexus 5X Build/MMB29P) AppleWebKit/537.36 (KHTML, like Gecko) Chrome/152.0.7977.82 Mobile Safari/537.36 (compatible; Googlebot/2.1; +http://www.google.com/bot.html)"
66.249.68.104 - - [13/Sep/2026:15:54:43 +0300] "GET /?sale/search/detail/?ITMCODE=5196929584 HTTP/1.1" 200 197742 "-" "Mozilla/5.0 (compatible; Googlebot/2.1; +http://www.google.com/bot.html)"
52.167.144.216 - - [13/Sep/2026:15:55:13 +0300] "GET /shop/pg/1012761 HTTP/1.1" 200 193724 "-" "Mozilla/5.0 AppleWebKit/537.36 (KHTML, like Gecko; compatible; bingbot/2.0; +http://www.bing.com/bingbot.htm) Chrome/116.0.1938.76 Safari/537.36"
185.191.171.15 - - [13/Sep/2026:15:55:16 +0300] "GET /?sale%2Fsearch%2Fdetail%2F%3FITMCODE=519911350683 HTTP/1.1" 200 11138 "-" "Mozilla/5.0 (compatible; SemrushBot/7~bl; +http://www.semrush.com/bot.html)"
66.249.68.104 - - [13/Sep/2026:15:55:17 +0300] "GET /?sale/search/detail/?ITMCODE=51981731890 HTTP/1.1" 200 222921 "-" "Mozilla/5.0 (Linux; Android 6.0.1; Nexus 5X Build/MMB29P) AppleWebKit/537.36 (KHTML, like Gecko) Chrome/152.0.7977.82 Mobile Safari/537.36 (compatible; Googlebot/2.1; +http://www.google.com/bot.html)"
185.191.171.19 - - [13/Sep/2026:15:55:25 +0300] "GET /?sale%2Fsearch%2Fdetail%2F%3FITMCODE=5198100534625 HTTP/1.1" 200 11138 "-" "Mozilla/5.0 (compatible; SemrushBot/7~bl; +http://www.semrush.com/bot.html)"
185.191.171.16 - - [13/Sep/2026:15:55:31 +0300] "GET /?sale%2Fsearch%2Fdetail%2F%3FITMCODE=519536333305 HTTP/1.1" 200 11138 "-" "Mozilla/5.0 (compatible; SemrushBot/7~bl; +http://www.semrush.com/bot.html)"
185.191.171.18 - - [13/Sep/2026:15:56:08 +0300] "GET /?sale%2Fsearch%2Fdetail%2F%3FITMCODE=519725204523 HTTP/1.1" 200 11138 "-" "Mozilla/5.0 (compatible; SemrushBot/7~bl; +http://www.semrush.com/bot.html)"
85.208.96.205 - - [13/Sep/2026:15:56:31 +0300] "GET /?sale%2Fsearch%2Fdetail%2F%3FITMCODE=520035900482 HTTP/1.1" 200 11138 "-" "Mozilla/5.0 (compatible; SemrushBot/7~bl; +http://www.semrush.com/bot.html)"
66.249.68.105 - - [13/Sep/2026:15:56:31 +0300] "GET /?sale/search/detail/?ITMCODE=51971013327 HTTP/1.1" 200 200295 "-" "Mozilla/5.0 (Linux; Android 6.0.1; Nexus 5X Build/MMB29P) AppleWebKit/537.36 (KHTML, like Gecko) Chrome/152.0.7977.82 Mobile Safari/537.36 (compatible; Googlebot/2.1; +http://www.google.com/bot.html)"
185.191.171.1 - - [13/Sep/2026:15:56:42 +0300] "GET /?sale%2Fsearch%2Fdetail%2F%3FITMCODE=519932129195 HTTP/1.1" 200 11138 "-" "Mozilla/5.0 (compatible; SemrushBot/7~bl; +http://www.semrush.com/bot.html)"
66.249.68.104 - - [13/Sep/2026:15:56:56 +0300] "GET /?sale/search/detail/?ITMCODE=5196502110 HTTP/1.1" 200 195075 "-" "Mozilla/5.0 (Linux; Android 6.0.1; Nexus 5X Build/MMB29P) AppleWebKit/537.36 (KHTML, like Gecko) Chrome/152.0.7977.82 Mobile Safari/537.36 (compatible; Googlebot/2.1; +http://www.google.com/bot.html)"
185.191.171.6 - - [13/Sep/2026:15:57:28 +0300] "GET /?sale%2Fsearch%2Fdetail%2F%3FITMCODE=51984897825 HTTP/1.1" 200 11138 "-" "Mozilla/5.0 (compatible; SemrushBot/7~bl; +http://www.semrush.com/bot.html)"
85.208.96.195 - - [13/Sep/2026:15:57:40 +0300] "GET /?sale%2Fsearch%2Fdetail%2F%3FITMCODE=519612644982 HTTP/1.1" 200 11138 "-" "Mozilla/5.0 (compatible; SemrushBot/7~bl; +http://www.semrush.com/bot.html)"
85.208.96.207 - - [13/Sep/2026:15:58:09 +0300] "GET /?sale%2Fsearch%2Fdetail%2F%3FITMCODE=519870872672 HTTP/1.1" 200 11138 "-" "Mozilla/5.0 (compatible; SemrushBot/7~bl; +http://www.semrush.com/bot.html)"
185.191.171.10 - - [13/Sep/2026:15:58:12 +0300] "GET /?sale%2Fsearch%2Fdetail%2F%3FITMCODE=51953196971 HTTP/1.1" 200 11138 "-" "Mozilla/5.0 (compatible; SemrushBot/7~bl; +http://www.semrush.com/bot.html)"
66.249.68.105 - - [13/Sep/2026:15:58:20 +0300] "GET /?sale/search/detail/?ITMCODE=51971072719 HTTP/1.1" 200 210934 "-" "Mozilla/5.0 (Linux; Android 6.0.1; Nexus 5X Build/MMB29P) AppleWebKit/537.36 (KHTML, like Gecko) Chrome/152.0.7977.82 Mobile Safari/537.36 (compatible; Googlebot/2.1; +http://www.google.com/bot.html)"
40.77.167.55 - - [13/Sep/2026:15:58:22 +0300] "GET /shop/c/c51971001019/ HTTP/1.1" 200 263231 "-" "Mozilla/5.0 AppleWebKit/537.36 (KHTML, like Gecko; compatible; bingbot/2.0; +http://www.bing.com/bingbot.htm) Chrome/116.0.1938.76 Safari/537.36"
52.167.144.139 - - [13/Sep/2026:15:58:27 +0300] "GET /shop/c/c519710103/ HTTP/1.1" 200 268066 "-" "Mozilla/5.0 AppleWebKit/537.36 (KHTML, like Gecko; compatible; bingbot/2.0; +http://www.bing.com/bingbot.htm) Chrome/116.0.1938.76 Safari/537.36"
66.249.68.104 - - [13/Sep/2026:15:58:38 +0300] "GET /?sale/search/detail/?ITMCODE=51971061886 HTTP/1.1" 200 203571 "-" "Mozilla/5.0 (Linux; Android 6.0.1; Nexus 5X Build/MMB29P) AppleWebKit/537.36 (KHTML, like Gecko) Chrome/152.0.7977.82 Mobile Safari/537.36 (compatible; Googlebot/2.1; +http://www.google.com/bot.html)"
185.191.171.10 - - [13/Sep/2026:15:58:39 +0300] "GET /?sale%2Fsearch%2Fdetail%2F%3FITMCODE=519822832424 HTTP/1.1" 200 11138 "-" "Mozilla/5.0 (compatible; SemrushBot/7~bl; +http://www.semrush.com/bot.html)"
85.208.96.204 - - [13/Sep/2026:15:59:23 +0300] "GET /?sale%2Fsearch%2Fdetail%2F%3FITMCODE=519816874043 HTTP/1.1" 200 11138 "-" "Mozilla/5.0 (compatible; SemrushBot/7~bl; +http://www.semrush.com/bot.html)"
185.191.171.14 - - [13/Sep/2026:15:59:31 +0300] "GET /?sale%2Fsearch%2Fdetail%2F%3FITMCODE=51995411173 HTTP/1.1" 200 11138 "-" "Mozilla/5.0 (compatible; SemrushBot/7~bl; +http://www.semrush.com/bot.html)"
85.208.96.202 - - [13/Sep/2026:15:59:46 +0300] "GET /?sale%2Fsearch%2Fdetail%2F%3FITMCODE=519512376841 HTTP/1.1" 200 11138 "-" "Mozilla/5.0 (compatible; SemrushBot/7~bl; +http://www.semrush.com/bot.html)"
66.249.68.96 - - [13/Sep/2026:16:00:52 +0300] "GET /?sale/search/detail/?ITMCODE=52002521050 HTTP/1.1" 200 198271 "-" "Mozilla/5.0 (Linux; Android 6.0.1; Nexus 5X Build/MMB29P) AppleWebKit/537.36 (KHTML, like Gecko) Chrome/152.0.7977.82 Mobile Safari/537.36 (compatible; Googlebot/2.1; +http://www.google.com/bot.html)"
66.249.68.104 - - [13/Sep/2026:16:00:54 +0300] "GET /?sale/search/detail/?ITMCODE=5196848717 HTTP/1.1" 200 202572 "-" "Mozilla/5.0 (Linux; Android 6.0.1; Nexus 5X Build/MMB29P) AppleWebKit/537.36 (KHTML, like Gecko) Chrome/152.0.7977.82 Mobile Safari/537.36 (compatible; Googlebot/2.1; +http://www.google.com/bot.html)"
43.165.174.53 - - [13/Sep/2026:16:01:29 +0300] "GET / HTTP/1.1" 200 11140 "-" "Mozilla/5.0 (iPhone; CPU iPhone OS 13_2_3 like Mac OS X) AppleWebKit/605.1.15 (KHTML, like Gecko) Version/13.0.3 Mobile/15E148 Safari/604.1"
66.249.68.96 - - [13/Sep/2026:16:01:40 +0300] "GET /?sale/search/detail/?ITMCODE=5195177747 HTTP/1.1" 200 194704 "-" "Mozilla/5.0 (compatible; Googlebot/2.1; +http://www.google.com/bot.html)"
66.249.68.105 - - [13/Sep/2026:16:01:52 +0300] "GET /?sale/search/detail/?ITMCODE=5195462542 HTTP/1.1" 200 205035 "-" "Mozilla/5.0 (Linux; Android 6.0.1; Nexus 5X Build/MMB29P) AppleWebKit/537.36 (KHTML, like Gecko) Chrome/152.0.7977.82 Mobile Safari/537.36 (compatible; Googlebot/2.1; +http://www.google.com/bot.html)"
66.249.68.104 - - [13/Sep/2026:16:01:55 +0300] "GET /?sale/search/detail/?ITMCODE=52002986794 HTTP/1.1" 200 197214 "-" "Mozilla/5.0 (Linux; Android 6.0.1; Nexus 5X Build/MMB29P) AppleWebKit/537.36 (KHTML, like Gecko) Chrome/152.0.7977.82 Mobile Safari/537.36 (compatible; Googlebot/2.1; +http://www.google.com/bot.html)"
85.208.96.204 - - [13/Sep/2026:16:02:02 +0300] "GET /robots.txt HTTP/1.1" 200 836 "-" "Mozilla/5.0 (compatible; SemrushBot/7~bl; +http://www.semrush.com/bot.html)"
85.208.96.211 - - [13/Sep/2026:16:02:03 +0300] "GET /?sale%2Fsearch%2Fdetail%2F%3FITMCODE=51987947217 HTTP/1.1" 200 11138 "-" "Mozilla/5.0 (compatible; SemrushBot/7~bl; +http://www.semrush.com/bot.html)"
66.249.68.105 - - [13/Sep/2026:16:02:06 +0300] "GET /?sale/search/detail/?ITMCODE=5195382717 HTTP/1.1" 200 210327 "-" "Mozilla/5.0 (Linux; Android 6.0.1; Nexus 5X Build/MMB29P) AppleWebKit/537.36 (KHTML, like Gecko) Chrome/152.0.7977.82 Mobile Safari/537.36 (compatible; Googlebot/2.1; +http://www.google.com/bot.html)"
66.249.68.104 - - [13/Sep/2026:16:02:25 +0300] "GET /?sale/search/detail/?ITMCODE=5195206510 HTTP/1.1" 200 214123 "-" "Mozilla/5.0 (Linux; Android 6.0.1; Nexus 5X Build/MMB29P) AppleWebKit/537.36 (KHTML, like Gecko) Chrome/152.0.7977.82 Mobile Safari/537.36 (compatible; Googlebot/2.1; +http://www.google.com/bot.html)"
85.208.96.211 - - [13/Sep/2026:16:02:35 +0300] "GET /?sale%2Fsearch%2Fdetail%2F%3FITMCODE=52002726989 HTTP/1.1" 200 11138 "-" "Mozilla/5.0 (compatible; SemrushBot/7~bl; +http://www.semrush.com/bot.html)"
85.208.96.211 - - [13/Sep/2026:16:02:38 +0300] "GET /?sale%2Fsearch%2Fdetail%2F%3FITMCODE=52008720973 HTTP/1.1" 200 11138 "-" "Mozilla/5.0 (compatible; SemrushBot/7~bl; +http://www.semrush.com/bot.html)"
185.191.171.12 - - [13/Sep/2026:16:03:17 +0300] "GET /?sale%2Fsearch%2Fdetail%2F%3FITMCODE=519624861237 HTTP/1.1" 200 11138 "-" "Mozilla/5.0 (compatible; SemrushBot/7~bl; +http://www.semrush.com/bot.html)"
66.249.68.104 - - [13/Sep/2026:16:03:35 +0300] "GET /?sale/search/detail/?ITMCODE=51971011159 HTTP/1.1" 200 200179 "-" "Mozilla/5.0 (Linux; Android 6.0.1; Nexus 5X Build/MMB29P) AppleWebKit/537.36 (KHTML, like Gecko) Chrome/152.0.7977.82 Mobile Safari/537.36 (compatible; Googlebot/2.1; +http://www.google.com/bot.html)"
185.191.171.14 - - [13/Sep/2026:16:03:54 +0300] "GET /?sale%2Fsearch%2Fdetail%2F%3FITMCODE=519813966945 HTTP/1.1" 200 11138 "-" "Mozilla/5.0 (compatible; SemrushBot/7~bl; +http://www.semrush.com/bot.html)"
66.249.68.105 - - [13/Sep/2026:16:04:54 +0300] "GET /?sale/search/detail/?ITMCODE=51971184865 HTTP/1.1" 200 200580 "-" "Mozilla/5.0 (Linux; Android 6.0.1; Nexus 5X Build/MMB29P) AppleWebKit/537.36 (KHTML, like Gecko) Chrome/152.0.7977.82 Mobile Safari/537.36 (compatible; Googlebot/2.1; +http://www.google.com/bot.html)"
66.249.68.104 - - [13/Sep/2026:16:05:20 +0300] "GET /?sale/search/detail/?ITMCODE=51981689734 HTTP/1.1" 200 219888 "-" "Mozilla/5.0 (Linux; Android 6.0.1; Nexus 5X Build/MMB29P) AppleWebKit/537.36 (KHTML, like Gecko) Chrome/152.0.7977.82 Mobile Safari/537.36 (compatible; Googlebot/2.1; +http://www.google.com/bot.html)"
66.249.68.105 - - [13/Sep/2026:16:05:25 +0300] "GET /?sale/search/detail/?ITMCODE=5196867607 HTTP/1.1" 200 224755 "-" "Mozilla/5.0 (Linux; Android 6.0.1; Nexus 5X Build/MMB29P) AppleWebKit/537.36 (KHTML, like Gecko) Chrome/152.0.7977.82 Mobile Safari/537.36 (compatible; Googlebot/2.1; +http://www.google.com/bot.html)"
66.249.68.105 - - [13/Sep/2026:16:05:26 +0300] "GET /?sale/search/detail/?ITMCODE=51981990126 HTTP/1.1" 200 202599 "-" "Mozilla/5.0 (Linux; Android 6.0.1; Nexus 5X Build/MMB29P) AppleWebKit/537.36 (KHTML, like Gecko) Chrome/152.0.7977.82 Mobile Safari/537.36 (compatible; Googlebot/2.1; +http://www.google.com/bot.html)"
66.249.68.104 - - [13/Sep/2026:16:05:33 +0300] "GET /?sale/search/detail/?ITMCODE=51992382906 HTTP/1.1" 200 199312 "-" "Mozilla/5.0 (Linux; Android 6.0.1; Nexus 5X Build/MMB29P) AppleWebKit/537.36 (KHTML, like Gecko) Chrome/152.0.7977.82 Mobile Safari/537.36 (compatible; Googlebot/2.1; +http://www.google.com/bot.html)"
185.191.171.16 - - [13/Sep/2026:16:05:36 +0300] "GET /?sale%2Fsearch%2Fdetail%2F%3FITMCODE=519633631494 HTTP/1.1" 200 11138 "-" "Mozilla/5.0 (compatible; SemrushBot/7~bl; +http://www.semrush.com/bot.html)"
185.191.171.15 - - [13/Sep/2026:16:05:51 +0300] "GET /?sale%2Fsearch%2Fdetail%2F%3FITMCODE=51984531868 HTTP/1.1" 200 11138 "-" "Mozilla/5.0 (compatible; SemrushBot/7~bl; +http://www.semrush.com/bot.html)"
66.249.68.104 - - [13/Sep/2026:16:06:03 +0300] "GET /?sale/search/detail/?ITMCODE=51992140750 HTTP/1.1" 200 212393 "-" "Mozilla/5.0 (Linux; Android 6.0.1; Nexus 5X Build/MMB29P) AppleWebKit/537.36 (KHTML, like Gecko) Chrome/152.0.7977.82 Mobile Safari/537.36 (compatible; Googlebot/2.1; +http://www.google.com/bot.html)"
66.249.68.104 - - [13/Sep/2026:16:06:04 +0300] "GET /?sale/search/detail/?ITMCODE=51981814341 HTTP/1.1" 200 206770 "-" "Mozilla/5.0 (Linux; Android 6.0.1; Nexus 5X Build/MMB29P) AppleWebKit/537.36 (KHTML, like Gecko) Chrome/152.0.7977.82 Mobile Safari/537.36 (compatible; Googlebot/2.1; +http://www.google.com/bot.html)"
185.191.171.14 - - [13/Sep/2026:16:06:22 +0300] "GET /?sale%2Fsearch%2Fdetail%2F%3FITMCODE=519572223355 HTTP/1.1" 200 11138 "-" "Mozilla/5.0 (compatible; SemrushBot/7~bl; +http://www.semrush.com/bot.html)"
85.208.96.195 - - [13/Sep/2026:16:06:40 +0300] "GET /?sale%2Fsearch%2Fdetail%2F%3FITMCODE=51963826339 HTTP/1.1" 200 11138 "-" "Mozilla/5.0 (compatible; SemrushBot/7~bl; +http://www.semrush.com/bot.html)"
66.249.68.104 - - [13/Sep/2026:16:06:49 +0300] "GET /?sale/search/detail/?ITMCODE=51992371675 HTTP/1.1" 200 208992 "-" "Mozilla/5.0 (Linux; Android 6.0.1; Nexus 5X Build/MMB29P) AppleWebKit/537.36 (KHTML, like Gecko) Chrome/152.0.7977.82 Mobile Safari/537.36 (compatible; Googlebot/2.1; +http://www.google.com/bot.html)"
66.249.68.104 - - [13/Sep/2026:16:06:55 +0300] "GET /?sale/search/detail/?ITMCODE=51971172885 HTTP/1.1" 200 197164 "-" "Mozilla/5.0 (Linux; Android 6.0.1; Nexus 5X Build/MMB29P) AppleWebKit/537.36 (KHTML, like Gecko) Chrome/152.0.7977.82 Mobile Safari/537.36 (compatible; Googlebot/2.1; +http://www.google.com/bot.html)"
185.191.171.11 - - [13/Sep/2026:16:07:04 +0300] "GET /?sale%2Fsearch%2Fdetail%2F%3FITMCODE=519834877669 HTTP/1.1" 200 11138 "-" "Mozilla/5.0 (compatible; SemrushBot/7~bl; +http://www.semrush.com/bot.html)"
185.191.171.19 - - [13/Sep/2026:16:07:16 +0300] "GET /?sale%2Fsearch%2Fdetail%2F%3FITMCODE=51959325639 HTTP/1.1" 200 11138 "-" "Mozilla/5.0 (compatible; SemrushBot/7~bl; +http://www.semrush.com/bot.html)"
85.208.96.199 - - [13/Sep/2026:16:07:32 +0300] "GET /?sale%2Fsearch%2Fdetail%2F%3FITMCODE=51956027788 HTTP/1.1" 200 11138 "-" "Mozilla/5.0 (compatible; SemrushBot/7~bl; +http://www.semrush.com/bot.html)"
85.208.96.196 - - [13/Sep/2026:16:08:06 +0300] "GET /?sale%2Fsearch%2Fdetail%2F%3FITMCODE=519911005129 HTTP/1.1" 200 11138 "-" "Mozilla/5.0 (compatible; SemrushBot/7~bl; +http://www.semrush.com/bot.html)"
206.42.109.58 - - [13/Sep/2026:16:08:21 +0300] "GET / HTTP/1.1" 200 11138 "-" "SofyaBot/1.0 (+https://sofya.co/bot)"
206.42.109.58 - - [13/Sep/2026:16:08:55 +0300] "GET /index.php HTTP/1.1" 200 11147 "-" "SofyaBot/1.0 (+https://sofya.co/bot)"
206.42.109.58 - - [13/Sep/2026:16:09:02 +0300] "GET /index.php/maistas-i-namus HTTP/1.1" 200 7848 "-" "SofyaBot/1.0 (+https://sofya.co/bot)"
85.208.96.207 - - [13/Sep/2026:16:09:05 +0300] "GET /?sale%2Fsearch%2Fdetail%2F%3FITMCODE=51966737729 HTTP/1.1" 200 11138 "-" "Mozilla/5.0 (compatible; SemrushBot/7~bl; +http://www.semrush.com/bot.html)"
206.42.109.58 - - [13/Sep/2026:16:09:16 +0300] "GET /index.php/kontaktai HTTP/1.1" 200 7946 "-" "SofyaBot/1.0 (+https://sofya.co/bot)"
185.191.171.17 - - [13/Sep/2026:16:09:23 +0300] "GET /?sale%2Fsearch%2Fdetail%2F%3FITMCODE=519819531313 HTTP/1.1" 200 11138 "-" "Mozilla/5.0 (compatible; SemrushBot/7~bl; +http://www.semrush.com/bot.html)"
185.191.171.17 - - [13/Sep/2026:16:10:36 +0300] "GET /?sale%2Fsearch%2Fdetail%2F%3FITMCODE=51956132027 HTTP/1.1" 200 11138 "-" "Mozilla/5.0 (compatible; SemrushBot/7~bl; +http://www.semrush.com/bot.html)"
85.208.96.204 - - [13/Sep/2026:16:10:43 +0300] "GET /?sale%2Fsearch%2Fdetail%2F%3FITMCODE=519627580152 HTTP/1.1" 200 11138 "-" "Mozilla/5.0 (compatible; SemrushBot/7~bl; +http://www.semrush.com/bot.html)"
85.208.96.193 - - [13/Sep/2026:16:10:58 +0300] "GET /?sale%2Fsearch%2Fdetail%2F%3FITMCODE=5196102584491 HTTP/1.1" 200 11138 "-" "Mozilla/5.0 (compatible; SemrushBot/7~bl; +http://www.semrush.com/bot.html)"
66.249.68.96 - - [13/Sep/2026:16:10:58 +0300] "GET /?sale/search/detail/?ITMCODE=51971380316 HTTP/1.1" 200 195391 "-" "Mozilla/5.0 (Linux; Android 6.0.1; Nexus 5X Build/MMB29P) AppleWebKit/537.36 (KHTML, like Gecko) Chrome/152.0.7977.82 Mobile Safari/537.36 (compatible; Googlebot/2.1; +http://www.google.com/bot.html)"
40.77.167.42 - - [13/Sep/2026:16:11:00 +0300] "GET /shop/pg/762411 HTTP/1.1" 200 199804 "-" "Mozilla/5.0 AppleWebKit/537.36 (KHTML, like Gecko; compatible; bingbot/2.0; +http://www.bing.com/bingbot.htm) Chrome/116.0.1938.76 Safari/537.36"
66.249.68.105 - - [13/Sep/2026:16:12:07 +0300] "GET /?sale/search/detail/?ITMCODE=51992314738 HTTP/1.1" 200 218641 "-" "Mozilla/5.0 (Linux; Android 6.0.1; Nexus 5X Build/MMB29P) AppleWebKit/537.36 (KHTML, like Gecko) Chrome/152.0.7977.82 Mobile Safari/537.36 (compatible; Googlebot/2.1; +http://www.google.com/bot.html)"
43.130.57.76 - - [13/Sep/2026:16:12:13 +0300] "GET / HTTP/1.1" 200 11140 "-" "Mozilla/5.0 (iPhone; CPU iPhone OS 13_2_3 like Mac OS X) AppleWebKit/605.1.15 (KHTML, like Gecko) Version/13.0.3 Mobile/15E148 Safari/604.1"
185.191.171.19 - - [13/Sep/2026:16:12:54 +0300] "GET /?sale%2Fsearch%2Fdetail%2F%3FITMCODE=520035556424 HTTP/1.1" 200 11138 "-" "Mozilla/5.0 (compatible; SemrushBot/7~bl; +http://www.semrush.com/bot.html)"
85.208.96.207 - - [13/Sep/2026:16:13:12 +0300] "GET /?sale%2Fsearch%2Fdetail%2F%3FITMCODE=519731273013 HTTP/1.1" 200 11138 "-" "Mozilla/5.0 (compatible; SemrushBot/7~bl; +http://www.semrush.com/bot.html)"
66.249.68.105 - - [13/Sep/2026:16:13:19 +0300] "GET /?sale/search/detail/?ITMCODE=5195188853 HTTP/1.1" 200 220458 "-" "Mozilla/5.0 (Linux; Android 6.0.1; Nexus 5X Build/MMB29P) AppleWebKit/537.36 (KHTML, like Gecko) Chrome/152.0.7977.82 Mobile Safari/537.36 (compatible; Googlebot/2.1; +http://www.google.com/bot.html)"
66.249.68.104 - - [13/Sep/2026:16:13:43 +0300] "GET /?sale/search/detail/?ITMCODE=5195248044 HTTP/1.1" 200 218161 "-" "Mozilla/5.0 (Linux; Android 6.0.1; Nexus 5X Build/MMB29P) AppleWebKit/537.36 (KHTML, like Gecko) Chrome/152.0.7977.82 Mobile Safari/537.36 (compatible; Googlebot/2.1; +http://www.google.com/bot.html)"
185.191.171.4 - - [13/Sep/2026:16:13:46 +0300] "GET /?sale%2Fsearch%2Fdetail%2F%3FITMCODE=519710412845 HTTP/1.1" 200 11138 "-" "Mozilla/5.0 (compatible; SemrushBot/7~bl; +http://www.semrush.com/bot.html)"
185.191.171.19 - - [13/Sep/2026:16:14:26 +0300] "GET /?sale%2Fsearch%2Fdetail%2F%3FITMCODE=5196900346 HTTP/1.1" 200 11138 "-" "Mozilla/5.0 (compatible; SemrushBot/7~bl; +http://www.semrush.com/bot.html)"
66.249.68.104 - - [13/Sep/2026:16:14:30 +0300] "GET /?sale/search/detail/?ITMCODE=51981668779 HTTP/1.1" 200 195595 "-" "Mozilla/5.0 (Linux; Android 6.0.1; Nexus 5X Build/MMB29P) AppleWebKit/537.36 (KHTML, like Gecko) Chrome/152.0.7977.82 Mobile Safari/537.36 (compatible; Googlebot/2.1; +http://www.google.com/bot.html)"
66.249.68.104 - - [13/Sep/2026:16:14:31 +0300] "GET /?sale/search/detail/?ITMCODE=51981954616 HTTP/1.1" 200 194867 "-" "Mozilla/5.0 (Linux; Android 6.0.1; Nexus 5X Build/MMB29P) AppleWebKit/537.36 (KHTML, like Gecko) Chrome/152.0.7977.82 Mobile Safari/537.36 (compatible; Googlebot/2.1; +http://www.google.com/bot.html)"
185.191.171.18 - - [13/Sep/2026:16:14:36 +0300] "GET /?sale%2Fsearch%2Fdetail%2F%3FITMCODE=519533355599 HTTP/1.1" 200 11138 "-" "Mozilla/5.0 (compatible; SemrushBot/7~bl; +http://www.semrush.com/bot.html)"
66.249.68.96 - - [13/Sep/2026:16:15:12 +0300] "GET /?sale/search/detail/?ITMCODE=5196975889 HTTP/1.1" 200 219828 "-" "Mozilla/5.0 (Linux; Android 6.0.1; Nexus 5X Build/MMB29P) AppleWebKit/537.36 (KHTML, like Gecko) Chrome/152.0.7977.82 Mobile Safari/537.36 (compatible; Googlebot/2.1; +http://www.google.com/bot.html)"
185.191.171.4 - - [13/Sep/2026:16:16:29 +0300] "GET /?sale%2Fsearch%2Fdetail%2F%3FITMCODE=519911424910 HTTP/1.1" 200 11138 "-" "Mozilla/5.0 (compatible; SemrushBot/7~bl; +http://www.semrush.com/bot.html)"
185.191.171.14 - - [13/Sep/2026:16:16:33 +0300] "GET /?sale%2Fsearch%2Fdetail%2F%3FITMCODE=5197103446850 HTTP/1.1" 200 11138 "-" "Mozilla/5.0 (compatible; SemrushBot/7~bl; +http://www.semrush.com/bot.html)"
85.208.96.202 - - [13/Sep/2026:16:17:17 +0300] "GET /?sale%2Fsearch%2Fdetail%2F%3FITMCODE=519831871655 HTTP/1.1" 200 11138 "-" "Mozilla/5.0 (compatible; SemrushBot/7~bl; +http://www.semrush.com/bot.html)"
66.249.68.104 - - [13/Sep/2026:16:17:30 +0300] "GET /?sale/search/detail/?ITMCODE=52002677215 HTTP/1.1" 200 194455 "-" "Mozilla/5.0 (Linux; Android 6.0.1; Nexus 5X Build/MMB29P) AppleWebKit/537.36 (KHTML, like Gecko) Chrome/152.0.7977.82 Mobile Safari/537.36 (compatible; Googlebot/2.1; +http://www.google.com/bot.html)"
85.208.96.208 - - [13/Sep/2026:16:17:37 +0300] "GET /?sale%2Fsearch%2Fdetail%2F%3FITMCODE=519932028130 HTTP/1.1" 200 11138 "-" "Mozilla/5.0 (compatible; SemrushBot/7~bl; +http://www.semrush.com/bot.html)"
85.208.96.197 - - [13/Sep/2026:16:17:38 +0300] "GET /?sale%2Fsearch%2Fdetail%2F%3FITMCODE=520032802725 HTTP/1.1" 200 11138 "-" "Mozilla/5.0 (compatible; SemrushBot/7~bl; +http://www.semrush.com/bot.html)"
66.249.68.104 - - [13/Sep/2026:16:17:41 +0300] "GET /?sale/search/detail/?ITMCODE=51971329883 HTTP/1.1" 200 207182 "-" "Mozilla/5.0 (Linux; Android 6.0.1; Nexus 5X Build/MMB29P) AppleWebKit/537.36 (KHTML, like Gecko) Chrome/152.0.7977.82 Mobile Safari/537.36 (compatible; Googlebot/2.1; +http://www.google.com/bot.html)"
66.249.68.104 - - [13/Sep/2026:16:18:04 +0300] "GET /?sale/search/detail/?ITMCODE=51992144264 HTTP/1.1" 200 210525 "-" "Mozilla/5.0 (Linux; Android 6.0.1; Nexus 5X Build/MMB29P) AppleWebKit/537.36 (KHTML, like Gecko) Chrome/152.0.7977.82 Mobile Safari/537.36 (compatible; Googlebot/2.1; +http://www.google.com/bot.html)"
85.208.96.210 - - [13/Sep/2026:16:18:37 +0300] "GET /?sale%2Fsearch%2Fdetail%2F%3FITMCODE=5198100868805 HTTP/1.1" 200 11138 "-" "Mozilla/5.0 (compatible; SemrushBot/7~bl; +http://www.semrush.com/bot.html)"
185.191.171.13 - - [13/Sep/2026:16:19:07 +0300] "GET /?sale%2Fsearch%2Fdetail%2F%3FITMCODE=519926437595 HTTP/1.1" 200 11138 "-" "Mozilla/5.0 (compatible; SemrushBot/7~bl; +http://www.semrush.com/bot.html)"
185.191.171.18 - - [13/Sep/2026:16:19:09 +0300] "GET /?sale%2Fsearch%2Fdetail%2F%3FITMCODE=52005600793 HTTP/1.1" 200 11138 "-" "Mozilla/5.0 (compatible; SemrushBot/7~bl; +http://www.semrush.com/bot.html)"
85.208.96.199 - - [13/Sep/2026:16:19:40 +0300] "GET /?sale%2Fsearch%2Fdetail%2F%3FITMCODE=519770359372 HTTP/1.1" 200 11138 "-" "Mozilla/5.0 (compatible; SemrushBot/7~bl; +http://www.semrush.com/bot.html)"
66.249.68.104 - - [13/Sep/2026:16:19:44 +0300] "GET /?sale/search/detail/?ITMCODE=5195137721 HTTP/1.1" 200 222120 "-" "Mozilla/5.0 (Linux; Android 6.0.1; Nexus 5X Build/MMB29P) AppleWebKit/537.36 (KHTML, like Gecko) Chrome/152.0.7977.82 Mobile Safari/537.36 (compatible; Googlebot/2.1; +http://www.google.com/bot.html)"
66.249.68.104 - - [13/Sep/2026:16:19:47 +0300] "GET /?sale/search/detail/?ITMCODE=51992324685 HTTP/1.1" 200 198676 "-" "Mozilla/5.0 (Linux; Android 6.0.1; Nexus 5X Build/MMB29P) AppleWebKit/537.36 (KHTML, like Gecko) Chrome/152.0.7977.82 Mobile Safari/537.36 (compatible; Googlebot/2.1; +http://www.google.com/bot.html)"
85.208.96.207 - - [13/Sep/2026:16:19:56 +0300] "GET /?sale%2Fsearch%2Fdetail%2F%3FITMCODE=52005855740 HTTP/1.1" 200 11138 "-" "Mozilla/5.0 (compatible; SemrushBot/7~bl; +http://www.semrush.com/bot.html)"
185.191.171.1 - - [13/Sep/2026:16:20:03 +0300] "GET /?sale%2Fsearch%2Fdetail%2F%3FITMCODE=519572089958 HTTP/1.1" 200 11138 "-" "Mozilla/5.0 (compatible; SemrushBot/7~bl; +http://www.semrush.com/bot.html)"
185.191.171.12 - - [13/Sep/2026:16:20:59 +0300] "GET /?sale%2Fsearch%2Fdetail%2F%3FITMCODE=519810710464 HTTP/1.1" 200 11138 "-" "Mozilla/5.0 (compatible; SemrushBot/7~bl; +http://www.semrush.com/bot.html)"
185.191.171.5 - - [13/Sep/2026:16:21:04 +0300] "GET /?sale%2Fsearch%2Fdetail%2F%3FITMCODE=51977083558 HTTP/1.1" 200 11138 "-" "Mozilla/5.0 (compatible; SemrushBot/7~bl; +http://www.semrush.com/bot.html)"
185.191.171.16 - - [13/Sep/2026:16:21:21 +0300] "GET /?sale%2Fsearch%2Fdetail%2F%3FITMCODE=519977051988 HTTP/1.1" 200 11138 "-" "Mozilla/5.0 (compatible; SemrushBot/7~bl; +http://www.semrush.com/bot.html)"
185.191.171.11 - - [13/Sep/2026:16:21:26 +0300] "GET /?sale%2Fsearch%2Fdetail%2F%3FITMCODE=519825611393 HTTP/1.1" 200 11138 "-" "Mozilla/5.0 (compatible; SemrushBot/7~bl; +http://www.semrush.com/bot.html)"
85.208.96.204 - - [13/Sep/2026:16:21:28 +0300] "GET /?sale%2Fsearch%2Fdetail%2F%3FITMCODE=519710298387 HTTP/1.1" 200 11138 "-" "Mozilla/5.0 (compatible; SemrushBot/7~bl; +http://www.semrush.com/bot.html)"
43.134.100.175 - - [13/Sep/2026:16:21:53 +0300] "GET / HTTP/1.1" 200 11140 "-" "Mozilla/5.0 (iPhone; CPU iPhone OS 13_2_3 like Mac OS X) AppleWebKit/605.1.15 (KHTML, like Gecko) Version/13.0.3 Mobile/15E148 Safari/604.1"
66.249.68.104 - - [13/Sep/2026:16:21:57 +0300] "GET /?sale/search/detail/?ITMCODE=51981559217 HTTP/1.1" 200 201613 "-" "Mozilla/5.0 (Linux; Android 6.0.1; Nexus 5X Build/MMB29P) AppleWebKit/537.36 (KHTML, like Gecko) Chrome/152.0.7977.82 Mobile Safari/537.36 (compatible; Googlebot/2.1; +http://www.google.com/bot.html)"
185.191.171.15 - - [13/Sep/2026:16:22:00 +0300] "GET /?sale%2Fsearch%2Fdetail%2F%3FITMCODE=52002881384 HTTP/1.1" 200 11138 "-" "Mozilla/5.0 (compatible; SemrushBot/7~bl; +http://www.semrush.com/bot.html)"
66.249.68.104 - - [13/Sep/2026:16:22:39 +0300] "GET /?sale/search/detail/?ITMCODE=51992268894 HTTP/1.1" 200 198441 "-" "Mozilla/5.0 (Linux; Android 6.0.1; Nexus 5X Build/MMB29P) AppleWebKit/537.36 (KHTML, like Gecko) Chrome/152.0.7977.82 Mobile Safari/537.36 (compatible; Googlebot/2.1; +http://www.google.com/bot.html)"
66.249.68.104 - - [13/Sep/2026:16:22:41 +0300] "GET /?sale/search/detail/?ITMCODE=51971202333 HTTP/1.1" 200 193582 "-" "Mozilla/5.0 (Linux; Android 6.0.1; Nexus 5X Build/MMB29P) AppleWebKit/537.36 (KHTML, like Gecko) Chrome/152.0.7977.82 Mobile Safari/537.36 (compatible; Googlebot/2.1; +http://www.google.com/bot.html)"
66.249.68.104 - - [13/Sep/2026:16:22:47 +0300] "GET /?sale/search/detail/?ITMCODE=5196650810 HTTP/1.1" 200 203922 "-" "Mozilla/5.0 (Linux; Android 6.0.1; Nexus 5X Build/MMB29P) AppleWebKit/537.36 (KHTML, like Gecko) Chrome/152.0.7977.82 Mobile Safari/537.36 (compatible; Googlebot/2.1; +http://www.google.com/bot.html)"
66.249.68.104 - - [13/Sep/2026:16:23:49 +0300] "GET /?sale/search/detail/?ITMCODE=5196830750 HTTP/1.1" 200 217239 "-" "Mozilla/5.0 (Linux; Android 6.0.1; Nexus 5X Build/MMB29P) AppleWebKit/537.36 (KHTML, like Gecko) Chrome/152.0.7977.82 Mobile Safari/537.36 (compatible; Googlebot/2.1; +http://www.google.com/bot.html)"
66.249.68.104 - - [13/Sep/2026:16:23:57 +0300] "GET /?sale/search/detail/?ITMCODE=5196853775 HTTP/1.1" 200 194447 "-" "Mozilla/5.0 (Linux; Android 6.0.1; Nexus 5X Build/MMB29P) AppleWebKit/537.36 (KHTML, like Gecko) Chrome/152.0.7977.82 Mobile Safari/537.36 (compatible; Googlebot/2.1; +http://www.google.com/bot.html)"
66.249.68.96 - - [13/Sep/2026:16:24:18 +0300] "GET /?sale/search/detail/?ITMCODE=51992168552 HTTP/1.1" 200 194549 "-" "Mozilla/5.0 (Linux; Android 6.0.1; Nexus 5X Build/MMB29P) AppleWebKit/537.36 (KHTML, like Gecko) Chrome/152.0.7977.82 Mobile Safari/537.36 (compatible; Googlebot/2.1; +http://www.google.com/bot.html)"
85.208.96.205 - - [13/Sep/2026:16:24:18 +0300] "GET /?sale%2Fsearch%2Fdetail%2F%3FITMCODE=52008807367 HTTP/1.1" 200 11138 "-" "Mozilla/5.0 (compatible; SemrushBot/7~bl; +http://www.semrush.com/bot.html)"
66.249.68.105 - - [13/Sep/2026:16:24:25 +0300] "GET /?sale/search/detail/?ITMCODE=5195107714 HTTP/1.1" 200 205879 "-" "Mozilla/5.0 (Linux; Android 6.0.1; Nexus 5X Build/MMB29P) AppleWebKit/537.36 (KHTML, like Gecko) Chrome/152.0.7977.82 Mobile Safari/537.36 (compatible; Googlebot/2.1; +http://www.google.com/bot.html)"
85.208.96.201 - - [13/Sep/2026:16:24:28 +0300] "GET /?sale%2Fsearch%2Fdetail%2F%3FITMCODE=519837729699 HTTP/1.1" 200 11138 "-" "Mozilla/5.0 (compatible; SemrushBot/7~bl; +http://www.semrush.com/bot.html)"